2024-06-11T13:44:24.681+0000 7f371a59c640 1 --2- >> [v2:172.21.15.194:3300/0,v1:172.21.15.194:6789/0] conn(0x7f371c07c700 0x7f371c07ab60 unknown :-1 s=HELLO_CONNECTING pgs=0 cs=0 l=0 rev1=1 crypto rx=0 tx=0 comp rx=0 tx=0).handle_hello peer v2:172.21.15.194:3300/0 says I am v2:172.21.15.194:47164/0 (socket says 172.21.15.194:47164)
2024-06-11T13:44:25.594 INFO:teuthology.orchestra.run.smithi194.stdout:/usr/bin/ceph: stderr
2024-06-11T13:44:24.681+0000 7f371a59c640 1 -- 172.21.15.194:0/1405795383 learned_addr learned my addr 172.21.15.194:0/1405795383 (peer_addr_for_me v2:172.21.15.194:0/0)
2024-06-11T13:44:25.597 INFO:teuthology.orchestra.run.smithi194.stdout:/usr/bin/ceph: stderr
2024-06-11T13:44:24.681+0000 7f371a59c640 1 -- 172.21.15.194:0/1405795383 --> [v2:172.21.15.194:3300/0,v1:172.21.15.194:6789/0] -- mon_subscribe({config=0+,monmap=0+}) -- 0x7f371c07b2b0 con 0x7f371c07c700
2024-06-11T13:44:25.597 INFO:teuthology.orchestra.run.smithi194.stdout:/usr/bin/ceph: stderr
2024-06-11T13:44:24.681+0000 7f371a59c640 1 --2- 172.21.15.194:0/1405795383 >> [v2:172.21.15.194:3300/0,v1:172.21.15.194:6789/0] conn(0x7f371c07c700 0x7f371c07ab60 secure :-1 s=READY pgs=35 cs=0 l=1 rev1=1 crypto rx=0x7f370c009820 tx=0x7f370c02a270 comp rx=0 tx=0).ready entity=mon.0 client_cookie=91c098c1afd98d7b server_cookie=0 in_seq=0 out_seq=0
2024-06-11T13:44:25.597 INFO:teuthology.orchestra.run.smithi194.stdout:/usr/bin/ceph: stderr
2024-06-11T13:44:24.681+0000 7f3719d9b640 1 -- 172.21.15.194:0/1405795383 <== mon.0 v2:172.21.15.194:3300/0 1 ==== mon_map magic: 0 ==== 205+0+0 (secure 0 0 0) 0x7f370c037070 con 0x7f371c07c700
2024-06-11T13:44:25.597 INFO:teuthology.orchestra.run.smithi194.stdout:/usr/bin/ceph: stderr
2024-06-11T13:44:24.681+0000 7f3719d9b640 1 -- 172.21.15.194:0/1405795383 <== mon.0 v2:172.21.15.194:3300/0 2 ==== config(26 keys) ==== 1071+0+0 (secure 0 0 0) 0x7f370c0328d0 con 0x7f371c07c700
2024-06-11T13:44:25.597 INFO:teuthology.orchestra.run.smithi194.stdout:/usr/bin/ceph: stderr
2024-06-11T13:44:24.681+0000 7f3719d9b640 1 -- 172.21.15.194:0/1405795383 <== mon.0 v2:172.21.15.194:3300/0 3 ==== mon_map magic: 0 ==== 205+0+0 (secure 0 0 0) 0x7f370c0307d0 con 0x7f371c07c700
2024-06-11T13:44:25.597 INFO:teuthology.orchestra.run.smithi194.stdout:/usr/bin/ceph: stderr
2024-06-11T13:44:24.681+0000 7f3720e4a640 1 -- 172.21.15.194:0/1405795383 >> [v2:172.21.15.194:3300/0,v1:172.21.15.194:6789/0] conn(0x7f371c07c700 msgr2=0x7f371c07ab60 secure :-1 s=STATE_CONNECTION_ESTABLISHED l=1).mark_down
2024-06-11T13:44:25.597 INFO:teuthology.orchestra.run.smithi194.stdout:/usr/bin/ceph: stderr
2024-06-11T13:44:24.681+0000 7f3720e4a640 1 --2- 172.21.15.194:0/1405795383 >> [v2:172.21.15.194:3300/0,v1:172.21.15.194:6789/0] conn(0x7f371c07c700 0x7f371c07ab60 secure :-1 s=READY pgs=35 cs=0 l=1 rev1=1 crypto rx=0x7f370c009820 tx=0x7f370c02a270 comp rx=0 tx=0).stop
2024-06-11T13:44:25.598 INFO:teuthology.orchestra.run.smithi194.stdout:/usr/bin/ceph: stderr
2024-06-11T13:44:24.681+0000 7f3720e4a640 1 -- 172.21.15.194:0/1405795383 shutdown_connections
2024-06-11T13:44:25.598 INFO:teuthology.orchestra.run.smithi194.stdout:/usr/bin/ceph: stderr
2024-06-11T13:44:24.681+0000 7f3720e4a640 1 --2- 172.21.15.194:0/1405795383 >> [v2:172.21.15.194:3300/0,v1:172.21.15.194:6789/0] conn(0x7f371c07c700 0x7f371c07ab60 unknown :-1 s=CLOSED pgs=35 cs=0 l=1 rev1=1 crypto rx=0 tx=0 comp rx=0 tx=0).stop
2024-06-11T13:44:25.598 INFO:teuthology.orchestra.run.smithi194.stdout:/usr/bin/ceph: stderr
2024-06-11T13:44:24.681+0000 7f3720e4a640 1 -- 172.21.15.194:0/1405795383 >> 172.21.15.194:0/1405795383 conn(0x7f371c101ee0 msgr2=0x7f371c104300 unknown :-1 s=STATE_NONE l=0).mark_down
2024-06-11T13:44:25.598 INFO:teuthology.orchestra.run.smithi194.stdout:/usr/bin/ceph: stderr
2024-06-11T13:44:24.681+0000 7f3720e4a640 1 -- 172.21.15.194:0/1405795383 shutdown_connections
2024-06-11T13:44:25.598 INFO:teuthology.orchestra.run.smithi194.stdout:/usr/bin/ceph: stderr
2024-06-11T13:44:24.681+0000 7f3720e4a640 1 -- 172.21.15.194:0/1405795383 wait complete.
2024-06-11T13:44:25.598 INFO:teuthology.orchestra.run.smithi194.stdout:/usr/bin/ceph: stderr
2024-06-11T13:44:24.685+0000 7f3720e4a640 1 Processor -- start
2024-06-11T13:44:25.599 INFO:teuthology.orchestra.run.smithi194.stdout:/usr/bin/ceph: stderr
2024-06-11T13:44:24.685+0000 7f3720e4a640 1 -- start start
2024-06-11T13:44:25.599 INFO:teuthology.orchestra.run.smithi194.stdout:/usr/bin/ceph: stderr
2024-06-11T13:44:24.685+0000 7f3720e4a640 1 --2- >> [v2:172.21.15.194:3300/0,v1:172.21.15.194:6789/0] conn(0x7f371c07c700 0x7f371c19c9f0 unknown :-1 s=NONE pgs=0 cs=0 l=1 rev1=0 crypto rx=0 tx=0 comp rx=0 tx=0).connect
2024-06-11T13:44:25.599 INFO:teuthology.orchestra.run.smithi194.stdout:/usr/bin/ceph: stderr
2024-06-11T13:44:24.685+0000 7f3720e4a640 1 -- --> [v2:172.21.15.194:3300/0,v1:172.21.15.194:6789/0] -- mon_getmap magic: 0 -- 0x7f371c10ced0 con 0x7f371c07c700
2024-06-11T13:44:25.599 INFO:teuthology.orchestra.run.smithi194.stdout:/usr/bin/ceph: stderr
2024-06-11T13:44:24.685+0000 7f371a59c640 1 --2- >> [v2:172.21.15.194:3300/0,v1:172.21.15.194:6789/0] conn(0x7f371c07c700 0x7f371c19c9f0 unknown :-1 s=BANNER_CONNECTING pgs=0 cs=0 l=1 rev1=0 crypto rx=0 tx=0 comp rx=0 tx=0)._handle_peer_banner_payload supported=3 required=0
2024-06-11T13:44:25.599 INFO:teuthology.orchestra.run.smithi194.stdout:/usr/bin/ceph: stderr
2024-06-11T13:44:24.685+0000 7f371a59c640 1 --2- >> [v2:172.21.15.194:3300/0,v1:172.21.15.194:6789/0] conn(0x7f371c07c700 0x7f371c19c9f0 unknown :-1 s=HELLO_CONNECTING pgs=0 cs=0 l=1 rev1=1 crypto rx=0 tx=0 comp rx=0 tx=0).handle_hello peer v2:172.21.15.194:3300/0 says I am v2:172.21.15.194:47166/0 (socket says 172.21.15.194:47166)
2024-06-11T13:44:25.599 INFO:teuthology.orchestra.run.smithi194.stdout:/usr/bin/ceph: stderr
2024-06-11T13:44:24.685+0000 7f371a59c640 1 -- 172.21.15.194:0/3867176731 learned_addr learned my addr 172.21.15.194:0/3867176731 (peer_addr_for_me v2:172.21.15.194:0/0)
2024-06-11T13:44:25.599 INFO:teuthology.orchestra.run.smithi194.stdout:/usr/bin/ceph: stderr
2024-06-11T13:44:24.685+0000 7f371a59c640 1 -- 172.21.15.194:0/3867176731 --> [v2:172.21.15.194:3300/0,v1:172.21.15.194:6789/0] -- mon_subscribe({config=0+,monmap=0+}) -- 0x7f371c19cf30 con 0x7f371c07c700
2024-06-11T13:44:25.599 INFO:teuthology.orchestra.run.smithi194.stdout:/usr/bin/ceph: stderr
2024-06-11T13:44:24.685+0000 7f371a59c640 1 --2- 172.21.15.194:0/3867176731 >> [v2:172.21.15.194:3300/0,v1:172.21.15.194:6789/0] conn(0x7f371c07c700 0x7f371c19c9f0 secure :-1 s=READY pgs=36 cs=0 l=1 rev1=1 crypto rx=0x7f370c0097f0 tx=0x7f370c030d00 comp rx=0 tx=0).ready entity=mon.0 client_cookie=0 server_cookie=0 in_seq=0 out_seq=0
2024-06-11T13:44:25.599 INFO:teuthology.orchestra.run.smithi194.stdout:/usr/bin/ceph: stderr
2024-06-11T13:44:24.685+0000 7f37137fe640 1 -- 172.21.15.194:0/3867176731 <== mon.0 v2:172.21.15.194:3300/0 1 ==== mon_map magic: 0 ==== 205+0+0 (secure 0 0 0) 0x7f370c037040 con 0x7f371c07c700
2024-06-11T13:44:25.599 INFO:teuthology.orchestra.run.smithi194.stdout:/usr/bin/ceph: stderr
2024-06-11T13:44:24.685+0000 7f3720e4a640 1 -- 172.21.15.194:0/3867176731 --> [v2:172.21.15.194:3300/0,v1:172.21.15.194:6789/0] -- mon_subscribe({mgrmap=0+}) -- 0x7f371c19d1c0 con 0x7f371c07c700
2024-06-11T13:44:25.599 INFO:teuthology.orchestra.run.smithi194.stdout:/usr/bin/ceph: stderr
2024-06-11T13:44:24.685+0000 7f37137fe640 1 -- 172.21.15.194:0/3867176731 <== mon.0 v2:172.21.15.194:3300/0 2 ==== config(26 keys) ==== 1071+0+0 (secure 0 0 0) 0x7f370c032bb0 con 0x7f371c07c700
2024-06-11T13:44:25.600 INFO:teuthology.orchestra.run.smithi194.stdout:/usr/bin/ceph: stderr
2024-06-11T13:44:24.685+0000 7f37137fe640 1 -- 172.21.15.194:0/3867176731 <== mon.0 v2:172.21.15.194:3300/0 3 ==== mon_map magic: 0 ==== 205+0+0 (secure 0 0 0) 0x7f370c03a390 con 0x7f371c07c700
2024-06-11T13:44:25.602 INFO:teuthology.orchestra.run.smithi194.stdout:/usr/bin/ceph: stderr
2024-06-11T13:44:24.685+0000 7f3720e4a640 1 -- 172.21.15.194:0/3867176731 --> [v2:172.21.15.194:3300/0,v1:172.21.15.194:6789/0] -- mon_subscribe({osdmap=0}) -- 0x7f371c19feb0 con 0x7f371c07c700
2024-06-11T13:44:25.602 INFO:teuthology.orchestra.run.smithi194.stdout:/usr/bin/ceph: stderr
2024-06-11T13:44:24.685+0000 7f37137fe640 1 -- 172.21.15.194:0/3867176731 <== mon.0 v2:172.21.15.194:3300/0 4 ==== mgrmap(e 8) ==== 46287+0+0 (secure 0 0 0) 0x7f370c03b3f0 con 0x7f371c07c700
2024-06-11T13:44:25.602 INFO:teuthology.orchestra.run.smithi194.stdout:/usr/bin/ceph: stderr
2024-06-11T13:44:24.685+0000 7f3720e4a640 1 -- 172.21.15.194:0/3867176731 --> [v2:172.21.15.194:3300/0,v1:172.21.15.194:6789/0] -- mon_command({"prefix": "get_command_descriptions"} v 0) -- 0x7f371c063000 con 0x7f371c07c700
2024-06-11T13:44:25.602 INFO:teuthology.orchestra.run.smithi194.stdout:/usr/bin/ceph: stderr
2024-06-11T13:44:24.685+0000 7f37137fe640 1 --2- 172.21.15.194:0/3867176731 >> [v2:172.21.15.194:6800/4196869674,v1:172.21.15.194:6801/4196869674] conn(0x7f3708038f70 0x7f370803b430 unknown :-1 s=NONE pgs=0 cs=0 l=1 rev1=0 crypto rx=0 tx=0 comp rx=0 tx=0).connect
2024-06-11T13:44:25.602 INFO:teuthology.orchestra.run.smithi194.stdout:/usr/bin/ceph: stderr
2024-06-11T13:44:24.685+0000 7f37137fe640 1 -- 172.21.15.194:0/3867176731 <== mon.0 v2:172.21.15.194:3300/0 5 ==== osd_map(2..2 src has 1..2) ==== 940+0+0 (secure 0 0 0) 0x7f370c06c290 con 0x7f371c07c700
2024-06-11T13:44:25.602 INFO:teuthology.orchestra.run.smithi194.stdout:/usr/bin/ceph: stderr
2024-06-11T13:44:24.685+0000 7f3713fff640 1 --2- 172.21.15.194:0/3867176731 >> [v2:172.21.15.194:6800/4196869674,v1:172.21.15.194:6801/4196869674] conn(0x7f3708038f70 0x7f370803b430 unknown :-1 s=BANNER_CONNECTING pgs=0 cs=0 l=1 rev1=0 crypto rx=0 tx=0 comp rx=0 tx=0)._handle_peer_banner_payload supported=3 required=0
2024-06-11T13:44:25.602 INFO:teuthology.orchestra.run.smithi194.stdout:/usr/bin/ceph: stderr
2024-06-11T13:44:24.685+0000 7f3713fff640 1 --2- 172.21.15.194:0/3867176731 >> [v2:172.21.15.194:6800/4196869674,v1:172.21.15.194:6801/4196869674] conn(0x7f3708038f70 0x7f370803b430 secure :-1 s=READY pgs=7 cs=0 l=1 rev1=1 crypto rx=0x7f37040098c0 tx=0x7f3704006db0 comp rx=0 tx=0).ready entity=mgr.14118 client_cookie=0 server_cookie=0 in_seq=0 out_seq=0
2024-06-11T13:44:25.602 INFO:teuthology.orchestra.run.smithi194.stdout:/usr/bin/ceph: stderr
2024-06-11T13:44:24.693+0000 7f37137fe640 1 -- 172.21.15.194:0/3867176731 <== mon.0 v2:172.21.15.194:3300/0 6 ==== mon_command_ack([{"prefix": "get_command_descriptions"}]=0 v0) ==== 72+0+186418 (secure 0 0 0) 0x7f370c06bc20 con 0x7f371c07c700
2024-06-11T13:44:25.602 INFO:teuthology.orchestra.run.smithi194.stdout:/usr/bin/ceph: stderr
2024-06-11T13:44:25.045+0000 7f3720e4a640 1 -- 172.21.15.194:0/3867176731 --> [v2:172.21.15.194:6800/4196869674,v1:172.21.15.194:6801/4196869674] -- mgr_command(tid 0: {"prefix": "orch set backend", "module_name": "cephadm", "target": ["mon-mgr", ""]}) -- 0x7f371c1030b0 con 0x7f3708038f70
2024-06-11T13:44:25.602 INFO:teuthology.orchestra.run.smithi194.stdout:/usr/bin/ceph: stderr
2024-06-11T13:44:25.053+0000 7f37137fe640 1 -- 172.21.15.194:0/3867176731 <== mgr.14118 v2:172.21.15.194:6800/4196869674 1 ==== mgr_command_reply(tid 0: 0 ) ==== 8+0+0 (secure 0 0 0) 0x7f371c1030b0 con 0x7f3708038f70
2024-06-11T13:44:25.602 INFO:teuthology.orchestra.run.smithi194.stdout:/usr/bin/ceph: stderr
2024-06-11T13:44:25.057+0000 7f3720e4a640 1 -- 172.21.15.194:0/3867176731 >> [v2:172.21.15.194:6800/4196869674,v1:172.21.15.194:6801/4196869674] conn(0x7f3708038f70 msgr2=0x7f370803b430 secure :-1 s=STATE_CONNECTION_ESTABLISHED l=1).mark_down
2024-06-11T13:44:25.602 INFO:teuthology.orchestra.run.smithi194.stdout:/usr/bin/ceph: stderr
2024-06-11T13:44:25.057+0000 7f3720e4a640 1 --2- 172.21.15.194:0/3867176731 >> [v2:172.21.15.194:6800/4196869674,v1:172.21.15.194:6801/4196869674] conn(0x7f3708038f70 0x7f370803b430 secure :-1 s=READY pgs=7 cs=0 l=1 rev1=1 crypto rx=0x7f37040098c0 tx=0x7f3704006db0 comp rx=0 tx=0).stop
2024-06-11T13:44:25.603 INFO:teuthology.orchestra.run.smithi194.stdout:/usr/bin/ceph: stderr
2024-06-11T13:44:25.057+0000 7f3720e4a640 1 -- 172.21.15.194:0/3867176731 >> [v2:172.21.15.194:3300/0,v1:172.21.15.194:6789/0] conn(0x7f371c07c700 msgr2=0x7f371c19c9f0 secure :-1 s=STATE_CONNECTION_ESTABLISHED l=1).mark_down
2024-06-11T13:44:25.603 INFO:teuthology.orchestra.run.smithi194.stdout:/usr/bin/ceph: stderr
2024-06-11T13:44:25.057+0000 7f3720e4a640 1 --2- 172.21.15.194:0/3867176731 >> [v2:172.21.15.194:3300/0,v1:172.21.15.194:6789/0] conn(0x7f371c07c700 0x7f371c19c9f0 secure :-1 s=READY pgs=36 cs=0 l=1 rev1=1 crypto rx=0x7f370c0097f0 tx=0x7f370c030d00 comp rx=0 tx=0).stop
2024-06-11T13:44:25.603 INFO:teuthology.orchestra.run.smithi194.stdout:/usr/bin/ceph: stderr
2024-06-11T13:44:25.057+0000 7f3720e4a640 1 -- 172.21.15.194:0/3867176731 shutdown_connections
2024-06-11T13:44:25.603 INFO:teuthology.orchestra.run.smithi194.stdout:/usr/bin/ceph: stderr
2024-06-11T13:44:25.057+0000 7f3720e4a640 1 --2- 172.21.15.194:0/3867176731 >> [v2:172.21.15.194:6800/4196869674,v1:172.21.15.194:6801/4196869674] conn(0x7f3708038f70 0x7f370803b430 unknown :-1 s=CLOSED pgs=7 cs=0 l=1 rev1=1 crypto rx=0 tx=0 comp rx=0 tx=0).stop
2024-06-11T13:44:25.603 INFO:teuthology.orchestra.run.smithi194.stdout:/usr/bin/ceph: stderr
2024-06-11T13:44:25.057+0000 7f3720e4a640 1 --2- 172.21.15.194:0/3867176731 >> [v2:172.21.15.194:3300/0,v1:172.21.15.194:6789/0] conn(0x7f371c07c700 0x7f371c19c9f0 unknown :-1 s=CLOSED pgs=36 cs=0 l=1 rev1=1 crypto rx=0 tx=0 comp rx=0 tx=0).stop
2024-06-11T13:44:25.603 INFO:teuthology.orchestra.run.smithi194.stdout:/usr/bin/ceph: stderr
2024-06-11T13:44:25.057+0000 7f3720e4a640 1 -- 172.21.15.194:0/3867176731 >> 172.21.15.194:0/3867176731 conn(0x7f371c101ee0 msgr2=0x7f371c1029a0 unknown :-1 s=STATE_NONE l=0).mark_down
2024-06-11T13:44:25.603 INFO:teuthology.orchestra.run.smithi194.stdout:/usr/bin/ceph: stderr
2024-06-11T13:44:25.057+0000 7f3720e4a640 1 -- 172.21.15.194:0/3867176731 shutdown_connections
2024-06-11T13:44:25.603 INFO:teuthology.orchestra.run.smithi194.stdout:/usr/bin/ceph: stderr
2024-06-11T13:44:25.057+0000 7f3720e4a640 1 -- 172.21.15.194:0/3867176731 wait complete.
2024-06-11T13:44:26.322 INFO:journalctl@ceph.mon.a.smithi194.stdout:Jun 11 13:44:26 smithi194 bash[21944]: audit
2024-06-11T13:44:25.051292+0000 mgr.x (mgr.14118) 9 : audit [DBG] from='client.14130 -' entity='client.admin' cmd=[{"prefix": "orch set backend", "module_name": "cephadm", "target": ["mon-mgr", ""]}]: dispatch
2024-06-11T13:44:26.323 INFO:journalctl@ceph.mon.a.smithi194.stdout:Jun 11 13:44:26 smithi194 bash[21944]: audit
2024-06-11T13:44:25.057282+0000 mon.a (mon.0) 57 : audit [INF] from='mgr.14118 172.21.15.194:0/1679109832' entity='mgr.x'
2024-06-11T13:44:26.323 INFO:journalctl@ceph.mon.a.smithi194.stdout:Jun 11 13:44:26 smithi194 bash[21944]: audit
2024-06-11T13:44:25.071367+0000 mon.a (mon.0) 58 : audit [DBG] from='mgr.14118 172.21.15.194:0/1679109832' entity='mgr.x' cmd=[{"prefix": "config dump", "format": "json"}]: dispatch
2024-06-11T13:44:27.325 INFO:journalctl@ceph.mon.a.smithi194.stdout:Jun 11 13:44:27 smithi194 bash[21944]: audit
2024-06-11T13:44:26.920049+0000 mgr.x (mgr.14118) 10 : audit [DBG] from='client.14132 -' entity='client.admin' cmd=[{"prefix": "cephadm set-user", "user": "root", "target": ["mon-mgr", ""]}]: dispatch
2024-06-11T13:44:27.515 INFO:teuthology.orchestra.run.smithi194.stdout:/usr/bin/ceph: stdout value unchanged
2024-06-11T13:44:27.516 INFO:teuthology.orchestra.run.smithi194.stdout:/usr/bin/ceph: stderr
2024-06-11T13:44:26.581+0000 7fa3b8617640 1 Processor -- start
2024-06-11T13:44:27.516 INFO:teuthology.orchestra.run.smithi194.stdout:/usr/bin/ceph: stderr
2024-06-11T13:44:26.581+0000 7fa3b8617640 1 -- start start
2024-06-11T13:44:27.516 INFO:teuthology.orchestra.run.smithi194.stdout:/usr/bin/ceph: stderr
2024-06-11T13:44:26.581+0000 7fa3b8617640 1 --2- >> [v2:172.21.15.194:3300/0,v1:172.21.15.194:6789/0] conn(0x7fa3b007d100 0x7fa3b007d520 unknown :-1 s=NONE pgs=0 cs=0 l=0 rev1=0 crypto rx=0 tx=0 comp rx=0 tx=0).connect
2024-06-11T13:44:27.516 INFO:teuthology.orchestra.run.smithi194.stdout:/usr/bin/ceph: stderr
2024-06-11T13:44:26.581+0000 7fa3b8617640 1 -- --> [v2:172.21.15.194:3300/0,v1:172.21.15.194:6789/0] -- mon_getmap magic: 0 -- 0x7fa3b007daf0 con 0x7fa3b007d100
2024-06-11T13:44:27.516 INFO:teuthology.orchestra.run.smithi194.stdout:/usr/bin/ceph: stderr
2024-06-11T13:44:26.581+0000 7fa3b63b3640 1 --2- >> [v2:172.21.15.194:3300/0,v1:172.21.15.194:6789/0] conn(0x7fa3b007d100 0x7fa3b007d520 unknown :-1 s=BANNER_CONNECTING pgs=0 cs=0 l=0 rev1=0 crypto rx=0 tx=0 comp rx=0 tx=0)._handle_peer_banner_payload supported=3 required=0
2024-06-11T13:44:27.516 INFO:teuthology.orchestra.run.smithi194.stdout:/usr/bin/ceph: stderr
2024-06-11T13:44:26.581+0000 7fa3b63b3640 1 --2- >> [v2:172.21.15.194:3300/0,v1:172.21.15.194:6789/0] conn(0x7fa3b007d100 0x7fa3b007d520 unknown :-1 s=HELLO_CONNECTING pgs=0 cs=0 l=0 rev1=1 crypto rx=0 tx=0 comp rx=0 tx=0).handle_hello peer v2:172.21.15.194:3300/0 says I am v2:172.21.15.194:47180/0 (socket says 172.21.15.194:47180)
2024-06-11T13:44:27.518 INFO:teuthology.orchestra.run.smithi194.stdout:/usr/bin/ceph: stderr
2024-06-11T13:44:26.581+0000 7fa3b63b3640 1 -- 172.21.15.194:0/3569589930 learned_addr learned my addr 172.21.15.194:0/3569589930 (peer_addr_for_me v2:172.21.15.194:0/0)
2024-06-11T13:44:27.519 INFO:teuthology.orchestra.run.smithi194.stdout:/usr/bin/ceph: stderr
2024-06-11T13:44:26.581+0000 7fa3b63b3640 1 -- 172.21.15.194:0/3569589930 --> [v2:172.21.15.194:3300/0,v1:172.21.15.194:6789/0] -- mon_subscribe({config=0+,monmap=0+}) -- 0x7fa3b007e350 con 0x7fa3b007d100
2024-06-11T13:44:27.519 INFO:teuthology.orchestra.run.smithi194.stdout:/usr/bin/ceph: stderr
2024-06-11T13:44:26.581+0000 7fa3b63b3640 1 --2- 172.21.15.194:0/3569589930 >> [v2:172.21.15.194:3300/0,v1:172.21.15.194:6789/0] conn(0x7fa3b007d100 0x7fa3b007d520 secure :-1 s=READY pgs=37 cs=0 l=1 rev1=1 crypto rx=0x7fa3ac009820 tx=0x7fa3ac02a270 comp rx=0 tx=0).ready entity=mon.0 client_cookie=1fa38cf0d66672c5 server_cookie=0 in_seq=0 out_seq=0
2024-06-11T13:44:27.519 INFO:teuthology.orchestra.run.smithi194.stdout:/usr/bin/ceph: stderr
2024-06-11T13:44:26.585+0000 7fa3b53b1640 1 -- 172.21.15.194:0/3569589930 <== mon.0 v2:172.21.15.194:3300/0 1 ==== mon_map magic: 0 ==== 205+0+0 (secure 0 0 0) 0x7fa3ac037070 con 0x7fa3b007d100
2024-06-11T13:44:27.519 INFO:teuthology.orchestra.run.smithi194.stdout:/usr/bin/ceph: stderr
2024-06-11T13:44:26.585+0000 7fa3b53b1640 1 -- 172.21.15.194:0/3569589930 <== mon.0 v2:172.21.15.194:3300/0 2 ==== config(26 keys) ==== 1071+0+0 (secure 0 0 0) 0x7fa3ac0328d0 con 0x7fa3b007d100
2024-06-11T13:44:27.519 INFO:teuthology.orchestra.run.smithi194.stdout:/usr/bin/ceph: stderr
2024-06-11T13:44:26.585+0000 7fa3b53b1640 1 -- 172.21.15.194:0/3569589930 <== mon.0 v2:172.21.15.194:3300/0 3 ==== mon_map magic: 0 ==== 205+0+0 (secure 0 0 0) 0x7fa3ac0307d0 con 0x7fa3b007d100
2024-06-11T13:44:27.519 INFO:teuthology.orchestra.run.smithi194.stdout:/usr/bin/ceph: stderr
2024-06-11T13:44:26.585+0000 7fa3b8617640 1 -- 172.21.15.194:0/3569589930 >> [v2:172.21.15.194:3300/0,v1:172.21.15.194:6789/0] conn(0x7fa3b007d100 msgr2=0x7fa3b007d520 secure :-1 s=STATE_CONNECTION_ESTABLISHED l=1).mark_down
2024-06-11T13:44:27.519 INFO:teuthology.orchestra.run.smithi194.stdout:/usr/bin/ceph: stderr
2024-06-11T13:44:26.585+0000 7fa3b8617640 1 --2- 172.21.15.194:0/3569589930 >> [v2:172.21.15.194:3300/0,v1:172.21.15.194:6789/0] conn(0x7fa3b007d100 0x7fa3b007d520 secure :-1 s=READY pgs=37 cs=0 l=1 rev1=1 crypto rx=0x7fa3ac009820 tx=0x7fa3ac02a270 comp rx=0 tx=0).stop
2024-06-11T13:44:27.519 INFO:teuthology.orchestra.run.smithi194.stdout:/usr/bin/ceph: stderr
2024-06-11T13:44:26.585+0000 7fa3b8617640 1 -- 172.21.15.194:0/3569589930 shutdown_connections
2024-06-11T13:44:27.519 INFO:teuthology.orchestra.run.smithi194.stdout:/usr/bin/ceph: stderr
2024-06-11T13:44:26.585+0000 7fa3b8617640 1 --2- 172.21.15.194:0/3569589930 >> [v2:172.21.15.194:3300/0,v1:172.21.15.194:6789/0] conn(0x7fa3b007d100 0x7fa3b007d520 unknown :-1 s=CLOSED pgs=37 cs=0 l=1 rev1=1 crypto rx=0 tx=0 comp rx=0 tx=0).stop
2024-06-11T13:44:27.519 INFO:teuthology.orchestra.run.smithi194.stdout:/usr/bin/ceph: stderr
2024-06-11T13:44:26.585+0000 7fa3b8617640 1 -- 172.21.15.194:0/3569589930 >> 172.21.15.194:0/3569589930 conn(0x7fa3b007bf60 msgr2=0x7fa3b007c370 unknown :-1 s=STATE_NONE l=0).mark_down
2024-06-11T13:44:27.520 INFO:teuthology.orchestra.run.smithi194.stdout:/usr/bin/ceph: stderr
2024-06-11T13:44:26.585+0000 7fa3b8617640 1 -- 172.21.15.194:0/3569589930 shutdown_connections
2024-06-11T13:44:27.520 INFO:teuthology.orchestra.run.smithi194.stdout:/usr/bin/ceph: stderr
2024-06-11T13:44:26.585+0000 7fa3b8617640 1 -- 172.21.15.194:0/3569589930 wait complete.
2024-06-11T13:44:27.520 INFO:teuthology.orchestra.run.smithi194.stdout:/usr/bin/ceph: stderr
2024-06-11T13:44:26.585+0000 7fa3b8617640 1 Processor -- start
2024-06-11T13:44:27.520 INFO:teuthology.orchestra.run.smithi194.stdout:/usr/bin/ceph: stderr
2024-06-11T13:44:26.585+0000 7fa3b8617640 1 -- start start
2024-06-11T13:44:27.520 INFO:teuthology.orchestra.run.smithi194.stdout:/usr/bin/ceph: stderr
2024-06-11T13:44:26.585+0000 7fa3b8617640 1 --2- >> [v2:172.21.15.194:3300/0,v1:172.21.15.194:6789/0] conn(0x7fa3b007d100 0x7fa3b01a0e00 unknown :-1 s=NONE pgs=0 cs=0 l=1 rev1=0 crypto rx=0 tx=0 comp rx=0 tx=0).connect
2024-06-11T13:44:27.520 INFO:teuthology.orchestra.run.smithi194.stdout:/usr/bin/ceph: stderr
2024-06-11T13:44:26.585+0000 7fa3b8617640 1 -- --> [v2:172.21.15.194:3300/0,v1:172.21.15.194:6789/0] -- mon_getmap magic: 0 -- 0x7fa3b007f710 con 0x7fa3b007d100
2024-06-11T13:44:27.520 INFO:teuthology.orchestra.run.smithi194.stdout:/usr/bin/ceph: stderr
2024-06-11T13:44:26.585+0000 7fa3b63b3640 1 --2- >> [v2:172.21.15.194:3300/0,v1:172.21.15.194:6789/0] conn(0x7fa3b007d100 0x7fa3b01a0e00 unknown :-1 s=BANNER_CONNECTING pgs=0 cs=0 l=1 rev1=0 crypto rx=0 tx=0 comp rx=0 tx=0)._handle_peer_banner_payload supported=3 required=0
2024-06-11T13:44:27.520 INFO:teuthology.orchestra.run.smithi194.stdout:/usr/bin/ceph: stderr
2024-06-11T13:44:26.585+0000 7fa3b63b3640 1 --2- >> [v2:172.21.15.194:3300/0,v1:172.21.15.194:6789/0] conn(0x7fa3b007d100 0x7fa3b01a0e00 unknown :-1 s=HELLO_CONNECTING pgs=0 cs=0 l=1 rev1=1 crypto rx=0 tx=0 comp rx=0 tx=0).handle_hello peer v2:172.21.15.194:3300/0 says I am v2:172.21.15.194:47186/0 (socket says 172.21.15.194:47186)
2024-06-11T13:44:27.520 INFO:teuthology.orchestra.run.smithi194.stdout:/usr/bin/ceph: stderr
2024-06-11T13:44:26.585+0000 7fa3b63b3640 1 -- 172.21.15.194:0/2398639439 learned_addr learned my addr 172.21.15.194:0/2398639439 (peer_addr_for_me v2:172.21.15.194:0/0)
2024-06-11T13:44:27.520 INFO:teuthology.orchestra.run.smithi194.stdout:/usr/bin/ceph: stderr
2024-06-11T13:44:26.585+0000 7fa3b63b3640 1 -- 172.21.15.194:0/2398639439 --> [v2:172.21.15.194:3300/0,v1:172.21.15.194:6789/0] -- mon_subscribe({config=0+,monmap=0+}) -- 0x7fa3b01a1340 con 0x7fa3b007d100
2024-06-11T13:44:27.523 INFO:teuthology.orchestra.run.smithi194.stdout:/usr/bin/ceph: stderr
2024-06-11T13:44:26.585+0000 7fa3b63b3640 1 --2- 172.21.15.194:0/2398639439 >> [v2:172.21.15.194:3300/0,v1:172.21.15.194:6789/0] conn(0x7fa3b007d100 0x7fa3b01a0e00 secure :-1 s=READY pgs=38 cs=0 l=1 rev1=1 crypto rx=0x7fa3ac032e10 tx=0x7fa3ac032e40 comp rx=0 tx=0).ready entity=mon.0 client_cookie=0 server_cookie=0 in_seq=0 out_seq=0
2024-06-11T13:44:27.523 INFO:teuthology.orchestra.run.smithi194.stdout:/usr/bin/ceph: stderr
2024-06-11T13:44:26.585+0000 7fa3a77fe640 1 -- 172.21.15.194:0/2398639439 <== mon.0 v2:172.21.15.194:3300/0 1 ==== mon_map magic: 0 ==== 205+0+0 (secure 0 0 0) 0x7fa3ac042070 con 0x7fa3b007d100
2024-06-11T13:44:27.523 INFO:teuthology.orchestra.run.smithi194.stdout:/usr/bin/ceph: stderr
2024-06-11T13:44:26.585+0000 7fa3a77fe640 1 -- 172.21.15.194:0/2398639439 <== mon.0 v2:172.21.15.194:3300/0 2 ==== config(26 keys) ==== 1071+0+0 (secure 0 0 0) 0x7fa3ac030c80 con 0x7fa3b007d100
2024-06-11T13:44:27.523 INFO:teuthology.orchestra.run.smithi194.stdout:/usr/bin/ceph: stderr
2024-06-11T13:44:26.585+0000 7fa3a77fe640 1 -- 172.21.15.194:0/2398639439 <== mon.0 v2:172.21.15.194:3300/0 3 ==== mon_map magic: 0 ==== 205+0+0 (secure 0 0 0) 0x7fa3ac037040 con 0x7fa3b007d100
2024-06-11T13:44:27.524 INFO:teuthology.orchestra.run.smithi194.stdout:/usr/bin/ceph: stderr
2024-06-11T13:44:26.585+0000 7fa3b8617640 1 -- 172.21.15.194:0/2398639439 --> [v2:172.21.15.194:3300/0,v1:172.21.15.194:6789/0] -- mon_subscribe({mgrmap=0+}) -- 0x7fa3b01a15d0 con 0x7fa3b007d100
2024-06-11T13:44:27.524 INFO:teuthology.orchestra.run.smithi194.stdout:/usr/bin/ceph: stderr
2024-06-11T13:44:26.585+0000 7fa3b8617640 1 -- 172.21.15.194:0/2398639439 --> [v2:172.21.15.194:3300/0,v1:172.21.15.194:6789/0] -- mon_subscribe({osdmap=0}) -- 0x7fa3b01a42c0 con 0x7fa3b007d100
2024-06-11T13:44:27.524 INFO:teuthology.orchestra.run.smithi194.stdout:/usr/bin/ceph: stderr
2024-06-11T13:44:26.585+0000 7fa3a77fe640 1 -- 172.21.15.194:0/2398639439 <== mon.0 v2:172.21.15.194:3300/0 4 ==== mgrmap(e 8) ==== 46287+0+0 (secure 0 0 0) 0x7fa3ac045070 con 0x7fa3b007d100
2024-06-11T13:44:27.524 INFO:teuthology.orchestra.run.smithi194.stdout:/usr/bin/ceph: stderr
2024-06-11T13:44:26.585+0000 7fa3b8617640 1 -- 172.21.15.194:0/2398639439 --> [v2:172.21.15.194:3300/0,v1:172.21.15.194:6789/0] -- mon_command({"prefix": "get_command_descriptions"} v 0) -- 0x7fa3b0063000 con 0x7fa3b007d100
2024-06-11T13:44:27.524 INFO:teuthology.orchestra.run.smithi194.stdout:/usr/bin/ceph: stderr
2024-06-11T13:44:26.585+0000 7fa3a77fe640 1 --2- 172.21.15.194:0/2398639439 >> [v2:172.21.15.194:6800/4196869674,v1:172.21.15.194:6801/4196869674] conn(0x7fa39c038fc0 0x7fa39c03b480 unknown :-1 s=NONE pgs=0 cs=0 l=1 rev1=0 crypto rx=0 tx=0 comp rx=0 tx=0).connect
2024-06-11T13:44:27.524 INFO:teuthology.orchestra.run.smithi194.stdout:/usr/bin/ceph: stderr
2024-06-11T13:44:26.585+0000 7fa3a77fe640 1 -- 172.21.15.194:0/2398639439 <== mon.0 v2:172.21.15.194:3300/0 5 ==== osd_map(2..2 src has 1..2) ==== 940+0+0 (secure 0 0 0) 0x7fa3ac06bf50 con 0x7fa3b007d100
2024-06-11T13:44:27.524 INFO:teuthology.orchestra.run.smithi194.stdout:/usr/bin/ceph: stderr
2024-06-11T13:44:26.589+0000 7fa3b5bb2640 1 --2- 172.21.15.194:0/2398639439 >> [v2:172.21.15.194:6800/4196869674,v1:172.21.15.194:6801/4196869674] conn(0x7fa39c038fc0 0x7fa39c03b480 unknown :-1 s=BANNER_CONNECTING pgs=0 cs=0 l=1 rev1=0 crypto rx=0 tx=0 comp rx=0 tx=0)._handle_peer_banner_payload supported=3 required=0
2024-06-11T13:44:27.524 INFO:teuthology.orchestra.run.smithi194.stdout:/usr/bin/ceph: stderr
2024-06-11T13:44:26.589+0000 7fa3b5bb2640 1 --2- 172.21.15.194:0/2398639439 >> [v2:172.21.15.194:6800/4196869674,v1:172.21.15.194:6801/4196869674] conn(0x7fa39c038fc0 0x7fa39c03b480 secure :-1 s=READY pgs=8 cs=0 l=1 rev1=1 crypto rx=0x7fa3a00098c0 tx=0x7fa3a0006db0 comp rx=0 tx=0).ready entity=mgr.14118 client_cookie=0 server_cookie=0 in_seq=0 out_seq=0
2024-06-11T13:44:27.524 INFO:teuthology.orchestra.run.smithi194.stdout:/usr/bin/ceph: stderr
2024-06-11T13:44:26.593+0000 7fa3a77fe640 1 -- 172.21.15.194:0/2398639439 <== mon.0 v2:172.21.15.194:3300/0 6 ==== mon_command_ack([{"prefix": "get_command_descriptions"}]=0 v0) ==== 72+0+186418 (secure 0 0 0) 0x7fa3ac045360 con 0x7fa3b007d100
2024-06-11T13:44:27.524 INFO:teuthology.orchestra.run.smithi194.stdout:/usr/bin/ceph: stderr
2024-06-11T13:44:26.913+0000 7fa3b8617640 1 -- 172.21.15.194:0/2398639439 --> [v2:172.21.15.194:6800/4196869674,v1:172.21.15.194:6801/4196869674] -- mgr_command(tid 0: {"prefix": "cephadm set-user", "user": "root", "target": ["mon-mgr", ""]}) -- 0x7fa3b002d5d0 con 0x7fa39c038fc0
2024-06-11T13:44:27.524 INFO:teuthology.orchestra.run.smithi194.stdout:/usr/bin/ceph: stderr
2024-06-11T13:44:26.917+0000 7fa3a77fe640 1 -- 172.21.15.194:0/2398639439 <== mgr.14118 v2:172.21.15.194:6800/4196869674 1 ==== mgr_command_reply(tid 0: 0 ) ==== 8+0+16 (secure 0 0 0) 0x7fa3b002d5d0 con 0x7fa39c038fc0
2024-06-11T13:44:27.524 INFO:teuthology.orchestra.run.smithi194.stdout:/usr/bin/ceph: stderr
2024-06-11T13:44:26.917+0000 7fa3b8617640 1 -- 172.21.15.194:0/2398639439 >> [v2:172.21.15.194:6800/4196869674,v1:172.21.15.194:6801/4196869674] conn(0x7fa39c038fc0 msgr2=0x7fa39c03b480 secure :-1 s=STATE_CONNECTION_ESTABLISHED l=1).mark_down
2024-06-11T13:44:27.524 INFO:teuthology.orchestra.run.smithi194.stdout:/usr/bin/ceph: stderr
2024-06-11T13:44:26.917+0000 7fa3b8617640 1 --2- 172.21.15.194:0/2398639439 >> [v2:172.21.15.194:6800/4196869674,v1:172.21.15.194:6801/4196869674] conn(0x7fa39c038fc0 0x7fa39c03b480 secure :-1 s=READY pgs=8 cs=0 l=1 rev1=1 crypto rx=0x7fa3a00098c0 tx=0x7fa3a0006db0 comp rx=0 tx=0).stop
2024-06-11T13:44:27.525 INFO:teuthology.orchestra.run.smithi194.stdout:/usr/bin/ceph: stderr
2024-06-11T13:44:26.917+0000 7fa3b8617640 1 -- 172.21.15.194:0/2398639439 >> [v2:172.21.15.194:3300/0,v1:172.21.15.194:6789/0] conn(0x7fa3b007d100 msgr2=0x7fa3b01a0e00 secure :-1 s=STATE_CONNECTION_ESTABLISHED l=1).mark_down
2024-06-11T13:44:27.525 INFO:teuthology.orchestra.run.smithi194.stdout:/usr/bin/ceph: stderr
2024-06-11T13:44:26.917+0000 7fa3b8617640 1 --2- 172.21.15.194:0/2398639439 >> [v2:172.21.15.194:3300/0,v1:172.21.15.194:6789/0] conn(0x7fa3b007d100 0x7fa3b01a0e00 secure :-1 s=READY pgs=38 cs=0 l=1 rev1=1 crypto rx=0x7fa3ac032e10 tx=0x7fa3ac032e40 comp rx=0 tx=0).stop
2024-06-11T13:44:27.525 INFO:teuthology.orchestra.run.smithi194.stdout:/usr/bin/ceph: stderr
2024-06-11T13:44:26.917+0000 7fa3b8617640 1 -- 172.21.15.194:0/2398639439 shutdown_connections
2024-06-11T13:44:27.525 INFO:teuthology.orchestra.run.smithi194.stdout:/usr/bin/ceph: stderr
2024-06-11T13:44:26.917+0000 7fa3b8617640 1 --2- 172.21.15.194:0/2398639439 >> [v2:172.21.15.194:6800/4196869674,v1:172.21.15.194:6801/4196869674] conn(0x7fa39c038fc0 0x7fa39c03b480 unknown :-1 s=CLOSED pgs=8 cs=0 l=1 rev1=1 crypto rx=0 tx=0 comp rx=0 tx=0).stop
2024-06-11T13:44:27.525 INFO:teuthology.orchestra.run.smithi194.stdout:/usr/bin/ceph: stderr
2024-06-11T13:44:26.917+0000 7fa3b8617640 1 --2- 172.21.15.194:0/2398639439 >> [v2:172.21.15.194:3300/0,v1:172.21.15.194:6789/0] conn(0x7fa3b007d100 0x7fa3b01a0e00 unknown :-1 s=CLOSED pgs=38 cs=0 l=1 rev1=1 crypto rx=0 tx=0 comp rx=0 tx=0).stop
2024-06-11T13:44:27.525 INFO:teuthology.orchestra.run.smithi194.stdout:/usr/bin/ceph: stderr
2024-06-11T13:44:26.917+0000 7fa3b8617640 1 -- 172.21.15.194:0/2398639439 >> 172.21.15.194:0/2398639439 conn(0x7fa3b007bf60 msgr2=0x7fa3b0197a80 unknown :-1 s=STATE_NONE l=0).mark_down
2024-06-11T13:44:27.525 INFO:teuthology.orchestra.run.smithi194.stdout:/usr/bin/ceph: stderr
2024-06-11T13:44:26.917+0000 7fa3b8617640 1 -- 172.21.15.194:0/2398639439 shutdown_connections
2024-06-11T13:44:27.525 INFO:teuthology.orchestra.run.smithi194.stdout:/usr/bin/ceph: stderr
2024-06-11T13:44:26.921+0000 7fa3b8617640 1 -- 172.21.15.194:0/2398639439 wait complete.
2024-06-11T13:44:27.525 INFO:teuthology.orchestra.run.smithi194.stdout:Generating ssh key...
2024-06-11T13:44:29.323 INFO:journalctl@ceph.mon.a.smithi194.stdout:Jun 11 13:44:29 smithi194 bash[21944]: audit
2024-06-11T13:44:28.803733+0000 mgr.x (mgr.14118) 11 : audit [DBG] from='client.14134 -' entity='client.admin' cmd=[{"prefix": "cephadm generate-key", "target": ["mon-mgr", ""]}]: dispatch
2024-06-11T13:44:29.323 INFO:journalctl@ceph.mon.a.smithi194.stdout:Jun 11 13:44:29 smithi194 bash[21944]: cephadm
2024-06-11T13:44:28.804137+0000 mgr.x (mgr.14118) 12 : cephadm [INF] Generating ssh key...
2024-06-11T13:44:29.323 INFO:journalctl@ceph.mon.a.smithi194.stdout:Jun 11 13:44:29 smithi194 bash[21944]: audit
2024-06-11T13:44:29.070963+0000 mon.a (mon.0) 59 : audit [INF] from='mgr.14118 172.21.15.194:0/1679109832' entity='mgr.x'
2024-06-11T13:44:29.323 INFO:journalctl@ceph.mon.a.smithi194.stdout:Jun 11 13:44:29 smithi194 bash[21944]: audit
2024-06-11T13:44:29.075430+0000 mon.a (mon.0) 60 : audit [INF] from='mgr.14118 172.21.15.194:0/1679109832' entity='mgr.x'
2024-06-11T13:44:29.323 INFO:journalctl@ceph.mgr.x.smithi194.stdout:Jun 11 13:44:29 smithi194 bash[22198]: Generating public/private rsa key pair.
2024-06-11T13:44:29.323 INFO:journalctl@ceph.mgr.x.smithi194.stdout:Jun 11 13:44:29 smithi194 bash[22198]: Your identification has been saved in /tmp/tmp10tmil86/key
2024-06-11T13:44:29.324 INFO:journalctl@ceph.mgr.x.smithi194.stdout:Jun 11 13:44:29 smithi194 bash[22198]: Your public key has been saved in /tmp/tmp10tmil86/key.pub
2024-06-11T13:44:29.324 INFO:journalctl@ceph.mgr.x.smithi194.stdout:Jun 11 13:44:29 smithi194 bash[22198]: The key fingerprint is:
2024-06-11T13:44:29.324 INFO:journalctl@ceph.mgr.x.smithi194.stdout:Jun 11 13:44:29 smithi194 bash[22198]: SHA256:qMC3Rc8Kx4oJ2D0gKMobt5ZQV/o3BHm1yZn2ywhwFZA ceph-7d0cc64e-27f8-11ef-bc9b-c7b262605968
2024-06-11T13:44:29.324 INFO:journalctl@ceph.mgr.x.smithi194.stdout:Jun 11 13:44:29 smithi194 bash[22198]: The key's randomart image is:
2024-06-11T13:44:29.324 INFO:journalctl@ceph.mgr.x.smithi194.stdout:Jun 11 13:44:29 smithi194 bash[22198]: +---[RSA 3072]----+
2024-06-11T13:44:29.324 INFO:journalctl@ceph.mgr.x.smithi194.stdout:Jun 11 13:44:29 smithi194 bash[22198]: | o..++. |
2024-06-11T13:44:29.324 INFO:journalctl@ceph.mgr.x.smithi194.stdout:Jun 11 13:44:29 smithi194 bash[22198]: |. o..Eo = |
2024-06-11T13:44:29.324 INFO:journalctl@ceph.mgr.x.smithi194.stdout:Jun 11 13:44:29 smithi194 bash[22198]: |+ .. o...o B |
2024-06-11T13:44:29.324 INFO:journalctl@ceph.mgr.x.smithi194.stdout:Jun 11 13:44:29 smithi194 bash[22198]: |=+.o.o.++ . . |
2024-06-11T13:44:29.324 INFO:journalctl@ceph.mgr.x.smithi194.stdout:Jun 11 13:44:29 smithi194 bash[22198]: |+++.= =.S+ . |
2024-06-11T13:44:29.324 INFO:journalctl@ceph.mgr.x.smithi194.stdout:Jun 11 13:44:29 smithi194 bash[22198]: | .==oO .. o o . |
2024-06-11T13:44:29.324 INFO:journalctl@ceph.mgr.x.smithi194.stdout:Jun 11 13:44:29 smithi194 bash[22198]: | .o++ . . o |
2024-06-11T13:44:29.324 INFO:journalctl@ceph.mgr.x.smithi194.stdout:Jun 11 13:44:29 smithi194 bash[22198]: | . |
2024-06-11T13:44:29.324 INFO:journalctl@ceph.mgr.x.smithi194.stdout:Jun 11 13:44:29 smithi194 bash[22198]: | |
2024-06-11T13:44:29.325 INFO:journalctl@ceph.mgr.x.smithi194.stdout:Jun 11 13:44:29 smithi194 bash[22198]: +----[SHA256]-----+
2024-06-11T13:44:29.643 INFO:teuthology.orchestra.run.smithi194.stdout:/usr/bin/ceph: stderr
2024-06-11T13:44:28.469+0000 7f428f9eb640 1 Processor -- start
2024-06-11T13:44:29.644 INFO:teuthology.orchestra.run.smithi194.stdout:/usr/bin/ceph: stderr
2024-06-11T13:44:28.469+0000 7f428f9eb640 1 -- start start
2024-06-11T13:44:29.644 INFO:teuthology.orchestra.run.smithi194.stdout:/usr/bin/ceph: stderr
2024-06-11T13:44:28.469+0000 7f428f9eb640 1 --2- >> [v2:172.21.15.194:3300/0,v1:172.21.15.194:6789/0] conn(0x7f4288106920 0x7f4288106d40 unknown :-1 s=NONE pgs=0 cs=0 l=0 rev1=0 crypto rx=0 tx=0 comp rx=0 tx=0).connect
2024-06-11T13:44:29.644 INFO:teuthology.orchestra.run.smithi194.stdout:/usr/bin/ceph: stderr
2024-06-11T13:44:28.469+0000 7f428f9eb640 1 -- --> [v2:172.21.15.194:3300/0,v1:172.21.15.194:6789/0] -- mon_getmap magic: 0 -- 0x7f4288107310 con 0x7f4288106920
2024-06-11T13:44:29.644 INFO:teuthology.orchestra.run.smithi194.stdout:/usr/bin/ceph: stderr
2024-06-11T13:44:28.469+0000 7f428d787640 1 --2- >> [v2:172.21.15.194:3300/0,v1:172.21.15.194:6789/0] conn(0x7f4288106920 0x7f4288106d40 unknown :-1 s=BANNER_CONNECTING pgs=0 cs=0 l=0 rev1=0 crypto rx=0 tx=0 comp rx=0 tx=0)._handle_peer_banner_payload supported=3 required=0
2024-06-11T13:44:29.644 INFO:teuthology.orchestra.run.smithi194.stdout:/usr/bin/ceph: stderr
2024-06-11T13:44:28.469+0000 7f428d787640 1 --2- >> [v2:172.21.15.194:3300/0,v1:172.21.15.194:6789/0] conn(0x7f4288106920 0x7f4288106d40 unknown :-1 s=HELLO_CONNECTING pgs=0 cs=0 l=0 rev1=1 crypto rx=0 tx=0 comp rx=0 tx=0).handle_hello peer v2:172.21.15.194:3300/0 says I am v2:172.21.15.194:47202/0 (socket says 172.21.15.194:47202)
2024-06-11T13:44:29.644 INFO:teuthology.orchestra.run.smithi194.stdout:/usr/bin/ceph: stderr
2024-06-11T13:44:28.469+0000 7f428d787640 1 -- 172.21.15.194:0/1123405750 learned_addr learned my addr 172.21.15.194:0/1123405750 (peer_addr_for_me v2:172.21.15.194:0/0)
2024-06-11T13:44:29.644 INFO:teuthology.orchestra.run.smithi194.stdout:/usr/bin/ceph: stderr
2024-06-11T13:44:28.469+0000 7f428d787640 1 -- 172.21.15.194:0/1123405750 --> [v2:172.21.15.194:3300/0,v1:172.21.15.194:6789/0] -- mon_subscribe({config=0+,monmap=0+}) -- 0x7f4288107b20 con 0x7f4288106920
2024-06-11T13:44:29.644 INFO:teuthology.orchestra.run.smithi194.stdout:/usr/bin/ceph: stderr
2024-06-11T13:44:28.469+0000 7f428d787640 1 --2- 172.21.15.194:0/1123405750 >> [v2:172.21.15.194:3300/0,v1:172.21.15.194:6789/0] conn(0x7f4288106920 0x7f4288106d40 secure :-1 s=READY pgs=39 cs=0 l=1 rev1=1 crypto rx=0x7f4280009820 tx=0x7f428002a270 comp rx=0 tx=0).ready entity=mon.0 client_cookie=1a9609527626d6d server_cookie=0 in_seq=0 out_seq=0
2024-06-11T13:44:29.644 INFO:teuthology.orchestra.run.smithi194.stdout:/usr/bin/ceph: stderr
2024-06-11T13:44:28.469+0000 7f427ffff640 1 -- 172.21.15.194:0/1123405750 <== mon.0 v2:172.21.15.194:3300/0 1 ==== mon_map magic: 0 ==== 205+0+0 (secure 0 0 0) 0x7f4280037070 con 0x7f4288106920
2024-06-11T13:44:29.644 INFO:teuthology.orchestra.run.smithi194.stdout:/usr/bin/ceph: stderr
2024-06-11T13:44:28.469+0000 7f427ffff640 1 -- 172.21.15.194:0/1123405750 <== mon.0 v2:172.21.15.194:3300/0 2 ==== config(26 keys) ==== 1071+0+0 (secure 0 0 0) 0x7f42800328d0 con 0x7f4288106920
2024-06-11T13:44:29.644 INFO:teuthology.orchestra.run.smithi194.stdout:/usr/bin/ceph: stderr
2024-06-11T13:44:28.469+0000 7f427ffff640 1 -- 172.21.15.194:0/1123405750 <== mon.0 v2:172.21.15.194:3300/0 3 ==== mon_map magic: 0 ==== 205+0+0 (secure 0 0 0) 0x7f42800307d0 con 0x7f4288106920
2024-06-11T13:44:29.644 INFO:teuthology.orchestra.run.smithi194.stdout:/usr/bin/ceph: stderr
2024-06-11T13:44:28.469+0000 7f428f9eb640 1 -- 172.21.15.194:0/1123405750 >> [v2:172.21.15.194:3300/0,v1:172.21.15.194:6789/0] conn(0x7f4288106920 msgr2=0x7f4288106d40 secure :-1 s=STATE_CONNECTION_ESTABLISHED l=1).mark_down
2024-06-11T13:44:29.645 INFO:teuthology.orchestra.run.smithi194.stdout:/usr/bin/ceph: stderr
2024-06-11T13:44:28.469+0000 7f428f9eb640 1 --2- 172.21.15.194:0/1123405750 >> [v2:172.21.15.194:3300/0,v1:172.21.15.194:6789/0] conn(0x7f4288106920 0x7f4288106d40 secure :-1 s=READY pgs=39 cs=0 l=1 rev1=1 crypto rx=0x7f4280009820 tx=0x7f428002a270 comp rx=0 tx=0).stop
2024-06-11T13:44:29.645 INFO:teuthology.orchestra.run.smithi194.stdout:/usr/bin/ceph: stderr
2024-06-11T13:44:28.469+0000 7f428f9eb640 1 -- 172.21.15.194:0/1123405750 shutdown_connections
2024-06-11T13:44:29.645 INFO:teuthology.orchestra.run.smithi194.stdout:/usr/bin/ceph: stderr
2024-06-11T13:44:28.469+0000 7f428f9eb640 1 --2- 172.21.15.194:0/1123405750 >> [v2:172.21.15.194:3300/0,v1:172.21.15.194:6789/0] conn(0x7f4288106920 0x7f4288106d40 unknown :-1 s=CLOSED pgs=39 cs=0 l=1 rev1=1 crypto rx=0 tx=0 comp rx=0 tx=0).stop
2024-06-11T13:44:29.645 INFO:teuthology.orchestra.run.smithi194.stdout:/usr/bin/ceph: stderr
2024-06-11T13:44:28.469+0000 7f428f9eb640 1 -- 172.21.15.194:0/1123405750 >> 172.21.15.194:0/1123405750 conn(0x7f4288101f40 msgr2=0x7f4288104360 unknown :-1 s=STATE_NONE l=0).mark_down
2024-06-11T13:44:29.645 INFO:teuthology.orchestra.run.smithi194.stdout:/usr/bin/ceph: stderr
2024-06-11T13:44:28.469+0000 7f428f9eb640 1 -- 172.21.15.194:0/1123405750 shutdown_connections
2024-06-11T13:44:29.645 INFO:teuthology.orchestra.run.smithi194.stdout:/usr/bin/ceph: stderr
2024-06-11T13:44:28.469+0000 7f428f9eb640 1 -- 172.21.15.194:0/1123405750 wait complete.
2024-06-11T13:44:29.645 INFO:teuthology.orchestra.run.smithi194.stdout:/usr/bin/ceph: stderr
2024-06-11T13:44:28.469+0000 7f428f9eb640 1 Processor -- start
2024-06-11T13:44:29.645 INFO:teuthology.orchestra.run.smithi194.stdout:/usr/bin/ceph: stderr
2024-06-11T13:44:28.469+0000 7f428f9eb640 1 -- start start
2024-06-11T13:44:29.645 INFO:teuthology.orchestra.run.smithi194.stdout:/usr/bin/ceph: stderr
2024-06-11T13:44:28.469+0000 7f428f9eb640 1 --2- >> [v2:172.21.15.194:3300/0,v1:172.21.15.194:6789/0] conn(0x7f4288106920 0x7f428807c410 unknown :-1 s=NONE pgs=0 cs=0 l=1 rev1=0 crypto rx=0 tx=0 comp rx=0 tx=0).connect
2024-06-11T13:44:29.645 INFO:teuthology.orchestra.run.smithi194.stdout:/usr/bin/ceph: stderr
2024-06-11T13:44:28.469+0000 7f428f9eb640 1 -- --> [v2:172.21.15.194:3300/0,v1:172.21.15.194:6789/0] -- mon_getmap magic: 0 -- 0x7f428810aed0 con 0x7f4288106920
2024-06-11T13:44:29.645 INFO:teuthology.orchestra.run.smithi194.stdout:/usr/bin/ceph: stderr
2024-06-11T13:44:28.469+0000 7f428d787640 1 --2- >> [v2:172.21.15.194:3300/0,v1:172.21.15.194:6789/0] conn(0x7f4288106920 0x7f428807c410 unknown :-1 s=BANNER_CONNECTING pgs=0 cs=0 l=1 rev1=0 crypto rx=0 tx=0 comp rx=0 tx=0)._handle_peer_banner_payload supported=3 required=0
2024-06-11T13:44:29.645 INFO:teuthology.orchestra.run.smithi194.stdout:/usr/bin/ceph: stderr
2024-06-11T13:44:28.469+0000 7f428d787640 1 --2- >> [v2:172.21.15.194:3300/0,v1:172.21.15.194:6789/0] conn(0x7f4288106920 0x7f428807c410 unknown :-1 s=HELLO_CONNECTING pgs=0 cs=0 l=1 rev1=1 crypto rx=0 tx=0 comp rx=0 tx=0).handle_hello peer v2:172.21.15.194:3300/0 says I am v2:172.21.15.194:47204/0 (socket says 172.21.15.194:47204)
2024-06-11T13:44:29.645 INFO:teuthology.orchestra.run.smithi194.stdout:/usr/bin/ceph: stderr
2024-06-11T13:44:28.469+0000 7f428d787640 1 -- 172.21.15.194:0/848826626 learned_addr learned my addr 172.21.15.194:0/848826626 (peer_addr_for_me v2:172.21.15.194:0/0)
2024-06-11T13:44:29.645 INFO:teuthology.orchestra.run.smithi194.stdout:/usr/bin/ceph: stderr
2024-06-11T13:44:28.473+0000 7f428d787640 1 -- 172.21.15.194:0/848826626 --> [v2:172.21.15.194:3300/0,v1:172.21.15.194:6789/0] -- mon_subscribe({config=0+,monmap=0+}) -- 0x7f428807c950 con 0x7f4288106920
2024-06-11T13:44:29.646 INFO:teuthology.orchestra.run.smithi194.stdout:/usr/bin/ceph: stderr
2024-06-11T13:44:28.473+0000 7f428d787640 1 --2- 172.21.15.194:0/848826626 >> [v2:172.21.15.194:3300/0,v1:172.21.15.194:6789/0] conn(0x7f4288106920 0x7f428807c410 secure :-1 s=READY pgs=40 cs=0 l=1 rev1=1 crypto rx=0x7f4280009940 tx=0x7f4280032e10 comp rx=0 tx=0).ready entity=mon.0 client_cookie=0 server_cookie=0 in_seq=0 out_seq=0
2024-06-11T13:44:29.646 INFO:teuthology.orchestra.run.smithi194.stdout:/usr/bin/ceph: stderr
2024-06-11T13:44:28.473+0000 7f427e7fc640 1 -- 172.21.15.194:0/848826626 <== mon.0 v2:172.21.15.194:3300/0 1 ==== mon_map magic: 0 ==== 205+0+0 (secure 0 0 0) 0x7f4280042070 con 0x7f4288106920
2024-06-11T13:44:29.646 INFO:teuthology.orchestra.run.smithi194.stdout:/usr/bin/ceph: stderr
2024-06-11T13:44:28.473+0000 7f427e7fc640 1 -- 172.21.15.194:0/848826626 <== mon.0 v2:172.21.15.194:3300/0 2 ==== config(26 keys) ==== 1071+0+0 (secure 0 0 0) 0x7f4280030c80 con 0x7f4288106920
2024-06-11T13:44:29.646 INFO:teuthology.orchestra.run.smithi194.stdout:/usr/bin/ceph: stderr
2024-06-11T13:44:28.473+0000 7f428f9eb640 1 -- 172.21.15.194:0/848826626 --> [v2:172.21.15.194:3300/0,v1:172.21.15.194:6789/0] -- mon_subscribe({mgrmap=0+}) -- 0x7f428807ab40 con 0x7f4288106920
2024-06-11T13:44:29.646 INFO:teuthology.orchestra.run.smithi194.stdout:/usr/bin/ceph: stderr
2024-06-11T13:44:28.473+0000 7f427e7fc640 1 -- 172.21.15.194:0/848826626 <== mon.0 v2:172.21.15.194:3300/0 3 ==== mon_map magic: 0 ==== 205+0+0 (secure 0 0 0) 0x7f4280037040 con 0x7f4288106920
2024-06-11T13:44:29.646 INFO:teuthology.orchestra.run.smithi194.stdout:/usr/bin/ceph: stderr
2024-06-11T13:44:28.473+0000 7f428f9eb640 1 -- 172.21.15.194:0/848826626 --> [v2:172.21.15.194:3300/0,v1:172.21.15.194:6789/0] -- mon_subscribe({osdmap=0}) -- 0x7f428807b080 con 0x7f4288106920
2024-06-11T13:44:29.646 INFO:teuthology.orchestra.run.smithi194.stdout:/usr/bin/ceph: stderr
2024-06-11T13:44:28.473+0000 7f427e7fc640 1 -- 172.21.15.194:0/848826626 <== mon.0 v2:172.21.15.194:3300/0 4 ==== mgrmap(e 8) ==== 46287+0+0 (secure 0 0 0) 0x7f4280045070 con 0x7f4288106920
2024-06-11T13:44:29.646 INFO:teuthology.orchestra.run.smithi194.stdout:/usr/bin/ceph: stderr
2024-06-11T13:44:28.473+0000 7f427e7fc640 1 --2- 172.21.15.194:0/848826626 >> [v2:172.21.15.194:6800/4196869674,v1:172.21.15.194:6801/4196869674] conn(0x7f4274038fc0 0x7f427403b480 unknown :-1 s=NONE pgs=0 cs=0 l=1 rev1=0 crypto rx=0 tx=0 comp rx=0 tx=0).connect
2024-06-11T13:44:29.646 INFO:teuthology.orchestra.run.smithi194.stdout:/usr/bin/ceph: stderr
2024-06-11T13:44:28.473+0000 7f427e7fc640 1 -- 172.21.15.194:0/848826626 <== mon.0 v2:172.21.15.194:3300/0 5 ==== osd_map(2..2 src has 1..2) ==== 940+0+0 (secure 0 0 0) 0x7f428006be90 con 0x7f4288106920
2024-06-11T13:44:29.646 INFO:teuthology.orchestra.run.smithi194.stdout:/usr/bin/ceph: stderr
2024-06-11T13:44:28.473+0000 7f428cf86640 1 --2- 172.21.15.194:0/848826626 >> [v2:172.21.15.194:6800/4196869674,v1:172.21.15.194:6801/4196869674] conn(0x7f4274038fc0 0x7f427403b480 unknown :-1 s=BANNER_CONNECTING pgs=0 cs=0 l=1 rev1=0 crypto rx=0 tx=0 comp rx=0 tx=0)._handle_peer_banner_payload supported=3 required=0
2024-06-11T13:44:29.646 INFO:teuthology.orchestra.run.smithi194.stdout:/usr/bin/ceph: stderr
2024-06-11T13:44:28.473+0000 7f428f9eb640 1 -- 172.21.15.194:0/848826626 --> [v2:172.21.15.194:3300/0,v1:172.21.15.194:6789/0] -- mon_command({"prefix": "get_command_descriptions"} v 0) -- 0x7f428810b050 con 0x7f4288106920
2024-06-11T13:44:29.646 INFO:teuthology.orchestra.run.smithi194.stdout:/usr/bin/ceph: stderr
2024-06-11T13:44:28.473+0000 7f428cf86640 1 --2- 172.21.15.194:0/848826626 >> [v2:172.21.15.194:6800/4196869674,v1:172.21.15.194:6801/4196869674] conn(0x7f4274038fc0 0x7f427403b480 secure :-1 s=READY pgs=9 cs=0 l=1 rev1=1 crypto rx=0x7f42780098c0 tx=0x7f4278006db0 comp rx=0 tx=0).ready entity=mgr.14118 client_cookie=0 server_cookie=0 in_seq=0 out_seq=0
2024-06-11T13:44:29.646 INFO:teuthology.orchestra.run.smithi194.stdout:/usr/bin/ceph: stderr
2024-06-11T13:44:28.477+0000 7f427e7fc640 1 -- 172.21.15.194:0/848826626 <== mon.0 v2:172.21.15.194:3300/0 6 ==== mon_command_ack([{"prefix": "get_command_descriptions"}]=0 v0) ==== 72+0+186418 (secure 0 0 0) 0x7f4280045360 con 0x7f4288106920
2024-06-11T13:44:29.647 INFO:teuthology.orchestra.run.smithi194.stdout:/usr/bin/ceph: stderr
2024-06-11T13:44:28.797+0000 7f428f9eb640 1 -- 172.21.15.194:0/848826626 --> [v2:172.21.15.194:6800/4196869674,v1:172.21.15.194:6801/4196869674] -- mgr_command(tid 0: {"prefix": "cephadm generate-key", "target": ["mon-mgr", ""]}) -- 0x7f428807b800 con 0x7f4274038fc0
2024-06-11T13:44:29.647 INFO:teuthology.orchestra.run.smithi194.stdout:/usr/bin/ceph: stderr
2024-06-11T13:44:29.073+0000 7f427e7fc640 1 -- 172.21.15.194:0/848826626 <== mgr.14118 v2:172.21.15.194:6800/4196869674 1 ==== mgr_command_reply(tid 0: 0 ) ==== 8+0+0 (secure 0 0 0) 0x7f428807b800 con 0x7f4274038fc0
2024-06-11T13:44:29.647 INFO:teuthology.orchestra.run.smithi194.stdout:/usr/bin/ceph: stderr
2024-06-11T13:44:29.077+0000 7f428f9eb640 1 -- 172.21.15.194:0/848826626 >> [v2:172.21.15.194:6800/4196869674,v1:172.21.15.194:6801/4196869674] conn(0x7f4274038fc0 msgr2=0x7f427403b480 secure :-1 s=STATE_CONNECTION_ESTABLISHED l=1).mark_down
2024-06-11T13:44:29.647 INFO:teuthology.orchestra.run.smithi194.stdout:/usr/bin/ceph: stderr
2024-06-11T13:44:29.077+0000 7f428f9eb640 1 --2- 172.21.15.194:0/848826626 >> [v2:172.21.15.194:6800/4196869674,v1:172.21.15.194:6801/4196869674] conn(0x7f4274038fc0 0x7f427403b480 secure :-1 s=READY pgs=9 cs=0 l=1 rev1=1 crypto rx=0x7f42780098c0 tx=0x7f4278006db0 comp rx=0 tx=0).stop
2024-06-11T13:44:29.647 INFO:teuthology.orchestra.run.smithi194.stdout:/usr/bin/ceph: stderr
2024-06-11T13:44:29.077+0000 7f428f9eb640 1 -- 172.21.15.194:0/848826626 >> [v2:172.21.15.194:3300/0,v1:172.21.15.194:6789/0] conn(0x7f4288106920 msgr2=0x7f428807c410 secure :-1 s=STATE_CONNECTION_ESTABLISHED l=1).mark_down
2024-06-11T13:44:29.647 INFO:teuthology.orchestra.run.smithi194.stdout:/usr/bin/ceph: stderr
2024-06-11T13:44:29.077+0000 7f428f9eb640 1 --2- 172.21.15.194:0/848826626 >> [v2:172.21.15.194:3300/0,v1:172.21.15.194:6789/0] conn(0x7f4288106920 0x7f428807c410 secure :-1 s=READY pgs=40 cs=0 l=1 rev1=1 crypto rx=0x7f4280009940 tx=0x7f4280032e10 comp rx=0 tx=0).stop
2024-06-11T13:44:29.647 INFO:teuthology.orchestra.run.smithi194.stdout:/usr/bin/ceph: stderr
2024-06-11T13:44:29.077+0000 7f428f9eb640 1 -- 172.21.15.194:0/848826626 shutdown_connections
2024-06-11T13:44:29.647 INFO:teuthology.orchestra.run.smithi194.stdout:/usr/bin/ceph: stderr
2024-06-11T13:44:29.077+0000 7f428f9eb640 1 --2- 172.21.15.194:0/848826626 >> [v2:172.21.15.194:6800/4196869674,v1:172.21.15.194:6801/4196869674] conn(0x7f4274038fc0 0x7f427403b480 unknown :-1 s=CLOSED pgs=9 cs=0 l=1 rev1=1 crypto rx=0 tx=0 comp rx=0 tx=0).stop
2024-06-11T13:44:29.647 INFO:teuthology.orchestra.run.smithi194.stdout:/usr/bin/ceph: stderr
2024-06-11T13:44:29.077+0000 7f428f9eb640 1 --2- 172.21.15.194:0/848826626 >> [v2:172.21.15.194:3300/0,v1:172.21.15.194:6789/0] conn(0x7f4288106920 0x7f428807c410 unknown :-1 s=CLOSED pgs=40 cs=0 l=1 rev1=1 crypto rx=0 tx=0 comp rx=0 tx=0).stop
2024-06-11T13:44:29.647 INFO:teuthology.orchestra.run.smithi194.stdout:/usr/bin/ceph: stderr
2024-06-11T13:44:29.077+0000 7f428f9eb640 1 -- 172.21.15.194:0/848826626 >> 172.21.15.194:0/848826626 conn(0x7f4288101f40 msgr2=0x7f4288102910 unknown :-1 s=STATE_NONE l=0).mark_down
2024-06-11T13:44:29.647 INFO:teuthology.orchestra.run.smithi194.stdout:/usr/bin/ceph: stderr
2024-06-11T13:44:29.077+0000 7f428f9eb640 1 -- 172.21.15.194:0/848826626 shutdown_connections
2024-06-11T13:44:29.647 INFO:teuthology.orchestra.run.smithi194.stdout:/usr/bin/ceph: stderr
2024-06-11T13:44:29.077+0000 7f428f9eb640 1 -- 172.21.15.194:0/848826626 wait complete.
