2024-06-13T02:04:28.427 INFO:teuthology.orchestra.run.smithi002.stdout:/usr/bin/ceph: stderr
2024-06-13T02:04:27.738+0000 7f67ab800700 1 --2- 172.21.15.2:0/2477408690 >> [v2:172.21.15.2:3300/0,v1:172.21.15.2:6789/0] conn(0x7f67a4107ec0 0x7f67a407e380 secure :-1 s=READY pgs=71 cs=0 l=1 rev1=1 crypto rx=0x7f6798011b60 tx=0x7f6798011c40 comp rx=0 tx=0).stop
2024-06-13T02:04:28.427 INFO:teuthology.orchestra.run.smithi002.stdout:/usr/bin/ceph: stderr
2024-06-13T02:04:27.738+0000 7f67ab800700 1 -- 172.21.15.2:0/2477408690 shutdown_connections
2024-06-13T02:04:28.428 INFO:teuthology.orchestra.run.smithi002.stdout:/usr/bin/ceph: stderr
2024-06-13T02:04:27.738+0000 7f67ab800700 1 --2- 172.21.15.2:0/2477408690 >> [v2:172.21.15.2:6800/2988831869,v1:172.21.15.2:6801/2988831869] conn(0x7f678c039100 0x7f678c03b5c0 unknown :-1 s=CLOSED pgs=7 cs=0 l=1 rev1=1 crypto rx=0 tx=0 comp rx=0 tx=0).stop
2024-06-13T02:04:28.428 INFO:teuthology.orchestra.run.smithi002.stdout:/usr/bin/ceph: stderr
2024-06-13T02:04:27.738+0000 7f67ab800700 1 --2- 172.21.15.2:0/2477408690 >> [v2:172.21.15.2:3300/0,v1:172.21.15.2:6789/0] conn(0x7f67a4107ec0 0x7f67a407e380 unknown :-1 s=CLOSED pgs=71 cs=0 l=1 rev1=1 crypto rx=0 tx=0 comp rx=0 tx=0).stop
2024-06-13T02:04:28.428 INFO:teuthology.orchestra.run.smithi002.stdout:/usr/bin/ceph: stderr
2024-06-13T02:04:27.738+0000 7f67ab800700 1 -- 172.21.15.2:0/2477408690 >> 172.21.15.2:0/2477408690 conn(0x7f67a41034c0 msgr2=0x7f67a4103ea0 unknown :-1 s=STATE_NONE l=0).mark_down
2024-06-13T02:04:28.428 INFO:teuthology.orchestra.run.smithi002.stdout:/usr/bin/ceph: stderr
2024-06-13T02:04:27.738+0000 7f67ab800700 1 -- 172.21.15.2:0/2477408690 shutdown_connections
2024-06-13T02:04:28.428 INFO:teuthology.orchestra.run.smithi002.stdout:/usr/bin/ceph: stderr
2024-06-13T02:04:27.738+0000 7f67ab800700 1 -- 172.21.15.2:0/2477408690 wait complete.
2024-06-13T02:04:28.428 INFO:teuthology.orchestra.run.smithi002.stdout:Creating initial admin user...
2024-06-13T02:04:29.036 INFO:journalctl@ceph.mon.a.smithi002.stdout:Jun 13 02:04:28 smithi002 ceph-mon[31960]: from='client.14164 -' entity='client.admin' cmd=[{"prefix": "dashboard create-self-signed-cert", "target": ["mon-mgr", ""]}]: dispatch
2024-06-13T02:04:29.037 INFO:journalctl@ceph.mon.a.smithi002.stdout:Jun 13 02:04:28 smithi002 ceph-mon[31960]: from='mgr.14152 172.21.15.2:0/2634016784' entity='mgr.x'
2024-06-13T02:04:29.037 INFO:journalctl@ceph.mon.a.smithi002.stdout:Jun 13 02:04:28 smithi002 ceph-mon[31960]: from='mgr.14152 172.21.15.2:0/2634016784' entity='mgr.x'
2024-06-13T02:04:30.474 INFO:teuthology.orchestra.run.smithi002.stdout:/usr/bin/ceph: stdout {"username": "admin", "password": "$2b$12$D2RmjXwVU0FEHCuZlORR0uBiiIwsqSIKQKOHFhxF5L3rEPCa95Hgu", "roles": ["administrator"], "name": null, "email": null, "lastUpdate": 1718244269, "enabled": true, "pwdExpirationDate": null, "pwdUpdateRequired": true}
2024-06-13T02:04:30.474 INFO:teuthology.orchestra.run.smithi002.stdout:/usr/bin/ceph: stderr
2024-06-13T02:04:29.035+0000 7f1b86e00700 1 Processor -- start
2024-06-13T02:04:30.474 INFO:teuthology.orchestra.run.smithi002.stdout:/usr/bin/ceph: stderr
2024-06-13T02:04:29.035+0000 7f1b86e00700 1 -- start start
2024-06-13T02:04:30.474 INFO:teuthology.orchestra.run.smithi002.stdout:/usr/bin/ceph: stderr
2024-06-13T02:04:29.035+0000 7f1b86e00700 1 --2- >> [v2:172.21.15.2:3300/0,v1:172.21.15.2:6789/0] conn(0x7f1b80107f30 0x7f1b80108350 unknown :-1 s=NONE pgs=0 cs=0 l=0 rev1=0 crypto rx=0 tx=0 comp rx=0 tx=0).connect
2024-06-13T02:04:30.474 INFO:teuthology.orchestra.run.smithi002.stdout:/usr/bin/ceph: stderr
2024-06-13T02:04:29.035+0000 7f1b86e00700 1 -- --> [v2:172.21.15.2:3300/0,v1:172.21.15.2:6789/0] -- mon_getmap magic: 0 -- 0x7f1b80108890 con 0x7f1b80107f30
2024-06-13T02:04:30.474 INFO:teuthology.orchestra.run.smithi002.stdout:/usr/bin/ceph: stderr
2024-06-13T02:04:29.036+0000 7f1b7fe00700 1 --2- >> [v2:172.21.15.2:3300/0,v1:172.21.15.2:6789/0] conn(0x7f1b80107f30 0x7f1b80108350 unknown :-1 s=BANNER_CONNECTING pgs=0 cs=0 l=0 rev1=0 crypto rx=0 tx=0 comp rx=0 tx=0)._handle_peer_banner_payload supported=3 required=0
2024-06-13T02:04:30.474 INFO:teuthology.orchestra.run.smithi002.stdout:/usr/bin/ceph: stderr
2024-06-13T02:04:29.036+0000 7f1b7fe00700 1 --2- >> [v2:172.21.15.2:3300/0,v1:172.21.15.2:6789/0] conn(0x7f1b80107f30 0x7f1b80108350 unknown :-1 s=HELLO_CONNECTING pgs=0 cs=0 l=0 rev1=1 crypto rx=0 tx=0 comp rx=0 tx=0).handle_hello peer v2:172.21.15.2:3300/0 says I am v2:172.21.15.2:51768/0 (socket says 172.21.15.2:51768)
2024-06-13T02:04:30.475 INFO:teuthology.orchestra.run.smithi002.stdout:/usr/bin/ceph: stderr
2024-06-13T02:04:29.036+0000 7f1b7fe00700 1 -- 172.21.15.2:0/3412146159 learned_addr learned my addr 172.21.15.2:0/3412146159 (peer_addr_for_me v2:172.21.15.2:0/0)
2024-06-13T02:04:30.475 INFO:teuthology.orchestra.run.smithi002.stdout:/usr/bin/ceph: stderr
2024-06-13T02:04:29.037+0000 7f1b7fe00700 1 -- 172.21.15.2:0/3412146159 --> [v2:172.21.15.2:3300/0,v1:172.21.15.2:6789/0] -- mon_subscribe({config=0+,monmap=0+}) -- 0x7f1b80108ff0 con 0x7f1b80107f30
2024-06-13T02:04:30.475 INFO:teuthology.orchestra.run.smithi002.stdout:/usr/bin/ceph: stderr
2024-06-13T02:04:29.037+0000 7f1b7fe00700 1 --2- 172.21.15.2:0/3412146159 >> [v2:172.21.15.2:3300/0,v1:172.21.15.2:6789/0] conn(0x7f1b80107f30 0x7f1b80108350 secure :-1 s=READY pgs=72 cs=0 l=1 rev1=1 crypto rx=0x7f1b70009e80 tx=0x7f1b7000b330 comp rx=0 tx=0).ready entity=mon.0 client_cookie=519164057a37145b server_cookie=0 in_seq=0 out_seq=0
2024-06-13T02:04:30.475 INFO:teuthology.orchestra.run.smithi002.stdout:/usr/bin/ceph: stderr
2024-06-13T02:04:29.038+0000 7f1b7f400700 1 -- 172.21.15.2:0/3412146159 <== mon.0 v2:172.21.15.2:3300/0 1 ==== mon_map magic: 0 ==== 205+0+0 (secure 0 0 0) 0x7f1b70017070 con 0x7f1b80107f30
2024-06-13T02:04:30.475 INFO:teuthology.orchestra.run.smithi002.stdout:/usr/bin/ceph: stderr
2024-06-13T02:04:29.038+0000 7f1b7f400700 1 -- 172.21.15.2:0/3412146159 <== mon.0 v2:172.21.15.2:3300/0 2 ==== config(27 keys) ==== 1140+0+0 (secure 0 0 0) 0x7f1b7000b8c0 con 0x7f1b80107f30
2024-06-13T02:04:30.475 INFO:teuthology.orchestra.run.smithi002.stdout:/usr/bin/ceph: stderr
2024-06-13T02:04:29.038+0000 7f1b7f400700 1 -- 172.21.15.2:0/3412146159 <== mon.0 v2:172.21.15.2:3300/0 3 ==== mon_map magic: 0 ==== 205+0+0 (secure 0 0 0) 0x7f1b700045c0 con 0x7f1b80107f30
2024-06-13T02:04:30.475 INFO:teuthology.orchestra.run.smithi002.stdout:/usr/bin/ceph: stderr
2024-06-13T02:04:29.038+0000 7f1b86e00700 1 -- 172.21.15.2:0/3412146159 >> [v2:172.21.15.2:3300/0,v1:172.21.15.2:6789/0] conn(0x7f1b80107f30 msgr2=0x7f1b80108350 secure :-1 s=STATE_CONNECTION_ESTABLISHED l=1).mark_down
2024-06-13T02:04:30.475 INFO:teuthology.orchestra.run.smithi002.stdout:/usr/bin/ceph: stderr
2024-06-13T02:04:29.038+0000 7f1b86e00700 1 --2- 172.21.15.2:0/3412146159 >> [v2:172.21.15.2:3300/0,v1:172.21.15.2:6789/0] conn(0x7f1b80107f30 0x7f1b80108350 secure :-1 s=READY pgs=72 cs=0 l=1 rev1=1 crypto rx=0x7f1b70009e80 tx=0x7f1b7000b330 comp rx=0 tx=0).stop
2024-06-13T02:04:30.475 INFO:teuthology.orchestra.run.smithi002.stdout:/usr/bin/ceph: stderr
2024-06-13T02:04:29.039+0000 7f1b86e00700 1 -- 172.21.15.2:0/3412146159 shutdown_connections
2024-06-13T02:04:30.475 INFO:teuthology.orchestra.run.smithi002.stdout:/usr/bin/ceph: stderr
2024-06-13T02:04:29.039+0000 7f1b86e00700 1 --2- 172.21.15.2:0/3412146159 >> [v2:172.21.15.2:3300/0,v1:172.21.15.2:6789/0] conn(0x7f1b80107f30 0x7f1b80108350 unknown :-1 s=CLOSED pgs=72 cs=0 l=1 rev1=1 crypto rx=0 tx=0 comp rx=0 tx=0).stop
2024-06-13T02:04:30.475 INFO:teuthology.orchestra.run.smithi002.stdout:/usr/bin/ceph: stderr
2024-06-13T02:04:29.039+0000 7f1b86e00700 1 -- 172.21.15.2:0/3412146159 >> 172.21.15.2:0/3412146159 conn(0x7f1b80103510 msgr2=0x7f1b80105930 unknown :-1 s=STATE_NONE l=0).mark_down
2024-06-13T02:04:30.475 INFO:teuthology.orchestra.run.smithi002.stdout:/usr/bin/ceph: stderr
2024-06-13T02:04:29.039+0000 7f1b86e00700 1 -- 172.21.15.2:0/3412146159 shutdown_connections
2024-06-13T02:04:30.475 INFO:teuthology.orchestra.run.smithi002.stdout:/usr/bin/ceph: stderr
2024-06-13T02:04:29.039+0000 7f1b86e00700 1 -- 172.21.15.2:0/3412146159 wait complete.
2024-06-13T02:04:30.476 INFO:teuthology.orchestra.run.smithi002.stdout:/usr/bin/ceph: stderr
2024-06-13T02:04:29.040+0000 7f1b86e00700 1 Processor -- start
2024-06-13T02:04:30.476 INFO:teuthology.orchestra.run.smithi002.stdout:/usr/bin/ceph: stderr
2024-06-13T02:04:29.040+0000 7f1b86e00700 1 -- start start
2024-06-13T02:04:30.476 INFO:teuthology.orchestra.run.smithi002.stdout:/usr/bin/ceph: stderr
2024-06-13T02:04:29.040+0000 7f1b86e00700 1 --2- >> [v2:172.21.15.2:3300/0,v1:172.21.15.2:6789/0] conn(0x7f1b80107f30 0x7f1b8019e020 unknown :-1 s=NONE pgs=0 cs=0 l=1 rev1=0 crypto rx=0 tx=0 comp rx=0 tx=0).connect
2024-06-13T02:04:30.476 INFO:teuthology.orchestra.run.smithi002.stdout:/usr/bin/ceph: stderr
2024-06-13T02:04:29.040+0000 7f1b86e00700 1 -- --> [v2:172.21.15.2:3300/0,v1:172.21.15.2:6789/0] -- mon_getmap magic: 0 -- 0x7f1b8007cac0 con 0x7f1b80107f30
2024-06-13T02:04:30.476 INFO:teuthology.orchestra.run.smithi002.stdout:/usr/bin/ceph: stderr
2024-06-13T02:04:29.041+0000 7f1b7fe00700 1 --2- >> [v2:172.21.15.2:3300/0,v1:172.21.15.2:6789/0] conn(0x7f1b80107f30 0x7f1b8019e020 unknown :-1 s=BANNER_CONNECTING pgs=0 cs=0 l=1 rev1=0 crypto rx=0 tx=0 comp rx=0 tx=0)._handle_peer_banner_payload supported=3 required=0
2024-06-13T02:04:30.476 INFO:teuthology.orchestra.run.smithi002.stdout:/usr/bin/ceph: stderr
2024-06-13T02:04:29.041+0000 7f1b7fe00700 1 --2- >> [v2:172.21.15.2:3300/0,v1:172.21.15.2:6789/0] conn(0x7f1b80107f30 0x7f1b8019e020 unknown :-1 s=HELLO_CONNECTING pgs=0 cs=0 l=1 rev1=1 crypto rx=0 tx=0 comp rx=0 tx=0).handle_hello peer v2:172.21.15.2:3300/0 says I am v2:172.21.15.2:51774/0 (socket says 172.21.15.2:51774)
2024-06-13T02:04:30.476 INFO:teuthology.orchestra.run.smithi002.stdout:/usr/bin/ceph: stderr
2024-06-13T02:04:29.041+0000 7f1b7fe00700 1 -- 172.21.15.2:0/2830883788 learned_addr learned my addr 172.21.15.2:0/2830883788 (peer_addr_for_me v2:172.21.15.2:0/0)
2024-06-13T02:04:30.476 INFO:teuthology.orchestra.run.smithi002.stdout:/usr/bin/ceph: stderr
2024-06-13T02:04:29.041+0000 7f1b7fe00700 1 -- 172.21.15.2:0/2830883788 --> [v2:172.21.15.2:3300/0,v1:172.21.15.2:6789/0] -- mon_subscribe({config=0+,monmap=0+}) -- 0x7f1b8019e560 con 0x7f1b80107f30
2024-06-13T02:04:30.476 INFO:teuthology.orchestra.run.smithi002.stdout:/usr/bin/ceph: stderr
2024-06-13T02:04:29.042+0000 7f1b7fe00700 1 --2- 172.21.15.2:0/2830883788 >> [v2:172.21.15.2:3300/0,v1:172.21.15.2:6789/0] conn(0x7f1b80107f30 0x7f1b8019e020 secure :-1 s=READY pgs=73 cs=0 l=1 rev1=1 crypto rx=0x7f1b70009530 tx=0x7f1b70003d00 comp rx=0 tx=0).ready entity=mon.0 client_cookie=0 server_cookie=0 in_seq=0 out_seq=0
2024-06-13T02:04:30.476 INFO:teuthology.orchestra.run.smithi002.stdout:/usr/bin/ceph: stderr
2024-06-13T02:04:29.042+0000 7f1b7d600700 1 -- 172.21.15.2:0/2830883788 <== mon.0 v2:172.21.15.2:3300/0 1 ==== mon_map magic: 0 ==== 205+0+0 (secure 0 0 0) 0x7f1b70020020 con 0x7f1b80107f30
2024-06-13T02:04:30.476 INFO:teuthology.orchestra.run.smithi002.stdout:/usr/bin/ceph: stderr
2024-06-13T02:04:29.042+0000 7f1b7d600700 1 -- 172.21.15.2:0/2830883788 <== mon.0 v2:172.21.15.2:3300/0 2 ==== config(27 keys) ==== 1140+0+0 (secure 0 0 0) 0x7f1b7000bba0 con 0x7f1b80107f30
2024-06-13T02:04:30.476 INFO:teuthology.orchestra.run.smithi002.stdout:/usr/bin/ceph: stderr
2024-06-13T02:04:29.042+0000 7f1b7d600700 1 -- 172.21.15.2:0/2830883788 <== mon.0 v2:172.21.15.2:3300/0 3 ==== mon_map magic: 0 ==== 205+0+0 (secure 0 0 0) 0x7f1b70017040 con 0x7f1b80107f30
2024-06-13T02:04:30.476 INFO:teuthology.orchestra.run.smithi002.stdout:/usr/bin/ceph: stderr
2024-06-13T02:04:29.042+0000 7f1b86e00700 1 -- 172.21.15.2:0/2830883788 --> [v2:172.21.15.2:3300/0,v1:172.21.15.2:6789/0] -- mon_subscribe({mgrmap=0+}) -- 0x7f1b8019e7f0 con 0x7f1b80107f30
2024-06-13T02:04:30.477 INFO:teuthology.orchestra.run.smithi002.stdout:/usr/bin/ceph: stderr
2024-06-13T02:04:29.042+0000 7f1b86e00700 1 -- 172.21.15.2:0/2830883788 --> [v2:172.21.15.2:3300/0,v1:172.21.15.2:6789/0] -- mon_subscribe({osdmap=0}) -- 0x7f1b801a14e0 con 0x7f1b80107f30
2024-06-13T02:04:30.477 INFO:teuthology.orchestra.run.smithi002.stdout:/usr/bin/ceph: stderr
2024-06-13T02:04:29.043+0000 7f1b86e00700 1 -- 172.21.15.2:0/2830883788 --> [v2:172.21.15.2:3300/0,v1:172.21.15.2:6789/0] -- mon_command({"prefix": "get_command_descriptions"} v 0) -- 0x7f1b80063af0 con 0x7f1b80107f30
2024-06-13T02:04:30.477 INFO:teuthology.orchestra.run.smithi002.stdout:/usr/bin/ceph: stderr
2024-06-13T02:04:29.044+0000 7f1b7d600700 1 -- 172.21.15.2:0/2830883788 <== mon.0 v2:172.21.15.2:3300/0 4 ==== mgrmap(e 12) ==== 46300+0+0 (secure 0 0 0) 0x7f1b70023020 con 0x7f1b80107f30
2024-06-13T02:04:30.477 INFO:teuthology.orchestra.run.smithi002.stdout:/usr/bin/ceph: stderr
2024-06-13T02:04:29.044+0000 7f1b7d600700 1 --2- 172.21.15.2:0/2830883788 >> [v2:172.21.15.2:6800/2988831869,v1:172.21.15.2:6801/2988831869] conn(0x7f1b64039100 0x7f1b6403b5c0 unknown :-1 s=NONE pgs=0 cs=0 l=1 rev1=0 crypto rx=0 tx=0 comp rx=0 tx=0).connect
2024-06-13T02:04:30.477 INFO:teuthology.orchestra.run.smithi002.stdout:/usr/bin/ceph: stderr
2024-06-13T02:04:29.044+0000 7f1b7d600700 1 -- 172.21.15.2:0/2830883788 <== mon.0 v2:172.21.15.2:3300/0 5 ==== osd_map(3..3 src has 1..3) ==== 1155+0+0 (secure 0 0 0) 0x7f1b7000f050 con 0x7f1b80107f30
2024-06-13T02:04:30.477 INFO:teuthology.orchestra.run.smithi002.stdout:/usr/bin/ceph: stderr
2024-06-13T02:04:29.045+0000 7f1b77e00700 1 --2- 172.21.15.2:0/2830883788 >> [v2:172.21.15.2:6800/2988831869,v1:172.21.15.2:6801/2988831869] conn(0x7f1b64039100 0x7f1b6403b5c0 unknown :-1 s=BANNER_CONNECTING pgs=0 cs=0 l=1 rev1=0 crypto rx=0 tx=0 comp rx=0 tx=0)._handle_peer_banner_payload supported=3 required=0
2024-06-13T02:04:30.477 INFO:teuthology.orchestra.run.smithi002.stdout:/usr/bin/ceph: stderr
2024-06-13T02:04:29.045+0000 7f1b77e00700 1 --2- 172.21.15.2:0/2830883788 >> [v2:172.21.15.2:6800/2988831869,v1:172.21.15.2:6801/2988831869] conn(0x7f1b64039100 0x7f1b6403b5c0 secure :-1 s=READY pgs=8 cs=0 l=1 rev1=1 crypto rx=0x7f1b68006fd0 tx=0x7f1b68006e40 comp rx=0 tx=0).ready entity=mgr.14152 client_cookie=0 server_cookie=0 in_seq=0 out_seq=0
2024-06-13T02:04:30.477 INFO:teuthology.orchestra.run.smithi002.stdout:/usr/bin/ceph: stderr
2024-06-13T02:04:29.050+0000 7f1b7d600700 1 -- 172.21.15.2:0/2830883788 <== mon.0 v2:172.21.15.2:3300/0 6 ==== mon_command_ack([{"prefix": "get_command_descriptions"}]=0 v0) ==== 72+0+186418 (secure 0 0 0) 0x7f1b7002a020 con 0x7f1b80107f30
2024-06-13T02:04:30.477 INFO:teuthology.orchestra.run.smithi002.stdout:/usr/bin/ceph: stderr
2024-06-13T02:04:29.303+0000 7f1b86e00700 1 -- 172.21.15.2:0/2830883788 --> [v2:172.21.15.2:6800/2988831869,v1:172.21.15.2:6801/2988831869] -- mgr_command(tid 0: {"prefix": "dashboard ac-user-create", "username": "admin", "rolename": "administrator", "force_password": true, "pwd_update_required": true, "target": ["mon-mgr", ""]}) -- 0x7f1b80197b80 con 0x7f1b64039100
2024-06-13T02:04:30.477 INFO:teuthology.orchestra.run.smithi002.stdout:/usr/bin/ceph: stderr
2024-06-13T02:04:29.583+0000 7f1b7d600700 1 -- 172.21.15.2:0/2830883788 <== mgr.14152 v2:172.21.15.2:6800/2988831869 1 ==== mgr_command_reply(tid 0: 0 ) ==== 8+0+252 (secure 0 0 0) 0x7f1b80197b80 con 0x7f1b64039100
2024-06-13T02:04:30.477 INFO:teuthology.orchestra.run.smithi002.stdout:/usr/bin/ceph: stderr
2024-06-13T02:04:29.586+0000 7f1b86e00700 1 -- 172.21.15.2:0/2830883788 >> [v2:172.21.15.2:6800/2988831869,v1:172.21.15.2:6801/2988831869] conn(0x7f1b64039100 msgr2=0x7f1b6403b5c0 secure :-1 s=STATE_CONNECTION_ESTABLISHED l=1).mark_down
2024-06-13T02:04:30.477 INFO:teuthology.orchestra.run.smithi002.stdout:/usr/bin/ceph: stderr
2024-06-13T02:04:29.586+0000 7f1b86e00700 1 --2- 172.21.15.2:0/2830883788 >> [v2:172.21.15.2:6800/2988831869,v1:172.21.15.2:6801/2988831869] conn(0x7f1b64039100 0x7f1b6403b5c0 secure :-1 s=READY pgs=8 cs=0 l=1 rev1=1 crypto rx=0x7f1b68006fd0 tx=0x7f1b68006e40 comp rx=0 tx=0).stop
2024-06-13T02:04:30.477 INFO:teuthology.orchestra.run.smithi002.stdout:/usr/bin/ceph: stderr
2024-06-13T02:04:29.586+0000 7f1b86e00700 1 -- 172.21.15.2:0/2830883788 >> [v2:172.21.15.2:3300/0,v1:172.21.15.2:6789/0] conn(0x7f1b80107f30 msgr2=0x7f1b8019e020 secure :-1 s=STATE_CONNECTION_ESTABLISHED l=1).mark_down
2024-06-13T02:04:30.477 INFO:teuthology.orchestra.run.smithi002.stdout:/usr/bin/ceph: stderr
2024-06-13T02:04:29.586+0000 7f1b86e00700 1 --2- 172.21.15.2:0/2830883788 >> [v2:172.21.15.2:3300/0,v1:172.21.15.2:6789/0] conn(0x7f1b80107f30 0x7f1b8019e020 secure :-1 s=READY pgs=73 cs=0 l=1 rev1=1 crypto rx=0x7f1b70009530 tx=0x7f1b70003d00 comp rx=0 tx=0).stop
2024-06-13T02:04:30.478 INFO:teuthology.orchestra.run.smithi002.stdout:/usr/bin/ceph: stderr
2024-06-13T02:04:29.586+0000 7f1b86e00700 1 -- 172.21.15.2:0/2830883788 shutdown_connections
2024-06-13T02:04:30.478 INFO:teuthology.orchestra.run.smithi002.stdout:/usr/bin/ceph: stderr
2024-06-13T02:04:29.586+0000 7f1b86e00700 1 --2- 172.21.15.2:0/2830883788 >> [v2:172.21.15.2:6800/2988831869,v1:172.21.15.2:6801/2988831869] conn(0x7f1b64039100 0x7f1b6403b5c0 unknown :-1 s=CLOSED pgs=8 cs=0 l=1 rev1=1 crypto rx=0 tx=0 comp rx=0 tx=0).stop
2024-06-13T02:04:30.478 INFO:teuthology.orchestra.run.smithi002.stdout:/usr/bin/ceph: stderr
2024-06-13T02:04:29.586+0000 7f1b86e00700 1 --2- 172.21.15.2:0/2830883788 >> [v2:172.21.15.2:3300/0,v1:172.21.15.2:6789/0] conn(0x7f1b80107f30 0x7f1b8019e020 unknown :-1 s=CLOSED pgs=73 cs=0 l=1 rev1=1 crypto rx=0 tx=0 comp rx=0 tx=0).stop
2024-06-13T02:04:30.478 INFO:teuthology.orchestra.run.smithi002.stdout:/usr/bin/ceph: stderr
2024-06-13T02:04:29.586+0000 7f1b86e00700 1 -- 172.21.15.2:0/2830883788 >> 172.21.15.2:0/2830883788 conn(0x7f1b80103510 msgr2=0x7f1b80105900 unknown :-1 s=STATE_NONE l=0).mark_down
2024-06-13T02:04:30.478 INFO:teuthology.orchestra.run.smithi002.stdout:/usr/bin/ceph: stderr
2024-06-13T02:04:29.586+0000 7f1b86e00700 1 -- 172.21.15.2:0/2830883788 shutdown_connections
2024-06-13T02:04:30.478 INFO:teuthology.orchestra.run.smithi002.stdout:/usr/bin/ceph: stderr
2024-06-13T02:04:29.586+0000 7f1b86e00700 1 -- 172.21.15.2:0/2830883788 wait complete.
2024-06-13T02:04:30.478 INFO:teuthology.orchestra.run.smithi002.stdout:Fetching dashboard port number...
2024-06-13T02:04:30.803 INFO:journalctl@ceph.mon.a.smithi002.stdout:Jun 13 02:04:30 smithi002 ceph-mon[31960]: from='client.14166 -' entity='client.admin' cmd=[{"prefix": "dashboard ac-user-create", "username": "admin", "rolename": "administrator", "force_password": true, "pwd_update_required": true, "target": ["mon-mgr", ""]}]: dispatch
2024-06-13T02:04:30.804 INFO:journalctl@ceph.mon.a.smithi002.stdout:Jun 13 02:04:30 smithi002 ceph-mon[31960]: from='mgr.14152 172.21.15.2:0/2634016784' entity='mgr.x'
2024-06-13T02:04:30.804 INFO:journalctl@ceph.mon.a.smithi002.stdout:Jun 13 02:04:30 smithi002 ceph-mon[31960]: from='mgr.14152 172.21.15.2:0/2634016784' entity='mgr.x'
2024-06-13T02:04:31.630 INFO:journalctl@ceph.mon.a.smithi002.stdout:Jun 13 02:04:31 smithi002 ceph-mon[31960]: mgrmap e13: x(active, since 6s)
2024-06-13T02:04:31.630 INFO:journalctl@ceph.mon.a.smithi002.stdout:Jun 13 02:04:31 smithi002 ceph-mon[31960]: from='client.? 172.21.15.2:0/1895364655' entity='client.admin' cmd=[{"prefix": "config get", "who": "mgr", "key": "mgr/dashboard/ssl_server_port"}]: dispatch
2024-06-13T02:04:32.966 INFO:teuthology.orchestra.run.smithi002.stdout:/usr/bin/ceph: stdout 8443
2024-06-13T02:04:32.966 INFO:teuthology.orchestra.run.smithi002.stdout:/usr/bin/ceph: stderr
2024-06-13T02:04:31.088+0000 7fe10a600700 1 Processor -- start
2024-06-13T02:04:32.966 INFO:teuthology.orchestra.run.smithi002.stdout:/usr/bin/ceph: stderr
2024-06-13T02:04:31.089+0000 7fe10a600700 1 -- start start
2024-06-13T02:04:32.968 INFO:teuthology.orchestra.run.smithi002.stdout:/usr/bin/ceph: stderr
2024-06-13T02:04:31.089+0000 7fe10a600700 1 --2- >> [v2:172.21.15.2:3300/0,v1:172.21.15.2:6789/0] conn(0x7fe10407de60 0x7fe10407c310 unknown :-1 s=NONE pgs=0 cs=0 l=0 rev1=0 crypto rx=0 tx=0 comp rx=0 tx=0).connect
2024-06-13T02:04:32.969 INFO:teuthology.orchestra.run.smithi002.stdout:/usr/bin/ceph: stderr
2024-06-13T02:04:31.089+0000 7fe10a600700 1 -- --> [v2:172.21.15.2:3300/0,v1:172.21.15.2:6789/0] -- mon_getmap magic: 0 -- 0x7fe10407c8e0 con 0x7fe10407de60
2024-06-13T02:04:32.969 INFO:teuthology.orchestra.run.smithi002.stdout:/usr/bin/ceph: stderr
2024-06-13T02:04:31.089+0000 7fe103400700 1 --2- >> [v2:172.21.15.2:3300/0,v1:172.21.15.2:6789/0] conn(0x7fe10407de60 0x7fe10407c310 unknown :-1 s=BANNER_CONNECTING pgs=0 cs=0 l=0 rev1=0 crypto rx=0 tx=0 comp rx=0 tx=0)._handle_peer_banner_payload supported=3 required=0
2024-06-13T02:04:32.969 INFO:teuthology.orchestra.run.smithi002.stdout:/usr/bin/ceph: stderr
2024-06-13T02:04:31.089+0000 7fe103400700 1 --2- >> [v2:172.21.15.2:3300/0,v1:172.21.15.2:6789/0] conn(0x7fe10407de60 0x7fe10407c310 unknown :-1 s=HELLO_CONNECTING pgs=0 cs=0 l=0 rev1=1 crypto rx=0 tx=0 comp rx=0 tx=0).handle_hello peer v2:172.21.15.2:3300/0 says I am v2:172.21.15.2:51786/0 (socket says 172.21.15.2:51786)
2024-06-13T02:04:32.969 INFO:teuthology.orchestra.run.smithi002.stdout:/usr/bin/ceph: stderr
2024-06-13T02:04:31.089+0000 7fe103400700 1 -- 172.21.15.2:0/391823723 learned_addr learned my addr 172.21.15.2:0/391823723 (peer_addr_for_me v2:172.21.15.2:0/0)
2024-06-13T02:04:32.969 INFO:teuthology.orchestra.run.smithi002.stdout:/usr/bin/ceph: stderr
2024-06-13T02:04:31.090+0000 7fe103400700 1 -- 172.21.15.2:0/391823723 --> [v2:172.21.15.2:3300/0,v1:172.21.15.2:6789/0] -- mon_subscribe({config=0+,monmap=0+}) -- 0x7fe10407ca60 con 0x7fe10407de60
2024-06-13T02:04:32.969 INFO:teuthology.orchestra.run.smithi002.stdout:/usr/bin/ceph: stderr
2024-06-13T02:04:31.090+0000 7fe103400700 1 --2- 172.21.15.2:0/391823723 >> [v2:172.21.15.2:3300/0,v1:172.21.15.2:6789/0] conn(0x7fe10407de60 0x7fe10407c310 secure :-1 s=READY pgs=74 cs=0 l=1 rev1=1 crypto rx=0x7fe0f40098a0 tx=0x7fe0f4009bb0 comp rx=0 tx=0).ready entity=mon.0 client_cookie=3df8959c9e6b5940 server_cookie=0 in_seq=0 out_seq=0
2024-06-13T02:04:32.969 INFO:teuthology.orchestra.run.smithi002.stdout:/usr/bin/ceph: stderr
2024-06-13T02:04:31.091+0000 7fe102000700 1 -- 172.21.15.2:0/391823723 <== mon.0 v2:172.21.15.2:3300/0 1 ==== mon_map magic: 0 ==== 205+0+0 (secure 0 0 0) 0x7fe0f4004160 con 0x7fe10407de60
2024-06-13T02:04:32.969 INFO:teuthology.orchestra.run.smithi002.stdout:/usr/bin/ceph: stderr
2024-06-13T02:04:31.091+0000 7fe102000700 1 -- 172.21.15.2:0/391823723 <== mon.0 v2:172.21.15.2:3300/0 2 ==== config(27 keys) ==== 1140+0+0 (secure 0 0 0) 0x7fe0f4004300 con 0x7fe10407de60
2024-06-13T02:04:32.969 INFO:teuthology.orchestra.run.smithi002.stdout:/usr/bin/ceph: stderr
2024-06-13T02:04:31.091+0000 7fe102000700 1 -- 172.21.15.2:0/391823723 <== mon.0 v2:172.21.15.2:3300/0 3 ==== mon_map magic: 0 ==== 205+0+0 (secure 0 0 0) 0x7fe0f4011b20 con 0x7fe10407de60
2024-06-13T02:04:32.969 INFO:teuthology.orchestra.run.smithi002.stdout:/usr/bin/ceph: stderr
2024-06-13T02:04:31.092+0000 7fe10a600700 1 -- 172.21.15.2:0/391823723 >> [v2:172.21.15.2:3300/0,v1:172.21.15.2:6789/0] conn(0x7fe10407de60 msgr2=0x7fe10407c310 secure :-1 s=STATE_CONNECTION_ESTABLISHED l=1).mark_down
2024-06-13T02:04:32.969 INFO:teuthology.orchestra.run.smithi002.stdout:/usr/bin/ceph: stderr
2024-06-13T02:04:31.092+0000 7fe10a600700 1 --2- 172.21.15.2:0/391823723 >> [v2:172.21.15.2:3300/0,v1:172.21.15.2:6789/0] conn(0x7fe10407de60 0x7fe10407c310 secure :-1 s=READY pgs=74 cs=0 l=1 rev1=1 crypto rx=0x7fe0f40098a0 tx=0x7fe0f4009bb0 comp rx=0 tx=0).stop
2024-06-13T02:04:32.970 INFO:teuthology.orchestra.run.smithi002.stdout:/usr/bin/ceph: stderr
2024-06-13T02:04:31.092+0000 7fe10a600700 1 -- 172.21.15.2:0/391823723 shutdown_connections
2024-06-13T02:04:32.970 INFO:teuthology.orchestra.run.smithi002.stdout:/usr/bin/ceph: stderr
2024-06-13T02:04:31.092+0000 7fe10a600700 1 --2- 172.21.15.2:0/391823723 >> [v2:172.21.15.2:3300/0,v1:172.21.15.2:6789/0] conn(0x7fe10407de60 0x7fe10407c310 unknown :-1 s=CLOSED pgs=74 cs=0 l=1 rev1=1 crypto rx=0 tx=0 comp rx=0 tx=0).stop
2024-06-13T02:04:32.970 INFO:teuthology.orchestra.run.smithi002.stdout:/usr/bin/ceph: stderr
2024-06-13T02:04:31.092+0000 7fe10a600700 1 -- 172.21.15.2:0/391823723 >> 172.21.15.2:0/391823723 conn(0x7fe104103430 msgr2=0x7fe104105870 unknown :-1 s=STATE_NONE l=0).mark_down
2024-06-13T02:04:32.970 INFO:teuthology.orchestra.run.smithi002.stdout:/usr/bin/ceph: stderr
2024-06-13T02:04:31.092+0000 7fe10a600700 1 -- 172.21.15.2:0/391823723 shutdown_connections
2024-06-13T02:04:32.970 INFO:teuthology.orchestra.run.smithi002.stdout:/usr/bin/ceph: stderr
2024-06-13T02:04:31.092+0000 7fe10a600700 1 -- 172.21.15.2:0/391823723 wait complete.
2024-06-13T02:04:32.970 INFO:teuthology.orchestra.run.smithi002.stdout:/usr/bin/ceph: stderr
2024-06-13T02:04:31.093+0000 7fe10a600700 1 Processor -- start
2024-06-13T02:04:32.973 INFO:teuthology.orchestra.run.smithi002.stdout:/usr/bin/ceph: stderr
2024-06-13T02:04:31.093+0000 7fe10a600700 1 -- start start
2024-06-13T02:04:32.974 INFO:teuthology.orchestra.run.smithi002.stdout:/usr/bin/ceph: stderr
2024-06-13T02:04:31.094+0000 7fe10a600700 1 --2- >> [v2:172.21.15.2:3300/0,v1:172.21.15.2:6789/0] conn(0x7fe10407de60 0x7fe10419df90 unknown :-1 s=NONE pgs=0 cs=0 l=1 rev1=0 crypto rx=0 tx=0 comp rx=0 tx=0).connect
2024-06-13T02:04:32.974 INFO:teuthology.orchestra.run.smithi002.stdout:/usr/bin/ceph: stderr
2024-06-13T02:04:31.094+0000 7fe10a600700 1 -- --> [v2:172.21.15.2:3300/0,v1:172.21.15.2:6789/0] -- mon_getmap magic: 0 -- 0x7fe10410e4b0 con 0x7fe10407de60
2024-06-13T02:04:32.974 INFO:teuthology.orchestra.run.smithi002.stdout:/usr/bin/ceph: stderr
2024-06-13T02:04:31.094+0000 7fe103400700 1 --2- >> [v2:172.21.15.2:3300/0,v1:172.21.15.2:6789/0] conn(0x7fe10407de60 0x7fe10419df90 unknown :-1 s=BANNER_CONNECTING pgs=0 cs=0 l=1 rev1=0 crypto rx=0 tx=0 comp rx=0 tx=0)._handle_peer_banner_payload supported=3 required=0
2024-06-13T02:04:32.974 INFO:teuthology.orchestra.run.smithi002.stdout:/usr/bin/ceph: stderr
2024-06-13T02:04:31.094+0000 7fe103400700 1 --2- >> [v2:172.21.15.2:3300/0,v1:172.21.15.2:6789/0] conn(0x7fe10407de60 0x7fe10419df90 unknown :-1 s=HELLO_CONNECTING pgs=0 cs=0 l=1 rev1=1 crypto rx=0 tx=0 comp rx=0 tx=0).handle_hello peer v2:172.21.15.2:3300/0 says I am v2:172.21.15.2:51798/0 (socket says 172.21.15.2:51798)
2024-06-13T02:04:32.974 INFO:teuthology.orchestra.run.smithi002.stdout:/usr/bin/ceph: stderr
2024-06-13T02:04:31.094+0000 7fe103400700 1 -- 172.21.15.2:0/1895364655 learned_addr learned my addr 172.21.15.2:0/1895364655 (peer_addr_for_me v2:172.21.15.2:0/0)
2024-06-13T02:04:32.974 INFO:teuthology.orchestra.run.smithi002.stdout:/usr/bin/ceph: stderr
2024-06-13T02:04:31.095+0000 7fe103400700 1 -- 172.21.15.2:0/1895364655 --> [v2:172.21.15.2:3300/0,v1:172.21.15.2:6789/0] -- mon_subscribe({config=0+,monmap=0+}) -- 0x7fe10419e4d0 con 0x7fe10407de60
2024-06-13T02:04:32.974 INFO:teuthology.orchestra.run.smithi002.stdout:/usr/bin/ceph: stderr
2024-06-13T02:04:31.095+0000 7fe103400700 1 --2- 172.21.15.2:0/1895364655 >> [v2:172.21.15.2:3300/0,v1:172.21.15.2:6789/0] conn(0x7fe10407de60 0x7fe10419df90 secure :-1 s=READY pgs=75 cs=0 l=1 rev1=1 crypto rx=0x7fe0f40117e0 tx=0x7fe0f4011ba0 comp rx=0 tx=0).ready entity=mon.0 client_cookie=0 server_cookie=0 in_seq=0 out_seq=0
2024-06-13T02:04:32.974 INFO:teuthology.orchestra.run.smithi002.stdout:/usr/bin/ceph: stderr
2024-06-13T02:04:31.095+0000 7fe0fbe00700 1 -- 172.21.15.2:0/1895364655 <== mon.0 v2:172.21.15.2:3300/0 1 ==== mon_map magic: 0 ==== 205+0+0 (secure 0 0 0) 0x7fe0f4003ba0 con 0x7fe10407de60
2024-06-13T02:04:32.974 INFO:teuthology.orchestra.run.smithi002.stdout:/usr/bin/ceph: stderr
2024-06-13T02:04:31.095+0000 7fe0fbe00700 1 -- 172.21.15.2:0/1895364655 <== mon.0 v2:172.21.15.2:3300/0 2 ==== config(27 keys) ==== 1140+0+0 (secure 0 0 0) 0x7fe0f401a910 con 0x7fe10407de60
2024-06-13T02:04:32.974 INFO:teuthology.orchestra.run.smithi002.stdout:/usr/bin/ceph: stderr
2024-06-13T02:04:31.095+0000 7fe0fbe00700 1 -- 172.21.15.2:0/1895364655 <== mon.0 v2:172.21.15.2:3300/0 3 ==== mon_map magic: 0 ==== 205+0+0 (secure 0 0 0) 0x7fe0f40248f0 con 0x7fe10407de60
2024-06-13T02:04:32.974 INFO:teuthology.orchestra.run.smithi002.stdout:/usr/bin/ceph: stderr
2024-06-13T02:04:31.095+0000 7fe10a600700 1 -- 172.21.15.2:0/1895364655 --> [v2:172.21.15.2:3300/0,v1:172.21.15.2:6789/0] -- mon_subscribe({mgrmap=0+}) -- 0x7fe10419e760 con 0x7fe10407de60
2024-06-13T02:04:32.974 INFO:teuthology.orchestra.run.smithi002.stdout:/usr/bin/ceph: stderr
2024-06-13T02:04:31.096+0000 7fe10a600700 1 -- 172.21.15.2:0/1895364655 --> [v2:172.21.15.2:3300/0,v1:172.21.15.2:6789/0] -- mon_subscribe({osdmap=0}) -- 0x7fe10419ebc0 con 0x7fe10407de60
2024-06-13T02:04:32.975 INFO:teuthology.orchestra.run.smithi002.stdout:/usr/bin/ceph: stderr
2024-06-13T02:04:31.097+0000 7fe0fbe00700 1 -- 172.21.15.2:0/1895364655 <== mon.0 v2:172.21.15.2:3300/0 4 ==== mgrmap(e 13) ==== 46342+0+0 (secure 0 0 0) 0x7fe0f4022020 con 0x7fe10407de60
2024-06-13T02:04:32.975 INFO:teuthology.orchestra.run.smithi002.stdout:/usr/bin/ceph: stderr
2024-06-13T02:04:31.097+0000 7fe10a600700 1 -- 172.21.15.2:0/1895364655 --> [v2:172.21.15.2:3300/0,v1:172.21.15.2:6789/0] -- mon_command({"prefix": "get_command_descriptions"} v 0) -- 0x7fe104063af0 con 0x7fe10407de60
2024-06-13T02:04:32.975 INFO:teuthology.orchestra.run.smithi002.stdout:/usr/bin/ceph: stderr
2024-06-13T02:04:31.097+0000 7fe0fbe00700 1 --2- 172.21.15.2:0/1895364655 >> [v2:172.21.15.2:6800/2988831869,v1:172.21.15.2:6801/2988831869] conn(0x7fe0e8039140 0x7fe0e803b600 unknown :-1 s=NONE pgs=0 cs=0 l=1 rev1=0 crypto rx=0 tx=0 comp rx=0 tx=0).connect
2024-06-13T02:04:32.975 INFO:teuthology.orchestra.run.smithi002.stdout:/usr/bin/ceph: stderr
2024-06-13T02:04:31.097+0000 7fe0fbe00700 1 -- 172.21.15.2:0/1895364655 <== mon.0 v2:172.21.15.2:3300/0 5 ==== osd_map(3..3 src has 1..3) ==== 1155+0+0 (secure 0 0 0) 0x7fe0f404dc30 con 0x7fe10407de60
2024-06-13T02:04:32.975 INFO:teuthology.orchestra.run.smithi002.stdout:/usr/bin/ceph: stderr
2024-06-13T02:04:31.097+0000 7fe102a00700 1 --2- 172.21.15.2:0/1895364655 >> [v2:172.21.15.2:6800/2988831869,v1:172.21.15.2:6801/2988831869] conn(0x7fe0e8039140 0x7fe0e803b600 unknown :-1 s=BANNER_CONNECTING pgs=0 cs=0 l=1 rev1=0 crypto rx=0 tx=0 comp rx=0 tx=0)._handle_peer_banner_payload supported=3 required=0
2024-06-13T02:04:32.975 INFO:teuthology.orchestra.run.smithi002.stdout:/usr/bin/ceph: stderr
2024-06-13T02:04:31.098+0000 7fe102a00700 1 --2- 172.21.15.2:0/1895364655 >> [v2:172.21.15.2:6800/2988831869,v1:172.21.15.2:6801/2988831869] conn(0x7fe0e8039140 0x7fe0e803b600 secure :-1 s=READY pgs=9 cs=0 l=1 rev1=1 crypto rx=0x7fe0f0006fd0 tx=0x7fe0f0006e40 comp rx=0 tx=0).ready entity=mgr.14152 client_cookie=0 server_cookie=0 in_seq=0 out_seq=0
2024-06-13T02:04:32.975 INFO:teuthology.orchestra.run.smithi002.stdout:/usr/bin/ceph: stderr
2024-06-13T02:04:31.103+0000 7fe0fbe00700 1 -- 172.21.15.2:0/1895364655 <== mon.0 v2:172.21.15.2:3300/0 6 ==== mon_command_ack([{"prefix": "get_command_descriptions"}]=0 v0) ==== 72+0+186418 (secure 0 0 0) 0x7fe0f400b3e0 con 0x7fe10407de60
2024-06-13T02:04:32.975 INFO:teuthology.orchestra.run.smithi002.stdout:/usr/bin/ceph: stderr
2024-06-13T02:04:31.346+0000 7fe10a600700 1 -- 172.21.15.2:0/1895364655 --> [v2:172.21.15.2:3300/0,v1:172.21.15.2:6789/0] -- mon_command({"prefix": "config get", "who": "mgr", "key": "mgr/dashboard/ssl_server_port"} v 0) -- 0x7fe1041a1590 con 0x7fe10407de60
2024-06-13T02:04:32.975 INFO:teuthology.orchestra.run.smithi002.stdout:/usr/bin/ceph: stderr
2024-06-13T02:04:31.347+0000 7fe0fbe00700 1 -- 172.21.15.2:0/1895364655 <== mon.0 v2:172.21.15.2:3300/0 7 ==== mon_command_ack([{"prefix": "config get", "who": "mgr", "key": "mgr/dashboard/ssl_server_port"}]=0 v8) ==== 112+0+5 (secure 0 0 0) 0x7fe0f402cd60 con 0x7fe10407de60
2024-06-13T02:04:32.975 INFO:teuthology.orchestra.run.smithi002.stdout:/usr/bin/ceph: stderr
2024-06-13T02:04:31.350+0000 7fe10a600700 1 -- 172.21.15.2:0/1895364655 >> [v2:172.21.15.2:6800/2988831869,v1:172.21.15.2:6801/2988831869] conn(0x7fe0e8039140 msgr2=0x7fe0e803b600 secure :-1 s=STATE_CONNECTION_ESTABLISHED l=1).mark_down
2024-06-13T02:04:32.975 INFO:teuthology.orchestra.run.smithi002.stdout:/usr/bin/ceph: stderr
2024-06-13T02:04:31.350+0000 7fe10a600700 1 --2- 172.21.15.2:0/1895364655 >> [v2:172.21.15.2:6800/2988831869,v1:172.21.15.2:6801/2988831869] conn(0x7fe0e8039140 0x7fe0e803b600 secure :-1 s=READY pgs=9 cs=0 l=1 rev1=1 crypto rx=0x7fe0f0006fd0 tx=0x7fe0f0006e40 comp rx=0 tx=0).stop
2024-06-13T02:04:32.975 INFO:teuthology.orchestra.run.smithi002.stdout:/usr/bin/ceph: stderr
2024-06-13T02:04:31.350+0000 7fe10a600700 1 -- 172.21.15.2:0/1895364655 >> [v2:172.21.15.2:3300/0,v1:172.21.15.2:6789/0] conn(0x7fe10407de60 msgr2=0x7fe10419df90 secure :-1 s=STATE_CONNECTION_ESTABLISHED l=1).mark_down
2024-06-13T02:04:32.975 INFO:teuthology.orchestra.run.smithi002.stdout:/usr/bin/ceph: stderr
2024-06-13T02:04:31.350+0000 7fe10a600700 1 --2- 172.21.15.2:0/1895364655 >> [v2:172.21.15.2:3300/0,v1:172.21.15.2:6789/0] conn(0x7fe10407de60 0x7fe10419df90 secure :-1 s=READY pgs=75 cs=0 l=1 rev1=1 crypto rx=0x7fe0f40117e0 tx=0x7fe0f4011ba0 comp rx=0 tx=0).stop
2024-06-13T02:04:32.975 INFO:teuthology.orchestra.run.smithi002.stdout:/usr/bin/ceph: stderr
2024-06-13T02:04:31.350+0000 7fe10a600700 1 -- 172.21.15.2:0/1895364655 shutdown_connections
2024-06-13T02:04:32.976 INFO:teuthology.orchestra.run.smithi002.stdout:/usr/bin/ceph: stderr
2024-06-13T02:04:31.350+0000 7fe10a600700 1 --2- 172.21.15.2:0/1895364655 >> [v2:172.21.15.2:6800/2988831869,v1:172.21.15.2:6801/2988831869] conn(0x7fe0e8039140 0x7fe0e803b600 unknown :-1 s=CLOSED pgs=9 cs=0 l=1 rev1=1 crypto rx=0 tx=0 comp rx=0 tx=0).stop
2024-06-13T02:04:32.976 INFO:teuthology.orchestra.run.smithi002.stdout:/usr/bin/ceph: stderr
2024-06-13T02:04:31.350+0000 7fe10a600700 1 --2- 172.21.15.2:0/1895364655 >> [v2:172.21.15.2:3300/0,v1:172.21.15.2:6789/0] conn(0x7fe10407de60 0x7fe10419df90 unknown :-1 s=CLOSED pgs=75 cs=0 l=1 rev1=1 crypto rx=0 tx=0 comp rx=0 tx=0).stop
2024-06-13T02:04:32.976 INFO:teuthology.orchestra.run.smithi002.stdout:/usr/bin/ceph: stderr
2024-06-13T02:04:31.350+0000 7fe10a600700 1 -- 172.21.15.2:0/1895364655 >> 172.21.15.2:0/1895364655 conn(0x7fe104103430 msgr2=0x7fe104103ef0 unknown :-1 s=STATE_NONE l=0).mark_down
2024-06-13T02:04:32.976 INFO:teuthology.orchestra.run.smithi002.stdout:/usr/bin/ceph: stderr
2024-06-13T02:04:31.351+0000 7fe10a600700 1 -- 172.21.15.2:0/1895364655 shutdown_connections
2024-06-13T02:04:32.976 INFO:teuthology.orchestra.run.smithi002.stdout:/usr/bin/ceph: stderr
2024-06-13T02:04:31.351+0000 7fe10a600700 1 -- 172.21.15.2:0/1895364655 wait complete.
2024-06-13T02:04:33.001 INFO:teuthology.orchestra.run.smithi002.stdout:Non-zero exit code 1 from systemctl is-enabled firewalld.service
2024-06-13T02:04:33.002 INFO:teuthology.orchestra.run.smithi002.stdout:systemctl: stdout disabled
2024-06-13T02:04:33.032 INFO:teuthology.orchestra.run.smithi002.stdout:Non-zero exit code 3 from systemctl is-active firewalld.service
2024-06-13T02:04:33.033 INFO:teuthology.orchestra.run.smithi002.stdout:systemctl: stdout inactive
2024-06-13T02:04:33.033 INFO:teuthology.orchestra.run.smithi002.stdout:firewalld.service is not enabled
2024-06-13T02:04:33.033 INFO:teuthology.orchestra.run.smithi002.stdout:Not possible to open ports <[8443]>. firewalld.service is not available
2024-06-13T02:04:33.041 INFO:teuthology.orchestra.run.smithi002.stdout:Ceph Dashboard is now available at:
2024-06-13T02:04:33.041 INFO:teuthology.orchestra.run.smithi002.stdout:
2024-06-13T02:04:33.041 INFO:teuthology.orchestra.run.smithi002.stdout: URL: https://smithi002.front.sepia.ceph.com:8443/
2024-06-13T02:04:33.042 INFO:teuthology.orchestra.run.smithi002.stdout: User: admin
2024-06-13T02:04:33.042 INFO:teuthology.orchestra.run.smithi002.stdout: Password: za7srmwx8h
2024-06-13T02:04:33.042 INFO:teuthology.orchestra.run.smithi002.stdout:
2024-06-13T02:04:33.043 INFO:teuthology.orchestra.run.smithi002.stdout:Saving cluster configuration to /var/lib/ceph/efed8ab4-2928-11ef-bc9c-c7b262605968/config directory
2024-06-13T02:04:33.045 INFO:teuthology.orchestra.run.smithi002.stdout:Enabling autotune for osd_memory_target
2024-06-13T02:04:34.705 INFO:teuthology.orchestra.run.smithi002.stdout:/usr/bin/ceph: stderr
2024-06-13T02:04:33.685+0000 7fb9a3000700 1 Processor -- start
2024-06-13T02:04:34.705 INFO:teuthology.orchestra.run.smithi002.stdout:/usr/bin/ceph: stderr
2024-06-13T02:04:33.685+0000 7fb9a3000700 1 -- start start
2024-06-13T02:04:34.705 INFO:teuthology.orchestra.run.smithi002.stdout:/usr/bin/ceph: stderr
2024-06-13T02:04:33.686+0000 7fb9a3000700 1 --2- >> [v2:172.21.15.2:3300/0,v1:172.21.15.2:6789/0] conn(0x7fb99c108900 0x7fb99c10acf0 unknown :-1 s=NONE pgs=0 cs=0 l=0 rev1=0 crypto rx=0 tx=0 comp rx=0 tx=0).connect
2024-06-13T02:04:34.705 INFO:teuthology.orchestra.run.smithi002.stdout:/usr/bin/ceph: stderr
2024-06-13T02:04:33.686+0000 7fb9a3000700 1 -- --> [v2:172.21.15.2:3300/0,v1:172.21.15.2:6789/0] -- mon_getmap magic: 0 -- 0x7fb99c07be30 con 0x7fb99c108900
2024-06-13T02:04:34.705 INFO:teuthology.orchestra.run.smithi002.stdout:/usr/bin/ceph: stderr
2024-06-13T02:04:33.686+0000 7fb99be00700 1 --2- >> [v2:172.21.15.2:3300/0,v1:172.21.15.2:6789/0] conn(0x7fb99c108900 0x7fb99c10acf0 unknown :-1 s=BANNER_CONNECTING pgs=0 cs=0 l=0 rev1=0 crypto rx=0 tx=0 comp rx=0 tx=0)._handle_peer_banner_payload supported=3 required=0
2024-06-13T02:04:34.705 INFO:teuthology.orchestra.run.smithi002.stdout:/usr/bin/ceph: stderr
2024-06-13T02:04:33.686+0000 7fb99be00700 1 --2- >> [v2:172.21.15.2:3300/0,v1:172.21.15.2:6789/0] conn(0x7fb99c108900 0x7fb99c10acf0 unknown :-1 s=HELLO_CONNECTING pgs=0 cs=0 l=0 rev1=1 crypto rx=0 tx=0 comp rx=0 tx=0).handle_hello peer v2:172.21.15.2:3300/0 says I am v2:172.21.15.2:53938/0 (socket says 172.21.15.2:53938)
2024-06-13T02:04:34.705 INFO:teuthology.orchestra.run.smithi002.stdout:/usr/bin/ceph: stderr
2024-06-13T02:04:33.686+0000 7fb99be00700 1 -- 172.21.15.2:0/970581227 learned_addr learned my addr 172.21.15.2:0/970581227 (peer_addr_for_me v2:172.21.15.2:0/0)
2024-06-13T02:04:34.705 INFO:teuthology.orchestra.run.smithi002.stdout:/usr/bin/ceph: stderr
2024-06-13T02:04:33.687+0000 7fb99be00700 1 -- 172.21.15.2:0/970581227 --> [v2:172.21.15.2:3300/0,v1:172.21.15.2:6789/0] -- mon_subscribe({config=0+,monmap=0+}) -- 0x7fb99c10b230 con 0x7fb99c108900
2024-06-13T02:04:34.706 INFO:teuthology.orchestra.run.smithi002.stdout:/usr/bin/ceph: stderr
2024-06-13T02:04:33.687+0000 7fb99be00700 1 --2- 172.21.15.2:0/970581227 >> [v2:172.21.15.2:3300/0,v1:172.21.15.2:6789/0] conn(0x7fb99c108900 0x7fb99c10acf0 secure :-1 s=READY pgs=76 cs=0 l=1 rev1=1 crypto rx=0x7fb98c0098a0 tx=0x7fb98c009bb0 comp rx=0 tx=0).ready entity=mon.0 client_cookie=cbc177be66367a0f server_cookie=0 in_seq=0 out_seq=0
2024-06-13T02:04:34.706 INFO:teuthology.orchestra.run.smithi002.stdout:/usr/bin/ceph: stderr
2024-06-13T02:04:33.687+0000 7fb99aa00700 1 -- 172.21.15.2:0/970581227 <== mon.0 v2:172.21.15.2:3300/0 1 ==== mon_map magic: 0 ==== 205+0+0 (secure 0 0 0) 0x7fb98c004160 con 0x7fb99c108900
2024-06-13T02:04:34.706 INFO:teuthology.orchestra.run.smithi002.stdout:/usr/bin/ceph: stderr
2024-06-13T02:04:33.688+0000 7fb99aa00700 1 -- 172.21.15.2:0/970581227 <== mon.0 v2:172.21.15.2:3300/0 2 ==== config(27 keys) ==== 1140+0+0 (secure 0 0 0) 0x7fb98c004300 con 0x7fb99c108900
2024-06-13T02:04:34.706 INFO:teuthology.orchestra.run.smithi002.stdout:/usr/bin/ceph: stderr
2024-06-13T02:04:33.688+0000 7fb99aa00700 1 -- 172.21.15.2:0/970581227 <== mon.0 v2:172.21.15.2:3300/0 3 ==== mon_map magic: 0 ==== 205+0+0 (secure 0 0 0) 0x7fb98c011b20 con 0x7fb99c108900
2024-06-13T02:04:34.706 INFO:teuthology.orchestra.run.smithi002.stdout:/usr/bin/ceph: stderr
2024-06-13T02:04:33.688+0000 7fb9a3000700 1 -- 172.21.15.2:0/970581227 >> [v2:172.21.15.2:3300/0,v1:172.21.15.2:6789/0] conn(0x7fb99c108900 msgr2=0x7fb99c10acf0 secure :-1 s=STATE_CONNECTION_ESTABLISHED l=1).mark_down
2024-06-13T02:04:34.706 INFO:teuthology.orchestra.run.smithi002.stdout:/usr/bin/ceph: stderr
2024-06-13T02:04:33.688+0000 7fb9a3000700 1 --2- 172.21.15.2:0/970581227 >> [v2:172.21.15.2:3300/0,v1:172.21.15.2:6789/0] conn(0x7fb99c108900 0x7fb99c10acf0 secure :-1 s=READY pgs=76 cs=0 l=1 rev1=1 crypto rx=0x7fb98c0098a0 tx=0x7fb98c009bb0 comp rx=0 tx=0).stop
2024-06-13T02:04:34.706 INFO:teuthology.orchestra.run.smithi002.stdout:/usr/bin/ceph: stderr
2024-06-13T02:04:33.689+0000 7fb9a3000700 1 -- 172.21.15.2:0/970581227 shutdown_connections
2024-06-13T02:04:34.706 INFO:teuthology.orchestra.run.smithi002.stdout:/usr/bin/ceph: stderr
2024-06-13T02:04:33.689+0000 7fb9a3000700 1 --2- 172.21.15.2:0/970581227 >> [v2:172.21.15.2:3300/0,v1:172.21.15.2:6789/0] conn(0x7fb99c108900 0x7fb99c10acf0 unknown :-1 s=CLOSED pgs=76 cs=0 l=1 rev1=1 crypto rx=0 tx=0 comp rx=0 tx=0).stop
2024-06-13T02:04:34.706 INFO:teuthology.orchestra.run.smithi002.stdout:/usr/bin/ceph: stderr
2024-06-13T02:04:33.689+0000 7fb9a3000700 1 -- 172.21.15.2:0/970581227 >> 172.21.15.2:0/970581227 conn(0x7fb99c102390 msgr2=0x7fb99c1047b0 unknown :-1 s=STATE_NONE l=0).mark_down
2024-06-13T02:04:34.706 INFO:teuthology.orchestra.run.smithi002.stdout:/usr/bin/ceph: stderr
2024-06-13T02:04:33.689+0000 7fb9a3000700 1 -- 172.21.15.2:0/970581227 shutdown_connections
2024-06-13T02:04:34.707 INFO:teuthology.orchestra.run.smithi002.stdout:/usr/bin/ceph: stderr
2024-06-13T02:04:33.689+0000 7fb9a3000700 1 -- 172.21.15.2:0/970581227 wait complete.
2024-06-13T02:04:34.707 INFO:teuthology.orchestra.run.smithi002.stdout:/usr/bin/ceph: stderr
2024-06-13T02:04:33.690+0000 7fb9a3000700 1 Processor -- start
2024-06-13T02:04:34.707 INFO:teuthology.orchestra.run.smithi002.stdout:/usr/bin/ceph: stderr
2024-06-13T02:04:33.690+0000 7fb9a3000700 1 -- start start
2024-06-13T02:04:34.707 INFO:teuthology.orchestra.run.smithi002.stdout:/usr/bin/ceph: stderr
2024-06-13T02:04:33.690+0000 7fb9a3000700 1 --2- >> [v2:172.21.15.2:3300/0,v1:172.21.15.2:6789/0] conn(0x7fb99c108900 0x7fb99c19dfd0 unknown :-1 s=NONE pgs=0 cs=0 l=1 rev1=0 crypto rx=0 tx=0 comp rx=0 tx=0).connect
2024-06-13T02:04:34.707 INFO:teuthology.orchestra.run.smithi002.stdout:/usr/bin/ceph: stderr
2024-06-13T02:04:33.690+0000 7fb9a3000700 1 -- --> [v2:172.21.15.2:3300/0,v1:172.21.15.2:6789/0] -- mon_getmap magic: 0 -- 0x7fb99c10c290 con 0x7fb99c108900
2024-06-13T02:04:34.707 INFO:teuthology.orchestra.run.smithi002.stdout:/usr/bin/ceph: stderr
2024-06-13T02:04:33.690+0000 7fb99be00700 1 --2- >> [v2:172.21.15.2:3300/0,v1:172.21.15.2:6789/0] conn(0x7fb99c108900 0x7fb99c19dfd0 unknown :-1 s=BANNER_CONNECTING pgs=0 cs=0 l=1 rev1=0 crypto rx=0 tx=0 comp rx=0 tx=0)._handle_peer_banner_payload supported=3 required=0
2024-06-13T02:04:34.707 INFO:teuthology.orchestra.run.smithi002.stdout:/usr/bin/ceph: stderr
2024-06-13T02:04:33.690+0000 7fb99be00700 1 --2- >> [v2:172.21.15.2:3300/0,v1:172.21.15.2:6789/0] conn(0x7fb99c108900 0x7fb99c19dfd0 unknown :-1 s=HELLO_CONNECTING pgs=0 cs=0 l=1 rev1=1 crypto rx=0 tx=0 comp rx=0 tx=0).handle_hello peer v2:172.21.15.2:3300/0 says I am v2:172.21.15.2:53946/0 (socket says 172.21.15.2:53946)
2024-06-13T02:04:34.707 INFO:teuthology.orchestra.run.smithi002.stdout:/usr/bin/ceph: stderr
2024-06-13T02:04:33.690+0000 7fb99be00700 1 -- 172.21.15.2:0/403152404 learned_addr learned my addr 172.21.15.2:0/403152404 (peer_addr_for_me v2:172.21.15.2:0/0)
2024-06-13T02:04:34.708 INFO:teuthology.orchestra.run.smithi002.stdout:/usr/bin/ceph: stderr
2024-06-13T02:04:33.691+0000 7fb99be00700 1 -- 172.21.15.2:0/403152404 --> [v2:172.21.15.2:3300/0,v1:172.21.15.2:6789/0] -- mon_subscribe({config=0+,monmap=0+}) -- 0x7fb99c19e510 con 0x7fb99c108900
2024-06-13T02:04:34.708 INFO:teuthology.orchestra.run.smithi002.stdout:/usr/bin/ceph: stderr
2024-06-13T02:04:33.691+0000 7fb99be00700 1 --2- 172.21.15.2:0/403152404 >> [v2:172.21.15.2:3300/0,v1:172.21.15.2:6789/0] conn(0x7fb99c108900 0x7fb99c19dfd0 secure :-1 s=READY pgs=77 cs=0 l=1 rev1=1 crypto rx=0x7fb98c0117e0 tx=0x7fb98c011ba0 comp rx=0 tx=0).ready entity=mon.0 client_cookie=0 server_cookie=0 in_seq=0 out_seq=0
2024-06-13T02:04:34.708 INFO:teuthology.orchestra.run.smithi002.stdout:/usr/bin/ceph: stderr
2024-06-13T02:04:33.691+0000 7fb998c00700 1 -- 172.21.15.2:0/403152404 <== mon.0 v2:172.21.15.2:3300/0 1 ==== mon_map magic: 0 ==== 205+0+0 (secure 0 0 0) 0x7fb98c003ba0 con 0x7fb99c108900
2024-06-13T02:04:34.708 INFO:teuthology.orchestra.run.smithi002.stdout:/usr/bin/ceph: stderr
2024-06-13T02:04:33.691+0000 7fb998c00700 1 -- 172.21.15.2:0/403152404 <== mon.0 v2:172.21.15.2:3300/0 2 ==== config(27 keys) ==== 1140+0+0 (secure 0 0 0) 0x7fb98c01a910 con 0x7fb99c108900
2024-06-13T02:04:34.708 INFO:teuthology.orchestra.run.smithi002.stdout:/usr/bin/ceph: stderr
2024-06-13T02:04:33.691+0000 7fb998c00700 1 -- 172.21.15.2:0/403152404 <== mon.0 v2:172.21.15.2:3300/0 3 ==== mon_map magic: 0 ==== 205+0+0 (secure 0 0 0) 0x7fb98c0248f0 con 0x7fb99c108900
2024-06-13T02:04:34.708 INFO:teuthology.orchestra.run.smithi002.stdout:/usr/bin/ceph: stderr
2024-06-13T02:04:33.692+0000 7fb9a3000700 1 -- 172.21.15.2:0/403152404 --> [v2:172.21.15.2:3300/0,v1:172.21.15.2:6789/0] -- mon_subscribe({mgrmap=0+}) -- 0x7fb99c19e7a0 con 0x7fb99c108900
2024-06-13T02:04:34.708 INFO:teuthology.orchestra.run.smithi002.stdout:/usr/bin/ceph: stderr
2024-06-13T02:04:33.692+0000 7fb9a3000700 1 -- 172.21.15.2:0/403152404 --> [v2:172.21.15.2:3300/0,v1:172.21.15.2:6789/0] -- mon_subscribe({osdmap=0}) -- 0x7fb99c19ec00 con 0x7fb99c108900
2024-06-13T02:04:34.708 INFO:teuthology.orchestra.run.smithi002.stdout:/usr/bin/ceph: stderr
2024-06-13T02:04:33.693+0000 7fb9a3000700 1 -- 172.21.15.2:0/403152404 --> [v2:172.21.15.2:3300/0,v1:172.21.15.2:6789/0] -- mon_command({"prefix": "get_command_descriptions"} v 0) -- 0x7fb99c063af0 con 0x7fb99c108900
2024-06-13T02:04:34.708 INFO:teuthology.orchestra.run.smithi002.stdout:/usr/bin/ceph: stderr
2024-06-13T02:04:33.693+0000 7fb998c00700 1 -- 172.21.15.2:0/403152404 <== mon.0 v2:172.21.15.2:3300/0 4 ==== mgrmap(e 13) ==== 46342+0+0 (secure 0 0 0) 0x7fb98c022020 con 0x7fb99c108900
2024-06-13T02:04:34.709 INFO:teuthology.orchestra.run.smithi002.stdout:/usr/bin/ceph: stderr
2024-06-13T02:04:33.693+0000 7fb998c00700 1 --2- 172.21.15.2:0/403152404 >> [v2:172.21.15.2:6800/2988831869,v1:172.21.15.2:6801/2988831869] conn(0x7fb9800391a0 0x7fb98003b660 unknown :-1 s=NONE pgs=0 cs=0 l=1 rev1=0 crypto rx=0 tx=0 comp rx=0 tx=0).connect
2024-06-13T02:04:34.709 INFO:teuthology.orchestra.run.smithi002.stdout:/usr/bin/ceph: stderr
2024-06-13T02:04:33.693+0000 7fb998c00700 1 -- 172.21.15.2:0/403152404 <== mon.0 v2:172.21.15.2:3300/0 5 ==== osd_map(3..3 src has 1..3) ==== 1155+0+0 (secure 0 0 0) 0x7fb98c04d680 con 0x7fb99c108900
2024-06-13T02:04:34.709 INFO:teuthology.orchestra.run.smithi002.stdout:/usr/bin/ceph: stderr
2024-06-13T02:04:33.694+0000 7fb99b400700 1 --2- 172.21.15.2:0/403152404 >> [v2:172.21.15.2:6800/2988831869,v1:172.21.15.2:6801/2988831869] conn(0x7fb9800391a0 0x7fb98003b660 unknown :-1 s=BANNER_CONNECTING pgs=0 cs=0 l=1 rev1=0 crypto rx=0 tx=0 comp rx=0 tx=0)._handle_peer_banner_payload supported=3 required=0
2024-06-13T02:04:34.709 INFO:teuthology.orchestra.run.smithi002.stdout:/usr/bin/ceph: stderr
2024-06-13T02:04:33.694+0000 7fb99b400700 1 --2- 172.21.15.2:0/403152404 >> [v2:172.21.15.2:6800/2988831869,v1:172.21.15.2:6801/2988831869] conn(0x7fb9800391a0 0x7fb98003b660 secure :-1 s=READY pgs=10 cs=0 l=1 rev1=1 crypto rx=0x7fb988006fd0 tx=0x7fb988006e40 comp rx=0 tx=0).ready entity=mgr.14152 client_cookie=0 server_cookie=0 in_seq=0 out_seq=0
2024-06-13T02:04:34.709 INFO:teuthology.orchestra.run.smithi002.stdout:/usr/bin/ceph: stderr
2024-06-13T02:04:33.699+0000 7fb998c00700 1 -- 172.21.15.2:0/403152404 <== mon.0 v2:172.21.15.2:3300/0 6 ==== mon_command_ack([{"prefix": "get_command_descriptions"}]=0 v0) ==== 72+0+186418 (secure 0 0 0) 0x7fb98c01ab70 con 0x7fb99c108900
2024-06-13T02:04:34.709 INFO:teuthology.orchestra.run.smithi002.stdout:/usr/bin/ceph: stderr
2024-06-13T02:04:33.925+0000 7fb9a3000700 1 -- 172.21.15.2:0/403152404 --> [v2:172.21.15.2:3300/0,v1:172.21.15.2:6789/0] -- mon_command([{prefix=config set, name=osd_memory_target_autotune}] v 0) -- 0x7fb99c1a1690 con 0x7fb99c108900
2024-06-13T02:04:34.709 INFO:teuthology.orchestra.run.smithi002.stdout:/usr/bin/ceph: stderr
2024-06-13T02:04:33.926+0000 7fb998c00700 1 -- 172.21.15.2:0/403152404 <== mon.0 v2:172.21.15.2:3300/0 7 ==== mon_command_ack([{prefix=config set, name=osd_memory_target_autotune}]=0 v8)=0 v8) ==== 127+0+0 (secure 0 0 0) 0x7fb98c010380 con 0x7fb99c108900
2024-06-13T02:04:34.709 INFO:teuthology.orchestra.run.smithi002.stdout:/usr/bin/ceph: stderr
2024-06-13T02:04:33.929+0000 7fb9a3000700 1 -- 172.21.15.2:0/403152404 >> [v2:172.21.15.2:6800/2988831869,v1:172.21.15.2:6801/2988831869] conn(0x7fb9800391a0 msgr2=0x7fb98003b660 secure :-1 s=STATE_CONNECTION_ESTABLISHED l=1).mark_down
2024-06-13T02:04:34.709 INFO:teuthology.orchestra.run.smithi002.stdout:/usr/bin/ceph: stderr
2024-06-13T02:04:33.929+0000 7fb9a3000700 1 --2- 172.21.15.2:0/403152404 >> [v2:172.21.15.2:6800/2988831869,v1:172.21.15.2:6801/2988831869] conn(0x7fb9800391a0 0x7fb98003b660 secure :-1 s=READY pgs=10 cs=0 l=1 rev1=1 crypto rx=0x7fb988006fd0 tx=0x7fb988006e40 comp rx=0 tx=0).stop
2024-06-13T02:04:34.710 INFO:teuthology.orchestra.run.smithi002.stdout:/usr/bin/ceph: stderr
2024-06-13T02:04:33.929+0000 7fb9a3000700 1 -- 172.21.15.2:0/403152404 >> [v2:172.21.15.2:3300/0,v1:172.21.15.2:6789/0] conn(0x7fb99c108900 msgr2=0x7fb99c19dfd0 secure :-1 s=STATE_CONNECTION_ESTABLISHED l=1).mark_down
