2024-06-13T04:23:41.575+0000 7f3b0be00700 1 --2- 172.21.15.12:0/2113208972 >> [v2:172.21.15.12:3300/0,v1:172.21.15.12:6789/0] conn(0x7f3b0c10a170 0x7f3b0c19e120 secure :-1 s=READY pgs=46 cs=0 l=1 rev1=1 crypto rx=0x7f3afc000c00 tx=0x7f3afc011c10 comp rx=0 tx=0).ready entity=mon.0 client_cookie=0 server_cookie=0 in_seq=0 out_seq=0
2024-06-13T04:23:49.017 INFO:teuthology.orchestra.run.smithi012.stdout:/usr/bin/ceph: stderr
2024-06-13T04:23:41.575+0000 7f3b08c00700 1 -- 172.21.15.12:0/2113208972 <== mon.0 v2:172.21.15.12:3300/0 1 ==== mon_map magic: 0 ==== 205+0+0 (secure 0 0 0) 0x7f3afc003b20 con 0x7f3b0c10a170
2024-06-13T04:23:49.017 INFO:teuthology.orchestra.run.smithi012.stdout:/usr/bin/ceph: stderr
2024-06-13T04:23:41.575+0000 7f3b08c00700 1 -- 172.21.15.12:0/2113208972 <== mon.0 v2:172.21.15.12:3300/0 2 ==== config(27 keys) ==== 1109+0+0 (secure 0 0 0) 0x7f3afc003cc0 con 0x7f3b0c10a170
2024-06-13T04:23:49.017 INFO:teuthology.orchestra.run.smithi012.stdout:/usr/bin/ceph: stderr
2024-06-13T04:23:41.575+0000 7f3b08c00700 1 -- 172.21.15.12:0/2113208972 <== mon.0 v2:172.21.15.12:3300/0 3 ==== mon_map magic: 0 ==== 205+0+0 (secure 0 0 0) 0x7f3afc024910 con 0x7f3b0c10a170
2024-06-13T04:23:49.017 INFO:teuthology.orchestra.run.smithi012.stdout:/usr/bin/ceph: stderr
2024-06-13T04:23:41.575+0000 7f3b13000700 1 -- 172.21.15.12:0/2113208972 --> [v2:172.21.15.12:3300/0,v1:172.21.15.12:6789/0] -- mon_subscribe({mgrmap=0+}) -- 0x7f3b0c19e8f0 con 0x7f3b0c10a170
2024-06-13T04:23:49.017 INFO:teuthology.orchestra.run.smithi012.stdout:/usr/bin/ceph: stderr
2024-06-13T04:23:41.576+0000 7f3b13000700 1 -- 172.21.15.12:0/2113208972 --> [v2:172.21.15.12:3300/0,v1:172.21.15.12:6789/0] -- mon_subscribe({osdmap=0}) -- 0x7f3b0c1a15e0 con 0x7f3b0c10a170
2024-06-13T04:23:49.017 INFO:teuthology.orchestra.run.smithi012.stdout:/usr/bin/ceph: stderr
2024-06-13T04:23:41.577+0000 7f3b13000700 1 -- 172.21.15.12:0/2113208972 --> [v2:172.21.15.12:3300/0,v1:172.21.15.12:6789/0] -- mon_command({"prefix": "get_command_descriptions"} v 0) -- 0x7f3b0c063af0 con 0x7f3b0c10a170
2024-06-13T04:23:49.017 INFO:teuthology.orchestra.run.smithi012.stdout:/usr/bin/ceph: stderr
2024-06-13T04:23:41.577+0000 7f3b08c00700 1 -- 172.21.15.12:0/2113208972 <== mon.0 v2:172.21.15.12:3300/0 4 ==== mgrmap(e 8) ==== 46287+0+0 (secure 0 0 0) 0x7f3afc022020 con 0x7f3b0c10a170
2024-06-13T04:23:49.017 INFO:teuthology.orchestra.run.smithi012.stdout:/usr/bin/ceph: stderr
2024-06-13T04:23:41.577+0000 7f3b08c00700 1 --2- 172.21.15.12:0/2113208972 >> [v2:172.21.15.12:6800/2329480994,v1:172.21.15.12:6801/2329480994] conn(0x7f3af00390a0 0x7f3af003b560 unknown :-1 s=NONE pgs=0 cs=0 l=1 rev1=0 crypto rx=0 tx=0 comp rx=0 tx=0).connect
2024-06-13T04:23:49.017 INFO:teuthology.orchestra.run.smithi012.stdout:/usr/bin/ceph: stderr
2024-06-13T04:23:41.577+0000 7f3b08c00700 1 -- 172.21.15.12:0/2113208972 <== mon.0 v2:172.21.15.12:3300/0 5 ==== osd_map(2..2 src has 1..2) ==== 940+0+0 (secure 0 0 0) 0x7f3afc011e00 con 0x7f3b0c10a170
2024-06-13T04:23:49.017 INFO:teuthology.orchestra.run.smithi012.stdout:/usr/bin/ceph: stderr
2024-06-13T04:23:41.578+0000 7f3b0b400700 1 --2- 172.21.15.12:0/2113208972 >> [v2:172.21.15.12:6800/2329480994,v1:172.21.15.12:6801/2329480994] conn(0x7f3af00390a0 0x7f3af003b560 unknown :-1 s=BANNER_CONNECTING pgs=0 cs=0 l=1 rev1=0 crypto rx=0 tx=0 comp rx=0 tx=0)._handle_peer_banner_payload supported=3 required=0
2024-06-13T04:23:49.018 INFO:teuthology.orchestra.run.smithi012.stdout:/usr/bin/ceph: stderr
2024-06-13T04:23:41.578+0000 7f3b0b400700 1 --2- 172.21.15.12:0/2113208972 >> [v2:172.21.15.12:6800/2329480994,v1:172.21.15.12:6801/2329480994] conn(0x7f3af00390a0 0x7f3af003b560 secure :-1 s=READY pgs=11 cs=0 l=1 rev1=1 crypto rx=0x7f3af8006fd0 tx=0x7f3af8006e40 comp rx=0 tx=0).ready entity=mgr.14120 client_cookie=0 server_cookie=0 in_seq=0 out_seq=0
2024-06-13T04:23:49.018 INFO:teuthology.orchestra.run.smithi012.stdout:/usr/bin/ceph: stderr
2024-06-13T04:23:41.583+0000 7f3b08c00700 1 -- 172.21.15.12:0/2113208972 <== mon.0 v2:172.21.15.12:3300/0 6 ==== mon_command_ack([{"prefix": "get_command_descriptions"}]=0 v0) ==== 72+0+186418 (secure 0 0 0) 0x7f3afc01ad80 con 0x7f3b0c10a170
2024-06-13T04:23:49.018 INFO:teuthology.orchestra.run.smithi012.stdout:/usr/bin/ceph: stderr
2024-06-13T04:23:41.815+0000 7f3b13000700 1 -- 172.21.15.12:0/2113208972 --> [v2:172.21.15.12:6800/2329480994,v1:172.21.15.12:6801/2329480994] -- mgr_command(tid 0: {"prefix": "orch host add", "hostname": "smithi012", "addr": "172.21.15.12", "target": ["mon-mgr", ""]}) -- 0x7f3b0c107c00 con 0x7f3af00390a0
2024-06-13T04:23:49.018 INFO:teuthology.orchestra.run.smithi012.stdout:/usr/bin/ceph: stderr
2024-06-13T04:23:48.252+0000 7f3b08c00700 1 -- 172.21.15.12:0/2113208972 <== mgr.14120 v2:172.21.15.12:6800/2329480994 1 ==== mgr_command_reply(tid 0: 0 ) ==== 8+0+48 (secure 0 0 0) 0x7f3b0c107c00 con 0x7f3af00390a0
2024-06-13T04:23:49.019 INFO:teuthology.orchestra.run.smithi012.stdout:/usr/bin/ceph: stderr
2024-06-13T04:23:48.257+0000 7f3b13000700 1 -- 172.21.15.12:0/2113208972 >> [v2:172.21.15.12:6800/2329480994,v1:172.21.15.12:6801/2329480994] conn(0x7f3af00390a0 msgr2=0x7f3af003b560 secure :-1 s=STATE_CONNECTION_ESTABLISHED l=1).mark_down
2024-06-13T04:23:49.019 INFO:teuthology.orchestra.run.smithi012.stdout:/usr/bin/ceph: stderr
2024-06-13T04:23:48.257+0000 7f3b13000700 1 --2- 172.21.15.12:0/2113208972 >> [v2:172.21.15.12:6800/2329480994,v1:172.21.15.12:6801/2329480994] conn(0x7f3af00390a0 0x7f3af003b560 secure :-1 s=READY pgs=11 cs=0 l=1 rev1=1 crypto rx=0x7f3af8006fd0 tx=0x7f3af8006e40 comp rx=0 tx=0).stop
2024-06-13T04:23:49.019 INFO:teuthology.orchestra.run.smithi012.stdout:/usr/bin/ceph: stderr
2024-06-13T04:23:48.257+0000 7f3b13000700 1 -- 172.21.15.12:0/2113208972 >> [v2:172.21.15.12:3300/0,v1:172.21.15.12:6789/0] conn(0x7f3b0c10a170 msgr2=0x7f3b0c19e120 secure :-1 s=STATE_CONNECTION_ESTABLISHED l=1).mark_down
2024-06-13T04:23:49.019 INFO:teuthology.orchestra.run.smithi012.stdout:/usr/bin/ceph: stderr
2024-06-13T04:23:48.257+0000 7f3b13000700 1 --2- 172.21.15.12:0/2113208972 >> [v2:172.21.15.12:3300/0,v1:172.21.15.12:6789/0] conn(0x7f3b0c10a170 0x7f3b0c19e120 secure :-1 s=READY pgs=46 cs=0 l=1 rev1=1 crypto rx=0x7f3afc000c00 tx=0x7f3afc011c10 comp rx=0 tx=0).stop
2024-06-13T04:23:49.019 INFO:teuthology.orchestra.run.smithi012.stdout:/usr/bin/ceph: stderr
2024-06-13T04:23:48.257+0000 7f3b13000700 1 -- 172.21.15.12:0/2113208972 shutdown_connections
2024-06-13T04:23:49.019 INFO:teuthology.orchestra.run.smithi012.stdout:/usr/bin/ceph: stderr
2024-06-13T04:23:48.257+0000 7f3b13000700 1 --2- 172.21.15.12:0/2113208972 >> [v2:172.21.15.12:6800/2329480994,v1:172.21.15.12:6801/2329480994] conn(0x7f3af00390a0 0x7f3af003b560 unknown :-1 s=CLOSED pgs=11 cs=0 l=1 rev1=1 crypto rx=0 tx=0 comp rx=0 tx=0).stop
2024-06-13T04:23:49.019 INFO:teuthology.orchestra.run.smithi012.stdout:/usr/bin/ceph: stderr
2024-06-13T04:23:48.257+0000 7f3b13000700 1 --2- 172.21.15.12:0/2113208972 >> [v2:172.21.15.12:3300/0,v1:172.21.15.12:6789/0] conn(0x7f3b0c10a170 0x7f3b0c19e120 unknown :-1 s=CLOSED pgs=46 cs=0 l=1 rev1=1 crypto rx=0 tx=0 comp rx=0 tx=0).stop
2024-06-13T04:23:49.020 INFO:teuthology.orchestra.run.smithi012.stdout:/usr/bin/ceph: stderr
2024-06-13T04:23:48.257+0000 7f3b13000700 1 -- 172.21.15.12:0/2113208972 >> 172.21.15.12:0/2113208972 conn(0x7f3b0c07d6c0 msgr2=0x7f3b0c1074f0 unknown :-1 s=STATE_NONE l=0).mark_down
2024-06-13T04:23:49.020 INFO:teuthology.orchestra.run.smithi012.stdout:/usr/bin/ceph: stderr
2024-06-13T04:23:48.258+0000 7f3b13000700 1 -- 172.21.15.12:0/2113208972 shutdown_connections
2024-06-13T04:23:49.020 INFO:teuthology.orchestra.run.smithi012.stdout:/usr/bin/ceph: stderr
2024-06-13T04:23:48.258+0000 7f3b13000700 1 -- 172.21.15.12:0/2113208972 wait complete.
2024-06-13T04:23:49.020 INFO:teuthology.orchestra.run.smithi012.stdout:Deploying unmanaged mon service...
2024-06-13T04:23:49.514 INFO:journalctl@ceph.mon.a.smithi012.stdout:Jun 13 04:23:49 smithi012 ceph-mon[32196]: from='mgr.14120 172.21.15.12:0/2500108724' entity='mgr.x'
2024-06-13T04:23:49.514 INFO:journalctl@ceph.mon.a.smithi012.stdout:Jun 13 04:23:49 smithi012 ceph-mon[32196]: Added host smithi012
2024-06-13T04:23:49.514 INFO:journalctl@ceph.mon.a.smithi012.stdout:Jun 13 04:23:49 smithi012 ceph-mon[32196]: from='mgr.14120 172.21.15.12:0/2500108724' entity='mgr.x' cmd=[{"prefix": "config dump", "format": "json"}]: dispatch
2024-06-13T04:23:50.739 INFO:teuthology.orchestra.run.smithi012.stdout:/usr/bin/ceph: stdout Scheduled mon update...
2024-06-13T04:23:50.739 INFO:teuthology.orchestra.run.smithi012.stdout:/usr/bin/ceph: stderr
2024-06-13T04:23:49.765+0000 7fda63000700 1 Processor -- start
2024-06-13T04:23:50.739 INFO:teuthology.orchestra.run.smithi012.stdout:/usr/bin/ceph: stderr
2024-06-13T04:23:49.765+0000 7fda63000700 1 -- start start
2024-06-13T04:23:50.739 INFO:teuthology.orchestra.run.smithi012.stdout:/usr/bin/ceph: stderr
2024-06-13T04:23:49.766+0000 7fda63000700 1 --2- >> [v2:172.21.15.12:3300/0,v1:172.21.15.12:6789/0] conn(0x7fda5c107f00 0x7fda5c108340 unknown :-1 s=NONE pgs=0 cs=0 l=0 rev1=0 crypto rx=0 tx=0 comp rx=0 tx=0).connect
2024-06-13T04:23:50.739 INFO:teuthology.orchestra.run.smithi012.stdout:/usr/bin/ceph: stderr
2024-06-13T04:23:49.766+0000 7fda63000700 1 -- --> [v2:172.21.15.12:3300/0,v1:172.21.15.12:6789/0] -- mon_getmap magic: 0 -- 0x7fda5c108880 con 0x7fda5c107f00
2024-06-13T04:23:50.739 INFO:teuthology.orchestra.run.smithi012.stdout:/usr/bin/ceph: stderr
2024-06-13T04:23:49.766+0000 7fda5be00700 1 --2- >> [v2:172.21.15.12:3300/0,v1:172.21.15.12:6789/0] conn(0x7fda5c107f00 0x7fda5c108340 unknown :-1 s=BANNER_CONNECTING pgs=0 cs=0 l=0 rev1=0 crypto rx=0 tx=0 comp rx=0 tx=0)._handle_peer_banner_payload supported=3 required=0
2024-06-13T04:23:50.739 INFO:teuthology.orchestra.run.smithi012.stdout:/usr/bin/ceph: stderr
2024-06-13T04:23:49.767+0000 7fda5be00700 1 --2- >> [v2:172.21.15.12:3300/0,v1:172.21.15.12:6789/0] conn(0x7fda5c107f00 0x7fda5c108340 unknown :-1 s=HELLO_CONNECTING pgs=0 cs=0 l=0 rev1=1 crypto rx=0 tx=0 comp rx=0 tx=0).handle_hello peer v2:172.21.15.12:3300/0 says I am v2:172.21.15.12:58268/0 (socket says 172.21.15.12:58268)
2024-06-13T04:23:50.740 INFO:teuthology.orchestra.run.smithi012.stdout:/usr/bin/ceph: stderr
2024-06-13T04:23:49.767+0000 7fda5be00700 1 -- 172.21.15.12:0/2583706745 learned_addr learned my addr 172.21.15.12:0/2583706745 (peer_addr_for_me v2:172.21.15.12:0/0)
2024-06-13T04:23:50.740 INFO:teuthology.orchestra.run.smithi012.stdout:/usr/bin/ceph: stderr
2024-06-13T04:23:49.767+0000 7fda5be00700 1 -- 172.21.15.12:0/2583706745 --> [v2:172.21.15.12:3300/0,v1:172.21.15.12:6789/0] -- mon_subscribe({config=0+,monmap=0+}) -- 0x7fda5c1090e0 con 0x7fda5c107f00
2024-06-13T04:23:50.740 INFO:teuthology.orchestra.run.smithi012.stdout:/usr/bin/ceph: stderr
2024-06-13T04:23:49.768+0000 7fda5be00700 1 --2- 172.21.15.12:0/2583706745 >> [v2:172.21.15.12:3300/0,v1:172.21.15.12:6789/0] conn(0x7fda5c107f00 0x7fda5c108340 secure :-1 s=READY pgs=47 cs=0 l=1 rev1=1 crypto rx=0x7fda4c0098a0 tx=0x7fda4c009bb0 comp rx=0 tx=0).ready entity=mon.0 client_cookie=3aae40e821967c33 server_cookie=0 in_seq=0 out_seq=0
2024-06-13T04:23:50.740 INFO:teuthology.orchestra.run.smithi012.stdout:/usr/bin/ceph: stderr
2024-06-13T04:23:49.768+0000 7fda5aa00700 1 -- 172.21.15.12:0/2583706745 <== mon.0 v2:172.21.15.12:3300/0 1 ==== mon_map magic: 0 ==== 205+0+0 (secure 0 0 0) 0x7fda4c004160 con 0x7fda5c107f00
2024-06-13T04:23:50.744 INFO:teuthology.orchestra.run.smithi012.stdout:/usr/bin/ceph: stderr
2024-06-13T04:23:49.768+0000 7fda5aa00700 1 -- 172.21.15.12:0/2583706745 <== mon.0 v2:172.21.15.12:3300/0 2 ==== config(27 keys) ==== 1109+0+0 (secure 0 0 0) 0x7fda4c004300 con 0x7fda5c107f00
2024-06-13T04:23:50.744 INFO:teuthology.orchestra.run.smithi012.stdout:/usr/bin/ceph: stderr
2024-06-13T04:23:49.768+0000 7fda5aa00700 1 -- 172.21.15.12:0/2583706745 <== mon.0 v2:172.21.15.12:3300/0 3 ==== mon_map magic: 0 ==== 205+0+0 (secure 0 0 0) 0x7fda4c011b50 con 0x7fda5c107f00
2024-06-13T04:23:50.744 INFO:teuthology.orchestra.run.smithi012.stdout:/usr/bin/ceph: stderr
2024-06-13T04:23:49.769+0000 7fda63000700 1 -- 172.21.15.12:0/2583706745 >> [v2:172.21.15.12:3300/0,v1:172.21.15.12:6789/0] conn(0x7fda5c107f00 msgr2=0x7fda5c108340 secure :-1 s=STATE_CONNECTION_ESTABLISHED l=1).mark_down
2024-06-13T04:23:50.744 INFO:teuthology.orchestra.run.smithi012.stdout:/usr/bin/ceph: stderr
2024-06-13T04:23:49.769+0000 7fda63000700 1 --2- 172.21.15.12:0/2583706745 >> [v2:172.21.15.12:3300/0,v1:172.21.15.12:6789/0] conn(0x7fda5c107f00 0x7fda5c108340 secure :-1 s=READY pgs=47 cs=0 l=1 rev1=1 crypto rx=0x7fda4c0098a0 tx=0x7fda4c009bb0 comp rx=0 tx=0).stop
2024-06-13T04:23:50.745 INFO:teuthology.orchestra.run.smithi012.stdout:/usr/bin/ceph: stderr
2024-06-13T04:23:49.769+0000 7fda63000700 1 -- 172.21.15.12:0/2583706745 shutdown_connections
2024-06-13T04:23:50.745 INFO:teuthology.orchestra.run.smithi012.stdout:/usr/bin/ceph: stderr
2024-06-13T04:23:49.769+0000 7fda63000700 1 --2- 172.21.15.12:0/2583706745 >> [v2:172.21.15.12:3300/0,v1:172.21.15.12:6789/0] conn(0x7fda5c107f00 0x7fda5c108340 unknown :-1 s=CLOSED pgs=47 cs=0 l=1 rev1=1 crypto rx=0 tx=0 comp rx=0 tx=0).stop
2024-06-13T04:23:50.745 INFO:teuthology.orchestra.run.smithi012.stdout:/usr/bin/ceph: stderr
2024-06-13T04:23:49.769+0000 7fda63000700 1 -- 172.21.15.12:0/2583706745 >> 172.21.15.12:0/2583706745 conn(0x7fda5c103510 msgr2=0x7fda5c105930 unknown :-1 s=STATE_NONE l=0).mark_down
2024-06-13T04:23:50.745 INFO:teuthology.orchestra.run.smithi012.stdout:/usr/bin/ceph: stderr
2024-06-13T04:23:49.769+0000 7fda63000700 1 -- 172.21.15.12:0/2583706745 shutdown_connections
2024-06-13T04:23:50.745 INFO:teuthology.orchestra.run.smithi012.stdout:/usr/bin/ceph: stderr
2024-06-13T04:23:49.769+0000 7fda63000700 1 -- 172.21.15.12:0/2583706745 wait complete.
2024-06-13T04:23:50.745 INFO:teuthology.orchestra.run.smithi012.stdout:/usr/bin/ceph: stderr
2024-06-13T04:23:49.770+0000 7fda63000700 1 Processor -- start
2024-06-13T04:23:50.745 INFO:teuthology.orchestra.run.smithi012.stdout:/usr/bin/ceph: stderr
2024-06-13T04:23:49.770+0000 7fda63000700 1 -- start start
2024-06-13T04:23:50.745 INFO:teuthology.orchestra.run.smithi012.stdout:/usr/bin/ceph: stderr
2024-06-13T04:23:49.771+0000 7fda63000700 1 --2- >> [v2:172.21.15.12:3300/0,v1:172.21.15.12:6789/0] conn(0x7fda5c107f00 0x7fda5c19e110 unknown :-1 s=NONE pgs=0 cs=0 l=1 rev1=0 crypto rx=0 tx=0 comp rx=0 tx=0).connect
2024-06-13T04:23:50.745 INFO:teuthology.orchestra.run.smithi012.stdout:/usr/bin/ceph: stderr
2024-06-13T04:23:49.771+0000 7fda63000700 1 -- --> [v2:172.21.15.12:3300/0,v1:172.21.15.12:6789/0] -- mon_getmap magic: 0 -- 0x7fda5c10c3a0 con 0x7fda5c107f00
2024-06-13T04:23:50.745 INFO:teuthology.orchestra.run.smithi012.stdout:/usr/bin/ceph: stderr
2024-06-13T04:23:49.771+0000 7fda5be00700 1 --2- >> [v2:172.21.15.12:3300/0,v1:172.21.15.12:6789/0] conn(0x7fda5c107f00 0x7fda5c19e110 unknown :-1 s=BANNER_CONNECTING pgs=0 cs=0 l=1 rev1=0 crypto rx=0 tx=0 comp rx=0 tx=0)._handle_peer_banner_payload supported=3 required=0
2024-06-13T04:23:50.745 INFO:teuthology.orchestra.run.smithi012.stdout:/usr/bin/ceph: stderr
2024-06-13T04:23:49.771+0000 7fda5be00700 1 --2- >> [v2:172.21.15.12:3300/0,v1:172.21.15.12:6789/0] conn(0x7fda5c107f00 0x7fda5c19e110 unknown :-1 s=HELLO_CONNECTING pgs=0 cs=0 l=1 rev1=1 crypto rx=0 tx=0 comp rx=0 tx=0).handle_hello peer v2:172.21.15.12:3300/0 says I am v2:172.21.15.12:58272/0 (socket says 172.21.15.12:58272)
2024-06-13T04:23:50.745 INFO:teuthology.orchestra.run.smithi012.stdout:/usr/bin/ceph: stderr
2024-06-13T04:23:49.771+0000 7fda5be00700 1 -- 172.21.15.12:0/4284051 learned_addr learned my addr 172.21.15.12:0/4284051 (peer_addr_for_me v2:172.21.15.12:0/0)
2024-06-13T04:23:50.745 INFO:teuthology.orchestra.run.smithi012.stdout:/usr/bin/ceph: stderr
2024-06-13T04:23:49.771+0000 7fda5be00700 1 -- 172.21.15.12:0/4284051 --> [v2:172.21.15.12:3300/0,v1:172.21.15.12:6789/0] -- mon_subscribe({config=0+,monmap=0+}) -- 0x7fda5c19e650 con 0x7fda5c107f00
2024-06-13T04:23:50.746 INFO:teuthology.orchestra.run.smithi012.stdout:/usr/bin/ceph: stderr
2024-06-13T04:23:49.772+0000 7fda5be00700 1 --2- 172.21.15.12:0/4284051 >> [v2:172.21.15.12:3300/0,v1:172.21.15.12:6789/0] conn(0x7fda5c107f00 0x7fda5c19e110 secure :-1 s=READY pgs=48 cs=0 l=1 rev1=1 crypto rx=0x7fda4c000c00 tx=0x7fda4c011c10 comp rx=0 tx=0).ready entity=mon.0 client_cookie=0 server_cookie=0 in_seq=0 out_seq=0
2024-06-13T04:23:50.746 INFO:teuthology.orchestra.run.smithi012.stdout:/usr/bin/ceph: stderr
2024-06-13T04:23:49.772+0000 7fda58c00700 1 -- 172.21.15.12:0/4284051 <== mon.0 v2:172.21.15.12:3300/0 1 ==== mon_map magic: 0 ==== 205+0+0 (secure 0 0 0) 0x7fda4c003b20 con 0x7fda5c107f00
2024-06-13T04:23:50.746 INFO:teuthology.orchestra.run.smithi012.stdout:/usr/bin/ceph: stderr
2024-06-13T04:23:49.772+0000 7fda58c00700 1 -- 172.21.15.12:0/4284051 <== mon.0 v2:172.21.15.12:3300/0 2 ==== config(27 keys) ==== 1109+0+0 (secure 0 0 0) 0x7fda4c003cc0 con 0x7fda5c107f00
2024-06-13T04:23:50.746 INFO:teuthology.orchestra.run.smithi012.stdout:/usr/bin/ceph: stderr
2024-06-13T04:23:49.772+0000 7fda63000700 1 -- 172.21.15.12:0/4284051 --> [v2:172.21.15.12:3300/0,v1:172.21.15.12:6789/0] -- mon_subscribe({mgrmap=0+}) -- 0x7fda5c19e8e0 con 0x7fda5c107f00
2024-06-13T04:23:50.746 INFO:teuthology.orchestra.run.smithi012.stdout:/usr/bin/ceph: stderr
2024-06-13T04:23:49.772+0000 7fda58c00700 1 -- 172.21.15.12:0/4284051 <== mon.0 v2:172.21.15.12:3300/0 3 ==== mon_map magic: 0 ==== 205+0+0 (secure 0 0 0) 0x7fda4c024910 con 0x7fda5c107f00
2024-06-13T04:23:50.746 INFO:teuthology.orchestra.run.smithi012.stdout:/usr/bin/ceph: stderr
2024-06-13T04:23:49.772+0000 7fda63000700 1 -- 172.21.15.12:0/4284051 --> [v2:172.21.15.12:3300/0,v1:172.21.15.12:6789/0] -- mon_subscribe({osdmap=0}) -- 0x7fda5c1a15d0 con 0x7fda5c107f00
2024-06-13T04:23:50.746 INFO:teuthology.orchestra.run.smithi012.stdout:/usr/bin/ceph: stderr
2024-06-13T04:23:49.773+0000 7fda58c00700 1 -- 172.21.15.12:0/4284051 <== mon.0 v2:172.21.15.12:3300/0 4 ==== mgrmap(e 8) ==== 46287+0+0 (secure 0 0 0) 0x7fda4c022020 con 0x7fda5c107f00
2024-06-13T04:23:50.746 INFO:teuthology.orchestra.run.smithi012.stdout:/usr/bin/ceph: stderr
2024-06-13T04:23:49.774+0000 7fda63000700 1 -- 172.21.15.12:0/4284051 --> [v2:172.21.15.12:3300/0,v1:172.21.15.12:6789/0] -- mon_command({"prefix": "get_command_descriptions"} v 0) -- 0x7fda5c10c520 con 0x7fda5c107f00
2024-06-13T04:23:50.746 INFO:teuthology.orchestra.run.smithi012.stdout:/usr/bin/ceph: stderr
2024-06-13T04:23:49.774+0000 7fda58c00700 1 --2- 172.21.15.12:0/4284051 >> [v2:172.21.15.12:6800/2329480994,v1:172.21.15.12:6801/2329480994] conn(0x7fda400390a0 0x7fda4003b560 unknown :-1 s=NONE pgs=0 cs=0 l=1 rev1=0 crypto rx=0 tx=0 comp rx=0 tx=0).connect
2024-06-13T04:23:50.746 INFO:teuthology.orchestra.run.smithi012.stdout:/usr/bin/ceph: stderr
2024-06-13T04:23:49.774+0000 7fda58c00700 1 -- 172.21.15.12:0/4284051 <== mon.0 v2:172.21.15.12:3300/0 5 ==== osd_map(2..2 src has 1..2) ==== 940+0+0 (secure 0 0 0) 0x7fda4c011e00 con 0x7fda5c107f00
2024-06-13T04:23:50.746 INFO:teuthology.orchestra.run.smithi012.stdout:/usr/bin/ceph: stderr
2024-06-13T04:23:49.774+0000 7fda5b400700 1 --2- 172.21.15.12:0/4284051 >> [v2:172.21.15.12:6800/2329480994,v1:172.21.15.12:6801/2329480994] conn(0x7fda400390a0 0x7fda4003b560 unknown :-1 s=BANNER_CONNECTING pgs=0 cs=0 l=1 rev1=0 crypto rx=0 tx=0 comp rx=0 tx=0)._handle_peer_banner_payload supported=3 required=0
2024-06-13T04:23:50.746 INFO:teuthology.orchestra.run.smithi012.stdout:/usr/bin/ceph: stderr
2024-06-13T04:23:49.775+0000 7fda5b400700 1 --2- 172.21.15.12:0/4284051 >> [v2:172.21.15.12:6800/2329480994,v1:172.21.15.12:6801/2329480994] conn(0x7fda400390a0 0x7fda4003b560 secure :-1 s=READY pgs=12 cs=0 l=1 rev1=1 crypto rx=0x7fda48006fd0 tx=0x7fda48006e40 comp rx=0 tx=0).ready entity=mgr.14120 client_cookie=0 server_cookie=0 in_seq=0 out_seq=0
2024-06-13T04:23:50.747 INFO:teuthology.orchestra.run.smithi012.stdout:/usr/bin/ceph: stderr
2024-06-13T04:23:49.780+0000 7fda58c00700 1 -- 172.21.15.12:0/4284051 <== mon.0 v2:172.21.15.12:3300/0 6 ==== mon_command_ack([{"prefix": "get_command_descriptions"}]=0 v0) ==== 72+0+186418 (secure 0 0 0) 0x7fda4c017ca0 con 0x7fda5c107f00
2024-06-13T04:23:50.747 INFO:teuthology.orchestra.run.smithi012.stdout:/usr/bin/ceph: stderr
2024-06-13T04:23:50.033+0000 7fda63000700 1 -- 172.21.15.12:0/4284051 --> [v2:172.21.15.12:6800/2329480994,v1:172.21.15.12:6801/2329480994] -- mgr_command(tid 0: {"prefix": "orch apply", "service_type": "mon", "unmanaged": true, "target": ["mon-mgr", ""]}) -- 0x7fda5c1046b0 con 0x7fda400390a0
2024-06-13T04:23:50.747 INFO:teuthology.orchestra.run.smithi012.stdout:/usr/bin/ceph: stderr
2024-06-13T04:23:50.042+0000 7fda58c00700 1 -- 172.21.15.12:0/4284051 <== mgr.14120 v2:172.21.15.12:6800/2329480994 1 ==== mgr_command_reply(tid 0: 0 ) ==== 8+0+24 (secure 0 0 0) 0x7fda5c1046b0 con 0x7fda400390a0
2024-06-13T04:23:50.747 INFO:teuthology.orchestra.run.smithi012.stdout:/usr/bin/ceph: stderr
2024-06-13T04:23:50.045+0000 7fda63000700 1 -- 172.21.15.12:0/4284051 >> [v2:172.21.15.12:6800/2329480994,v1:172.21.15.12:6801/2329480994] conn(0x7fda400390a0 msgr2=0x7fda4003b560 secure :-1 s=STATE_CONNECTION_ESTABLISHED l=1).mark_down
2024-06-13T04:23:50.747 INFO:teuthology.orchestra.run.smithi012.stdout:/usr/bin/ceph: stderr
2024-06-13T04:23:50.046+0000 7fda63000700 1 --2- 172.21.15.12:0/4284051 >> [v2:172.21.15.12:6800/2329480994,v1:172.21.15.12:6801/2329480994] conn(0x7fda400390a0 0x7fda4003b560 secure :-1 s=READY pgs=12 cs=0 l=1 rev1=1 crypto rx=0x7fda48006fd0 tx=0x7fda48006e40 comp rx=0 tx=0).stop
2024-06-13T04:23:50.747 INFO:teuthology.orchestra.run.smithi012.stdout:/usr/bin/ceph: stderr
2024-06-13T04:23:50.046+0000 7fda63000700 1 -- 172.21.15.12:0/4284051 >> [v2:172.21.15.12:3300/0,v1:172.21.15.12:6789/0] conn(0x7fda5c107f00 msgr2=0x7fda5c19e110 secure :-1 s=STATE_CONNECTION_ESTABLISHED l=1).mark_down
2024-06-13T04:23:50.747 INFO:teuthology.orchestra.run.smithi012.stdout:/usr/bin/ceph: stderr
2024-06-13T04:23:50.046+0000 7fda63000700 1 --2- 172.21.15.12:0/4284051 >> [v2:172.21.15.12:3300/0,v1:172.21.15.12:6789/0] conn(0x7fda5c107f00 0x7fda5c19e110 secure :-1 s=READY pgs=48 cs=0 l=1 rev1=1 crypto rx=0x7fda4c000c00 tx=0x7fda4c011c10 comp rx=0 tx=0).stop
2024-06-13T04:23:50.747 INFO:teuthology.orchestra.run.smithi012.stdout:/usr/bin/ceph: stderr
2024-06-13T04:23:50.046+0000 7fda63000700 1 -- 172.21.15.12:0/4284051 shutdown_connections
2024-06-13T04:23:50.747 INFO:teuthology.orchestra.run.smithi012.stdout:/usr/bin/ceph: stderr
2024-06-13T04:23:50.046+0000 7fda63000700 1 --2- 172.21.15.12:0/4284051 >> [v2:172.21.15.12:6800/2329480994,v1:172.21.15.12:6801/2329480994] conn(0x7fda400390a0 0x7fda4003b560 unknown :-1 s=CLOSED pgs=12 cs=0 l=1 rev1=1 crypto rx=0 tx=0 comp rx=0 tx=0).stop
2024-06-13T04:23:50.747 INFO:teuthology.orchestra.run.smithi012.stdout:/usr/bin/ceph: stderr
2024-06-13T04:23:50.046+0000 7fda63000700 1 --2- 172.21.15.12:0/4284051 >> [v2:172.21.15.12:3300/0,v1:172.21.15.12:6789/0] conn(0x7fda5c107f00 0x7fda5c19e110 unknown :-1 s=CLOSED pgs=48 cs=0 l=1 rev1=1 crypto rx=0 tx=0 comp rx=0 tx=0).stop
2024-06-13T04:23:50.747 INFO:teuthology.orchestra.run.smithi012.stdout:/usr/bin/ceph: stderr
2024-06-13T04:23:50.046+0000 7fda63000700 1 -- 172.21.15.12:0/4284051 >> 172.21.15.12:0/4284051 conn(0x7fda5c103510 msgr2=0x7fda5c103fa0 unknown :-1 s=STATE_NONE l=0).mark_down
2024-06-13T04:23:50.747 INFO:teuthology.orchestra.run.smithi012.stdout:/usr/bin/ceph: stderr
2024-06-13T04:23:50.046+0000 7fda63000700 1 -- 172.21.15.12:0/4284051 shutdown_connections
2024-06-13T04:23:50.747 INFO:teuthology.orchestra.run.smithi012.stdout:/usr/bin/ceph: stderr
2024-06-13T04:23:50.046+0000 7fda63000700 1 -- 172.21.15.12:0/4284051 wait complete.
2024-06-13T04:23:50.747 INFO:teuthology.orchestra.run.smithi012.stdout:Deploying unmanaged mgr service...
2024-06-13T04:23:51.263 INFO:journalctl@ceph.mon.a.smithi012.stdout:Jun 13 04:23:51 smithi012 ceph-mon[32196]: from='client.14142 -' entity='client.admin' cmd=[{"prefix": "orch apply", "service_type": "mon", "unmanaged": true, "target": ["mon-mgr", ""]}]: dispatch
2024-06-13T04:23:51.263 INFO:journalctl@ceph.mon.a.smithi012.stdout:Jun 13 04:23:51 smithi012 ceph-mon[32196]: Saving service mon spec with placement count:5
2024-06-13T04:23:51.263 INFO:journalctl@ceph.mon.a.smithi012.stdout:Jun 13 04:23:51 smithi012 ceph-mon[32196]: from='mgr.14120 172.21.15.12:0/2500108724' entity='mgr.x'
2024-06-13T04:23:52.907 INFO:teuthology.orchestra.run.smithi012.stdout:/usr/bin/ceph: stdout Scheduled mgr update...
2024-06-13T04:23:52.907 INFO:teuthology.orchestra.run.smithi012.stdout:/usr/bin/ceph: stderr
2024-06-13T04:23:51.724+0000 7feb77e00700 1 Processor -- start
2024-06-13T04:23:52.908 INFO:teuthology.orchestra.run.smithi012.stdout:/usr/bin/ceph: stderr
2024-06-13T04:23:51.724+0000 7feb77e00700 1 -- start start
2024-06-13T04:23:52.908 INFO:teuthology.orchestra.run.smithi012.stdout:/usr/bin/ceph: stderr
2024-06-13T04:23:51.724+0000 7feb77e00700 1 --2- >> [v2:172.21.15.12:3300/0,v1:172.21.15.12:6789/0] conn(0x7feb78108880 0x7feb7810ac70 unknown :-1 s=NONE pgs=0 cs=0 l=0 rev1=0 crypto rx=0 tx=0 comp rx=0 tx=0).connect
2024-06-13T04:23:52.908 INFO:teuthology.orchestra.run.smithi012.stdout:/usr/bin/ceph: stderr
2024-06-13T04:23:51.724+0000 7feb77e00700 1 -- --> [v2:172.21.15.12:3300/0,v1:172.21.15.12:6789/0] -- mon_getmap magic: 0 -- 0x7feb7807be30 con 0x7feb78108880
2024-06-13T04:23:52.908 INFO:teuthology.orchestra.run.smithi012.stdout:/usr/bin/ceph: stderr
2024-06-13T04:23:51.725+0000 7feb76a00700 1 --2- >> [v2:172.21.15.12:3300/0,v1:172.21.15.12:6789/0] conn(0x7feb78108880 0x7feb7810ac70 unknown :-1 s=BANNER_CONNECTING pgs=0 cs=0 l=0 rev1=0 crypto rx=0 tx=0 comp rx=0 tx=0)._handle_peer_banner_payload supported=3 required=0
2024-06-13T04:23:52.908 INFO:teuthology.orchestra.run.smithi012.stdout:/usr/bin/ceph: stderr
2024-06-13T04:23:51.725+0000 7feb76a00700 1 --2- >> [v2:172.21.15.12:3300/0,v1:172.21.15.12:6789/0] conn(0x7feb78108880 0x7feb7810ac70 unknown :-1 s=HELLO_CONNECTING pgs=0 cs=0 l=0 rev1=1 crypto rx=0 tx=0 comp rx=0 tx=0).handle_hello peer v2:172.21.15.12:3300/0 says I am v2:172.21.15.12:58288/0 (socket says 172.21.15.12:58288)
2024-06-13T04:23:52.908 INFO:teuthology.orchestra.run.smithi012.stdout:/usr/bin/ceph: stderr
2024-06-13T04:23:51.725+0000 7feb76a00700 1 -- 172.21.15.12:0/1122402349 learned_addr learned my addr 172.21.15.12:0/1122402349 (peer_addr_for_me v2:172.21.15.12:0/0)
2024-06-13T04:23:52.908 INFO:teuthology.orchestra.run.smithi012.stdout:/usr/bin/ceph: stderr
2024-06-13T04:23:51.726+0000 7feb76a00700 1 -- 172.21.15.12:0/1122402349 --> [v2:172.21.15.12:3300/0,v1:172.21.15.12:6789/0] -- mon_subscribe({config=0+,monmap=0+}) -- 0x7feb7810b1b0 con 0x7feb78108880
2024-06-13T04:23:52.908 INFO:teuthology.orchestra.run.smithi012.stdout:/usr/bin/ceph: stderr
2024-06-13T04:23:51.726+0000 7feb76a00700 1 --2- 172.21.15.12:0/1122402349 >> [v2:172.21.15.12:3300/0,v1:172.21.15.12:6789/0] conn(0x7feb78108880 0x7feb7810ac70 secure :-1 s=READY pgs=49 cs=0 l=1 rev1=1 crypto rx=0x7feb680098a0 tx=0x7feb68009bb0 comp rx=0 tx=0).ready entity=mon.0 client_cookie=be21e4dc4debcd75 server_cookie=0 in_seq=0 out_seq=0
2024-06-13T04:23:52.908 INFO:teuthology.orchestra.run.smithi012.stdout:/usr/bin/ceph: stderr
2024-06-13T04:23:51.726+0000 7feb75600700 1 -- 172.21.15.12:0/1122402349 <== mon.0 v2:172.21.15.12:3300/0 1 ==== mon_map magic: 0 ==== 205+0+0 (secure 0 0 0) 0x7feb68004160 con 0x7feb78108880
2024-06-13T04:23:52.908 INFO:teuthology.orchestra.run.smithi012.stdout:/usr/bin/ceph: stderr
2024-06-13T04:23:51.726+0000 7feb75600700 1 -- 172.21.15.12:0/1122402349 <== mon.0 v2:172.21.15.12:3300/0 2 ==== config(27 keys) ==== 1109+0+0 (secure 0 0 0) 0x7feb68004300 con 0x7feb78108880
2024-06-13T04:23:52.908 INFO:teuthology.orchestra.run.smithi012.stdout:/usr/bin/ceph: stderr
2024-06-13T04:23:51.726+0000 7feb75600700 1 -- 172.21.15.12:0/1122402349 <== mon.0 v2:172.21.15.12:3300/0 3 ==== mon_map magic: 0 ==== 205+0+0 (secure 0 0 0) 0x7feb68011b50 con 0x7feb78108880
2024-06-13T04:23:52.908 INFO:teuthology.orchestra.run.smithi012.stdout:/usr/bin/ceph: stderr
2024-06-13T04:23:51.727+0000 7feb77e00700 1 -- 172.21.15.12:0/1122402349 >> [v2:172.21.15.12:3300/0,v1:172.21.15.12:6789/0] conn(0x7feb78108880 msgr2=0x7feb7810ac70 secure :-1 s=STATE_CONNECTION_ESTABLISHED l=1).mark_down
2024-06-13T04:23:52.908 INFO:teuthology.orchestra.run.smithi012.stdout:/usr/bin/ceph: stderr
2024-06-13T04:23:51.727+0000 7feb77e00700 1 --2- 172.21.15.12:0/1122402349 >> [v2:172.21.15.12:3300/0,v1:172.21.15.12:6789/0] conn(0x7feb78108880 0x7feb7810ac70 secure :-1 s=READY pgs=49 cs=0 l=1 rev1=1 crypto rx=0x7feb680098a0 tx=0x7feb68009bb0 comp rx=0 tx=0).stop
2024-06-13T04:23:52.909 INFO:teuthology.orchestra.run.smithi012.stdout:/usr/bin/ceph: stderr
2024-06-13T04:23:51.727+0000 7feb77e00700 1 -- 172.21.15.12:0/1122402349 shutdown_connections
2024-06-13T04:23:52.909 INFO:teuthology.orchestra.run.smithi012.stdout:/usr/bin/ceph: stderr
2024-06-13T04:23:51.727+0000 7feb77e00700 1 --2- 172.21.15.12:0/1122402349 >> [v2:172.21.15.12:3300/0,v1:172.21.15.12:6789/0] conn(0x7feb78108880 0x7feb7810ac70 unknown :-1 s=CLOSED pgs=49 cs=0 l=1 rev1=1 crypto rx=0 tx=0 comp rx=0 tx=0).stop
2024-06-13T04:23:52.909 INFO:teuthology.orchestra.run.smithi012.stdout:/usr/bin/ceph: stderr
2024-06-13T04:23:51.727+0000 7feb77e00700 1 -- 172.21.15.12:0/1122402349 >> 172.21.15.12:0/1122402349 conn(0x7feb781021f0 msgr2=0x7feb78104670 unknown :-1 s=STATE_NONE l=0).mark_down
2024-06-13T04:23:52.909 INFO:teuthology.orchestra.run.smithi012.stdout:/usr/bin/ceph: stderr
2024-06-13T04:23:51.727+0000 7feb77e00700 1 -- 172.21.15.12:0/1122402349 shutdown_connections
2024-06-13T04:23:52.909 INFO:teuthology.orchestra.run.smithi012.stdout:/usr/bin/ceph: stderr
2024-06-13T04:23:51.728+0000 7feb77e00700 1 -- 172.21.15.12:0/1122402349 wait complete.
2024-06-13T04:23:52.909 INFO:teuthology.orchestra.run.smithi012.stdout:/usr/bin/ceph: stderr
2024-06-13T04:23:51.729+0000 7feb77e00700 1 Processor -- start
2024-06-13T04:23:52.909 INFO:teuthology.orchestra.run.smithi012.stdout:/usr/bin/ceph: stderr
2024-06-13T04:23:51.729+0000 7feb77e00700 1 -- start start
2024-06-13T04:23:52.909 INFO:teuthology.orchestra.run.smithi012.stdout:/usr/bin/ceph: stderr
2024-06-13T04:23:51.729+0000 7feb77e00700 1 --2- >> [v2:172.21.15.12:3300/0,v1:172.21.15.12:6789/0] conn(0x7feb78108880 0x7feb78108100 unknown :-1 s=NONE pgs=0 cs=0 l=1 rev1=0 crypto rx=0 tx=0 comp rx=0 tx=0).connect
2024-06-13T04:23:52.909 INFO:teuthology.orchestra.run.smithi012.stdout:/usr/bin/ceph: stderr
2024-06-13T04:23:51.729+0000 7feb77e00700 1 -- --> [v2:172.21.15.12:3300/0,v1:172.21.15.12:6789/0] -- mon_getmap magic: 0 -- 0x7feb7810c170 con 0x7feb78108880
2024-06-13T04:23:52.909 INFO:teuthology.orchestra.run.smithi012.stdout:/usr/bin/ceph: stderr
2024-06-13T04:23:51.729+0000 7feb76a00700 1 --2- >> [v2:172.21.15.12:3300/0,v1:172.21.15.12:6789/0] conn(0x7feb78108880 0x7feb78108100 unknown :-1 s=BANNER_CONNECTING pgs=0 cs=0 l=1 rev1=0 crypto rx=0 tx=0 comp rx=0 tx=0)._handle_peer_banner_payload supported=3 required=0
2024-06-13T04:23:52.909 INFO:teuthology.orchestra.run.smithi012.stdout:/usr/bin/ceph: stderr
2024-06-13T04:23:51.729+0000 7feb76a00700 1 --2- >> [v2:172.21.15.12:3300/0,v1:172.21.15.12:6789/0] conn(0x7feb78108880 0x7feb78108100 unknown :-1 s=HELLO_CONNECTING pgs=0 cs=0 l=1 rev1=1 crypto rx=0 tx=0 comp rx=0 tx=0).handle_hello peer v2:172.21.15.12:3300/0 says I am v2:172.21.15.12:58300/0 (socket says 172.21.15.12:58300)
2024-06-13T04:23:52.909 INFO:teuthology.orchestra.run.smithi012.stdout:/usr/bin/ceph: stderr
2024-06-13T04:23:51.729+0000 7feb76a00700 1 -- 172.21.15.12:0/2179642652 learned_addr learned my addr 172.21.15.12:0/2179642652 (peer_addr_for_me v2:172.21.15.12:0/0)
2024-06-13T04:23:52.909 INFO:teuthology.orchestra.run.smithi012.stdout:/usr/bin/ceph: stderr
2024-06-13T04:23:51.730+0000 7feb76a00700 1 -- 172.21.15.12:0/2179642652 --> [v2:172.21.15.12:3300/0,v1:172.21.15.12:6789/0] -- mon_subscribe({config=0+,monmap=0+}) -- 0x7feb78108640 con 0x7feb78108880
2024-06-13T04:23:52.910 INFO:teuthology.orchestra.run.smithi012.stdout:/usr/bin/ceph: stderr
2024-06-13T04:23:51.730+0000 7feb76a00700 1 --2- 172.21.15.12:0/2179642652 >> [v2:172.21.15.12:3300/0,v1:172.21.15.12:6789/0] conn(0x7feb78108880 0x7feb78108100 secure :-1 s=READY pgs=50 cs=0 l=1 rev1=1 crypto rx=0x7feb68011b60 tx=0x7feb68011c40 comp rx=0 tx=0).ready entity=mon.0 client_cookie=0 server_cookie=0 in_seq=0 out_seq=0
2024-06-13T04:23:52.910 INFO:teuthology.orchestra.run.smithi012.stdout:/usr/bin/ceph: stderr
2024-06-13T04:23:51.730+0000 7feb6f400700 1 -- 172.21.15.12:0/2179642652 <== mon.0 v2:172.21.15.12:3300/0 1 ==== mon_map magic: 0 ==== 205+0+0 (secure 0 0 0) 0x7feb68003970 con 0x7feb78108880
2024-06-13T04:23:52.910 INFO:teuthology.orchestra.run.smithi012.stdout:/usr/bin/ceph: stderr
2024-06-13T04:23:51.730+0000 7feb6f400700 1 -- 172.21.15.12:0/2179642652 <== mon.0 v2:172.21.15.12:3300/0 2 ==== config(27 keys) ==== 1109+0+0 (secure 0 0 0) 0x7feb68003b10 con 0x7feb78108880
2024-06-13T04:23:52.910 INFO:teuthology.orchestra.run.smithi012.stdout:/usr/bin/ceph: stderr
2024-06-13T04:23:51.730+0000 7feb6f400700 1 -- 172.21.15.12:0/2179642652 <== mon.0 v2:172.21.15.12:3300/0 3 ==== mon_map magic: 0 ==== 205+0+0 (secure 0 0 0) 0x7feb68024610 con 0x7feb78108880
2024-06-13T04:23:52.910 INFO:teuthology.orchestra.run.smithi012.stdout:/usr/bin/ceph: stderr
2024-06-13T04:23:51.730+0000 7feb77e00700 1 -- 172.21.15.12:0/2179642652 --> [v2:172.21.15.12:3300/0,v1:172.21.15.12:6789/0] -- mon_subscribe({mgrmap=0+}) -- 0x7feb78106830 con 0x7feb78108880
2024-06-13T04:23:52.910 INFO:teuthology.orchestra.run.smithi012.stdout:/usr/bin/ceph: stderr
2024-06-13T04:23:51.731+0000 7feb77e00700 1 -- 172.21.15.12:0/2179642652 --> [v2:172.21.15.12:3300/0,v1:172.21.15.12:6789/0] -- mon_subscribe({osdmap=0}) -- 0x7feb78106d70 con 0x7feb78108880
2024-06-13T04:23:52.910 INFO:teuthology.orchestra.run.smithi012.stdout:/usr/bin/ceph: stderr
2024-06-13T04:23:51.732+0000 7feb6f400700 1 -- 172.21.15.12:0/2179642652 <== mon.0 v2:172.21.15.12:3300/0 4 ==== mgrmap(e 8) ==== 46287+0+0 (secure 0 0 0) 0x7feb6801a430 con 0x7feb78108880
2024-06-13T04:23:52.910 INFO:teuthology.orchestra.run.smithi012.stdout:/usr/bin/ceph: stderr
2024-06-13T04:23:51.732+0000 7feb77e00700 1 -- 172.21.15.12:0/2179642652 --> [v2:172.21.15.12:3300/0,v1:172.21.15.12:6789/0] -- mon_command({"prefix": "get_command_descriptions"} v 0) -- 0x7feb780695b0 con 0x7feb78108880
2024-06-13T04:23:52.910 INFO:teuthology.orchestra.run.smithi012.stdout:/usr/bin/ceph: stderr
2024-06-13T04:23:51.732+0000 7feb6f400700 1 --2- 172.21.15.12:0/2179642652 >> [v2:172.21.15.12:6800/2329480994,v1:172.21.15.12:6801/2329480994] conn(0x7feb5c0390a0 0x7feb5c03b560 unknown :-1 s=NONE pgs=0 cs=0 l=1 rev1=0 crypto rx=0 tx=0 comp rx=0 tx=0).connect
2024-06-13T04:23:52.910 INFO:teuthology.orchestra.run.smithi012.stdout:/usr/bin/ceph: stderr
2024-06-13T04:23:51.732+0000 7feb6f400700 1 -- 172.21.15.12:0/2179642652 <== mon.0 v2:172.21.15.12:3300/0 5 ==== osd_map(2..2 src has 1..2) ==== 940+0+0 (secure 0 0 0) 0x7feb68011e00 con 0x7feb78108880
2024-06-13T04:23:52.910 INFO:teuthology.orchestra.run.smithi012.stdout:/usr/bin/ceph: stderr
2024-06-13T04:23:51.733+0000 7feb76000700 1 --2- 172.21.15.12:0/2179642652 >> [v2:172.21.15.12:6800/2329480994,v1:172.21.15.12:6801/2329480994] conn(0x7feb5c0390a0 0x7feb5c03b560 unknown :-1 s=BANNER_CONNECTING pgs=0 cs=0 l=1 rev1=0 crypto rx=0 tx=0 comp rx=0 tx=0)._handle_peer_banner_payload supported=3 required=0
2024-06-13T04:23:52.910 INFO:teuthology.orchestra.run.smithi012.stdout:/usr/bin/ceph: stderr
2024-06-13T04:23:51.733+0000 7feb76000700 1 --2- 172.21.15.12:0/2179642652 >> [v2:172.21.15.12:6800/2329480994,v1:172.21.15.12:6801/2329480994] conn(0x7feb5c0390a0 0x7feb5c03b560 secure :-1 s=READY pgs=13 cs=0 l=1 rev1=1 crypto rx=0x7feb64006fd0 tx=0x7feb64006e40 comp rx=0 tx=0).ready entity=mgr.14120 client_cookie=0 server_cookie=0 in_seq=0 out_seq=0
2024-06-13T04:23:52.911 INFO:teuthology.orchestra.run.smithi012.stdout:/usr/bin/ceph: stderr
2024-06-13T04:23:51.738+0000 7feb6f400700 1 -- 172.21.15.12:0/2179642652 <== mon.0 v2:172.21.15.12:3300/0 6 ==== mon_command_ack([{"prefix": "get_command_descriptions"}]=0 v0) ==== 72+0+186418 (secure 0 0 0) 0x7feb680212a0 con 0x7feb78108880
2024-06-13T04:23:52.911 INFO:teuthology.orchestra.run.smithi012.stdout:/usr/bin/ceph: stderr
2024-06-13T04:23:51.987+0000 7feb77e00700 1 -- 172.21.15.12:0/2179642652 --> [v2:172.21.15.12:6800/2329480994,v1:172.21.15.12:6801/2329480994] -- mgr_command(tid 0: {"prefix": "orch apply", "service_type": "mgr", "unmanaged": true, "target": ["mon-mgr", ""]}) -- 0x7feb78107510 con 0x7feb5c0390a0
2024-06-13T04:23:52.911 INFO:teuthology.orchestra.run.smithi012.stdout:/usr/bin/ceph: stderr
2024-06-13T04:23:51.994+0000 7feb6f400700 1 -- 172.21.15.12:0/2179642652 <== mgr.14120 v2:172.21.15.12:6800/2329480994 1 ==== mgr_command_reply(tid 0: 0 ) ==== 8+0+24 (secure 0 0 0) 0x7feb78107510 con 0x7feb5c0390a0
2024-06-13T04:23:52.911 INFO:teuthology.orchestra.run.smithi012.stdout:/usr/bin/ceph: stderr
2024-06-13T04:23:51.997+0000 7feb77e00700 1 -- 172.21.15.12:0/2179642652 >> [v2:172.21.15.12:6800/2329480994,v1:172.21.15.12:6801/2329480994] conn(0x7feb5c0390a0 msgr2=0x7feb5c03b560 secure :-1 s=STATE_CONNECTION_ESTABLISHED l=1).mark_down
2024-06-13T04:23:52.911 INFO:teuthology.orchestra.run.smithi012.stdout:/usr/bin/ceph: stderr
2024-06-13T04:23:51.997+0000 7feb77e00700 1 --2- 172.21.15.12:0/2179642652 >> [v2:172.21.15.12:6800/2329480994,v1:172.21.15.12:6801/2329480994] conn(0x7feb5c0390a0 0x7feb5c03b560 secure :-1 s=READY pgs=13 cs=0 l=1 rev1=1 crypto rx=0x7feb64006fd0 tx=0x7feb64006e40 comp rx=0 tx=0).stop
2024-06-13T04:23:52.911 INFO:teuthology.orchestra.run.smithi012.stdout:/usr/bin/ceph: stderr
2024-06-13T04:23:51.997+0000 7feb77e00700 1 -- 172.21.15.12:0/2179642652 >> [v2:172.21.15.12:3300/0,v1:172.21.15.12:6789/0] conn(0x7feb78108880 msgr2=0x7feb78108100 secure :-1 s=STATE_CONNECTION_ESTABLISHED l=1).mark_down
2024-06-13T04:23:52.911 INFO:teuthology.orchestra.run.smithi012.stdout:/usr/bin/ceph: stderr
2024-06-13T04:23:51.997+0000 7feb77e00700 1 --2- 172.21.15.12:0/2179642652 >> [v2:172.21.15.12:3300/0,v1:172.21.15.12:6789/0] conn(0x7feb78108880 0x7feb78108100 secure :-1 s=READY pgs=50 cs=0 l=1 rev1=1 crypto rx=0x7feb68011b60 tx=0x7feb68011c40 comp rx=0 tx=0).stop
2024-06-13T04:23:52.911 INFO:teuthology.orchestra.run.smithi012.stdout:/usr/bin/ceph: stderr
2024-06-13T04:23:51.997+0000 7feb77e00700 1 -- 172.21.15.12:0/2179642652 shutdown_connections
2024-06-13T04:23:52.911 INFO:teuthology.orchestra.run.smithi012.stdout:/usr/bin/ceph: stderr
2024-06-13T04:23:51.997+0000 7feb77e00700 1 --2- 172.21.15.12:0/2179642652 >> [v2:172.21.15.12:6800/2329480994,v1:172.21.15.12:6801/2329480994] conn(0x7feb5c0390a0 0x7feb5c03b560 unknown :-1 s=CLOSED pgs=13 cs=0 l=1 rev1=1 crypto rx=0 tx=0 comp rx=0 tx=0).stop
2024-06-13T04:23:52.911 INFO:teuthology.orchestra.run.smithi012.stdout:/usr/bin/ceph: stderr
2024-06-13T04:23:51.997+0000 7feb77e00700 1 --2- 172.21.15.12:0/2179642652 >> [v2:172.21.15.12:3300/0,v1:172.21.15.12:6789/0] conn(0x7feb78108880 0x7feb78108100 unknown :-1 s=CLOSED pgs=50 cs=0 l=1 rev1=1 crypto rx=0 tx=0 comp rx=0 tx=0).stop
2024-06-13T04:23:52.911 INFO:teuthology.orchestra.run.smithi012.stdout:/usr/bin/ceph: stderr
2024-06-13T04:23:51.997+0000 7feb77e00700 1 -- 172.21.15.12:0/2179642652 >> 172.21.15.12:0/2179642652 conn(0x7feb781021f0 msgr2=0x7feb78102d70 unknown :-1 s=STATE_NONE l=0).mark_down
2024-06-13T04:23:52.911 INFO:teuthology.orchestra.run.smithi012.stdout:/usr/bin/ceph: stderr
2024-06-13T04:23:51.998+0000 7feb77e00700 1 -- 172.21.15.12:0/2179642652 shutdown_connections
2024-06-13T04:23:52.911 INFO:teuthology.orchestra.run.smithi012.stdout:/usr/bin/ceph: stderr
2024-06-13T04:23:51.998+0000 7feb77e00700 1 -- 172.21.15.12:0/2179642652 wait complete.
2024-06-13T04:23:53.232 INFO:journalctl@ceph.mon.a.smithi012.stdout:Jun 13 04:23:52 smithi012 ceph-mon[32196]: from='client.14144 -' entity='client.admin' cmd=[{"prefix": "orch apply", "service_type": "mgr", "unmanaged": true, "target": ["mon-mgr", ""]}]: dispatch
2024-06-13T04:23:53.232 INFO:journalctl@ceph.mon.a.smithi012.stdout:Jun 13 04:23:52 smithi012 ceph-mon[32196]: Saving service mgr spec with placement count:2
2024-06-13T04:23:53.232 INFO:journalctl@ceph.mon.a.smithi012.stdout:Jun 13 04:23:52 smithi012 ceph-mon[32196]: from='mgr.14120 172.21.15.12:0/2500108724' entity='mgr.x'
2024-06-13T04:23:53.233 INFO:journalctl@ceph.mon.a.smithi012.stdout:Jun 13 04:23:52 smithi012 ceph-mon[32196]: pgmap v3: 0 pgs: ; 0 B data, 0 B used, 0 B / 0 B avail
2024-06-13T04:23:53.233 INFO:journalctl@ceph.mon.a.smithi012.stdout:Jun 13 04:23:52 smithi012 ceph-mon[32196]: from='mgr.14120 172.21.15.12:0/2500108724' entity='mgr.x'
2024-06-13T04:23:54.457 INFO:teuthology.orchestra.run.smithi012.stdout:/usr/bin/ceph: stderr
2024-06-13T04:23:53.533+0000 7f638dc00700 1 Processor -- start
2024-06-13T04:23:54.457 INFO:teuthology.orchestra.run.smithi012.stdout:/usr/bin/ceph: stderr
2024-06-13T04:23:53.533+0000 7f638dc00700 1 -- start start
2024-06-13T04:23:54.457 INFO:teuthology.orchestra.run.smithi012.stdout:/usr/bin/ceph: stderr
2024-06-13T04:23:53.533+0000 7f638dc00700 1 --2- >> [v2:172.21.15.12:3300/0,v1:172.21.15.12:6789/0] conn(0x7f638810a250 0x7f638810a670 unknown :-1 s=NONE pgs=0 cs=0 l=0 rev1=0 crypto rx=0 tx=0 comp rx=0 tx=0).connect
2024-06-13T04:23:54.457 INFO:teuthology.orchestra.run.smithi012.stdout:/usr/bin/ceph: stderr
2024-06-13T04:23:53.533+0000 7f638dc00700 1 -- --> [v2:172.21.15.12:3300/0,v1:172.21.15.12:6789/0] -- mon_getmap magic: 0 -- 0x7f638810ac40 con 0x7f638810a250
2024-06-13T04:23:54.457 INFO:teuthology.orchestra.run.smithi012.stdout:/usr/bin/ceph: stderr
2024-06-13T04:23:53.534+0000 7f6386a00700 1 --2- >> [v2:172.21.15.12:3300/0,v1:172.21.15.12:6789/0] conn(0x7f638810a250 0x7f638810a670 unknown :-1 s=BANNER_CONNECTING pgs=0 cs=0 l=0 rev1=0 crypto rx=0 tx=0 comp rx=0 tx=0)._handle_peer_banner_payload supported=3 required=0
2024-06-13T04:23:54.457 INFO:teuthology.orchestra.run.smithi012.stdout:/usr/bin/ceph: stderr
2024-06-13T04:23:53.534+0000 7f6386a00700 1 --2- >> [v2:172.21.15.12:3300/0,v1:172.21.15.12:6789/0] conn(0x7f638810a250 0x7f638810a670 unknown :-1 s=HELLO_CONNECTING pgs=0 cs=0 l=0 rev1=1 crypto rx=0 tx=0 comp rx=0 tx=0).handle_hello peer v2:172.21.15.12:3300/0 says I am v2:172.21.15.12:58312/0 (socket says 172.21.15.12:58312)
2024-06-13T04:23:54.457 INFO:teuthology.orchestra.run.smithi012.stdout:/usr/bin/ceph: stderr
2024-06-13T04:23:53.534+0000 7f6386a00700 1 -- 172.21.15.12:0/3874429047 learned_addr learned my addr 172.21.15.12:0/3874429047 (peer_addr_for_me v2:172.21.15.12:0/0)
2024-06-13T04:23:54.457 INFO:teuthology.orchestra.run.smithi012.stdout:/usr/bin/ceph: stderr
2024-06-13T04:23:53.534+0000 7f6386a00700 1 -- 172.21.15.12:0/3874429047 --> [v2:172.21.15.12:3300/0,v1:172.21.15.12:6789/0] -- mon_subscribe({config=0+,monmap=0+}) -- 0x7f638810b340 con 0x7f638810a250
2024-06-13T04:23:54.457 INFO:teuthology.orchestra.run.smithi012.stdout:/usr/bin/ceph: stderr
2024-06-13T04:23:53.535+0000 7f6386a00700 1 --2- 172.21.15.12:0/3874429047 >> [v2:172.21.15.12:3300/0,v1:172.21.15.12:6789/0] conn(0x7f638810a250 0x7f638810a670 secure :-1 s=READY pgs=51 cs=0 l=1 rev1=1 crypto rx=0x7f63780098a0 tx=0x7f6378009bb0 comp rx=0 tx=0).ready entity=mon.0 client_cookie=b142613db4f5574a server_cookie=0 in_seq=0 out_seq=0
2024-06-13T04:23:54.458 INFO:teuthology.orchestra.run.smithi012.stdout:/usr/bin/ceph: stderr
2024-06-13T04:23:53.535+0000 7f6385600700 1 -- 172.21.15.12:0/3874429047 <== mon.0 v2:172.21.15.12:3300/0 1 ==== mon_map magic: 0 ==== 205+0+0 (secure 0 0 0) 0x7f6378004160 con 0x7f638810a250
2024-06-13T04:23:54.458 INFO:teuthology.orchestra.run.smithi012.stdout:/usr/bin/ceph: stderr
2024-06-13T04:23:53.535+0000 7f6385600700 1 -- 172.21.15.12:0/3874429047 <== mon.0 v2:172.21.15.12:3300/0 2 ==== config(27 keys) ==== 1140+0+0 (secure 0 0 0) 0x7f6378004300 con 0x7f638810a250
2024-06-13T04:23:54.458 INFO:teuthology.orchestra.run.smithi012.stdout:/usr/bin/ceph: stderr
2024-06-13T04:23:53.535+0000 7f6385600700 1 -- 172.21.15.12:0/3874429047 <== mon.0 v2:172.21.15.12:3300/0 3 ==== mon_map magic: 0 ==== 205+0+0 (secure 0 0 0) 0x7f6378011b20 con 0x7f638810a250
2024-06-13T04:23:54.458 INFO:teuthology.orchestra.run.smithi012.stdout:/usr/bin/ceph: stderr
2024-06-13T04:23:53.536+0000 7f638dc00700 1 -- 172.21.15.12:0/3874429047 >> [v2:172.21.15.12:3300/0,v1:172.21.15.12:6789/0] conn(0x7f638810a250 msgr2=0x7f638810a670 secure :-1 s=STATE_CONNECTION_ESTABLISHED l=1).mark_down
2024-06-13T04:23:54.458 INFO:teuthology.orchestra.run.smithi012.stdout:/usr/bin/ceph: stderr
2024-06-13T04:23:53.536+0000 7f638dc00700 1 --2- 172.21.15.12:0/3874429047 >> [v2:172.21.15.12:3300/0,v1:172.21.15.12:6789/0] conn(0x7f638810a250 0x7f638810a670 secure :-1 s=READY pgs=51 cs=0 l=1 rev1=1 crypto rx=0x7f63780098a0 tx=0x7f6378009bb0 comp rx=0 tx=0).stop
2024-06-13T04:23:54.458 INFO:teuthology.orchestra.run.smithi012.stdout:/usr/bin/ceph: stderr
2024-06-13T04:23:53.536+0000 7f638dc00700 1 -- 172.21.15.12:0/3874429047 shutdown_connections
2024-06-13T04:23:54.458 INFO:teuthology.orchestra.run.smithi012.stdout:/usr/bin/ceph: stderr
2024-06-13T04:23:53.536+0000 7f638dc00700 1 --2- 172.21.15.12:0/3874429047 >> [v2:172.21.15.12:3300/0,v1:172.21.15.12:6789/0] conn(0x7f638810a250 0x7f638810a670 unknown :-1 s=CLOSED pgs=51 cs=0 l=1 rev1=1 crypto rx=0 tx=0 comp rx=0 tx=0).stop
2024-06-13T04:23:54.458 INFO:teuthology.orchestra.run.smithi012.stdout:/usr/bin/ceph: stderr
2024-06-13T04:23:53.536+0000 7f638dc00700 1 -- 172.21.15.12:0/3874429047 >> 172.21.15.12:0/3874429047 conn(0x7f638807d550 msgr2=0x7f638807d980 unknown :-1 s=STATE_NONE l=0).mark_down
2024-06-13T04:23:54.458 INFO:teuthology.orchestra.run.smithi012.stdout:/usr/bin/ceph: stderr
2024-06-13T04:23:53.536+0000 7f638dc00700 1 -- 172.21.15.12:0/3874429047 shutdown_connections
2024-06-13T04:23:54.458 INFO:teuthology.orchestra.run.smithi012.stdout:/usr/bin/ceph: stderr
2024-06-13T04:23:53.536+0000 7f638dc00700 1 -- 172.21.15.12:0/3874429047 wait complete.
2024-06-13T04:23:54.458 INFO:teuthology.orchestra.run.smithi012.stdout:/usr/bin/ceph: stderr
2024-06-13T04:23:53.537+0000 7f638dc00700 1 Processor -- start
2024-06-13T04:23:54.458 INFO:teuthology.orchestra.run.smithi012.stdout:/usr/bin/ceph: stderr
2024-06-13T04:23:53.537+0000 7f638dc00700 1 -- start start
2024-06-13T04:23:54.459 INFO:teuthology.orchestra.run.smithi012.stdout:/usr/bin/ceph: stderr
2024-06-13T04:23:53.538+0000 7f638dc00700 1 --2- >> [v2:172.21.15.12:3300/0,v1:172.21.15.12:6789/0] conn(0x7f638810a250 0x7f638819e060 unknown :-1 s=NONE pgs=0 cs=0 l=1 rev1=0 crypto rx=0 tx=0 comp rx=0 tx=0).connect
2024-06-13T04:23:54.459 INFO:teuthology.orchestra.run.smithi012.stdout:/usr/bin/ceph: stderr
2024-06-13T04:23:53.538+0000 7f638dc00700 1 -- --> [v2:172.21.15.12:3300/0,v1:172.21.15.12:6789/0] -- mon_getmap magic: 0 -- 0x7f638810e6f0 con 0x7f638810a250
2024-06-13T04:23:54.459 INFO:teuthology.orchestra.run.smithi012.stdout:/usr/bin/ceph: stderr
2024-06-13T04:23:53.538+0000 7f6386a00700 1 --2- >> [v2:172.21.15.12:3300/0,v1:172.21.15.12:6789/0] conn(0x7f638810a250 0x7f638819e060 unknown :-1 s=BANNER_CONNECTING pgs=0 cs=0 l=1 rev1=0 crypto rx=0 tx=0 comp rx=0 tx=0)._handle_peer_banner_payload supported=3 required=0
2024-06-13T04:23:54.459 INFO:teuthology.orchestra.run.smithi012.stdout:/usr/bin/ceph: stderr
2024-06-13T04:23:53.538+0000 7f6386a00700 1 --2- >> [v2:172.21.15.12:3300/0,v1:172.21.15.12:6789/0] conn(0x7f638810a250 0x7f638819e060 unknown :-1 s=HELLO_CONNECTING pgs=0 cs=0 l=1 rev1=1 crypto rx=0 tx=0 comp rx=0 tx=0).handle_hello peer v2:172.21.15.12:3300/0 says I am v2:172.21.15.12:58314/0 (socket says 172.21.15.12:58314)
2024-06-13T04:23:54.459 INFO:teuthology.orchestra.run.smithi012.stdout:/usr/bin/ceph: stderr
2024-06-13T04:23:53.538+0000 7f6386a00700 1 -- 172.21.15.12:0/127160944 learned_addr learned my addr 172.21.15.12:0/127160944 (peer_addr_for_me v2:172.21.15.12:0/0)
2024-06-13T04:23:54.459 INFO:teuthology.orchestra.run.smithi012.stdout:/usr/bin/ceph: stderr
2024-06-13T04:23:53.538+0000 7f6386a00700 1 -- 172.21.15.12:0/127160944 --> [v2:172.21.15.12:3300/0,v1:172.21.15.12:6789/0] -- mon_subscribe({config=0+,monmap=0+}) -- 0x7f638819e5a0 con 0x7f638810a250
2024-06-13T04:23:54.459 INFO:teuthology.orchestra.run.smithi012.stdout:/usr/bin/ceph: stderr
2024-06-13T04:23:53.539+0000 7f6386a00700 1 --2- 172.21.15.12:0/127160944 >> [v2:172.21.15.12:3300/0,v1:172.21.15.12:6789/0] conn(0x7f638810a250 0x7f638819e060 secure :-1 s=READY pgs=52 cs=0 l=1 rev1=1 crypto rx=0x7f63780117e0 tx=0x7f6378011ba0 comp rx=0 tx=0).ready entity=mon.0 client_cookie=0 server_cookie=0 in_seq=0 out_seq=0
2024-06-13T04:23:54.459 INFO:teuthology.orchestra.run.smithi012.stdout:/usr/bin/ceph: stderr
2024-06-13T04:23:53.539+0000 7f637f400700 1 -- 172.21.15.12:0/127160944 <== mon.0 v2:172.21.15.12:3300/0 1 ==== mon_map magic: 0 ==== 205+0+0 (secure 0 0 0) 0x7f6378003bf0 con 0x7f638810a250
2024-06-13T04:23:54.459 INFO:teuthology.orchestra.run.smithi012.stdout:/usr/bin/ceph: stderr
2024-06-13T04:23:53.539+0000 7f637f400700 1 -- 172.21.15.12:0/127160944 <== mon.0 v2:172.21.15.12:3300/0 2 ==== config(27 keys) ==== 1140+0+0 (secure 0 0 0) 0x7f637801a910 con 0x7f638810a250
2024-06-13T04:23:54.459 INFO:teuthology.orchestra.run.smithi012.stdout:/usr/bin/ceph: stderr
2024-06-13T04:23:53.539+0000 7f637f400700 1 -- 172.21.15.12:0/127160944 <== mon.0 v2:172.21.15.12:3300/0 3 ==== mon_map magic: 0 ==== 205+0+0 (secure 0 0 0) 0x7f6378024970 con 0x7f638810a250
