2024-06-13T04:23:20.828+0000 7fcfbf400700 1 --2- 172.21.15.12:0/2714079287 >> [v2:172.21.15.12:6800/2785421201,v1:172.21.15.12:6801/2785421201] conn(0x7fcfac039050 0x7fcfac03b510 unknown :-1 s=NONE pgs=0 cs=0 l=1 rev1=0 crypto rx=0 tx=0 comp rx=0 tx=0).connect
2024-06-13T04:23:21.835 INFO:teuthology.orchestra.run.smithi012.stdout:/usr/bin/ceph: stderr
2024-06-13T04:23:20.828+0000 7fcfbf400700 1 -- 172.21.15.12:0/2714079287 <== mon.0 v2:172.21.15.12:3300/0 5 ==== osd_map(1..1 src has 1..1) ==== 725+0+0 (secure 0 0 0) 0x7fcfb8011e00 con 0x7fcfc810a100
2024-06-13T04:23:21.835 INFO:teuthology.orchestra.run.smithi012.stdout:/usr/bin/ceph: stderr
2024-06-13T04:23:20.828+0000 7fcfc5e00700 1 --2- 172.21.15.12:0/2714079287 >> [v2:172.21.15.12:6800/2785421201,v1:172.21.15.12:6801/2785421201] conn(0x7fcfac039050 0x7fcfac03b510 unknown :-1 s=BANNER_CONNECTING pgs=0 cs=0 l=1 rev1=0 crypto rx=0 tx=0 comp rx=0 tx=0)._handle_peer_banner_payload supported=3 required=0
2024-06-13T04:23:21.835 INFO:teuthology.orchestra.run.smithi012.stdout:/usr/bin/ceph: stderr
2024-06-13T04:23:20.829+0000 7fcfc5e00700 1 --2- 172.21.15.12:0/2714079287 >> [v2:172.21.15.12:6800/2785421201,v1:172.21.15.12:6801/2785421201] conn(0x7fcfac039050 0x7fcfac03b510 secure :-1 s=READY pgs=7 cs=0 l=1 rev1=1 crypto rx=0x7fcfb4006fd0 tx=0x7fcfb4006e40 comp rx=0 tx=0).ready entity=mgr.14100 client_cookie=0 server_cookie=0 in_seq=0 out_seq=0
2024-06-13T04:23:21.835 INFO:teuthology.orchestra.run.smithi012.stdout:/usr/bin/ceph: stderr
2024-06-13T04:23:20.834+0000 7fcfbf400700 1 -- 172.21.15.12:0/2714079287 <== mon.0 v2:172.21.15.12:3300/0 6 ==== mon_command_ack([{"prefix": "get_command_descriptions"}]=0 v0) ==== 72+0+186418 (secure 0 0 0) 0x7fcfb80212a0 con 0x7fcfc810a100
2024-06-13T04:23:21.835 INFO:teuthology.orchestra.run.smithi012.stdout:/usr/bin/ceph: stderr
2024-06-13T04:23:21.061+0000 7fcfcca00700 1 -- 172.21.15.12:0/2714079287 --> [v2:172.21.15.12:3300/0,v1:172.21.15.12:6789/0] -- mon_command({"prefix": "config assimilate-conf"} v 0) -- 0x7fcfc81a1650 con 0x7fcfc810a100
2024-06-13T04:23:21.836 INFO:teuthology.orchestra.run.smithi012.stdout:/usr/bin/ceph: stderr
2024-06-13T04:23:21.062+0000 7fcfbf400700 1 -- 172.21.15.12:0/2714079287 <== mon.0 v2:172.21.15.12:3300/0 7 ==== mon_command_ack([{"prefix": "config assimilate-conf"}]=0 v3) ==== 70+0+373 (secure 0 0 0) 0x7fcfb80248c0 con 0x7fcfc810a100
2024-06-13T04:23:21.837 INFO:teuthology.orchestra.run.smithi012.stdout:/usr/bin/ceph: stderr
2024-06-13T04:23:21.066+0000 7fcfcca00700 1 -- 172.21.15.12:0/2714079287 >> [v2:172.21.15.12:6800/2785421201,v1:172.21.15.12:6801/2785421201] conn(0x7fcfac039050 msgr2=0x7fcfac03b510 secure :-1 s=STATE_CONNECTION_ESTABLISHED l=1).mark_down
2024-06-13T04:23:21.837 INFO:teuthology.orchestra.run.smithi012.stdout:/usr/bin/ceph: stderr
2024-06-13T04:23:21.066+0000 7fcfcca00700 1 --2- 172.21.15.12:0/2714079287 >> [v2:172.21.15.12:6800/2785421201,v1:172.21.15.12:6801/2785421201] conn(0x7fcfac039050 0x7fcfac03b510 secure :-1 s=READY pgs=7 cs=0 l=1 rev1=1 crypto rx=0x7fcfb4006fd0 tx=0x7fcfb4006e40 comp rx=0 tx=0).stop
2024-06-13T04:23:21.837 INFO:teuthology.orchestra.run.smithi012.stdout:/usr/bin/ceph: stderr
2024-06-13T04:23:21.066+0000 7fcfcca00700 1 -- 172.21.15.12:0/2714079287 >> [v2:172.21.15.12:3300/0,v1:172.21.15.12:6789/0] conn(0x7fcfc810a100 msgr2=0x7fcfc819dfc0 secure :-1 s=STATE_CONNECTION_ESTABLISHED l=1).mark_down
2024-06-13T04:23:21.837 INFO:teuthology.orchestra.run.smithi012.stdout:/usr/bin/ceph: stderr
2024-06-13T04:23:21.066+0000 7fcfcca00700 1 --2- 172.21.15.12:0/2714079287 >> [v2:172.21.15.12:3300/0,v1:172.21.15.12:6789/0] conn(0x7fcfc810a100 0x7fcfc819dfc0 secure :-1 s=READY pgs=21 cs=0 l=1 rev1=1 crypto rx=0x7fcfb8011b60 tx=0x7fcfb8011c40 comp rx=0 tx=0).stop
2024-06-13T04:23:21.837 INFO:teuthology.orchestra.run.smithi012.stdout:/usr/bin/ceph: stderr
2024-06-13T04:23:21.066+0000 7fcfcca00700 1 -- 172.21.15.12:0/2714079287 shutdown_connections
2024-06-13T04:23:21.837 INFO:teuthology.orchestra.run.smithi012.stdout:/usr/bin/ceph: stderr
2024-06-13T04:23:21.066+0000 7fcfcca00700 1 --2- 172.21.15.12:0/2714079287 >> [v2:172.21.15.12:6800/2785421201,v1:172.21.15.12:6801/2785421201] conn(0x7fcfac039050 0x7fcfac03b510 unknown :-1 s=CLOSED pgs=7 cs=0 l=1 rev1=1 crypto rx=0 tx=0 comp rx=0 tx=0).stop
2024-06-13T04:23:21.837 INFO:teuthology.orchestra.run.smithi012.stdout:/usr/bin/ceph: stderr
2024-06-13T04:23:21.066+0000 7fcfcca00700 1 --2- 172.21.15.12:0/2714079287 >> [v2:172.21.15.12:3300/0,v1:172.21.15.12:6789/0] conn(0x7fcfc810a100 0x7fcfc819dfc0 unknown :-1 s=CLOSED pgs=21 cs=0 l=1 rev1=1 crypto rx=0 tx=0 comp rx=0 tx=0).stop
2024-06-13T04:23:21.837 INFO:teuthology.orchestra.run.smithi012.stdout:/usr/bin/ceph: stderr
2024-06-13T04:23:21.066+0000 7fcfcca00700 1 -- 172.21.15.12:0/2714079287 >> 172.21.15.12:0/2714079287 conn(0x7fcfc807d370 msgr2=0x7fcfc8107db0 unknown :-1 s=STATE_NONE l=0).mark_down
2024-06-13T04:23:21.837 INFO:teuthology.orchestra.run.smithi012.stdout:/usr/bin/ceph: stderr
2024-06-13T04:23:21.066+0000 7fcfcca00700 1 -- 172.21.15.12:0/2714079287 shutdown_connections
2024-06-13T04:23:21.837 INFO:teuthology.orchestra.run.smithi012.stdout:/usr/bin/ceph: stderr
2024-06-13T04:23:21.066+0000 7fcfcca00700 1 -- 172.21.15.12:0/2714079287 wait complete.
2024-06-13T04:23:21.837 INFO:teuthology.orchestra.run.smithi012.stdout:Enabling cephadm module...
2024-06-13T04:23:23.141 INFO:journalctl@ceph.mon.a.smithi012.stdout:Jun 13 04:23:22 smithi012 ceph-mon[32196]: from='client.? 172.21.15.12:0/1617018528' entity='client.admin' cmd=[{"prefix": "mgr module enable", "module": "cephadm"}]: dispatch
2024-06-13T04:23:23.142 INFO:journalctl@ceph.mgr.x.smithi012.stdout:Jun 13 04:23:22 smithi012 ceph-7016f62c-293c-11ef-bc9c-c7b262605968-mgr-x[32437]: ignoring --setuser ceph since I am not root
2024-06-13T04:23:23.142 INFO:journalctl@ceph.mgr.x.smithi012.stdout:Jun 13 04:23:22 smithi012 ceph-7016f62c-293c-11ef-bc9c-c7b262605968-mgr-x[32437]: ignoring --setgroup ceph since I am not root
2024-06-13T04:23:23.142 INFO:journalctl@ceph.mgr.x.smithi012.stdout:Jun 13 04:23:23 smithi012 ceph-7016f62c-293c-11ef-bc9c-c7b262605968-mgr-x[32437]:
2024-06-13T04:23:23.141+0000 7f03fe33f200 -1 mgr[py] Module balancer has missing NOTIFY_TYPES member
2024-06-13T04:23:23.597 INFO:teuthology.orchestra.run.smithi012.stdout:/usr/bin/ceph: stderr
2024-06-13T04:23:22.499+0000 7fb4ae600700 1 Processor -- start
2024-06-13T04:23:23.598 INFO:teuthology.orchestra.run.smithi012.stdout:/usr/bin/ceph: stderr
2024-06-13T04:23:22.499+0000 7fb4ae600700 1 -- start start
2024-06-13T04:23:23.598 INFO:teuthology.orchestra.run.smithi012.stdout:/usr/bin/ceph: stderr
2024-06-13T04:23:22.499+0000 7fb4ae600700 1 --2- >> [v2:172.21.15.12:3300/0,v1:172.21.15.12:6789/0] conn(0x7fb4a8108310 0x7fb4a8108730 unknown :-1 s=NONE pgs=0 cs=0 l=0 rev1=0 crypto rx=0 tx=0 comp rx=0 tx=0).connect
2024-06-13T04:23:23.598 INFO:teuthology.orchestra.run.smithi012.stdout:/usr/bin/ceph: stderr
2024-06-13T04:23:22.499+0000 7fb4ae600700 1 -- --> [v2:172.21.15.12:3300/0,v1:172.21.15.12:6789/0] -- mon_getmap magic: 0 -- 0x7fb4a8108d00 con 0x7fb4a8108310
2024-06-13T04:23:23.598 INFO:teuthology.orchestra.run.smithi012.stdout:/usr/bin/ceph: stderr
2024-06-13T04:23:22.499+0000 7fb4ad200700 1 --2- >> [v2:172.21.15.12:3300/0,v1:172.21.15.12:6789/0] conn(0x7fb4a8108310 0x7fb4a8108730 unknown :-1 s=BANNER_CONNECTING pgs=0 cs=0 l=0 rev1=0 crypto rx=0 tx=0 comp rx=0 tx=0)._handle_peer_banner_payload supported=3 required=0
2024-06-13T04:23:23.598 INFO:teuthology.orchestra.run.smithi012.stdout:/usr/bin/ceph: stderr
2024-06-13T04:23:22.499+0000 7fb4ad200700 1 --2- >> [v2:172.21.15.12:3300/0,v1:172.21.15.12:6789/0] conn(0x7fb4a8108310 0x7fb4a8108730 unknown :-1 s=HELLO_CONNECTING pgs=0 cs=0 l=0 rev1=1 crypto rx=0 tx=0 comp rx=0 tx=0).handle_hello peer v2:172.21.15.12:3300/0 says I am v2:172.21.15.12:44962/0 (socket says 172.21.15.12:44962)
2024-06-13T04:23:23.598 INFO:teuthology.orchestra.run.smithi012.stdout:/usr/bin/ceph: stderr
2024-06-13T04:23:22.499+0000 7fb4ad200700 1 -- 172.21.15.12:0/73729852 learned_addr learned my addr 172.21.15.12:0/73729852 (peer_addr_for_me v2:172.21.15.12:0/0)
2024-06-13T04:23:23.598 INFO:teuthology.orchestra.run.smithi012.stdout:/usr/bin/ceph: stderr
2024-06-13T04:23:22.500+0000 7fb4ad200700 1 -- 172.21.15.12:0/73729852 --> [v2:172.21.15.12:3300/0,v1:172.21.15.12:6789/0] -- mon_subscribe({config=0+,monmap=0+}) -- 0x7fb4a8105e10 con 0x7fb4a8108310
2024-06-13T04:23:23.598 INFO:teuthology.orchestra.run.smithi012.stdout:/usr/bin/ceph: stderr
2024-06-13T04:23:22.500+0000 7fb4ad200700 1 --2- 172.21.15.12:0/73729852 >> [v2:172.21.15.12:3300/0,v1:172.21.15.12:6789/0] conn(0x7fb4a8108310 0x7fb4a8108730 secure :-1 s=READY pgs=22 cs=0 l=1 rev1=1 crypto rx=0x7fb49c0098a0 tx=0x7fb49c009bb0 comp rx=0 tx=0).ready entity=mon.0 client_cookie=ab33f7e894e45f82 server_cookie=0 in_seq=0 out_seq=0
2024-06-13T04:23:23.599 INFO:teuthology.orchestra.run.smithi012.stdout:/usr/bin/ceph: stderr
2024-06-13T04:23:22.501+0000 7fb4a7400700 1 -- 172.21.15.12:0/73729852 <== mon.0 v2:172.21.15.12:3300/0 1 ==== mon_map magic: 0 ==== 205+0+0 (secure 0 0 0) 0x7fb49c004160 con 0x7fb4a8108310
2024-06-13T04:23:23.599 INFO:teuthology.orchestra.run.smithi012.stdout:/usr/bin/ceph: stderr
2024-06-13T04:23:22.501+0000 7fb4a7400700 1 -- 172.21.15.12:0/73729852 <== mon.0 v2:172.21.15.12:3300/0 2 ==== config(27 keys) ==== 1109+0+0 (secure 0 0 0) 0x7fb49c004300 con 0x7fb4a8108310
2024-06-13T04:23:23.599 INFO:teuthology.orchestra.run.smithi012.stdout:/usr/bin/ceph: stderr
2024-06-13T04:23:22.501+0000 7fb4a7400700 1 -- 172.21.15.12:0/73729852 <== mon.0 v2:172.21.15.12:3300/0 3 ==== mon_map magic: 0 ==== 205+0+0 (secure 0 0 0) 0x7fb49c011b50 con 0x7fb4a8108310
2024-06-13T04:23:23.599 INFO:teuthology.orchestra.run.smithi012.stdout:/usr/bin/ceph: stderr
2024-06-13T04:23:22.501+0000 7fb4ae600700 1 -- 172.21.15.12:0/73729852 >> [v2:172.21.15.12:3300/0,v1:172.21.15.12:6789/0] conn(0x7fb4a8108310 msgr2=0x7fb4a8108730 secure :-1 s=STATE_CONNECTION_ESTABLISHED l=1).mark_down
2024-06-13T04:23:23.599 INFO:teuthology.orchestra.run.smithi012.stdout:/usr/bin/ceph: stderr
2024-06-13T04:23:22.501+0000 7fb4ae600700 1 --2- 172.21.15.12:0/73729852 >> [v2:172.21.15.12:3300/0,v1:172.21.15.12:6789/0] conn(0x7fb4a8108310 0x7fb4a8108730 secure :-1 s=READY pgs=22 cs=0 l=1 rev1=1 crypto rx=0x7fb49c0098a0 tx=0x7fb49c009bb0 comp rx=0 tx=0).stop
2024-06-13T04:23:23.599 INFO:teuthology.orchestra.run.smithi012.stdout:/usr/bin/ceph: stderr
2024-06-13T04:23:22.501+0000 7fb4ae600700 1 -- 172.21.15.12:0/73729852 shutdown_connections
2024-06-13T04:23:23.599 INFO:teuthology.orchestra.run.smithi012.stdout:/usr/bin/ceph: stderr
2024-06-13T04:23:22.501+0000 7fb4ae600700 1 --2- 172.21.15.12:0/73729852 >> [v2:172.21.15.12:3300/0,v1:172.21.15.12:6789/0] conn(0x7fb4a8108310 0x7fb4a8108730 unknown :-1 s=CLOSED pgs=22 cs=0 l=1 rev1=1 crypto rx=0 tx=0 comp rx=0 tx=0).stop
2024-06-13T04:23:23.599 INFO:teuthology.orchestra.run.smithi012.stdout:/usr/bin/ceph: stderr
2024-06-13T04:23:22.501+0000 7fb4ae600700 1 -- 172.21.15.12:0/73729852 >> 172.21.15.12:0/73729852 conn(0x7fb4a8101970 msgr2=0x7fb4a8103df0 unknown :-1 s=STATE_NONE l=0).mark_down
2024-06-13T04:23:23.599 INFO:teuthology.orchestra.run.smithi012.stdout:/usr/bin/ceph: stderr
2024-06-13T04:23:22.502+0000 7fb4ae600700 1 -- 172.21.15.12:0/73729852 shutdown_connections
2024-06-13T04:23:23.602 INFO:teuthology.orchestra.run.smithi012.stdout:/usr/bin/ceph: stderr
2024-06-13T04:23:22.502+0000 7fb4ae600700 1 -- 172.21.15.12:0/73729852 wait complete.
2024-06-13T04:23:23.602 INFO:teuthology.orchestra.run.smithi012.stdout:/usr/bin/ceph: stderr
2024-06-13T04:23:22.504+0000 7fb4ae600700 1 Processor -- start
2024-06-13T04:23:23.602 INFO:teuthology.orchestra.run.smithi012.stdout:/usr/bin/ceph: stderr
2024-06-13T04:23:22.504+0000 7fb4ae600700 1 -- start start
2024-06-13T04:23:23.602 INFO:teuthology.orchestra.run.smithi012.stdout:/usr/bin/ceph: stderr
2024-06-13T04:23:22.504+0000 7fb4ae600700 1 --2- >> [v2:172.21.15.12:3300/0,v1:172.21.15.12:6789/0] conn(0x7fb4a8108310 0x7fb4a819e000 unknown :-1 s=NONE pgs=0 cs=0 l=1 rev1=0 crypto rx=0 tx=0 comp rx=0 tx=0).connect
2024-06-13T04:23:23.602 INFO:teuthology.orchestra.run.smithi012.stdout:/usr/bin/ceph: stderr
2024-06-13T04:23:22.504+0000 7fb4ae600700 1 -- --> [v2:172.21.15.12:3300/0,v1:172.21.15.12:6789/0] -- mon_getmap magic: 0 -- 0x7fb4a8106e90 con 0x7fb4a8108310
2024-06-13T04:23:23.602 INFO:teuthology.orchestra.run.smithi012.stdout:/usr/bin/ceph: stderr
2024-06-13T04:23:22.504+0000 7fb4ad200700 1 --2- >> [v2:172.21.15.12:3300/0,v1:172.21.15.12:6789/0] conn(0x7fb4a8108310 0x7fb4a819e000 unknown :-1 s=BANNER_CONNECTING pgs=0 cs=0 l=1 rev1=0 crypto rx=0 tx=0 comp rx=0 tx=0)._handle_peer_banner_payload supported=3 required=0
2024-06-13T04:23:23.603 INFO:teuthology.orchestra.run.smithi012.stdout:/usr/bin/ceph: stderr
2024-06-13T04:23:22.504+0000 7fb4ad200700 1 --2- >> [v2:172.21.15.12:3300/0,v1:172.21.15.12:6789/0] conn(0x7fb4a8108310 0x7fb4a819e000 unknown :-1 s=HELLO_CONNECTING pgs=0 cs=0 l=1 rev1=1 crypto rx=0 tx=0 comp rx=0 tx=0).handle_hello peer v2:172.21.15.12:3300/0 says I am v2:172.21.15.12:44970/0 (socket says 172.21.15.12:44970)
2024-06-13T04:23:23.603 INFO:teuthology.orchestra.run.smithi012.stdout:/usr/bin/ceph: stderr
2024-06-13T04:23:22.504+0000 7fb4ad200700 1 -- 172.21.15.12:0/1617018528 learned_addr learned my addr 172.21.15.12:0/1617018528 (peer_addr_for_me v2:172.21.15.12:0/0)
2024-06-13T04:23:23.603 INFO:teuthology.orchestra.run.smithi012.stdout:/usr/bin/ceph: stderr
2024-06-13T04:23:22.504+0000 7fb4ad200700 1 -- 172.21.15.12:0/1617018528 --> [v2:172.21.15.12:3300/0,v1:172.21.15.12:6789/0] -- mon_subscribe({config=0+,monmap=0+}) -- 0x7fb4a819e540 con 0x7fb4a8108310
2024-06-13T04:23:23.603 INFO:teuthology.orchestra.run.smithi012.stdout:/usr/bin/ceph: stderr
2024-06-13T04:23:22.504+0000 7fb4ad200700 1 --2- 172.21.15.12:0/1617018528 >> [v2:172.21.15.12:3300/0,v1:172.21.15.12:6789/0] conn(0x7fb4a8108310 0x7fb4a819e000 secure :-1 s=READY pgs=23 cs=0 l=1 rev1=1 crypto rx=0x7fb49c009fb0 tx=0x7fb49c011bf0 comp rx=0 tx=0).ready entity=mon.0 client_cookie=0 server_cookie=0 in_seq=0 out_seq=0
2024-06-13T04:23:23.603 INFO:teuthology.orchestra.run.smithi012.stdout:/usr/bin/ceph: stderr
2024-06-13T04:23:22.505+0000 7fb4a5600700 1 -- 172.21.15.12:0/1617018528 <== mon.0 v2:172.21.15.12:3300/0 1 ==== mon_map magic: 0 ==== 205+0+0 (secure 0 0 0) 0x7fb49c0038b0 con 0x7fb4a8108310
2024-06-13T04:23:23.603 INFO:teuthology.orchestra.run.smithi012.stdout:/usr/bin/ceph: stderr
2024-06-13T04:23:22.505+0000 7fb4a5600700 1 -- 172.21.15.12:0/1617018528 <== mon.0 v2:172.21.15.12:3300/0 2 ==== config(27 keys) ==== 1109+0+0 (secure 0 0 0) 0x7fb49c011e50 con 0x7fb4a8108310
2024-06-13T04:23:23.603 INFO:teuthology.orchestra.run.smithi012.stdout:/usr/bin/ceph: stderr
2024-06-13T04:23:22.505+0000 7fb4a5600700 1 -- 172.21.15.12:0/1617018528 <== mon.0 v2:172.21.15.12:3300/0 3 ==== mon_map magic: 0 ==== 205+0+0 (secure 0 0 0) 0x7fb49c019420 con 0x7fb4a8108310
2024-06-13T04:23:23.603 INFO:teuthology.orchestra.run.smithi012.stdout:/usr/bin/ceph: stderr
2024-06-13T04:23:22.505+0000 7fb4ae600700 1 -- 172.21.15.12:0/1617018528 --> [v2:172.21.15.12:3300/0,v1:172.21.15.12:6789/0] -- mon_subscribe({mgrmap=0+}) -- 0x7fb4a819e7d0 con 0x7fb4a8108310
2024-06-13T04:23:23.603 INFO:teuthology.orchestra.run.smithi012.stdout:/usr/bin/ceph: stderr
2024-06-13T04:23:22.505+0000 7fb4ae600700 1 -- 172.21.15.12:0/1617018528 --> [v2:172.21.15.12:3300/0,v1:172.21.15.12:6789/0] -- mon_subscribe({osdmap=0}) -- 0x7fb4a81a1470 con 0x7fb4a8108310
2024-06-13T04:23:23.603 INFO:teuthology.orchestra.run.smithi012.stdout:/usr/bin/ceph: stderr
2024-06-13T04:23:22.506+0000 7fb4ae600700 1 -- 172.21.15.12:0/1617018528 --> [v2:172.21.15.12:3300/0,v1:172.21.15.12:6789/0] -- mon_command({"prefix": "get_command_descriptions"} v 0) -- 0x7fb4a80695b0 con 0x7fb4a8108310
2024-06-13T04:23:23.603 INFO:teuthology.orchestra.run.smithi012.stdout:/usr/bin/ceph: stderr
2024-06-13T04:23:22.506+0000 7fb4a5600700 1 -- 172.21.15.12:0/1617018528 <== mon.0 v2:172.21.15.12:3300/0 4 ==== mgrmap(e 4) ==== 46276+0+0 (secure 0 0 0) 0x7fb49c003a50 con 0x7fb4a8108310
2024-06-13T04:23:23.603 INFO:teuthology.orchestra.run.smithi012.stdout:/usr/bin/ceph: stderr
2024-06-13T04:23:22.507+0000 7fb4a5600700 1 --2- 172.21.15.12:0/1617018528 >> [v2:172.21.15.12:6800/2785421201,v1:172.21.15.12:6801/2785421201] conn(0x7fb490039000 0x7fb49003b4c0 unknown :-1 s=NONE pgs=0 cs=0 l=1 rev1=0 crypto rx=0 tx=0 comp rx=0 tx=0).connect
2024-06-13T04:23:23.603 INFO:teuthology.orchestra.run.smithi012.stdout:/usr/bin/ceph: stderr
2024-06-13T04:23:22.507+0000 7fb4a5600700 1 -- 172.21.15.12:0/1617018528 <== mon.0 v2:172.21.15.12:3300/0 5 ==== osd_map(1..1 src has 1..1) ==== 725+0+0 (secure 0 0 0) 0x7fb49c04d1e0 con 0x7fb4a8108310
2024-06-13T04:23:23.604 INFO:teuthology.orchestra.run.smithi012.stdout:/usr/bin/ceph: stderr
2024-06-13T04:23:22.507+0000 7fb4a7e00700 1 --2- 172.21.15.12:0/1617018528 >> [v2:172.21.15.12:6800/2785421201,v1:172.21.15.12:6801/2785421201] conn(0x7fb490039000 0x7fb49003b4c0 unknown :-1 s=BANNER_CONNECTING pgs=0 cs=0 l=1 rev1=0 crypto rx=0 tx=0 comp rx=0 tx=0)._handle_peer_banner_payload supported=3 required=0
2024-06-13T04:23:23.604 INFO:teuthology.orchestra.run.smithi012.stdout:/usr/bin/ceph: stderr
2024-06-13T04:23:22.508+0000 7fb4a7e00700 1 --2- 172.21.15.12:0/1617018528 >> [v2:172.21.15.12:6800/2785421201,v1:172.21.15.12:6801/2785421201] conn(0x7fb490039000 0x7fb49003b4c0 secure :-1 s=READY pgs=8 cs=0 l=1 rev1=1 crypto rx=0x7fb498006fd0 tx=0x7fb498006e40 comp rx=0 tx=0).ready entity=mgr.14100 client_cookie=0 server_cookie=0 in_seq=0 out_seq=0
2024-06-13T04:23:23.604 INFO:teuthology.orchestra.run.smithi012.stdout:/usr/bin/ceph: stderr
2024-06-13T04:23:22.512+0000 7fb4a5600700 1 -- 172.21.15.12:0/1617018528 <== mon.0 v2:172.21.15.12:3300/0 6 ==== mon_command_ack([{"prefix": "get_command_descriptions"}]=0 v0) ==== 72+0+186418 (secure 0 0 0) 0x7fb49c04cc00 con 0x7fb4a8108310
2024-06-13T04:23:23.604 INFO:teuthology.orchestra.run.smithi012.stdout:/usr/bin/ceph: stderr
2024-06-13T04:23:22.802+0000 7fb4ae600700 1 -- 172.21.15.12:0/1617018528 --> [v2:172.21.15.12:3300/0,v1:172.21.15.12:6789/0] -- mon_command({"prefix": "mgr module enable", "module": "cephadm"} v 0) -- 0x7fb4a8197600 con 0x7fb4a8108310
2024-06-13T04:23:23.604 INFO:teuthology.orchestra.run.smithi012.stdout:/usr/bin/ceph: stderr
2024-06-13T04:23:22.857+0000 7fb4a5600700 1 -- 172.21.15.12:0/1617018528 <== mon.0 v2:172.21.15.12:3300/0 7 ==== mon_command_ack([{"prefix": "mgr module enable", "module": "cephadm"}]=0 v5) ==== 86+0+0 (secure 0 0 0) 0x7fb4a8197600 con 0x7fb4a8108310
2024-06-13T04:23:23.604 INFO:teuthology.orchestra.run.smithi012.stdout:/usr/bin/ceph: stderr
2024-06-13T04:23:22.860+0000 7fb4a5600700 1 -- 172.21.15.12:0/1617018528 <== mon.0 v2:172.21.15.12:3300/0 8 ==== mgrmap(e 5) ==== 46287+0+0 (secure 0 0 0) 0x7fb49c0196d0 con 0x7fb4a8108310
2024-06-13T04:23:23.604 INFO:teuthology.orchestra.run.smithi012.stdout:/usr/bin/ceph: stderr
2024-06-13T04:23:22.863+0000 7fb4ae600700 1 -- 172.21.15.12:0/1617018528 >> [v2:172.21.15.12:6800/2785421201,v1:172.21.15.12:6801/2785421201] conn(0x7fb490039000 msgr2=0x7fb49003b4c0 secure :-1 s=STATE_CONNECTION_ESTABLISHED l=1).mark_down
2024-06-13T04:23:23.604 INFO:teuthology.orchestra.run.smithi012.stdout:/usr/bin/ceph: stderr
2024-06-13T04:23:22.863+0000 7fb4ae600700 1 --2- 172.21.15.12:0/1617018528 >> [v2:172.21.15.12:6800/2785421201,v1:172.21.15.12:6801/2785421201] conn(0x7fb490039000 0x7fb49003b4c0 secure :-1 s=READY pgs=8 cs=0 l=1 rev1=1 crypto rx=0x7fb498006fd0 tx=0x7fb498006e40 comp rx=0 tx=0).stop
2024-06-13T04:23:23.604 INFO:teuthology.orchestra.run.smithi012.stdout:/usr/bin/ceph: stderr
2024-06-13T04:23:22.863+0000 7fb4ae600700 1 -- 172.21.15.12:0/1617018528 >> [v2:172.21.15.12:3300/0,v1:172.21.15.12:6789/0] conn(0x7fb4a8108310 msgr2=0x7fb4a819e000 secure :-1 s=STATE_CONNECTION_ESTABLISHED l=1).mark_down
2024-06-13T04:23:23.604 INFO:teuthology.orchestra.run.smithi012.stdout:/usr/bin/ceph: stderr
2024-06-13T04:23:22.863+0000 7fb4ae600700 1 --2- 172.21.15.12:0/1617018528 >> [v2:172.21.15.12:3300/0,v1:172.21.15.12:6789/0] conn(0x7fb4a8108310 0x7fb4a819e000 secure :-1 s=READY pgs=23 cs=0 l=1 rev1=1 crypto rx=0x7fb49c009fb0 tx=0x7fb49c011bf0 comp rx=0 tx=0).stop
2024-06-13T04:23:23.604 INFO:teuthology.orchestra.run.smithi012.stdout:/usr/bin/ceph: stderr
2024-06-13T04:23:22.863+0000 7fb4ae600700 1 -- 172.21.15.12:0/1617018528 shutdown_connections
2024-06-13T04:23:23.604 INFO:teuthology.orchestra.run.smithi012.stdout:/usr/bin/ceph: stderr
2024-06-13T04:23:22.863+0000 7fb4ae600700 1 --2- 172.21.15.12:0/1617018528 >> [v2:172.21.15.12:6800/2785421201,v1:172.21.15.12:6801/2785421201] conn(0x7fb490039000 0x7fb49003b4c0 unknown :-1 s=CLOSED pgs=8 cs=0 l=1 rev1=1 crypto rx=0 tx=0 comp rx=0 tx=0).stop
2024-06-13T04:23:23.604 INFO:teuthology.orchestra.run.smithi012.stdout:/usr/bin/ceph: stderr
2024-06-13T04:23:22.863+0000 7fb4ae600700 1 --2- 172.21.15.12:0/1617018528 >> [v2:172.21.15.12:3300/0,v1:172.21.15.12:6789/0] conn(0x7fb4a8108310 0x7fb4a819e000 secure :-1 s=CLOSED pgs=23 cs=0 l=1 rev1=1 crypto rx=0x7fb49c009fb0 tx=0x7fb49c011bf0 comp rx=0 tx=0).stop
2024-06-13T04:23:23.604 INFO:teuthology.orchestra.run.smithi012.stdout:/usr/bin/ceph: stderr
2024-06-13T04:23:22.863+0000 7fb4ae600700 1 -- 172.21.15.12:0/1617018528 >> 172.21.15.12:0/1617018528 conn(0x7fb4a8101970 msgr2=0x7fb4a81946c0 unknown :-1 s=STATE_NONE l=0).mark_down
2024-06-13T04:23:23.605 INFO:teuthology.orchestra.run.smithi012.stdout:/usr/bin/ceph: stderr
2024-06-13T04:23:22.863+0000 7fb4ae600700 1 -- 172.21.15.12:0/1617018528 shutdown_connections
2024-06-13T04:23:23.605 INFO:teuthology.orchestra.run.smithi012.stdout:/usr/bin/ceph: stderr
2024-06-13T04:23:22.863+0000 7fb4ae600700 1 -- 172.21.15.12:0/1617018528 wait complete.
2024-06-13T04:23:23.751 INFO:journalctl@ceph.mgr.x.smithi012.stdout:Jun 13 04:23:23 smithi012 ceph-7016f62c-293c-11ef-bc9c-c7b262605968-mgr-x[32437]:
2024-06-13T04:23:23.392+0000 7f03fe33f200 -1 mgr[py] Module orchestrator has missing NOTIFY_TYPES member
2024-06-13T04:23:23.751 INFO:journalctl@ceph.mgr.x.smithi012.stdout:Jun 13 04:23:23 smithi012 ceph-7016f62c-293c-11ef-bc9c-c7b262605968-mgr-x[32437]:
2024-06-13T04:23:23.528+0000 7f03fe33f200 -1 mgr[py] Module snap_schedule has missing NOTIFY_TYPES member
2024-06-13T04:23:24.013 INFO:journalctl@ceph.mon.a.smithi012.stdout:Jun 13 04:23:23 smithi012 ceph-mon[32196]: from='client.? 172.21.15.12:0/1617018528' entity='client.admin' cmd='[{"prefix": "mgr module enable", "module": "cephadm"}]': finished
2024-06-13T04:23:24.013 INFO:journalctl@ceph.mon.a.smithi012.stdout:Jun 13 04:23:23 smithi012 ceph-mon[32196]: mgrmap e5: x(active, since 6s)
2024-06-13T04:23:24.014 INFO:journalctl@ceph.mgr.x.smithi012.stdout:Jun 13 04:23:23 smithi012 ceph-7016f62c-293c-11ef-bc9c-c7b262605968-mgr-x[32437]:
2024-06-13T04:23:23.944+0000 7f03fe33f200 -1 mgr[py] Module progress has missing NOTIFY_TYPES member
2024-06-13T04:23:24.450 INFO:journalctl@ceph.mgr.x.smithi012.stdout:Jun 13 04:23:24 smithi012 ceph-7016f62c-293c-11ef-bc9c-c7b262605968-mgr-x[32437]:
2024-06-13T04:23:24.063+0000 7f03fe33f200 -1 mgr[py] Module influx has missing NOTIFY_TYPES member
2024-06-13T04:23:25.222 INFO:journalctl@ceph.mon.a.smithi012.stdout:Jun 13 04:23:24 smithi012 ceph-mon[32196]: from='client.? 172.21.15.12:0/3211453996' entity='client.admin' cmd=[{"prefix": "mgr stat"}]: dispatch
2024-06-13T04:23:25.243 INFO:teuthology.orchestra.run.smithi012.stdout:/usr/bin/ceph: stdout {
2024-06-13T04:23:25.243 INFO:teuthology.orchestra.run.smithi012.stdout:/usr/bin/ceph: stdout "epoch": 5,
2024-06-13T04:23:25.243 INFO:teuthology.orchestra.run.smithi012.stdout:/usr/bin/ceph: stdout "available": true,
2024-06-13T04:23:25.243 INFO:teuthology.orchestra.run.smithi012.stdout:/usr/bin/ceph: stdout "active_name": "x",
2024-06-13T04:23:25.243 INFO:teuthology.orchestra.run.smithi012.stdout:/usr/bin/ceph: stdout "num_standby": 0
2024-06-13T04:23:25.243 INFO:teuthology.orchestra.run.smithi012.stdout:/usr/bin/ceph: stdout }
2024-06-13T04:23:25.243 INFO:teuthology.orchestra.run.smithi012.stdout:/usr/bin/ceph: stderr
2024-06-13T04:23:24.241+0000 7f3778000700 1 Processor -- start
2024-06-13T04:23:25.243 INFO:teuthology.orchestra.run.smithi012.stdout:/usr/bin/ceph: stderr
2024-06-13T04:23:24.241+0000 7f3778000700 1 -- start start
2024-06-13T04:23:25.243 INFO:teuthology.orchestra.run.smithi012.stdout:/usr/bin/ceph: stderr
2024-06-13T04:23:24.242+0000 7f3778000700 1 --2- >> [v2:172.21.15.12:3300/0,v1:172.21.15.12:6789/0] conn(0x7f3770108a40 0x7f377010ae30 unknown :-1 s=NONE pgs=0 cs=0 l=0 rev1=0 crypto rx=0 tx=0 comp rx=0 tx=0).connect
2024-06-13T04:23:25.243 INFO:teuthology.orchestra.run.smithi012.stdout:/usr/bin/ceph: stderr
2024-06-13T04:23:24.242+0000 7f3778000700 1 -- --> [v2:172.21.15.12:3300/0,v1:172.21.15.12:6789/0] -- mon_getmap magic: 0 -- 0x7f377007be70 con 0x7f3770108a40
2024-06-13T04:23:25.243 INFO:teuthology.orchestra.run.smithi012.stdout:/usr/bin/ceph: stderr
2024-06-13T04:23:24.242+0000 7f3775600700 1 --2- >> [v2:172.21.15.12:3300/0,v1:172.21.15.12:6789/0] conn(0x7f3770108a40 0x7f377010ae30 unknown :-1 s=BANNER_CONNECTING pgs=0 cs=0 l=0 rev1=0 crypto rx=0 tx=0 comp rx=0 tx=0)._handle_peer_banner_payload supported=3 required=0
2024-06-13T04:23:25.243 INFO:teuthology.orchestra.run.smithi012.stdout:/usr/bin/ceph: stderr
2024-06-13T04:23:24.242+0000 7f3775600700 1 --2- >> [v2:172.21.15.12:3300/0,v1:172.21.15.12:6789/0] conn(0x7f3770108a40 0x7f377010ae30 unknown :-1 s=HELLO_CONNECTING pgs=0 cs=0 l=0 rev1=1 crypto rx=0 tx=0 comp rx=0 tx=0).handle_hello peer v2:172.21.15.12:3300/0 says I am v2:172.21.15.12:44996/0 (socket says 172.21.15.12:44996)
2024-06-13T04:23:25.244 INFO:teuthology.orchestra.run.smithi012.stdout:/usr/bin/ceph: stderr
2024-06-13T04:23:24.242+0000 7f3775600700 1 -- 172.21.15.12:0/1056396905 learned_addr learned my addr 172.21.15.12:0/1056396905 (peer_addr_for_me v2:172.21.15.12:0/0)
2024-06-13T04:23:25.244 INFO:teuthology.orchestra.run.smithi012.stdout:/usr/bin/ceph: stderr
2024-06-13T04:23:24.243+0000 7f3775600700 1 -- 172.21.15.12:0/1056396905 --> [v2:172.21.15.12:3300/0,v1:172.21.15.12:6789/0] -- mon_subscribe({config=0+,monmap=0+}) -- 0x7f377010b370 con 0x7f3770108a40
2024-06-13T04:23:25.244 INFO:teuthology.orchestra.run.smithi012.stdout:/usr/bin/ceph: stderr
2024-06-13T04:23:24.243+0000 7f3775600700 1 --2- 172.21.15.12:0/1056396905 >> [v2:172.21.15.12:3300/0,v1:172.21.15.12:6789/0] conn(0x7f3770108a40 0x7f377010ae30 secure :-1 s=READY pgs=26 cs=0 l=1 rev1=1 crypto rx=0x7f37640098a0 tx=0x7f3764009bb0 comp rx=0 tx=0).ready entity=mon.0 client_cookie=b7e3e1d8c4741d8b server_cookie=0 in_seq=0 out_seq=0
2024-06-13T04:23:25.244 INFO:teuthology.orchestra.run.smithi012.stdout:/usr/bin/ceph: stderr
2024-06-13T04:23:24.243+0000 7f376fe00700 1 -- 172.21.15.12:0/1056396905 <== mon.0 v2:172.21.15.12:3300/0 1 ==== mon_map magic: 0 ==== 205+0+0 (secure 0 0 0) 0x7f3764004160 con 0x7f3770108a40
2024-06-13T04:23:25.244 INFO:teuthology.orchestra.run.smithi012.stdout:/usr/bin/ceph: stderr
2024-06-13T04:23:24.243+0000 7f376fe00700 1 -- 172.21.15.12:0/1056396905 <== mon.0 v2:172.21.15.12:3300/0 2 ==== config(27 keys) ==== 1109+0+0 (secure 0 0 0) 0x7f3764004300 con 0x7f3770108a40
2024-06-13T04:23:25.244 INFO:teuthology.orchestra.run.smithi012.stdout:/usr/bin/ceph: stderr
2024-06-13T04:23:24.243+0000 7f376fe00700 1 -- 172.21.15.12:0/1056396905 <== mon.0 v2:172.21.15.12:3300/0 3 ==== mon_map magic: 0 ==== 205+0+0 (secure 0 0 0) 0x7f3764011b50 con 0x7f3770108a40
2024-06-13T04:23:25.244 INFO:teuthology.orchestra.run.smithi012.stdout:/usr/bin/ceph: stderr
2024-06-13T04:23:24.244+0000 7f3778000700 1 -- 172.21.15.12:0/1056396905 >> [v2:172.21.15.12:3300/0,v1:172.21.15.12:6789/0] conn(0x7f3770108a40 msgr2=0x7f377010ae30 secure :-1 s=STATE_CONNECTION_ESTABLISHED l=1).mark_down
2024-06-13T04:23:25.244 INFO:teuthology.orchestra.run.smithi012.stdout:/usr/bin/ceph: stderr
2024-06-13T04:23:24.244+0000 7f3778000700 1 --2- 172.21.15.12:0/1056396905 >> [v2:172.21.15.12:3300/0,v1:172.21.15.12:6789/0] conn(0x7f3770108a40 0x7f377010ae30 secure :-1 s=READY pgs=26 cs=0 l=1 rev1=1 crypto rx=0x7f37640098a0 tx=0x7f3764009bb0 comp rx=0 tx=0).stop
2024-06-13T04:23:25.244 INFO:teuthology.orchestra.run.smithi012.stdout:/usr/bin/ceph: stderr
2024-06-13T04:23:24.244+0000 7f3778000700 1 -- 172.21.15.12:0/1056396905 shutdown_connections
2024-06-13T04:23:25.244 INFO:teuthology.orchestra.run.smithi012.stdout:/usr/bin/ceph: stderr
2024-06-13T04:23:24.244+0000 7f3778000700 1 --2- 172.21.15.12:0/1056396905 >> [v2:172.21.15.12:3300/0,v1:172.21.15.12:6789/0] conn(0x7f3770108a40 0x7f377010ae30 unknown :-1 s=CLOSED pgs=26 cs=0 l=1 rev1=1 crypto rx=0 tx=0 comp rx=0 tx=0).stop
2024-06-13T04:23:25.244 INFO:teuthology.orchestra.run.smithi012.stdout:/usr/bin/ceph: stderr
2024-06-13T04:23:24.244+0000 7f3778000700 1 -- 172.21.15.12:0/1056396905 >> 172.21.15.12:0/1056396905 conn(0x7f3770102450 msgr2=0x7f3770104870 unknown :-1 s=STATE_NONE l=0).mark_down
2024-06-13T04:23:25.244 INFO:teuthology.orchestra.run.smithi012.stdout:/usr/bin/ceph: stderr
2024-06-13T04:23:24.244+0000 7f3778000700 1 -- 172.21.15.12:0/1056396905 shutdown_connections
2024-06-13T04:23:25.244 INFO:teuthology.orchestra.run.smithi012.stdout:/usr/bin/ceph: stderr
2024-06-13T04:23:24.244+0000 7f3778000700 1 -- 172.21.15.12:0/1056396905 wait complete.
2024-06-13T04:23:25.245 INFO:teuthology.orchestra.run.smithi012.stdout:/usr/bin/ceph: stderr
2024-06-13T04:23:24.246+0000 7f3778000700 1 Processor -- start
2024-06-13T04:23:25.245 INFO:teuthology.orchestra.run.smithi012.stdout:/usr/bin/ceph: stderr
2024-06-13T04:23:24.246+0000 7f3778000700 1 -- start start
2024-06-13T04:23:25.245 INFO:teuthology.orchestra.run.smithi012.stdout:/usr/bin/ceph: stderr
2024-06-13T04:23:24.246+0000 7f3778000700 1 --2- >> [v2:172.21.15.12:3300/0,v1:172.21.15.12:6789/0] conn(0x7f3770108a40 0x7f377019e110 unknown :-1 s=NONE pgs=0 cs=0 l=1 rev1=0 crypto rx=0 tx=0 comp rx=0 tx=0).connect
2024-06-13T04:23:25.245 INFO:teuthology.orchestra.run.smithi012.stdout:/usr/bin/ceph: stderr
2024-06-13T04:23:24.246+0000 7f3778000700 1 -- --> [v2:172.21.15.12:3300/0,v1:172.21.15.12:6789/0] -- mon_getmap magic: 0 -- 0x7f377010c390 con 0x7f3770108a40
2024-06-13T04:23:25.245 INFO:teuthology.orchestra.run.smithi012.stdout:/usr/bin/ceph: stderr
2024-06-13T04:23:24.247+0000 7f3775600700 1 --2- >> [v2:172.21.15.12:3300/0,v1:172.21.15.12:6789/0] conn(0x7f3770108a40 0x7f377019e110 unknown :-1 s=BANNER_CONNECTING pgs=0 cs=0 l=1 rev1=0 crypto rx=0 tx=0 comp rx=0 tx=0)._handle_peer_banner_payload supported=3 required=0
2024-06-13T04:23:25.245 INFO:teuthology.orchestra.run.smithi012.stdout:/usr/bin/ceph: stderr
2024-06-13T04:23:24.247+0000 7f3775600700 1 --2- >> [v2:172.21.15.12:3300/0,v1:172.21.15.12:6789/0] conn(0x7f3770108a40 0x7f377019e110 unknown :-1 s=HELLO_CONNECTING pgs=0 cs=0 l=1 rev1=1 crypto rx=0 tx=0 comp rx=0 tx=0).handle_hello peer v2:172.21.15.12:3300/0 says I am v2:172.21.15.12:45002/0 (socket says 172.21.15.12:45002)
2024-06-13T04:23:25.245 INFO:teuthology.orchestra.run.smithi012.stdout:/usr/bin/ceph: stderr
2024-06-13T04:23:24.247+0000 7f3775600700 1 -- 172.21.15.12:0/3211453996 learned_addr learned my addr 172.21.15.12:0/3211453996 (peer_addr_for_me v2:172.21.15.12:0/0)
2024-06-13T04:23:25.245 INFO:teuthology.orchestra.run.smithi012.stdout:/usr/bin/ceph: stderr
2024-06-13T04:23:24.247+0000 7f3775600700 1 -- 172.21.15.12:0/3211453996 --> [v2:172.21.15.12:3300/0,v1:172.21.15.12:6789/0] -- mon_subscribe({config=0+,monmap=0+}) -- 0x7f377019e650 con 0x7f3770108a40
2024-06-13T04:23:25.245 INFO:teuthology.orchestra.run.smithi012.stdout:/usr/bin/ceph: stderr
2024-06-13T04:23:24.247+0000 7f3775600700 1 --2- 172.21.15.12:0/3211453996 >> [v2:172.21.15.12:3300/0,v1:172.21.15.12:6789/0] conn(0x7f3770108a40 0x7f377019e110 secure :-1 s=READY pgs=27 cs=0 l=1 rev1=1 crypto rx=0x7f3764011b60 tx=0x7f3764011c40 comp rx=0 tx=0).ready entity=mon.0 client_cookie=0 server_cookie=0 in_seq=0 out_seq=0
2024-06-13T04:23:25.245 INFO:teuthology.orchestra.run.smithi012.stdout:/usr/bin/ceph: stderr
2024-06-13T04:23:24.248+0000 7f376e000700 1 -- 172.21.15.12:0/3211453996 <== mon.0 v2:172.21.15.12:3300/0 1 ==== mon_map magic: 0 ==== 205+0+0 (secure 0 0 0) 0x7f3764003b20 con 0x7f3770108a40
2024-06-13T04:23:25.245 INFO:teuthology.orchestra.run.smithi012.stdout:/usr/bin/ceph: stderr
2024-06-13T04:23:24.248+0000 7f376e000700 1 -- 172.21.15.12:0/3211453996 <== mon.0 v2:172.21.15.12:3300/0 2 ==== config(27 keys) ==== 1109+0+0 (secure 0 0 0) 0x7f3764003cc0 con 0x7f3770108a40
2024-06-13T04:23:25.245 INFO:teuthology.orchestra.run.smithi012.stdout:/usr/bin/ceph: stderr
2024-06-13T04:23:24.248+0000 7f3778000700 1 -- 172.21.15.12:0/3211453996 --> [v2:172.21.15.12:3300/0,v1:172.21.15.12:6789/0] -- mon_subscribe({mgrmap=0+}) -- 0x7f377019e8e0 con 0x7f3770108a40
2024-06-13T04:23:25.245 INFO:teuthology.orchestra.run.smithi012.stdout:/usr/bin/ceph: stderr
2024-06-13T04:23:24.248+0000 7f376e000700 1 -- 172.21.15.12:0/3211453996 <== mon.0 v2:172.21.15.12:3300/0 3 ==== mon_map magic: 0 ==== 205+0+0 (secure 0 0 0) 0x7f3764024840 con 0x7f3770108a40
2024-06-13T04:23:25.245 INFO:teuthology.orchestra.run.smithi012.stdout:/usr/bin/ceph: stderr
2024-06-13T04:23:24.248+0000 7f3778000700 1 -- 172.21.15.12:0/3211453996 --> [v2:172.21.15.12:3300/0,v1:172.21.15.12:6789/0] -- mon_subscribe({osdmap=0}) -- 0x7f37701a15d0 con 0x7f3770108a40
2024-06-13T04:23:25.245 INFO:teuthology.orchestra.run.smithi012.stdout:/usr/bin/ceph: stderr
2024-06-13T04:23:24.249+0000 7f3778000700 1 -- 172.21.15.12:0/3211453996 --> [v2:172.21.15.12:3300/0,v1:172.21.15.12:6789/0] -- mon_command({"prefix": "get_command_descriptions"} v 0) -- 0x7f3770063af0 con 0x7f3770108a40
2024-06-13T04:23:25.246 INFO:teuthology.orchestra.run.smithi012.stdout:/usr/bin/ceph: stderr
2024-06-13T04:23:24.249+0000 7f376e000700 1 -- 172.21.15.12:0/3211453996 <== mon.0 v2:172.21.15.12:3300/0 4 ==== mgrmap(e 5) ==== 46287+0+0 (secure 0 0 0) 0x7f3764022020 con 0x7f3770108a40
2024-06-13T04:23:25.246 INFO:teuthology.orchestra.run.smithi012.stdout:/usr/bin/ceph: stderr
2024-06-13T04:23:24.250+0000 7f376e000700 1 --2- 172.21.15.12:0/3211453996 >> [v2:172.21.15.12:6800/2785421201,v1:172.21.15.12:6801/2785421201] conn(0x7f37580390a0 0x7f375803b560 unknown :-1 s=NONE pgs=0 cs=0 l=1 rev1=0 crypto rx=0 tx=0 comp rx=0 tx=0).connect
2024-06-13T04:23:25.246 INFO:teuthology.orchestra.run.smithi012.stdout:/usr/bin/ceph: stderr
2024-06-13T04:23:24.250+0000 7f376e000700 1 -- 172.21.15.12:0/3211453996 <== mon.0 v2:172.21.15.12:3300/0 5 ==== osd_map(1..1 src has 1..1) ==== 725+0+0 (secure 0 0 0) 0x7f3764011e00 con 0x7f3770108a40
2024-06-13T04:23:25.246 INFO:teuthology.orchestra.run.smithi012.stdout:/usr/bin/ceph: stderr
2024-06-13T04:23:24.250+0000 7f3774c00700 1 -- 172.21.15.12:0/3211453996 >> [v2:172.21.15.12:6800/2785421201,v1:172.21.15.12:6801/2785421201] conn(0x7f37580390a0 msgr2=0x7f375803b560 unknown :-1 s=STATE_CONNECTING_RE l=1).process reconnect failed to v2:172.21.15.12:6800/2785421201
2024-06-13T04:23:25.246 INFO:teuthology.orchestra.run.smithi012.stdout:/usr/bin/ceph: stderr
2024-06-13T04:23:24.250+0000 7f3774c00700 1 --2- 172.21.15.12:0/3211453996 >> [v2:172.21.15.12:6800/2785421201,v1:172.21.15.12:6801/2785421201] conn(0x7f37580390a0 0x7f375803b560 unknown :-1 s=START_CONNECT pgs=0 cs=0 l=1 rev1=0 crypto rx=0 tx=0 comp rx=0 tx=0)._fault waiting 0.200000
2024-06-13T04:23:25.246 INFO:teuthology.orchestra.run.smithi012.stdout:/usr/bin/ceph: stderr
2024-06-13T04:23:24.255+0000 7f376e000700 1 -- 172.21.15.12:0/3211453996 <== mon.0 v2:172.21.15.12:3300/0 6 ==== mon_command_ack([{"prefix": "get_command_descriptions"}]=0 v0) ==== 72+0+186418 (secure 0 0 0) 0x7f376404cb70 con 0x7f3770108a40
2024-06-13T04:23:25.246 INFO:teuthology.orchestra.run.smithi012.stdout:/usr/bin/ceph: stderr
2024-06-13T04:23:24.451+0000 7f3774c00700 1 -- 172.21.15.12:0/3211453996 >> [v2:172.21.15.12:6800/2785421201,v1:172.21.15.12:6801/2785421201] conn(0x7f37580390a0 msgr2=0x7f375803b560 unknown :-1 s=STATE_CONNECTING_RE l=1).process reconnect failed to v2:172.21.15.12:6800/2785421201
2024-06-13T04:23:25.246 INFO:teuthology.orchestra.run.smithi012.stdout:/usr/bin/ceph: stderr
2024-06-13T04:23:24.451+0000 7f3774c00700 1 --2- 172.21.15.12:0/3211453996 >> [v2:172.21.15.12:6800/2785421201,v1:172.21.15.12:6801/2785421201] conn(0x7f37580390a0 0x7f375803b560 unknown :-1 s=START_CONNECT pgs=0 cs=0 l=1 rev1=0 crypto rx=0 tx=0 comp rx=0 tx=0)._fault waiting 0.400000
2024-06-13T04:23:25.246 INFO:teuthology.orchestra.run.smithi012.stdout:/usr/bin/ceph: stderr
2024-06-13T04:23:24.540+0000 7f3778000700 1 -- 172.21.15.12:0/3211453996 --> [v2:172.21.15.12:3300/0,v1:172.21.15.12:6789/0] -- mon_command({"prefix": "mgr stat"} v 0) -- 0x7f37701a17a0 con 0x7f3770108a40
2024-06-13T04:23:25.246 INFO:teuthology.orchestra.run.smithi012.stdout:/usr/bin/ceph: stderr
2024-06-13T04:23:24.540+0000 7f376e000700 1 -- 172.21.15.12:0/3211453996 <== mon.0 v2:172.21.15.12:3300/0 7 ==== mon_command_ack([{"prefix": "mgr stat"}]=0 v5) ==== 56+0+88 (secure 0 0 0) 0x7f376401a950 con 0x7f3770108a40
2024-06-13T04:23:25.246 INFO:teuthology.orchestra.run.smithi012.stdout:/usr/bin/ceph: stderr
2024-06-13T04:23:24.544+0000 7f3778000700 1 -- 172.21.15.12:0/3211453996 >> [v2:172.21.15.12:6800/2785421201,v1:172.21.15.12:6801/2785421201] conn(0x7f37580390a0 msgr2=0x7f375803b560 unknown :-1 s=STATE_CONNECTING l=1).mark_down
2024-06-13T04:23:25.246 INFO:teuthology.orchestra.run.smithi012.stdout:/usr/bin/ceph: stderr
2024-06-13T04:23:24.544+0000 7f3778000700 1 --2- 172.21.15.12:0/3211453996 >> [v2:172.21.15.12:6800/2785421201,v1:172.21.15.12:6801/2785421201] conn(0x7f37580390a0 0x7f375803b560 unknown :-1 s=START_CONNECT pgs=0 cs=0 l=1 rev1=0 crypto rx=0 tx=0 comp rx=0 tx=0).stop
2024-06-13T04:23:25.246 INFO:teuthology.orchestra.run.smithi012.stdout:/usr/bin/ceph: stderr
2024-06-13T04:23:24.544+0000 7f3778000700 1 -- 172.21.15.12:0/3211453996 >> [v2:172.21.15.12:3300/0,v1:172.21.15.12:6789/0] conn(0x7f3770108a40 msgr2=0x7f377019e110 secure :-1 s=STATE_CONNECTION_ESTABLISHED l=1).mark_down
2024-06-13T04:23:25.247 INFO:teuthology.orchestra.run.smithi012.stdout:/usr/bin/ceph: stderr
2024-06-13T04:23:24.544+0000 7f3778000700 1 --2- 172.21.15.12:0/3211453996 >> [v2:172.21.15.12:3300/0,v1:172.21.15.12:6789/0] conn(0x7f3770108a40 0x7f377019e110 secure :-1 s=READY pgs=27 cs=0 l=1 rev1=1 crypto rx=0x7f3764011b60 tx=0x7f3764011c40 comp rx=0 tx=0).stop
2024-06-13T04:23:25.247 INFO:teuthology.orchestra.run.smithi012.stdout:/usr/bin/ceph: stderr
2024-06-13T04:23:24.544+0000 7f3778000700 1 -- 172.21.15.12:0/3211453996 shutdown_connections
2024-06-13T04:23:25.247 INFO:teuthology.orchestra.run.smithi012.stdout:/usr/bin/ceph: stderr
2024-06-13T04:23:24.544+0000 7f3778000700 1 --2- 172.21.15.12:0/3211453996 >> [v2:172.21.15.12:6800/2785421201,v1:172.21.15.12:6801/2785421201] conn(0x7f37580390a0 0x7f375803b560 unknown :-1 s=CLOSED pgs=0 cs=0 l=1 rev1=0 crypto rx=0 tx=0 comp rx=0 tx=0).stop
2024-06-13T04:23:25.247 INFO:teuthology.orchestra.run.smithi012.stdout:/usr/bin/ceph: stderr
2024-06-13T04:23:24.544+0000 7f3778000700 1 --2- 172.21.15.12:0/3211453996 >> [v2:172.21.15.12:3300/0,v1:172.21.15.12:6789/0] conn(0x7f3770108a40 0x7f377019e110 unknown :-1 s=CLOSED pgs=27 cs=0 l=1 rev1=1 crypto rx=0 tx=0 comp rx=0 tx=0).stop
2024-06-13T04:23:25.247 INFO:teuthology.orchestra.run.smithi012.stdout:/usr/bin/ceph: stderr
2024-06-13T04:23:24.544+0000 7f3778000700 1 -- 172.21.15.12:0/3211453996 >> 172.21.15.12:0/3211453996 conn(0x7f3770102450 msgr2=0x7f3770102e80 unknown :-1 s=STATE_NONE l=0).mark_down
2024-06-13T04:23:25.247 INFO:teuthology.orchestra.run.smithi012.stdout:/usr/bin/ceph: stderr
2024-06-13T04:23:24.544+0000 7f3778000700 1 -- 172.21.15.12:0/3211453996 shutdown_connections
2024-06-13T04:23:25.247 INFO:teuthology.orchestra.run.smithi012.stdout:/usr/bin/ceph: stderr
2024-06-13T04:23:24.544+0000 7f3778000700 1 -- 172.21.15.12:0/3211453996 wait complete.
2024-06-13T04:23:25.247 INFO:teuthology.orchestra.run.smithi012.stdout:Waiting for the mgr to restart...
2024-06-13T04:23:25.247 INFO:teuthology.orchestra.run.smithi012.stdout:Waiting for mgr epoch 5...
2024-06-13T04:23:25.829 INFO:journalctl@ceph.mgr.x.smithi012.stdout:Jun 13 04:23:25 smithi012 ceph-7016f62c-293c-11ef-bc9c-c7b262605968-mgr-x[32437]:
2024-06-13T04:23:25.716+0000 7f03fe33f200 -1 mgr[py] Module telegraf has missing NOTIFY_TYPES member
2024-06-13T04:23:26.096 INFO:journalctl@ceph.mgr.x.smithi012.stdout:Jun 13 04:23:25 smithi012 ceph-7016f62c-293c-11ef-bc9c-c7b262605968-mgr-x[32437]:
2024-06-13T04:23:25.955+0000 7f03fe33f200 -1 mgr[py] Module osd_support has missing NOTIFY_TYPES member
2024-06-13T04:23:26.496 INFO:journalctl@ceph.mgr.x.smithi012.stdout:Jun 13 04:23:26 smithi012 ceph-7016f62c-293c-11ef-bc9c-c7b262605968-mgr-x[32437]:
2024-06-13T04:23:26.175+0000 7f03fe33f200 -1 mgr[py] Module iostat has missing NOTIFY_TYPES member
2024-06-13T04:23:26.764 INFO:journalctl@ceph.mgr.x.smithi012.stdout:Jun 13 04:23:26 smithi012 ceph-7016f62c-293c-11ef-bc9c-c7b262605968-mgr-x[32437]:
2024-06-13T04:23:26.571+0000 7f03fe33f200 -1 mgr[py] Module alerts has missing NOTIFY_TYPES member
2024-06-13T04:23:26.764 INFO:journalctl@ceph.mgr.x.smithi012.stdout:Jun 13 04:23:26 smithi012 ceph-7016f62c-293c-11ef-bc9c-c7b262605968-mgr-x[32437]:
2024-06-13T04:23:26.699+0000 7f03fe33f200 -1 mgr[py] Module selftest has missing NOTIFY_TYPES member
2024-06-13T04:23:27.222 INFO:journalctl@ceph.mgr.x.smithi012.stdout:Jun 13 04:23:26 smithi012 ceph-7016f62c-293c-11ef-bc9c-c7b262605968-mgr-x[32437]:
2024-06-13T04:23:26.959+0000 7f03fe33f200 -1 mgr[py] Module pg_autoscaler has missing NOTIFY_TYPES member
2024-06-13T04:23:27.222 INFO:journalctl@ceph.mgr.x.smithi012.stdout:Jun 13 04:23:27 smithi012 ceph-7016f62c-293c-11ef-bc9c-c7b262605968-mgr-x[32437]:
2024-06-13T04:23:27.222+0000 7f03fe33f200 -1 mgr[py] Module test_orchestrator has missing NOTIFY_TYPES member
2024-06-13T04:23:28.513 INFO:journalctl@ceph.mgr.x.smithi012.stdout:Jun 13 04:23:28 smithi012 ceph-7016f62c-293c-11ef-bc9c-c7b262605968-mgr-x[32437]:
2024-06-13T04:23:28.061+0000 7f03fe33f200 -1 mgr[py] Module rook has missing NOTIFY_TYPES member
2024-06-13T04:23:28.899 INFO:journalctl@ceph.mgr.x.smithi012.stdout:Jun 13 04:23:28 smithi012 ceph-7016f62c-293c-11ef-bc9c-c7b262605968-mgr-x[32437]:
2024-06-13T04:23:28.637+0000 7f03fe33f200 -1 mgr[py] Module volumes has missing NOTIFY_TYPES member
2024-06-13T04:23:28.900 INFO:journalctl@ceph.mgr.x.smithi012.stdout:Jun 13 04:23:28 smithi012 ceph-7016f62c-293c-11ef-bc9c-c7b262605968-mgr-x[32437]:
2024-06-13T04:23:28.772+0000 7f03fe33f200 -1 mgr[py] Module crash has missing NOTIFY_TYPES member
2024-06-13T04:23:29.263 INFO:journalctl@ceph.mgr.x.smithi012.stdout:Jun 13 04:23:29 smithi012 ceph-7016f62c-293c-11ef-bc9c-c7b262605968-mgr-x[32437]:
2024-06-13T04:23:29.050+0000 7f03fe33f200 -1 mgr[py] Module rgw has missing NOTIFY_TYPES member
2024-06-13T04:23:30.013 INFO:journalctl@ceph.mgr.x.smithi012.stdout:Jun 13 04:23:29 smithi012 ceph-7016f62c-293c-11ef-bc9c-c7b262605968-mgr-x[32437]:
2024-06-13T04:23:29.723+0000 7f03fe33f200 -1 mgr[py] Module prometheus has missing NOTIFY_TYPES member
2024-06-13T04:23:30.014 INFO:journalctl@ceph.mgr.x.smithi012.stdout:Jun 13 04:23:29 smithi012 ceph-7016f62c-293c-11ef-bc9c-c7b262605968-mgr-x[32437]:
2024-06-13T04:23:29.853+0000 7f03fe33f200 -1 mgr[py] Module devicehealth has missing NOTIFY_TYPES member
2024-06-13T04:23:30.509 INFO:journalctl@ceph.mgr.x.smithi012.stdout:Jun 13 04:23:30 smithi012 ceph-7016f62c-293c-11ef-bc9c-c7b262605968-mgr-x[32437]:
2024-06-13T04:23:30.190+0000 7f03fe33f200 -1 mgr[py] Module telemetry has missing NOTIFY_TYPES member
2024-06-13T04:23:30.509 INFO:journalctl@ceph.mgr.x.smithi012.stdout:Jun 13 04:23:30 smithi012 ceph-7016f62c-293c-11ef-bc9c-c7b262605968-mgr-x[32437]:
2024-06-13T04:23:30.378+0000 7f03fe33f200 -1 mgr[py] Module diskprediction_local has missing NOTIFY_TYPES member
2024-06-13T04:23:30.509 INFO:journalctl@ceph.mgr.x.smithi012.stdout:Jun 13 04:23:30 smithi012 ceph-7016f62c-293c-11ef-bc9c-c7b262605968-mgr-x[32437]:
2024-06-13T04:23:30.509+0000 7f03fe33f200 -1 mgr[py] Module osd_perf_query has missing NOTIFY_TYPES member
2024-06-13T04:23:30.763 INFO:journalctl@ceph.mgr.x.smithi012.stdout:Jun 13 04:23:30 smithi012 ceph-7016f62c-293c-11ef-bc9c-c7b262605968-mgr-x[32437]:
2024-06-13T04:23:30.667+0000 7f03fe33f200 -1 mgr[py] Module rbd_support has missing NOTIFY_TYPES member
2024-06-13T04:23:31.513 INFO:journalctl@ceph.mgr.x.smithi012.stdout:Jun 13 04:23:31 smithi012 ceph-7016f62c-293c-11ef-bc9c-c7b262605968-mgr-x[32437]:
2024-06-13T04:23:31.046+0000 7f03fe33f200 -1 mgr[py] Module zabbix has missing NOTIFY_TYPES member
2024-06-13T04:23:32.103 INFO:journalctl@ceph.mgr.x.smithi012.stdout:Jun 13 04:23:31 smithi012 ceph-7016f62c-293c-11ef-bc9c-c7b262605968-mgr-x[32437]:
2024-06-13T04:23:31.834+0000 7f03fe33f200 -1 mgr[py] Module status has missing NOTIFY_TYPES member
2024-06-13T04:23:32.513 INFO:journalctl@ceph.mgr.x.smithi012.stdout:Jun 13 04:23:32 smithi012 ceph-7016f62c-293c-11ef-bc9c-c7b262605968-mgr-x[32437]:
2024-06-13T04:23:32.131+0000 7f03fe33f200 -1 mgr[py] Module nfs has missing NOTIFY_TYPES member
2024-06-13T04:23:32.514 INFO:journalctl@ceph.mon.a.smithi012.stdout:Jun 13 04:23:32 smithi012 ceph-mon[32196]: Active manager daemon x restarted
2024-06-13T04:23:32.514 INFO:journalctl@ceph.mon.a.smithi012.stdout:Jun 13 04:23:32 smithi012 ceph-mon[32196]: Activating manager daemon x
2024-06-13T04:23:32.514 INFO:journalctl@ceph.mon.a.smithi012.stdout:Jun 13 04:23:32 smithi012 ceph-mon[32196]: osdmap e2: 0 total, 0 up, 0 in
2024-06-13T04:23:32.514 INFO:journalctl@ceph.mon.a.smithi012.stdout:Jun 13 04:23:32 smithi012 ceph-mon[32196]: mgrmap e6: x(active, starting, since 0.0091508s)
2024-06-13T04:23:32.514 INFO:journalctl@ceph.mon.a.smithi012.stdout:Jun 13 04:23:32 smithi012 ceph-mon[32196]: from='mgr.14120 172.21.15.12:0/2500108724' entity='mgr.x' cmd=[{"prefix": "mon metadata", "id": "a"}]: dispatch
2024-06-13T04:23:32.514 INFO:journalctl@ceph.mon.a.smithi012.stdout:Jun 13 04:23:32 smithi012 ceph-mon[32196]: from='mgr.14120 172.21.15.12:0/2500108724' entity='mgr.x' cmd=[{"prefix": "mgr metadata", "who": "x", "id": "x"}]: dispatch
2024-06-13T04:23:32.514 INFO:journalctl@ceph.mon.a.smithi012.stdout:Jun 13 04:23:32 smithi012 ceph-mon[32196]: from='mgr.14120 172.21.15.12:0/2500108724' entity='mgr.x' cmd=[{"prefix": "mds metadata"}]: dispatch
2024-06-13T04:23:32.514 INFO:journalctl@ceph.mon.a.smithi012.stdout:Jun 13 04:23:32 smithi012 ceph-mon[32196]: from='mgr.14120 172.21.15.12:0/2500108724' entity='mgr.x' cmd=[{"prefix": "osd metadata"}]: dispatch
2024-06-13T04:23:32.515 INFO:journalctl@ceph.mon.a.smithi012.stdout:Jun 13 04:23:32 smithi012 ceph-mon[32196]: from='mgr.14120 172.21.15.12:0/2500108724' entity='mgr.x' cmd=[{"prefix": "mon metadata"}]: dispatch
2024-06-13T04:23:32.515 INFO:journalctl@ceph.mon.a.smithi012.stdout:Jun 13 04:23:32 smithi012 ceph-mon[32196]: Manager daemon x is now available
2024-06-13T04:23:33.509 INFO:journalctl@ceph.mon.a.smithi012.stdout:Jun 13 04:23:33 smithi012 ceph-mon[32196]: Found migration_current of "None". Setting to last migration.
2024-06-13T04:23:33.509 INFO:journalctl@ceph.mon.a.smithi012.stdout:Jun 13 04:23:33 smithi012 ceph-mon[32196]: from='mgr.14120 172.21.15.12:0/2500108724' entity='mgr.x'
2024-06-13T04:23:33.510 INFO:journalctl@ceph.mon.a.smithi012.stdout:Jun 13 04:23:33 smithi012 ceph-mon[32196]: from='mgr.14120 172.21.15.12:0/2500108724' entity='mgr.x'
2024-06-13T04:23:33.510 INFO:journalctl@ceph.mon.a.smithi012.stdout:Jun 13 04:23:33 smithi012 ceph-mon[32196]: from='mgr.14120 172.21.15.12:0/2500108724' entity='mgr.x' cmd=[{"prefix": "config dump", "format": "json"}]: dispatch
2024-06-13T04:23:33.510 INFO:journalctl@ceph.mon.a.smithi012.stdout:Jun 13 04:23:33 smithi012 ceph-mon[32196]: from='mgr.14120 172.21.15.12:0/2500108724' entity='mgr.x' cmd=[{"prefix": "config dump", "format": "json"}]: dispatch
2024-06-13T04:23:33.510 INFO:journalctl@ceph.mon.a.smithi012.stdout:Jun 13 04:23:33 smithi012 ceph-mon[32196]: from='mgr.14120 172.21.15.12:0/2500108724' entity='mgr.x' cmd=[{"prefix":"config rm","who":"mgr","name":"mgr/rbd_support/x/mirror_snapshot_schedule"}]: dispatch
2024-06-13T04:23:33.510 INFO:journalctl@ceph.mon.a.smithi012.stdout:Jun 13 04:23:33 smithi012 ceph-mon[32196]: from='mgr.14120 172.21.15.12:0/2500108724' entity='mgr.x' cmd=[{"prefix":"config rm","who":"mgr","name":"mgr/rbd_support/x/trash_purge_schedule"}]: dispatch
2024-06-13T04:23:33.510 INFO:journalctl@ceph.mon.a.smithi012.stdout:Jun 13 04:23:33 smithi012 ceph-mon[32196]: mgrmap e7: x(active, since 1.01412s)
2024-06-13T04:23:33.810 INFO:teuthology.orchestra.run.smithi012.stdout:/usr/bin/ceph: stdout {
2024-06-13T04:23:33.810 INFO:teuthology.orchestra.run.smithi012.stdout:/usr/bin/ceph: stdout "mgrmap_epoch": 7,
2024-06-13T04:23:33.810 INFO:teuthology.orchestra.run.smithi012.stdout:/usr/bin/ceph: stdout "initialized": true
2024-06-13T04:23:33.810 INFO:teuthology.orchestra.run.smithi012.stdout:/usr/bin/ceph: stdout }
2024-06-13T04:23:33.810 INFO:teuthology.orchestra.run.smithi012.stdout:/usr/bin/ceph: stderr
2024-06-13T04:23:25.886+0000 7f8ce2a00700 1 Processor -- start
2024-06-13T04:23:33.811 INFO:teuthology.orchestra.run.smithi012.stdout:/usr/bin/ceph: stderr
2024-06-13T04:23:25.886+0000 7f8ce2a00700 1 -- start start
2024-06-13T04:23:33.811 INFO:teuthology.orchestra.run.smithi012.stdout:/usr/bin/ceph: stderr
2024-06-13T04:23:25.887+0000 7f8ce2a00700 1 --2- >> [v2:172.21.15.12:3300/0,v1:172.21.15.12:6789/0] conn(0x7f8cdc07de80 0x7f8cdc07c2e0 unknown :-1 s=NONE pgs=0 cs=0 l=0 rev1=0 crypto rx=0 tx=0 comp rx=0 tx=0).connect
