2024-06-13T04:23:36.080+0000 7f9c39000700 1 -- 172.21.15.12:0/1629317607 --> [v2:172.21.15.12:3300/0,v1:172.21.15.12:6789/0] -- mon_command({"prefix": "get_command_descriptions"} v 0) -- 0x7f9c340695b0 con 0x7f9c3410b3d0
2024-06-13T04:23:37.082 INFO:teuthology.orchestra.run.smithi012.stdout:/usr/bin/ceph: stderr
2024-06-13T04:23:36.080+0000 7f9c2be00700 1 --2- 172.21.15.12:0/1629317607 >> [v2:172.21.15.12:6800/2329480994,v1:172.21.15.12:6801/2329480994] conn(0x7f9c180390a0 0x7f9c1803b560 unknown :-1 s=NONE pgs=0 cs=0 l=1 rev1=0 crypto rx=0 tx=0 comp rx=0 tx=0).connect
2024-06-13T04:23:37.082 INFO:teuthology.orchestra.run.smithi012.stdout:/usr/bin/ceph: stderr
2024-06-13T04:23:36.080+0000 7f9c2be00700 1 -- 172.21.15.12:0/1629317607 <== mon.0 v2:172.21.15.12:3300/0 5 ==== osd_map(2..2 src has 1..2) ==== 940+0+0 (secure 0 0 0) 0x7f9c24011e00 con 0x7f9c3410b3d0
2024-06-13T04:23:37.082 INFO:teuthology.orchestra.run.smithi012.stdout:/usr/bin/ceph: stderr
2024-06-13T04:23:36.080+0000 7f9c32a00700 1 --2- 172.21.15.12:0/1629317607 >> [v2:172.21.15.12:6800/2329480994,v1:172.21.15.12:6801/2329480994] conn(0x7f9c180390a0 0x7f9c1803b560 unknown :-1 s=BANNER_CONNECTING pgs=0 cs=0 l=1 rev1=0 crypto rx=0 tx=0 comp rx=0 tx=0)._handle_peer_banner_payload supported=3 required=0
2024-06-13T04:23:37.082 INFO:teuthology.orchestra.run.smithi012.stdout:/usr/bin/ceph: stderr
2024-06-13T04:23:36.081+0000 7f9c32a00700 1 --2- 172.21.15.12:0/1629317607 >> [v2:172.21.15.12:6800/2329480994,v1:172.21.15.12:6801/2329480994] conn(0x7f9c180390a0 0x7f9c1803b560 secure :-1 s=READY pgs=8 cs=0 l=1 rev1=1 crypto rx=0x7f9c20006fd0 tx=0x7f9c20006e40 comp rx=0 tx=0).ready entity=mgr.14120 client_cookie=0 server_cookie=0 in_seq=0 out_seq=0
2024-06-13T04:23:37.082 INFO:teuthology.orchestra.run.smithi012.stdout:/usr/bin/ceph: stderr
2024-06-13T04:23:36.086+0000 7f9c2be00700 1 -- 172.21.15.12:0/1629317607 <== mon.0 v2:172.21.15.12:3300/0 6 ==== mon_command_ack([{"prefix": "get_command_descriptions"}]=0 v0) ==== 72+0+186418 (secure 0 0 0) 0x7f9c24016260 con 0x7f9c3410b3d0
2024-06-13T04:23:37.082 INFO:teuthology.orchestra.run.smithi012.stdout:/usr/bin/ceph: stderr
2024-06-13T04:23:36.314+0000 7f9c39000700 1 -- 172.21.15.12:0/1629317607 --> [v2:172.21.15.12:6800/2329480994,v1:172.21.15.12:6801/2329480994] -- mgr_command(tid 0: {"prefix": "cephadm set-user", "user": "root", "target": ["mon-mgr", ""]}) -- 0x7f9c341a1610 con 0x7f9c180390a0
2024-06-13T04:23:37.082 INFO:teuthology.orchestra.run.smithi012.stdout:/usr/bin/ceph: stderr
2024-06-13T04:23:36.316+0000 7f9c2be00700 1 -- 172.21.15.12:0/1629317607 <== mgr.14120 v2:172.21.15.12:6800/2329480994 1 ==== mgr_command_reply(tid 0: 0 ) ==== 8+0+16 (secure 0 0 0) 0x7f9c341a1610 con 0x7f9c180390a0
2024-06-13T04:23:37.082 INFO:teuthology.orchestra.run.smithi012.stdout:/usr/bin/ceph: stderr
2024-06-13T04:23:36.320+0000 7f9c39000700 1 -- 172.21.15.12:0/1629317607 >> [v2:172.21.15.12:6800/2329480994,v1:172.21.15.12:6801/2329480994] conn(0x7f9c180390a0 msgr2=0x7f9c1803b560 secure :-1 s=STATE_CONNECTION_ESTABLISHED l=1).mark_down
2024-06-13T04:23:37.083 INFO:teuthology.orchestra.run.smithi012.stdout:/usr/bin/ceph: stderr
2024-06-13T04:23:36.320+0000 7f9c39000700 1 --2- 172.21.15.12:0/1629317607 >> [v2:172.21.15.12:6800/2329480994,v1:172.21.15.12:6801/2329480994] conn(0x7f9c180390a0 0x7f9c1803b560 secure :-1 s=READY pgs=8 cs=0 l=1 rev1=1 crypto rx=0x7f9c20006fd0 tx=0x7f9c20006e40 comp rx=0 tx=0).stop
2024-06-13T04:23:37.083 INFO:teuthology.orchestra.run.smithi012.stdout:/usr/bin/ceph: stderr
2024-06-13T04:23:36.320+0000 7f9c39000700 1 -- 172.21.15.12:0/1629317607 >> [v2:172.21.15.12:3300/0,v1:172.21.15.12:6789/0] conn(0x7f9c3410b3d0 msgr2=0x7f9c3419df80 secure :-1 s=STATE_CONNECTION_ESTABLISHED l=1).mark_down
2024-06-13T04:23:37.083 INFO:teuthology.orchestra.run.smithi012.stdout:/usr/bin/ceph: stderr
2024-06-13T04:23:36.320+0000 7f9c39000700 1 --2- 172.21.15.12:0/1629317607 >> [v2:172.21.15.12:3300/0,v1:172.21.15.12:6789/0] conn(0x7f9c3410b3d0 0x7f9c3419df80 secure :-1 s=READY pgs=40 cs=0 l=1 rev1=1 crypto rx=0x7f9c24011b60 tx=0x7f9c24011c40 comp rx=0 tx=0).stop
2024-06-13T04:23:37.083 INFO:teuthology.orchestra.run.smithi012.stdout:/usr/bin/ceph: stderr
2024-06-13T04:23:36.320+0000 7f9c39000700 1 -- 172.21.15.12:0/1629317607 shutdown_connections
2024-06-13T04:23:37.083 INFO:teuthology.orchestra.run.smithi012.stdout:/usr/bin/ceph: stderr
2024-06-13T04:23:36.320+0000 7f9c39000700 1 --2- 172.21.15.12:0/1629317607 >> [v2:172.21.15.12:6800/2329480994,v1:172.21.15.12:6801/2329480994] conn(0x7f9c180390a0 0x7f9c1803b560 unknown :-1 s=CLOSED pgs=8 cs=0 l=1 rev1=1 crypto rx=0 tx=0 comp rx=0 tx=0).stop
2024-06-13T04:23:37.083 INFO:teuthology.orchestra.run.smithi012.stdout:/usr/bin/ceph: stderr
2024-06-13T04:23:36.320+0000 7f9c39000700 1 --2- 172.21.15.12:0/1629317607 >> [v2:172.21.15.12:3300/0,v1:172.21.15.12:6789/0] conn(0x7f9c3410b3d0 0x7f9c3419df80 unknown :-1 s=CLOSED pgs=40 cs=0 l=1 rev1=1 crypto rx=0 tx=0 comp rx=0 tx=0).stop
2024-06-13T04:23:37.083 INFO:teuthology.orchestra.run.smithi012.stdout:/usr/bin/ceph: stderr
2024-06-13T04:23:36.320+0000 7f9c39000700 1 -- 172.21.15.12:0/1629317607 >> 172.21.15.12:0/1629317607 conn(0x7f9c3407d340 msgr2=0x7f9c34107d70 unknown :-1 s=STATE_NONE l=0).mark_down
2024-06-13T04:23:37.083 INFO:teuthology.orchestra.run.smithi012.stdout:/usr/bin/ceph: stderr
2024-06-13T04:23:36.320+0000 7f9c39000700 1 -- 172.21.15.12:0/1629317607 shutdown_connections
2024-06-13T04:23:37.083 INFO:teuthology.orchestra.run.smithi012.stdout:/usr/bin/ceph: stderr
2024-06-13T04:23:36.320+0000 7f9c39000700 1 -- 172.21.15.12:0/1629317607 wait complete.
2024-06-13T04:23:37.084 INFO:teuthology.orchestra.run.smithi012.stdout:Generating ssh key...
2024-06-13T04:23:37.375 INFO:journalctl@ceph.mon.a.smithi012.stdout:Jun 13 04:23:37 smithi012 ceph-mon[32196]: from='client.14134 -' entity='client.admin' cmd=[{"prefix": "cephadm set-user", "user": "root", "target": ["mon-mgr", ""]}]: dispatch
2024-06-13T04:23:38.263 INFO:journalctl@ceph.mon.a.smithi012.stdout:Jun 13 04:23:38 smithi012 ceph-mon[32196]: from='client.14136 -' entity='client.admin' cmd=[{"prefix": "cephadm generate-key", "target": ["mon-mgr", ""]}]: dispatch
2024-06-13T04:23:38.263 INFO:journalctl@ceph.mon.a.smithi012.stdout:Jun 13 04:23:38 smithi012 ceph-mon[32196]: Generating ssh key...
2024-06-13T04:23:39.014 INFO:journalctl@ceph.mgr.x.smithi012.stdout:Jun 13 04:23:38 smithi012 ceph-7016f62c-293c-11ef-bc9c-c7b262605968-mgr-x[32437]: Generating public/private rsa key pair.
2024-06-13T04:23:39.015 INFO:journalctl@ceph.mgr.x.smithi012.stdout:Jun 13 04:23:38 smithi012 ceph-7016f62c-293c-11ef-bc9c-c7b262605968-mgr-x[32437]: Your identification has been saved in /tmp/tmp0f1625es/key.
2024-06-13T04:23:39.015 INFO:journalctl@ceph.mgr.x.smithi012.stdout:Jun 13 04:23:38 smithi012 ceph-7016f62c-293c-11ef-bc9c-c7b262605968-mgr-x[32437]: Your public key has been saved in /tmp/tmp0f1625es/key.pub.
2024-06-13T04:23:39.015 INFO:journalctl@ceph.mgr.x.smithi012.stdout:Jun 13 04:23:38 smithi012 ceph-7016f62c-293c-11ef-bc9c-c7b262605968-mgr-x[32437]: The key fingerprint is:
2024-06-13T04:23:39.015 INFO:journalctl@ceph.mgr.x.smithi012.stdout:Jun 13 04:23:38 smithi012 ceph-7016f62c-293c-11ef-bc9c-c7b262605968-mgr-x[32437]: SHA256:sVp9TSQ1NRUF0KHlh6hOldWXPGxWtAu3PEydj4PqUyY ceph-7016f62c-293c-11ef-bc9c-c7b262605968
2024-06-13T04:23:39.015 INFO:journalctl@ceph.mgr.x.smithi012.stdout:Jun 13 04:23:38 smithi012 ceph-7016f62c-293c-11ef-bc9c-c7b262605968-mgr-x[32437]: The key's randomart image is:
2024-06-13T04:23:39.015 INFO:journalctl@ceph.mgr.x.smithi012.stdout:Jun 13 04:23:38 smithi012 ceph-7016f62c-293c-11ef-bc9c-c7b262605968-mgr-x[32437]: +---[RSA 3072]----+
2024-06-13T04:23:39.015 INFO:journalctl@ceph.mgr.x.smithi012.stdout:Jun 13 04:23:38 smithi012 ceph-7016f62c-293c-11ef-bc9c-c7b262605968-mgr-x[32437]: | o+@O%|
2024-06-13T04:23:39.015 INFO:journalctl@ceph.mgr.x.smithi012.stdout:Jun 13 04:23:38 smithi012 ceph-7016f62c-293c-11ef-bc9c-c7b262605968-mgr-x[32437]: | X.XB|
2024-06-13T04:23:39.015 INFO:journalctl@ceph.mgr.x.smithi012.stdout:Jun 13 04:23:38 smithi012 ceph-7016f62c-293c-11ef-bc9c-c7b262605968-mgr-x[32437]: | . =.*==|
2024-06-13T04:23:39.015 INFO:journalctl@ceph.mgr.x.smithi012.stdout:Jun 13 04:23:38 smithi012 ceph-7016f62c-293c-11ef-bc9c-c7b262605968-mgr-x[32437]: | + o +*o+|
2024-06-13T04:23:39.016 INFO:journalctl@ceph.mgr.x.smithi012.stdout:Jun 13 04:23:38 smithi012 ceph-7016f62c-293c-11ef-bc9c-c7b262605968-mgr-x[32437]: | S + o +*.|
2024-06-13T04:23:39.016 INFO:journalctl@ceph.mgr.x.smithi012.stdout:Jun 13 04:23:38 smithi012 ceph-7016f62c-293c-11ef-bc9c-c7b262605968-mgr-x[32437]: | o oEoo ..|
2024-06-13T04:23:39.016 INFO:journalctl@ceph.mgr.x.smithi012.stdout:Jun 13 04:23:38 smithi012 ceph-7016f62c-293c-11ef-bc9c-c7b262605968-mgr-x[32437]: | . o+ |
2024-06-13T04:23:39.016 INFO:journalctl@ceph.mgr.x.smithi012.stdout:Jun 13 04:23:38 smithi012 ceph-7016f62c-293c-11ef-bc9c-c7b262605968-mgr-x[32437]: | .. |
2024-06-13T04:23:39.016 INFO:journalctl@ceph.mgr.x.smithi012.stdout:Jun 13 04:23:38 smithi012 ceph-7016f62c-293c-11ef-bc9c-c7b262605968-mgr-x[32437]: | .. |
2024-06-13T04:23:39.016 INFO:journalctl@ceph.mgr.x.smithi012.stdout:Jun 13 04:23:38 smithi012 ceph-7016f62c-293c-11ef-bc9c-c7b262605968-mgr-x[32437]: +----[SHA256]-----+
2024-06-13T04:23:39.398 INFO:teuthology.orchestra.run.smithi012.stdout:/usr/bin/ceph: stderr
2024-06-13T04:23:37.692+0000 7f58c0e00700 1 Processor -- start
2024-06-13T04:23:39.398 INFO:teuthology.orchestra.run.smithi012.stdout:/usr/bin/ceph: stderr
2024-06-13T04:23:37.693+0000 7f58c0e00700 1 -- start start
2024-06-13T04:23:39.398 INFO:teuthology.orchestra.run.smithi012.stdout:/usr/bin/ceph: stderr
2024-06-13T04:23:37.693+0000 7f58c0e00700 1 --2- >> [v2:172.21.15.12:3300/0,v1:172.21.15.12:6789/0] conn(0x7f58bc106850 0x7f58bc108c80 unknown :-1 s=NONE pgs=0 cs=0 l=0 rev1=0 crypto rx=0 tx=0 comp rx=0 tx=0).connect
2024-06-13T04:23:39.399 INFO:teuthology.orchestra.run.smithi012.stdout:/usr/bin/ceph: stderr
2024-06-13T04:23:37.693+0000 7f58c0e00700 1 -- --> [v2:172.21.15.12:3300/0,v1:172.21.15.12:6789/0] -- mon_getmap magic: 0 -- 0x7f58bc07be50 con 0x7f58bc106850
2024-06-13T04:23:39.399 INFO:teuthology.orchestra.run.smithi012.stdout:/usr/bin/ceph: stderr
2024-06-13T04:23:37.694+0000 7f58b9e00700 1 --2- >> [v2:172.21.15.12:3300/0,v1:172.21.15.12:6789/0] conn(0x7f58bc106850 0x7f58bc108c80 unknown :-1 s=BANNER_CONNECTING pgs=0 cs=0 l=0 rev1=0 crypto rx=0 tx=0 comp rx=0 tx=0)._handle_peer_banner_payload supported=3 required=0
2024-06-13T04:23:39.399 INFO:teuthology.orchestra.run.smithi012.stdout:/usr/bin/ceph: stderr
2024-06-13T04:23:37.694+0000 7f58b9e00700 1 --2- >> [v2:172.21.15.12:3300/0,v1:172.21.15.12:6789/0] conn(0x7f58bc106850 0x7f58bc108c80 unknown :-1 s=HELLO_CONNECTING pgs=0 cs=0 l=0 rev1=1 crypto rx=0 tx=0 comp rx=0 tx=0).handle_hello peer v2:172.21.15.12:3300/0 says I am v2:172.21.15.12:35972/0 (socket says 172.21.15.12:35972)
2024-06-13T04:23:39.399 INFO:teuthology.orchestra.run.smithi012.stdout:/usr/bin/ceph: stderr
2024-06-13T04:23:37.694+0000 7f58b9e00700 1 -- 172.21.15.12:0/1487003329 learned_addr learned my addr 172.21.15.12:0/1487003329 (peer_addr_for_me v2:172.21.15.12:0/0)
2024-06-13T04:23:39.399 INFO:teuthology.orchestra.run.smithi012.stdout:/usr/bin/ceph: stderr
2024-06-13T04:23:37.694+0000 7f58b9e00700 1 -- 172.21.15.12:0/1487003329 --> [v2:172.21.15.12:3300/0,v1:172.21.15.12:6789/0] -- mon_subscribe({config=0+,monmap=0+}) -- 0x7f58bc1091c0 con 0x7f58bc106850
2024-06-13T04:23:39.399 INFO:teuthology.orchestra.run.smithi012.stdout:/usr/bin/ceph: stderr
2024-06-13T04:23:37.695+0000 7f58b9e00700 1 --2- 172.21.15.12:0/1487003329 >> [v2:172.21.15.12:3300/0,v1:172.21.15.12:6789/0] conn(0x7f58bc106850 0x7f58bc108c80 secure :-1 s=READY pgs=41 cs=0 l=1 rev1=1 crypto rx=0x7f58ac0098a0 tx=0x7f58ac009bb0 comp rx=0 tx=0).ready entity=mon.0 client_cookie=afe2d950ecca0605 server_cookie=0 in_seq=0 out_seq=0
2024-06-13T04:23:39.399 INFO:teuthology.orchestra.run.smithi012.stdout:/usr/bin/ceph: stderr
2024-06-13T04:23:37.695+0000 7f58b8a00700 1 -- 172.21.15.12:0/1487003329 <== mon.0 v2:172.21.15.12:3300/0 1 ==== mon_map magic: 0 ==== 205+0+0 (secure 0 0 0) 0x7f58ac004160 con 0x7f58bc106850
2024-06-13T04:23:39.399 INFO:teuthology.orchestra.run.smithi012.stdout:/usr/bin/ceph: stderr
2024-06-13T04:23:37.695+0000 7f58b8a00700 1 -- 172.21.15.12:0/1487003329 <== mon.0 v2:172.21.15.12:3300/0 2 ==== config(27 keys) ==== 1109+0+0 (secure 0 0 0) 0x7f58ac004300 con 0x7f58bc106850
2024-06-13T04:23:39.399 INFO:teuthology.orchestra.run.smithi012.stdout:/usr/bin/ceph: stderr
2024-06-13T04:23:37.695+0000 7f58b8a00700 1 -- 172.21.15.12:0/1487003329 <== mon.0 v2:172.21.15.12:3300/0 3 ==== mon_map magic: 0 ==== 205+0+0 (secure 0 0 0) 0x7f58ac011b50 con 0x7f58bc106850
2024-06-13T04:23:39.400 INFO:teuthology.orchestra.run.smithi012.stdout:/usr/bin/ceph: stderr
2024-06-13T04:23:37.696+0000 7f58c0e00700 1 -- 172.21.15.12:0/1487003329 >> [v2:172.21.15.12:3300/0,v1:172.21.15.12:6789/0] conn(0x7f58bc106850 msgr2=0x7f58bc108c80 secure :-1 s=STATE_CONNECTION_ESTABLISHED l=1).mark_down
2024-06-13T04:23:39.400 INFO:teuthology.orchestra.run.smithi012.stdout:/usr/bin/ceph: stderr
2024-06-13T04:23:37.696+0000 7f58c0e00700 1 --2- 172.21.15.12:0/1487003329 >> [v2:172.21.15.12:3300/0,v1:172.21.15.12:6789/0] conn(0x7f58bc106850 0x7f58bc108c80 secure :-1 s=READY pgs=41 cs=0 l=1 rev1=1 crypto rx=0x7f58ac0098a0 tx=0x7f58ac009bb0 comp rx=0 tx=0).stop
2024-06-13T04:23:39.400 INFO:teuthology.orchestra.run.smithi012.stdout:/usr/bin/ceph: stderr
2024-06-13T04:23:37.696+0000 7f58c0e00700 1 -- 172.21.15.12:0/1487003329 shutdown_connections
2024-06-13T04:23:39.405 INFO:teuthology.orchestra.run.smithi012.stdout:/usr/bin/ceph: stderr
2024-06-13T04:23:37.696+0000 7f58c0e00700 1 --2- 172.21.15.12:0/1487003329 >> [v2:172.21.15.12:3300/0,v1:172.21.15.12:6789/0] conn(0x7f58bc106850 0x7f58bc108c80 unknown :-1 s=CLOSED pgs=41 cs=0 l=1 rev1=1 crypto rx=0 tx=0 comp rx=0 tx=0).stop
2024-06-13T04:23:39.405 INFO:teuthology.orchestra.run.smithi012.stdout:/usr/bin/ceph: stderr
2024-06-13T04:23:37.696+0000 7f58c0e00700 1 -- 172.21.15.12:0/1487003329 >> 172.21.15.12:0/1487003329 conn(0x7f58bc102450 msgr2=0x7f58bc104870 unknown :-1 s=STATE_NONE l=0).mark_down
2024-06-13T04:23:39.405 INFO:teuthology.orchestra.run.smithi012.stdout:/usr/bin/ceph: stderr
2024-06-13T04:23:37.696+0000 7f58c0e00700 1 -- 172.21.15.12:0/1487003329 shutdown_connections
2024-06-13T04:23:39.405 INFO:teuthology.orchestra.run.smithi012.stdout:/usr/bin/ceph: stderr
2024-06-13T04:23:37.696+0000 7f58c0e00700 1 -- 172.21.15.12:0/1487003329 wait complete.
2024-06-13T04:23:39.405 INFO:teuthology.orchestra.run.smithi012.stdout:/usr/bin/ceph: stderr
2024-06-13T04:23:37.697+0000 7f58c0e00700 1 Processor -- start
2024-06-13T04:23:39.405 INFO:teuthology.orchestra.run.smithi012.stdout:/usr/bin/ceph: stderr
2024-06-13T04:23:37.697+0000 7f58c0e00700 1 -- start start
2024-06-13T04:23:39.405 INFO:teuthology.orchestra.run.smithi012.stdout:/usr/bin/ceph: stderr
2024-06-13T04:23:37.698+0000 7f58c0e00700 1 --2- >> [v2:172.21.15.12:3300/0,v1:172.21.15.12:6789/0] conn(0x7f58bc106850 0x7f58bc1a24f0 unknown :-1 s=NONE pgs=0 cs=0 l=1 rev1=0 crypto rx=0 tx=0 comp rx=0 tx=0).connect
2024-06-13T04:23:39.405 INFO:teuthology.orchestra.run.smithi012.stdout:/usr/bin/ceph: stderr
2024-06-13T04:23:37.698+0000 7f58c0e00700 1 -- --> [v2:172.21.15.12:3300/0,v1:172.21.15.12:6789/0] -- mon_getmap magic: 0 -- 0x7f58bc10a250 con 0x7f58bc106850
2024-06-13T04:23:39.405 INFO:teuthology.orchestra.run.smithi012.stdout:/usr/bin/ceph: stderr
2024-06-13T04:23:37.698+0000 7f58b9e00700 1 --2- >> [v2:172.21.15.12:3300/0,v1:172.21.15.12:6789/0] conn(0x7f58bc106850 0x7f58bc1a24f0 unknown :-1 s=BANNER_CONNECTING pgs=0 cs=0 l=1 rev1=0 crypto rx=0 tx=0 comp rx=0 tx=0)._handle_peer_banner_payload supported=3 required=0
2024-06-13T04:23:39.406 INFO:teuthology.orchestra.run.smithi012.stdout:/usr/bin/ceph: stderr
2024-06-13T04:23:37.698+0000 7f58b9e00700 1 --2- >> [v2:172.21.15.12:3300/0,v1:172.21.15.12:6789/0] conn(0x7f58bc106850 0x7f58bc1a24f0 unknown :-1 s=HELLO_CONNECTING pgs=0 cs=0 l=1 rev1=1 crypto rx=0 tx=0 comp rx=0 tx=0).handle_hello peer v2:172.21.15.12:3300/0 says I am v2:172.21.15.12:35984/0 (socket says 172.21.15.12:35984)
2024-06-13T04:23:39.406 INFO:teuthology.orchestra.run.smithi012.stdout:/usr/bin/ceph: stderr
2024-06-13T04:23:37.698+0000 7f58b9e00700 1 -- 172.21.15.12:0/2678590784 learned_addr learned my addr 172.21.15.12:0/2678590784 (peer_addr_for_me v2:172.21.15.12:0/0)
2024-06-13T04:23:39.406 INFO:teuthology.orchestra.run.smithi012.stdout:/usr/bin/ceph: stderr
2024-06-13T04:23:37.698+0000 7f58b9e00700 1 -- 172.21.15.12:0/2678590784 --> [v2:172.21.15.12:3300/0,v1:172.21.15.12:6789/0] -- mon_subscribe({config=0+,monmap=0+}) -- 0x7f58bc1a2a30 con 0x7f58bc106850
2024-06-13T04:23:39.406 INFO:teuthology.orchestra.run.smithi012.stdout:/usr/bin/ceph: stderr
2024-06-13T04:23:37.698+0000 7f58b9e00700 1 --2- 172.21.15.12:0/2678590784 >> [v2:172.21.15.12:3300/0,v1:172.21.15.12:6789/0] conn(0x7f58bc106850 0x7f58bc1a24f0 secure :-1 s=READY pgs=42 cs=0 l=1 rev1=1 crypto rx=0x7f58ac011b60 tx=0x7f58ac011c40 comp rx=0 tx=0).ready entity=mon.0 client_cookie=0 server_cookie=0 in_seq=0 out_seq=0
2024-06-13T04:23:39.406 INFO:teuthology.orchestra.run.smithi012.stdout:/usr/bin/ceph: stderr
2024-06-13T04:23:37.699+0000 7f58b2a00700 1 -- 172.21.15.12:0/2678590784 <== mon.0 v2:172.21.15.12:3300/0 1 ==== mon_map magic: 0 ==== 205+0+0 (secure 0 0 0) 0x7f58ac003b20 con 0x7f58bc106850
2024-06-13T04:23:39.406 INFO:teuthology.orchestra.run.smithi012.stdout:/usr/bin/ceph: stderr
2024-06-13T04:23:37.699+0000 7f58b2a00700 1 -- 172.21.15.12:0/2678590784 <== mon.0 v2:172.21.15.12:3300/0 2 ==== config(27 keys) ==== 1109+0+0 (secure 0 0 0) 0x7f58ac003cc0 con 0x7f58bc106850
2024-06-13T04:23:39.406 INFO:teuthology.orchestra.run.smithi012.stdout:/usr/bin/ceph: stderr
2024-06-13T04:23:37.699+0000 7f58b2a00700 1 -- 172.21.15.12:0/2678590784 <== mon.0 v2:172.21.15.12:3300/0 3 ==== mon_map magic: 0 ==== 205+0+0 (secure 0 0 0) 0x7f58ac024840 con 0x7f58bc106850
2024-06-13T04:23:39.406 INFO:teuthology.orchestra.run.smithi012.stdout:/usr/bin/ceph: stderr
2024-06-13T04:23:37.699+0000 7f58c0e00700 1 -- 172.21.15.12:0/2678590784 --> [v2:172.21.15.12:3300/0,v1:172.21.15.12:6789/0] -- mon_subscribe({mgrmap=0+}) -- 0x7f58bc1a2cc0 con 0x7f58bc106850
2024-06-13T04:23:39.406 INFO:teuthology.orchestra.run.smithi012.stdout:/usr/bin/ceph: stderr
2024-06-13T04:23:37.699+0000 7f58c0e00700 1 -- 172.21.15.12:0/2678590784 --> [v2:172.21.15.12:3300/0,v1:172.21.15.12:6789/0] -- mon_subscribe({osdmap=0}) -- 0x7f58bc1a59b0 con 0x7f58bc106850
2024-06-13T04:23:39.406 INFO:teuthology.orchestra.run.smithi012.stdout:/usr/bin/ceph: stderr
2024-06-13T04:23:37.700+0000 7f58b2a00700 1 -- 172.21.15.12:0/2678590784 <== mon.0 v2:172.21.15.12:3300/0 4 ==== mgrmap(e 8) ==== 46287+0+0 (secure 0 0 0) 0x7f58ac022020 con 0x7f58bc106850
2024-06-13T04:23:39.406 INFO:teuthology.orchestra.run.smithi012.stdout:/usr/bin/ceph: stderr
2024-06-13T04:23:37.700+0000 7f58b2a00700 1 --2- 172.21.15.12:0/2678590784 >> [v2:172.21.15.12:6800/2329480994,v1:172.21.15.12:6801/2329480994] conn(0x7f58a0039050 0x7f58a003b510 unknown :-1 s=NONE pgs=0 cs=0 l=1 rev1=0 crypto rx=0 tx=0 comp rx=0 tx=0).connect
2024-06-13T04:23:39.407 INFO:teuthology.orchestra.run.smithi012.stdout:/usr/bin/ceph: stderr
2024-06-13T04:23:37.700+0000 7f58c0e00700 1 -- 172.21.15.12:0/2678590784 --> [v2:172.21.15.12:3300/0,v1:172.21.15.12:6789/0] -- mon_command({"prefix": "get_command_descriptions"} v 0) -- 0x7f58bc063af0 con 0x7f58bc106850
2024-06-13T04:23:39.407 INFO:teuthology.orchestra.run.smithi012.stdout:/usr/bin/ceph: stderr
2024-06-13T04:23:37.700+0000 7f58b2a00700 1 -- 172.21.15.12:0/2678590784 <== mon.0 v2:172.21.15.12:3300/0 5 ==== osd_map(2..2 src has 1..2) ==== 940+0+0 (secure 0 0 0) 0x7f58ac011e00 con 0x7f58bc106850
2024-06-13T04:23:39.407 INFO:teuthology.orchestra.run.smithi012.stdout:/usr/bin/ceph: stderr
2024-06-13T04:23:37.701+0000 7f58b9400700 1 --2- 172.21.15.12:0/2678590784 >> [v2:172.21.15.12:6800/2329480994,v1:172.21.15.12:6801/2329480994] conn(0x7f58a0039050 0x7f58a003b510 unknown :-1 s=BANNER_CONNECTING pgs=0 cs=0 l=1 rev1=0 crypto rx=0 tx=0 comp rx=0 tx=0)._handle_peer_banner_payload supported=3 required=0
2024-06-13T04:23:39.407 INFO:teuthology.orchestra.run.smithi012.stdout:/usr/bin/ceph: stderr
2024-06-13T04:23:37.701+0000 7f58b9400700 1 --2- 172.21.15.12:0/2678590784 >> [v2:172.21.15.12:6800/2329480994,v1:172.21.15.12:6801/2329480994] conn(0x7f58a0039050 0x7f58a003b510 secure :-1 s=READY pgs=9 cs=0 l=1 rev1=1 crypto rx=0x7f58a8006fd0 tx=0x7f58a8006e40 comp rx=0 tx=0).ready entity=mgr.14120 client_cookie=0 server_cookie=0 in_seq=0 out_seq=0
2024-06-13T04:23:39.407 INFO:teuthology.orchestra.run.smithi012.stdout:/usr/bin/ceph: stderr
2024-06-13T04:23:37.710+0000 7f58b2a00700 1 -- 172.21.15.12:0/2678590784 <== mon.0 v2:172.21.15.12:3300/0 6 ==== mon_command_ack([{"prefix": "get_command_descriptions"}]=0 v0) ==== 72+0+186418 (secure 0 0 0) 0x7f58ac04cbb0 con 0x7f58bc106850
2024-06-13T04:23:39.407 INFO:teuthology.orchestra.run.smithi012.stdout:/usr/bin/ceph: stderr
2024-06-13T04:23:37.933+0000 7f58c0e00700 1 -- 172.21.15.12:0/2678590784 --> [v2:172.21.15.12:6800/2329480994,v1:172.21.15.12:6801/2329480994] -- mgr_command(tid 0: {"prefix": "cephadm generate-key", "target": ["mon-mgr", ""]}) -- 0x7f58bc02def0 con 0x7f58a0039050
2024-06-13T04:23:39.407 INFO:teuthology.orchestra.run.smithi012.stdout:/usr/bin/ceph: stderr
2024-06-13T04:23:38.662+0000 7f58b2a00700 1 -- 172.21.15.12:0/2678590784 <== mgr.14120 v2:172.21.15.12:6800/2329480994 1 ==== mgr_command_reply(tid 0: 0 ) ==== 8+0+0 (secure 0 0 0) 0x7f58bc02def0 con 0x7f58a0039050
2024-06-13T04:23:39.407 INFO:teuthology.orchestra.run.smithi012.stdout:/usr/bin/ceph: stderr
2024-06-13T04:23:38.665+0000 7f58c0e00700 1 -- 172.21.15.12:0/2678590784 >> [v2:172.21.15.12:6800/2329480994,v1:172.21.15.12:6801/2329480994] conn(0x7f58a0039050 msgr2=0x7f58a003b510 secure :-1 s=STATE_CONNECTION_ESTABLISHED l=1).mark_down
2024-06-13T04:23:39.408 INFO:teuthology.orchestra.run.smithi012.stdout:/usr/bin/ceph: stderr
2024-06-13T04:23:38.665+0000 7f58c0e00700 1 --2- 172.21.15.12:0/2678590784 >> [v2:172.21.15.12:6800/2329480994,v1:172.21.15.12:6801/2329480994] conn(0x7f58a0039050 0x7f58a003b510 secure :-1 s=READY pgs=9 cs=0 l=1 rev1=1 crypto rx=0x7f58a8006fd0 tx=0x7f58a8006e40 comp rx=0 tx=0).stop
2024-06-13T04:23:39.408 INFO:teuthology.orchestra.run.smithi012.stdout:/usr/bin/ceph: stderr
2024-06-13T04:23:38.665+0000 7f58c0e00700 1 -- 172.21.15.12:0/2678590784 >> [v2:172.21.15.12:3300/0,v1:172.21.15.12:6789/0] conn(0x7f58bc106850 msgr2=0x7f58bc1a24f0 secure :-1 s=STATE_CONNECTION_ESTABLISHED l=1).mark_down
2024-06-13T04:23:39.408 INFO:teuthology.orchestra.run.smithi012.stdout:/usr/bin/ceph: stderr
2024-06-13T04:23:38.665+0000 7f58c0e00700 1 --2- 172.21.15.12:0/2678590784 >> [v2:172.21.15.12:3300/0,v1:172.21.15.12:6789/0] conn(0x7f58bc106850 0x7f58bc1a24f0 secure :-1 s=READY pgs=42 cs=0 l=1 rev1=1 crypto rx=0x7f58ac011b60 tx=0x7f58ac011c40 comp rx=0 tx=0).stop
2024-06-13T04:23:39.408 INFO:teuthology.orchestra.run.smithi012.stdout:/usr/bin/ceph: stderr
2024-06-13T04:23:38.665+0000 7f58c0e00700 1 -- 172.21.15.12:0/2678590784 shutdown_connections
2024-06-13T04:23:39.408 INFO:teuthology.orchestra.run.smithi012.stdout:/usr/bin/ceph: stderr
2024-06-13T04:23:38.665+0000 7f58c0e00700 1 --2- 172.21.15.12:0/2678590784 >> [v2:172.21.15.12:6800/2329480994,v1:172.21.15.12:6801/2329480994] conn(0x7f58a0039050 0x7f58a003b510 unknown :-1 s=CLOSED pgs=9 cs=0 l=1 rev1=1 crypto rx=0 tx=0 comp rx=0 tx=0).stop
2024-06-13T04:23:39.408 INFO:teuthology.orchestra.run.smithi012.stdout:/usr/bin/ceph: stderr
2024-06-13T04:23:38.665+0000 7f58c0e00700 1 --2- 172.21.15.12:0/2678590784 >> [v2:172.21.15.12:3300/0,v1:172.21.15.12:6789/0] conn(0x7f58bc106850 0x7f58bc1a24f0 unknown :-1 s=CLOSED pgs=42 cs=0 l=1 rev1=1 crypto rx=0 tx=0 comp rx=0 tx=0).stop
2024-06-13T04:23:39.408 INFO:teuthology.orchestra.run.smithi012.stdout:/usr/bin/ceph: stderr
2024-06-13T04:23:38.665+0000 7f58c0e00700 1 -- 172.21.15.12:0/2678590784 >> 172.21.15.12:0/2678590784 conn(0x7f58bc102450 msgr2=0x7f58bc104840 unknown :-1 s=STATE_NONE l=0).mark_down
2024-06-13T04:23:39.408 INFO:teuthology.orchestra.run.smithi012.stdout:/usr/bin/ceph: stderr
2024-06-13T04:23:38.665+0000 7f58c0e00700 1 -- 172.21.15.12:0/2678590784 shutdown_connections
2024-06-13T04:23:39.408 INFO:teuthology.orchestra.run.smithi012.stdout:/usr/bin/ceph: stderr
2024-06-13T04:23:38.665+0000 7f58c0e00700 1 -- 172.21.15.12:0/2678590784 wait complete.
2024-06-13T04:23:40.013 INFO:journalctl@ceph.mon.a.smithi012.stdout:Jun 13 04:23:39 smithi012 ceph-mon[32196]: from='mgr.14120 172.21.15.12:0/2500108724' entity='mgr.x'
2024-06-13T04:23:40.013 INFO:journalctl@ceph.mon.a.smithi012.stdout:Jun 13 04:23:39 smithi012 ceph-mon[32196]: from='mgr.14120 172.21.15.12:0/2500108724' entity='mgr.x'
2024-06-13T04:23:40.933 INFO:teuthology.orchestra.run.smithi012.stdout:/usr/bin/ceph: stdout ssh-rsa AAAAB3NzaC1yc2EAAAADAQABAAABgQC+zfaYXW9xbsCI/7ImSruzb9UfiXg5n4qGHjoRDIDGlV7uo0KGubEActbVR4n5b7Dk9lTRPb7kmwWGEL3IyH9KByDu+iI3zXbLh1lQGRqAeek/StXPpFQ8J3nBmusaQrOvaLzr75OToFG5Cbi/KYsgHuRlh8xajHm9tFArQAFBvy/IR/ji157XWjXqzJxTezrumgHya7UrYwqPGaJZiGQIP6oAOd72009UoejAtPIFesH5lWWYXWlwUdfDjSB/UXEQLIjSCi6xBWBYGyx6tipJWz2k7GozN6mlvpDUUwP5zNhVlMG1BZOUkfZlCXh3TcRgqd33SRzTmfB+5XAZKy3btRtb34PTsNn8VRS3ahejatfKPsOMYSYk8v9jd6N4FFPk1yyRWPwMoo0Fn+8DXbyyQ0twcxw8qvCNGwwxGzhFPShY8KUUuuUc+tsoY3dz6nCj2mTrz7xzATFhK4In3s7wpXhq9LFpGJI/4sZeqeKxTyCpPOqTjBD7qLZcJJWimPE= ceph-7016f62c-293c-11ef-bc9c-c7b262605968
2024-06-13T04:23:40.938 INFO:teuthology.orchestra.run.smithi012.stdout:/usr/bin/ceph: stderr
2024-06-13T04:23:40.026+0000 7f4bfcc00700 1 Processor -- start
2024-06-13T04:23:40.938 INFO:teuthology.orchestra.run.smithi012.stdout:/usr/bin/ceph: stderr
2024-06-13T04:23:40.026+0000 7f4bfcc00700 1 -- start start
2024-06-13T04:23:40.938 INFO:teuthology.orchestra.run.smithi012.stdout:/usr/bin/ceph: stderr
2024-06-13T04:23:40.027+0000 7f4bfcc00700 1 --2- >> [v2:172.21.15.12:3300/0,v1:172.21.15.12:6789/0] conn(0x7f4bf807dec0 0x7f4bf807c320 unknown :-1 s=NONE pgs=0 cs=0 l=0 rev1=0 crypto rx=0 tx=0 comp rx=0 tx=0).connect
2024-06-13T04:23:40.938 INFO:teuthology.orchestra.run.smithi012.stdout:/usr/bin/ceph: stderr
2024-06-13T04:23:40.027+0000 7f4bfcc00700 1 -- --> [v2:172.21.15.12:3300/0,v1:172.21.15.12:6789/0] -- mon_getmap magic: 0 -- 0x7f4bf807c8f0 con 0x7f4bf807dec0
2024-06-13T04:23:40.938 INFO:teuthology.orchestra.run.smithi012.stdout:/usr/bin/ceph: stderr
2024-06-13T04:23:40.027+0000 7f4bf7400700 1 --2- >> [v2:172.21.15.12:3300/0,v1:172.21.15.12:6789/0] conn(0x7f4bf807dec0 0x7f4bf807c320 unknown :-1 s=BANNER_CONNECTING pgs=0 cs=0 l=0 rev1=0 crypto rx=0 tx=0 comp rx=0 tx=0)._handle_peer_banner_payload supported=3 required=0
2024-06-13T04:23:40.939 INFO:teuthology.orchestra.run.smithi012.stdout:/usr/bin/ceph: stderr
2024-06-13T04:23:40.027+0000 7f4bf7400700 1 --2- >> [v2:172.21.15.12:3300/0,v1:172.21.15.12:6789/0] conn(0x7f4bf807dec0 0x7f4bf807c320 unknown :-1 s=HELLO_CONNECTING pgs=0 cs=0 l=0 rev1=1 crypto rx=0 tx=0 comp rx=0 tx=0).handle_hello peer v2:172.21.15.12:3300/0 says I am v2:172.21.15.12:35266/0 (socket says 172.21.15.12:35266)
2024-06-13T04:23:40.939 INFO:teuthology.orchestra.run.smithi012.stdout:/usr/bin/ceph: stderr
2024-06-13T04:23:40.027+0000 7f4bf7400700 1 -- 172.21.15.12:0/3263583957 learned_addr learned my addr 172.21.15.12:0/3263583957 (peer_addr_for_me v2:172.21.15.12:0/0)
2024-06-13T04:23:40.939 INFO:teuthology.orchestra.run.smithi012.stdout:/usr/bin/ceph: stderr
2024-06-13T04:23:40.028+0000 7f4bf7400700 1 -- 172.21.15.12:0/3263583957 --> [v2:172.21.15.12:3300/0,v1:172.21.15.12:6789/0] -- mon_subscribe({config=0+,monmap=0+}) -- 0x7f4bf807ca70 con 0x7f4bf807dec0
2024-06-13T04:23:40.939 INFO:teuthology.orchestra.run.smithi012.stdout:/usr/bin/ceph: stderr
2024-06-13T04:23:40.028+0000 7f4bf7400700 1 --2- 172.21.15.12:0/3263583957 >> [v2:172.21.15.12:3300/0,v1:172.21.15.12:6789/0] conn(0x7f4bf807dec0 0x7f4bf807c320 secure :-1 s=READY pgs=43 cs=0 l=1 rev1=1 crypto rx=0x7f4be80098a0 tx=0x7f4be8009bb0 comp rx=0 tx=0).ready entity=mon.0 client_cookie=4622eb8aa4a14413 server_cookie=0 in_seq=0 out_seq=0
2024-06-13T04:23:40.939 INFO:teuthology.orchestra.run.smithi012.stdout:/usr/bin/ceph: stderr
2024-06-13T04:23:40.028+0000 7f4bf6000700 1 -- 172.21.15.12:0/3263583957 <== mon.0 v2:172.21.15.12:3300/0 1 ==== mon_map magic: 0 ==== 205+0+0 (secure 0 0 0) 0x7f4be8004160 con 0x7f4bf807dec0
2024-06-13T04:23:40.939 INFO:teuthology.orchestra.run.smithi012.stdout:/usr/bin/ceph: stderr
2024-06-13T04:23:40.028+0000 7f4bf6000700 1 -- 172.21.15.12:0/3263583957 <== mon.0 v2:172.21.15.12:3300/0 2 ==== config(27 keys) ==== 1109+0+0 (secure 0 0 0) 0x7f4be8004300 con 0x7f4bf807dec0
2024-06-13T04:23:40.939 INFO:teuthology.orchestra.run.smithi012.stdout:/usr/bin/ceph: stderr
2024-06-13T04:23:40.028+0000 7f4bf6000700 1 -- 172.21.15.12:0/3263583957 <== mon.0 v2:172.21.15.12:3300/0 3 ==== mon_map magic: 0 ==== 205+0+0 (secure 0 0 0) 0x7f4be8011b50 con 0x7f4bf807dec0
2024-06-13T04:23:40.939 INFO:teuthology.orchestra.run.smithi012.stdout:/usr/bin/ceph: stderr
2024-06-13T04:23:40.029+0000 7f4bfcc00700 1 -- 172.21.15.12:0/3263583957 >> [v2:172.21.15.12:3300/0,v1:172.21.15.12:6789/0] conn(0x7f4bf807dec0 msgr2=0x7f4bf807c320 secure :-1 s=STATE_CONNECTION_ESTABLISHED l=1).mark_down
2024-06-13T04:23:40.939 INFO:teuthology.orchestra.run.smithi012.stdout:/usr/bin/ceph: stderr
2024-06-13T04:23:40.029+0000 7f4bfcc00700 1 --2- 172.21.15.12:0/3263583957 >> [v2:172.21.15.12:3300/0,v1:172.21.15.12:6789/0] conn(0x7f4bf807dec0 0x7f4bf807c320 secure :-1 s=READY pgs=43 cs=0 l=1 rev1=1 crypto rx=0x7f4be80098a0 tx=0x7f4be8009bb0 comp rx=0 tx=0).stop
2024-06-13T04:23:40.939 INFO:teuthology.orchestra.run.smithi012.stdout:/usr/bin/ceph: stderr
2024-06-13T04:23:40.029+0000 7f4bfcc00700 1 -- 172.21.15.12:0/3263583957 shutdown_connections
2024-06-13T04:23:40.939 INFO:teuthology.orchestra.run.smithi012.stdout:/usr/bin/ceph: stderr
2024-06-13T04:23:40.029+0000 7f4bfcc00700 1 --2- 172.21.15.12:0/3263583957 >> [v2:172.21.15.12:3300/0,v1:172.21.15.12:6789/0] conn(0x7f4bf807dec0 0x7f4bf807c320 unknown :-1 s=CLOSED pgs=43 cs=0 l=1 rev1=1 crypto rx=0 tx=0 comp rx=0 tx=0).stop
2024-06-13T04:23:40.939 INFO:teuthology.orchestra.run.smithi012.stdout:/usr/bin/ceph: stderr
2024-06-13T04:23:40.029+0000 7f4bfcc00700 1 -- 172.21.15.12:0/3263583957 >> 172.21.15.12:0/3263583957 conn(0x7f4bf8103320 msgr2=0x7f4bf8105760 unknown :-1 s=STATE_NONE l=0).mark_down
2024-06-13T04:23:40.940 INFO:teuthology.orchestra.run.smithi012.stdout:/usr/bin/ceph: stderr
2024-06-13T04:23:40.029+0000 7f4bfcc00700 1 -- 172.21.15.12:0/3263583957 shutdown_connections
2024-06-13T04:23:40.940 INFO:teuthology.orchestra.run.smithi012.stdout:/usr/bin/ceph: stderr
2024-06-13T04:23:40.029+0000 7f4bfcc00700 1 -- 172.21.15.12:0/3263583957 wait complete.
2024-06-13T04:23:40.940 INFO:teuthology.orchestra.run.smithi012.stdout:/usr/bin/ceph: stderr
2024-06-13T04:23:40.030+0000 7f4bfcc00700 1 Processor -- start
2024-06-13T04:23:40.940 INFO:teuthology.orchestra.run.smithi012.stdout:/usr/bin/ceph: stderr
2024-06-13T04:23:40.030+0000 7f4bfcc00700 1 -- start start
2024-06-13T04:23:40.940 INFO:teuthology.orchestra.run.smithi012.stdout:/usr/bin/ceph: stderr
2024-06-13T04:23:40.031+0000 7f4bfcc00700 1 --2- >> [v2:172.21.15.12:3300/0,v1:172.21.15.12:6789/0] conn(0x7f4bf807dec0 0x7f4bf819dfa0 unknown :-1 s=NONE pgs=0 cs=0 l=1 rev1=0 crypto rx=0 tx=0 comp rx=0 tx=0).connect
2024-06-13T04:23:40.940 INFO:teuthology.orchestra.run.smithi012.stdout:/usr/bin/ceph: stderr
2024-06-13T04:23:40.031+0000 7f4bfcc00700 1 -- --> [v2:172.21.15.12:3300/0,v1:172.21.15.12:6789/0] -- mon_getmap magic: 0 -- 0x7f4bf810e370 con 0x7f4bf807dec0
2024-06-13T04:23:40.940 INFO:teuthology.orchestra.run.smithi012.stdout:/usr/bin/ceph: stderr
2024-06-13T04:23:40.031+0000 7f4bf7400700 1 --2- >> [v2:172.21.15.12:3300/0,v1:172.21.15.12:6789/0] conn(0x7f4bf807dec0 0x7f4bf819dfa0 unknown :-1 s=BANNER_CONNECTING pgs=0 cs=0 l=1 rev1=0 crypto rx=0 tx=0 comp rx=0 tx=0)._handle_peer_banner_payload supported=3 required=0
2024-06-13T04:23:40.940 INFO:teuthology.orchestra.run.smithi012.stdout:/usr/bin/ceph: stderr
2024-06-13T04:23:40.031+0000 7f4bf7400700 1 --2- >> [v2:172.21.15.12:3300/0,v1:172.21.15.12:6789/0] conn(0x7f4bf807dec0 0x7f4bf819dfa0 unknown :-1 s=HELLO_CONNECTING pgs=0 cs=0 l=1 rev1=1 crypto rx=0 tx=0 comp rx=0 tx=0).handle_hello peer v2:172.21.15.12:3300/0 says I am v2:172.21.15.12:35278/0 (socket says 172.21.15.12:35278)
2024-06-13T04:23:40.940 INFO:teuthology.orchestra.run.smithi012.stdout:/usr/bin/ceph: stderr
2024-06-13T04:23:40.031+0000 7f4bf7400700 1 -- 172.21.15.12:0/156144612 learned_addr learned my addr 172.21.15.12:0/156144612 (peer_addr_for_me v2:172.21.15.12:0/0)
2024-06-13T04:23:40.940 INFO:teuthology.orchestra.run.smithi012.stdout:/usr/bin/ceph: stderr
2024-06-13T04:23:40.031+0000 7f4bf7400700 1 -- 172.21.15.12:0/156144612 --> [v2:172.21.15.12:3300/0,v1:172.21.15.12:6789/0] -- mon_subscribe({config=0+,monmap=0+}) -- 0x7f4bf819e4e0 con 0x7f4bf807dec0
2024-06-13T04:23:40.940 INFO:teuthology.orchestra.run.smithi012.stdout:/usr/bin/ceph: stderr
2024-06-13T04:23:40.032+0000 7f4bf7400700 1 --2- 172.21.15.12:0/156144612 >> [v2:172.21.15.12:3300/0,v1:172.21.15.12:6789/0] conn(0x7f4bf807dec0 0x7f4bf819dfa0 secure :-1 s=READY pgs=44 cs=0 l=1 rev1=1 crypto rx=0x7f4be8011850 tx=0x7f4be8011c10 comp rx=0 tx=0).ready entity=mon.0 client_cookie=0 server_cookie=0 in_seq=0 out_seq=0
2024-06-13T04:23:40.940 INFO:teuthology.orchestra.run.smithi012.stdout:/usr/bin/ceph: stderr
2024-06-13T04:23:40.032+0000 7f4befe00700 1 -- 172.21.15.12:0/156144612 <== mon.0 v2:172.21.15.12:3300/0 1 ==== mon_map magic: 0 ==== 205+0+0 (secure 0 0 0) 0x7f4be8003af0 con 0x7f4bf807dec0
2024-06-13T04:23:40.940 INFO:teuthology.orchestra.run.smithi012.stdout:/usr/bin/ceph: stderr
2024-06-13T04:23:40.032+0000 7f4befe00700 1 -- 172.21.15.12:0/156144612 <== mon.0 v2:172.21.15.12:3300/0 2 ==== config(27 keys) ==== 1109+0+0 (secure 0 0 0) 0x7f4be8020070 con 0x7f4bf807dec0
2024-06-13T04:23:40.940 INFO:teuthology.orchestra.run.smithi012.stdout:/usr/bin/ceph: stderr
2024-06-13T04:23:40.032+0000 7f4befe00700 1 -- 172.21.15.12:0/156144612 <== mon.0 v2:172.21.15.12:3300/0 3 ==== mon_map magic: 0 ==== 205+0+0 (secure 0 0 0) 0x7f4be80195a0 con 0x7f4bf807dec0
2024-06-13T04:23:40.941 INFO:teuthology.orchestra.run.smithi012.stdout:/usr/bin/ceph: stderr
2024-06-13T04:23:40.032+0000 7f4bfcc00700 1 -- 172.21.15.12:0/156144612 --> [v2:172.21.15.12:3300/0,v1:172.21.15.12:6789/0] -- mon_subscribe({mgrmap=0+}) -- 0x7f4bf819e770 con 0x7f4bf807dec0
2024-06-13T04:23:40.941 INFO:teuthology.orchestra.run.smithi012.stdout:/usr/bin/ceph: stderr
2024-06-13T04:23:40.032+0000 7f4bfcc00700 1 -- 172.21.15.12:0/156144612 --> [v2:172.21.15.12:3300/0,v1:172.21.15.12:6789/0] -- mon_subscribe({osdmap=0}) -- 0x7f4bf81a1460 con 0x7f4bf807dec0
2024-06-13T04:23:40.941 INFO:teuthology.orchestra.run.smithi012.stdout:/usr/bin/ceph: stderr
2024-06-13T04:23:40.033+0000 7f4befe00700 1 -- 172.21.15.12:0/156144612 <== mon.0 v2:172.21.15.12:3300/0 4 ==== mgrmap(e 8) ==== 46287+0+0 (secure 0 0 0) 0x7f4be8019850 con 0x7f4bf807dec0
2024-06-13T04:23:40.941 INFO:teuthology.orchestra.run.smithi012.stdout:/usr/bin/ceph: stderr
2024-06-13T04:23:40.033+0000 7f4bfcc00700 1 -- 172.21.15.12:0/156144612 --> [v2:172.21.15.12:3300/0,v1:172.21.15.12:6789/0] -- mon_command({"prefix": "get_command_descriptions"} v 0) -- 0x7f4bf80695b0 con 0x7f4bf807dec0
2024-06-13T04:23:40.941 INFO:teuthology.orchestra.run.smithi012.stdout:/usr/bin/ceph: stderr
2024-06-13T04:23:40.034+0000 7f4befe00700 1 --2- 172.21.15.12:0/156144612 >> [v2:172.21.15.12:6800/2329480994,v1:172.21.15.12:6801/2329480994] conn(0x7f4bdc0390a0 0x7f4bdc03b560 unknown :-1 s=NONE pgs=0 cs=0 l=1 rev1=0 crypto rx=0 tx=0 comp rx=0 tx=0).connect
2024-06-13T04:23:40.941 INFO:teuthology.orchestra.run.smithi012.stdout:/usr/bin/ceph: stderr
2024-06-13T04:23:40.034+0000 7f4befe00700 1 -- 172.21.15.12:0/156144612 <== mon.0 v2:172.21.15.12:3300/0 5 ==== osd_map(2..2 src has 1..2) ==== 940+0+0 (secure 0 0 0) 0x7f4be8011e00 con 0x7f4bf807dec0
2024-06-13T04:23:40.941 INFO:teuthology.orchestra.run.smithi012.stdout:/usr/bin/ceph: stderr
2024-06-13T04:23:40.034+0000 7f4bf6a00700 1 --2- 172.21.15.12:0/156144612 >> [v2:172.21.15.12:6800/2329480994,v1:172.21.15.12:6801/2329480994] conn(0x7f4bdc0390a0 0x7f4bdc03b560 unknown :-1 s=BANNER_CONNECTING pgs=0 cs=0 l=1 rev1=0 crypto rx=0 tx=0 comp rx=0 tx=0)._handle_peer_banner_payload supported=3 required=0
2024-06-13T04:23:40.941 INFO:teuthology.orchestra.run.smithi012.stdout:/usr/bin/ceph: stderr
2024-06-13T04:23:40.035+0000 7f4bf6a00700 1 --2- 172.21.15.12:0/156144612 >> [v2:172.21.15.12:6800/2329480994,v1:172.21.15.12:6801/2329480994] conn(0x7f4bdc0390a0 0x7f4bdc03b560 secure :-1 s=READY pgs=10 cs=0 l=1 rev1=1 crypto rx=0x7f4be4006fd0 tx=0x7f4be4006e40 comp rx=0 tx=0).ready entity=mgr.14120 client_cookie=0 server_cookie=0 in_seq=0 out_seq=0
2024-06-13T04:23:40.941 INFO:teuthology.orchestra.run.smithi012.stdout:/usr/bin/ceph: stderr
2024-06-13T04:23:40.040+0000 7f4befe00700 1 -- 172.21.15.12:0/156144612 <== mon.0 v2:172.21.15.12:3300/0 6 ==== mon_command_ack([{"prefix": "get_command_descriptions"}]=0 v0) ==== 72+0+186418 (secure 0 0 0) 0x7f4be800e260 con 0x7f4bf807dec0
2024-06-13T04:23:40.941 INFO:teuthology.orchestra.run.smithi012.stdout:/usr/bin/ceph: stderr
2024-06-13T04:23:40.271+0000 7f4bfcc00700 1 -- 172.21.15.12:0/156144612 --> [v2:172.21.15.12:6800/2329480994,v1:172.21.15.12:6801/2329480994] -- mgr_command(tid 0: {"prefix": "cephadm get-pub-key", "target": ["mon-mgr", ""]}) -- 0x7f4bf8104610 con 0x7f4bdc0390a0
2024-06-13T04:23:40.941 INFO:teuthology.orchestra.run.smithi012.stdout:/usr/bin/ceph: stderr
2024-06-13T04:23:40.272+0000 7f4befe00700 1 -- 172.21.15.12:0/156144612 <== mgr.14120 v2:172.21.15.12:6800/2329480994 1 ==== mgr_command_reply(tid 0: 0 ) ==== 8+0+595 (secure 0 0 0) 0x7f4bf8104610 con 0x7f4bdc0390a0
2024-06-13T04:23:40.941 INFO:teuthology.orchestra.run.smithi012.stdout:/usr/bin/ceph: stderr
2024-06-13T04:23:40.275+0000 7f4bfcc00700 1 -- 172.21.15.12:0/156144612 >> [v2:172.21.15.12:6800/2329480994,v1:172.21.15.12:6801/2329480994] conn(0x7f4bdc0390a0 msgr2=0x7f4bdc03b560 secure :-1 s=STATE_CONNECTION_ESTABLISHED l=1).mark_down
2024-06-13T04:23:40.942 INFO:teuthology.orchestra.run.smithi012.stdout:/usr/bin/ceph: stderr
2024-06-13T04:23:40.275+0000 7f4bfcc00700 1 --2- 172.21.15.12:0/156144612 >> [v2:172.21.15.12:6800/2329480994,v1:172.21.15.12:6801/2329480994] conn(0x7f4bdc0390a0 0x7f4bdc03b560 secure :-1 s=READY pgs=10 cs=0 l=1 rev1=1 crypto rx=0x7f4be4006fd0 tx=0x7f4be4006e40 comp rx=0 tx=0).stop
2024-06-13T04:23:40.942 INFO:teuthology.orchestra.run.smithi012.stdout:/usr/bin/ceph: stderr
2024-06-13T04:23:40.275+0000 7f4bfcc00700 1 -- 172.21.15.12:0/156144612 >> [v2:172.21.15.12:3300/0,v1:172.21.15.12:6789/0] conn(0x7f4bf807dec0 msgr2=0x7f4bf819dfa0 secure :-1 s=STATE_CONNECTION_ESTABLISHED l=1).mark_down
2024-06-13T04:23:40.942 INFO:teuthology.orchestra.run.smithi012.stdout:/usr/bin/ceph: stderr
2024-06-13T04:23:40.275+0000 7f4bfcc00700 1 --2- 172.21.15.12:0/156144612 >> [v2:172.21.15.12:3300/0,v1:172.21.15.12:6789/0] conn(0x7f4bf807dec0 0x7f4bf819dfa0 secure :-1 s=READY pgs=44 cs=0 l=1 rev1=1 crypto rx=0x7f4be8011850 tx=0x7f4be8011c10 comp rx=0 tx=0).stop
2024-06-13T04:23:40.942 INFO:teuthology.orchestra.run.smithi012.stdout:/usr/bin/ceph: stderr
2024-06-13T04:23:40.276+0000 7f4bfcc00700 1 -- 172.21.15.12:0/156144612 shutdown_connections
2024-06-13T04:23:40.942 INFO:teuthology.orchestra.run.smithi012.stdout:/usr/bin/ceph: stderr
2024-06-13T04:23:40.276+0000 7f4bfcc00700 1 --2- 172.21.15.12:0/156144612 >> [v2:172.21.15.12:6800/2329480994,v1:172.21.15.12:6801/2329480994] conn(0x7f4bdc0390a0 0x7f4bdc03b560 unknown :-1 s=CLOSED pgs=10 cs=0 l=1 rev1=1 crypto rx=0 tx=0 comp rx=0 tx=0).stop
2024-06-13T04:23:40.942 INFO:teuthology.orchestra.run.smithi012.stdout:/usr/bin/ceph: stderr
2024-06-13T04:23:40.276+0000 7f4bfcc00700 1 --2- 172.21.15.12:0/156144612 >> [v2:172.21.15.12:3300/0,v1:172.21.15.12:6789/0] conn(0x7f4bf807dec0 0x7f4bf819dfa0 unknown :-1 s=CLOSED pgs=44 cs=0 l=1 rev1=1 crypto rx=0 tx=0 comp rx=0 tx=0).stop
2024-06-13T04:23:40.942 INFO:teuthology.orchestra.run.smithi012.stdout:/usr/bin/ceph: stderr
2024-06-13T04:23:40.276+0000 7f4bfcc00700 1 -- 172.21.15.12:0/156144612 >> 172.21.15.12:0/156144612 conn(0x7f4bf8103320 msgr2=0x7f4bf8103f00 unknown :-1 s=STATE_NONE l=0).mark_down
2024-06-13T04:23:40.942 INFO:teuthology.orchestra.run.smithi012.stdout:/usr/bin/ceph: stderr
2024-06-13T04:23:40.276+0000 7f4bfcc00700 1 -- 172.21.15.12:0/156144612 shutdown_connections
2024-06-13T04:23:40.942 INFO:teuthology.orchestra.run.smithi012.stdout:/usr/bin/ceph: stderr
2024-06-13T04:23:40.276+0000 7f4bfcc00700 1 -- 172.21.15.12:0/156144612 wait complete.
2024-06-13T04:23:40.942 INFO:teuthology.orchestra.run.smithi012.stdout:Wrote public SSH key to /home/ubuntu/cephtest/ceph.pub
2024-06-13T04:23:40.942 INFO:teuthology.orchestra.run.smithi012.stdout:Adding key to root@localhost authorized_keys...
2024-06-13T04:23:40.943 INFO:teuthology.orchestra.run.smithi012.stdout:Adding host smithi012...
2024-06-13T04:23:41.259 INFO:journalctl@ceph.mon.a.smithi012.stdout:Jun 13 04:23:41 smithi012 ceph-mon[32196]: from='client.14138 -' entity='client.admin' cmd=[{"prefix": "cephadm get-pub-key", "target": ["mon-mgr", ""]}]: dispatch
2024-06-13T04:23:42.068 INFO:journalctl@ceph.mon.a.smithi012.stdout:Jun 13 04:23:42 smithi012 ceph-mon[32196]: from='client.14140 -' entity='client.admin' cmd=[{"prefix": "orch host add", "hostname": "smithi012", "addr": "172.21.15.12", "target": ["mon-mgr", ""]}]: dispatch
2024-06-13T04:23:44.164 INFO:journalctl@ceph.mon.a.smithi012.stdout:Jun 13 04:23:44 smithi012 ceph-mon[32196]: Deploying cephadm binary to smithi012
2024-06-13T04:23:49.008 INFO:teuthology.orchestra.run.smithi012.stdout:/usr/bin/ceph: stdout Added host 'smithi012' with addr '172.21.15.12'
2024-06-13T04:23:49.009 INFO:teuthology.orchestra.run.smithi012.stdout:/usr/bin/ceph: stderr
2024-06-13T04:23:41.569+0000 7f3b13000700 1 Processor -- start
2024-06-13T04:23:49.009 INFO:teuthology.orchestra.run.smithi012.stdout:/usr/bin/ceph: stderr
2024-06-13T04:23:41.570+0000 7f3b13000700 1 -- start start
2024-06-13T04:23:49.009 INFO:teuthology.orchestra.run.smithi012.stdout:/usr/bin/ceph: stderr
2024-06-13T04:23:41.570+0000 7f3b13000700 1 --2- >> [v2:172.21.15.12:3300/0,v1:172.21.15.12:6789/0] conn(0x7f3b0c10a170 0x7f3b0c10a590 unknown :-1 s=NONE pgs=0 cs=0 l=0 rev1=0 crypto rx=0 tx=0 comp rx=0 tx=0).connect
2024-06-13T04:23:49.010 INFO:teuthology.orchestra.run.smithi012.stdout:/usr/bin/ceph: stderr
2024-06-13T04:23:41.570+0000 7f3b13000700 1 -- --> [v2:172.21.15.12:3300/0,v1:172.21.15.12:6789/0] -- mon_getmap magic: 0 -- 0x7f3b0c10ab60 con 0x7f3b0c10a170
2024-06-13T04:23:49.010 INFO:teuthology.orchestra.run.smithi012.stdout:/usr/bin/ceph: stderr
2024-06-13T04:23:41.570+0000 7f3b0be00700 1 --2- >> [v2:172.21.15.12:3300/0,v1:172.21.15.12:6789/0] conn(0x7f3b0c10a170 0x7f3b0c10a590 unknown :-1 s=BANNER_CONNECTING pgs=0 cs=0 l=0 rev1=0 crypto rx=0 tx=0 comp rx=0 tx=0)._handle_peer_banner_payload supported=3 required=0
2024-06-13T04:23:49.010 INFO:teuthology.orchestra.run.smithi012.stdout:/usr/bin/ceph: stderr
2024-06-13T04:23:41.571+0000 7f3b0be00700 1 --2- >> [v2:172.21.15.12:3300/0,v1:172.21.15.12:6789/0] conn(0x7f3b0c10a170 0x7f3b0c10a590 unknown :-1 s=HELLO_CONNECTING pgs=0 cs=0 l=0 rev1=1 crypto rx=0 tx=0 comp rx=0 tx=0).handle_hello peer v2:172.21.15.12:3300/0 says I am v2:172.21.15.12:35292/0 (socket says 172.21.15.12:35292)
2024-06-13T04:23:49.010 INFO:teuthology.orchestra.run.smithi012.stdout:/usr/bin/ceph: stderr
2024-06-13T04:23:41.571+0000 7f3b0be00700 1 -- 172.21.15.12:0/818718147 learned_addr learned my addr 172.21.15.12:0/818718147 (peer_addr_for_me v2:172.21.15.12:0/0)
2024-06-13T04:23:49.011 INFO:teuthology.orchestra.run.smithi012.stdout:/usr/bin/ceph: stderr
2024-06-13T04:23:41.571+0000 7f3b0be00700 1 -- 172.21.15.12:0/818718147 --> [v2:172.21.15.12:3300/0,v1:172.21.15.12:6789/0] -- mon_subscribe({config=0+,monmap=0+}) -- 0x7f3b0c10b370 con 0x7f3b0c10a170
2024-06-13T04:23:49.011 INFO:teuthology.orchestra.run.smithi012.stdout:/usr/bin/ceph: stderr
2024-06-13T04:23:41.571+0000 7f3b0be00700 1 --2- 172.21.15.12:0/818718147 >> [v2:172.21.15.12:3300/0,v1:172.21.15.12:6789/0] conn(0x7f3b0c10a170 0x7f3b0c10a590 secure :-1 s=READY pgs=45 cs=0 l=1 rev1=1 crypto rx=0x7f3afc0098a0 tx=0x7f3afc009bb0 comp rx=0 tx=0).ready entity=mon.0 client_cookie=cfffc22e004f1124 server_cookie=0 in_seq=0 out_seq=0
2024-06-13T04:23:49.011 INFO:teuthology.orchestra.run.smithi012.stdout:/usr/bin/ceph: stderr
2024-06-13T04:23:41.572+0000 7f3b0aa00700 1 -- 172.21.15.12:0/818718147 <== mon.0 v2:172.21.15.12:3300/0 1 ==== mon_map magic: 0 ==== 205+0+0 (secure 0 0 0) 0x7f3afc004160 con 0x7f3b0c10a170
2024-06-13T04:23:49.011 INFO:teuthology.orchestra.run.smithi012.stdout:/usr/bin/ceph: stderr
2024-06-13T04:23:41.572+0000 7f3b0aa00700 1 -- 172.21.15.12:0/818718147 <== mon.0 v2:172.21.15.12:3300/0 2 ==== config(27 keys) ==== 1109+0+0 (secure 0 0 0) 0x7f3afc004300 con 0x7f3b0c10a170
2024-06-13T04:23:49.011 INFO:teuthology.orchestra.run.smithi012.stdout:/usr/bin/ceph: stderr
2024-06-13T04:23:41.572+0000 7f3b0aa00700 1 -- 172.21.15.12:0/818718147 <== mon.0 v2:172.21.15.12:3300/0 3 ==== mon_map magic: 0 ==== 205+0+0 (secure 0 0 0) 0x7f3afc011b50 con 0x7f3b0c10a170
2024-06-13T04:23:49.012 INFO:teuthology.orchestra.run.smithi012.stdout:/usr/bin/ceph: stderr
2024-06-13T04:23:41.572+0000 7f3b13000700 1 -- 172.21.15.12:0/818718147 >> [v2:172.21.15.12:3300/0,v1:172.21.15.12:6789/0] conn(0x7f3b0c10a170 msgr2=0x7f3b0c10a590 secure :-1 s=STATE_CONNECTION_ESTABLISHED l=1).mark_down
2024-06-13T04:23:49.012 INFO:teuthology.orchestra.run.smithi012.stdout:/usr/bin/ceph: stderr
2024-06-13T04:23:41.572+0000 7f3b13000700 1 --2- 172.21.15.12:0/818718147 >> [v2:172.21.15.12:3300/0,v1:172.21.15.12:6789/0] conn(0x7f3b0c10a170 0x7f3b0c10a590 secure :-1 s=READY pgs=45 cs=0 l=1 rev1=1 crypto rx=0x7f3afc0098a0 tx=0x7f3afc009bb0 comp rx=0 tx=0).stop
2024-06-13T04:23:49.012 INFO:teuthology.orchestra.run.smithi012.stdout:/usr/bin/ceph: stderr
2024-06-13T04:23:41.572+0000 7f3b13000700 1 -- 172.21.15.12:0/818718147 shutdown_connections
2024-06-13T04:23:49.013 INFO:teuthology.orchestra.run.smithi012.stdout:/usr/bin/ceph: stderr
2024-06-13T04:23:41.572+0000 7f3b13000700 1 --2- 172.21.15.12:0/818718147 >> [v2:172.21.15.12:3300/0,v1:172.21.15.12:6789/0] conn(0x7f3b0c10a170 0x7f3b0c10a590 unknown :-1 s=CLOSED pgs=45 cs=0 l=1 rev1=1 crypto rx=0 tx=0 comp rx=0 tx=0).stop
2024-06-13T04:23:49.013 INFO:teuthology.orchestra.run.smithi012.stdout:/usr/bin/ceph: stderr
2024-06-13T04:23:41.572+0000 7f3b13000700 1 -- 172.21.15.12:0/818718147 >> 172.21.15.12:0/818718147 conn(0x7f3b0c07d6c0 msgr2=0x7f3b0c07daf0 unknown :-1 s=STATE_NONE l=0).mark_down
2024-06-13T04:23:49.013 INFO:teuthology.orchestra.run.smithi012.stdout:/usr/bin/ceph: stderr
2024-06-13T04:23:41.573+0000 7f3b13000700 1 -- 172.21.15.12:0/818718147 shutdown_connections
2024-06-13T04:23:49.013 INFO:teuthology.orchestra.run.smithi012.stdout:/usr/bin/ceph: stderr
2024-06-13T04:23:41.573+0000 7f3b13000700 1 -- 172.21.15.12:0/818718147 wait complete.
2024-06-13T04:23:49.014 INFO:teuthology.orchestra.run.smithi012.stdout:/usr/bin/ceph: stderr
2024-06-13T04:23:41.574+0000 7f3b13000700 1 Processor -- start
2024-06-13T04:23:49.014 INFO:teuthology.orchestra.run.smithi012.stdout:/usr/bin/ceph: stderr
2024-06-13T04:23:41.574+0000 7f3b13000700 1 -- start start
2024-06-13T04:23:49.014 INFO:teuthology.orchestra.run.smithi012.stdout:/usr/bin/ceph: stderr
2024-06-13T04:23:41.574+0000 7f3b13000700 1 --2- >> [v2:172.21.15.12:3300/0,v1:172.21.15.12:6789/0] conn(0x7f3b0c10a170 0x7f3b0c19e120 unknown :-1 s=NONE pgs=0 cs=0 l=1 rev1=0 crypto rx=0 tx=0 comp rx=0 tx=0).connect
2024-06-13T04:23:49.015 INFO:teuthology.orchestra.run.smithi012.stdout:/usr/bin/ceph: stderr
2024-06-13T04:23:41.574+0000 7f3b13000700 1 -- --> [v2:172.21.15.12:3300/0,v1:172.21.15.12:6789/0] -- mon_getmap magic: 0 -- 0x7f3b0c10e720 con 0x7f3b0c10a170
2024-06-13T04:23:49.015 INFO:teuthology.orchestra.run.smithi012.stdout:/usr/bin/ceph: stderr
2024-06-13T04:23:41.574+0000 7f3b0be00700 1 --2- >> [v2:172.21.15.12:3300/0,v1:172.21.15.12:6789/0] conn(0x7f3b0c10a170 0x7f3b0c19e120 unknown :-1 s=BANNER_CONNECTING pgs=0 cs=0 l=1 rev1=0 crypto rx=0 tx=0 comp rx=0 tx=0)._handle_peer_banner_payload supported=3 required=0
2024-06-13T04:23:49.015 INFO:teuthology.orchestra.run.smithi012.stdout:/usr/bin/ceph: stderr
2024-06-13T04:23:41.574+0000 7f3b0be00700 1 --2- >> [v2:172.21.15.12:3300/0,v1:172.21.15.12:6789/0] conn(0x7f3b0c10a170 0x7f3b0c19e120 unknown :-1 s=HELLO_CONNECTING pgs=0 cs=0 l=1 rev1=1 crypto rx=0 tx=0 comp rx=0 tx=0).handle_hello peer v2:172.21.15.12:3300/0 says I am v2:172.21.15.12:35300/0 (socket says 172.21.15.12:35300)
2024-06-13T04:23:49.015 INFO:teuthology.orchestra.run.smithi012.stdout:/usr/bin/ceph: stderr
2024-06-13T04:23:41.574+0000 7f3b0be00700 1 -- 172.21.15.12:0/2113208972 learned_addr learned my addr 172.21.15.12:0/2113208972 (peer_addr_for_me v2:172.21.15.12:0/0)
2024-06-13T04:23:49.015 INFO:teuthology.orchestra.run.smithi012.stdout:/usr/bin/ceph: stderr
2024-06-13T04:23:41.575+0000 7f3b0be00700 1 -- 172.21.15.12:0/2113208972 --> [v2:172.21.15.12:3300/0,v1:172.21.15.12:6789/0] -- mon_subscribe({config=0+,monmap=0+}) -- 0x7f3b0c19e660 con 0x7f3b0c10a170
2024-06-13T04:23:49.017 INFO:teuthology.orchestra.run.smithi012.stdout:/usr/bin/ceph: stderr
