2024-06-13T06:12:24.050+0000 7f01e7c1f700 1 --2- 172.21.15.39:0/3297506748 >> [v2:172.21.15.39:3300/0,v1:172.21.15.39:6789/0] conn(0x7f01e0106210 0x7f01e0106630 unknown :-1 s=CLOSED pgs=43 cs=0 l=1 rev1=1 crypto rx=0 tx=0 comp rx=0 tx=0).stop
2024-06-13T06:12:24.906 INFO:teuthology.orchestra.run.smithi039.stdout:/usr/bin/ceph: stderr
2024-06-13T06:12:24.050+0000 7f01e7c1f700 1 -- 172.21.15.39:0/3297506748 >> 172.21.15.39:0/3297506748 conn(0x7f01e0101b90 msgr2=0x7f01e0103fb0 unknown :-1 s=STATE_NONE l=0).mark_down
2024-06-13T06:12:24.906 INFO:teuthology.orchestra.run.smithi039.stdout:/usr/bin/ceph: stderr
2024-06-13T06:12:24.050+0000 7f01e7c1f700 1 -- 172.21.15.39:0/3297506748 shutdown_connections
2024-06-13T06:12:24.906 INFO:teuthology.orchestra.run.smithi039.stdout:/usr/bin/ceph: stderr
2024-06-13T06:12:24.050+0000 7f01e7c1f700 1 -- 172.21.15.39:0/3297506748 wait complete.
2024-06-13T06:12:24.906 INFO:teuthology.orchestra.run.smithi039.stdout:/usr/bin/ceph: stderr
2024-06-13T06:12:24.051+0000 7f01e7c1f700 1 Processor -- start
2024-06-13T06:12:24.906 INFO:teuthology.orchestra.run.smithi039.stdout:/usr/bin/ceph: stderr
2024-06-13T06:12:24.051+0000 7f01e7c1f700 1 -- start start
2024-06-13T06:12:24.906 INFO:teuthology.orchestra.run.smithi039.stdout:/usr/bin/ceph: stderr
2024-06-13T06:12:24.051+0000 7f01e7c1f700 1 --2- >> [v2:172.21.15.39:3300/0,v1:172.21.15.39:6789/0] conn(0x7f01e0106210 0x7f01e019bf50 unknown :-1 s=NONE pgs=0 cs=0 l=1 rev1=0 crypto rx=0 tx=0 comp rx=0 tx=0).connect
2024-06-13T06:12:24.906 INFO:teuthology.orchestra.run.smithi039.stdout:/usr/bin/ceph: stderr
2024-06-13T06:12:24.051+0000 7f01e7c1f700 1 -- --> [v2:172.21.15.39:3300/0,v1:172.21.15.39:6789/0] -- mon_getmap magic: 0 -- 0x7f01e010c4c0 con 0x7f01e0106210
2024-06-13T06:12:24.906 INFO:teuthology.orchestra.run.smithi039.stdout:/usr/bin/ceph: stderr
2024-06-13T06:12:24.051+0000 7f01e59bb700 1 --2- >> [v2:172.21.15.39:3300/0,v1:172.21.15.39:6789/0] conn(0x7f01e0106210 0x7f01e019bf50 unknown :-1 s=BANNER_CONNECTING pgs=0 cs=0 l=1 rev1=0 crypto rx=0 tx=0 comp rx=0 tx=0)._handle_peer_banner_payload supported=3 required=0
2024-06-13T06:12:24.906 INFO:teuthology.orchestra.run.smithi039.stdout:/usr/bin/ceph: stderr
2024-06-13T06:12:24.051+0000 7f01e59bb700 1 --2- >> [v2:172.21.15.39:3300/0,v1:172.21.15.39:6789/0] conn(0x7f01e0106210 0x7f01e019bf50 unknown :-1 s=HELLO_CONNECTING pgs=0 cs=0 l=1 rev1=1 crypto rx=0 tx=0 comp rx=0 tx=0).handle_hello peer v2:172.21.15.39:3300/0 says I am v2:172.21.15.39:43590/0 (socket says 172.21.15.39:43590)
2024-06-13T06:12:24.906 INFO:teuthology.orchestra.run.smithi039.stdout:/usr/bin/ceph: stderr
2024-06-13T06:12:24.051+0000 7f01e59bb700 1 -- 172.21.15.39:0/1541879657 learned_addr learned my addr 172.21.15.39:0/1541879657 (peer_addr_for_me v2:172.21.15.39:0/0)
2024-06-13T06:12:24.907 INFO:teuthology.orchestra.run.smithi039.stdout:/usr/bin/ceph: stderr
2024-06-13T06:12:24.051+0000 7f01e59bb700 1 -- 172.21.15.39:0/1541879657 --> [v2:172.21.15.39:3300/0,v1:172.21.15.39:6789/0] -- mon_subscribe({config=0+,monmap=0+}) -- 0x7f01e019c490 con 0x7f01e0106210
2024-06-13T06:12:24.907 INFO:teuthology.orchestra.run.smithi039.stdout:/usr/bin/ceph: stderr
2024-06-13T06:12:24.052+0000 7f01e59bb700 1 --2- 172.21.15.39:0/1541879657 >> [v2:172.21.15.39:3300/0,v1:172.21.15.39:6789/0] conn(0x7f01e0106210 0x7f01e019bf50 secure :-1 s=READY pgs=44 cs=0 l=1 rev1=1 crypto rx=0x7f01dc011670 tx=0x7f01dc011b60 comp rx=0 tx=0).ready entity=mon.0 client_cookie=0 server_cookie=0 in_seq=0 out_seq=0
2024-06-13T06:12:24.907 INFO:teuthology.orchestra.run.smithi039.stdout:/usr/bin/ceph: stderr
2024-06-13T06:12:24.052+0000 7f01d2ffd700 1 -- 172.21.15.39:0/1541879657 <== mon.0 v2:172.21.15.39:3300/0 1 ==== mon_map magic: 0 ==== 205+0+0 (secure 0 0 0) 0x7f01dc0039c0 con 0x7f01e0106210
2024-06-13T06:12:24.907 INFO:teuthology.orchestra.run.smithi039.stdout:/usr/bin/ceph: stderr
2024-06-13T06:12:24.052+0000 7f01d2ffd700 1 -- 172.21.15.39:0/1541879657 <== mon.0 v2:172.21.15.39:3300/0 2 ==== config(27 keys) ==== 1109+0+0 (secure 0 0 0) 0x7f01dc011e50 con 0x7f01e0106210
2024-06-13T06:12:24.907 INFO:teuthology.orchestra.run.smithi039.stdout:/usr/bin/ceph: stderr
2024-06-13T06:12:24.052+0000 7f01e7c1f700 1 -- 172.21.15.39:0/1541879657 --> [v2:172.21.15.39:3300/0,v1:172.21.15.39:6789/0] -- mon_subscribe({mgrmap=0+}) -- 0x7f01e019c720 con 0x7f01e0106210
2024-06-13T06:12:24.907 INFO:teuthology.orchestra.run.smithi039.stdout:/usr/bin/ceph: stderr
2024-06-13T06:12:24.052+0000 7f01d2ffd700 1 -- 172.21.15.39:0/1541879657 <== mon.0 v2:172.21.15.39:3300/0 3 ==== mon_map magic: 0 ==== 205+0+0 (secure 0 0 0) 0x7f01dc01a5c0 con 0x7f01e0106210
2024-06-13T06:12:24.907 INFO:teuthology.orchestra.run.smithi039.stdout:/usr/bin/ceph: stderr
2024-06-13T06:12:24.052+0000 7f01e7c1f700 1 -- 172.21.15.39:0/1541879657 --> [v2:172.21.15.39:3300/0,v1:172.21.15.39:6789/0] -- mon_subscribe({osdmap=0}) -- 0x7f01e019f410 con 0x7f01e0106210
2024-06-13T06:12:24.907 INFO:teuthology.orchestra.run.smithi039.stdout:/usr/bin/ceph: stderr
2024-06-13T06:12:24.053+0000 7f01d2ffd700 1 -- 172.21.15.39:0/1541879657 <== mon.0 v2:172.21.15.39:3300/0 4 ==== mgrmap(e 8) ==== 46287+0+0 (secure 0 0 0) 0x7f01dc01a8c0 con 0x7f01e0106210
2024-06-13T06:12:24.907 INFO:teuthology.orchestra.run.smithi039.stdout:/usr/bin/ceph: stderr
2024-06-13T06:12:24.053+0000 7f01d2ffd700 1 --2- 172.21.15.39:0/1541879657 >> [v2:172.21.15.39:6800/1734263468,v1:172.21.15.39:6801/1734263468] conn(0x7f01cc039000 0x7f01cc03b4c0 unknown :-1 s=NONE pgs=0 cs=0 l=1 rev1=0 crypto rx=0 tx=0 comp rx=0 tx=0).connect
2024-06-13T06:12:24.907 INFO:teuthology.orchestra.run.smithi039.stdout:/usr/bin/ceph: stderr
2024-06-13T06:12:24.053+0000 7f01d2ffd700 1 -- 172.21.15.39:0/1541879657 <== mon.0 v2:172.21.15.39:3300/0 5 ==== osd_map(2..2 src has 1..2) ==== 940+0+0 (secure 0 0 0) 0x7f01dc04d460 con 0x7f01e0106210
2024-06-13T06:12:24.907 INFO:teuthology.orchestra.run.smithi039.stdout:/usr/bin/ceph: stderr
2024-06-13T06:12:24.053+0000 7f01e51ba700 1 --2- 172.21.15.39:0/1541879657 >> [v2:172.21.15.39:6800/1734263468,v1:172.21.15.39:6801/1734263468] conn(0x7f01cc039000 0x7f01cc03b4c0 unknown :-1 s=BANNER_CONNECTING pgs=0 cs=0 l=1 rev1=0 crypto rx=0 tx=0 comp rx=0 tx=0)._handle_peer_banner_payload supported=3 required=0
2024-06-13T06:12:24.907 INFO:teuthology.orchestra.run.smithi039.stdout:/usr/bin/ceph: stderr
2024-06-13T06:12:24.053+0000 7f01e7c1f700 1 -- 172.21.15.39:0/1541879657 --> [v2:172.21.15.39:3300/0,v1:172.21.15.39:6789/0] -- mon_command({"prefix": "get_command_descriptions"} v 0) -- 0x7f01e0063af0 con 0x7f01e0106210
2024-06-13T06:12:24.907 INFO:teuthology.orchestra.run.smithi039.stdout:/usr/bin/ceph: stderr
2024-06-13T06:12:24.053+0000 7f01e51ba700 1 --2- 172.21.15.39:0/1541879657 >> [v2:172.21.15.39:6800/1734263468,v1:172.21.15.39:6801/1734263468] conn(0x7f01cc039000 0x7f01cc03b4c0 secure :-1 s=READY pgs=10 cs=0 l=1 rev1=1 crypto rx=0x7f01d4006fd0 tx=0x7f01d4006e40 comp rx=0 tx=0).ready entity=mgr.14120 client_cookie=0 server_cookie=0 in_seq=0 out_seq=0
2024-06-13T06:12:24.908 INFO:teuthology.orchestra.run.smithi039.stdout:/usr/bin/ceph: stderr
2024-06-13T06:12:24.062+0000 7f01d2ffd700 1 -- 172.21.15.39:0/1541879657 <== mon.0 v2:172.21.15.39:3300/0 6 ==== mon_command_ack([{"prefix": "get_command_descriptions"}]=0 v0) ==== 72+0+186418 (secure 0 0 0) 0x7f01dc019c70 con 0x7f01e0106210
2024-06-13T06:12:24.908 INFO:teuthology.orchestra.run.smithi039.stdout:/usr/bin/ceph: stderr
2024-06-13T06:12:24.283+0000 7f01e7c1f700 1 -- 172.21.15.39:0/1541879657 --> [v2:172.21.15.39:6800/1734263468,v1:172.21.15.39:6801/1734263468] -- mgr_command(tid 0: {"prefix": "cephadm get-pub-key", "target": ["mon-mgr", ""]}) -- 0x7f01e0102e00 con 0x7f01cc039000
2024-06-13T06:12:24.908 INFO:teuthology.orchestra.run.smithi039.stdout:/usr/bin/ceph: stderr
2024-06-13T06:12:24.284+0000 7f01d2ffd700 1 -- 172.21.15.39:0/1541879657 <== mgr.14120 v2:172.21.15.39:6800/1734263468 1 ==== mgr_command_reply(tid 0: 0 ) ==== 8+0+595 (secure 0 0 0) 0x7f01e0102e00 con 0x7f01cc039000
2024-06-13T06:12:24.908 INFO:teuthology.orchestra.run.smithi039.stdout:/usr/bin/ceph: stderr
2024-06-13T06:12:24.287+0000 7f01e7c1f700 1 -- 172.21.15.39:0/1541879657 >> [v2:172.21.15.39:6800/1734263468,v1:172.21.15.39:6801/1734263468] conn(0x7f01cc039000 msgr2=0x7f01cc03b4c0 secure :-1 s=STATE_CONNECTION_ESTABLISHED l=1).mark_down
2024-06-13T06:12:24.908 INFO:teuthology.orchestra.run.smithi039.stdout:/usr/bin/ceph: stderr
2024-06-13T06:12:24.287+0000 7f01e7c1f700 1 --2- 172.21.15.39:0/1541879657 >> [v2:172.21.15.39:6800/1734263468,v1:172.21.15.39:6801/1734263468] conn(0x7f01cc039000 0x7f01cc03b4c0 secure :-1 s=READY pgs=10 cs=0 l=1 rev1=1 crypto rx=0x7f01d4006fd0 tx=0x7f01d4006e40 comp rx=0 tx=0).stop
2024-06-13T06:12:24.908 INFO:teuthology.orchestra.run.smithi039.stdout:/usr/bin/ceph: stderr
2024-06-13T06:12:24.287+0000 7f01e7c1f700 1 -- 172.21.15.39:0/1541879657 >> [v2:172.21.15.39:3300/0,v1:172.21.15.39:6789/0] conn(0x7f01e0106210 msgr2=0x7f01e019bf50 secure :-1 s=STATE_CONNECTION_ESTABLISHED l=1).mark_down
2024-06-13T06:12:24.908 INFO:teuthology.orchestra.run.smithi039.stdout:/usr/bin/ceph: stderr
2024-06-13T06:12:24.287+0000 7f01e7c1f700 1 --2- 172.21.15.39:0/1541879657 >> [v2:172.21.15.39:3300/0,v1:172.21.15.39:6789/0] conn(0x7f01e0106210 0x7f01e019bf50 secure :-1 s=READY pgs=44 cs=0 l=1 rev1=1 crypto rx=0x7f01dc011670 tx=0x7f01dc011b60 comp rx=0 tx=0).stop
2024-06-13T06:12:24.908 INFO:teuthology.orchestra.run.smithi039.stdout:/usr/bin/ceph: stderr
2024-06-13T06:12:24.287+0000 7f01e7c1f700 1 -- 172.21.15.39:0/1541879657 shutdown_connections
2024-06-13T06:12:24.908 INFO:teuthology.orchestra.run.smithi039.stdout:/usr/bin/ceph: stderr
2024-06-13T06:12:24.287+0000 7f01e7c1f700 1 --2- 172.21.15.39:0/1541879657 >> [v2:172.21.15.39:6800/1734263468,v1:172.21.15.39:6801/1734263468] conn(0x7f01cc039000 0x7f01cc03b4c0 unknown :-1 s=CLOSED pgs=10 cs=0 l=1 rev1=1 crypto rx=0 tx=0 comp rx=0 tx=0).stop
2024-06-13T06:12:24.908 INFO:teuthology.orchestra.run.smithi039.stdout:/usr/bin/ceph: stderr
2024-06-13T06:12:24.287+0000 7f01e7c1f700 1 --2- 172.21.15.39:0/1541879657 >> [v2:172.21.15.39:3300/0,v1:172.21.15.39:6789/0] conn(0x7f01e0106210 0x7f01e019bf50 unknown :-1 s=CLOSED pgs=44 cs=0 l=1 rev1=1 crypto rx=0 tx=0 comp rx=0 tx=0).stop
2024-06-13T06:12:24.908 INFO:teuthology.orchestra.run.smithi039.stdout:/usr/bin/ceph: stderr
2024-06-13T06:12:24.287+0000 7f01e7c1f700 1 -- 172.21.15.39:0/1541879657 >> 172.21.15.39:0/1541879657 conn(0x7f01e0101b90 msgr2=0x7f01e01026f0 unknown :-1 s=STATE_NONE l=0).mark_down
2024-06-13T06:12:24.908 INFO:teuthology.orchestra.run.smithi039.stdout:/usr/bin/ceph: stderr
2024-06-13T06:12:24.287+0000 7f01e7c1f700 1 -- 172.21.15.39:0/1541879657 shutdown_connections
2024-06-13T06:12:24.908 INFO:teuthology.orchestra.run.smithi039.stdout:/usr/bin/ceph: stderr
2024-06-13T06:12:24.287+0000 7f01e7c1f700 1 -- 172.21.15.39:0/1541879657 wait complete.
2024-06-13T06:12:24.909 INFO:teuthology.orchestra.run.smithi039.stdout:Wrote public SSH key to /home/ubuntu/cephtest/ceph.pub
2024-06-13T06:12:24.909 INFO:teuthology.orchestra.run.smithi039.stdout:Adding key to root@localhost authorized_keys...
2024-06-13T06:12:24.909 INFO:teuthology.orchestra.run.smithi039.stdout:Adding host smithi039...
2024-06-13T06:12:25.171 INFO:journalctl@ceph.mon.a.smithi039.stdout:Jun 13 06:12:24 smithi039 ceph-mon[32479]: from='client.14138 -' entity='client.admin' cmd=[{"prefix": "cephadm get-pub-key", "target": ["mon-mgr", ""]}]: dispatch
2024-06-13T06:12:26.150 INFO:journalctl@ceph.mon.a.smithi039.stdout:Jun 13 06:12:25 smithi039 ceph-mon[32479]: from='client.14140 -' entity='client.admin' cmd=[{"prefix": "orch host add", "hostname": "smithi039", "addr": "172.21.15.39", "target": ["mon-mgr", ""]}]: dispatch
2024-06-13T06:12:27.421 INFO:journalctl@ceph.mon.a.smithi039.stdout:Jun 13 06:12:26 smithi039 ceph-mon[32479]: Deploying cephadm binary to smithi039
2024-06-13T06:12:30.438 INFO:teuthology.orchestra.run.smithi039.stdout:/usr/bin/ceph: stdout Added host 'smithi039' with addr '172.21.15.39'
2024-06-13T06:12:30.438 INFO:teuthology.orchestra.run.smithi039.stdout:/usr/bin/ceph: stderr
2024-06-13T06:12:25.320+0000 7fcc2a873700 1 Processor -- start
2024-06-13T06:12:30.438 INFO:teuthology.orchestra.run.smithi039.stdout:/usr/bin/ceph: stderr
2024-06-13T06:12:25.320+0000 7fcc2a873700 1 -- start start
2024-06-13T06:12:30.438 INFO:teuthology.orchestra.run.smithi039.stdout:/usr/bin/ceph: stderr
2024-06-13T06:12:25.320+0000 7fcc2a873700 1 --2- >> [v2:172.21.15.39:3300/0,v1:172.21.15.39:6789/0] conn(0x7fcc24107fa0 0x7fcc241083e0 unknown :-1 s=NONE pgs=0 cs=0 l=0 rev1=0 crypto rx=0 tx=0 comp rx=0 tx=0).connect
2024-06-13T06:12:30.438 INFO:teuthology.orchestra.run.smithi039.stdout:/usr/bin/ceph: stderr
2024-06-13T06:12:25.320+0000 7fcc2a873700 1 -- --> [v2:172.21.15.39:3300/0,v1:172.21.15.39:6789/0] -- mon_getmap magic: 0 -- 0x7fcc24108920 con 0x7fcc24107fa0
2024-06-13T06:12:30.438 INFO:teuthology.orchestra.run.smithi039.stdout:/usr/bin/ceph: stderr
2024-06-13T06:12:25.320+0000 7fcc23fff700 1 --2- >> [v2:172.21.15.39:3300/0,v1:172.21.15.39:6789/0] conn(0x7fcc24107fa0 0x7fcc241083e0 unknown :-1 s=BANNER_CONNECTING pgs=0 cs=0 l=0 rev1=0 crypto rx=0 tx=0 comp rx=0 tx=0)._handle_peer_banner_payload supported=3 required=0
2024-06-13T06:12:30.438 INFO:teuthology.orchestra.run.smithi039.stdout:/usr/bin/ceph: stderr
2024-06-13T06:12:25.320+0000 7fcc23fff700 1 --2- >> [v2:172.21.15.39:3300/0,v1:172.21.15.39:6789/0] conn(0x7fcc24107fa0 0x7fcc241083e0 unknown :-1 s=HELLO_CONNECTING pgs=0 cs=0 l=0 rev1=1 crypto rx=0 tx=0 comp rx=0 tx=0).handle_hello peer v2:172.21.15.39:3300/0 says I am v2:172.21.15.39:43594/0 (socket says 172.21.15.39:43594)
2024-06-13T06:12:30.438 INFO:teuthology.orchestra.run.smithi039.stdout:/usr/bin/ceph: stderr
2024-06-13T06:12:25.320+0000 7fcc23fff700 1 -- 172.21.15.39:0/1844081557 learned_addr learned my addr 172.21.15.39:0/1844081557 (peer_addr_for_me v2:172.21.15.39:0/0)
2024-06-13T06:12:30.438 INFO:teuthology.orchestra.run.smithi039.stdout:/usr/bin/ceph: stderr
2024-06-13T06:12:25.321+0000 7fcc23fff700 1 -- 172.21.15.39:0/1844081557 --> [v2:172.21.15.39:3300/0,v1:172.21.15.39:6789/0] -- mon_subscribe({config=0+,monmap=0+}) -- 0x7fcc241090e0 con 0x7fcc24107fa0
2024-06-13T06:12:30.438 INFO:teuthology.orchestra.run.smithi039.stdout:/usr/bin/ceph: stderr
2024-06-13T06:12:25.321+0000 7fcc23fff700 1 --2- 172.21.15.39:0/1844081557 >> [v2:172.21.15.39:3300/0,v1:172.21.15.39:6789/0] conn(0x7fcc24107fa0 0x7fcc241083e0 secure :-1 s=READY pgs=45 cs=0 l=1 rev1=1 crypto rx=0x7fcc140098a0 tx=0x7fcc14009bb0 comp rx=0 tx=0).ready entity=mon.0 client_cookie=b66e805dc7a3fd7e server_cookie=0 in_seq=0 out_seq=0
2024-06-13T06:12:30.439 INFO:teuthology.orchestra.run.smithi039.stdout:/usr/bin/ceph: stderr
2024-06-13T06:12:25.321+0000 7fcc22ffd700 1 -- 172.21.15.39:0/1844081557 <== mon.0 v2:172.21.15.39:3300/0 1 ==== mon_map magic: 0 ==== 205+0+0 (secure 0 0 0) 0x7fcc14004160 con 0x7fcc24107fa0
2024-06-13T06:12:30.439 INFO:teuthology.orchestra.run.smithi039.stdout:/usr/bin/ceph: stderr
2024-06-13T06:12:25.321+0000 7fcc22ffd700 1 -- 172.21.15.39:0/1844081557 <== mon.0 v2:172.21.15.39:3300/0 2 ==== config(27 keys) ==== 1109+0+0 (secure 0 0 0) 0x7fcc14004300 con 0x7fcc24107fa0
2024-06-13T06:12:30.439 INFO:teuthology.orchestra.run.smithi039.stdout:/usr/bin/ceph: stderr
2024-06-13T06:12:25.321+0000 7fcc22ffd700 1 -- 172.21.15.39:0/1844081557 <== mon.0 v2:172.21.15.39:3300/0 3 ==== mon_map magic: 0 ==== 205+0+0 (secure 0 0 0) 0x7fcc14011b50 con 0x7fcc24107fa0
2024-06-13T06:12:30.439 INFO:teuthology.orchestra.run.smithi039.stdout:/usr/bin/ceph: stderr
2024-06-13T06:12:25.321+0000 7fcc2a873700 1 -- 172.21.15.39:0/1844081557 >> [v2:172.21.15.39:3300/0,v1:172.21.15.39:6789/0] conn(0x7fcc24107fa0 msgr2=0x7fcc241083e0 secure :-1 s=STATE_CONNECTION_ESTABLISHED l=1).mark_down
2024-06-13T06:12:30.439 INFO:teuthology.orchestra.run.smithi039.stdout:/usr/bin/ceph: stderr
2024-06-13T06:12:25.321+0000 7fcc2a873700 1 --2- 172.21.15.39:0/1844081557 >> [v2:172.21.15.39:3300/0,v1:172.21.15.39:6789/0] conn(0x7fcc24107fa0 0x7fcc241083e0 secure :-1 s=READY pgs=45 cs=0 l=1 rev1=1 crypto rx=0x7fcc140098a0 tx=0x7fcc14009bb0 comp rx=0 tx=0).stop
2024-06-13T06:12:30.439 INFO:teuthology.orchestra.run.smithi039.stdout:/usr/bin/ceph: stderr
2024-06-13T06:12:25.322+0000 7fcc2a873700 1 -- 172.21.15.39:0/1844081557 shutdown_connections
2024-06-13T06:12:30.439 INFO:teuthology.orchestra.run.smithi039.stdout:/usr/bin/ceph: stderr
2024-06-13T06:12:25.322+0000 7fcc2a873700 1 --2- 172.21.15.39:0/1844081557 >> [v2:172.21.15.39:3300/0,v1:172.21.15.39:6789/0] conn(0x7fcc24107fa0 0x7fcc241083e0 unknown :-1 s=CLOSED pgs=45 cs=0 l=1 rev1=1 crypto rx=0 tx=0 comp rx=0 tx=0).stop
2024-06-13T06:12:30.439 INFO:teuthology.orchestra.run.smithi039.stdout:/usr/bin/ceph: stderr
2024-06-13T06:12:25.322+0000 7fcc2a873700 1 -- 172.21.15.39:0/1844081557 >> 172.21.15.39:0/1844081557 conn(0x7fcc24103570 msgr2=0x7fcc241059d0 unknown :-1 s=STATE_NONE l=0).mark_down
2024-06-13T06:12:30.439 INFO:teuthology.orchestra.run.smithi039.stdout:/usr/bin/ceph: stderr
2024-06-13T06:12:25.322+0000 7fcc2a873700 1 -- 172.21.15.39:0/1844081557 shutdown_connections
2024-06-13T06:12:30.439 INFO:teuthology.orchestra.run.smithi039.stdout:/usr/bin/ceph: stderr
2024-06-13T06:12:25.322+0000 7fcc2a873700 1 -- 172.21.15.39:0/1844081557 wait complete.
2024-06-13T06:12:30.439 INFO:teuthology.orchestra.run.smithi039.stdout:/usr/bin/ceph: stderr
2024-06-13T06:12:25.322+0000 7fcc2a873700 1 Processor -- start
2024-06-13T06:12:30.439 INFO:teuthology.orchestra.run.smithi039.stdout:/usr/bin/ceph: stderr
2024-06-13T06:12:25.322+0000 7fcc2a873700 1 -- start start
2024-06-13T06:12:30.439 INFO:teuthology.orchestra.run.smithi039.stdout:/usr/bin/ceph: stderr
2024-06-13T06:12:25.323+0000 7fcc2a873700 1 --2- >> [v2:172.21.15.39:3300/0,v1:172.21.15.39:6789/0] conn(0x7fcc24107fa0 0x7fcc2419bf20 unknown :-1 s=NONE pgs=0 cs=0 l=1 rev1=0 crypto rx=0 tx=0 comp rx=0 tx=0).connect
2024-06-13T06:12:30.439 INFO:teuthology.orchestra.run.smithi039.stdout:/usr/bin/ceph: stderr
2024-06-13T06:12:25.323+0000 7fcc2a873700 1 -- --> [v2:172.21.15.39:3300/0,v1:172.21.15.39:6789/0] -- mon_getmap magic: 0 -- 0x7fcc2410c3a0 con 0x7fcc24107fa0
2024-06-13T06:12:30.440 INFO:teuthology.orchestra.run.smithi039.stdout:/usr/bin/ceph: stderr
2024-06-13T06:12:25.323+0000 7fcc23fff700 1 --2- >> [v2:172.21.15.39:3300/0,v1:172.21.15.39:6789/0] conn(0x7fcc24107fa0 0x7fcc2419bf20 unknown :-1 s=BANNER_CONNECTING pgs=0 cs=0 l=1 rev1=0 crypto rx=0 tx=0 comp rx=0 tx=0)._handle_peer_banner_payload supported=3 required=0
2024-06-13T06:12:30.440 INFO:teuthology.orchestra.run.smithi039.stdout:/usr/bin/ceph: stderr
2024-06-13T06:12:25.323+0000 7fcc23fff700 1 --2- >> [v2:172.21.15.39:3300/0,v1:172.21.15.39:6789/0] conn(0x7fcc24107fa0 0x7fcc2419bf20 unknown :-1 s=HELLO_CONNECTING pgs=0 cs=0 l=1 rev1=1 crypto rx=0 tx=0 comp rx=0 tx=0).handle_hello peer v2:172.21.15.39:3300/0 says I am v2:172.21.15.39:43596/0 (socket says 172.21.15.39:43596)
2024-06-13T06:12:30.440 INFO:teuthology.orchestra.run.smithi039.stdout:/usr/bin/ceph: stderr
2024-06-13T06:12:25.323+0000 7fcc23fff700 1 -- 172.21.15.39:0/1490596559 learned_addr learned my addr 172.21.15.39:0/1490596559 (peer_addr_for_me v2:172.21.15.39:0/0)
2024-06-13T06:12:30.440 INFO:teuthology.orchestra.run.smithi039.stdout:/usr/bin/ceph: stderr
2024-06-13T06:12:25.323+0000 7fcc23fff700 1 -- 172.21.15.39:0/1490596559 --> [v2:172.21.15.39:3300/0,v1:172.21.15.39:6789/0] -- mon_subscribe({config=0+,monmap=0+}) -- 0x7fcc2419c460 con 0x7fcc24107fa0
2024-06-13T06:12:30.440 INFO:teuthology.orchestra.run.smithi039.stdout:/usr/bin/ceph: stderr
2024-06-13T06:12:25.323+0000 7fcc23fff700 1 --2- 172.21.15.39:0/1490596559 >> [v2:172.21.15.39:3300/0,v1:172.21.15.39:6789/0] conn(0x7fcc24107fa0 0x7fcc2419bf20 secure :-1 s=READY pgs=46 cs=0 l=1 rev1=1 crypto rx=0x7fcc14011670 tx=0x7fcc14011b60 comp rx=0 tx=0).ready entity=mon.0 client_cookie=0 server_cookie=0 in_seq=0 out_seq=0
2024-06-13T06:12:30.440 INFO:teuthology.orchestra.run.smithi039.stdout:/usr/bin/ceph: stderr
2024-06-13T06:12:25.323+0000 7fcc217fa700 1 -- 172.21.15.39:0/1490596559 <== mon.0 v2:172.21.15.39:3300/0 1 ==== mon_map magic: 0 ==== 205+0+0 (secure 0 0 0) 0x7fcc140039c0 con 0x7fcc24107fa0
2024-06-13T06:12:30.440 INFO:teuthology.orchestra.run.smithi039.stdout:/usr/bin/ceph: stderr
2024-06-13T06:12:25.323+0000 7fcc217fa700 1 -- 172.21.15.39:0/1490596559 <== mon.0 v2:172.21.15.39:3300/0 2 ==== config(27 keys) ==== 1109+0+0 (secure 0 0 0) 0x7fcc14011e50 con 0x7fcc24107fa0
2024-06-13T06:12:30.440 INFO:teuthology.orchestra.run.smithi039.stdout:/usr/bin/ceph: stderr
2024-06-13T06:12:25.323+0000 7fcc217fa700 1 -- 172.21.15.39:0/1490596559 <== mon.0 v2:172.21.15.39:3300/0 3 ==== mon_map magic: 0 ==== 205+0+0 (secure 0 0 0) 0x7fcc1401a5c0 con 0x7fcc24107fa0
2024-06-13T06:12:30.440 INFO:teuthology.orchestra.run.smithi039.stdout:/usr/bin/ceph: stderr
2024-06-13T06:12:25.324+0000 7fcc2a873700 1 -- 172.21.15.39:0/1490596559 --> [v2:172.21.15.39:3300/0,v1:172.21.15.39:6789/0] -- mon_subscribe({mgrmap=0+}) -- 0x7fcc2419c6f0 con 0x7fcc24107fa0
2024-06-13T06:12:30.440 INFO:teuthology.orchestra.run.smithi039.stdout:/usr/bin/ceph: stderr
2024-06-13T06:12:25.324+0000 7fcc2a873700 1 -- 172.21.15.39:0/1490596559 --> [v2:172.21.15.39:3300/0,v1:172.21.15.39:6789/0] -- mon_subscribe({osdmap=0}) -- 0x7fcc2419f3e0 con 0x7fcc24107fa0
2024-06-13T06:12:30.440 INFO:teuthology.orchestra.run.smithi039.stdout:/usr/bin/ceph: stderr
2024-06-13T06:12:25.325+0000 7fcc217fa700 1 -- 172.21.15.39:0/1490596559 <== mon.0 v2:172.21.15.39:3300/0 4 ==== mgrmap(e 8) ==== 46287+0+0 (secure 0 0 0) 0x7fcc14024430 con 0x7fcc24107fa0
2024-06-13T06:12:30.440 INFO:teuthology.orchestra.run.smithi039.stdout:/usr/bin/ceph: stderr
2024-06-13T06:12:25.325+0000 7fcc217fa700 1 --2- 172.21.15.39:0/1490596559 >> [v2:172.21.15.39:6800/1734263468,v1:172.21.15.39:6801/1734263468] conn(0x7fcc0c039050 0x7fcc0c03b510 unknown :-1 s=NONE pgs=0 cs=0 l=1 rev1=0 crypto rx=0 tx=0 comp rx=0 tx=0).connect
2024-06-13T06:12:30.440 INFO:teuthology.orchestra.run.smithi039.stdout:/usr/bin/ceph: stderr
2024-06-13T06:12:25.325+0000 7fcc217fa700 1 -- 172.21.15.39:0/1490596559 <== mon.0 v2:172.21.15.39:3300/0 5 ==== osd_map(2..2 src has 1..2) ==== 940+0+0 (secure 0 0 0) 0x7fcc1404d430 con 0x7fcc24107fa0
2024-06-13T06:12:30.440 INFO:teuthology.orchestra.run.smithi039.stdout:/usr/bin/ceph: stderr
2024-06-13T06:12:25.325+0000 7fcc2a873700 1 -- 172.21.15.39:0/1490596559 --> [v2:172.21.15.39:3300/0,v1:172.21.15.39:6789/0] -- mon_command({"prefix": "get_command_descriptions"} v 0) -- 0x7fcc2410c520 con 0x7fcc24107fa0
2024-06-13T06:12:30.441 INFO:teuthology.orchestra.run.smithi039.stdout:/usr/bin/ceph: stderr
2024-06-13T06:12:25.325+0000 7fcc237fe700 1 --2- 172.21.15.39:0/1490596559 >> [v2:172.21.15.39:6800/1734263468,v1:172.21.15.39:6801/1734263468] conn(0x7fcc0c039050 0x7fcc0c03b510 unknown :-1 s=BANNER_CONNECTING pgs=0 cs=0 l=1 rev1=0 crypto rx=0 tx=0 comp rx=0 tx=0)._handle_peer_banner_payload supported=3 required=0
2024-06-13T06:12:30.441 INFO:teuthology.orchestra.run.smithi039.stdout:/usr/bin/ceph: stderr
2024-06-13T06:12:25.325+0000 7fcc237fe700 1 --2- 172.21.15.39:0/1490596559 >> [v2:172.21.15.39:6800/1734263468,v1:172.21.15.39:6801/1734263468] conn(0x7fcc0c039050 0x7fcc0c03b510 secure :-1 s=READY pgs=11 cs=0 l=1 rev1=1 crypto rx=0x7fcc18006fd0 tx=0x7fcc18006e40 comp rx=0 tx=0).ready entity=mgr.14120 client_cookie=0 server_cookie=0 in_seq=0 out_seq=0
2024-06-13T06:12:30.441 INFO:teuthology.orchestra.run.smithi039.stdout:/usr/bin/ceph: stderr
2024-06-13T06:12:25.330+0000 7fcc217fa700 1 -- 172.21.15.39:0/1490596559 <== mon.0 v2:172.21.15.39:3300/0 6 ==== mon_command_ack([{"prefix": "get_command_descriptions"}]=0 v0) ==== 72+0+186418 (secure 0 0 0) 0x7fcc14003b60 con 0x7fcc24107fa0
2024-06-13T06:12:30.441 INFO:teuthology.orchestra.run.smithi039.stdout:/usr/bin/ceph: stderr
2024-06-13T06:12:25.540+0000 7fcc2a873700 1 -- 172.21.15.39:0/1490596559 --> [v2:172.21.15.39:6800/1734263468,v1:172.21.15.39:6801/1734263468] -- mgr_command(tid 0: {"prefix": "orch host add", "hostname": "smithi039", "addr": "172.21.15.39", "target": ["mon-mgr", ""]}) -- 0x7fcc24104810 con 0x7fcc0c039050
2024-06-13T06:12:30.441 INFO:teuthology.orchestra.run.smithi039.stdout:/usr/bin/ceph: stderr
2024-06-13T06:12:29.804+0000 7fcc217fa700 1 -- 172.21.15.39:0/1490596559 <== mgr.14120 v2:172.21.15.39:6800/1734263468 1 ==== mgr_command_reply(tid 0: 0 ) ==== 8+0+48 (secure 0 0 0) 0x7fcc24104810 con 0x7fcc0c039050
2024-06-13T06:12:30.441 INFO:teuthology.orchestra.run.smithi039.stdout:/usr/bin/ceph: stderr
2024-06-13T06:12:29.807+0000 7fcc2a873700 1 -- 172.21.15.39:0/1490596559 >> [v2:172.21.15.39:6800/1734263468,v1:172.21.15.39:6801/1734263468] conn(0x7fcc0c039050 msgr2=0x7fcc0c03b510 secure :-1 s=STATE_CONNECTION_ESTABLISHED l=1).mark_down
2024-06-13T06:12:30.441 INFO:teuthology.orchestra.run.smithi039.stdout:/usr/bin/ceph: stderr
2024-06-13T06:12:29.807+0000 7fcc2a873700 1 --2- 172.21.15.39:0/1490596559 >> [v2:172.21.15.39:6800/1734263468,v1:172.21.15.39:6801/1734263468] conn(0x7fcc0c039050 0x7fcc0c03b510 secure :-1 s=READY pgs=11 cs=0 l=1 rev1=1 crypto rx=0x7fcc18006fd0 tx=0x7fcc18006e40 comp rx=0 tx=0).stop
2024-06-13T06:12:30.441 INFO:teuthology.orchestra.run.smithi039.stdout:/usr/bin/ceph: stderr
2024-06-13T06:12:29.807+0000 7fcc2a873700 1 -- 172.21.15.39:0/1490596559 >> [v2:172.21.15.39:3300/0,v1:172.21.15.39:6789/0] conn(0x7fcc24107fa0 msgr2=0x7fcc2419bf20 secure :-1 s=STATE_CONNECTION_ESTABLISHED l=1).mark_down
2024-06-13T06:12:30.441 INFO:teuthology.orchestra.run.smithi039.stdout:/usr/bin/ceph: stderr
2024-06-13T06:12:29.807+0000 7fcc2a873700 1 --2- 172.21.15.39:0/1490596559 >> [v2:172.21.15.39:3300/0,v1:172.21.15.39:6789/0] conn(0x7fcc24107fa0 0x7fcc2419bf20 secure :-1 s=READY pgs=46 cs=0 l=1 rev1=1 crypto rx=0x7fcc14011670 tx=0x7fcc14011b60 comp rx=0 tx=0).stop
2024-06-13T06:12:30.441 INFO:teuthology.orchestra.run.smithi039.stdout:/usr/bin/ceph: stderr
2024-06-13T06:12:29.807+0000 7fcc2a873700 1 -- 172.21.15.39:0/1490596559 shutdown_connections
2024-06-13T06:12:30.441 INFO:teuthology.orchestra.run.smithi039.stdout:/usr/bin/ceph: stderr
2024-06-13T06:12:29.807+0000 7fcc2a873700 1 --2- 172.21.15.39:0/1490596559 >> [v2:172.21.15.39:6800/1734263468,v1:172.21.15.39:6801/1734263468] conn(0x7fcc0c039050 0x7fcc0c03b510 unknown :-1 s=CLOSED pgs=11 cs=0 l=1 rev1=1 crypto rx=0 tx=0 comp rx=0 tx=0).stop
2024-06-13T06:12:30.441 INFO:teuthology.orchestra.run.smithi039.stdout:/usr/bin/ceph: stderr
2024-06-13T06:12:29.807+0000 7fcc2a873700 1 --2- 172.21.15.39:0/1490596559 >> [v2:172.21.15.39:3300/0,v1:172.21.15.39:6789/0] conn(0x7fcc24107fa0 0x7fcc2419bf20 unknown :-1 s=CLOSED pgs=46 cs=0 l=1 rev1=1 crypto rx=0 tx=0 comp rx=0 tx=0).stop
2024-06-13T06:12:30.441 INFO:teuthology.orchestra.run.smithi039.stdout:/usr/bin/ceph: stderr
2024-06-13T06:12:29.807+0000 7fcc2a873700 1 -- 172.21.15.39:0/1490596559 >> 172.21.15.39:0/1490596559 conn(0x7fcc24103570 msgr2=0x7fcc24104100 unknown :-1 s=STATE_NONE l=0).mark_down
2024-06-13T06:12:30.442 INFO:teuthology.orchestra.run.smithi039.stdout:/usr/bin/ceph: stderr
2024-06-13T06:12:29.808+0000 7fcc2a873700 1 -- 172.21.15.39:0/1490596559 shutdown_connections
2024-06-13T06:12:30.442 INFO:teuthology.orchestra.run.smithi039.stdout:/usr/bin/ceph: stderr
2024-06-13T06:12:29.808+0000 7fcc2a873700 1 -- 172.21.15.39:0/1490596559 wait complete.
2024-06-13T06:12:30.442 INFO:teuthology.orchestra.run.smithi039.stdout:Deploying unmanaged mon service...
2024-06-13T06:12:31.080 INFO:journalctl@ceph.mon.a.smithi039.stdout:Jun 13 06:12:30 smithi039 ceph-mon[32479]: from='mgr.14120 172.21.15.39:0/342912933' entity='mgr.x'
2024-06-13T06:12:31.080 INFO:journalctl@ceph.mon.a.smithi039.stdout:Jun 13 06:12:30 smithi039 ceph-mon[32479]: Added host smithi039
2024-06-13T06:12:31.080 INFO:journalctl@ceph.mon.a.smithi039.stdout:Jun 13 06:12:30 smithi039 ceph-mon[32479]: from='mgr.14120 172.21.15.39:0/342912933' entity='mgr.x' cmd=[{"prefix": "config dump", "format": "json"}]: dispatch
2024-06-13T06:12:31.822 INFO:teuthology.orchestra.run.smithi039.stdout:/usr/bin/ceph: stdout Scheduled mon update...
2024-06-13T06:12:31.822 INFO:teuthology.orchestra.run.smithi039.stdout:/usr/bin/ceph: stderr
2024-06-13T06:12:30.840+0000 7fa368600700 1 Processor -- start
2024-06-13T06:12:31.823 INFO:teuthology.orchestra.run.smithi039.stdout:/usr/bin/ceph: stderr
2024-06-13T06:12:30.840+0000 7fa368600700 1 -- start start
2024-06-13T06:12:31.823 INFO:teuthology.orchestra.run.smithi039.stdout:/usr/bin/ceph: stderr
2024-06-13T06:12:30.840+0000 7fa368600700 1 --2- >> [v2:172.21.15.39:3300/0,v1:172.21.15.39:6789/0] conn(0x7fa360106e50 0x7fa360107270 unknown :-1 s=NONE pgs=0 cs=0 l=0 rev1=0 crypto rx=0 tx=0 comp rx=0 tx=0).connect
2024-06-13T06:12:31.823 INFO:teuthology.orchestra.run.smithi039.stdout:/usr/bin/ceph: stderr
2024-06-13T06:12:30.840+0000 7fa368600700 1 -- --> [v2:172.21.15.39:3300/0,v1:172.21.15.39:6789/0] -- mon_getmap magic: 0 -- 0x7fa3601077b0 con 0x7fa360106e50
2024-06-13T06:12:31.823 INFO:teuthology.orchestra.run.smithi039.stdout:/usr/bin/ceph: stderr
2024-06-13T06:12:30.840+0000 7fa36639c700 1 --2- >> [v2:172.21.15.39:3300/0,v1:172.21.15.39:6789/0] conn(0x7fa360106e50 0x7fa360107270 unknown :-1 s=BANNER_CONNECTING pgs=0 cs=0 l=0 rev1=0 crypto rx=0 tx=0 comp rx=0 tx=0)._handle_peer_banner_payload supported=3 required=0
2024-06-13T06:12:31.823 INFO:teuthology.orchestra.run.smithi039.stdout:/usr/bin/ceph: stderr
2024-06-13T06:12:30.840+0000 7fa36639c700 1 --2- >> [v2:172.21.15.39:3300/0,v1:172.21.15.39:6789/0] conn(0x7fa360106e50 0x7fa360107270 unknown :-1 s=HELLO_CONNECTING pgs=0 cs=0 l=0 rev1=1 crypto rx=0 tx=0 comp rx=0 tx=0).handle_hello peer v2:172.21.15.39:3300/0 says I am v2:172.21.15.39:44904/0 (socket says 172.21.15.39:44904)
2024-06-13T06:12:31.823 INFO:teuthology.orchestra.run.smithi039.stdout:/usr/bin/ceph: stderr
2024-06-13T06:12:30.840+0000 7fa36639c700 1 -- 172.21.15.39:0/3509395198 learned_addr learned my addr 172.21.15.39:0/3509395198 (peer_addr_for_me v2:172.21.15.39:0/0)
2024-06-13T06:12:31.823 INFO:teuthology.orchestra.run.smithi039.stdout:/usr/bin/ceph: stderr
2024-06-13T06:12:30.841+0000 7fa36639c700 1 -- 172.21.15.39:0/3509395198 --> [v2:172.21.15.39:3300/0,v1:172.21.15.39:6789/0] -- mon_subscribe({config=0+,monmap=0+}) -- 0x7fa360107fb0 con 0x7fa360106e50
2024-06-13T06:12:31.823 INFO:teuthology.orchestra.run.smithi039.stdout:/usr/bin/ceph: stderr
2024-06-13T06:12:30.841+0000 7fa36639c700 1 --2- 172.21.15.39:0/3509395198 >> [v2:172.21.15.39:3300/0,v1:172.21.15.39:6789/0] conn(0x7fa360106e50 0x7fa360107270 secure :-1 s=READY pgs=47 cs=0 l=1 rev1=1 crypto rx=0x7fa35c00bb40 tx=0x7fa35c00be50 comp rx=0 tx=0).ready entity=mon.0 client_cookie=9dc78bc2b83661c server_cookie=0 in_seq=0 out_seq=0
2024-06-13T06:12:31.823 INFO:teuthology.orchestra.run.smithi039.stdout:/usr/bin/ceph: stderr
2024-06-13T06:12:30.841+0000 7fa36539a700 1 -- 172.21.15.39:0/3509395198 <== mon.0 v2:172.21.15.39:3300/0 1 ==== mon_map magic: 0 ==== 205+0+0 (secure 0 0 0) 0x7fa35c00dbe0 con 0x7fa360106e50
2024-06-13T06:12:31.823 INFO:teuthology.orchestra.run.smithi039.stdout:/usr/bin/ceph: stderr
2024-06-13T06:12:30.841+0000 7fa36539a700 1 -- 172.21.15.39:0/3509395198 <== mon.0 v2:172.21.15.39:3300/0 2 ==== config(27 keys) ==== 1109+0+0 (secure 0 0 0) 0x7fa35c0044f0 con 0x7fa360106e50
2024-06-13T06:12:31.823 INFO:teuthology.orchestra.run.smithi039.stdout:/usr/bin/ceph: stderr
2024-06-13T06:12:30.841+0000 7fa36539a700 1 -- 172.21.15.39:0/3509395198 <== mon.0 v2:172.21.15.39:3300/0 3 ==== mon_map magic: 0 ==== 205+0+0 (secure 0 0 0) 0x7fa35c010470 con 0x7fa360106e50
2024-06-13T06:12:31.824 INFO:teuthology.orchestra.run.smithi039.stdout:/usr/bin/ceph: stderr
2024-06-13T06:12:30.842+0000 7fa368600700 1 -- 172.21.15.39:0/3509395198 >> [v2:172.21.15.39:3300/0,v1:172.21.15.39:6789/0] conn(0x7fa360106e50 msgr2=0x7fa360107270 secure :-1 s=STATE_CONNECTION_ESTABLISHED l=1).mark_down
2024-06-13T06:12:31.824 INFO:teuthology.orchestra.run.smithi039.stdout:/usr/bin/ceph: stderr
2024-06-13T06:12:30.842+0000 7fa368600700 1 --2- 172.21.15.39:0/3509395198 >> [v2:172.21.15.39:3300/0,v1:172.21.15.39:6789/0] conn(0x7fa360106e50 0x7fa360107270 secure :-1 s=READY pgs=47 cs=0 l=1 rev1=1 crypto rx=0x7fa35c00bb40 tx=0x7fa35c00be50 comp rx=0 tx=0).stop
2024-06-13T06:12:31.824 INFO:teuthology.orchestra.run.smithi039.stdout:/usr/bin/ceph: stderr
2024-06-13T06:12:30.842+0000 7fa368600700 1 -- 172.21.15.39:0/3509395198 shutdown_connections
2024-06-13T06:12:31.824 INFO:teuthology.orchestra.run.smithi039.stdout:/usr/bin/ceph: stderr
2024-06-13T06:12:30.842+0000 7fa368600700 1 --2- 172.21.15.39:0/3509395198 >> [v2:172.21.15.39:3300/0,v1:172.21.15.39:6789/0] conn(0x7fa360106e50 0x7fa360107270 unknown :-1 s=CLOSED pgs=47 cs=0 l=1 rev1=1 crypto rx=0 tx=0 comp rx=0 tx=0).stop
2024-06-13T06:12:31.824 INFO:teuthology.orchestra.run.smithi039.stdout:/usr/bin/ceph: stderr
2024-06-13T06:12:30.842+0000 7fa368600700 1 -- 172.21.15.39:0/3509395198 >> 172.21.15.39:0/3509395198 conn(0x7fa360102410 msgr2=0x7fa360104830 unknown :-1 s=STATE_NONE l=0).mark_down
2024-06-13T06:12:31.824 INFO:teuthology.orchestra.run.smithi039.stdout:/usr/bin/ceph: stderr
2024-06-13T06:12:30.842+0000 7fa368600700 1 -- 172.21.15.39:0/3509395198 shutdown_connections
2024-06-13T06:12:31.824 INFO:teuthology.orchestra.run.smithi039.stdout:/usr/bin/ceph: stderr
2024-06-13T06:12:30.842+0000 7fa368600700 1 -- 172.21.15.39:0/3509395198 wait complete.
2024-06-13T06:12:31.824 INFO:teuthology.orchestra.run.smithi039.stdout:/usr/bin/ceph: stderr
2024-06-13T06:12:30.843+0000 7fa368600700 1 Processor -- start
2024-06-13T06:12:31.824 INFO:teuthology.orchestra.run.smithi039.stdout:/usr/bin/ceph: stderr
2024-06-13T06:12:30.843+0000 7fa368600700 1 -- start start
2024-06-13T06:12:31.824 INFO:teuthology.orchestra.run.smithi039.stdout:/usr/bin/ceph: stderr
2024-06-13T06:12:30.843+0000 7fa368600700 1 --2- >> [v2:172.21.15.39:3300/0,v1:172.21.15.39:6789/0] conn(0x7fa360106e50 0x7fa360199ce0 unknown :-1 s=NONE pgs=0 cs=0 l=1 rev1=0 crypto rx=0 tx=0 comp rx=0 tx=0).connect
2024-06-13T06:12:31.824 INFO:teuthology.orchestra.run.smithi039.stdout:/usr/bin/ceph: stderr
2024-06-13T06:12:30.843+0000 7fa368600700 1 -- --> [v2:172.21.15.39:3300/0,v1:172.21.15.39:6789/0] -- mon_getmap magic: 0 -- 0x7fa36007afa0 con 0x7fa360106e50
2024-06-13T06:12:31.825 INFO:teuthology.orchestra.run.smithi039.stdout:/usr/bin/ceph: stderr
2024-06-13T06:12:30.843+0000 7fa36639c700 1 --2- >> [v2:172.21.15.39:3300/0,v1:172.21.15.39:6789/0] conn(0x7fa360106e50 0x7fa360199ce0 unknown :-1 s=BANNER_CONNECTING pgs=0 cs=0 l=1 rev1=0 crypto rx=0 tx=0 comp rx=0 tx=0)._handle_peer_banner_payload supported=3 required=0
2024-06-13T06:12:31.825 INFO:teuthology.orchestra.run.smithi039.stdout:/usr/bin/ceph: stderr
2024-06-13T06:12:30.843+0000 7fa36639c700 1 --2- >> [v2:172.21.15.39:3300/0,v1:172.21.15.39:6789/0] conn(0x7fa360106e50 0x7fa360199ce0 unknown :-1 s=HELLO_CONNECTING pgs=0 cs=0 l=1 rev1=1 crypto rx=0 tx=0 comp rx=0 tx=0).handle_hello peer v2:172.21.15.39:3300/0 says I am v2:172.21.15.39:44918/0 (socket says 172.21.15.39:44918)
2024-06-13T06:12:31.825 INFO:teuthology.orchestra.run.smithi039.stdout:/usr/bin/ceph: stderr
2024-06-13T06:12:30.843+0000 7fa36639c700 1 -- 172.21.15.39:0/3733269771 learned_addr learned my addr 172.21.15.39:0/3733269771 (peer_addr_for_me v2:172.21.15.39:0/0)
2024-06-13T06:12:31.825 INFO:teuthology.orchestra.run.smithi039.stdout:/usr/bin/ceph: stderr
2024-06-13T06:12:30.844+0000 7fa36639c700 1 -- 172.21.15.39:0/3733269771 --> [v2:172.21.15.39:3300/0,v1:172.21.15.39:6789/0] -- mon_subscribe({config=0+,monmap=0+}) -- 0x7fa36019a220 con 0x7fa360106e50
2024-06-13T06:12:31.825 INFO:teuthology.orchestra.run.smithi039.stdout:/usr/bin/ceph: stderr
2024-06-13T06:12:30.844+0000 7fa36639c700 1 --2- 172.21.15.39:0/3733269771 >> [v2:172.21.15.39:3300/0,v1:172.21.15.39:6789/0] conn(0x7fa360106e50 0x7fa360199ce0 secure :-1 s=READY pgs=48 cs=0 l=1 rev1=1 crypto rx=0x7fa35c00b340 tx=0x7fa35c00dd90 comp rx=0 tx=0).ready entity=mon.0 client_cookie=0 server_cookie=0 in_seq=0 out_seq=0
2024-06-13T06:12:31.825 INFO:teuthology.orchestra.run.smithi039.stdout:/usr/bin/ceph: stderr
2024-06-13T06:12:30.844+0000 7fa3577fe700 1 -- 172.21.15.39:0/3733269771 <== mon.0 v2:172.21.15.39:3300/0 1 ==== mon_map magic: 0 ==== 205+0+0 (secure 0 0 0) 0x7fa35c027070 con 0x7fa360106e50
2024-06-13T06:12:31.825 INFO:teuthology.orchestra.run.smithi039.stdout:/usr/bin/ceph: stderr
2024-06-13T06:12:30.844+0000 7fa368600700 1 -- 172.21.15.39:0/3733269771 --> [v2:172.21.15.39:3300/0,v1:172.21.15.39:6789/0] -- mon_subscribe({mgrmap=0+}) -- 0x7fa36019a4b0 con 0x7fa360106e50
2024-06-13T06:12:31.825 INFO:teuthology.orchestra.run.smithi039.stdout:/usr/bin/ceph: stderr
2024-06-13T06:12:30.844+0000 7fa3577fe700 1 -- 172.21.15.39:0/3733269771 <== mon.0 v2:172.21.15.39:3300/0 2 ==== config(27 keys) ==== 1109+0+0 (secure 0 0 0) 0x7fa35c010b40 con 0x7fa360106e50
2024-06-13T06:12:31.825 INFO:teuthology.orchestra.run.smithi039.stdout:/usr/bin/ceph: stderr
2024-06-13T06:12:30.844+0000 7fa3577fe700 1 -- 172.21.15.39:0/3733269771 <== mon.0 v2:172.21.15.39:3300/0 3 ==== mon_map magic: 0 ==== 205+0+0 (secure 0 0 0) 0x7fa35c022b30 con 0x7fa360106e50
2024-06-13T06:12:31.825 INFO:teuthology.orchestra.run.smithi039.stdout:/usr/bin/ceph: stderr
2024-06-13T06:12:30.844+0000 7fa368600700 1 -- 172.21.15.39:0/3733269771 --> [v2:172.21.15.39:3300/0,v1:172.21.15.39:6789/0] -- mon_subscribe({osdmap=0}) -- 0x7fa36019d190 con 0x7fa360106e50
2024-06-13T06:12:31.825 INFO:teuthology.orchestra.run.smithi039.stdout:/usr/bin/ceph: stderr
2024-06-13T06:12:30.845+0000 7fa368600700 1 -- 172.21.15.39:0/3733269771 --> [v2:172.21.15.39:3300/0,v1:172.21.15.39:6789/0] -- mon_command({"prefix": "get_command_descriptions"} v 0) -- 0x7fa360063af0 con 0x7fa360106e50
2024-06-13T06:12:31.826 INFO:teuthology.orchestra.run.smithi039.stdout:/usr/bin/ceph: stderr
2024-06-13T06:12:30.845+0000 7fa3577fe700 1 -- 172.21.15.39:0/3733269771 <== mon.0 v2:172.21.15.39:3300/0 4 ==== mgrmap(e 8) ==== 46287+0+0 (secure 0 0 0) 0x7fa35c02a070 con 0x7fa360106e50
2024-06-13T06:12:31.826 INFO:teuthology.orchestra.run.smithi039.stdout:/usr/bin/ceph: stderr
2024-06-13T06:12:30.845+0000 7fa3577fe700 1 --2- 172.21.15.39:0/3733269771 >> [v2:172.21.15.39:6800/1734263468,v1:172.21.15.39:6801/1734263468] conn(0x7fa34c039050 0x7fa34c03b510 unknown :-1 s=NONE pgs=0 cs=0 l=1 rev1=0 crypto rx=0 tx=0 comp rx=0 tx=0).connect
2024-06-13T06:12:31.826 INFO:teuthology.orchestra.run.smithi039.stdout:/usr/bin/ceph: stderr
2024-06-13T06:12:30.845+0000 7fa3577fe700 1 -- 172.21.15.39:0/3733269771 <== mon.0 v2:172.21.15.39:3300/0 5 ==== osd_map(2..2 src has 1..2) ==== 940+0+0 (secure 0 0 0) 0x7fa35c01f070 con 0x7fa360106e50
2024-06-13T06:12:31.826 INFO:teuthology.orchestra.run.smithi039.stdout:/usr/bin/ceph: stderr
2024-06-13T06:12:30.845+0000 7fa365b9b700 1 --2- 172.21.15.39:0/3733269771 >> [v2:172.21.15.39:6800/1734263468,v1:172.21.15.39:6801/1734263468] conn(0x7fa34c039050 0x7fa34c03b510 unknown :-1 s=BANNER_CONNECTING pgs=0 cs=0 l=1 rev1=0 crypto rx=0 tx=0 comp rx=0 tx=0)._handle_peer_banner_payload supported=3 required=0
2024-06-13T06:12:31.826 INFO:teuthology.orchestra.run.smithi039.stdout:/usr/bin/ceph: stderr
2024-06-13T06:12:30.846+0000 7fa365b9b700 1 --2- 172.21.15.39:0/3733269771 >> [v2:172.21.15.39:6800/1734263468,v1:172.21.15.39:6801/1734263468] conn(0x7fa34c039050 0x7fa34c03b510 secure :-1 s=READY pgs=12 cs=0 l=1 rev1=1 crypto rx=0x7fa350006fd0 tx=0x7fa350006e40 comp rx=0 tx=0).ready entity=mgr.14120 client_cookie=0 server_cookie=0 in_seq=0 out_seq=0
2024-06-13T06:12:31.826 INFO:teuthology.orchestra.run.smithi039.stdout:/usr/bin/ceph: stderr
2024-06-13T06:12:30.855+0000 7fa3577fe700 1 -- 172.21.15.39:0/3733269771 <== mon.0 v2:172.21.15.39:3300/0 6 ==== mon_command_ack([{"prefix": "get_command_descriptions"}]=0 v0) ==== 72+0+186418 (secure 0 0 0) 0x7fa35c015070 con 0x7fa360106e50
2024-06-13T06:12:31.826 INFO:teuthology.orchestra.run.smithi039.stdout:/usr/bin/ceph: stderr
2024-06-13T06:12:31.080+0000 7fa368600700 1 -- 172.21.15.39:0/3733269771 --> [v2:172.21.15.39:6800/1734263468,v1:172.21.15.39:6801/1734263468] -- mgr_command(tid 0: {"prefix": "orch apply", "service_type": "mon", "unmanaged": true, "target": ["mon-mgr", ""]}) -- 0x7fa3600628d0 con 0x7fa34c039050
2024-06-13T06:12:31.826 INFO:teuthology.orchestra.run.smithi039.stdout:/usr/bin/ceph: stderr
2024-06-13T06:12:31.085+0000 7fa3577fe700 1 -- 172.21.15.39:0/3733269771 <== mgr.14120 v2:172.21.15.39:6800/1734263468 1 ==== mgr_command_reply(tid 0: 0 ) ==== 8+0+24 (secure 0 0 0) 0x7fa3600628d0 con 0x7fa34c039050
2024-06-13T06:12:31.826 INFO:teuthology.orchestra.run.smithi039.stdout:/usr/bin/ceph: stderr
2024-06-13T06:12:31.087+0000 7fa368600700 1 -- 172.21.15.39:0/3733269771 >> [v2:172.21.15.39:6800/1734263468,v1:172.21.15.39:6801/1734263468] conn(0x7fa34c039050 msgr2=0x7fa34c03b510 secure :-1 s=STATE_CONNECTION_ESTABLISHED l=1).mark_down
2024-06-13T06:12:31.826 INFO:teuthology.orchestra.run.smithi039.stdout:/usr/bin/ceph: stderr
2024-06-13T06:12:31.087+0000 7fa368600700 1 --2- 172.21.15.39:0/3733269771 >> [v2:172.21.15.39:6800/1734263468,v1:172.21.15.39:6801/1734263468] conn(0x7fa34c039050 0x7fa34c03b510 secure :-1 s=READY pgs=12 cs=0 l=1 rev1=1 crypto rx=0x7fa350006fd0 tx=0x7fa350006e40 comp rx=0 tx=0).stop
2024-06-13T06:12:31.826 INFO:teuthology.orchestra.run.smithi039.stdout:/usr/bin/ceph: stderr
2024-06-13T06:12:31.087+0000 7fa368600700 1 -- 172.21.15.39:0/3733269771 >> [v2:172.21.15.39:3300/0,v1:172.21.15.39:6789/0] conn(0x7fa360106e50 msgr2=0x7fa360199ce0 secure :-1 s=STATE_CONNECTION_ESTABLISHED l=1).mark_down
2024-06-13T06:12:31.827 INFO:teuthology.orchestra.run.smithi039.stdout:/usr/bin/ceph: stderr
2024-06-13T06:12:31.087+0000 7fa368600700 1 --2- 172.21.15.39:0/3733269771 >> [v2:172.21.15.39:3300/0,v1:172.21.15.39:6789/0] conn(0x7fa360106e50 0x7fa360199ce0 secure :-1 s=READY pgs=48 cs=0 l=1 rev1=1 crypto rx=0x7fa35c00b340 tx=0x7fa35c00dd90 comp rx=0 tx=0).stop
2024-06-13T06:12:31.827 INFO:teuthology.orchestra.run.smithi039.stdout:/usr/bin/ceph: stderr
2024-06-13T06:12:31.087+0000 7fa368600700 1 -- 172.21.15.39:0/3733269771 shutdown_connections
2024-06-13T06:12:31.827 INFO:teuthology.orchestra.run.smithi039.stdout:/usr/bin/ceph: stderr
2024-06-13T06:12:31.087+0000 7fa368600700 1 --2- 172.21.15.39:0/3733269771 >> [v2:172.21.15.39:6800/1734263468,v1:172.21.15.39:6801/1734263468] conn(0x7fa34c039050 0x7fa34c03b510 unknown :-1 s=CLOSED pgs=12 cs=0 l=1 rev1=1 crypto rx=0 tx=0 comp rx=0 tx=0).stop
2024-06-13T06:12:31.827 INFO:teuthology.orchestra.run.smithi039.stdout:/usr/bin/ceph: stderr
2024-06-13T06:12:31.087+0000 7fa368600700 1 --2- 172.21.15.39:0/3733269771 >> [v2:172.21.15.39:3300/0,v1:172.21.15.39:6789/0] conn(0x7fa360106e50 0x7fa360199ce0 unknown :-1 s=CLOSED pgs=48 cs=0 l=1 rev1=1 crypto rx=0 tx=0 comp rx=0 tx=0).stop
2024-06-13T06:12:31.827 INFO:teuthology.orchestra.run.smithi039.stdout:/usr/bin/ceph: stderr
2024-06-13T06:12:31.087+0000 7fa368600700 1 -- 172.21.15.39:0/3733269771 >> 172.21.15.39:0/3733269771 conn(0x7fa360102410 msgr2=0x7fa360190260 unknown :-1 s=STATE_NONE l=0).mark_down
2024-06-13T06:12:31.827 INFO:teuthology.orchestra.run.smithi039.stdout:/usr/bin/ceph: stderr
2024-06-13T06:12:31.087+0000 7fa368600700 1 -- 172.21.15.39:0/3733269771 shutdown_connections
2024-06-13T06:12:31.827 INFO:teuthology.orchestra.run.smithi039.stdout:/usr/bin/ceph: stderr
2024-06-13T06:12:31.087+0000 7fa368600700 1 -- 172.21.15.39:0/3733269771 wait complete.
2024-06-13T06:12:31.827 INFO:teuthology.orchestra.run.smithi039.stdout:Deploying unmanaged mgr service...
2024-06-13T06:12:32.418 INFO:journalctl@ceph.mon.a.smithi039.stdout:Jun 13 06:12:32 smithi039 ceph-mon[32479]: from='client.14142 -' entity='client.admin' cmd=[{"prefix": "orch apply", "service_type": "mon", "unmanaged": true, "target": ["mon-mgr", ""]}]: dispatch
2024-06-13T06:12:32.418 INFO:journalctl@ceph.mon.a.smithi039.stdout:Jun 13 06:12:32 smithi039 ceph-mon[32479]: Saving service mon spec with placement count:5
2024-06-13T06:12:32.418 INFO:journalctl@ceph.mon.a.smithi039.stdout:Jun 13 06:12:32 smithi039 ceph-mon[32479]: from='mgr.14120 172.21.15.39:0/342912933' entity='mgr.x'
2024-06-13T06:12:33.081 INFO:teuthology.orchestra.run.smithi039.stdout:/usr/bin/ceph: stdout Scheduled mgr update...
2024-06-13T06:12:33.081 INFO:teuthology.orchestra.run.smithi039.stdout:/usr/bin/ceph: stderr
2024-06-13T06:12:32.240+0000 7f0afdfde700 1 Processor -- start
2024-06-13T06:12:33.081 INFO:teuthology.orchestra.run.smithi039.stdout:/usr/bin/ceph: stderr
2024-06-13T06:12:32.240+0000 7f0afdfde700 1 -- start start
2024-06-13T06:12:33.081 INFO:teuthology.orchestra.run.smithi039.stdout:/usr/bin/ceph: stderr
2024-06-13T06:12:32.240+0000 7f0afdfde700 1 --2- >> [v2:172.21.15.39:3300/0,v1:172.21.15.39:6789/0] conn(0x7f0af8108010 0x7f0af8108430 unknown :-1 s=NONE pgs=0 cs=0 l=0 rev1=0 crypto rx=0 tx=0 comp rx=0 tx=0).connect
2024-06-13T06:12:33.081 INFO:teuthology.orchestra.run.smithi039.stdout:/usr/bin/ceph: stderr
2024-06-13T06:12:32.240+0000 7f0afdfde700 1 -- --> [v2:172.21.15.39:3300/0,v1:172.21.15.39:6789/0] -- mon_getmap magic: 0 -- 0x7f0af8108a00 con 0x7f0af8108010
2024-06-13T06:12:33.082 INFO:teuthology.orchestra.run.smithi039.stdout:/usr/bin/ceph: stderr
2024-06-13T06:12:32.240+0000 7f0af77fe700 1 --2- >> [v2:172.21.15.39:3300/0,v1:172.21.15.39:6789/0] conn(0x7f0af8108010 0x7f0af8108430 unknown :-1 s=BANNER_CONNECTING pgs=0 cs=0 l=0 rev1=0 crypto rx=0 tx=0 comp rx=0 tx=0)._handle_peer_banner_payload supported=3 required=0
2024-06-13T06:12:33.082 INFO:teuthology.orchestra.run.smithi039.stdout:/usr/bin/ceph: stderr
2024-06-13T06:12:32.240+0000 7f0af77fe700 1 --2- >> [v2:172.21.15.39:3300/0,v1:172.21.15.39:6789/0] conn(0x7f0af8108010 0x7f0af8108430 unknown :-1 s=HELLO_CONNECTING pgs=0 cs=0 l=0 rev1=1 crypto rx=0 tx=0 comp rx=0 tx=0).handle_hello peer v2:172.21.15.39:3300/0 says I am v2:172.21.15.39:44930/0 (socket says 172.21.15.39:44930)
2024-06-13T06:12:33.082 INFO:teuthology.orchestra.run.smithi039.stdout:/usr/bin/ceph: stderr
2024-06-13T06:12:32.240+0000 7f0af77fe700 1 -- 172.21.15.39:0/432390704 learned_addr learned my addr 172.21.15.39:0/432390704 (peer_addr_for_me v2:172.21.15.39:0/0)
2024-06-13T06:12:33.082 INFO:teuthology.orchestra.run.smithi039.stdout:/usr/bin/ceph: stderr
2024-06-13T06:12:32.241+0000 7f0af77fe700 1 -- 172.21.15.39:0/432390704 --> [v2:172.21.15.39:3300/0,v1:172.21.15.39:6789/0] -- mon_subscribe({config=0+,monmap=0+}) -- 0x7f0af81091c0 con 0x7f0af8108010
2024-06-13T06:12:33.082 INFO:teuthology.orchestra.run.smithi039.stdout:/usr/bin/ceph: stderr
2024-06-13T06:12:32.241+0000 7f0af77fe700 1 --2- 172.21.15.39:0/432390704 >> [v2:172.21.15.39:3300/0,v1:172.21.15.39:6789/0] conn(0x7f0af8108010 0x7f0af8108430 secure :-1 s=READY pgs=49 cs=0 l=1 rev1=1 crypto rx=0x7f0ae80098a0 tx=0x7f0ae8009bb0 comp rx=0 tx=0).ready entity=mon.0 client_cookie=9c0b9a4f0b5645a server_cookie=0 in_seq=0 out_seq=0
2024-06-13T06:12:33.082 INFO:teuthology.orchestra.run.smithi039.stdout:/usr/bin/ceph: stderr
2024-06-13T06:12:32.241+0000 7f0af67fc700 1 -- 172.21.15.39:0/432390704 <== mon.0 v2:172.21.15.39:3300/0 1 ==== mon_map magic: 0 ==== 205+0+0 (secure 0 0 0) 0x7f0ae8004160 con 0x7f0af8108010
2024-06-13T06:12:33.082 INFO:teuthology.orchestra.run.smithi039.stdout:/usr/bin/ceph: stderr
2024-06-13T06:12:32.241+0000 7f0af67fc700 1 -- 172.21.15.39:0/432390704 <== mon.0 v2:172.21.15.39:3300/0 2 ==== config(27 keys) ==== 1109+0+0 (secure 0 0 0) 0x7f0ae8004300 con 0x7f0af8108010
2024-06-13T06:12:33.082 INFO:teuthology.orchestra.run.smithi039.stdout:/usr/bin/ceph: stderr
2024-06-13T06:12:32.241+0000 7f0af67fc700 1 -- 172.21.15.39:0/432390704 <== mon.0 v2:172.21.15.39:3300/0 3 ==== mon_map magic: 0 ==== 205+0+0 (secure 0 0 0) 0x7f0ae8011b50 con 0x7f0af8108010
2024-06-13T06:12:33.082 INFO:teuthology.orchestra.run.smithi039.stdout:/usr/bin/ceph: stderr
2024-06-13T06:12:32.241+0000 7f0afdfde700 1 -- 172.21.15.39:0/432390704 >> [v2:172.21.15.39:3300/0,v1:172.21.15.39:6789/0] conn(0x7f0af8108010 msgr2=0x7f0af8108430 secure :-1 s=STATE_CONNECTION_ESTABLISHED l=1).mark_down
2024-06-13T06:12:33.082 INFO:teuthology.orchestra.run.smithi039.stdout:/usr/bin/ceph: stderr
2024-06-13T06:12:32.241+0000 7f0afdfde700 1 --2- 172.21.15.39:0/432390704 >> [v2:172.21.15.39:3300/0,v1:172.21.15.39:6789/0] conn(0x7f0af8108010 0x7f0af8108430 secure :-1 s=READY pgs=49 cs=0 l=1 rev1=1 crypto rx=0x7f0ae80098a0 tx=0x7f0ae8009bb0 comp rx=0 tx=0).stop
2024-06-13T06:12:33.082 INFO:teuthology.orchestra.run.smithi039.stdout:/usr/bin/ceph: stderr
2024-06-13T06:12:32.242+0000 7f0afdfde700 1 -- 172.21.15.39:0/432390704 shutdown_connections
2024-06-13T06:12:33.082 INFO:teuthology.orchestra.run.smithi039.stdout:/usr/bin/ceph: stderr
2024-06-13T06:12:32.242+0000 7f0afdfde700 1 --2- 172.21.15.39:0/432390704 >> [v2:172.21.15.39:3300/0,v1:172.21.15.39:6789/0] conn(0x7f0af8108010 0x7f0af8108430 unknown :-1 s=CLOSED pgs=49 cs=0 l=1 rev1=1 crypto rx=0 tx=0 comp rx=0 tx=0).stop
2024-06-13T06:12:33.083 INFO:teuthology.orchestra.run.smithi039.stdout:/usr/bin/ceph: stderr
2024-06-13T06:12:32.242+0000 7f0afdfde700 1 -- 172.21.15.39:0/432390704 >> 172.21.15.39:0/432390704 conn(0x7f0af8103610 msgr2=0x7f0af8105a30 unknown :-1 s=STATE_NONE l=0).mark_down
2024-06-13T06:12:33.083 INFO:teuthology.orchestra.run.smithi039.stdout:/usr/bin/ceph: stderr
2024-06-13T06:12:32.242+0000 7f0afdfde700 1 -- 172.21.15.39:0/432390704 shutdown_connections
2024-06-13T06:12:33.083 INFO:teuthology.orchestra.run.smithi039.stdout:/usr/bin/ceph: stderr
2024-06-13T06:12:32.242+0000 7f0afdfde700 1 -- 172.21.15.39:0/432390704 wait complete.
