2024-06-13T06:12:51.152 INFO:teuthology.orchestra.run.smithi039.stdout:/usr/bin/ceph: stderr
2024-06-13T06:12:50.363+0000 7f90fb7fe700 1 --2- 172.21.15.39:0/833721994 >> [v2:172.21.15.39:3300/0,v1:172.21.15.39:6789/0] conn(0x7f90fc07e680 0x7f90fc19e0a0 secure :-1 s=READY pgs=75 cs=0 l=1 rev1=1 crypto rx=0x7f90ec0117e0 tx=0x7f90ec011c10 comp rx=0 tx=0).ready entity=mon.0 client_cookie=0 server_cookie=0 in_seq=0 out_seq=0
2024-06-13T06:12:51.152 INFO:teuthology.orchestra.run.smithi039.stdout:/usr/bin/ceph: stderr
2024-06-13T06:12:50.363+0000 7f90f8ff9700 1 -- 172.21.15.39:0/833721994 <== mon.0 v2:172.21.15.39:3300/0 1 ==== mon_map magic: 0 ==== 205+0+0 (secure 0 0 0) 0x7f90ec003bf0 con 0x7f90fc07e680
2024-06-13T06:12:51.152 INFO:teuthology.orchestra.run.smithi039.stdout:/usr/bin/ceph: stderr
2024-06-13T06:12:50.363+0000 7f90f8ff9700 1 -- 172.21.15.39:0/833721994 <== mon.0 v2:172.21.15.39:3300/0 2 ==== config(27 keys) ==== 1140+0+0 (secure 0 0 0) 0x7f90ec01a910 con 0x7f90fc07e680
2024-06-13T06:12:51.152 INFO:teuthology.orchestra.run.smithi039.stdout:/usr/bin/ceph: stderr
2024-06-13T06:12:50.363+0000 7f9101d0f700 1 -- 172.21.15.39:0/833721994 --> [v2:172.21.15.39:3300/0,v1:172.21.15.39:6789/0] -- mon_subscribe({mgrmap=0+}) -- 0x7f90fc19e870 con 0x7f90fc07e680
2024-06-13T06:12:51.153 INFO:teuthology.orchestra.run.smithi039.stdout:/usr/bin/ceph: stderr
2024-06-13T06:12:50.363+0000 7f90f8ff9700 1 -- 172.21.15.39:0/833721994 <== mon.0 v2:172.21.15.39:3300/0 3 ==== mon_map magic: 0 ==== 205+0+0 (secure 0 0 0) 0x7f90ec024970 con 0x7f90fc07e680
2024-06-13T06:12:51.153 INFO:teuthology.orchestra.run.smithi039.stdout:/usr/bin/ceph: stderr
2024-06-13T06:12:50.363+0000 7f9101d0f700 1 -- 172.21.15.39:0/833721994 --> [v2:172.21.15.39:3300/0,v1:172.21.15.39:6789/0] -- mon_subscribe({osdmap=0}) -- 0x7f90fc19ecd0 con 0x7f90fc07e680
2024-06-13T06:12:51.153 INFO:teuthology.orchestra.run.smithi039.stdout:/usr/bin/ceph: stderr
2024-06-13T06:12:50.364+0000 7f90f8ff9700 1 -- 172.21.15.39:0/833721994 <== mon.0 v2:172.21.15.39:3300/0 4 ==== mgrmap(e 12) ==== 46300+0+0 (secure 0 0 0) 0x7f90ec022020 con 0x7f90fc07e680
2024-06-13T06:12:51.153 INFO:teuthology.orchestra.run.smithi039.stdout:/usr/bin/ceph: stderr
2024-06-13T06:12:50.364+0000 7f9101d0f700 1 -- 172.21.15.39:0/833721994 --> [v2:172.21.15.39:3300/0,v1:172.21.15.39:6789/0] -- mon_command({"prefix": "get_command_descriptions"} v 0) -- 0x7f90fc063af0 con 0x7f90fc07e680
2024-06-13T06:12:51.153 INFO:teuthology.orchestra.run.smithi039.stdout:/usr/bin/ceph: stderr
2024-06-13T06:12:50.364+0000 7f90f8ff9700 1 --2- 172.21.15.39:0/833721994 >> [v2:172.21.15.39:6800/2178314534,v1:172.21.15.39:6801/2178314534] conn(0x7f90e80390b0 0x7f90e803b570 unknown :-1 s=NONE pgs=0 cs=0 l=1 rev1=0 crypto rx=0 tx=0 comp rx=0 tx=0).connect
2024-06-13T06:12:51.153 INFO:teuthology.orchestra.run.smithi039.stdout:/usr/bin/ceph: stderr
2024-06-13T06:12:50.364+0000 7f90f8ff9700 1 -- 172.21.15.39:0/833721994 <== mon.0 v2:172.21.15.39:3300/0 5 ==== osd_map(3..3 src has 1..3) ==== 1155+0+0 (secure 0 0 0) 0x7f90ec04d540 con 0x7f90fc07e680
2024-06-13T06:12:51.153 INFO:teuthology.orchestra.run.smithi039.stdout:/usr/bin/ceph: stderr
2024-06-13T06:12:50.364+0000 7f90faffd700 1 --2- 172.21.15.39:0/833721994 >> [v2:172.21.15.39:6800/2178314534,v1:172.21.15.39:6801/2178314534] conn(0x7f90e80390b0 0x7f90e803b570 unknown :-1 s=BANNER_CONNECTING pgs=0 cs=0 l=1 rev1=0 crypto rx=0 tx=0 comp rx=0 tx=0)._handle_peer_banner_payload supported=3 required=0
2024-06-13T06:12:51.153 INFO:teuthology.orchestra.run.smithi039.stdout:/usr/bin/ceph: stderr
2024-06-13T06:12:50.364+0000 7f90faffd700 1 --2- 172.21.15.39:0/833721994 >> [v2:172.21.15.39:6800/2178314534,v1:172.21.15.39:6801/2178314534] conn(0x7f90e80390b0 0x7f90e803b570 secure :-1 s=READY pgs=9 cs=0 l=1 rev1=1 crypto rx=0x7f90e4006fd0 tx=0x7f90e4006e40 comp rx=0 tx=0).ready entity=mgr.14152 client_cookie=0 server_cookie=0 in_seq=0 out_seq=0
2024-06-13T06:12:51.153 INFO:teuthology.orchestra.run.smithi039.stdout:/usr/bin/ceph: stderr
2024-06-13T06:12:50.369+0000 7f90f8ff9700 1 -- 172.21.15.39:0/833721994 <== mon.0 v2:172.21.15.39:3300/0 6 ==== mon_command_ack([{"prefix": "get_command_descriptions"}]=0 v0) ==== 72+0+186418 (secure 0 0 0) 0x7f90ec011e20 con 0x7f90fc07e680
2024-06-13T06:12:51.153 INFO:teuthology.orchestra.run.smithi039.stdout:/usr/bin/ceph: stderr
2024-06-13T06:12:50.575+0000 7f9101d0f700 1 -- 172.21.15.39:0/833721994 --> [v2:172.21.15.39:3300/0,v1:172.21.15.39:6789/0] -- mon_command({"prefix": "config get", "who": "mgr", "key": "mgr/dashboard/ssl_server_port"} v 0) -- 0x7f90fc1a16a0 con 0x7f90fc07e680
2024-06-13T06:12:51.153 INFO:teuthology.orchestra.run.smithi039.stdout:/usr/bin/ceph: stderr
2024-06-13T06:12:50.575+0000 7f90f8ff9700 1 -- 172.21.15.39:0/833721994 <== mon.0 v2:172.21.15.39:3300/0 7 ==== mon_command_ack([{"prefix": "config get", "who": "mgr", "key": "mgr/dashboard/ssl_server_port"}]=0 v8) ==== 112+0+5 (secure 0 0 0) 0x7f90ec00ba30 con 0x7f90fc07e680
2024-06-13T06:12:51.153 INFO:teuthology.orchestra.run.smithi039.stdout:/usr/bin/ceph: stderr
2024-06-13T06:12:50.577+0000 7f9101d0f700 1 -- 172.21.15.39:0/833721994 >> [v2:172.21.15.39:6800/2178314534,v1:172.21.15.39:6801/2178314534] conn(0x7f90e80390b0 msgr2=0x7f90e803b570 secure :-1 s=STATE_CONNECTION_ESTABLISHED l=1).mark_down
2024-06-13T06:12:51.153 INFO:teuthology.orchestra.run.smithi039.stdout:/usr/bin/ceph: stderr
2024-06-13T06:12:50.577+0000 7f9101d0f700 1 --2- 172.21.15.39:0/833721994 >> [v2:172.21.15.39:6800/2178314534,v1:172.21.15.39:6801/2178314534] conn(0x7f90e80390b0 0x7f90e803b570 secure :-1 s=READY pgs=9 cs=0 l=1 rev1=1 crypto rx=0x7f90e4006fd0 tx=0x7f90e4006e40 comp rx=0 tx=0).stop
2024-06-13T06:12:51.153 INFO:teuthology.orchestra.run.smithi039.stdout:/usr/bin/ceph: stderr
2024-06-13T06:12:50.577+0000 7f9101d0f700 1 -- 172.21.15.39:0/833721994 >> [v2:172.21.15.39:3300/0,v1:172.21.15.39:6789/0] conn(0x7f90fc07e680 msgr2=0x7f90fc19e0a0 secure :-1 s=STATE_CONNECTION_ESTABLISHED l=1).mark_down
2024-06-13T06:12:51.154 INFO:teuthology.orchestra.run.smithi039.stdout:/usr/bin/ceph: stderr
2024-06-13T06:12:50.577+0000 7f9101d0f700 1 --2- 172.21.15.39:0/833721994 >> [v2:172.21.15.39:3300/0,v1:172.21.15.39:6789/0] conn(0x7f90fc07e680 0x7f90fc19e0a0 secure :-1 s=READY pgs=75 cs=0 l=1 rev1=1 crypto rx=0x7f90ec0117e0 tx=0x7f90ec011c10 comp rx=0 tx=0).stop
2024-06-13T06:12:51.154 INFO:teuthology.orchestra.run.smithi039.stdout:/usr/bin/ceph: stderr
2024-06-13T06:12:50.577+0000 7f9101d0f700 1 -- 172.21.15.39:0/833721994 shutdown_connections
2024-06-13T06:12:51.154 INFO:teuthology.orchestra.run.smithi039.stdout:/usr/bin/ceph: stderr
2024-06-13T06:12:50.577+0000 7f9101d0f700 1 --2- 172.21.15.39:0/833721994 >> [v2:172.21.15.39:6800/2178314534,v1:172.21.15.39:6801/2178314534] conn(0x7f90e80390b0 0x7f90e803b570 unknown :-1 s=CLOSED pgs=9 cs=0 l=1 rev1=1 crypto rx=0 tx=0 comp rx=0 tx=0).stop
2024-06-13T06:12:51.154 INFO:teuthology.orchestra.run.smithi039.stdout:/usr/bin/ceph: stderr
2024-06-13T06:12:50.577+0000 7f9101d0f700 1 --2- 172.21.15.39:0/833721994 >> [v2:172.21.15.39:3300/0,v1:172.21.15.39:6789/0] conn(0x7f90fc07e680 0x7f90fc19e0a0 unknown :-1 s=CLOSED pgs=75 cs=0 l=1 rev1=1 crypto rx=0 tx=0 comp rx=0 tx=0).stop
2024-06-13T06:12:51.154 INFO:teuthology.orchestra.run.smithi039.stdout:/usr/bin/ceph: stderr
2024-06-13T06:12:50.577+0000 7f9101d0f700 1 -- 172.21.15.39:0/833721994 >> 172.21.15.39:0/833721994 conn(0x7f90fc1035d0 msgr2=0x7f90fc104070 unknown :-1 s=STATE_NONE l=0).mark_down
2024-06-13T06:12:51.154 INFO:teuthology.orchestra.run.smithi039.stdout:/usr/bin/ceph: stderr
2024-06-13T06:12:50.577+0000 7f9101d0f700 1 -- 172.21.15.39:0/833721994 shutdown_connections
2024-06-13T06:12:51.154 INFO:teuthology.orchestra.run.smithi039.stdout:/usr/bin/ceph: stderr
2024-06-13T06:12:50.578+0000 7f9101d0f700 1 -- 172.21.15.39:0/833721994 wait complete.
2024-06-13T06:12:51.158 INFO:teuthology.orchestra.run.smithi039.stdout:Non-zero exit code 1 from systemctl is-enabled firewalld.service
2024-06-13T06:12:51.158 INFO:teuthology.orchestra.run.smithi039.stdout:systemctl: stdout disabled
2024-06-13T06:12:51.166 INFO:teuthology.orchestra.run.smithi039.stdout:Non-zero exit code 3 from systemctl is-active firewalld.service
2024-06-13T06:12:51.167 INFO:teuthology.orchestra.run.smithi039.stdout:systemctl: stdout inactive
2024-06-13T06:12:51.167 INFO:teuthology.orchestra.run.smithi039.stdout:firewalld.service is not enabled
2024-06-13T06:12:51.167 INFO:teuthology.orchestra.run.smithi039.stdout:Not possible to open ports <[8443]>. firewalld.service is not available
2024-06-13T06:12:51.168 INFO:teuthology.orchestra.run.smithi039.stdout:Ceph Dashboard is now available at:
2024-06-13T06:12:51.169 INFO:teuthology.orchestra.run.smithi039.stdout:
2024-06-13T06:12:51.169 INFO:teuthology.orchestra.run.smithi039.stdout: URL: https://smithi039.front.sepia.ceph.com:8443/
2024-06-13T06:12:51.169 INFO:teuthology.orchestra.run.smithi039.stdout: User: admin
2024-06-13T06:12:51.169 INFO:teuthology.orchestra.run.smithi039.stdout: Password: vw25jrayfq
2024-06-13T06:12:51.169 INFO:teuthology.orchestra.run.smithi039.stdout:
2024-06-13T06:12:51.169 INFO:teuthology.orchestra.run.smithi039.stdout:Saving cluster configuration to /var/lib/ceph/ae626f9c-294b-11ef-bc9c-c7b262605968/config directory
2024-06-13T06:12:51.169 INFO:teuthology.orchestra.run.smithi039.stdout:Enabling autotune for osd_memory_target
2024-06-13T06:12:52.124 INFO:journalctl@ceph.mon.a.smithi039.stdout:Jun 13 06:12:51 smithi039 ceph-mon[32479]: mgrmap e13: x(active, since 6s)
2024-06-13T06:12:52.382 INFO:teuthology.orchestra.run.smithi039.stdout:/usr/bin/ceph: stderr
2024-06-13T06:12:51.655+0000 7fcc6b5b0700 1 Processor -- start
2024-06-13T06:12:52.382 INFO:teuthology.orchestra.run.smithi039.stdout:/usr/bin/ceph: stderr
2024-06-13T06:12:51.655+0000 7fcc6b5b0700 1 -- start start
2024-06-13T06:12:52.382 INFO:teuthology.orchestra.run.smithi039.stdout:/usr/bin/ceph: stderr
2024-06-13T06:12:51.655+0000 7fcc6b5b0700 1 --2- >> [v2:172.21.15.39:3300/0,v1:172.21.15.39:6789/0] conn(0x7fcc64108a50 0x7fcc6410ae40 unknown :-1 s=NONE pgs=0 cs=0 l=0 rev1=0 crypto rx=0 tx=0 comp rx=0 tx=0).connect
2024-06-13T06:12:52.382 INFO:teuthology.orchestra.run.smithi039.stdout:/usr/bin/ceph: stderr
2024-06-13T06:12:51.655+0000 7fcc6b5b0700 1 -- --> [v2:172.21.15.39:3300/0,v1:172.21.15.39:6789/0] -- mon_getmap magic: 0 -- 0x7fcc6407c660 con 0x7fcc64108a50
2024-06-13T06:12:52.382 INFO:teuthology.orchestra.run.smithi039.stdout:/usr/bin/ceph: stderr
2024-06-13T06:12:51.655+0000 7fcc6934c700 1 --2- >> [v2:172.21.15.39:3300/0,v1:172.21.15.39:6789/0] conn(0x7fcc64108a50 0x7fcc6410ae40 unknown :-1 s=BANNER_CONNECTING pgs=0 cs=0 l=0 rev1=0 crypto rx=0 tx=0 comp rx=0 tx=0)._handle_peer_banner_payload supported=3 required=0
2024-06-13T06:12:52.382 INFO:teuthology.orchestra.run.smithi039.stdout:/usr/bin/ceph: stderr
2024-06-13T06:12:51.655+0000 7fcc6934c700 1 --2- >> [v2:172.21.15.39:3300/0,v1:172.21.15.39:6789/0] conn(0x7fcc64108a50 0x7fcc6410ae40 unknown :-1 s=HELLO_CONNECTING pgs=0 cs=0 l=0 rev1=1 crypto rx=0 tx=0 comp rx=0 tx=0).handle_hello peer v2:172.21.15.39:3300/0 says I am v2:172.21.15.39:58302/0 (socket says 172.21.15.39:58302)
2024-06-13T06:12:52.382 INFO:teuthology.orchestra.run.smithi039.stdout:/usr/bin/ceph: stderr
2024-06-13T06:12:51.655+0000 7fcc6934c700 1 -- 172.21.15.39:0/3072714541 learned_addr learned my addr 172.21.15.39:0/3072714541 (peer_addr_for_me v2:172.21.15.39:0/0)
2024-06-13T06:12:52.382 INFO:teuthology.orchestra.run.smithi039.stdout:/usr/bin/ceph: stderr
2024-06-13T06:12:51.656+0000 7fcc6934c700 1 -- 172.21.15.39:0/3072714541 --> [v2:172.21.15.39:3300/0,v1:172.21.15.39:6789/0] -- mon_subscribe({config=0+,monmap=0+}) -- 0x7fcc6410b380 con 0x7fcc64108a50
2024-06-13T06:12:52.382 INFO:teuthology.orchestra.run.smithi039.stdout:/usr/bin/ceph: stderr
2024-06-13T06:12:51.656+0000 7fcc6934c700 1 --2- 172.21.15.39:0/3072714541 >> [v2:172.21.15.39:3300/0,v1:172.21.15.39:6789/0] conn(0x7fcc64108a50 0x7fcc6410ae40 secure :-1 s=READY pgs=76 cs=0 l=1 rev1=1 crypto rx=0x7fcc600098a0 tx=0x7fcc60009bb0 comp rx=0 tx=0).ready entity=mon.0 client_cookie=c34654ccefbc8167 server_cookie=0 in_seq=0 out_seq=0
2024-06-13T06:12:52.383 INFO:teuthology.orchestra.run.smithi039.stdout:/usr/bin/ceph: stderr
2024-06-13T06:12:51.656+0000 7fcc5bfff700 1 -- 172.21.15.39:0/3072714541 <== mon.0 v2:172.21.15.39:3300/0 1 ==== mon_map magic: 0 ==== 205+0+0 (secure 0 0 0) 0x7fcc60004160 con 0x7fcc64108a50
2024-06-13T06:12:52.383 INFO:teuthology.orchestra.run.smithi039.stdout:/usr/bin/ceph: stderr
2024-06-13T06:12:51.656+0000 7fcc5bfff700 1 -- 172.21.15.39:0/3072714541 <== mon.0 v2:172.21.15.39:3300/0 2 ==== config(27 keys) ==== 1140+0+0 (secure 0 0 0) 0x7fcc60004300 con 0x7fcc64108a50
2024-06-13T06:12:52.383 INFO:teuthology.orchestra.run.smithi039.stdout:/usr/bin/ceph: stderr
2024-06-13T06:12:51.656+0000 7fcc5bfff700 1 -- 172.21.15.39:0/3072714541 <== mon.0 v2:172.21.15.39:3300/0 3 ==== mon_map magic: 0 ==== 205+0+0 (secure 0 0 0) 0x7fcc60011b20 con 0x7fcc64108a50
2024-06-13T06:12:52.383 INFO:teuthology.orchestra.run.smithi039.stdout:/usr/bin/ceph: stderr
2024-06-13T06:12:51.657+0000 7fcc6b5b0700 1 -- 172.21.15.39:0/3072714541 >> [v2:172.21.15.39:3300/0,v1:172.21.15.39:6789/0] conn(0x7fcc64108a50 msgr2=0x7fcc6410ae40 secure :-1 s=STATE_CONNECTION_ESTABLISHED l=1).mark_down
2024-06-13T06:12:52.383 INFO:teuthology.orchestra.run.smithi039.stdout:/usr/bin/ceph: stderr
2024-06-13T06:12:51.657+0000 7fcc6b5b0700 1 --2- 172.21.15.39:0/3072714541 >> [v2:172.21.15.39:3300/0,v1:172.21.15.39:6789/0] conn(0x7fcc64108a50 0x7fcc6410ae40 secure :-1 s=READY pgs=76 cs=0 l=1 rev1=1 crypto rx=0x7fcc600098a0 tx=0x7fcc60009bb0 comp rx=0 tx=0).stop
2024-06-13T06:12:52.383 INFO:teuthology.orchestra.run.smithi039.stdout:/usr/bin/ceph: stderr
2024-06-13T06:12:51.657+0000 7fcc6b5b0700 1 -- 172.21.15.39:0/3072714541 shutdown_connections
2024-06-13T06:12:52.383 INFO:teuthology.orchestra.run.smithi039.stdout:/usr/bin/ceph: stderr
2024-06-13T06:12:51.657+0000 7fcc6b5b0700 1 --2- 172.21.15.39:0/3072714541 >> [v2:172.21.15.39:3300/0,v1:172.21.15.39:6789/0] conn(0x7fcc64108a50 0x7fcc6410ae40 unknown :-1 s=CLOSED pgs=76 cs=0 l=1 rev1=1 crypto rx=0 tx=0 comp rx=0 tx=0).stop
2024-06-13T06:12:52.383 INFO:teuthology.orchestra.run.smithi039.stdout:/usr/bin/ceph: stderr
2024-06-13T06:12:51.657+0000 7fcc6b5b0700 1 -- 172.21.15.39:0/3072714541 >> 172.21.15.39:0/3072714541 conn(0x7fcc641024c0 msgr2=0x7fcc641048e0 unknown :-1 s=STATE_NONE l=0).mark_down
2024-06-13T06:12:52.383 INFO:teuthology.orchestra.run.smithi039.stdout:/usr/bin/ceph: stderr
2024-06-13T06:12:51.657+0000 7fcc6b5b0700 1 -- 172.21.15.39:0/3072714541 shutdown_connections
2024-06-13T06:12:52.383 INFO:teuthology.orchestra.run.smithi039.stdout:/usr/bin/ceph: stderr
2024-06-13T06:12:51.657+0000 7fcc6b5b0700 1 -- 172.21.15.39:0/3072714541 wait complete.
2024-06-13T06:12:52.383 INFO:teuthology.orchestra.run.smithi039.stdout:/usr/bin/ceph: stderr
2024-06-13T06:12:51.658+0000 7fcc6b5b0700 1 Processor -- start
2024-06-13T06:12:52.383 INFO:teuthology.orchestra.run.smithi039.stdout:/usr/bin/ceph: stderr
2024-06-13T06:12:51.658+0000 7fcc6b5b0700 1 -- start start
2024-06-13T06:12:52.383 INFO:teuthology.orchestra.run.smithi039.stdout:/usr/bin/ceph: stderr
2024-06-13T06:12:51.658+0000 7fcc6b5b0700 1 --2- >> [v2:172.21.15.39:3300/0,v1:172.21.15.39:6789/0] conn(0x7fcc64108a50 0x7fcc641082d0 unknown :-1 s=NONE pgs=0 cs=0 l=1 rev1=0 crypto rx=0 tx=0 comp rx=0 tx=0).connect
2024-06-13T06:12:52.384 INFO:teuthology.orchestra.run.smithi039.stdout:/usr/bin/ceph: stderr
2024-06-13T06:12:51.658+0000 7fcc6b5b0700 1 -- --> [v2:172.21.15.39:3300/0,v1:172.21.15.39:6789/0] -- mon_getmap magic: 0 -- 0x7fcc6410c380 con 0x7fcc64108a50
2024-06-13T06:12:52.384 INFO:teuthology.orchestra.run.smithi039.stdout:/usr/bin/ceph: stderr
2024-06-13T06:12:51.658+0000 7fcc6934c700 1 --2- >> [v2:172.21.15.39:3300/0,v1:172.21.15.39:6789/0] conn(0x7fcc64108a50 0x7fcc641082d0 unknown :-1 s=BANNER_CONNECTING pgs=0 cs=0 l=1 rev1=0 crypto rx=0 tx=0 comp rx=0 tx=0)._handle_peer_banner_payload supported=3 required=0
2024-06-13T06:12:52.384 INFO:teuthology.orchestra.run.smithi039.stdout:/usr/bin/ceph: stderr
2024-06-13T06:12:51.658+0000 7fcc6934c700 1 --2- >> [v2:172.21.15.39:3300/0,v1:172.21.15.39:6789/0] conn(0x7fcc64108a50 0x7fcc641082d0 unknown :-1 s=HELLO_CONNECTING pgs=0 cs=0 l=1 rev1=1 crypto rx=0 tx=0 comp rx=0 tx=0).handle_hello peer v2:172.21.15.39:3300/0 says I am v2:172.21.15.39:58304/0 (socket says 172.21.15.39:58304)
2024-06-13T06:12:52.384 INFO:teuthology.orchestra.run.smithi039.stdout:/usr/bin/ceph: stderr
2024-06-13T06:12:51.658+0000 7fcc6934c700 1 -- 172.21.15.39:0/2949059878 learned_addr learned my addr 172.21.15.39:0/2949059878 (peer_addr_for_me v2:172.21.15.39:0/0)
2024-06-13T06:12:52.384 INFO:teuthology.orchestra.run.smithi039.stdout:/usr/bin/ceph: stderr
2024-06-13T06:12:51.658+0000 7fcc6934c700 1 -- 172.21.15.39:0/2949059878 --> [v2:172.21.15.39:3300/0,v1:172.21.15.39:6789/0] -- mon_subscribe({config=0+,monmap=0+}) -- 0x7fcc64108810 con 0x7fcc64108a50
2024-06-13T06:12:52.384 INFO:teuthology.orchestra.run.smithi039.stdout:/usr/bin/ceph: stderr
2024-06-13T06:12:51.658+0000 7fcc6934c700 1 --2- 172.21.15.39:0/2949059878 >> [v2:172.21.15.39:3300/0,v1:172.21.15.39:6789/0] conn(0x7fcc64108a50 0x7fcc641082d0 secure :-1 s=READY pgs=77 cs=0 l=1 rev1=1 crypto rx=0x7fcc600117e0 tx=0x7fcc60011c10 comp rx=0 tx=0).ready entity=mon.0 client_cookie=0 server_cookie=0 in_seq=0 out_seq=0
2024-06-13T06:12:52.384 INFO:teuthology.orchestra.run.smithi039.stdout:/usr/bin/ceph: stderr
2024-06-13T06:12:51.659+0000 7fcc5a7fc700 1 -- 172.21.15.39:0/2949059878 <== mon.0 v2:172.21.15.39:3300/0 1 ==== mon_map magic: 0 ==== 205+0+0 (secure 0 0 0) 0x7fcc60003bf0 con 0x7fcc64108a50
2024-06-13T06:12:52.384 INFO:teuthology.orchestra.run.smithi039.stdout:/usr/bin/ceph: stderr
2024-06-13T06:12:51.659+0000 7fcc5a7fc700 1 -- 172.21.15.39:0/2949059878 <== mon.0 v2:172.21.15.39:3300/0 2 ==== config(27 keys) ==== 1140+0+0 (secure 0 0 0) 0x7fcc6001a910 con 0x7fcc64108a50
2024-06-13T06:12:52.384 INFO:teuthology.orchestra.run.smithi039.stdout:/usr/bin/ceph: stderr
2024-06-13T06:12:51.659+0000 7fcc6b5b0700 1 -- 172.21.15.39:0/2949059878 --> [v2:172.21.15.39:3300/0,v1:172.21.15.39:6789/0] -- mon_subscribe({mgrmap=0+}) -- 0x7fcc64106a00 con 0x7fcc64108a50
2024-06-13T06:12:52.384 INFO:teuthology.orchestra.run.smithi039.stdout:/usr/bin/ceph: stderr
2024-06-13T06:12:51.659+0000 7fcc5a7fc700 1 -- 172.21.15.39:0/2949059878 <== mon.0 v2:172.21.15.39:3300/0 3 ==== mon_map magic: 0 ==== 205+0+0 (secure 0 0 0) 0x7fcc60024970 con 0x7fcc64108a50
2024-06-13T06:12:52.384 INFO:teuthology.orchestra.run.smithi039.stdout:/usr/bin/ceph: stderr
2024-06-13T06:12:51.659+0000 7fcc6b5b0700 1 -- 172.21.15.39:0/2949059878 --> [v2:172.21.15.39:3300/0,v1:172.21.15.39:6789/0] -- mon_subscribe({osdmap=0}) -- 0x7fcc64106ec0 con 0x7fcc64108a50
2024-06-13T06:12:52.384 INFO:teuthology.orchestra.run.smithi039.stdout:/usr/bin/ceph: stderr
2024-06-13T06:12:51.660+0000 7fcc5a7fc700 1 -- 172.21.15.39:0/2949059878 <== mon.0 v2:172.21.15.39:3300/0 4 ==== mgrmap(e 13) ==== 46343+0+0 (secure 0 0 0) 0x7fcc60022020 con 0x7fcc64108a50
2024-06-13T06:12:52.384 INFO:teuthology.orchestra.run.smithi039.stdout:/usr/bin/ceph: stderr
2024-06-13T06:12:51.660+0000 7fcc6b5b0700 1 -- 172.21.15.39:0/2949059878 --> [v2:172.21.15.39:3300/0,v1:172.21.15.39:6789/0] -- mon_command({"prefix": "get_command_descriptions"} v 0) -- 0x7fcc64063af0 con 0x7fcc64108a50
2024-06-13T06:12:52.384 INFO:teuthology.orchestra.run.smithi039.stdout:/usr/bin/ceph: stderr
2024-06-13T06:12:51.660+0000 7fcc5a7fc700 1 --2- 172.21.15.39:0/2949059878 >> [v2:172.21.15.39:6800/2178314534,v1:172.21.15.39:6801/2178314534] conn(0x7fcc50039150 0x7fcc5003b610 unknown :-1 s=NONE pgs=0 cs=0 l=1 rev1=0 crypto rx=0 tx=0 comp rx=0 tx=0).connect
2024-06-13T06:12:52.385 INFO:teuthology.orchestra.run.smithi039.stdout:/usr/bin/ceph: stderr
2024-06-13T06:12:51.660+0000 7fcc5a7fc700 1 -- 172.21.15.39:0/2949059878 <== mon.0 v2:172.21.15.39:3300/0 5 ==== osd_map(3..3 src has 1..3) ==== 1155+0+0 (secure 0 0 0) 0x7fcc6004d580 con 0x7fcc64108a50
2024-06-13T06:12:52.385 INFO:teuthology.orchestra.run.smithi039.stdout:/usr/bin/ceph: stderr
2024-06-13T06:12:51.660+0000 7fcc68b4b700 1 --2- 172.21.15.39:0/2949059878 >> [v2:172.21.15.39:6800/2178314534,v1:172.21.15.39:6801/2178314534] conn(0x7fcc50039150 0x7fcc5003b610 unknown :-1 s=BANNER_CONNECTING pgs=0 cs=0 l=1 rev1=0 crypto rx=0 tx=0 comp rx=0 tx=0)._handle_peer_banner_payload supported=3 required=0
2024-06-13T06:12:52.385 INFO:teuthology.orchestra.run.smithi039.stdout:/usr/bin/ceph: stderr
2024-06-13T06:12:51.661+0000 7fcc68b4b700 1 --2- 172.21.15.39:0/2949059878 >> [v2:172.21.15.39:6800/2178314534,v1:172.21.15.39:6801/2178314534] conn(0x7fcc50039150 0x7fcc5003b610 secure :-1 s=READY pgs=10 cs=0 l=1 rev1=1 crypto rx=0x7fcc54006fd0 tx=0x7fcc54006e40 comp rx=0 tx=0).ready entity=mgr.14152 client_cookie=0 server_cookie=0 in_seq=0 out_seq=0
2024-06-13T06:12:52.385 INFO:teuthology.orchestra.run.smithi039.stdout:/usr/bin/ceph: stderr
2024-06-13T06:12:51.665+0000 7fcc5a7fc700 1 -- 172.21.15.39:0/2949059878 <== mon.0 v2:172.21.15.39:3300/0 6 ==== mon_command_ack([{"prefix": "get_command_descriptions"}]=0 v0) ==== 72+0+186418 (secure 0 0 0) 0x7fcc60011e20 con 0x7fcc64108a50
2024-06-13T06:12:52.385 INFO:teuthology.orchestra.run.smithi039.stdout:/usr/bin/ceph: stderr
2024-06-13T06:12:51.871+0000 7fcc6b5b0700 1 -- 172.21.15.39:0/2949059878 --> [v2:172.21.15.39:3300/0,v1:172.21.15.39:6789/0] -- mon_command([{prefix=config set, name=osd_memory_target_autotune}] v 0) -- 0x7fcc64107140 con 0x7fcc64108a50
2024-06-13T06:12:52.385 INFO:teuthology.orchestra.run.smithi039.stdout:/usr/bin/ceph: stderr
2024-06-13T06:12:51.871+0000 7fcc5a7fc700 1 -- 172.21.15.39:0/2949059878 <== mon.0 v2:172.21.15.39:3300/0 7 ==== mon_command_ack([{prefix=config set, name=osd_memory_target_autotune}]=0 v8)=0 v8) ==== 127+0+0 (secure 0 0 0) 0x7fcc6000b3e0 con 0x7fcc64108a50
2024-06-13T06:12:52.385 INFO:teuthology.orchestra.run.smithi039.stdout:/usr/bin/ceph: stderr
2024-06-13T06:12:51.874+0000 7fcc6b5b0700 1 -- 172.21.15.39:0/2949059878 >> [v2:172.21.15.39:6800/2178314534,v1:172.21.15.39:6801/2178314534] conn(0x7fcc50039150 msgr2=0x7fcc5003b610 secure :-1 s=STATE_CONNECTION_ESTABLISHED l=1).mark_down
2024-06-13T06:12:52.385 INFO:teuthology.orchestra.run.smithi039.stdout:/usr/bin/ceph: stderr
2024-06-13T06:12:51.874+0000 7fcc6b5b0700 1 --2- 172.21.15.39:0/2949059878 >> [v2:172.21.15.39:6800/2178314534,v1:172.21.15.39:6801/2178314534] conn(0x7fcc50039150 0x7fcc5003b610 secure :-1 s=READY pgs=10 cs=0 l=1 rev1=1 crypto rx=0x7fcc54006fd0 tx=0x7fcc54006e40 comp rx=0 tx=0).stop
2024-06-13T06:12:52.385 INFO:teuthology.orchestra.run.smithi039.stdout:/usr/bin/ceph: stderr
2024-06-13T06:12:51.874+0000 7fcc6b5b0700 1 -- 172.21.15.39:0/2949059878 >> [v2:172.21.15.39:3300/0,v1:172.21.15.39:6789/0] conn(0x7fcc64108a50 msgr2=0x7fcc641082d0 secure :-1 s=STATE_CONNECTION_ESTABLISHED l=1).mark_down
2024-06-13T06:12:52.385 INFO:teuthology.orchestra.run.smithi039.stdout:/usr/bin/ceph: stderr
2024-06-13T06:12:51.874+0000 7fcc6b5b0700 1 --2- 172.21.15.39:0/2949059878 >> [v2:172.21.15.39:3300/0,v1:172.21.15.39:6789/0] conn(0x7fcc64108a50 0x7fcc641082d0 secure :-1 s=READY pgs=77 cs=0 l=1 rev1=1 crypto rx=0x7fcc600117e0 tx=0x7fcc60011c10 comp rx=0 tx=0).stop
2024-06-13T06:12:52.385 INFO:teuthology.orchestra.run.smithi039.stdout:/usr/bin/ceph: stderr
2024-06-13T06:12:51.874+0000 7fcc6b5b0700 1 -- 172.21.15.39:0/2949059878 shutdown_connections
2024-06-13T06:12:52.385 INFO:teuthology.orchestra.run.smithi039.stdout:/usr/bin/ceph: stderr
2024-06-13T06:12:51.874+0000 7fcc6b5b0700 1 --2- 172.21.15.39:0/2949059878 >> [v2:172.21.15.39:6800/2178314534,v1:172.21.15.39:6801/2178314534] conn(0x7fcc50039150 0x7fcc5003b610 unknown :-1 s=CLOSED pgs=10 cs=0 l=1 rev1=1 crypto rx=0 tx=0 comp rx=0 tx=0).stop
2024-06-13T06:12:52.385 INFO:teuthology.orchestra.run.smithi039.stdout:/usr/bin/ceph: stderr
2024-06-13T06:12:51.874+0000 7fcc6b5b0700 1 --2- 172.21.15.39:0/2949059878 >> [v2:172.21.15.39:3300/0,v1:172.21.15.39:6789/0] conn(0x7fcc64108a50 0x7fcc641082d0 unknown :-1 s=CLOSED pgs=77 cs=0 l=1 rev1=1 crypto rx=0 tx=0 comp rx=0 tx=0).stop
2024-06-13T06:12:52.386 INFO:teuthology.orchestra.run.smithi039.stdout:/usr/bin/ceph: stderr
2024-06-13T06:12:51.874+0000 7fcc6b5b0700 1 -- 172.21.15.39:0/2949059878 >> 172.21.15.39:0/2949059878 conn(0x7fcc641024c0 msgr2=0x7fcc64102f90 unknown :-1 s=STATE_NONE l=0).mark_down
2024-06-13T06:12:52.386 INFO:teuthology.orchestra.run.smithi039.stdout:/usr/bin/ceph: stderr
2024-06-13T06:12:51.874+0000 7fcc6b5b0700 1 -- 172.21.15.39:0/2949059878 shutdown_connections
2024-06-13T06:12:52.386 INFO:teuthology.orchestra.run.smithi039.stdout:/usr/bin/ceph: stderr
2024-06-13T06:12:51.874+0000 7fcc6b5b0700 1 -- 172.21.15.39:0/2949059878 wait complete.
2024-06-13T06:12:53.722 INFO:teuthology.orchestra.run.smithi039.stdout:/usr/bin/ceph: stderr
2024-06-13T06:12:52.790+0000 7f2e86a40700 1 Processor -- start
2024-06-13T06:12:53.723 INFO:teuthology.orchestra.run.smithi039.stdout:/usr/bin/ceph: stderr
2024-06-13T06:12:52.790+0000 7f2e86a40700 1 -- start start
2024-06-13T06:12:53.723 INFO:teuthology.orchestra.run.smithi039.stdout:/usr/bin/ceph: stderr
2024-06-13T06:12:52.791+0000 7f2e86a40700 1 --2- >> [v2:172.21.15.39:3300/0,v1:172.21.15.39:6789/0] conn(0x7f2e80107fa0 0x7f2e801083e0 unknown :-1 s=NONE pgs=0 cs=0 l=0 rev1=0 crypto rx=0 tx=0 comp rx=0 tx=0).connect
2024-06-13T06:12:53.723 INFO:teuthology.orchestra.run.smithi039.stdout:/usr/bin/ceph: stderr
2024-06-13T06:12:52.791+0000 7f2e86a40700 1 -- --> [v2:172.21.15.39:3300/0,v1:172.21.15.39:6789/0] -- mon_getmap magic: 0 -- 0x7f2e80108920 con 0x7f2e80107fa0
2024-06-13T06:12:53.723 INFO:teuthology.orchestra.run.smithi039.stdout:/usr/bin/ceph: stderr
2024-06-13T06:12:52.791+0000 7f2e7ffff700 1 --2- >> [v2:172.21.15.39:3300/0,v1:172.21.15.39:6789/0] conn(0x7f2e80107fa0 0x7f2e801083e0 unknown :-1 s=BANNER_CONNECTING pgs=0 cs=0 l=0 rev1=0 crypto rx=0 tx=0 comp rx=0 tx=0)._handle_peer_banner_payload supported=3 required=0
2024-06-13T06:12:53.723 INFO:teuthology.orchestra.run.smithi039.stdout:/usr/bin/ceph: stderr
2024-06-13T06:12:52.791+0000 7f2e7ffff700 1 --2- >> [v2:172.21.15.39:3300/0,v1:172.21.15.39:6789/0] conn(0x7f2e80107fa0 0x7f2e801083e0 unknown :-1 s=HELLO_CONNECTING pgs=0 cs=0 l=0 rev1=1 crypto rx=0 tx=0 comp rx=0 tx=0).handle_hello peer v2:172.21.15.39:3300/0 says I am v2:172.21.15.39:58320/0 (socket says 172.21.15.39:58320)
2024-06-13T06:12:53.723 INFO:teuthology.orchestra.run.smithi039.stdout:/usr/bin/ceph: stderr
2024-06-13T06:12:52.791+0000 7f2e7ffff700 1 -- 172.21.15.39:0/3045132510 learned_addr learned my addr 172.21.15.39:0/3045132510 (peer_addr_for_me v2:172.21.15.39:0/0)
2024-06-13T06:12:53.723 INFO:teuthology.orchestra.run.smithi039.stdout:/usr/bin/ceph: stderr
2024-06-13T06:12:52.791+0000 7f2e7ffff700 1 -- 172.21.15.39:0/3045132510 --> [v2:172.21.15.39:3300/0,v1:172.21.15.39:6789/0] -- mon_subscribe({config=0+,monmap=0+}) -- 0x7f2e801090e0 con 0x7f2e80107fa0
2024-06-13T06:12:53.723 INFO:teuthology.orchestra.run.smithi039.stdout:/usr/bin/ceph: stderr
2024-06-13T06:12:52.791+0000 7f2e7ffff700 1 --2- 172.21.15.39:0/3045132510 >> [v2:172.21.15.39:3300/0,v1:172.21.15.39:6789/0] conn(0x7f2e80107fa0 0x7f2e801083e0 secure :-1 s=READY pgs=78 cs=0 l=1 rev1=1 crypto rx=0x7f2e700098a0 tx=0x7f2e70009bb0 comp rx=0 tx=0).ready entity=mon.0 client_cookie=a909d637e5794ec5 server_cookie=0 in_seq=0 out_seq=0
2024-06-13T06:12:53.723 INFO:teuthology.orchestra.run.smithi039.stdout:/usr/bin/ceph: stderr
2024-06-13T06:12:52.792+0000 7f2e7effd700 1 -- 172.21.15.39:0/3045132510 <== mon.0 v2:172.21.15.39:3300/0 1 ==== mon_map magic: 0 ==== 205+0+0 (secure 0 0 0) 0x7f2e70004160 con 0x7f2e80107fa0
2024-06-13T06:12:53.723 INFO:teuthology.orchestra.run.smithi039.stdout:/usr/bin/ceph: stderr
2024-06-13T06:12:52.792+0000 7f2e7effd700 1 -- 172.21.15.39:0/3045132510 <== mon.0 v2:172.21.15.39:3300/0 2 ==== config(27 keys) ==== 1140+0+0 (secure 0 0 0) 0x7f2e70004300 con 0x7f2e80107fa0
2024-06-13T06:12:53.723 INFO:teuthology.orchestra.run.smithi039.stdout:/usr/bin/ceph: stderr
2024-06-13T06:12:52.792+0000 7f2e7effd700 1 -- 172.21.15.39:0/3045132510 <== mon.0 v2:172.21.15.39:3300/0 3 ==== mon_map magic: 0 ==== 205+0+0 (secure 0 0 0) 0x7f2e70011b20 con 0x7f2e80107fa0
2024-06-13T06:12:53.723 INFO:teuthology.orchestra.run.smithi039.stdout:/usr/bin/ceph: stderr
2024-06-13T06:12:52.792+0000 7f2e86a40700 1 -- 172.21.15.39:0/3045132510 >> [v2:172.21.15.39:3300/0,v1:172.21.15.39:6789/0] conn(0x7f2e80107fa0 msgr2=0x7f2e801083e0 secure :-1 s=STATE_CONNECTION_ESTABLISHED l=1).mark_down
2024-06-13T06:12:53.724 INFO:teuthology.orchestra.run.smithi039.stdout:/usr/bin/ceph: stderr
2024-06-13T06:12:52.792+0000 7f2e86a40700 1 --2- 172.21.15.39:0/3045132510 >> [v2:172.21.15.39:3300/0,v1:172.21.15.39:6789/0] conn(0x7f2e80107fa0 0x7f2e801083e0 secure :-1 s=READY pgs=78 cs=0 l=1 rev1=1 crypto rx=0x7f2e700098a0 tx=0x7f2e70009bb0 comp rx=0 tx=0).stop
2024-06-13T06:12:53.724 INFO:teuthology.orchestra.run.smithi039.stdout:/usr/bin/ceph: stderr
2024-06-13T06:12:52.792+0000 7f2e86a40700 1 -- 172.21.15.39:0/3045132510 shutdown_connections
2024-06-13T06:12:53.724 INFO:teuthology.orchestra.run.smithi039.stdout:/usr/bin/ceph: stderr
2024-06-13T06:12:52.792+0000 7f2e86a40700 1 --2- 172.21.15.39:0/3045132510 >> [v2:172.21.15.39:3300/0,v1:172.21.15.39:6789/0] conn(0x7f2e80107fa0 0x7f2e801083e0 unknown :-1 s=CLOSED pgs=78 cs=0 l=1 rev1=1 crypto rx=0 tx=0 comp rx=0 tx=0).stop
2024-06-13T06:12:53.724 INFO:teuthology.orchestra.run.smithi039.stdout:/usr/bin/ceph: stderr
2024-06-13T06:12:52.792+0000 7f2e86a40700 1 -- 172.21.15.39:0/3045132510 >> 172.21.15.39:0/3045132510 conn(0x7f2e801035d0 msgr2=0x7f2e801059f0 unknown :-1 s=STATE_NONE l=0).mark_down
2024-06-13T06:12:53.724 INFO:teuthology.orchestra.run.smithi039.stdout:/usr/bin/ceph: stderr
2024-06-13T06:12:52.792+0000 7f2e86a40700 1 -- 172.21.15.39:0/3045132510 shutdown_connections
2024-06-13T06:12:53.724 INFO:teuthology.orchestra.run.smithi039.stdout:/usr/bin/ceph: stderr
2024-06-13T06:12:52.792+0000 7f2e86a40700 1 -- 172.21.15.39:0/3045132510 wait complete.
2024-06-13T06:12:53.724 INFO:teuthology.orchestra.run.smithi039.stdout:/usr/bin/ceph: stderr
2024-06-13T06:12:52.793+0000 7f2e86a40700 1 Processor -- start
2024-06-13T06:12:53.724 INFO:teuthology.orchestra.run.smithi039.stdout:/usr/bin/ceph: stderr
2024-06-13T06:12:52.793+0000 7f2e86a40700 1 -- start start
2024-06-13T06:12:53.724 INFO:teuthology.orchestra.run.smithi039.stdout:/usr/bin/ceph: stderr
2024-06-13T06:12:52.793+0000 7f2e86a40700 1 --2- >> [v2:172.21.15.39:3300/0,v1:172.21.15.39:6789/0] conn(0x7f2e80107fa0 0x7f2e8019bee0 unknown :-1 s=NONE pgs=0 cs=0 l=1 rev1=0 crypto rx=0 tx=0 comp rx=0 tx=0).connect
2024-06-13T06:12:53.724 INFO:teuthology.orchestra.run.smithi039.stdout:/usr/bin/ceph: stderr
2024-06-13T06:12:52.793+0000 7f2e86a40700 1 -- --> [v2:172.21.15.39:3300/0,v1:172.21.15.39:6789/0] -- mon_getmap magic: 0 -- 0x7f2e8010c3a0 con 0x7f2e80107fa0
2024-06-13T06:12:53.724 INFO:teuthology.orchestra.run.smithi039.stdout:/usr/bin/ceph: stderr
2024-06-13T06:12:52.793+0000 7f2e7ffff700 1 --2- >> [v2:172.21.15.39:3300/0,v1:172.21.15.39:6789/0] conn(0x7f2e80107fa0 0x7f2e8019bee0 unknown :-1 s=BANNER_CONNECTING pgs=0 cs=0 l=1 rev1=0 crypto rx=0 tx=0 comp rx=0 tx=0)._handle_peer_banner_payload supported=3 required=0
2024-06-13T06:12:53.724 INFO:teuthology.orchestra.run.smithi039.stdout:/usr/bin/ceph: stderr
2024-06-13T06:12:52.793+0000 7f2e7ffff700 1 --2- >> [v2:172.21.15.39:3300/0,v1:172.21.15.39:6789/0] conn(0x7f2e80107fa0 0x7f2e8019bee0 unknown :-1 s=HELLO_CONNECTING pgs=0 cs=0 l=1 rev1=1 crypto rx=0 tx=0 comp rx=0 tx=0).handle_hello peer v2:172.21.15.39:3300/0 says I am v2:172.21.15.39:58336/0 (socket says 172.21.15.39:58336)
2024-06-13T06:12:53.724 INFO:teuthology.orchestra.run.smithi039.stdout:/usr/bin/ceph: stderr
2024-06-13T06:12:52.793+0000 7f2e7ffff700 1 -- 172.21.15.39:0/2267491451 learned_addr learned my addr 172.21.15.39:0/2267491451 (peer_addr_for_me v2:172.21.15.39:0/0)
2024-06-13T06:12:53.725 INFO:teuthology.orchestra.run.smithi039.stdout:/usr/bin/ceph: stderr
2024-06-13T06:12:52.794+0000 7f2e7ffff700 1 -- 172.21.15.39:0/2267491451 --> [v2:172.21.15.39:3300/0,v1:172.21.15.39:6789/0] -- mon_subscribe({config=0+,monmap=0+}) -- 0x7f2e8019c420 con 0x7f2e80107fa0
2024-06-13T06:12:53.725 INFO:teuthology.orchestra.run.smithi039.stdout:/usr/bin/ceph: stderr
2024-06-13T06:12:52.794+0000 7f2e7ffff700 1 --2- 172.21.15.39:0/2267491451 >> [v2:172.21.15.39:3300/0,v1:172.21.15.39:6789/0] conn(0x7f2e80107fa0 0x7f2e8019bee0 secure :-1 s=READY pgs=79 cs=0 l=1 rev1=1 crypto rx=0x7f2e700117e0 tx=0x7f2e70011c10 comp rx=0 tx=0).ready entity=mon.0 client_cookie=0 server_cookie=0 in_seq=0 out_seq=0
2024-06-13T06:12:53.725 INFO:teuthology.orchestra.run.smithi039.stdout:/usr/bin/ceph: stderr
2024-06-13T06:12:52.794+0000 7f2e7d7fa700 1 -- 172.21.15.39:0/2267491451 <== mon.0 v2:172.21.15.39:3300/0 1 ==== mon_map magic: 0 ==== 205+0+0 (secure 0 0 0) 0x7f2e70003bf0 con 0x7f2e80107fa0
2024-06-13T06:12:53.725 INFO:teuthology.orchestra.run.smithi039.stdout:/usr/bin/ceph: stderr
2024-06-13T06:12:52.794+0000 7f2e7d7fa700 1 -- 172.21.15.39:0/2267491451 <== mon.0 v2:172.21.15.39:3300/0 2 ==== config(27 keys) ==== 1140+0+0 (secure 0 0 0) 0x7f2e7001a910 con 0x7f2e80107fa0
2024-06-13T06:12:53.725 INFO:teuthology.orchestra.run.smithi039.stdout:/usr/bin/ceph: stderr
2024-06-13T06:12:52.794+0000 7f2e86a40700 1 -- 172.21.15.39:0/2267491451 --> [v2:172.21.15.39:3300/0,v1:172.21.15.39:6789/0] -- mon_subscribe({mgrmap=0+}) -- 0x7f2e8019c6b0 con 0x7f2e80107fa0
2024-06-13T06:12:53.725 INFO:teuthology.orchestra.run.smithi039.stdout:/usr/bin/ceph: stderr
2024-06-13T06:12:52.794+0000 7f2e7d7fa700 1 -- 172.21.15.39:0/2267491451 <== mon.0 v2:172.21.15.39:3300/0 3 ==== mon_map magic: 0 ==== 205+0+0 (secure 0 0 0) 0x7f2e700249a0 con 0x7f2e80107fa0
2024-06-13T06:12:53.725 INFO:teuthology.orchestra.run.smithi039.stdout:/usr/bin/ceph: stderr
2024-06-13T06:12:52.794+0000 7f2e86a40700 1 -- 172.21.15.39:0/2267491451 --> [v2:172.21.15.39:3300/0,v1:172.21.15.39:6789/0] -- mon_subscribe({osdmap=0}) -- 0x7f2e8019cb10 con 0x7f2e80107fa0
2024-06-13T06:12:53.725 INFO:teuthology.orchestra.run.smithi039.stdout:/usr/bin/ceph: stderr
2024-06-13T06:12:52.795+0000 7f2e7d7fa700 1 -- 172.21.15.39:0/2267491451 <== mon.0 v2:172.21.15.39:3300/0 4 ==== mgrmap(e 13) ==== 46343+0+0 (secure 0 0 0) 0x7f2e70022020 con 0x7f2e80107fa0
2024-06-13T06:12:53.725 INFO:teuthology.orchestra.run.smithi039.stdout:/usr/bin/ceph: stderr
2024-06-13T06:12:52.795+0000 7f2e86a40700 1 -- 172.21.15.39:0/2267491451 --> [v2:172.21.15.39:3300/0,v1:172.21.15.39:6789/0] -- mon_command({"prefix": "get_command_descriptions"} v 0) -- 0x7f2e80063af0 con 0x7f2e80107fa0
2024-06-13T06:12:53.725 INFO:teuthology.orchestra.run.smithi039.stdout:/usr/bin/ceph: stderr
2024-06-13T06:12:52.796+0000 7f2e7d7fa700 1 --2- 172.21.15.39:0/2267491451 >> [v2:172.21.15.39:6800/2178314534,v1:172.21.15.39:6801/2178314534] conn(0x7f2e680390f0 0x7f2e6803b5b0 unknown :-1 s=NONE pgs=0 cs=0 l=1 rev1=0 crypto rx=0 tx=0 comp rx=0 tx=0).connect
2024-06-13T06:12:53.725 INFO:teuthology.orchestra.run.smithi039.stdout:/usr/bin/ceph: stderr
2024-06-13T06:12:52.796+0000 7f2e7d7fa700 1 -- 172.21.15.39:0/2267491451 <== mon.0 v2:172.21.15.39:3300/0 5 ==== osd_map(3..3 src has 1..3) ==== 1155+0+0 (secure 0 0 0) 0x7f2e7004d740 con 0x7f2e80107fa0
2024-06-13T06:12:53.725 INFO:teuthology.orchestra.run.smithi039.stdout:/usr/bin/ceph: stderr
2024-06-13T06:12:52.796+0000 7f2e7f7fe700 1 --2- 172.21.15.39:0/2267491451 >> [v2:172.21.15.39:6800/2178314534,v1:172.21.15.39:6801/2178314534] conn(0x7f2e680390f0 0x7f2e6803b5b0 unknown :-1 s=BANNER_CONNECTING pgs=0 cs=0 l=1 rev1=0 crypto rx=0 tx=0 comp rx=0 tx=0)._handle_peer_banner_payload supported=3 required=0
2024-06-13T06:12:53.725 INFO:teuthology.orchestra.run.smithi039.stdout:/usr/bin/ceph: stderr
2024-06-13T06:12:52.796+0000 7f2e7f7fe700 1 --2- 172.21.15.39:0/2267491451 >> [v2:172.21.15.39:6800/2178314534,v1:172.21.15.39:6801/2178314534] conn(0x7f2e680390f0 0x7f2e6803b5b0 secure :-1 s=READY pgs=11 cs=0 l=1 rev1=1 crypto rx=0x7f2e74006fd0 tx=0x7f2e74006e40 comp rx=0 tx=0).ready entity=mgr.14152 client_cookie=0 server_cookie=0 in_seq=0 out_seq=0
2024-06-13T06:12:53.726 INFO:teuthology.orchestra.run.smithi039.stdout:/usr/bin/ceph: stderr
2024-06-13T06:12:52.801+0000 7f2e7d7fa700 1 -- 172.21.15.39:0/2267491451 <== mon.0 v2:172.21.15.39:3300/0 6 ==== mon_command_ack([{"prefix": "get_command_descriptions"}]=0 v0) ==== 72+0+186418 (secure 0 0 0) 0x7f2e70011e20 con 0x7f2e80107fa0
2024-06-13T06:12:53.726 INFO:teuthology.orchestra.run.smithi039.stdout:/usr/bin/ceph: stderr
2024-06-13T06:12:53.122+0000 7f2e86a40700 1 -- 172.21.15.39:0/2267491451 --> [v2:172.21.15.39:3300/0,v1:172.21.15.39:6789/0] -- mon_command([{prefix=config-key set, key=mgr/dashboard/cluster/status}] v 0) -- 0x7f2e8019f4e0 con 0x7f2e80107fa0
2024-06-13T06:12:53.726 INFO:teuthology.orchestra.run.smithi039.stdout:/usr/bin/ceph: stderr
2024-06-13T06:12:53.124+0000 7f2e7d7fa700 1 -- 172.21.15.39:0/2267491451 <== mon.0 v2:172.21.15.39:3300/0 7 ==== mon_command_ack([{prefix=config-key set, key=mgr/dashboard/cluster/status}]=0 set mgr/dashboard/cluster/status v27)=0 set mgr/dashboard/cluster/status v27) ==== 153+0+0 (secure 0 0 0) 0x7f2e70019c70 con 0x7f2e80107fa0
2024-06-13T06:12:53.726 INFO:teuthology.orchestra.run.smithi039.stdout:/usr/bin/ceph: stderr
2024-06-13T06:12:53.126+0000 7f2e86a40700 1 -- 172.21.15.39:0/2267491451 >> [v2:172.21.15.39:6800/2178314534,v1:172.21.15.39:6801/2178314534] conn(0x7f2e680390f0 msgr2=0x7f2e6803b5b0 secure :-1 s=STATE_CONNECTION_ESTABLISHED l=1).mark_down
2024-06-13T06:12:53.726 INFO:teuthology.orchestra.run.smithi039.stdout:/usr/bin/ceph: stderr
2024-06-13T06:12:53.126+0000 7f2e86a40700 1 --2- 172.21.15.39:0/2267491451 >> [v2:172.21.15.39:6800/2178314534,v1:172.21.15.39:6801/2178314534] conn(0x7f2e680390f0 0x7f2e6803b5b0 secure :-1 s=READY pgs=11 cs=0 l=1 rev1=1 crypto rx=0x7f2e74006fd0 tx=0x7f2e74006e40 comp rx=0 tx=0).stop
2024-06-13T06:12:53.726 INFO:teuthology.orchestra.run.smithi039.stdout:/usr/bin/ceph: stderr
2024-06-13T06:12:53.126+0000 7f2e86a40700 1 -- 172.21.15.39:0/2267491451 >> [v2:172.21.15.39:3300/0,v1:172.21.15.39:6789/0] conn(0x7f2e80107fa0 msgr2=0x7f2e8019bee0 secure :-1 s=STATE_CONNECTION_ESTABLISHED l=1).mark_down
2024-06-13T06:12:53.726 INFO:teuthology.orchestra.run.smithi039.stdout:/usr/bin/ceph: stderr
2024-06-13T06:12:53.126+0000 7f2e86a40700 1 --2- 172.21.15.39:0/2267491451 >> [v2:172.21.15.39:3300/0,v1:172.21.15.39:6789/0] conn(0x7f2e80107fa0 0x7f2e8019bee0 secure :-1 s=READY pgs=79 cs=0 l=1 rev1=1 crypto rx=0x7f2e700117e0 tx=0x7f2e70011c10 comp rx=0 tx=0).stop
2024-06-13T06:12:53.726 INFO:teuthology.orchestra.run.smithi039.stdout:/usr/bin/ceph: stderr
2024-06-13T06:12:53.127+0000 7f2e86a40700 1 -- 172.21.15.39:0/2267491451 shutdown_connections
2024-06-13T06:12:53.726 INFO:teuthology.orchestra.run.smithi039.stdout:/usr/bin/ceph: stderr
2024-06-13T06:12:53.127+0000 7f2e86a40700 1 --2- 172.21.15.39:0/2267491451 >> [v2:172.21.15.39:6800/2178314534,v1:172.21.15.39:6801/2178314534] conn(0x7f2e680390f0 0x7f2e6803b5b0 unknown :-1 s=CLOSED pgs=11 cs=0 l=1 rev1=1 crypto rx=0 tx=0 comp rx=0 tx=0).stop
2024-06-13T06:12:53.726 INFO:teuthology.orchestra.run.smithi039.stdout:/usr/bin/ceph: stderr
2024-06-13T06:12:53.127+0000 7f2e86a40700 1 --2- 172.21.15.39:0/2267491451 >> [v2:172.21.15.39:3300/0,v1:172.21.15.39:6789/0] conn(0x7f2e80107fa0 0x7f2e8019bee0 unknown :-1 s=CLOSED pgs=79 cs=0 l=1 rev1=1 crypto rx=0 tx=0 comp rx=0 tx=0).stop
2024-06-13T06:12:53.726 INFO:teuthology.orchestra.run.smithi039.stdout:/usr/bin/ceph: stderr
2024-06-13T06:12:53.127+0000 7f2e86a40700 1 -- 172.21.15.39:0/2267491451 >> 172.21.15.39:0/2267491451 conn(0x7f2e801035d0 msgr2=0x7f2e801040a0 unknown :-1 s=STATE_NONE l=0).mark_down
2024-06-13T06:12:53.726 INFO:teuthology.orchestra.run.smithi039.stdout:/usr/bin/ceph: stderr
2024-06-13T06:12:53.127+0000 7f2e86a40700 1 -- 172.21.15.39:0/2267491451 shutdown_connections
2024-06-13T06:12:53.727 INFO:teuthology.orchestra.run.smithi039.stdout:/usr/bin/ceph: stderr
2024-06-13T06:12:53.127+0000 7f2e86a40700 1 -- 172.21.15.39:0/2267491451 wait complete.
2024-06-13T06:12:53.727 INFO:teuthology.orchestra.run.smithi039.stdout:/usr/bin/ceph: stderr set mgr/dashboard/cluster/status
2024-06-13T06:12:53.727 INFO:teuthology.orchestra.run.smithi039.stdout:You can access the Ceph CLI as following in case of multi-cluster or non-default config:
2024-06-13T06:12:53.727 INFO:teuthology.orchestra.run.smithi039.stdout:
2024-06-13T06:12:53.727 INFO:teuthology.orchestra.run.smithi039.stdout: sudo /home/ubuntu/cephtest/cephadm shell --fsid ae626f9c-294b-11ef-bc9c-c7b262605968 -c /etc/ceph/ceph.conf -k /etc/ceph/ceph.client.admin.keyring
2024-06-13T06:12:53.727 INFO:teuthology.orchestra.run.smithi039.stdout:
2024-06-13T06:12:53.727 INFO:teuthology.orchestra.run.smithi039.stdout:Or, if you are only running a single cluster on this host:
2024-06-13T06:12:53.727 INFO:teuthology.orchestra.run.smithi039.stdout:
2024-06-13T06:12:53.727 INFO:teuthology.orchestra.run.smithi039.stdout: sudo /home/ubuntu/cephtest/cephadm shell
2024-06-13T06:12:53.727 INFO:teuthology.orchestra.run.smithi039.stdout:
2024-06-13T06:12:53.727 INFO:teuthology.orchestra.run.smithi039.stdout:Please consider enabling telemetry to help improve Ceph:
2024-06-13T06:12:53.727 INFO:teuthology.orchestra.run.smithi039.stdout:
2024-06-13T06:12:53.727 INFO:teuthology.orchestra.run.smithi039.stdout: ceph telemetry on
2024-06-13T06:12:53.728 INFO:teuthology.orchestra.run.smithi039.stdout:
2024-06-13T06:12:53.728 INFO:teuthology.orchestra.run.smithi039.stdout:For more information see:
2024-06-13T06:12:53.728 INFO:teuthology.orchestra.run.smithi039.stdout:
2024-06-13T06:12:53.728 INFO:teuthology.orchestra.run.smithi039.stdout: https://docs.ceph.com/en/latest/mgr/telemetry/
2024-06-13T06:12:53.728 INFO:teuthology.orchestra.run.smithi039.stdout:
2024-06-13T06:12:53.728 INFO:teuthology.orchestra.run.smithi039.stdout:Bootstrap complete.
2024-06-13T06:12:53.759 INFO:tasks.cephadm:Fetching config...
2024-06-13T06:12:53.759 DEBUG:teuthology.orchestra.run.smithi039:> set -ex
2024-06-13T06:12:53.759 DEBUG:teuthology.orchestra.run.smithi039:> dd if=/etc/ceph/ceph.conf of=/dev/stdout
2024-06-13T06:12:53.777 INFO:tasks.cephadm:Fetching client.admin keyring...
2024-06-13T06:12:53.777 DEBUG:teuthology.orchestra.run.smithi039:> set -ex
2024-06-13T06:12:53.777 DEBUG:teuthology.orchestra.run.smithi039:> dd if=/etc/ceph/ceph.client.admin.keyring of=/dev/stdout
2024-06-13T06:12:53.834 INFO:tasks.cephadm:Fetching mon keyring...
2024-06-13T06:12:53.834 DEBUG:teuthology.orchestra.run.smithi039:> set -ex
2024-06-13T06:12:53.834 DEBUG:teuthology.orchestra.run.smithi039:> sudo dd if=/var/lib/ceph/ae626f9c-294b-11ef-bc9c-c7b262605968/mon.a/keyring of=/dev/stdout
2024-06-13T06:12:53.899 INFO:tasks.cephadm:Fetching pub ssh key...
2024-06-13T06:12:53.899 DEBUG:teuthology.orchestra.run.smithi039:> set -ex
2024-06-13T06:12:53.899 DEBUG:teuthology.orchestra.run.smithi039:> dd if=/home/ubuntu/cephtest/ceph.pub of=/dev/stdout
2024-06-13T06:12:53.954 INFO:tasks.cephadm:Installing pub ssh key for root users...
2024-06-13T06:12:53.955 DEBUG:teuthology.orchestra.run.smithi039:> sudo install -d -m 0700 /root/.ssh && echo 'ssh-rsa AAAAB3NzaC1yc2EAAAADAQABAAABgQDFFP4lHSRkNqyLRBDADiM4TQvoBhGM21atA+9DxXhf+RIuXJ1NN1rcec+wqZs5dU2FA8v+57qP/3IsyvaHEkarIo5jduJ/BINKtRpR24jJh/DeKb1HkyYcoD7xBJRYub3xMSAPl5LlPr5apeQ0MeAkDIVAXBA5iqISLb9UUzk8mIB2zqY5HqTlisg8r7+7VAXJFUDFjHet2szlSEryUg7fzNMG5kpFwRJTLGp816CBU/2qqfo332oFY/03Ur3u6L5jOBGnTg3RmIjrRG3eZYZatZ2Hw3Rd5DnPO9+w1Vae6GZzTgqOj7+44xq+mUuQflYTO/Uk8KstEuwUCrW+OCzcdJK7UT5mFxRX7Ctd0w9prTKt1VaTJSk7CRQDCGt7MOBY6HZmtt9aUuTKjOYlNvFp3VRDvZ3+nNGKSsDzV7lQagJDrWKqrmZxbIeWVD7sNv1W2a1PlLib/gpqeW3cn1f1CtP16Ft/UW94jtpvkaIBxaXQcYK3evuy7+aBmuqPPr8= ceph-ae626f9c-294b-11ef-bc9c-c7b262605968' | sudo tee -a /root/.ssh/authorized_keys && sudo chmod 0600 /root/.ssh/authorized_keys
2024-06-13T06:12:54.049 INFO:teuthology.orchestra.run.smithi039.stdout:ssh-rsa AAAAB3NzaC1yc2EAAAADAQABAAABgQDFFP4lHSRkNqyLRBDADiM4TQvoBhGM21atA+9DxXhf+RIuXJ1NN1rcec+wqZs5dU2FA8v+57qP/3IsyvaHEkarIo5jduJ/BINKtRpR24jJh/DeKb1HkyYcoD7xBJRYub3xMSAPl5LlPr5apeQ0MeAkDIVAXBA5iqISLb9UUzk8mIB2zqY5HqTlisg8r7+7VAXJFUDFjHet2szlSEryUg7fzNMG5kpFwRJTLGp816CBU/2qqfo332oFY/03Ur3u6L5jOBGnTg3RmIjrRG3eZYZatZ2Hw3Rd5DnPO9+w1Vae6GZzTgqOj7+44xq+mUuQflYTO/Uk8KstEuwUCrW+OCzcdJK7UT5mFxRX7Ctd0w9prTKt1VaTJSk7CRQDCGt7MOBY6HZmtt9aUuTKjOYlNvFp3VRDvZ3+nNGKSsDzV7lQagJDrWKqrmZxbIeWVD7sNv1W2a1PlLib/gpqeW3cn1f1CtP16Ft/UW94jtpvkaIBxaXQcYK3evuy7+aBmuqPPr8= ceph-ae626f9c-294b-11ef-bc9c-c7b262605968
2024-06-13T06:12:54.061 DEBUG:teuthology.orchestra.run.smithi096:> sudo install -d -m 0700 /root/.ssh && echo 'ssh-rsa AAAAB3NzaC1yc2EAAAADAQABAAABgQDFFP4lHSRkNqyLRBDADiM4TQvoBhGM21atA+9DxXhf+RIuXJ1NN1rcec+wqZs5dU2FA8v+57qP/3IsyvaHEkarIo5jduJ/BINKtRpR24jJh/DeKb1HkyYcoD7xBJRYub3xMSAPl5LlPr5apeQ0MeAkDIVAXBA5iqISLb9UUzk8mIB2zqY5HqTlisg8r7+7VAXJFUDFjHet2szlSEryUg7fzNMG5kpFwRJTLGp816CBU/2qqfo332oFY/03Ur3u6L5jOBGnTg3RmIjrRG3eZYZatZ2Hw3Rd5DnPO9+w1Vae6GZzTgqOj7+44xq+mUuQflYTO/Uk8KstEuwUCrW+OCzcdJK7UT5mFxRX7Ctd0w9prTKt1VaTJSk7CRQDCGt7MOBY6HZmtt9aUuTKjOYlNvFp3VRDvZ3+nNGKSsDzV7lQagJDrWKqrmZxbIeWVD7sNv1W2a1PlLib/gpqeW3cn1f1CtP16Ft/UW94jtpvkaIBxaXQcYK3evuy7+aBmuqPPr8= ceph-ae626f9c-294b-11ef-bc9c-c7b262605968' | sudo tee -a /root/.ssh/authorized_keys && sudo chmod 0600 /root/.ssh/authorized_keys
2024-06-13T06:12:54.100 INFO:teuthology.orchestra.run.smithi096.stdout:ssh-rsa AAAAB3NzaC1yc2EAAAADAQABAAABgQDFFP4lHSRkNqyLRBDADiM4TQvoBhGM21atA+9DxXhf+RIuXJ1NN1rcec+wqZs5dU2FA8v+57qP/3IsyvaHEkarIo5jduJ/BINKtRpR24jJh/DeKb1HkyYcoD7xBJRYub3xMSAPl5LlPr5apeQ0MeAkDIVAXBA5iqISLb9UUzk8mIB2zqY5HqTlisg8r7+7VAXJFUDFjHet2szlSEryUg7fzNMG5kpFwRJTLGp816CBU/2qqfo332oFY/03Ur3u6L5jOBGnTg3RmIjrRG3eZYZatZ2Hw3Rd5DnPO9+w1Vae6GZzTgqOj7+44xq+mUuQflYTO/Uk8KstEuwUCrW+OCzcdJK7UT5mFxRX7Ctd0w9prTKt1VaTJSk7CRQDCGt7MOBY6HZmtt9aUuTKjOYlNvFp3VRDvZ3+nNGKSsDzV7lQagJDrWKqrmZxbIeWVD7sNv1W2a1PlLib/gpqeW3cn1f1CtP16Ft/UW94jtpvkaIBxaXQcYK3evuy7+aBmuqPPr8= ceph-ae626f9c-294b-11ef-bc9c-c7b262605968
2024-06-13T06:12:54.112 DEBUG:teuthology.orchestra.run.smithi149:> sudo install -d -m 0700 /root/.ssh && echo 'ssh-rsa AAAAB3NzaC1yc2EAAAADAQABAAABgQDFFP4lHSRkNqyLRBDADiM4TQvoBhGM21atA+9DxXhf+RIuXJ1NN1rcec+wqZs5dU2FA8v+57qP/3IsyvaHEkarIo5jduJ/BINKtRpR24jJh/DeKb1HkyYcoD7xBJRYub3xMSAPl5LlPr5apeQ0MeAkDIVAXBA5iqISLb9UUzk8mIB2zqY5HqTlisg8r7+7VAXJFUDFjHet2szlSEryUg7fzNMG5kpFwRJTLGp816CBU/2qqfo332oFY/03Ur3u6L5jOBGnTg3RmIjrRG3eZYZatZ2Hw3Rd5DnPO9+w1Vae6GZzTgqOj7+44xq+mUuQflYTO/Uk8KstEuwUCrW+OCzcdJK7UT5mFxRX7Ctd0w9prTKt1VaTJSk7CRQDCGt7MOBY6HZmtt9aUuTKjOYlNvFp3VRDvZ3+nNGKSsDzV7lQagJDrWKqrmZxbIeWVD7sNv1W2a1PlLib/gpqeW3cn1f1CtP16Ft/UW94jtpvkaIBxaXQcYK3evuy7+aBmuqPPr8= ceph-ae626f9c-294b-11ef-bc9c-c7b262605968' | sudo tee -a /root/.ssh/authorized_keys && sudo chmod 0600 /root/.ssh/authorized_keys
2024-06-13T06:12:54.151 INFO:teuthology.orchestra.run.smithi149.stdout:ssh-rsa AAAAB3NzaC1yc2EAAAADAQABAAABgQDFFP4lHSRkNqyLRBDADiM4TQvoBhGM21atA+9DxXhf+RIuXJ1NN1rcec+wqZs5dU2FA8v+57qP/3IsyvaHEkarIo5jduJ/BINKtRpR24jJh/DeKb1HkyYcoD7xBJRYub3xMSAPl5LlPr5apeQ0MeAkDIVAXBA5iqISLb9UUzk8mIB2zqY5HqTlisg8r7+7VAXJFUDFjHet2szlSEryUg7fzNMG5kpFwRJTLGp816CBU/2qqfo332oFY/03Ur3u6L5jOBGnTg3RmIjrRG3eZYZatZ2Hw3Rd5DnPO9+w1Vae6GZzTgqOj7+44xq+mUuQflYTO/Uk8KstEuwUCrW+OCzcdJK7UT5mFxRX7Ctd0w9prTKt1VaTJSk7CRQDCGt7MOBY6HZmtt9aUuTKjOYlNvFp3VRDvZ3+nNGKSsDzV7lQagJDrWKqrmZxbIeWVD7sNv1W2a1PlLib/gpqeW3cn1f1CtP16Ft/UW94jtpvkaIBxaXQcYK3evuy7+aBmuqPPr8= ceph-ae626f9c-294b-11ef-bc9c-c7b262605968
2024-06-13T06:12:54.163 DEBUG:teuthology.orchestra.run.smithi039:> sudo /home/ubuntu/cephtest/cephadm --image quay-quay-quay.apps.os.sepia.ceph.com/ceph-ci/ceph:3d89accfe3201286f000e065a1faea2a88c7a6ba shell -c /etc/ceph/ceph.conf -k /etc/ceph/ceph.client.admin.keyring --fsid ae626f9c-294b-11ef-bc9c-c7b262605968 -- ceph config set mgr mgr/cephadm/allow_ptrace true
2024-06-13T06:12:54.418 INFO:journalctl@ceph.mon.a.smithi039.stdout:Jun 13 06:12:54 smithi039 ceph-mon[32479]: from='client.? 172.21.15.39:0/2267491451' entity='client.admin'
2024-06-13T06:12:54.421 INFO:teuthology.orchestra.run.smithi039.stderr:Inferring config /var/lib/ceph/ae626f9c-294b-11ef-bc9c-c7b262605968/mon.a/config
2024-06-13T06:12:56.544 INFO:teuthology.orchestra.run.smithi039.stderr:2024-06-13T06:12:56.543+0000 7fb3dd56f700 1 -- 172.21.15.39:0/1964011463 >> [v2:172.21.15.39:3300/0,v1:172.21.15.39:6789/0] conn(0x7fb3d8102a40 msgr2=0x7fb3d8104e30 secure :-1 s=STATE_CONNECTION_ESTABLISHED l=1).mark_down
2024-06-13T06:12:56.544 INFO:teuthology.orchestra.run.smithi039.stderr:2024-06-13T06:12:56.543+0000 7fb3dd56f700 1 --2- 172.21.15.39:0/1964011463 >> [v2:172.21.15.39:3300/0,v1:172.21.15.39:6789/0] conn(0x7fb3d8102a40 0x7fb3d8104e30 secure :-1 s=READY pgs=80 cs=0 l=1 rev1=1 crypto rx=0x7fb3c8009910 tx=0x7fb3c8009c20 comp rx=0 tx=0).stop
2024-06-13T06:12:56.545 INFO:teuthology.orchestra.run.smithi039.stderr:2024-06-13T06:12:56.543+0000 7fb3dd56f700 1 -- 172.21.15.39:0/1964011463 shutdown_connections
2024-06-13T06:12:56.545 INFO:teuthology.orchestra.run.smithi039.stderr:2024-06-13T06:12:56.543+0000 7fb3dd56f700 1 --2- 172.21.15.39:0/1964011463 >> [v2:172.21.15.39:3300/0,v1:172.21.15.39:6789/0] conn(0x7fb3d8102a40 0x7fb3d8104e30 unknown :-1 s=CLOSED pgs=80 cs=0 l=1 rev1=1 crypto rx=0 tx=0 comp rx=0 tx=0).stop
2024-06-13T06:12:56.545 INFO:teuthology.orchestra.run.smithi039.stderr:2024-06-13T06:12:56.543+0000 7fb3dd56f700 1 -- 172.21.15.39:0/1964011463 >> 172.21.15.39:0/1964011463 conn(0x7fb3d80fc390 msgr2=0x7fb3d80fe7d0 unknown :-1 s=STATE_NONE l=0).mark_down
