2024-06-13T06:42:01.666+0000 7f1a83e00700 1 --2- 172.21.15.7:0/2634982249 >> [v2:172.21.15.7:6800/2901233239,v1:172.21.15.7:6801/2901233239] conn(0x7f1a74039100 0x7f1a7403b5c0 secure :-1 s=READY pgs=7 cs=0 l=1 rev1=1 crypto rx=0x7f1a7c006fd0 tx=0x7f1a7c006e40 comp rx=0 tx=0).ready entity=mgr.14152 client_cookie=0 server_cookie=0 in_seq=0 out_seq=0
2024-06-13T06:42:02.847 INFO:teuthology.orchestra.run.smithi007.stdout:/usr/bin/ceph: stderr
2024-06-13T06:42:01.672+0000 7f1a91600700 1 -- 172.21.15.7:0/2634982249 <== mon.0 v2:172.21.15.7:3300/0 6 ==== mon_command_ack([{"prefix": "get_command_descriptions"}]=0 v0) ==== 72+0+186418 (secure 0 0 0) 0x7f1a8402a020 con 0x7f1a94107c50
2024-06-13T06:42:02.847 INFO:teuthology.orchestra.run.smithi007.stdout:/usr/bin/ceph: stderr
2024-06-13T06:42:01.908+0000 7f1a99400700 1 -- 172.21.15.7:0/2634982249 --> [v2:172.21.15.7:6800/2901233239,v1:172.21.15.7:6801/2901233239] -- mgr_command(tid 0: {"prefix": "dashboard create-self-signed-cert", "target": ["mon-mgr", ""]}) -- 0x7f1a9407cfd0 con 0x7f1a74039100
2024-06-13T06:42:02.847 INFO:teuthology.orchestra.run.smithi007.stdout:/usr/bin/ceph: stderr
2024-06-13T06:42:02.001+0000 7f1a91600700 1 -- 172.21.15.7:0/2634982249 <== mgr.14152 v2:172.21.15.7:6800/2901233239 1 ==== mgr_command_reply(tid 0: 0 ) ==== 8+0+32 (secure 0 0 0) 0x7f1a9407cfd0 con 0x7f1a74039100
2024-06-13T06:42:02.847 INFO:teuthology.orchestra.run.smithi007.stdout:/usr/bin/ceph: stderr
2024-06-13T06:42:02.004+0000 7f1a99400700 1 -- 172.21.15.7:0/2634982249 >> [v2:172.21.15.7:6800/2901233239,v1:172.21.15.7:6801/2901233239] conn(0x7f1a74039100 msgr2=0x7f1a7403b5c0 secure :-1 s=STATE_CONNECTION_ESTABLISHED l=1).mark_down
2024-06-13T06:42:02.847 INFO:teuthology.orchestra.run.smithi007.stdout:/usr/bin/ceph: stderr
2024-06-13T06:42:02.004+0000 7f1a99400700 1 --2- 172.21.15.7:0/2634982249 >> [v2:172.21.15.7:6800/2901233239,v1:172.21.15.7:6801/2901233239] conn(0x7f1a74039100 0x7f1a7403b5c0 secure :-1 s=READY pgs=7 cs=0 l=1 rev1=1 crypto rx=0x7f1a7c006fd0 tx=0x7f1a7c006e40 comp rx=0 tx=0).stop
2024-06-13T06:42:02.847 INFO:teuthology.orchestra.run.smithi007.stdout:/usr/bin/ceph: stderr
2024-06-13T06:42:02.004+0000 7f1a99400700 1 -- 172.21.15.7:0/2634982249 >> [v2:172.21.15.7:3300/0,v1:172.21.15.7:6789/0] conn(0x7f1a94107c50 msgr2=0x7f1a9407db50 secure :-1 s=STATE_CONNECTION_ESTABLISHED l=1).mark_down
2024-06-13T06:42:02.847 INFO:teuthology.orchestra.run.smithi007.stdout:/usr/bin/ceph: stderr
2024-06-13T06:42:02.004+0000 7f1a99400700 1 --2- 172.21.15.7:0/2634982249 >> [v2:172.21.15.7:3300/0,v1:172.21.15.7:6789/0] conn(0x7f1a94107c50 0x7f1a9407db50 secure :-1 s=READY pgs=71 cs=0 l=1 rev1=1 crypto rx=0x7f1a84009530 tx=0x7f1a84003d00 comp rx=0 tx=0).stop
2024-06-13T06:42:02.847 INFO:teuthology.orchestra.run.smithi007.stdout:/usr/bin/ceph: stderr
2024-06-13T06:42:02.004+0000 7f1a99400700 1 -- 172.21.15.7:0/2634982249 shutdown_connections
2024-06-13T06:42:02.847 INFO:teuthology.orchestra.run.smithi007.stdout:/usr/bin/ceph: stderr
2024-06-13T06:42:02.004+0000 7f1a99400700 1 --2- 172.21.15.7:0/2634982249 >> [v2:172.21.15.7:6800/2901233239,v1:172.21.15.7:6801/2901233239] conn(0x7f1a74039100 0x7f1a7403b5c0 unknown :-1 s=CLOSED pgs=7 cs=0 l=1 rev1=1 crypto rx=0 tx=0 comp rx=0 tx=0).stop
2024-06-13T06:42:02.847 INFO:teuthology.orchestra.run.smithi007.stdout:/usr/bin/ceph: stderr
2024-06-13T06:42:02.004+0000 7f1a99400700 1 --2- 172.21.15.7:0/2634982249 >> [v2:172.21.15.7:3300/0,v1:172.21.15.7:6789/0] conn(0x7f1a94107c50 0x7f1a9407db50 unknown :-1 s=CLOSED pgs=71 cs=0 l=1 rev1=1 crypto rx=0 tx=0 comp rx=0 tx=0).stop
2024-06-13T06:42:02.847 INFO:teuthology.orchestra.run.smithi007.stdout:/usr/bin/ceph: stderr
2024-06-13T06:42:02.004+0000 7f1a99400700 1 -- 172.21.15.7:0/2634982249 >> 172.21.15.7:0/2634982249 conn(0x7f1a941031f0 msgr2=0x7f1a94103d70 unknown :-1 s=STATE_NONE l=0).mark_down
2024-06-13T06:42:02.847 INFO:teuthology.orchestra.run.smithi007.stdout:/usr/bin/ceph: stderr
2024-06-13T06:42:02.004+0000 7f1a99400700 1 -- 172.21.15.7:0/2634982249 shutdown_connections
2024-06-13T06:42:02.847 INFO:teuthology.orchestra.run.smithi007.stdout:/usr/bin/ceph: stderr
2024-06-13T06:42:02.005+0000 7f1a99400700 1 -- 172.21.15.7:0/2634982249 wait complete.
2024-06-13T06:42:02.847 INFO:teuthology.orchestra.run.smithi007.stdout:Creating initial admin user...
2024-06-13T06:42:03.656 INFO:journalctl@ceph.mon.a.smithi007.stdout:Jun 13 06:42:03 smithi007 ceph-mon[32077]: from='mgr.14152 172.21.15.7:0/1702448856' entity='mgr.x'
2024-06-13T06:42:04.590 INFO:teuthology.orchestra.run.smithi007.stdout:/usr/bin/ceph: stdout {"username": "admin", "password": "$2b$12$XvIxC43FdCuARD7zkNDhkuNbJrJRZIZzq0/OGLkIfjLuv9HgezcI6", "roles": ["administrator"], "name": null, "email": null, "lastUpdate": 1718260923, "enabled": true, "pwdExpirationDate": null, "pwdUpdateRequired": true}
2024-06-13T06:42:04.590 INFO:teuthology.orchestra.run.smithi007.stdout:/usr/bin/ceph: stderr
2024-06-13T06:42:03.406+0000 7fc88b200700 1 Processor -- start
2024-06-13T06:42:04.590 INFO:teuthology.orchestra.run.smithi007.stdout:/usr/bin/ceph: stderr
2024-06-13T06:42:03.406+0000 7fc88b200700 1 -- start start
2024-06-13T06:42:04.590 INFO:teuthology.orchestra.run.smithi007.stdout:/usr/bin/ceph: stderr
2024-06-13T06:42:03.407+0000 7fc88b200700 1 --2- >> [v2:172.21.15.7:3300/0,v1:172.21.15.7:6789/0] conn(0x7fc88c1087c0 0x7fc88c10abb0 unknown :-1 s=NONE pgs=0 cs=0 l=0 rev1=0 crypto rx=0 tx=0 comp rx=0 tx=0).connect
2024-06-13T06:42:04.590 INFO:teuthology.orchestra.run.smithi007.stdout:/usr/bin/ceph: stderr
2024-06-13T06:42:03.407+0000 7fc88b200700 1 -- --> [v2:172.21.15.7:3300/0,v1:172.21.15.7:6789/0] -- mon_getmap magic: 0 -- 0x7fc88c07bdd0 con 0x7fc88c1087c0
2024-06-13T06:42:04.590 INFO:teuthology.orchestra.run.smithi007.stdout:/usr/bin/ceph: stderr
2024-06-13T06:42:03.407+0000 7fc889e00700 1 --2- >> [v2:172.21.15.7:3300/0,v1:172.21.15.7:6789/0] conn(0x7fc88c1087c0 0x7fc88c10abb0 unknown :-1 s=BANNER_CONNECTING pgs=0 cs=0 l=0 rev1=0 crypto rx=0 tx=0 comp rx=0 tx=0)._handle_peer_banner_payload supported=3 required=0
2024-06-13T06:42:04.591 INFO:teuthology.orchestra.run.smithi007.stdout:/usr/bin/ceph: stderr
2024-06-13T06:42:03.408+0000 7fc889e00700 1 --2- >> [v2:172.21.15.7:3300/0,v1:172.21.15.7:6789/0] conn(0x7fc88c1087c0 0x7fc88c10abb0 unknown :-1 s=HELLO_CONNECTING pgs=0 cs=0 l=0 rev1=1 crypto rx=0 tx=0 comp rx=0 tx=0).handle_hello peer v2:172.21.15.7:3300/0 says I am v2:172.21.15.7:42198/0 (socket says 172.21.15.7:42198)
2024-06-13T06:42:04.591 INFO:teuthology.orchestra.run.smithi007.stdout:/usr/bin/ceph: stderr
2024-06-13T06:42:03.408+0000 7fc889e00700 1 -- 172.21.15.7:0/3896028283 learned_addr learned my addr 172.21.15.7:0/3896028283 (peer_addr_for_me v2:172.21.15.7:0/0)
2024-06-13T06:42:04.591 INFO:teuthology.orchestra.run.smithi007.stdout:/usr/bin/ceph: stderr
2024-06-13T06:42:03.408+0000 7fc889e00700 1 -- 172.21.15.7:0/3896028283 --> [v2:172.21.15.7:3300/0,v1:172.21.15.7:6789/0] -- mon_subscribe({config=0+,monmap=0+}) -- 0x7fc88c10b0f0 con 0x7fc88c1087c0
2024-06-13T06:42:04.591 INFO:teuthology.orchestra.run.smithi007.stdout:/usr/bin/ceph: stderr
2024-06-13T06:42:03.408+0000 7fc889e00700 1 --2- 172.21.15.7:0/3896028283 >> [v2:172.21.15.7:3300/0,v1:172.21.15.7:6789/0] conn(0x7fc88c1087c0 0x7fc88c10abb0 secure :-1 s=READY pgs=72 cs=0 l=1 rev1=1 crypto rx=0x7fc87c0098a0 tx=0x7fc87c009bb0 comp rx=0 tx=0).ready entity=mon.0 client_cookie=9d6bb2c99da17969 server_cookie=0 in_seq=0 out_seq=0
2024-06-13T06:42:04.591 INFO:teuthology.orchestra.run.smithi007.stdout:/usr/bin/ceph: stderr
2024-06-13T06:42:03.409+0000 7fc888a00700 1 -- 172.21.15.7:0/3896028283 <== mon.0 v2:172.21.15.7:3300/0 1 ==== mon_map magic: 0 ==== 205+0+0 (secure 0 0 0) 0x7fc87c004160 con 0x7fc88c1087c0
2024-06-13T06:42:04.591 INFO:teuthology.orchestra.run.smithi007.stdout:/usr/bin/ceph: stderr
2024-06-13T06:42:03.409+0000 7fc888a00700 1 -- 172.21.15.7:0/3896028283 <== mon.0 v2:172.21.15.7:3300/0 2 ==== config(27 keys) ==== 1140+0+0 (secure 0 0 0) 0x7fc87c004300 con 0x7fc88c1087c0
2024-06-13T06:42:04.591 INFO:teuthology.orchestra.run.smithi007.stdout:/usr/bin/ceph: stderr
2024-06-13T06:42:03.409+0000 7fc888a00700 1 -- 172.21.15.7:0/3896028283 <== mon.0 v2:172.21.15.7:3300/0 3 ==== mon_map magic: 0 ==== 205+0+0 (secure 0 0 0) 0x7fc87c011b20 con 0x7fc88c1087c0
2024-06-13T06:42:04.591 INFO:teuthology.orchestra.run.smithi007.stdout:/usr/bin/ceph: stderr
2024-06-13T06:42:03.410+0000 7fc88b200700 1 -- 172.21.15.7:0/3896028283 >> [v2:172.21.15.7:3300/0,v1:172.21.15.7:6789/0] conn(0x7fc88c1087c0 msgr2=0x7fc88c10abb0 secure :-1 s=STATE_CONNECTION_ESTABLISHED l=1).mark_down
2024-06-13T06:42:04.591 INFO:teuthology.orchestra.run.smithi007.stdout:/usr/bin/ceph: stderr
2024-06-13T06:42:03.410+0000 7fc88b200700 1 --2- 172.21.15.7:0/3896028283 >> [v2:172.21.15.7:3300/0,v1:172.21.15.7:6789/0] conn(0x7fc88c1087c0 0x7fc88c10abb0 secure :-1 s=READY pgs=72 cs=0 l=1 rev1=1 crypto rx=0x7fc87c0098a0 tx=0x7fc87c009bb0 comp rx=0 tx=0).stop
2024-06-13T06:42:04.591 INFO:teuthology.orchestra.run.smithi007.stdout:/usr/bin/ceph: stderr
2024-06-13T06:42:03.410+0000 7fc88b200700 1 -- 172.21.15.7:0/3896028283 shutdown_connections
2024-06-13T06:42:04.592 INFO:teuthology.orchestra.run.smithi007.stdout:/usr/bin/ceph: stderr
2024-06-13T06:42:03.410+0000 7fc88b200700 1 --2- 172.21.15.7:0/3896028283 >> [v2:172.21.15.7:3300/0,v1:172.21.15.7:6789/0] conn(0x7fc88c1087c0 0x7fc88c10abb0 unknown :-1 s=CLOSED pgs=72 cs=0 l=1 rev1=1 crypto rx=0 tx=0 comp rx=0 tx=0).stop
2024-06-13T06:42:04.592 INFO:teuthology.orchestra.run.smithi007.stdout:/usr/bin/ceph: stderr
2024-06-13T06:42:03.410+0000 7fc88b200700 1 -- 172.21.15.7:0/3896028283 >> 172.21.15.7:0/3896028283 conn(0x7fc88c102130 msgr2=0x7fc88c104570 unknown :-1 s=STATE_NONE l=0).mark_down
2024-06-13T06:42:04.592 INFO:teuthology.orchestra.run.smithi007.stdout:/usr/bin/ceph: stderr
2024-06-13T06:42:03.410+0000 7fc88b200700 1 -- 172.21.15.7:0/3896028283 shutdown_connections
2024-06-13T06:42:04.592 INFO:teuthology.orchestra.run.smithi007.stdout:/usr/bin/ceph: stderr
2024-06-13T06:42:03.410+0000 7fc88b200700 1 -- 172.21.15.7:0/3896028283 wait complete.
2024-06-13T06:42:04.592 INFO:teuthology.orchestra.run.smithi007.stdout:/usr/bin/ceph: stderr
2024-06-13T06:42:03.412+0000 7fc88b200700 1 Processor -- start
2024-06-13T06:42:04.592 INFO:teuthology.orchestra.run.smithi007.stdout:/usr/bin/ceph: stderr
2024-06-13T06:42:03.412+0000 7fc88b200700 1 -- start start
2024-06-13T06:42:04.592 INFO:teuthology.orchestra.run.smithi007.stdout:/usr/bin/ceph: stderr
2024-06-13T06:42:03.412+0000 7fc88b200700 1 --2- >> [v2:172.21.15.7:3300/0,v1:172.21.15.7:6789/0] conn(0x7fc88c1087c0 0x7fc88c19dde0 unknown :-1 s=NONE pgs=0 cs=0 l=1 rev1=0 crypto rx=0 tx=0 comp rx=0 tx=0).connect
2024-06-13T06:42:04.592 INFO:teuthology.orchestra.run.smithi007.stdout:/usr/bin/ceph: stderr
2024-06-13T06:42:03.412+0000 7fc88b200700 1 -- --> [v2:172.21.15.7:3300/0,v1:172.21.15.7:6789/0] -- mon_getmap magic: 0 -- 0x7fc88c10c0a0 con 0x7fc88c1087c0
2024-06-13T06:42:04.592 INFO:teuthology.orchestra.run.smithi007.stdout:/usr/bin/ceph: stderr
2024-06-13T06:42:03.413+0000 7fc889e00700 1 --2- >> [v2:172.21.15.7:3300/0,v1:172.21.15.7:6789/0] conn(0x7fc88c1087c0 0x7fc88c19dde0 unknown :-1 s=BANNER_CONNECTING pgs=0 cs=0 l=1 rev1=0 crypto rx=0 tx=0 comp rx=0 tx=0)._handle_peer_banner_payload supported=3 required=0
2024-06-13T06:42:04.592 INFO:teuthology.orchestra.run.smithi007.stdout:/usr/bin/ceph: stderr
2024-06-13T06:42:03.413+0000 7fc889e00700 1 --2- >> [v2:172.21.15.7:3300/0,v1:172.21.15.7:6789/0] conn(0x7fc88c1087c0 0x7fc88c19dde0 unknown :-1 s=HELLO_CONNECTING pgs=0 cs=0 l=1 rev1=1 crypto rx=0 tx=0 comp rx=0 tx=0).handle_hello peer v2:172.21.15.7:3300/0 says I am v2:172.21.15.7:42208/0 (socket says 172.21.15.7:42208)
2024-06-13T06:42:04.592 INFO:teuthology.orchestra.run.smithi007.stdout:/usr/bin/ceph: stderr
2024-06-13T06:42:03.413+0000 7fc889e00700 1 -- 172.21.15.7:0/2324689838 learned_addr learned my addr 172.21.15.7:0/2324689838 (peer_addr_for_me v2:172.21.15.7:0/0)
2024-06-13T06:42:04.592 INFO:teuthology.orchestra.run.smithi007.stdout:/usr/bin/ceph: stderr
2024-06-13T06:42:03.413+0000 7fc889e00700 1 -- 172.21.15.7:0/2324689838 --> [v2:172.21.15.7:3300/0,v1:172.21.15.7:6789/0] -- mon_subscribe({config=0+,monmap=0+}) -- 0x7fc88c19e320 con 0x7fc88c1087c0
2024-06-13T06:42:04.592 INFO:teuthology.orchestra.run.smithi007.stdout:/usr/bin/ceph: stderr
2024-06-13T06:42:03.414+0000 7fc889e00700 1 --2- 172.21.15.7:0/2324689838 >> [v2:172.21.15.7:3300/0,v1:172.21.15.7:6789/0] conn(0x7fc88c1087c0 0x7fc88c19dde0 secure :-1 s=READY pgs=73 cs=0 l=1 rev1=1 crypto rx=0x7fc87c0117e0 tx=0x7fc87c011ba0 comp rx=0 tx=0).ready entity=mon.0 client_cookie=0 server_cookie=0 in_seq=0 out_seq=0
2024-06-13T06:42:04.593 INFO:teuthology.orchestra.run.smithi007.stdout:/usr/bin/ceph: stderr
2024-06-13T06:42:03.414+0000 7fc882a00700 1 -- 172.21.15.7:0/2324689838 <== mon.0 v2:172.21.15.7:3300/0 1 ==== mon_map magic: 0 ==== 205+0+0 (secure 0 0 0) 0x7fc87c003ba0 con 0x7fc88c1087c0
2024-06-13T06:42:04.593 INFO:teuthology.orchestra.run.smithi007.stdout:/usr/bin/ceph: stderr
2024-06-13T06:42:03.414+0000 7fc882a00700 1 -- 172.21.15.7:0/2324689838 <== mon.0 v2:172.21.15.7:3300/0 2 ==== config(27 keys) ==== 1140+0+0 (secure 0 0 0) 0x7fc87c01a910 con 0x7fc88c1087c0
2024-06-13T06:42:04.593 INFO:teuthology.orchestra.run.smithi007.stdout:/usr/bin/ceph: stderr
2024-06-13T06:42:03.414+0000 7fc88b200700 1 -- 172.21.15.7:0/2324689838 --> [v2:172.21.15.7:3300/0,v1:172.21.15.7:6789/0] -- mon_subscribe({mgrmap=0+}) -- 0x7fc88c19e5b0 con 0x7fc88c1087c0
2024-06-13T06:42:04.593 INFO:teuthology.orchestra.run.smithi007.stdout:/usr/bin/ceph: stderr
2024-06-13T06:42:03.414+0000 7fc882a00700 1 -- 172.21.15.7:0/2324689838 <== mon.0 v2:172.21.15.7:3300/0 3 ==== mon_map magic: 0 ==== 205+0+0 (secure 0 0 0) 0x7fc87c0248f0 con 0x7fc88c1087c0
2024-06-13T06:42:04.593 INFO:teuthology.orchestra.run.smithi007.stdout:/usr/bin/ceph: stderr
2024-06-13T06:42:03.414+0000 7fc88b200700 1 -- 172.21.15.7:0/2324689838 --> [v2:172.21.15.7:3300/0,v1:172.21.15.7:6789/0] -- mon_subscribe({osdmap=0}) -- 0x7fc88c19ea10 con 0x7fc88c1087c0
2024-06-13T06:42:04.593 INFO:teuthology.orchestra.run.smithi007.stdout:/usr/bin/ceph: stderr
2024-06-13T06:42:03.415+0000 7fc882a00700 1 -- 172.21.15.7:0/2324689838 <== mon.0 v2:172.21.15.7:3300/0 4 ==== mgrmap(e 12) ==== 46300+0+0 (secure 0 0 0) 0x7fc87c022020 con 0x7fc88c1087c0
2024-06-13T06:42:04.593 INFO:teuthology.orchestra.run.smithi007.stdout:/usr/bin/ceph: stderr
2024-06-13T06:42:03.416+0000 7fc88b200700 1 -- 172.21.15.7:0/2324689838 --> [v2:172.21.15.7:3300/0,v1:172.21.15.7:6789/0] -- mon_command({"prefix": "get_command_descriptions"} v 0) -- 0x7fc88c063af0 con 0x7fc88c1087c0
2024-06-13T06:42:04.593 INFO:teuthology.orchestra.run.smithi007.stdout:/usr/bin/ceph: stderr
2024-06-13T06:42:03.416+0000 7fc882a00700 1 --2- 172.21.15.7:0/2324689838 >> [v2:172.21.15.7:6800/2901233239,v1:172.21.15.7:6801/2901233239] conn(0x7fc870039100 0x7fc87003b5c0 unknown :-1 s=NONE pgs=0 cs=0 l=1 rev1=0 crypto rx=0 tx=0 comp rx=0 tx=0).connect
2024-06-13T06:42:04.593 INFO:teuthology.orchestra.run.smithi007.stdout:/usr/bin/ceph: stderr
2024-06-13T06:42:03.416+0000 7fc882a00700 1 -- 172.21.15.7:0/2324689838 <== mon.0 v2:172.21.15.7:3300/0 5 ==== osd_map(3..3 src has 1..3) ==== 1155+0+0 (secure 0 0 0) 0x7fc87c04d5d0 con 0x7fc88c1087c0
2024-06-13T06:42:04.593 INFO:teuthology.orchestra.run.smithi007.stdout:/usr/bin/ceph: stderr
2024-06-13T06:42:03.418+0000 7fc889400700 1 --2- 172.21.15.7:0/2324689838 >> [v2:172.21.15.7:6800/2901233239,v1:172.21.15.7:6801/2901233239] conn(0x7fc870039100 0x7fc87003b5c0 unknown :-1 s=BANNER_CONNECTING pgs=0 cs=0 l=1 rev1=0 crypto rx=0 tx=0 comp rx=0 tx=0)._handle_peer_banner_payload supported=3 required=0
2024-06-13T06:42:04.593 INFO:teuthology.orchestra.run.smithi007.stdout:/usr/bin/ceph: stderr
2024-06-13T06:42:03.418+0000 7fc889400700 1 --2- 172.21.15.7:0/2324689838 >> [v2:172.21.15.7:6800/2901233239,v1:172.21.15.7:6801/2901233239] conn(0x7fc870039100 0x7fc87003b5c0 secure :-1 s=READY pgs=8 cs=0 l=1 rev1=1 crypto rx=0x7fc878006fd0 tx=0x7fc878006e40 comp rx=0 tx=0).ready entity=mgr.14152 client_cookie=0 server_cookie=0 in_seq=0 out_seq=0
2024-06-13T06:42:04.593 INFO:teuthology.orchestra.run.smithi007.stdout:/usr/bin/ceph: stderr
2024-06-13T06:42:03.422+0000 7fc882a00700 1 -- 172.21.15.7:0/2324689838 <== mon.0 v2:172.21.15.7:3300/0 6 ==== mon_command_ack([{"prefix": "get_command_descriptions"}]=0 v0) ==== 72+0+186418 (secure 0 0 0) 0x7fc87c00b3e0 con 0x7fc88c1087c0
2024-06-13T06:42:04.593 INFO:teuthology.orchestra.run.smithi007.stdout:/usr/bin/ceph: stderr
2024-06-13T06:42:03.681+0000 7fc88b200700 1 -- 172.21.15.7:0/2324689838 --> [v2:172.21.15.7:6800/2901233239,v1:172.21.15.7:6801/2901233239] -- mgr_command(tid 0: {"prefix": "dashboard ac-user-create", "username": "admin", "rolename": "administrator", "force_password": true, "pwd_update_required": true, "target": ["mon-mgr", ""]}) -- 0x7fc88c1a1440 con 0x7fc870039100
2024-06-13T06:42:04.593 INFO:teuthology.orchestra.run.smithi007.stdout:/usr/bin/ceph: stderr
2024-06-13T06:42:03.949+0000 7fc882a00700 1 -- 172.21.15.7:0/2324689838 <== mgr.14152 v2:172.21.15.7:6800/2901233239 1 ==== mgr_command_reply(tid 0: 0 ) ==== 8+0+252 (secure 0 0 0) 0x7fc88c1a1440 con 0x7fc870039100
2024-06-13T06:42:04.594 INFO:teuthology.orchestra.run.smithi007.stdout:/usr/bin/ceph: stderr
2024-06-13T06:42:03.952+0000 7fc88b200700 1 -- 172.21.15.7:0/2324689838 >> [v2:172.21.15.7:6800/2901233239,v1:172.21.15.7:6801/2901233239] conn(0x7fc870039100 msgr2=0x7fc87003b5c0 secure :-1 s=STATE_CONNECTION_ESTABLISHED l=1).mark_down
2024-06-13T06:42:04.594 INFO:teuthology.orchestra.run.smithi007.stdout:/usr/bin/ceph: stderr
2024-06-13T06:42:03.952+0000 7fc88b200700 1 --2- 172.21.15.7:0/2324689838 >> [v2:172.21.15.7:6800/2901233239,v1:172.21.15.7:6801/2901233239] conn(0x7fc870039100 0x7fc87003b5c0 secure :-1 s=READY pgs=8 cs=0 l=1 rev1=1 crypto rx=0x7fc878006fd0 tx=0x7fc878006e40 comp rx=0 tx=0).stop
2024-06-13T06:42:04.594 INFO:teuthology.orchestra.run.smithi007.stdout:/usr/bin/ceph: stderr
2024-06-13T06:42:03.952+0000 7fc88b200700 1 -- 172.21.15.7:0/2324689838 >> [v2:172.21.15.7:3300/0,v1:172.21.15.7:6789/0] conn(0x7fc88c1087c0 msgr2=0x7fc88c19dde0 secure :-1 s=STATE_CONNECTION_ESTABLISHED l=1).mark_down
2024-06-13T06:42:04.594 INFO:teuthology.orchestra.run.smithi007.stdout:/usr/bin/ceph: stderr
2024-06-13T06:42:03.952+0000 7fc88b200700 1 --2- 172.21.15.7:0/2324689838 >> [v2:172.21.15.7:3300/0,v1:172.21.15.7:6789/0] conn(0x7fc88c1087c0 0x7fc88c19dde0 secure :-1 s=READY pgs=73 cs=0 l=1 rev1=1 crypto rx=0x7fc87c0117e0 tx=0x7fc87c011ba0 comp rx=0 tx=0).stop
2024-06-13T06:42:04.594 INFO:teuthology.orchestra.run.smithi007.stdout:/usr/bin/ceph: stderr
2024-06-13T06:42:03.952+0000 7fc88b200700 1 -- 172.21.15.7:0/2324689838 shutdown_connections
2024-06-13T06:42:04.594 INFO:teuthology.orchestra.run.smithi007.stdout:/usr/bin/ceph: stderr
2024-06-13T06:42:03.952+0000 7fc88b200700 1 --2- 172.21.15.7:0/2324689838 >> [v2:172.21.15.7:6800/2901233239,v1:172.21.15.7:6801/2901233239] conn(0x7fc870039100 0x7fc87003b5c0 unknown :-1 s=CLOSED pgs=8 cs=0 l=1 rev1=1 crypto rx=0 tx=0 comp rx=0 tx=0).stop
2024-06-13T06:42:04.594 INFO:teuthology.orchestra.run.smithi007.stdout:/usr/bin/ceph: stderr
2024-06-13T06:42:03.952+0000 7fc88b200700 1 --2- 172.21.15.7:0/2324689838 >> [v2:172.21.15.7:3300/0,v1:172.21.15.7:6789/0] conn(0x7fc88c1087c0 0x7fc88c19dde0 unknown :-1 s=CLOSED pgs=73 cs=0 l=1 rev1=1 crypto rx=0 tx=0 comp rx=0 tx=0).stop
2024-06-13T06:42:04.594 INFO:teuthology.orchestra.run.smithi007.stdout:/usr/bin/ceph: stderr
2024-06-13T06:42:03.952+0000 7fc88b200700 1 -- 172.21.15.7:0/2324689838 >> 172.21.15.7:0/2324689838 conn(0x7fc88c102130 msgr2=0x7fc88c102b90 unknown :-1 s=STATE_NONE l=0).mark_down
2024-06-13T06:42:04.594 INFO:teuthology.orchestra.run.smithi007.stdout:/usr/bin/ceph: stderr
2024-06-13T06:42:03.952+0000 7fc88b200700 1 -- 172.21.15.7:0/2324689838 shutdown_connections
2024-06-13T06:42:04.594 INFO:teuthology.orchestra.run.smithi007.stdout:/usr/bin/ceph: stderr
2024-06-13T06:42:03.952+0000 7fc88b200700 1 -- 172.21.15.7:0/2324689838 wait complete.
2024-06-13T06:42:04.594 INFO:teuthology.orchestra.run.smithi007.stdout:Fetching dashboard port number...
2024-06-13T06:42:05.130 INFO:journalctl@ceph.mon.a.smithi007.stdout:Jun 13 06:42:04 smithi007 ceph-mon[32077]: from='client.14166 -' entity='client.admin' cmd=[{"prefix": "dashboard ac-user-create", "username": "admin", "rolename": "administrator", "force_password": true, "pwd_update_required": true, "target": ["mon-mgr", ""]}]: dispatch
2024-06-13T06:42:05.130 INFO:journalctl@ceph.mon.a.smithi007.stdout:Jun 13 06:42:04 smithi007 ceph-mon[32077]: from='mgr.14152 172.21.15.7:0/1702448856' entity='mgr.x'
2024-06-13T06:42:05.130 INFO:journalctl@ceph.mon.a.smithi007.stdout:Jun 13 06:42:04 smithi007 ceph-mon[32077]: from='mgr.14152 172.21.15.7:0/1702448856' entity='mgr.x'
2024-06-13T06:42:06.156 INFO:journalctl@ceph.mon.a.smithi007.stdout:Jun 13 06:42:05 smithi007 ceph-mon[32077]: from='client.? 172.21.15.7:0/4071337369' entity='client.admin' cmd=[{"prefix": "config get", "who": "mgr", "key": "mgr/dashboard/ssl_server_port"}]: dispatch
2024-06-13T06:42:06.166 INFO:teuthology.orchestra.run.smithi007.stdout:/usr/bin/ceph: stdout 8443
2024-06-13T06:42:06.173 INFO:teuthology.orchestra.run.smithi007.stdout:/usr/bin/ceph: stderr
2024-06-13T06:42:05.298+0000 7f55e3a00700 1 Processor -- start
2024-06-13T06:42:06.173 INFO:teuthology.orchestra.run.smithi007.stdout:/usr/bin/ceph: stderr
2024-06-13T06:42:05.299+0000 7f55e3a00700 1 -- start start
2024-06-13T06:42:06.173 INFO:teuthology.orchestra.run.smithi007.stdout:/usr/bin/ceph: stderr
2024-06-13T06:42:05.299+0000 7f55e3a00700 1 --2- >> [v2:172.21.15.7:3300/0,v1:172.21.15.7:6789/0] conn(0x7f55dc10a130 0x7f55dc10a550 unknown :-1 s=NONE pgs=0 cs=0 l=0 rev1=0 crypto rx=0 tx=0 comp rx=0 tx=0).connect
2024-06-13T06:42:06.173 INFO:teuthology.orchestra.run.smithi007.stdout:/usr/bin/ceph: stderr
2024-06-13T06:42:05.299+0000 7f55e3a00700 1 -- --> [v2:172.21.15.7:3300/0,v1:172.21.15.7:6789/0] -- mon_getmap magic: 0 -- 0x7f55dc10ab20 con 0x7f55dc10a130
2024-06-13T06:42:06.173 INFO:teuthology.orchestra.run.smithi007.stdout:/usr/bin/ceph: stderr
2024-06-13T06:42:05.300+0000 7f55e1000700 1 --2- >> [v2:172.21.15.7:3300/0,v1:172.21.15.7:6789/0] conn(0x7f55dc10a130 0x7f55dc10a550 unknown :-1 s=BANNER_CONNECTING pgs=0 cs=0 l=0 rev1=0 crypto rx=0 tx=0 comp rx=0 tx=0)._handle_peer_banner_payload supported=3 required=0
2024-06-13T06:42:06.173 INFO:teuthology.orchestra.run.smithi007.stdout:/usr/bin/ceph: stderr
2024-06-13T06:42:05.300+0000 7f55e1000700 1 --2- >> [v2:172.21.15.7:3300/0,v1:172.21.15.7:6789/0] conn(0x7f55dc10a130 0x7f55dc10a550 unknown :-1 s=HELLO_CONNECTING pgs=0 cs=0 l=0 rev1=1 crypto rx=0 tx=0 comp rx=0 tx=0).handle_hello peer v2:172.21.15.7:3300/0 says I am v2:172.21.15.7:42220/0 (socket says 172.21.15.7:42220)
2024-06-13T06:42:06.173 INFO:teuthology.orchestra.run.smithi007.stdout:/usr/bin/ceph: stderr
2024-06-13T06:42:05.300+0000 7f55e1000700 1 -- 172.21.15.7:0/2871198867 learned_addr learned my addr 172.21.15.7:0/2871198867 (peer_addr_for_me v2:172.21.15.7:0/0)
2024-06-13T06:42:06.173 INFO:teuthology.orchestra.run.smithi007.stdout:/usr/bin/ceph: stderr
2024-06-13T06:42:05.301+0000 7f55e1000700 1 -- 172.21.15.7:0/2871198867 --> [v2:172.21.15.7:3300/0,v1:172.21.15.7:6789/0] -- mon_subscribe({config=0+,monmap=0+}) -- 0x7f55dc10b2a0 con 0x7f55dc10a130
2024-06-13T06:42:06.174 INFO:teuthology.orchestra.run.smithi007.stdout:/usr/bin/ceph: stderr
2024-06-13T06:42:05.301+0000 7f55e1000700 1 --2- 172.21.15.7:0/2871198867 >> [v2:172.21.15.7:3300/0,v1:172.21.15.7:6789/0] conn(0x7f55dc10a130 0x7f55dc10a550 secure :-1 s=READY pgs=74 cs=0 l=1 rev1=1 crypto rx=0x7f55d00098a0 tx=0x7f55d0009bb0 comp rx=0 tx=0).ready entity=mon.0 client_cookie=46beffceb01dec5b server_cookie=0 in_seq=0 out_seq=0
2024-06-13T06:42:06.174 INFO:teuthology.orchestra.run.smithi007.stdout:/usr/bin/ceph: stderr
2024-06-13T06:42:05.301+0000 7f55db400700 1 -- 172.21.15.7:0/2871198867 <== mon.0 v2:172.21.15.7:3300/0 1 ==== mon_map magic: 0 ==== 205+0+0 (secure 0 0 0) 0x7f55d0004160 con 0x7f55dc10a130
2024-06-13T06:42:06.174 INFO:teuthology.orchestra.run.smithi007.stdout:/usr/bin/ceph: stderr
2024-06-13T06:42:05.301+0000 7f55db400700 1 -- 172.21.15.7:0/2871198867 <== mon.0 v2:172.21.15.7:3300/0 2 ==== config(27 keys) ==== 1140+0+0 (secure 0 0 0) 0x7f55d0004300 con 0x7f55dc10a130
2024-06-13T06:42:06.174 INFO:teuthology.orchestra.run.smithi007.stdout:/usr/bin/ceph: stderr
2024-06-13T06:42:05.301+0000 7f55db400700 1 -- 172.21.15.7:0/2871198867 <== mon.0 v2:172.21.15.7:3300/0 3 ==== mon_map magic: 0 ==== 205+0+0 (secure 0 0 0) 0x7f55d0011b20 con 0x7f55dc10a130
2024-06-13T06:42:06.174 INFO:teuthology.orchestra.run.smithi007.stdout:/usr/bin/ceph: stderr
2024-06-13T06:42:05.302+0000 7f55e3a00700 1 -- 172.21.15.7:0/2871198867 >> [v2:172.21.15.7:3300/0,v1:172.21.15.7:6789/0] conn(0x7f55dc10a130 msgr2=0x7f55dc10a550 secure :-1 s=STATE_CONNECTION_ESTABLISHED l=1).mark_down
2024-06-13T06:42:06.174 INFO:teuthology.orchestra.run.smithi007.stdout:/usr/bin/ceph: stderr
2024-06-13T06:42:05.302+0000 7f55e3a00700 1 --2- 172.21.15.7:0/2871198867 >> [v2:172.21.15.7:3300/0,v1:172.21.15.7:6789/0] conn(0x7f55dc10a130 0x7f55dc10a550 secure :-1 s=READY pgs=74 cs=0 l=1 rev1=1 crypto rx=0x7f55d00098a0 tx=0x7f55d0009bb0 comp rx=0 tx=0).stop
2024-06-13T06:42:06.174 INFO:teuthology.orchestra.run.smithi007.stdout:/usr/bin/ceph: stderr
2024-06-13T06:42:05.302+0000 7f55e3a00700 1 -- 172.21.15.7:0/2871198867 shutdown_connections
2024-06-13T06:42:06.174 INFO:teuthology.orchestra.run.smithi007.stdout:/usr/bin/ceph: stderr
2024-06-13T06:42:05.302+0000 7f55e3a00700 1 --2- 172.21.15.7:0/2871198867 >> [v2:172.21.15.7:3300/0,v1:172.21.15.7:6789/0] conn(0x7f55dc10a130 0x7f55dc10a550 unknown :-1 s=CLOSED pgs=74 cs=0 l=1 rev1=1 crypto rx=0 tx=0 comp rx=0 tx=0).stop
2024-06-13T06:42:06.174 INFO:teuthology.orchestra.run.smithi007.stdout:/usr/bin/ceph: stderr
2024-06-13T06:42:05.302+0000 7f55e3a00700 1 -- 172.21.15.7:0/2871198867 >> 172.21.15.7:0/2871198867 conn(0x7f55dc07d6a0 msgr2=0x7f55dc07dad0 unknown :-1 s=STATE_NONE l=0).mark_down
2024-06-13T06:42:06.174 INFO:teuthology.orchestra.run.smithi007.stdout:/usr/bin/ceph: stderr
2024-06-13T06:42:05.303+0000 7f55e3a00700 1 -- 172.21.15.7:0/2871198867 shutdown_connections
2024-06-13T06:42:06.174 INFO:teuthology.orchestra.run.smithi007.stdout:/usr/bin/ceph: stderr
2024-06-13T06:42:05.303+0000 7f55e3a00700 1 -- 172.21.15.7:0/2871198867 wait complete.
2024-06-13T06:42:06.174 INFO:teuthology.orchestra.run.smithi007.stdout:/usr/bin/ceph: stderr
2024-06-13T06:42:05.304+0000 7f55e3a00700 1 Processor -- start
2024-06-13T06:42:06.175 INFO:teuthology.orchestra.run.smithi007.stdout:/usr/bin/ceph: stderr
2024-06-13T06:42:05.304+0000 7f55e3a00700 1 -- start start
2024-06-13T06:42:06.175 INFO:teuthology.orchestra.run.smithi007.stdout:/usr/bin/ceph: stderr
2024-06-13T06:42:05.304+0000 7f55e3a00700 1 --2- >> [v2:172.21.15.7:3300/0,v1:172.21.15.7:6789/0] conn(0x7f55dc19e210 0x7f55dc19e630 unknown :-1 s=NONE pgs=0 cs=0 l=1 rev1=0 crypto rx=0 tx=0 comp rx=0 tx=0).connect
2024-06-13T06:42:06.175 INFO:teuthology.orchestra.run.smithi007.stdout:/usr/bin/ceph: stderr
2024-06-13T06:42:05.304+0000 7f55e3a00700 1 -- --> [v2:172.21.15.7:3300/0,v1:172.21.15.7:6789/0] -- mon_getmap magic: 0 -- 0x7f55dc10e650 con 0x7f55dc19e210
2024-06-13T06:42:06.175 INFO:teuthology.orchestra.run.smithi007.stdout:/usr/bin/ceph: stderr
2024-06-13T06:42:05.305+0000 7f55e1000700 1 --2- >> [v2:172.21.15.7:3300/0,v1:172.21.15.7:6789/0] conn(0x7f55dc19e210 0x7f55dc19e630 unknown :-1 s=BANNER_CONNECTING pgs=0 cs=0 l=1 rev1=0 crypto rx=0 tx=0 comp rx=0 tx=0)._handle_peer_banner_payload supported=3 required=0
2024-06-13T06:42:06.175 INFO:teuthology.orchestra.run.smithi007.stdout:/usr/bin/ceph: stderr
2024-06-13T06:42:05.305+0000 7f55e1000700 1 --2- >> [v2:172.21.15.7:3300/0,v1:172.21.15.7:6789/0] conn(0x7f55dc19e210 0x7f55dc19e630 unknown :-1 s=HELLO_CONNECTING pgs=0 cs=0 l=1 rev1=1 crypto rx=0 tx=0 comp rx=0 tx=0).handle_hello peer v2:172.21.15.7:3300/0 says I am v2:172.21.15.7:42222/0 (socket says 172.21.15.7:42222)
2024-06-13T06:42:06.175 INFO:teuthology.orchestra.run.smithi007.stdout:/usr/bin/ceph: stderr
2024-06-13T06:42:05.305+0000 7f55e1000700 1 -- 172.21.15.7:0/4071337369 learned_addr learned my addr 172.21.15.7:0/4071337369 (peer_addr_for_me v2:172.21.15.7:0/0)
2024-06-13T06:42:06.175 INFO:teuthology.orchestra.run.smithi007.stdout:/usr/bin/ceph: stderr
2024-06-13T06:42:05.305+0000 7f55e1000700 1 -- 172.21.15.7:0/4071337369 --> [v2:172.21.15.7:3300/0,v1:172.21.15.7:6789/0] -- mon_subscribe({config=0+,monmap=0+}) -- 0x7f55dc19eb70 con 0x7f55dc19e210
2024-06-13T06:42:06.175 INFO:teuthology.orchestra.run.smithi007.stdout:/usr/bin/ceph: stderr
2024-06-13T06:42:05.306+0000 7f55e1000700 1 --2- 172.21.15.7:0/4071337369 >> [v2:172.21.15.7:3300/0,v1:172.21.15.7:6789/0] conn(0x7f55dc19e210 0x7f55dc19e630 secure :-1 s=READY pgs=75 cs=0 l=1 rev1=1 crypto rx=0x7f55dc10b100 tx=0x7f55d0011ba0 comp rx=0 tx=0).ready entity=mon.0 client_cookie=0 server_cookie=0 in_seq=0 out_seq=0
2024-06-13T06:42:06.175 INFO:teuthology.orchestra.run.smithi007.stdout:/usr/bin/ceph: stderr
2024-06-13T06:42:05.306+0000 7f55d9600700 1 -- 172.21.15.7:0/4071337369 <== mon.0 v2:172.21.15.7:3300/0 1 ==== mon_map magic: 0 ==== 205+0+0 (secure 0 0 0) 0x7f55d00036a0 con 0x7f55dc19e210
2024-06-13T06:42:06.175 INFO:teuthology.orchestra.run.smithi007.stdout:/usr/bin/ceph: stderr
2024-06-13T06:42:05.306+0000 7f55e3a00700 1 -- 172.21.15.7:0/4071337369 --> [v2:172.21.15.7:3300/0,v1:172.21.15.7:6789/0] -- mon_subscribe({mgrmap=0+}) -- 0x7f55dc19ee00 con 0x7f55dc19e210
2024-06-13T06:42:06.175 INFO:teuthology.orchestra.run.smithi007.stdout:/usr/bin/ceph: stderr
2024-06-13T06:42:05.306+0000 7f55d9600700 1 -- 172.21.15.7:0/4071337369 <== mon.0 v2:172.21.15.7:3300/0 2 ==== config(27 keys) ==== 1140+0+0 (secure 0 0 0) 0x7f55d001a460 con 0x7f55dc19e210
2024-06-13T06:42:06.175 INFO:teuthology.orchestra.run.smithi007.stdout:/usr/bin/ceph: stderr
2024-06-13T06:42:05.306+0000 7f55d9600700 1 -- 172.21.15.7:0/4071337369 <== mon.0 v2:172.21.15.7:3300/0 3 ==== mon_map magic: 0 ==== 205+0+0 (secure 0 0 0) 0x7f55d001b440 con 0x7f55dc19e210
2024-06-13T06:42:06.175 INFO:teuthology.orchestra.run.smithi007.stdout:/usr/bin/ceph: stderr
2024-06-13T06:42:05.306+0000 7f55e3a00700 1 -- 172.21.15.7:0/4071337369 --> [v2:172.21.15.7:3300/0,v1:172.21.15.7:6789/0] -- mon_subscribe({osdmap=0}) -- 0x7f55dc1a18e0 con 0x7f55dc19e210
2024-06-13T06:42:06.175 INFO:teuthology.orchestra.run.smithi007.stdout:/usr/bin/ceph: stderr
2024-06-13T06:42:05.307+0000 7f55e3a00700 1 -- 172.21.15.7:0/4071337369 --> [v2:172.21.15.7:3300/0,v1:172.21.15.7:6789/0] -- mon_command({"prefix": "get_command_descriptions"} v 0) -- 0x7f55dc063af0 con 0x7f55dc19e210
2024-06-13T06:42:06.176 INFO:teuthology.orchestra.run.smithi007.stdout:/usr/bin/ceph: stderr
2024-06-13T06:42:05.307+0000 7f55d9600700 1 -- 172.21.15.7:0/4071337369 <== mon.0 v2:172.21.15.7:3300/0 4 ==== mgrmap(e 12) ==== 46300+0+0 (secure 0 0 0) 0x7f55d0003840 con 0x7f55dc19e210
2024-06-13T06:42:06.176 INFO:teuthology.orchestra.run.smithi007.stdout:/usr/bin/ceph: stderr
2024-06-13T06:42:05.308+0000 7f55d9600700 1 --2- 172.21.15.7:0/4071337369 >> [v2:172.21.15.7:6800/2901233239,v1:172.21.15.7:6801/2901233239] conn(0x7f55c4039100 0x7f55c403b5c0 unknown :-1 s=NONE pgs=0 cs=0 l=1 rev1=0 crypto rx=0 tx=0 comp rx=0 tx=0).connect
2024-06-13T06:42:06.176 INFO:teuthology.orchestra.run.smithi007.stdout:/usr/bin/ceph: stderr
2024-06-13T06:42:05.308+0000 7f55d9600700 1 -- 172.21.15.7:0/4071337369 <== mon.0 v2:172.21.15.7:3300/0 5 ==== osd_map(3..3 src has 1..3) ==== 1155+0+0 (secure 0 0 0) 0x7f55d004d7e0 con 0x7f55dc19e210
2024-06-13T06:42:06.176 INFO:teuthology.orchestra.run.smithi007.stdout:/usr/bin/ceph: stderr
2024-06-13T06:42:05.308+0000 7f55dbe00700 1 --2- 172.21.15.7:0/4071337369 >> [v2:172.21.15.7:6800/2901233239,v1:172.21.15.7:6801/2901233239] conn(0x7f55c4039100 0x7f55c403b5c0 unknown :-1 s=BANNER_CONNECTING pgs=0 cs=0 l=1 rev1=0 crypto rx=0 tx=0 comp rx=0 tx=0)._handle_peer_banner_payload supported=3 required=0
2024-06-13T06:42:06.176 INFO:teuthology.orchestra.run.smithi007.stdout:/usr/bin/ceph: stderr
2024-06-13T06:42:05.309+0000 7f55dbe00700 1 --2- 172.21.15.7:0/4071337369 >> [v2:172.21.15.7:6800/2901233239,v1:172.21.15.7:6801/2901233239] conn(0x7f55c4039100 0x7f55c403b5c0 secure :-1 s=READY pgs=9 cs=0 l=1 rev1=1 crypto rx=0x7f55c8006fd0 tx=0x7f55c8006e40 comp rx=0 tx=0).ready entity=mgr.14152 client_cookie=0 server_cookie=0 in_seq=0 out_seq=0
2024-06-13T06:42:06.176 INFO:teuthology.orchestra.run.smithi007.stdout:/usr/bin/ceph: stderr
2024-06-13T06:42:05.314+0000 7f55d9600700 1 -- 172.21.15.7:0/4071337369 <== mon.0 v2:172.21.15.7:3300/0 6 ==== mon_command_ack([{"prefix": "get_command_descriptions"}]=0 v0) ==== 72+0+186418 (secure 0 0 0) 0x7f55d000be50 con 0x7f55dc19e210
2024-06-13T06:42:06.176 INFO:teuthology.orchestra.run.smithi007.stdout:/usr/bin/ceph: stderr
2024-06-13T06:42:05.548+0000 7f55e3a00700 1 -- 172.21.15.7:0/4071337369 --> [v2:172.21.15.7:3300/0,v1:172.21.15.7:6789/0] -- mon_command({"prefix": "config get", "who": "mgr", "key": "mgr/dashboard/ssl_server_port"} v 0) -- 0x7f55dc1a1c20 con 0x7f55dc19e210
2024-06-13T06:42:06.176 INFO:teuthology.orchestra.run.smithi007.stdout:/usr/bin/ceph: stderr
2024-06-13T06:42:05.549+0000 7f55d9600700 1 -- 172.21.15.7:0/4071337369 <== mon.0 v2:172.21.15.7:3300/0 7 ==== mon_command_ack([{"prefix": "config get", "who": "mgr", "key": "mgr/dashboard/ssl_server_port"}]=0 v8) ==== 112+0+5 (secure 0 0 0) 0x7f55d0003b30 con 0x7f55dc19e210
2024-06-13T06:42:06.176 INFO:teuthology.orchestra.run.smithi007.stdout:/usr/bin/ceph: stderr
2024-06-13T06:42:05.552+0000 7f55e3a00700 1 -- 172.21.15.7:0/4071337369 >> [v2:172.21.15.7:6800/2901233239,v1:172.21.15.7:6801/2901233239] conn(0x7f55c4039100 msgr2=0x7f55c403b5c0 secure :-1 s=STATE_CONNECTION_ESTABLISHED l=1).mark_down
2024-06-13T06:42:06.176 INFO:teuthology.orchestra.run.smithi007.stdout:/usr/bin/ceph: stderr
2024-06-13T06:42:05.552+0000 7f55e3a00700 1 --2- 172.21.15.7:0/4071337369 >> [v2:172.21.15.7:6800/2901233239,v1:172.21.15.7:6801/2901233239] conn(0x7f55c4039100 0x7f55c403b5c0 secure :-1 s=READY pgs=9 cs=0 l=1 rev1=1 crypto rx=0x7f55c8006fd0 tx=0x7f55c8006e40 comp rx=0 tx=0).stop
2024-06-13T06:42:06.176 INFO:teuthology.orchestra.run.smithi007.stdout:/usr/bin/ceph: stderr
2024-06-13T06:42:05.552+0000 7f55e3a00700 1 -- 172.21.15.7:0/4071337369 >> [v2:172.21.15.7:3300/0,v1:172.21.15.7:6789/0] conn(0x7f55dc19e210 msgr2=0x7f55dc19e630 secure :-1 s=STATE_CONNECTION_ESTABLISHED l=1).mark_down
2024-06-13T06:42:06.176 INFO:teuthology.orchestra.run.smithi007.stdout:/usr/bin/ceph: stderr
2024-06-13T06:42:05.552+0000 7f55e3a00700 1 --2- 172.21.15.7:0/4071337369 >> [v2:172.21.15.7:3300/0,v1:172.21.15.7:6789/0] conn(0x7f55dc19e210 0x7f55dc19e630 secure :-1 s=READY pgs=75 cs=0 l=1 rev1=1 crypto rx=0x7f55dc10b100 tx=0x7f55d0011ba0 comp rx=0 tx=0).stop
2024-06-13T06:42:06.177 INFO:teuthology.orchestra.run.smithi007.stdout:/usr/bin/ceph: stderr
2024-06-13T06:42:05.552+0000 7f55e3a00700 1 -- 172.21.15.7:0/4071337369 shutdown_connections
2024-06-13T06:42:06.177 INFO:teuthology.orchestra.run.smithi007.stdout:/usr/bin/ceph: stderr
2024-06-13T06:42:05.552+0000 7f55e3a00700 1 --2- 172.21.15.7:0/4071337369 >> [v2:172.21.15.7:6800/2901233239,v1:172.21.15.7:6801/2901233239] conn(0x7f55c4039100 0x7f55c403b5c0 unknown :-1 s=CLOSED pgs=9 cs=0 l=1 rev1=1 crypto rx=0 tx=0 comp rx=0 tx=0).stop
2024-06-13T06:42:06.177 INFO:teuthology.orchestra.run.smithi007.stdout:/usr/bin/ceph: stderr
2024-06-13T06:42:05.552+0000 7f55e3a00700 1 --2- 172.21.15.7:0/4071337369 >> [v2:172.21.15.7:3300/0,v1:172.21.15.7:6789/0] conn(0x7f55dc19e210 0x7f55dc19e630 unknown :-1 s=CLOSED pgs=75 cs=0 l=1 rev1=1 crypto rx=0 tx=0 comp rx=0 tx=0).stop
2024-06-13T06:42:06.177 INFO:teuthology.orchestra.run.smithi007.stdout:/usr/bin/ceph: stderr
2024-06-13T06:42:05.552+0000 7f55e3a00700 1 -- 172.21.15.7:0/4071337369 >> 172.21.15.7:0/4071337369 conn(0x7f55dc07d6a0 msgr2=0x7f55dc107e70 unknown :-1 s=STATE_NONE l=0).mark_down
2024-06-13T06:42:06.177 INFO:teuthology.orchestra.run.smithi007.stdout:/usr/bin/ceph: stderr
2024-06-13T06:42:05.552+0000 7f55e3a00700 1 -- 172.21.15.7:0/4071337369 shutdown_connections
2024-06-13T06:42:06.177 INFO:teuthology.orchestra.run.smithi007.stdout:/usr/bin/ceph: stderr
2024-06-13T06:42:05.552+0000 7f55e3a00700 1 -- 172.21.15.7:0/4071337369 wait complete.
2024-06-13T06:42:06.204 INFO:teuthology.orchestra.run.smithi007.stdout:Non-zero exit code 1 from systemctl is-enabled firewalld.service
2024-06-13T06:42:06.204 INFO:teuthology.orchestra.run.smithi007.stdout:systemctl: stdout disabled
2024-06-13T06:42:06.228 INFO:teuthology.orchestra.run.smithi007.stdout:Non-zero exit code 3 from systemctl is-active firewalld.service
2024-06-13T06:42:06.228 INFO:teuthology.orchestra.run.smithi007.stdout:systemctl: stdout inactive
2024-06-13T06:42:06.229 INFO:teuthology.orchestra.run.smithi007.stdout:firewalld.service is not enabled
2024-06-13T06:42:06.229 INFO:teuthology.orchestra.run.smithi007.stdout:Not possible to open ports <[8443]>. firewalld.service is not available
2024-06-13T06:42:06.238 INFO:teuthology.orchestra.run.smithi007.stdout:Ceph Dashboard is now available at:
2024-06-13T06:42:06.238 INFO:teuthology.orchestra.run.smithi007.stdout:
2024-06-13T06:42:06.238 INFO:teuthology.orchestra.run.smithi007.stdout: URL: https://smithi007.front.sepia.ceph.com:8443/
2024-06-13T06:42:06.238 INFO:teuthology.orchestra.run.smithi007.stdout: User: admin
2024-06-13T06:42:06.238 INFO:teuthology.orchestra.run.smithi007.stdout: Password: ji7pxa48wv
2024-06-13T06:42:06.238 INFO:teuthology.orchestra.run.smithi007.stdout:
2024-06-13T06:42:06.240 INFO:teuthology.orchestra.run.smithi007.stdout:Saving cluster configuration to /var/lib/ceph/b9295806-294f-11ef-bc9c-c7b262605968/config directory
2024-06-13T06:42:06.242 INFO:teuthology.orchestra.run.smithi007.stdout:Enabling autotune for osd_memory_target
2024-06-13T06:42:07.073 INFO:journalctl@ceph.mon.a.smithi007.stdout:Jun 13 06:42:06 smithi007 ceph-mon[32077]: mgrmap e13: x(active, since 6s)
2024-06-13T06:42:07.957 INFO:teuthology.orchestra.run.smithi007.stdout:/usr/bin/ceph: stderr
2024-06-13T06:42:06.895+0000 7fa037400700 1 Processor -- start
2024-06-13T06:42:07.957 INFO:teuthology.orchestra.run.smithi007.stdout:/usr/bin/ceph: stderr
2024-06-13T06:42:06.895+0000 7fa037400700 1 -- start start
2024-06-13T06:42:07.957 INFO:teuthology.orchestra.run.smithi007.stdout:/usr/bin/ceph: stderr
2024-06-13T06:42:06.896+0000 7fa037400700 1 --2- >> [v2:172.21.15.7:3300/0,v1:172.21.15.7:6789/0] conn(0x7fa030081eb0 0x7fa0300822d0 unknown :-1 s=NONE pgs=0 cs=0 l=0 rev1=0 crypto rx=0 tx=0 comp rx=0 tx=0).connect
2024-06-13T06:42:07.957 INFO:teuthology.orchestra.run.smithi007.stdout:/usr/bin/ceph: stderr
2024-06-13T06:42:06.896+0000 7fa037400700 1 -- --> [v2:172.21.15.7:3300/0,v1:172.21.15.7:6789/0] -- mon_getmap magic: 0 -- 0x7fa0300828a0 con 0x7fa030081eb0
2024-06-13T06:42:07.958 INFO:teuthology.orchestra.run.smithi007.stdout:/usr/bin/ceph: stderr
2024-06-13T06:42:06.896+0000 7fa034a00700 1 --2- >> [v2:172.21.15.7:3300/0,v1:172.21.15.7:6789/0] conn(0x7fa030081eb0 0x7fa0300822d0 unknown :-1 s=BANNER_CONNECTING pgs=0 cs=0 l=0 rev1=0 crypto rx=0 tx=0 comp rx=0 tx=0)._handle_peer_banner_payload supported=3 required=0
2024-06-13T06:42:07.958 INFO:teuthology.orchestra.run.smithi007.stdout:/usr/bin/ceph: stderr
2024-06-13T06:42:06.896+0000 7fa034a00700 1 --2- >> [v2:172.21.15.7:3300/0,v1:172.21.15.7:6789/0] conn(0x7fa030081eb0 0x7fa0300822d0 unknown :-1 s=HELLO_CONNECTING pgs=0 cs=0 l=0 rev1=1 crypto rx=0 tx=0 comp rx=0 tx=0).handle_hello peer v2:172.21.15.7:3300/0 says I am v2:172.21.15.7:42228/0 (socket says 172.21.15.7:42228)
2024-06-13T06:42:07.958 INFO:teuthology.orchestra.run.smithi007.stdout:/usr/bin/ceph: stderr
2024-06-13T06:42:06.896+0000 7fa034a00700 1 -- 172.21.15.7:0/2460601986 learned_addr learned my addr 172.21.15.7:0/2460601986 (peer_addr_for_me v2:172.21.15.7:0/0)
2024-06-13T06:42:07.958 INFO:teuthology.orchestra.run.smithi007.stdout:/usr/bin/ceph: stderr
2024-06-13T06:42:06.896+0000 7fa034a00700 1 -- 172.21.15.7:0/2460601986 --> [v2:172.21.15.7:3300/0,v1:172.21.15.7:6789/0] -- mon_subscribe({config=0+,monmap=0+}) -- 0x7fa03010f680 con 0x7fa030081eb0
2024-06-13T06:42:07.958 INFO:teuthology.orchestra.run.smithi007.stdout:/usr/bin/ceph: stderr
2024-06-13T06:42:06.897+0000 7fa034a00700 1 --2- 172.21.15.7:0/2460601986 >> [v2:172.21.15.7:3300/0,v1:172.21.15.7:6789/0] conn(0x7fa030081eb0 0x7fa0300822d0 secure :-1 s=READY pgs=76 cs=0 l=1 rev1=1 crypto rx=0x7fa0240098a0 tx=0x7fa024009bb0 comp rx=0 tx=0).ready entity=mon.0 client_cookie=7a7afbdf5671f2fc server_cookie=0 in_seq=0 out_seq=0
2024-06-13T06:42:07.958 INFO:teuthology.orchestra.run.smithi007.stdout:/usr/bin/ceph: stderr
2024-06-13T06:42:06.897+0000 7fa02f400700 1 -- 172.21.15.7:0/2460601986 <== mon.0 v2:172.21.15.7:3300/0 1 ==== mon_map magic: 0 ==== 205+0+0 (secure 0 0 0) 0x7fa024004160 con 0x7fa030081eb0
2024-06-13T06:42:07.958 INFO:teuthology.orchestra.run.smithi007.stdout:/usr/bin/ceph: stderr
2024-06-13T06:42:06.897+0000 7fa02f400700 1 -- 172.21.15.7:0/2460601986 <== mon.0 v2:172.21.15.7:3300/0 2 ==== config(27 keys) ==== 1140+0+0 (secure 0 0 0) 0x7fa024004300 con 0x7fa030081eb0
2024-06-13T06:42:07.958 INFO:teuthology.orchestra.run.smithi007.stdout:/usr/bin/ceph: stderr
2024-06-13T06:42:06.897+0000 7fa02f400700 1 -- 172.21.15.7:0/2460601986 <== mon.0 v2:172.21.15.7:3300/0 3 ==== mon_map magic: 0 ==== 205+0+0 (secure 0 0 0) 0x7fa024011b20 con 0x7fa030081eb0
2024-06-13T06:42:07.958 INFO:teuthology.orchestra.run.smithi007.stdout:/usr/bin/ceph: stderr
2024-06-13T06:42:06.898+0000 7fa037400700 1 -- 172.21.15.7:0/2460601986 >> [v2:172.21.15.7:3300/0,v1:172.21.15.7:6789/0] conn(0x7fa030081eb0 msgr2=0x7fa0300822d0 secure :-1 s=STATE_CONNECTION_ESTABLISHED l=1).mark_down
2024-06-13T06:42:07.958 INFO:teuthology.orchestra.run.smithi007.stdout:/usr/bin/ceph: stderr
2024-06-13T06:42:06.898+0000 7fa037400700 1 --2- 172.21.15.7:0/2460601986 >> [v2:172.21.15.7:3300/0,v1:172.21.15.7:6789/0] conn(0x7fa030081eb0 0x7fa0300822d0 secure :-1 s=READY pgs=76 cs=0 l=1 rev1=1 crypto rx=0x7fa0240098a0 tx=0x7fa024009bb0 comp rx=0 tx=0).stop
2024-06-13T06:42:07.958 INFO:teuthology.orchestra.run.smithi007.stdout:/usr/bin/ceph: stderr
2024-06-13T06:42:06.898+0000 7fa037400700 1 -- 172.21.15.7:0/2460601986 shutdown_connections
2024-06-13T06:42:07.958 INFO:teuthology.orchestra.run.smithi007.stdout:/usr/bin/ceph: stderr
2024-06-13T06:42:06.898+0000 7fa037400700 1 --2- 172.21.15.7:0/2460601986 >> [v2:172.21.15.7:3300/0,v1:172.21.15.7:6789/0] conn(0x7fa030081eb0 0x7fa0300822d0 unknown :-1 s=CLOSED pgs=76 cs=0 l=1 rev1=1 crypto rx=0 tx=0 comp rx=0 tx=0).stop
2024-06-13T06:42:07.958 INFO:teuthology.orchestra.run.smithi007.stdout:/usr/bin/ceph: stderr
2024-06-13T06:42:06.898+0000 7fa037400700 1 -- 172.21.15.7:0/2460601986 >> 172.21.15.7:0/2460601986 conn(0x7fa03007d450 msgr2=0x7fa03007f890 unknown :-1 s=STATE_NONE l=0).mark_down
2024-06-13T06:42:07.959 INFO:teuthology.orchestra.run.smithi007.stdout:/usr/bin/ceph: stderr
2024-06-13T06:42:06.898+0000 7fa037400700 1 -- 172.21.15.7:0/2460601986 shutdown_connections
2024-06-13T06:42:07.959 INFO:teuthology.orchestra.run.smithi007.stdout:/usr/bin/ceph: stderr
2024-06-13T06:42:06.898+0000 7fa037400700 1 -- 172.21.15.7:0/2460601986 wait complete.
2024-06-13T06:42:07.959 INFO:teuthology.orchestra.run.smithi007.stdout:/usr/bin/ceph: stderr
2024-06-13T06:42:06.899+0000 7fa037400700 1 Processor -- start
2024-06-13T06:42:07.959 INFO:teuthology.orchestra.run.smithi007.stdout:/usr/bin/ceph: stderr
2024-06-13T06:42:06.900+0000 7fa037400700 1 -- start start
2024-06-13T06:42:07.959 INFO:teuthology.orchestra.run.smithi007.stdout:/usr/bin/ceph: stderr
2024-06-13T06:42:06.900+0000 7fa037400700 1 --2- >> [v2:172.21.15.7:3300/0,v1:172.21.15.7:6789/0] conn(0x7fa030081eb0 0x7fa0301a23a0 unknown :-1 s=NONE pgs=0 cs=0 l=1 rev1=0 crypto rx=0 tx=0 comp rx=0 tx=0).connect
2024-06-13T06:42:07.959 INFO:teuthology.orchestra.run.smithi007.stdout:/usr/bin/ceph: stderr
2024-06-13T06:42:06.900+0000 7fa037400700 1 -- --> [v2:172.21.15.7:3300/0,v1:172.21.15.7:6789/0] -- mon_getmap magic: 0 -- 0x7fa030112a30 con 0x7fa030081eb0
2024-06-13T06:42:07.959 INFO:teuthology.orchestra.run.smithi007.stdout:/usr/bin/ceph: stderr
2024-06-13T06:42:06.900+0000 7fa034a00700 1 --2- >> [v2:172.21.15.7:3300/0,v1:172.21.15.7:6789/0] conn(0x7fa030081eb0 0x7fa0301a23a0 unknown :-1 s=BANNER_CONNECTING pgs=0 cs=0 l=1 rev1=0 crypto rx=0 tx=0 comp rx=0 tx=0)._handle_peer_banner_payload supported=3 required=0
2024-06-13T06:42:07.959 INFO:teuthology.orchestra.run.smithi007.stdout:/usr/bin/ceph: stderr
2024-06-13T06:42:06.900+0000 7fa034a00700 1 --2- >> [v2:172.21.15.7:3300/0,v1:172.21.15.7:6789/0] conn(0x7fa030081eb0 0x7fa0301a23a0 unknown :-1 s=HELLO_CONNECTING pgs=0 cs=0 l=1 rev1=1 crypto rx=0 tx=0 comp rx=0 tx=0).handle_hello peer v2:172.21.15.7:3300/0 says I am v2:172.21.15.7:42234/0 (socket says 172.21.15.7:42234)
2024-06-13T06:42:07.960 INFO:teuthology.orchestra.run.smithi007.stdout:/usr/bin/ceph: stderr
2024-06-13T06:42:06.900+0000 7fa034a00700 1 -- 172.21.15.7:0/4062258901 learned_addr learned my addr 172.21.15.7:0/4062258901 (peer_addr_for_me v2:172.21.15.7:0/0)
2024-06-13T06:42:07.960 INFO:teuthology.orchestra.run.smithi007.stdout:/usr/bin/ceph: stderr
2024-06-13T06:42:06.901+0000 7fa034a00700 1 -- 172.21.15.7:0/4062258901 --> [v2:172.21.15.7:3300/0,v1:172.21.15.7:6789/0] -- mon_subscribe({config=0+,monmap=0+}) -- 0x7fa0301a28e0 con 0x7fa030081eb0
2024-06-13T06:42:07.960 INFO:teuthology.orchestra.run.smithi007.stdout:/usr/bin/ceph: stderr
2024-06-13T06:42:06.901+0000 7fa034a00700 1 --2- 172.21.15.7:0/4062258901 >> [v2:172.21.15.7:3300/0,v1:172.21.15.7:6789/0] conn(0x7fa030081eb0 0x7fa0301a23a0 secure :-1 s=READY pgs=77 cs=0 l=1 rev1=1 crypto rx=0x7fa024000c00 tx=0x7fa024011c10 comp rx=0 tx=0).ready entity=mon.0 client_cookie=0 server_cookie=0 in_seq=0 out_seq=0
2024-06-13T06:42:07.960 INFO:teuthology.orchestra.run.smithi007.stdout:/usr/bin/ceph: stderr
2024-06-13T06:42:06.902+0000 7fa02d600700 1 -- 172.21.15.7:0/4062258901 <== mon.0 v2:172.21.15.7:3300/0 1 ==== mon_map magic: 0 ==== 205+0+0 (secure 0 0 0) 0x7fa024003b60 con 0x7fa030081eb0
2024-06-13T06:42:07.960 INFO:teuthology.orchestra.run.smithi007.stdout:/usr/bin/ceph: stderr
2024-06-13T06:42:06.902+0000 7fa02d600700 1 -- 172.21.15.7:0/4062258901 <== mon.0 v2:172.21.15.7:3300/0 2 ==== config(27 keys) ==== 1140+0+0 (secure 0 0 0) 0x7fa02401a910 con 0x7fa030081eb0
2024-06-13T06:42:07.960 INFO:teuthology.orchestra.run.smithi007.stdout:/usr/bin/ceph: stderr
2024-06-13T06:42:06.902+0000 7fa037400700 1 -- 172.21.15.7:0/4062258901 --> [v2:172.21.15.7:3300/0,v1:172.21.15.7:6789/0] -- mon_subscribe({mgrmap=0+}) -- 0x7fa0301a2b70 con 0x7fa030081eb0
2024-06-13T06:42:07.961 INFO:teuthology.orchestra.run.smithi007.stdout:/usr/bin/ceph: stderr
2024-06-13T06:42:06.902+0000 7fa02d600700 1 -- 172.21.15.7:0/4062258901 <== mon.0 v2:172.21.15.7:3300/0 3 ==== mon_map magic: 0 ==== 205+0+0 (secure 0 0 0) 0x7fa024024930 con 0x7fa030081eb0
2024-06-13T06:42:07.961 INFO:teuthology.orchestra.run.smithi007.stdout:/usr/bin/ceph: stderr
2024-06-13T06:42:06.902+0000 7fa037400700 1 -- 172.21.15.7:0/4062258901 --> [v2:172.21.15.7:3300/0,v1:172.21.15.7:6789/0] -- mon_subscribe({osdmap=0}) -- 0x7fa0301a2fd0 con 0x7fa030081eb0
2024-06-13T06:42:07.961 INFO:teuthology.orchestra.run.smithi007.stdout:/usr/bin/ceph: stderr
2024-06-13T06:42:06.903+0000 7fa02d600700 1 -- 172.21.15.7:0/4062258901 <== mon.0 v2:172.21.15.7:3300/0 4 ==== mgrmap(e 13) ==== 46342+0+0 (secure 0 0 0) 0x7fa024022020 con 0x7fa030081eb0
2024-06-13T06:42:07.961 INFO:teuthology.orchestra.run.smithi007.stdout:/usr/bin/ceph: stderr
2024-06-13T06:42:06.903+0000 7fa037400700 1 -- 172.21.15.7:0/4062258901 --> [v2:172.21.15.7:3300/0,v1:172.21.15.7:6789/0] -- mon_command({"prefix": "get_command_descriptions"} v 0) -- 0x7fa030063af0 con 0x7fa030081eb0
2024-06-13T06:42:07.961 INFO:teuthology.orchestra.run.smithi007.stdout:/usr/bin/ceph: stderr
2024-06-13T06:42:06.904+0000 7fa02d600700 1 --2- 172.21.15.7:0/4062258901 >> [v2:172.21.15.7:6800/2901233239,v1:172.21.15.7:6801/2901233239] conn(0x7fa0180391a0 0x7fa01803b660 unknown :-1 s=NONE pgs=0 cs=0 l=1 rev1=0 crypto rx=0 tx=0 comp rx=0 tx=0).connect
2024-06-13T06:42:07.961 INFO:teuthology.orchestra.run.smithi007.stdout:/usr/bin/ceph: stderr
2024-06-13T06:42:06.904+0000 7fa02d600700 1 -- 172.21.15.7:0/4062258901 <== mon.0 v2:172.21.15.7:3300/0 5 ==== osd_map(3..3 src has 1..3) ==== 1155+0+0 (secure 0 0 0) 0x7fa02404d560 con 0x7fa030081eb0
2024-06-13T06:42:07.961 INFO:teuthology.orchestra.run.smithi007.stdout:/usr/bin/ceph: stderr
2024-06-13T06:42:06.904+0000 7fa02fe00700 1 --2- 172.21.15.7:0/4062258901 >> [v2:172.21.15.7:6800/2901233239,v1:172.21.15.7:6801/2901233239] conn(0x7fa0180391a0 0x7fa01803b660 unknown :-1 s=BANNER_CONNECTING pgs=0 cs=0 l=1 rev1=0 crypto rx=0 tx=0 comp rx=0 tx=0)._handle_peer_banner_payload supported=3 required=0
2024-06-13T06:42:07.962 INFO:teuthology.orchestra.run.smithi007.stdout:/usr/bin/ceph: stderr
2024-06-13T06:42:06.905+0000 7fa02fe00700 1 --2- 172.21.15.7:0/4062258901 >> [v2:172.21.15.7:6800/2901233239,v1:172.21.15.7:6801/2901233239] conn(0x7fa0180391a0 0x7fa01803b660 secure :-1 s=READY pgs=10 cs=0 l=1 rev1=1 crypto rx=0x7fa01c006fd0 tx=0x7fa01c006e40 comp rx=0 tx=0).ready entity=mgr.14152 client_cookie=0 server_cookie=0 in_seq=0 out_seq=0
2024-06-13T06:42:07.962 INFO:teuthology.orchestra.run.smithi007.stdout:/usr/bin/ceph: stderr
