2024-06-13T06:45:40.045+0000 7fbc75800700 1 -- 172.21.15.26:0/3105825203 --> [v2:172.21.15.26:3300/0,v1:172.21.15.26:6789/0] -- mon_subscribe({osdmap=0}) -- 0x7fbc701a1590 con 0x7fbc70106770
2024-06-13T06:45:41.036 INFO:teuthology.orchestra.run.smithi026.stdout:/usr/bin/ceph: stderr
2024-06-13T06:45:40.046+0000 7fbc67400700 1 -- 172.21.15.26:0/3105825203 <== mon.0 v2:172.21.15.26:3300/0 4 ==== mgrmap(e 4) ==== 46276+0+0 (secure 0 0 0) 0x7fbc600248c0 con 0x7fbc70106770
2024-06-13T06:45:41.036 INFO:teuthology.orchestra.run.smithi026.stdout:/usr/bin/ceph: stderr
2024-06-13T06:45:40.046+0000 7fbc75800700 1 -- 172.21.15.26:0/3105825203 --> [v2:172.21.15.26:3300/0,v1:172.21.15.26:6789/0] -- mon_command({"prefix": "get_command_descriptions"} v 0) -- 0x7fbc70063af0 con 0x7fbc70106770
2024-06-13T06:45:41.036 INFO:teuthology.orchestra.run.smithi026.stdout:/usr/bin/ceph: stderr
2024-06-13T06:45:40.047+0000 7fbc67400700 1 --2- 172.21.15.26:0/3105825203 >> [v2:172.21.15.26:6800/2776242437,v1:172.21.15.26:6801/2776242437] conn(0x7fbc54039050 0x7fbc5403b510 unknown :-1 s=NONE pgs=0 cs=0 l=1 rev1=0 crypto rx=0 tx=0 comp rx=0 tx=0).connect
2024-06-13T06:45:41.036 INFO:teuthology.orchestra.run.smithi026.stdout:/usr/bin/ceph: stderr
2024-06-13T06:45:40.047+0000 7fbc67400700 1 -- 172.21.15.26:0/3105825203 <== mon.0 v2:172.21.15.26:3300/0 5 ==== osd_map(1..1 src has 1..1) ==== 725+0+0 (secure 0 0 0) 0x7fbc60011e00 con 0x7fbc70106770
2024-06-13T06:45:41.037 INFO:teuthology.orchestra.run.smithi026.stdout:/usr/bin/ceph: stderr
2024-06-13T06:45:40.047+0000 7fbc6e000700 1 --2- 172.21.15.26:0/3105825203 >> [v2:172.21.15.26:6800/2776242437,v1:172.21.15.26:6801/2776242437] conn(0x7fbc54039050 0x7fbc5403b510 unknown :-1 s=BANNER_CONNECTING pgs=0 cs=0 l=1 rev1=0 crypto rx=0 tx=0 comp rx=0 tx=0)._handle_peer_banner_payload supported=3 required=0
2024-06-13T06:45:41.037 INFO:teuthology.orchestra.run.smithi026.stdout:/usr/bin/ceph: stderr
2024-06-13T06:45:40.048+0000 7fbc6e000700 1 --2- 172.21.15.26:0/3105825203 >> [v2:172.21.15.26:6800/2776242437,v1:172.21.15.26:6801/2776242437] conn(0x7fbc54039050 0x7fbc5403b510 secure :-1 s=READY pgs=7 cs=0 l=1 rev1=1 crypto rx=0x7fbc5c006fd0 tx=0x7fbc5c006e40 comp rx=0 tx=0).ready entity=mgr.14100 client_cookie=0 server_cookie=0 in_seq=0 out_seq=0
2024-06-13T06:45:41.037 INFO:teuthology.orchestra.run.smithi026.stdout:/usr/bin/ceph: stderr
2024-06-13T06:45:40.052+0000 7fbc67400700 1 -- 172.21.15.26:0/3105825203 <== mon.0 v2:172.21.15.26:3300/0 6 ==== mon_command_ack([{"prefix": "get_command_descriptions"}]=0 v0) ==== 72+0+186418 (secure 0 0 0) 0x7fbc6000bcc0 con 0x7fbc70106770
2024-06-13T06:45:41.037 INFO:teuthology.orchestra.run.smithi026.stdout:/usr/bin/ceph: stderr
2024-06-13T06:45:40.283+0000 7fbc75800700 1 -- 172.21.15.26:0/3105825203 --> [v2:172.21.15.26:3300/0,v1:172.21.15.26:6789/0] -- mon_command({"prefix": "config assimilate-conf"} v 0) -- 0x7fbc7002df10 con 0x7fbc70106770
2024-06-13T06:45:41.037 INFO:teuthology.orchestra.run.smithi026.stdout:/usr/bin/ceph: stderr
2024-06-13T06:45:40.284+0000 7fbc67400700 1 -- 172.21.15.26:0/3105825203 <== mon.0 v2:172.21.15.26:3300/0 7 ==== mon_command_ack([{"prefix": "config assimilate-conf"}]=0 v3) ==== 70+0+373 (secure 0 0 0) 0x7fbc6004cd30 con 0x7fbc70106770
2024-06-13T06:45:41.037 INFO:teuthology.orchestra.run.smithi026.stdout:/usr/bin/ceph: stderr
2024-06-13T06:45:40.287+0000 7fbc75800700 1 -- 172.21.15.26:0/3105825203 >> [v2:172.21.15.26:6800/2776242437,v1:172.21.15.26:6801/2776242437] conn(0x7fbc54039050 msgr2=0x7fbc5403b510 secure :-1 s=STATE_CONNECTION_ESTABLISHED l=1).mark_down
2024-06-13T06:45:41.037 INFO:teuthology.orchestra.run.smithi026.stdout:/usr/bin/ceph: stderr
2024-06-13T06:45:40.287+0000 7fbc75800700 1 --2- 172.21.15.26:0/3105825203 >> [v2:172.21.15.26:6800/2776242437,v1:172.21.15.26:6801/2776242437] conn(0x7fbc54039050 0x7fbc5403b510 secure :-1 s=READY pgs=7 cs=0 l=1 rev1=1 crypto rx=0x7fbc5c006fd0 tx=0x7fbc5c006e40 comp rx=0 tx=0).stop
2024-06-13T06:45:41.037 INFO:teuthology.orchestra.run.smithi026.stdout:/usr/bin/ceph: stderr
2024-06-13T06:45:40.287+0000 7fbc75800700 1 -- 172.21.15.26:0/3105825203 >> [v2:172.21.15.26:3300/0,v1:172.21.15.26:6789/0] conn(0x7fbc70106770 msgr2=0x7fbc7019e0d0 secure :-1 s=STATE_CONNECTION_ESTABLISHED l=1).mark_down
2024-06-13T06:45:41.037 INFO:teuthology.orchestra.run.smithi026.stdout:/usr/bin/ceph: stderr
2024-06-13T06:45:40.287+0000 7fbc75800700 1 --2- 172.21.15.26:0/3105825203 >> [v2:172.21.15.26:3300/0,v1:172.21.15.26:6789/0] conn(0x7fbc70106770 0x7fbc7019e0d0 secure :-1 s=READY pgs=21 cs=0 l=1 rev1=1 crypto rx=0x7fbc60011b60 tx=0x7fbc60011c40 comp rx=0 tx=0).stop
2024-06-13T06:45:41.037 INFO:teuthology.orchestra.run.smithi026.stdout:/usr/bin/ceph: stderr
2024-06-13T06:45:40.288+0000 7fbc75800700 1 -- 172.21.15.26:0/3105825203 shutdown_connections
2024-06-13T06:45:41.037 INFO:teuthology.orchestra.run.smithi026.stdout:/usr/bin/ceph: stderr
2024-06-13T06:45:40.288+0000 7fbc75800700 1 --2- 172.21.15.26:0/3105825203 >> [v2:172.21.15.26:6800/2776242437,v1:172.21.15.26:6801/2776242437] conn(0x7fbc54039050 0x7fbc5403b510 unknown :-1 s=CLOSED pgs=7 cs=0 l=1 rev1=1 crypto rx=0 tx=0 comp rx=0 tx=0).stop
2024-06-13T06:45:41.037 INFO:teuthology.orchestra.run.smithi026.stdout:/usr/bin/ceph: stderr
2024-06-13T06:45:40.288+0000 7fbc75800700 1 --2- 172.21.15.26:0/3105825203 >> [v2:172.21.15.26:3300/0,v1:172.21.15.26:6789/0] conn(0x7fbc70106770 0x7fbc7019e0d0 unknown :-1 s=CLOSED pgs=21 cs=0 l=1 rev1=1 crypto rx=0 tx=0 comp rx=0 tx=0).stop
2024-06-13T06:45:41.037 INFO:teuthology.orchestra.run.smithi026.stdout:/usr/bin/ceph: stderr
2024-06-13T06:45:40.288+0000 7fbc75800700 1 -- 172.21.15.26:0/3105825203 >> 172.21.15.26:0/3105825203 conn(0x7fbc701023f0 msgr2=0x7fbc70194d70 unknown :-1 s=STATE_NONE l=0).mark_down
2024-06-13T06:45:41.038 INFO:teuthology.orchestra.run.smithi026.stdout:/usr/bin/ceph: stderr
2024-06-13T06:45:40.288+0000 7fbc75800700 1 -- 172.21.15.26:0/3105825203 shutdown_connections
2024-06-13T06:45:41.038 INFO:teuthology.orchestra.run.smithi026.stdout:/usr/bin/ceph: stderr
2024-06-13T06:45:40.288+0000 7fbc75800700 1 -- 172.21.15.26:0/3105825203 wait complete.
2024-06-13T06:45:41.038 INFO:teuthology.orchestra.run.smithi026.stdout:Enabling cephadm module...
2024-06-13T06:45:42.252 INFO:journalctl@ceph.mon.a.smithi026.stdout:Jun 13 06:45:42 smithi026 ceph-mon[32041]: from='client.? 172.21.15.26:0/2246877358' entity='client.admin' cmd=[{"prefix": "mgr module enable", "module": "cephadm"}]: dispatch
2024-06-13T06:45:42.252 INFO:journalctl@ceph.mgr.x.smithi026.stdout:Jun 13 06:45:42 smithi026 ceph-559474f0-2950-11ef-bc9c-c7b262605968-mgr-x[32280]: ignoring --setuser ceph since I am not root
2024-06-13T06:45:42.252 INFO:journalctl@ceph.mgr.x.smithi026.stdout:Jun 13 06:45:42 smithi026 ceph-559474f0-2950-11ef-bc9c-c7b262605968-mgr-x[32280]: ignoring --setgroup ceph since I am not root
2024-06-13T06:45:42.575 INFO:journalctl@ceph.mgr.x.smithi026.stdout:Jun 13 06:45:42 smithi026 ceph-559474f0-2950-11ef-bc9c-c7b262605968-mgr-x[32280]:
2024-06-13T06:45:42.323+0000 7f2672a15200 -1 mgr[py] Module balancer has missing NOTIFY_TYPES member
2024-06-13T06:45:42.575 INFO:journalctl@ceph.mgr.x.smithi026.stdout:Jun 13 06:45:42 smithi026 ceph-559474f0-2950-11ef-bc9c-c7b262605968-mgr-x[32280]:
2024-06-13T06:45:42.575+0000 7f2672a15200 -1 mgr[py] Module orchestrator has missing NOTIFY_TYPES member
2024-06-13T06:45:42.727 INFO:teuthology.orchestra.run.smithi026.stdout:/usr/bin/ceph: stderr
2024-06-13T06:45:41.661+0000 7f4866200700 1 Processor -- start
2024-06-13T06:45:42.727 INFO:teuthology.orchestra.run.smithi026.stdout:/usr/bin/ceph: stderr
2024-06-13T06:45:41.662+0000 7f4866200700 1 -- start start
2024-06-13T06:45:42.727 INFO:teuthology.orchestra.run.smithi026.stdout:/usr/bin/ceph: stderr
2024-06-13T06:45:41.662+0000 7f4866200700 1 --2- >> [v2:172.21.15.26:3300/0,v1:172.21.15.26:6789/0] conn(0x7f4860107ee0 0x7f4860108300 unknown :-1 s=NONE pgs=0 cs=0 l=0 rev1=0 crypto rx=0 tx=0 comp rx=0 tx=0).connect
2024-06-13T06:45:42.727 INFO:teuthology.orchestra.run.smithi026.stdout:/usr/bin/ceph: stderr
2024-06-13T06:45:41.662+0000 7f4866200700 1 -- --> [v2:172.21.15.26:3300/0,v1:172.21.15.26:6789/0] -- mon_getmap magic: 0 -- 0x7f4860108840 con 0x7f4860107ee0
2024-06-13T06:45:42.727 INFO:teuthology.orchestra.run.smithi026.stdout:/usr/bin/ceph: stderr
2024-06-13T06:45:41.662+0000 7f485f400700 1 --2- >> [v2:172.21.15.26:3300/0,v1:172.21.15.26:6789/0] conn(0x7f4860107ee0 0x7f4860108300 unknown :-1 s=BANNER_CONNECTING pgs=0 cs=0 l=0 rev1=0 crypto rx=0 tx=0 comp rx=0 tx=0)._handle_peer_banner_payload supported=3 required=0
2024-06-13T06:45:42.729 INFO:teuthology.orchestra.run.smithi026.stdout:/usr/bin/ceph: stderr
2024-06-13T06:45:41.662+0000 7f485f400700 1 --2- >> [v2:172.21.15.26:3300/0,v1:172.21.15.26:6789/0] conn(0x7f4860107ee0 0x7f4860108300 unknown :-1 s=HELLO_CONNECTING pgs=0 cs=0 l=0 rev1=1 crypto rx=0 tx=0 comp rx=0 tx=0).handle_hello peer v2:172.21.15.26:3300/0 says I am v2:172.21.15.26:47034/0 (socket says 172.21.15.26:47034)
2024-06-13T06:45:42.729 INFO:teuthology.orchestra.run.smithi026.stdout:/usr/bin/ceph: stderr
2024-06-13T06:45:41.662+0000 7f485f400700 1 -- 172.21.15.26:0/3157762433 learned_addr learned my addr 172.21.15.26:0/3157762433 (peer_addr_for_me v2:172.21.15.26:0/0)
2024-06-13T06:45:42.730 INFO:teuthology.orchestra.run.smithi026.stdout:/usr/bin/ceph: stderr
2024-06-13T06:45:41.663+0000 7f485f400700 1 -- 172.21.15.26:0/3157762433 --> [v2:172.21.15.26:3300/0,v1:172.21.15.26:6789/0] -- mon_subscribe({config=0+,monmap=0+}) -- 0x7f4860108ff0 con 0x7f4860107ee0
2024-06-13T06:45:42.730 INFO:teuthology.orchestra.run.smithi026.stdout:/usr/bin/ceph: stderr
2024-06-13T06:45:41.663+0000 7f485f400700 1 --2- 172.21.15.26:0/3157762433 >> [v2:172.21.15.26:3300/0,v1:172.21.15.26:6789/0] conn(0x7f4860107ee0 0x7f4860108300 secure :-1 s=READY pgs=22 cs=0 l=1 rev1=1 crypto rx=0x7f4850009e80 tx=0x7f485000b330 comp rx=0 tx=0).ready entity=mon.0 client_cookie=1d55adc7d2b1f38e server_cookie=0 in_seq=0 out_seq=0
2024-06-13T06:45:42.730 INFO:teuthology.orchestra.run.smithi026.stdout:/usr/bin/ceph: stderr
2024-06-13T06:45:41.663+0000 7f485e000700 1 -- 172.21.15.26:0/3157762433 <== mon.0 v2:172.21.15.26:3300/0 1 ==== mon_map magic: 0 ==== 205+0+0 (secure 0 0 0) 0x7f4850017070 con 0x7f4860107ee0
2024-06-13T06:45:42.730 INFO:teuthology.orchestra.run.smithi026.stdout:/usr/bin/ceph: stderr
2024-06-13T06:45:41.664+0000 7f485e000700 1 -- 172.21.15.26:0/3157762433 <== mon.0 v2:172.21.15.26:3300/0 2 ==== config(27 keys) ==== 1109+0+0 (secure 0 0 0) 0x7f485000b8c0 con 0x7f4860107ee0
2024-06-13T06:45:42.730 INFO:teuthology.orchestra.run.smithi026.stdout:/usr/bin/ceph: stderr
2024-06-13T06:45:41.664+0000 7f485e000700 1 -- 172.21.15.26:0/3157762433 <== mon.0 v2:172.21.15.26:3300/0 3 ==== mon_map magic: 0 ==== 205+0+0 (secure 0 0 0) 0x7f48500045c0 con 0x7f4860107ee0
2024-06-13T06:45:42.730 INFO:teuthology.orchestra.run.smithi026.stdout:/usr/bin/ceph: stderr
2024-06-13T06:45:41.664+0000 7f4866200700 1 -- 172.21.15.26:0/3157762433 >> [v2:172.21.15.26:3300/0,v1:172.21.15.26:6789/0] conn(0x7f4860107ee0 msgr2=0x7f4860108300 secure :-1 s=STATE_CONNECTION_ESTABLISHED l=1).mark_down
2024-06-13T06:45:42.730 INFO:teuthology.orchestra.run.smithi026.stdout:/usr/bin/ceph: stderr
2024-06-13T06:45:41.664+0000 7f4866200700 1 --2- 172.21.15.26:0/3157762433 >> [v2:172.21.15.26:3300/0,v1:172.21.15.26:6789/0] conn(0x7f4860107ee0 0x7f4860108300 secure :-1 s=READY pgs=22 cs=0 l=1 rev1=1 crypto rx=0x7f4850009e80 tx=0x7f485000b330 comp rx=0 tx=0).stop
2024-06-13T06:45:42.730 INFO:teuthology.orchestra.run.smithi026.stdout:/usr/bin/ceph: stderr
2024-06-13T06:45:41.664+0000 7f4866200700 1 -- 172.21.15.26:0/3157762433 shutdown_connections
2024-06-13T06:45:42.730 INFO:teuthology.orchestra.run.smithi026.stdout:/usr/bin/ceph: stderr
2024-06-13T06:45:41.664+0000 7f4866200700 1 --2- 172.21.15.26:0/3157762433 >> [v2:172.21.15.26:3300/0,v1:172.21.15.26:6789/0] conn(0x7f4860107ee0 0x7f4860108300 unknown :-1 s=CLOSED pgs=22 cs=0 l=1 rev1=1 crypto rx=0 tx=0 comp rx=0 tx=0).stop
2024-06-13T06:45:42.730 INFO:teuthology.orchestra.run.smithi026.stdout:/usr/bin/ceph: stderr
2024-06-13T06:45:41.664+0000 7f4866200700 1 -- 172.21.15.26:0/3157762433 >> 172.21.15.26:0/3157762433 conn(0x7f4860103460 msgr2=0x7f48601058c0 unknown :-1 s=STATE_NONE l=0).mark_down
2024-06-13T06:45:42.730 INFO:teuthology.orchestra.run.smithi026.stdout:/usr/bin/ceph: stderr
2024-06-13T06:45:41.665+0000 7f4866200700 1 -- 172.21.15.26:0/3157762433 shutdown_connections
2024-06-13T06:45:42.730 INFO:teuthology.orchestra.run.smithi026.stdout:/usr/bin/ceph: stderr
2024-06-13T06:45:41.665+0000 7f4866200700 1 -- 172.21.15.26:0/3157762433 wait complete.
2024-06-13T06:45:42.731 INFO:teuthology.orchestra.run.smithi026.stdout:/usr/bin/ceph: stderr
2024-06-13T06:45:41.666+0000 7f4866200700 1 Processor -- start
2024-06-13T06:45:42.731 INFO:teuthology.orchestra.run.smithi026.stdout:/usr/bin/ceph: stderr
2024-06-13T06:45:41.666+0000 7f4866200700 1 -- start start
2024-06-13T06:45:42.731 INFO:teuthology.orchestra.run.smithi026.stdout:/usr/bin/ceph: stderr
2024-06-13T06:45:41.666+0000 7f4866200700 1 --2- >> [v2:172.21.15.26:3300/0,v1:172.21.15.26:6789/0] conn(0x7f4860107ee0 0x7f486007db50 unknown :-1 s=NONE pgs=0 cs=0 l=1 rev1=0 crypto rx=0 tx=0 comp rx=0 tx=0).connect
2024-06-13T06:45:42.731 INFO:teuthology.orchestra.run.smithi026.stdout:/usr/bin/ceph: stderr
2024-06-13T06:45:41.666+0000 7f4866200700 1 -- --> [v2:172.21.15.26:3300/0,v1:172.21.15.26:6789/0] -- mon_getmap magic: 0 -- 0x7f486010c430 con 0x7f4860107ee0
2024-06-13T06:45:42.731 INFO:teuthology.orchestra.run.smithi026.stdout:/usr/bin/ceph: stderr
2024-06-13T06:45:41.667+0000 7f485f400700 1 --2- >> [v2:172.21.15.26:3300/0,v1:172.21.15.26:6789/0] conn(0x7f4860107ee0 0x7f486007db50 unknown :-1 s=BANNER_CONNECTING pgs=0 cs=0 l=1 rev1=0 crypto rx=0 tx=0 comp rx=0 tx=0)._handle_peer_banner_payload supported=3 required=0
2024-06-13T06:45:42.731 INFO:teuthology.orchestra.run.smithi026.stdout:/usr/bin/ceph: stderr
2024-06-13T06:45:41.667+0000 7f485f400700 1 --2- >> [v2:172.21.15.26:3300/0,v1:172.21.15.26:6789/0] conn(0x7f4860107ee0 0x7f486007db50 unknown :-1 s=HELLO_CONNECTING pgs=0 cs=0 l=1 rev1=1 crypto rx=0 tx=0 comp rx=0 tx=0).handle_hello peer v2:172.21.15.26:3300/0 says I am v2:172.21.15.26:47046/0 (socket says 172.21.15.26:47046)
2024-06-13T06:45:42.731 INFO:teuthology.orchestra.run.smithi026.stdout:/usr/bin/ceph: stderr
2024-06-13T06:45:41.667+0000 7f485f400700 1 -- 172.21.15.26:0/2246877358 learned_addr learned my addr 172.21.15.26:0/2246877358 (peer_addr_for_me v2:172.21.15.26:0/0)
2024-06-13T06:45:42.731 INFO:teuthology.orchestra.run.smithi026.stdout:/usr/bin/ceph: stderr
2024-06-13T06:45:41.667+0000 7f485f400700 1 -- 172.21.15.26:0/2246877358 --> [v2:172.21.15.26:3300/0,v1:172.21.15.26:6789/0] -- mon_subscribe({config=0+,monmap=0+}) -- 0x7f486007e090 con 0x7f4860107ee0
2024-06-13T06:45:42.734 INFO:teuthology.orchestra.run.smithi026.stdout:/usr/bin/ceph: stderr
2024-06-13T06:45:41.667+0000 7f485f400700 1 --2- 172.21.15.26:0/2246877358 >> [v2:172.21.15.26:3300/0,v1:172.21.15.26:6789/0] conn(0x7f4860107ee0 0x7f486007db50 secure :-1 s=READY pgs=23 cs=0 l=1 rev1=1 crypto rx=0x7f4850009530 tx=0x7f485000bd50 comp rx=0 tx=0).ready entity=mon.0 client_cookie=0 server_cookie=0 in_seq=0 out_seq=0
2024-06-13T06:45:42.734 INFO:teuthology.orchestra.run.smithi026.stdout:/usr/bin/ceph: stderr
2024-06-13T06:45:41.668+0000 7f4857e00700 1 -- 172.21.15.26:0/2246877358 <== mon.0 v2:172.21.15.26:3300/0 1 ==== mon_map magic: 0 ==== 205+0+0 (secure 0 0 0) 0x7f4850020020 con 0x7f4860107ee0
2024-06-13T06:45:42.734 INFO:teuthology.orchestra.run.smithi026.stdout:/usr/bin/ceph: stderr
2024-06-13T06:45:41.668+0000 7f4857e00700 1 -- 172.21.15.26:0/2246877358 <== mon.0 v2:172.21.15.26:3300/0 2 ==== config(27 keys) ==== 1109+0+0 (secure 0 0 0) 0x7f4850003b50 con 0x7f4860107ee0
2024-06-13T06:45:42.734 INFO:teuthology.orchestra.run.smithi026.stdout:/usr/bin/ceph: stderr
2024-06-13T06:45:41.668+0000 7f4857e00700 1 -- 172.21.15.26:0/2246877358 <== mon.0 v2:172.21.15.26:3300/0 3 ==== mon_map magic: 0 ==== 205+0+0 (secure 0 0 0) 0x7f4850017040 con 0x7f4860107ee0
2024-06-13T06:45:42.734 INFO:teuthology.orchestra.run.smithi026.stdout:/usr/bin/ceph: stderr
2024-06-13T06:45:41.668+0000 7f4866200700 1 -- 172.21.15.26:0/2246877358 --> [v2:172.21.15.26:3300/0,v1:172.21.15.26:6789/0] -- mon_subscribe({mgrmap=0+}) -- 0x7f486007c280 con 0x7f4860107ee0
2024-06-13T06:45:42.734 INFO:teuthology.orchestra.run.smithi026.stdout:/usr/bin/ceph: stderr
2024-06-13T06:45:41.668+0000 7f4866200700 1 -- 172.21.15.26:0/2246877358 --> [v2:172.21.15.26:3300/0,v1:172.21.15.26:6789/0] -- mon_subscribe({osdmap=0}) -- 0x7f486007c7c0 con 0x7f4860107ee0
2024-06-13T06:45:42.734 INFO:teuthology.orchestra.run.smithi026.stdout:/usr/bin/ceph: stderr
2024-06-13T06:45:41.669+0000 7f4866200700 1 -- 172.21.15.26:0/2246877358 --> [v2:172.21.15.26:3300/0,v1:172.21.15.26:6789/0] -- mon_command({"prefix": "get_command_descriptions"} v 0) -- 0x7f4860063af0 con 0x7f4860107ee0
2024-06-13T06:45:42.734 INFO:teuthology.orchestra.run.smithi026.stdout:/usr/bin/ceph: stderr
2024-06-13T06:45:41.670+0000 7f4857e00700 1 -- 172.21.15.26:0/2246877358 <== mon.0 v2:172.21.15.26:3300/0 4 ==== mgrmap(e 4) ==== 46276+0+0 (secure 0 0 0) 0x7f4850023020 con 0x7f4860107ee0
2024-06-13T06:45:42.734 INFO:teuthology.orchestra.run.smithi026.stdout:/usr/bin/ceph: stderr
2024-06-13T06:45:41.670+0000 7f4857e00700 1 --2- 172.21.15.26:0/2246877358 >> [v2:172.21.15.26:6800/2776242437,v1:172.21.15.26:6801/2776242437] conn(0x7f4844039050 0x7f484403b510 unknown :-1 s=NONE pgs=0 cs=0 l=1 rev1=0 crypto rx=0 tx=0 comp rx=0 tx=0).connect
2024-06-13T06:45:42.734 INFO:teuthology.orchestra.run.smithi026.stdout:/usr/bin/ceph: stderr
2024-06-13T06:45:41.670+0000 7f4857e00700 1 -- 172.21.15.26:0/2246877358 <== mon.0 v2:172.21.15.26:3300/0 5 ==== osd_map(1..1 src has 1..1) ==== 725+0+0 (secure 0 0 0) 0x7f485000f050 con 0x7f4860107ee0
2024-06-13T06:45:42.735 INFO:teuthology.orchestra.run.smithi026.stdout:/usr/bin/ceph: stderr
2024-06-13T06:45:41.670+0000 7f485ea00700 1 --2- 172.21.15.26:0/2246877358 >> [v2:172.21.15.26:6800/2776242437,v1:172.21.15.26:6801/2776242437] conn(0x7f4844039050 0x7f484403b510 unknown :-1 s=BANNER_CONNECTING pgs=0 cs=0 l=1 rev1=0 crypto rx=0 tx=0 comp rx=0 tx=0)._handle_peer_banner_payload supported=3 required=0
2024-06-13T06:45:42.735 INFO:teuthology.orchestra.run.smithi026.stdout:/usr/bin/ceph: stderr
2024-06-13T06:45:41.671+0000 7f485ea00700 1 --2- 172.21.15.26:0/2246877358 >> [v2:172.21.15.26:6800/2776242437,v1:172.21.15.26:6801/2776242437] conn(0x7f4844039050 0x7f484403b510 secure :-1 s=READY pgs=8 cs=0 l=1 rev1=1 crypto rx=0x7f484c006fd0 tx=0x7f484c006e40 comp rx=0 tx=0).ready entity=mgr.14100 client_cookie=0 server_cookie=0 in_seq=0 out_seq=0
2024-06-13T06:45:42.735 INFO:teuthology.orchestra.run.smithi026.stdout:/usr/bin/ceph: stderr
2024-06-13T06:45:41.676+0000 7f4857e00700 1 -- 172.21.15.26:0/2246877358 <== mon.0 v2:172.21.15.26:3300/0 6 ==== mon_command_ack([{"prefix": "get_command_descriptions"}]=0 v0) ==== 72+0+186418 (secure 0 0 0) 0x7f485002a070 con 0x7f4860107ee0
2024-06-13T06:45:42.735 INFO:teuthology.orchestra.run.smithi026.stdout:/usr/bin/ceph: stderr
2024-06-13T06:45:41.964+0000 7f4866200700 1 -- 172.21.15.26:0/2246877358 --> [v2:172.21.15.26:3300/0,v1:172.21.15.26:6789/0] -- mon_command({"prefix": "mgr module enable", "module": "cephadm"} v 0) -- 0x7f486007cf10 con 0x7f4860107ee0
2024-06-13T06:45:42.735 INFO:teuthology.orchestra.run.smithi026.stdout:/usr/bin/ceph: stderr
2024-06-13T06:45:42.018+0000 7f4857e00700 1 -- 172.21.15.26:0/2246877358 <== mon.0 v2:172.21.15.26:3300/0 7 ==== mon_command_ack([{"prefix": "mgr module enable", "module": "cephadm"}]=0 v5) ==== 86+0+0 (secure 0 0 0) 0x7f4850003db0 con 0x7f4860107ee0
2024-06-13T06:45:42.735 INFO:teuthology.orchestra.run.smithi026.stdout:/usr/bin/ceph: stderr
2024-06-13T06:45:42.021+0000 7f4857e00700 1 -- 172.21.15.26:0/2246877358 <== mon.0 v2:172.21.15.26:3300/0 8 ==== mgrmap(e 5) ==== 46287+0+0 (secure 0 0 0) 0x7f4850012480 con 0x7f4860107ee0
2024-06-13T06:45:42.735 INFO:teuthology.orchestra.run.smithi026.stdout:/usr/bin/ceph: stderr
2024-06-13T06:45:42.021+0000 7f4866200700 1 -- 172.21.15.26:0/2246877358 >> [v2:172.21.15.26:6800/2776242437,v1:172.21.15.26:6801/2776242437] conn(0x7f4844039050 msgr2=0x7f484403b510 secure :-1 s=STATE_CONNECTION_ESTABLISHED l=1).mark_down
2024-06-13T06:45:42.735 INFO:teuthology.orchestra.run.smithi026.stdout:/usr/bin/ceph: stderr
2024-06-13T06:45:42.021+0000 7f4866200700 1 --2- 172.21.15.26:0/2246877358 >> [v2:172.21.15.26:6800/2776242437,v1:172.21.15.26:6801/2776242437] conn(0x7f4844039050 0x7f484403b510 secure :-1 s=READY pgs=8 cs=0 l=1 rev1=1 crypto rx=0x7f484c006fd0 tx=0x7f484c006e40 comp rx=0 tx=0).stop
2024-06-13T06:45:42.735 INFO:teuthology.orchestra.run.smithi026.stdout:/usr/bin/ceph: stderr
2024-06-13T06:45:42.021+0000 7f4866200700 1 -- 172.21.15.26:0/2246877358 >> [v2:172.21.15.26:3300/0,v1:172.21.15.26:6789/0] conn(0x7f4860107ee0 msgr2=0x7f486007db50 secure :-1 s=STATE_CONNECTION_ESTABLISHED l=1).mark_down
2024-06-13T06:45:42.735 INFO:teuthology.orchestra.run.smithi026.stdout:/usr/bin/ceph: stderr
2024-06-13T06:45:42.021+0000 7f4866200700 1 --2- 172.21.15.26:0/2246877358 >> [v2:172.21.15.26:3300/0,v1:172.21.15.26:6789/0] conn(0x7f4860107ee0 0x7f486007db50 secure :-1 s=READY pgs=23 cs=0 l=1 rev1=1 crypto rx=0x7f4850009530 tx=0x7f485000bd50 comp rx=0 tx=0).stop
2024-06-13T06:45:42.735 INFO:teuthology.orchestra.run.smithi026.stdout:/usr/bin/ceph: stderr
2024-06-13T06:45:42.022+0000 7f4866200700 1 -- 172.21.15.26:0/2246877358 shutdown_connections
2024-06-13T06:45:42.735 INFO:teuthology.orchestra.run.smithi026.stdout:/usr/bin/ceph: stderr
2024-06-13T06:45:42.022+0000 7f4866200700 1 --2- 172.21.15.26:0/2246877358 >> [v2:172.21.15.26:6800/2776242437,v1:172.21.15.26:6801/2776242437] conn(0x7f4844039050 0x7f484403b510 unknown :-1 s=CLOSED pgs=8 cs=0 l=1 rev1=1 crypto rx=0 tx=0 comp rx=0 tx=0).stop
2024-06-13T06:45:42.735 INFO:teuthology.orchestra.run.smithi026.stdout:/usr/bin/ceph: stderr
2024-06-13T06:45:42.022+0000 7f4866200700 1 --2- 172.21.15.26:0/2246877358 >> [v2:172.21.15.26:3300/0,v1:172.21.15.26:6789/0] conn(0x7f4860107ee0 0x7f486007db50 unknown :-1 s=CLOSED pgs=23 cs=0 l=1 rev1=1 crypto rx=0 tx=0 comp rx=0 tx=0).stop
2024-06-13T06:45:42.735 INFO:teuthology.orchestra.run.smithi026.stdout:/usr/bin/ceph: stderr
2024-06-13T06:45:42.022+0000 7f4866200700 1 -- 172.21.15.26:0/2246877358 >> 172.21.15.26:0/2246877358 conn(0x7f4860103460 msgr2=0x7f4860104010 unknown :-1 s=STATE_NONE l=0).mark_down
2024-06-13T06:45:42.736 INFO:teuthology.orchestra.run.smithi026.stdout:/usr/bin/ceph: stderr
2024-06-13T06:45:42.023+0000 7f4866200700 1 -- 172.21.15.26:0/2246877358 shutdown_connections
2024-06-13T06:45:42.736 INFO:teuthology.orchestra.run.smithi026.stdout:/usr/bin/ceph: stderr
2024-06-13T06:45:42.023+0000 7f4866200700 1 -- 172.21.15.26:0/2246877358 wait complete.
2024-06-13T06:45:42.886 INFO:journalctl@ceph.mgr.x.smithi026.stdout:Jun 13 06:45:42 smithi026 ceph-559474f0-2950-11ef-bc9c-c7b262605968-mgr-x[32280]:
2024-06-13T06:45:42.712+0000 7f2672a15200 -1 mgr[py] Module snap_schedule has missing NOTIFY_TYPES member
2024-06-13T06:45:43.180 INFO:journalctl@ceph.mon.a.smithi026.stdout:Jun 13 06:45:43 smithi026 ceph-mon[32041]: from='client.? 172.21.15.26:0/2246877358' entity='client.admin' cmd='[{"prefix": "mgr module enable", "module": "cephadm"}]': finished
2024-06-13T06:45:43.180 INFO:journalctl@ceph.mon.a.smithi026.stdout:Jun 13 06:45:43 smithi026 ceph-mon[32041]: mgrmap e5: x(active, since 6s)
2024-06-13T06:45:43.180 INFO:journalctl@ceph.mgr.x.smithi026.stdout:Jun 13 06:45:43 smithi026 ceph-559474f0-2950-11ef-bc9c-c7b262605968-mgr-x[32280]:
2024-06-13T06:45:43.133+0000 7f2672a15200 -1 mgr[py] Module progress has missing NOTIFY_TYPES member
2024-06-13T06:45:43.502 INFO:journalctl@ceph.mgr.x.smithi026.stdout:Jun 13 06:45:43 smithi026 ceph-559474f0-2950-11ef-bc9c-c7b262605968-mgr-x[32280]:
2024-06-13T06:45:43.253+0000 7f2672a15200 -1 mgr[py] Module influx has missing NOTIFY_TYPES member
2024-06-13T06:45:44.252 INFO:journalctl@ceph.mon.a.smithi026.stdout:Jun 13 06:45:44 smithi026 ceph-mon[32041]: from='client.? 172.21.15.26:0/125105950' entity='client.admin' cmd=[{"prefix": "mgr stat"}]: dispatch
2024-06-13T06:45:44.385 INFO:teuthology.orchestra.run.smithi026.stdout:/usr/bin/ceph: stdout {
2024-06-13T06:45:44.385 INFO:teuthology.orchestra.run.smithi026.stdout:/usr/bin/ceph: stdout "epoch": 5,
2024-06-13T06:45:44.385 INFO:teuthology.orchestra.run.smithi026.stdout:/usr/bin/ceph: stdout "available": true,
2024-06-13T06:45:44.385 INFO:teuthology.orchestra.run.smithi026.stdout:/usr/bin/ceph: stdout "active_name": "x",
2024-06-13T06:45:44.389 INFO:teuthology.orchestra.run.smithi026.stdout:/usr/bin/ceph: stdout "num_standby": 0
2024-06-13T06:45:44.389 INFO:teuthology.orchestra.run.smithi026.stdout:/usr/bin/ceph: stdout }
2024-06-13T06:45:44.389 INFO:teuthology.orchestra.run.smithi026.stdout:/usr/bin/ceph: stderr
2024-06-13T06:45:43.335+0000 7f0dc1e00700 1 Processor -- start
2024-06-13T06:45:44.389 INFO:teuthology.orchestra.run.smithi026.stdout:/usr/bin/ceph: stderr
2024-06-13T06:45:43.335+0000 7f0dc1e00700 1 -- start start
2024-06-13T06:45:44.389 INFO:teuthology.orchestra.run.smithi026.stdout:/usr/bin/ceph: stderr
2024-06-13T06:45:43.336+0000 7f0dc1e00700 1 --2- >> [v2:172.21.15.26:3300/0,v1:172.21.15.26:6789/0] conn(0x7f0dbc1065b0 0x7f0dbc1089e0 unknown :-1 s=NONE pgs=0 cs=0 l=0 rev1=0 crypto rx=0 tx=0 comp rx=0 tx=0).connect
2024-06-13T06:45:44.389 INFO:teuthology.orchestra.run.smithi026.stdout:/usr/bin/ceph: stderr
2024-06-13T06:45:43.336+0000 7f0dc1e00700 1 -- --> [v2:172.21.15.26:3300/0,v1:172.21.15.26:6789/0] -- mon_getmap magic: 0 -- 0x7f0dbc07c6d0 con 0x7f0dbc1065b0
2024-06-13T06:45:44.389 INFO:teuthology.orchestra.run.smithi026.stdout:/usr/bin/ceph: stderr
2024-06-13T06:45:43.336+0000 7f0dc0a00700 1 --2- >> [v2:172.21.15.26:3300/0,v1:172.21.15.26:6789/0] conn(0x7f0dbc1065b0 0x7f0dbc1089e0 unknown :-1 s=BANNER_CONNECTING pgs=0 cs=0 l=0 rev1=0 crypto rx=0 tx=0 comp rx=0 tx=0)._handle_peer_banner_payload supported=3 required=0
2024-06-13T06:45:44.390 INFO:teuthology.orchestra.run.smithi026.stdout:/usr/bin/ceph: stderr
2024-06-13T06:45:43.336+0000 7f0dc0a00700 1 --2- >> [v2:172.21.15.26:3300/0,v1:172.21.15.26:6789/0] conn(0x7f0dbc1065b0 0x7f0dbc1089e0 unknown :-1 s=HELLO_CONNECTING pgs=0 cs=0 l=0 rev1=1 crypto rx=0 tx=0 comp rx=0 tx=0).handle_hello peer v2:172.21.15.26:3300/0 says I am v2:172.21.15.26:35606/0 (socket says 172.21.15.26:35606)
2024-06-13T06:45:44.390 INFO:teuthology.orchestra.run.smithi026.stdout:/usr/bin/ceph: stderr
2024-06-13T06:45:43.336+0000 7f0dc0a00700 1 -- 172.21.15.26:0/115053259 learned_addr learned my addr 172.21.15.26:0/115053259 (peer_addr_for_me v2:172.21.15.26:0/0)
2024-06-13T06:45:44.390 INFO:teuthology.orchestra.run.smithi026.stdout:/usr/bin/ceph: stderr
2024-06-13T06:45:43.337+0000 7f0dc0a00700 1 -- 172.21.15.26:0/115053259 --> [v2:172.21.15.26:3300/0,v1:172.21.15.26:6789/0] -- mon_subscribe({config=0+,monmap=0+}) -- 0x7f0dbc108f20 con 0x7f0dbc1065b0
2024-06-13T06:45:44.390 INFO:teuthology.orchestra.run.smithi026.stdout:/usr/bin/ceph: stderr
2024-06-13T06:45:43.337+0000 7f0dc0a00700 1 --2- 172.21.15.26:0/115053259 >> [v2:172.21.15.26:3300/0,v1:172.21.15.26:6789/0] conn(0x7f0dbc1065b0 0x7f0dbc1089e0 secure :-1 s=READY pgs=26 cs=0 l=1 rev1=1 crypto rx=0x7f0db00098a0 tx=0x7f0db0009bb0 comp rx=0 tx=0).ready entity=mon.0 client_cookie=53c5f7e60515b703 server_cookie=0 in_seq=0 out_seq=0
2024-06-13T06:45:44.390 INFO:teuthology.orchestra.run.smithi026.stdout:/usr/bin/ceph: stderr
2024-06-13T06:45:43.337+0000 7f0dbb400700 1 -- 172.21.15.26:0/115053259 <== mon.0 v2:172.21.15.26:3300/0 1 ==== mon_map magic: 0 ==== 205+0+0 (secure 0 0 0) 0x7f0db0004160 con 0x7f0dbc1065b0
2024-06-13T06:45:44.390 INFO:teuthology.orchestra.run.smithi026.stdout:/usr/bin/ceph: stderr
2024-06-13T06:45:43.337+0000 7f0dbb400700 1 -- 172.21.15.26:0/115053259 <== mon.0 v2:172.21.15.26:3300/0 2 ==== config(27 keys) ==== 1109+0+0 (secure 0 0 0) 0x7f0db0004300 con 0x7f0dbc1065b0
2024-06-13T06:45:44.390 INFO:teuthology.orchestra.run.smithi026.stdout:/usr/bin/ceph: stderr
2024-06-13T06:45:43.337+0000 7f0dbb400700 1 -- 172.21.15.26:0/115053259 <== mon.0 v2:172.21.15.26:3300/0 3 ==== mon_map magic: 0 ==== 205+0+0 (secure 0 0 0) 0x7f0db0011b50 con 0x7f0dbc1065b0
2024-06-13T06:45:44.390 INFO:teuthology.orchestra.run.smithi026.stdout:/usr/bin/ceph: stderr
2024-06-13T06:45:43.338+0000 7f0dc1e00700 1 -- 172.21.15.26:0/115053259 >> [v2:172.21.15.26:3300/0,v1:172.21.15.26:6789/0] conn(0x7f0dbc1065b0 msgr2=0x7f0dbc1089e0 secure :-1 s=STATE_CONNECTION_ESTABLISHED l=1).mark_down
2024-06-13T06:45:44.390 INFO:teuthology.orchestra.run.smithi026.stdout:/usr/bin/ceph: stderr
2024-06-13T06:45:43.338+0000 7f0dc1e00700 1 --2- 172.21.15.26:0/115053259 >> [v2:172.21.15.26:3300/0,v1:172.21.15.26:6789/0] conn(0x7f0dbc1065b0 0x7f0dbc1089e0 secure :-1 s=READY pgs=26 cs=0 l=1 rev1=1 crypto rx=0x7f0db00098a0 tx=0x7f0db0009bb0 comp rx=0 tx=0).stop
2024-06-13T06:45:44.390 INFO:teuthology.orchestra.run.smithi026.stdout:/usr/bin/ceph: stderr
2024-06-13T06:45:43.338+0000 7f0dc1e00700 1 -- 172.21.15.26:0/115053259 shutdown_connections
2024-06-13T06:45:44.390 INFO:teuthology.orchestra.run.smithi026.stdout:/usr/bin/ceph: stderr
2024-06-13T06:45:43.338+0000 7f0dc1e00700 1 --2- 172.21.15.26:0/115053259 >> [v2:172.21.15.26:3300/0,v1:172.21.15.26:6789/0] conn(0x7f0dbc1065b0 0x7f0dbc1089e0 unknown :-1 s=CLOSED pgs=26 cs=0 l=1 rev1=1 crypto rx=0 tx=0 comp rx=0 tx=0).stop
2024-06-13T06:45:44.391 INFO:teuthology.orchestra.run.smithi026.stdout:/usr/bin/ceph: stderr
2024-06-13T06:45:43.338+0000 7f0dc1e00700 1 -- 172.21.15.26:0/115053259 >> 172.21.15.26:0/115053259 conn(0x7f0dbc1021f0 msgr2=0x7f0dbc104630 unknown :-1 s=STATE_NONE l=0).mark_down
2024-06-13T06:45:44.391 INFO:teuthology.orchestra.run.smithi026.stdout:/usr/bin/ceph: stderr
2024-06-13T06:45:43.338+0000 7f0dc1e00700 1 -- 172.21.15.26:0/115053259 shutdown_connections
2024-06-13T06:45:44.391 INFO:teuthology.orchestra.run.smithi026.stdout:/usr/bin/ceph: stderr
2024-06-13T06:45:43.338+0000 7f0dc1e00700 1 -- 172.21.15.26:0/115053259 wait complete.
2024-06-13T06:45:44.391 INFO:teuthology.orchestra.run.smithi026.stdout:/usr/bin/ceph: stderr
2024-06-13T06:45:43.339+0000 7f0dc1e00700 1 Processor -- start
2024-06-13T06:45:44.391 INFO:teuthology.orchestra.run.smithi026.stdout:/usr/bin/ceph: stderr
2024-06-13T06:45:43.340+0000 7f0dc1e00700 1 -- start start
2024-06-13T06:45:44.391 INFO:teuthology.orchestra.run.smithi026.stdout:/usr/bin/ceph: stderr
2024-06-13T06:45:43.340+0000 7f0dc1e00700 1 --2- >> [v2:172.21.15.26:3300/0,v1:172.21.15.26:6789/0] conn(0x7f0dbc1065b0 0x7f0dbc1a2330 unknown :-1 s=NONE pgs=0 cs=0 l=1 rev1=0 crypto rx=0 tx=0 comp rx=0 tx=0).connect
2024-06-13T06:45:44.391 INFO:teuthology.orchestra.run.smithi026.stdout:/usr/bin/ceph: stderr
2024-06-13T06:45:43.340+0000 7f0dc1e00700 1 -- --> [v2:172.21.15.26:3300/0,v1:172.21.15.26:6789/0] -- mon_getmap magic: 0 -- 0x7f0dbc109fb0 con 0x7f0dbc1065b0
2024-06-13T06:45:44.391 INFO:teuthology.orchestra.run.smithi026.stdout:/usr/bin/ceph: stderr
2024-06-13T06:45:43.340+0000 7f0dc0a00700 1 --2- >> [v2:172.21.15.26:3300/0,v1:172.21.15.26:6789/0] conn(0x7f0dbc1065b0 0x7f0dbc1a2330 unknown :-1 s=BANNER_CONNECTING pgs=0 cs=0 l=1 rev1=0 crypto rx=0 tx=0 comp rx=0 tx=0)._handle_peer_banner_payload supported=3 required=0
2024-06-13T06:45:44.391 INFO:teuthology.orchestra.run.smithi026.stdout:/usr/bin/ceph: stderr
2024-06-13T06:45:43.340+0000 7f0dc0a00700 1 --2- >> [v2:172.21.15.26:3300/0,v1:172.21.15.26:6789/0] conn(0x7f0dbc1065b0 0x7f0dbc1a2330 unknown :-1 s=HELLO_CONNECTING pgs=0 cs=0 l=1 rev1=1 crypto rx=0 tx=0 comp rx=0 tx=0).handle_hello peer v2:172.21.15.26:3300/0 says I am v2:172.21.15.26:35614/0 (socket says 172.21.15.26:35614)
2024-06-13T06:45:44.391 INFO:teuthology.orchestra.run.smithi026.stdout:/usr/bin/ceph: stderr
2024-06-13T06:45:43.340+0000 7f0dc0a00700 1 -- 172.21.15.26:0/125105950 learned_addr learned my addr 172.21.15.26:0/125105950 (peer_addr_for_me v2:172.21.15.26:0/0)
2024-06-13T06:45:44.391 INFO:teuthology.orchestra.run.smithi026.stdout:/usr/bin/ceph: stderr
2024-06-13T06:45:43.341+0000 7f0dc0a00700 1 -- 172.21.15.26:0/125105950 --> [v2:172.21.15.26:3300/0,v1:172.21.15.26:6789/0] -- mon_subscribe({config=0+,monmap=0+}) -- 0x7f0dbc1a2870 con 0x7f0dbc1065b0
2024-06-13T06:45:44.391 INFO:teuthology.orchestra.run.smithi026.stdout:/usr/bin/ceph: stderr
2024-06-13T06:45:43.341+0000 7f0dc0a00700 1 --2- 172.21.15.26:0/125105950 >> [v2:172.21.15.26:3300/0,v1:172.21.15.26:6789/0] conn(0x7f0dbc1065b0 0x7f0dbc1a2330 secure :-1 s=READY pgs=27 cs=0 l=1 rev1=1 crypto rx=0x7f0db0011b60 tx=0x7f0db0011c40 comp rx=0 tx=0).ready entity=mon.0 client_cookie=0 server_cookie=0 in_seq=0 out_seq=0
2024-06-13T06:45:44.391 INFO:teuthology.orchestra.run.smithi026.stdout:/usr/bin/ceph: stderr
2024-06-13T06:45:43.341+0000 7f0db9600700 1 -- 172.21.15.26:0/125105950 <== mon.0 v2:172.21.15.26:3300/0 1 ==== mon_map magic: 0 ==== 205+0+0 (secure 0 0 0) 0x7f0db0003970 con 0x7f0dbc1065b0
2024-06-13T06:45:44.394 INFO:teuthology.orchestra.run.smithi026.stdout:/usr/bin/ceph: stderr
2024-06-13T06:45:43.341+0000 7f0db9600700 1 -- 172.21.15.26:0/125105950 <== mon.0 v2:172.21.15.26:3300/0 2 ==== config(27 keys) ==== 1109+0+0 (secure 0 0 0) 0x7f0db0003b10 con 0x7f0dbc1065b0
2024-06-13T06:45:44.394 INFO:teuthology.orchestra.run.smithi026.stdout:/usr/bin/ceph: stderr
2024-06-13T06:45:43.341+0000 7f0db9600700 1 -- 172.21.15.26:0/125105950 <== mon.0 v2:172.21.15.26:3300/0 3 ==== mon_map magic: 0 ==== 205+0+0 (secure 0 0 0) 0x7f0db0024610 con 0x7f0dbc1065b0
2024-06-13T06:45:44.394 INFO:teuthology.orchestra.run.smithi026.stdout:/usr/bin/ceph: stderr
2024-06-13T06:45:43.341+0000 7f0dc1e00700 1 -- 172.21.15.26:0/125105950 --> [v2:172.21.15.26:3300/0,v1:172.21.15.26:6789/0] -- mon_subscribe({mgrmap=0+}) -- 0x7f0dbc1a2b00 con 0x7f0dbc1065b0
2024-06-13T06:45:44.394 INFO:teuthology.orchestra.run.smithi026.stdout:/usr/bin/ceph: stderr
2024-06-13T06:45:43.342+0000 7f0dc1e00700 1 -- 172.21.15.26:0/125105950 --> [v2:172.21.15.26:3300/0,v1:172.21.15.26:6789/0] -- mon_subscribe({osdmap=0}) -- 0x7f0dbc1a57f0 con 0x7f0dbc1065b0
2024-06-13T06:45:44.394 INFO:teuthology.orchestra.run.smithi026.stdout:/usr/bin/ceph: stderr
2024-06-13T06:45:43.343+0000 7f0db9600700 1 -- 172.21.15.26:0/125105950 <== mon.0 v2:172.21.15.26:3300/0 4 ==== mgrmap(e 5) ==== 46287+0+0 (secure 0 0 0) 0x7f0db001a9f0 con 0x7f0dbc1065b0
2024-06-13T06:45:44.395 INFO:teuthology.orchestra.run.smithi026.stdout:/usr/bin/ceph: stderr
2024-06-13T06:45:43.343+0000 7f0dc1e00700 1 -- 172.21.15.26:0/125105950 --> [v2:172.21.15.26:3300/0,v1:172.21.15.26:6789/0] -- mon_command({"prefix": "get_command_descriptions"} v 0) -- 0x7f0dbc19b890 con 0x7f0dbc1065b0
2024-06-13T06:45:44.395 INFO:teuthology.orchestra.run.smithi026.stdout:/usr/bin/ceph: stderr
2024-06-13T06:45:43.343+0000 7f0db9600700 1 --2- 172.21.15.26:0/125105950 >> [v2:172.21.15.26:6800/2776242437,v1:172.21.15.26:6801/2776242437] conn(0x7f0da40390a0 0x7f0da403b560 unknown :-1 s=NONE pgs=0 cs=0 l=1 rev1=0 crypto rx=0 tx=0 comp rx=0 tx=0).connect
2024-06-13T06:45:44.395 INFO:teuthology.orchestra.run.smithi026.stdout:/usr/bin/ceph: stderr
2024-06-13T06:45:43.343+0000 7f0db9600700 1 -- 172.21.15.26:0/125105950 <== mon.0 v2:172.21.15.26:3300/0 5 ==== osd_map(1..1 src has 1..1) ==== 725+0+0 (secure 0 0 0) 0x7f0db0011e00 con 0x7f0dbc1065b0
2024-06-13T06:45:44.395 INFO:teuthology.orchestra.run.smithi026.stdout:/usr/bin/ceph: stderr
2024-06-13T06:45:43.343+0000 7f0dbbe00700 1 -- 172.21.15.26:0/125105950 >> [v2:172.21.15.26:6800/2776242437,v1:172.21.15.26:6801/2776242437] conn(0x7f0da40390a0 msgr2=0x7f0da403b560 unknown :-1 s=STATE_CONNECTING_RE l=1).process reconnect failed to v2:172.21.15.26:6800/2776242437
2024-06-13T06:45:44.395 INFO:teuthology.orchestra.run.smithi026.stdout:/usr/bin/ceph: stderr
2024-06-13T06:45:43.343+0000 7f0dbbe00700 1 --2- 172.21.15.26:0/125105950 >> [v2:172.21.15.26:6800/2776242437,v1:172.21.15.26:6801/2776242437] conn(0x7f0da40390a0 0x7f0da403b560 unknown :-1 s=START_CONNECT pgs=0 cs=0 l=1 rev1=0 crypto rx=0 tx=0 comp rx=0 tx=0)._fault waiting 0.200000
2024-06-13T06:45:44.395 INFO:teuthology.orchestra.run.smithi026.stdout:/usr/bin/ceph: stderr
2024-06-13T06:45:43.353+0000 7f0db9600700 1 -- 172.21.15.26:0/125105950 <== mon.0 v2:172.21.15.26:3300/0 6 ==== mon_command_ack([{"prefix": "get_command_descriptions"}]=0 v0) ==== 72+0+186418 (secure 0 0 0) 0x7f0db0016260 con 0x7f0dbc1065b0
2024-06-13T06:45:44.395 INFO:teuthology.orchestra.run.smithi026.stdout:/usr/bin/ceph: stderr
2024-06-13T06:45:43.544+0000 7f0dbbe00700 1 -- 172.21.15.26:0/125105950 >> [v2:172.21.15.26:6800/2776242437,v1:172.21.15.26:6801/2776242437] conn(0x7f0da40390a0 msgr2=0x7f0da403b560 unknown :-1 s=STATE_CONNECTING_RE l=1).process reconnect failed to v2:172.21.15.26:6800/2776242437
2024-06-13T06:45:44.395 INFO:teuthology.orchestra.run.smithi026.stdout:/usr/bin/ceph: stderr
2024-06-13T06:45:43.544+0000 7f0dbbe00700 1 --2- 172.21.15.26:0/125105950 >> [v2:172.21.15.26:6800/2776242437,v1:172.21.15.26:6801/2776242437] conn(0x7f0da40390a0 0x7f0da403b560 unknown :-1 s=START_CONNECT pgs=0 cs=0 l=1 rev1=0 crypto rx=0 tx=0 comp rx=0 tx=0)._fault waiting 0.400000
2024-06-13T06:45:44.395 INFO:teuthology.orchestra.run.smithi026.stdout:/usr/bin/ceph: stderr
2024-06-13T06:45:43.641+0000 7f0dc1e00700 1 -- 172.21.15.26:0/125105950 --> [v2:172.21.15.26:3300/0,v1:172.21.15.26:6789/0] -- mon_command({"prefix": "mgr stat"} v 0) -- 0x7f0dbc02df50 con 0x7f0dbc1065b0
2024-06-13T06:45:44.395 INFO:teuthology.orchestra.run.smithi026.stdout:/usr/bin/ceph: stderr
2024-06-13T06:45:43.642+0000 7f0db9600700 1 -- 172.21.15.26:0/125105950 <== mon.0 v2:172.21.15.26:3300/0 7 ==== mon_command_ack([{"prefix": "mgr stat"}]=0 v5) ==== 56+0+88 (secure 0 0 0) 0x7f0db0019e10 con 0x7f0dbc1065b0
2024-06-13T06:45:44.395 INFO:teuthology.orchestra.run.smithi026.stdout:/usr/bin/ceph: stderr
2024-06-13T06:45:43.645+0000 7f0dc1e00700 1 -- 172.21.15.26:0/125105950 >> [v2:172.21.15.26:6800/2776242437,v1:172.21.15.26:6801/2776242437] conn(0x7f0da40390a0 msgr2=0x7f0da403b560 unknown :-1 s=STATE_CONNECTING l=1).mark_down
2024-06-13T06:45:44.395 INFO:teuthology.orchestra.run.smithi026.stdout:/usr/bin/ceph: stderr
2024-06-13T06:45:43.645+0000 7f0dc1e00700 1 --2- 172.21.15.26:0/125105950 >> [v2:172.21.15.26:6800/2776242437,v1:172.21.15.26:6801/2776242437] conn(0x7f0da40390a0 0x7f0da403b560 unknown :-1 s=START_CONNECT pgs=0 cs=0 l=1 rev1=0 crypto rx=0 tx=0 comp rx=0 tx=0).stop
2024-06-13T06:45:44.395 INFO:teuthology.orchestra.run.smithi026.stdout:/usr/bin/ceph: stderr
2024-06-13T06:45:43.645+0000 7f0dc1e00700 1 -- 172.21.15.26:0/125105950 >> [v2:172.21.15.26:3300/0,v1:172.21.15.26:6789/0] conn(0x7f0dbc1065b0 msgr2=0x7f0dbc1a2330 secure :-1 s=STATE_CONNECTION_ESTABLISHED l=1).mark_down
2024-06-13T06:45:44.396 INFO:teuthology.orchestra.run.smithi026.stdout:/usr/bin/ceph: stderr
2024-06-13T06:45:43.645+0000 7f0dc1e00700 1 --2- 172.21.15.26:0/125105950 >> [v2:172.21.15.26:3300/0,v1:172.21.15.26:6789/0] conn(0x7f0dbc1065b0 0x7f0dbc1a2330 secure :-1 s=READY pgs=27 cs=0 l=1 rev1=1 crypto rx=0x7f0db0011b60 tx=0x7f0db0011c40 comp rx=0 tx=0).stop
2024-06-13T06:45:44.396 INFO:teuthology.orchestra.run.smithi026.stdout:/usr/bin/ceph: stderr
2024-06-13T06:45:43.645+0000 7f0dc1e00700 1 -- 172.21.15.26:0/125105950 shutdown_connections
2024-06-13T06:45:44.396 INFO:teuthology.orchestra.run.smithi026.stdout:/usr/bin/ceph: stderr
2024-06-13T06:45:43.645+0000 7f0dc1e00700 1 --2- 172.21.15.26:0/125105950 >> [v2:172.21.15.26:6800/2776242437,v1:172.21.15.26:6801/2776242437] conn(0x7f0da40390a0 0x7f0da403b560 unknown :-1 s=CLOSED pgs=0 cs=0 l=1 rev1=0 crypto rx=0 tx=0 comp rx=0 tx=0).stop
2024-06-13T06:45:44.396 INFO:teuthology.orchestra.run.smithi026.stdout:/usr/bin/ceph: stderr
2024-06-13T06:45:43.645+0000 7f0dc1e00700 1 --2- 172.21.15.26:0/125105950 >> [v2:172.21.15.26:3300/0,v1:172.21.15.26:6789/0] conn(0x7f0dbc1065b0 0x7f0dbc1a2330 unknown :-1 s=CLOSED pgs=27 cs=0 l=1 rev1=1 crypto rx=0 tx=0 comp rx=0 tx=0).stop
2024-06-13T06:45:44.396 INFO:teuthology.orchestra.run.smithi026.stdout:/usr/bin/ceph: stderr
2024-06-13T06:45:43.645+0000 7f0dc1e00700 1 -- 172.21.15.26:0/125105950 >> 172.21.15.26:0/125105950 conn(0x7f0dbc1021f0 msgr2=0x7f0dbc104630 unknown :-1 s=STATE_NONE l=0).mark_down
2024-06-13T06:45:44.396 INFO:teuthology.orchestra.run.smithi026.stdout:/usr/bin/ceph: stderr
2024-06-13T06:45:43.646+0000 7f0dc1e00700 1 -- 172.21.15.26:0/125105950 shutdown_connections
2024-06-13T06:45:44.396 INFO:teuthology.orchestra.run.smithi026.stdout:/usr/bin/ceph: stderr
2024-06-13T06:45:43.646+0000 7f0dc1e00700 1 -- 172.21.15.26:0/125105950 wait complete.
2024-06-13T06:45:44.396 INFO:teuthology.orchestra.run.smithi026.stdout:Waiting for the mgr to restart...
2024-06-13T06:45:44.396 INFO:teuthology.orchestra.run.smithi026.stdout:Waiting for mgr epoch 5...
2024-06-13T06:45:44.924 INFO:journalctl@ceph.mgr.x.smithi026.stdout:Jun 13 06:45:44 smithi026 ceph-559474f0-2950-11ef-bc9c-c7b262605968-mgr-x[32280]:
2024-06-13T06:45:44.898+0000 7f2672a15200 -1 mgr[py] Module telegraf has missing NOTIFY_TYPES member
2024-06-13T06:45:45.176 INFO:journalctl@ceph.mgr.x.smithi026.stdout:Jun 13 06:45:45 smithi026 ceph-559474f0-2950-11ef-bc9c-c7b262605968-mgr-x[32280]:
2024-06-13T06:45:45.133+0000 7f2672a15200 -1 mgr[py] Module osd_support has missing NOTIFY_TYPES member
2024-06-13T06:45:45.502 INFO:journalctl@ceph.mgr.x.smithi026.stdout:Jun 13 06:45:45 smithi026 ceph-559474f0-2950-11ef-bc9c-c7b262605968-mgr-x[32280]:
2024-06-13T06:45:45.356+0000 7f2672a15200 -1 mgr[py] Module iostat has missing NOTIFY_TYPES member
2024-06-13T06:45:45.877 INFO:journalctl@ceph.mgr.x.smithi026.stdout:Jun 13 06:45:45 smithi026 ceph-559474f0-2950-11ef-bc9c-c7b262605968-mgr-x[32280]:
2024-06-13T06:45:45.750+0000 7f2672a15200 -1 mgr[py] Module alerts has missing NOTIFY_TYPES member
2024-06-13T06:45:45.878 INFO:journalctl@ceph.mgr.x.smithi026.stdout:Jun 13 06:45:45 smithi026 ceph-559474f0-2950-11ef-bc9c-c7b262605968-mgr-x[32280]:
2024-06-13T06:45:45.877+0000 7f2672a15200 -1 mgr[py] Module selftest has missing NOTIFY_TYPES member
2024-06-13T06:45:46.402 INFO:journalctl@ceph.mgr.x.smithi026.stdout:Jun 13 06:45:46 smithi026 ceph-559474f0-2950-11ef-bc9c-c7b262605968-mgr-x[32280]:
2024-06-13T06:45:46.138+0000 7f2672a15200 -1 mgr[py] Module pg_autoscaler has missing NOTIFY_TYPES member
2024-06-13T06:45:46.752 INFO:journalctl@ceph.mgr.x.smithi026.stdout:Jun 13 06:45:46 smithi026 ceph-559474f0-2950-11ef-bc9c-c7b262605968-mgr-x[32280]:
2024-06-13T06:45:46.402+0000 7f2672a15200 -1 mgr[py] Module test_orchestrator has missing NOTIFY_TYPES member
2024-06-13T06:45:47.502 INFO:journalctl@ceph.mgr.x.smithi026.stdout:Jun 13 06:45:47 smithi026 ceph-559474f0-2950-11ef-bc9c-c7b262605968-mgr-x[32280]:
2024-06-13T06:45:47.224+0000 7f2672a15200 -1 mgr[py] Module rook has missing NOTIFY_TYPES member
2024-06-13T06:45:48.204 INFO:journalctl@ceph.mgr.x.smithi026.stdout:Jun 13 06:45:47 smithi026 ceph-559474f0-2950-11ef-bc9c-c7b262605968-mgr-x[32280]:
2024-06-13T06:45:47.795+0000 7f2672a15200 -1 mgr[py] Module volumes has missing NOTIFY_TYPES member
2024-06-13T06:45:48.204 INFO:journalctl@ceph.mgr.x.smithi026.stdout:Jun 13 06:45:47 smithi026 ceph-559474f0-2950-11ef-bc9c-c7b262605968-mgr-x[32280]:
2024-06-13T06:45:47.928+0000 7f2672a15200 -1 mgr[py] Module crash has missing NOTIFY_TYPES member
2024-06-13T06:45:48.204 INFO:journalctl@ceph.mgr.x.smithi026.stdout:Jun 13 06:45:48 smithi026 ceph-559474f0-2950-11ef-bc9c-c7b262605968-mgr-x[32280]:
2024-06-13T06:45:48.203+0000 7f2672a15200 -1 mgr[py] Module rgw has missing NOTIFY_TYPES member
2024-06-13T06:45:49.251 INFO:journalctl@ceph.mgr.x.smithi026.stdout:Jun 13 06:45:48 smithi026 ceph-559474f0-2950-11ef-bc9c-c7b262605968-mgr-x[32280]:
2024-06-13T06:45:48.884+0000 7f2672a15200 -1 mgr[py] Module prometheus has missing NOTIFY_TYPES member
2024-06-13T06:45:49.252 INFO:journalctl@ceph.mgr.x.smithi026.stdout:Jun 13 06:45:49 smithi026 ceph-559474f0-2950-11ef-bc9c-c7b262605968-mgr-x[32280]:
2024-06-13T06:45:49.011+0000 7f2672a15200 -1 mgr[py] Module devicehealth has missing NOTIFY_TYPES member
2024-06-13T06:45:49.667 INFO:journalctl@ceph.mgr.x.smithi026.stdout:Jun 13 06:45:49 smithi026 ceph-559474f0-2950-11ef-bc9c-c7b262605968-mgr-x[32280]:
2024-06-13T06:45:49.349+0000 7f2672a15200 -1 mgr[py] Module telemetry has missing NOTIFY_TYPES member
2024-06-13T06:45:49.667 INFO:journalctl@ceph.mgr.x.smithi026.stdout:Jun 13 06:45:49 smithi026 ceph-559474f0-2950-11ef-bc9c-c7b262605968-mgr-x[32280]:
2024-06-13T06:45:49.536+0000 7f2672a15200 -1 mgr[py] Module diskprediction_local has missing NOTIFY_TYPES member
2024-06-13T06:45:49.667 INFO:journalctl@ceph.mgr.x.smithi026.stdout:Jun 13 06:45:49 smithi026 ceph-559474f0-2950-11ef-bc9c-c7b262605968-mgr-x[32280]:
2024-06-13T06:45:49.667+0000 7f2672a15200 -1 mgr[py] Module osd_perf_query has missing NOTIFY_TYPES member
2024-06-13T06:45:50.001 INFO:journalctl@ceph.mgr.x.smithi026.stdout:Jun 13 06:45:49 smithi026 ceph-559474f0-2950-11ef-bc9c-c7b262605968-mgr-x[32280]:
2024-06-13T06:45:49.826+0000 7f2672a15200 -1 mgr[py] Module rbd_support has missing NOTIFY_TYPES member
2024-06-13T06:45:50.502 INFO:journalctl@ceph.mgr.x.smithi026.stdout:Jun 13 06:45:50 smithi026 ceph-559474f0-2950-11ef-bc9c-c7b262605968-mgr-x[32280]:
2024-06-13T06:45:50.204+0000 7f2672a15200 -1 mgr[py] Module zabbix has missing NOTIFY_TYPES member
2024-06-13T06:45:51.252 INFO:journalctl@ceph.mgr.x.smithi026.stdout:Jun 13 06:45:50 smithi026 ceph-559474f0-2950-11ef-bc9c-c7b262605968-mgr-x[32280]:
2024-06-13T06:45:50.994+0000 7f2672a15200 -1 mgr[py] Module status has missing NOTIFY_TYPES member
2024-06-13T06:45:51.752 INFO:journalctl@ceph.mgr.x.smithi026.stdout:Jun 13 06:45:51 smithi026 ceph-559474f0-2950-11ef-bc9c-c7b262605968-mgr-x[32280]:
2024-06-13T06:45:51.295+0000 7f2672a15200 -1 mgr[py] Module nfs has missing NOTIFY_TYPES member
2024-06-13T06:45:51.752 INFO:journalctl@ceph.mon.a.smithi026.stdout:Jun 13 06:45:51 smithi026 ceph-mon[32041]: Active manager daemon x restarted
2024-06-13T06:45:51.752 INFO:journalctl@ceph.mon.a.smithi026.stdout:Jun 13 06:45:51 smithi026 ceph-mon[32041]: Activating manager daemon x
2024-06-13T06:45:51.753 INFO:journalctl@ceph.mon.a.smithi026.stdout:Jun 13 06:45:51 smithi026 ceph-mon[32041]: osdmap e2: 0 total, 0 up, 0 in
2024-06-13T06:45:51.753 INFO:journalctl@ceph.mon.a.smithi026.stdout:Jun 13 06:45:51 smithi026 ceph-mon[32041]: mgrmap e6: x(active, starting, since 0.00914138s)
2024-06-13T06:45:51.753 INFO:journalctl@ceph.mon.a.smithi026.stdout:Jun 13 06:45:51 smithi026 ceph-mon[32041]: from='mgr.14120 172.21.15.26:0/3709379197' entity='mgr.x' cmd=[{"prefix": "mon metadata", "id": "a"}]: dispatch
2024-06-13T06:45:51.753 INFO:journalctl@ceph.mon.a.smithi026.stdout:Jun 13 06:45:51 smithi026 ceph-mon[32041]: from='mgr.14120 172.21.15.26:0/3709379197' entity='mgr.x' cmd=[{"prefix": "mgr metadata", "who": "x", "id": "x"}]: dispatch
2024-06-13T06:45:51.753 INFO:journalctl@ceph.mon.a.smithi026.stdout:Jun 13 06:45:51 smithi026 ceph-mon[32041]: from='mgr.14120 172.21.15.26:0/3709379197' entity='mgr.x' cmd=[{"prefix": "mds metadata"}]: dispatch
2024-06-13T06:45:51.753 INFO:journalctl@ceph.mon.a.smithi026.stdout:Jun 13 06:45:51 smithi026 ceph-mon[32041]: from='mgr.14120 172.21.15.26:0/3709379197' entity='mgr.x' cmd=[{"prefix": "osd metadata"}]: dispatch
2024-06-13T06:45:51.753 INFO:journalctl@ceph.mon.a.smithi026.stdout:Jun 13 06:45:51 smithi026 ceph-mon[32041]: from='mgr.14120 172.21.15.26:0/3709379197' entity='mgr.x' cmd=[{"prefix": "mon metadata"}]: dispatch
2024-06-13T06:45:51.753 INFO:journalctl@ceph.mon.a.smithi026.stdout:Jun 13 06:45:51 smithi026 ceph-mon[32041]: Manager daemon x is now available
2024-06-13T06:45:51.753 INFO:journalctl@ceph.mon.a.smithi026.stdout:Jun 13 06:45:51 smithi026 ceph-mon[32041]: from='mgr.14120 172.21.15.26:0/3709379197' entity='mgr.x'
2024-06-13T06:45:52.680 INFO:journalctl@ceph.mon.a.smithi026.stdout:Jun 13 06:45:52 smithi026 ceph-mon[32041]: Found migration_current of "None". Setting to last migration.
2024-06-13T06:45:52.680 INFO:journalctl@ceph.mon.a.smithi026.stdout:Jun 13 06:45:52 smithi026 ceph-mon[32041]: from='mgr.14120 172.21.15.26:0/3709379197' entity='mgr.x'
2024-06-13T06:45:52.681 INFO:journalctl@ceph.mon.a.smithi026.stdout:Jun 13 06:45:52 smithi026 ceph-mon[32041]: from='mgr.14120 172.21.15.26:0/3709379197' entity='mgr.x' cmd=[{"prefix": "config dump", "format": "json"}]: dispatch
2024-06-13T06:45:52.681 INFO:journalctl@ceph.mon.a.smithi026.stdout:Jun 13 06:45:52 smithi026 ceph-mon[32041]: from='mgr.14120 172.21.15.26:0/3709379197' entity='mgr.x' cmd=[{"prefix": "config dump", "format": "json"}]: dispatch
2024-06-13T06:45:52.681 INFO:journalctl@ceph.mon.a.smithi026.stdout:Jun 13 06:45:52 smithi026 ceph-mon[32041]: from='mgr.14120 172.21.15.26:0/3709379197' entity='mgr.x' cmd=[{"prefix":"config rm","who":"mgr","name":"mgr/rbd_support/x/mirror_snapshot_schedule"}]: dispatch
2024-06-13T06:45:52.681 INFO:journalctl@ceph.mon.a.smithi026.stdout:Jun 13 06:45:52 smithi026 ceph-mon[32041]: from='mgr.14120 172.21.15.26:0/3709379197' entity='mgr.x' cmd=[{"prefix":"config rm","who":"mgr","name":"mgr/rbd_support/x/trash_purge_schedule"}]: dispatch
2024-06-13T06:45:52.681 INFO:journalctl@ceph.mon.a.smithi026.stdout:Jun 13 06:45:52 smithi026 ceph-mon[32041]: from='mgr.14120 172.21.15.26:0/3709379197' entity='mgr.x'
2024-06-13T06:45:52.681 INFO:journalctl@ceph.mon.a.smithi026.stdout:Jun 13 06:45:52 smithi026 ceph-mon[32041]: from='mgr.14120 172.21.15.26:0/3709379197' entity='mgr.x'
