2024-06-13T06:46:31.135+0000 7f1056a00700 1 -- 172.21.15.26:0/330551212 <== mon.0 v2:172.21.15.26:3300/0 2 ==== config(27 keys) ==== 1140+0+0 (secure 0 0 0) 0x7f1050003be0 con 0x7f10601065a0
2024-06-13T06:46:32.285 INFO:teuthology.orchestra.run.smithi026.stdout:/usr/bin/ceph: stderr
2024-06-13T06:46:31.135+0000 7f105f200700 1 -- 172.21.15.26:0/330551212 --> [v2:172.21.15.26:3300/0,v1:172.21.15.26:6789/0] -- mon_subscribe({mgrmap=0+}) -- 0x7f10601a2a80 con 0x7f10601065a0
2024-06-13T06:46:32.285 INFO:teuthology.orchestra.run.smithi026.stdout:/usr/bin/ceph: stderr
2024-06-13T06:46:31.135+0000 7f1056a00700 1 -- 172.21.15.26:0/330551212 <== mon.0 v2:172.21.15.26:3300/0 3 ==== mon_map magic: 0 ==== 205+0+0 (secure 0 0 0) 0x7f105001a750 con 0x7f10601065a0
2024-06-13T06:46:32.285 INFO:teuthology.orchestra.run.smithi026.stdout:/usr/bin/ceph: stderr
2024-06-13T06:46:31.135+0000 7f105f200700 1 -- 172.21.15.26:0/330551212 --> [v2:172.21.15.26:3300/0,v1:172.21.15.26:6789/0] -- mon_subscribe({osdmap=0}) -- 0x7f10601a2ee0 con 0x7f10601065a0
2024-06-13T06:46:32.285 INFO:teuthology.orchestra.run.smithi026.stdout:/usr/bin/ceph: stderr
2024-06-13T06:46:31.136+0000 7f105f200700 1 -- 172.21.15.26:0/330551212 --> [v2:172.21.15.26:3300/0,v1:172.21.15.26:6789/0] -- mon_command({"prefix": "get_command_descriptions"} v 0) -- 0x7f1060063af0 con 0x7f10601065a0
2024-06-13T06:46:32.285 INFO:teuthology.orchestra.run.smithi026.stdout:/usr/bin/ceph: stderr
2024-06-13T06:46:31.136+0000 7f1056a00700 1 -- 172.21.15.26:0/330551212 <== mon.0 v2:172.21.15.26:3300/0 4 ==== mgrmap(e 12) ==== 46300+0+0 (secure 0 0 0) 0x7f1050024430 con 0x7f10601065a0
2024-06-13T06:46:32.285 INFO:teuthology.orchestra.run.smithi026.stdout:/usr/bin/ceph: stderr
2024-06-13T06:46:31.137+0000 7f1056a00700 1 --2- 172.21.15.26:0/330551212 >> [v2:172.21.15.26:6800/662324914,v1:172.21.15.26:6801/662324914] conn(0x7f10440390b0 0x7f104403b570 unknown :-1 s=NONE pgs=0 cs=0 l=1 rev1=0 crypto rx=0 tx=0 comp rx=0 tx=0).connect
2024-06-13T06:46:32.286 INFO:teuthology.orchestra.run.smithi026.stdout:/usr/bin/ceph: stderr
2024-06-13T06:46:31.137+0000 7f1056a00700 1 -- 172.21.15.26:0/330551212 <== mon.0 v2:172.21.15.26:3300/0 5 ==== osd_map(3..3 src has 1..3) ==== 1155+0+0 (secure 0 0 0) 0x7f105004d810 con 0x7f10601065a0
2024-06-13T06:46:32.286 INFO:teuthology.orchestra.run.smithi026.stdout:/usr/bin/ceph: stderr
2024-06-13T06:46:31.137+0000 7f105d400700 1 --2- 172.21.15.26:0/330551212 >> [v2:172.21.15.26:6800/662324914,v1:172.21.15.26:6801/662324914] conn(0x7f10440390b0 0x7f104403b570 unknown :-1 s=BANNER_CONNECTING pgs=0 cs=0 l=1 rev1=0 crypto rx=0 tx=0 comp rx=0 tx=0)._handle_peer_banner_payload supported=3 required=0
2024-06-13T06:46:32.286 INFO:teuthology.orchestra.run.smithi026.stdout:/usr/bin/ceph: stderr
2024-06-13T06:46:31.138+0000 7f105d400700 1 --2- 172.21.15.26:0/330551212 >> [v2:172.21.15.26:6800/662324914,v1:172.21.15.26:6801/662324914] conn(0x7f10440390b0 0x7f104403b570 secure :-1 s=READY pgs=7 cs=0 l=1 rev1=1 crypto rx=0x7f104c006fd0 tx=0x7f104c006e40 comp rx=0 tx=0).ready entity=mgr.14152 client_cookie=0 server_cookie=0 in_seq=0 out_seq=0
2024-06-13T06:46:32.286 INFO:teuthology.orchestra.run.smithi026.stdout:/usr/bin/ceph: stderr
2024-06-13T06:46:31.142+0000 7f1056a00700 1 -- 172.21.15.26:0/330551212 <== mon.0 v2:172.21.15.26:3300/0 6 ==== mon_command_ack([{"prefix": "get_command_descriptions"}]=0 v0) ==== 72+0+186418 (secure 0 0 0) 0x7f1050011e20 con 0x7f10601065a0
2024-06-13T06:46:32.286 INFO:teuthology.orchestra.run.smithi026.stdout:/usr/bin/ceph: stderr
2024-06-13T06:46:31.379+0000 7f105f200700 1 -- 172.21.15.26:0/330551212 --> [v2:172.21.15.26:6800/662324914,v1:172.21.15.26:6801/662324914] -- mgr_command(tid 0: {"prefix": "dashboard create-self-signed-cert", "target": ["mon-mgr", ""]}) -- 0x7f10600628d0 con 0x7f10440390b0
2024-06-13T06:46:32.286 INFO:teuthology.orchestra.run.smithi026.stdout:/usr/bin/ceph: stderr
2024-06-13T06:46:31.536+0000 7f1056a00700 1 -- 172.21.15.26:0/330551212 <== mgr.14152 v2:172.21.15.26:6800/662324914 1 ==== mgr_command_reply(tid 0: 0 ) ==== 8+0+32 (secure 0 0 0) 0x7f10600628d0 con 0x7f10440390b0
2024-06-13T06:46:32.286 INFO:teuthology.orchestra.run.smithi026.stdout:/usr/bin/ceph: stderr
2024-06-13T06:46:31.540+0000 7f105f200700 1 -- 172.21.15.26:0/330551212 >> [v2:172.21.15.26:6800/662324914,v1:172.21.15.26:6801/662324914] conn(0x7f10440390b0 msgr2=0x7f104403b570 secure :-1 s=STATE_CONNECTION_ESTABLISHED l=1).mark_down
2024-06-13T06:46:32.286 INFO:teuthology.orchestra.run.smithi026.stdout:/usr/bin/ceph: stderr
2024-06-13T06:46:31.540+0000 7f105f200700 1 --2- 172.21.15.26:0/330551212 >> [v2:172.21.15.26:6800/662324914,v1:172.21.15.26:6801/662324914] conn(0x7f10440390b0 0x7f104403b570 secure :-1 s=READY pgs=7 cs=0 l=1 rev1=1 crypto rx=0x7f104c006fd0 tx=0x7f104c006e40 comp rx=0 tx=0).stop
2024-06-13T06:46:32.286 INFO:teuthology.orchestra.run.smithi026.stdout:/usr/bin/ceph: stderr
2024-06-13T06:46:31.540+0000 7f105f200700 1 -- 172.21.15.26:0/330551212 >> [v2:172.21.15.26:3300/0,v1:172.21.15.26:6789/0] conn(0x7f10601065a0 msgr2=0x7f10601a22b0 secure :-1 s=STATE_CONNECTION_ESTABLISHED l=1).mark_down
2024-06-13T06:46:32.286 INFO:teuthology.orchestra.run.smithi026.stdout:/usr/bin/ceph: stderr
2024-06-13T06:46:31.540+0000 7f105f200700 1 --2- 172.21.15.26:0/330551212 >> [v2:172.21.15.26:3300/0,v1:172.21.15.26:6789/0] conn(0x7f10601065a0 0x7f10601a22b0 secure :-1 s=READY pgs=71 cs=0 l=1 rev1=1 crypto rx=0x7f10500116a0 tx=0x7f1050011ba0 comp rx=0 tx=0).stop
2024-06-13T06:46:32.286 INFO:teuthology.orchestra.run.smithi026.stdout:/usr/bin/ceph: stderr
2024-06-13T06:46:31.540+0000 7f105f200700 1 -- 172.21.15.26:0/330551212 shutdown_connections
2024-06-13T06:46:32.287 INFO:teuthology.orchestra.run.smithi026.stdout:/usr/bin/ceph: stderr
2024-06-13T06:46:31.540+0000 7f105f200700 1 --2- 172.21.15.26:0/330551212 >> [v2:172.21.15.26:6800/662324914,v1:172.21.15.26:6801/662324914] conn(0x7f10440390b0 0x7f104403b570 unknown :-1 s=CLOSED pgs=7 cs=0 l=1 rev1=1 crypto rx=0 tx=0 comp rx=0 tx=0).stop
2024-06-13T06:46:32.287 INFO:teuthology.orchestra.run.smithi026.stdout:/usr/bin/ceph: stderr
2024-06-13T06:46:31.540+0000 7f105f200700 1 --2- 172.21.15.26:0/330551212 >> [v2:172.21.15.26:3300/0,v1:172.21.15.26:6789/0] conn(0x7f10601065a0 0x7f10601a22b0 unknown :-1 s=CLOSED pgs=71 cs=0 l=1 rev1=1 crypto rx=0 tx=0 comp rx=0 tx=0).stop
2024-06-13T06:46:32.287 INFO:teuthology.orchestra.run.smithi026.stdout:/usr/bin/ceph: stderr
2024-06-13T06:46:31.540+0000 7f105f200700 1 -- 172.21.15.26:0/330551212 >> 172.21.15.26:0/330551212 conn(0x7f10601021a0 msgr2=0x7f1060104620 unknown :-1 s=STATE_NONE l=0).mark_down
2024-06-13T06:46:32.287 INFO:teuthology.orchestra.run.smithi026.stdout:/usr/bin/ceph: stderr
2024-06-13T06:46:31.540+0000 7f105f200700 1 -- 172.21.15.26:0/330551212 shutdown_connections
2024-06-13T06:46:32.288 INFO:teuthology.orchestra.run.smithi026.stdout:/usr/bin/ceph: stderr
2024-06-13T06:46:31.540+0000 7f105f200700 1 -- 172.21.15.26:0/330551212 wait complete.
2024-06-13T06:46:32.288 INFO:teuthology.orchestra.run.smithi026.stdout:Creating initial admin user...
2024-06-13T06:46:32.832 INFO:journalctl@ceph.mon.a.smithi026.stdout:Jun 13 06:46:32 smithi026 ceph-mon[32041]: from='client.14164 -' entity='client.admin' cmd=[{"prefix": "dashboard create-self-signed-cert", "target": ["mon-mgr", ""]}]: dispatch
2024-06-13T06:46:32.832 INFO:journalctl@ceph.mon.a.smithi026.stdout:Jun 13 06:46:32 smithi026 ceph-mon[32041]: from='mgr.14152 172.21.15.26:0/4015203814' entity='mgr.x'
2024-06-13T06:46:32.832 INFO:journalctl@ceph.mon.a.smithi026.stdout:Jun 13 06:46:32 smithi026 ceph-mon[32041]: from='mgr.14152 172.21.15.26:0/4015203814' entity='mgr.x'
2024-06-13T06:46:34.253 INFO:journalctl@ceph.mon.a.smithi026.stdout:Jun 13 06:46:33 smithi026 ceph-mon[32041]: from='mgr.14152 172.21.15.26:0/4015203814' entity='mgr.x'
2024-06-13T06:46:34.253 INFO:journalctl@ceph.mon.a.smithi026.stdout:Jun 13 06:46:33 smithi026 ceph-mon[32041]: from='client.14166 -' entity='client.admin' cmd=[{"prefix": "dashboard ac-user-create", "username": "admin", "rolename": "administrator", "force_password": true, "pwd_update_required": true, "target": ["mon-mgr", ""]}]: dispatch
2024-06-13T06:46:34.253 INFO:journalctl@ceph.mon.a.smithi026.stdout:Jun 13 06:46:33 smithi026 ceph-mon[32041]: from='mgr.14152 172.21.15.26:0/4015203814' entity='mgr.x'
2024-06-13T06:46:34.287 INFO:teuthology.orchestra.run.smithi026.stdout:/usr/bin/ceph: stdout {"username": "admin", "password": "$2b$12$rZ51ft9EHLLFm8lAvBZzE.8TZHl03HruuFlD9gFDnsKu0zy.Lgab.", "roles": ["administrator"], "name": null, "email": null, "lastUpdate": 1718261193, "enabled": true, "pwdExpirationDate": null, "pwdUpdateRequired": true}
2024-06-13T06:46:34.287 INFO:teuthology.orchestra.run.smithi026.stdout:/usr/bin/ceph: stderr
2024-06-13T06:46:33.011+0000 7f8cc8400700 1 Processor -- start
2024-06-13T06:46:34.287 INFO:teuthology.orchestra.run.smithi026.stdout:/usr/bin/ceph: stderr
2024-06-13T06:46:33.011+0000 7f8cc8400700 1 -- start start
2024-06-13T06:46:34.287 INFO:teuthology.orchestra.run.smithi026.stdout:/usr/bin/ceph: stderr
2024-06-13T06:46:33.012+0000 7f8cc8400700 1 --2- >> [v2:172.21.15.26:3300/0,v1:172.21.15.26:6789/0] conn(0x7f8cc007de70 0x7f8cc007c320 unknown :-1 s=NONE pgs=0 cs=0 l=0 rev1=0 crypto rx=0 tx=0 comp rx=0 tx=0).connect
2024-06-13T06:46:34.287 INFO:teuthology.orchestra.run.smithi026.stdout:/usr/bin/ceph: stderr
2024-06-13T06:46:33.012+0000 7f8cc8400700 1 -- --> [v2:172.21.15.26:3300/0,v1:172.21.15.26:6789/0] -- mon_getmap magic: 0 -- 0x7f8cc007c8f0 con 0x7f8cc007de70
2024-06-13T06:46:34.287 INFO:teuthology.orchestra.run.smithi026.stdout:/usr/bin/ceph: stderr
2024-06-13T06:46:33.012+0000 7f8cc5a00700 1 --2- >> [v2:172.21.15.26:3300/0,v1:172.21.15.26:6789/0] conn(0x7f8cc007de70 0x7f8cc007c320 unknown :-1 s=BANNER_CONNECTING pgs=0 cs=0 l=0 rev1=0 crypto rx=0 tx=0 comp rx=0 tx=0)._handle_peer_banner_payload supported=3 required=0
2024-06-13T06:46:34.288 INFO:teuthology.orchestra.run.smithi026.stdout:/usr/bin/ceph: stderr
2024-06-13T06:46:33.012+0000 7f8cc5a00700 1 --2- >> [v2:172.21.15.26:3300/0,v1:172.21.15.26:6789/0] conn(0x7f8cc007de70 0x7f8cc007c320 unknown :-1 s=HELLO_CONNECTING pgs=0 cs=0 l=0 rev1=1 crypto rx=0 tx=0 comp rx=0 tx=0).handle_hello peer v2:172.21.15.26:3300/0 says I am v2:172.21.15.26:32938/0 (socket says 172.21.15.26:32938)
2024-06-13T06:46:34.288 INFO:teuthology.orchestra.run.smithi026.stdout:/usr/bin/ceph: stderr
2024-06-13T06:46:33.012+0000 7f8cc5a00700 1 -- 172.21.15.26:0/4026389737 learned_addr learned my addr 172.21.15.26:0/4026389737 (peer_addr_for_me v2:172.21.15.26:0/0)
2024-06-13T06:46:34.288 INFO:teuthology.orchestra.run.smithi026.stdout:/usr/bin/ceph: stderr
2024-06-13T06:46:33.013+0000 7f8cc5a00700 1 -- 172.21.15.26:0/4026389737 --> [v2:172.21.15.26:3300/0,v1:172.21.15.26:6789/0] -- mon_subscribe({config=0+,monmap=0+}) -- 0x7f8cc007ca70 con 0x7f8cc007de70
2024-06-13T06:46:34.288 INFO:teuthology.orchestra.run.smithi026.stdout:/usr/bin/ceph: stderr
2024-06-13T06:46:33.013+0000 7f8cc5a00700 1 --2- 172.21.15.26:0/4026389737 >> [v2:172.21.15.26:3300/0,v1:172.21.15.26:6789/0] conn(0x7f8cc007de70 0x7f8cc007c320 secure :-1 s=READY pgs=72 cs=0 l=1 rev1=1 crypto rx=0x7f8cb40098a0 tx=0x7f8cb4009bb0 comp rx=0 tx=0).ready entity=mon.0 client_cookie=c353879f348ee9ce server_cookie=0 in_seq=0 out_seq=0
2024-06-13T06:46:34.288 INFO:teuthology.orchestra.run.smithi026.stdout:/usr/bin/ceph: stderr
2024-06-13T06:46:33.014+0000 7f8cbfe00700 1 -- 172.21.15.26:0/4026389737 <== mon.0 v2:172.21.15.26:3300/0 1 ==== mon_map magic: 0 ==== 205+0+0 (secure 0 0 0) 0x7f8cb4004160 con 0x7f8cc007de70
2024-06-13T06:46:34.288 INFO:teuthology.orchestra.run.smithi026.stdout:/usr/bin/ceph: stderr
2024-06-13T06:46:33.014+0000 7f8cbfe00700 1 -- 172.21.15.26:0/4026389737 <== mon.0 v2:172.21.15.26:3300/0 2 ==== config(27 keys) ==== 1140+0+0 (secure 0 0 0) 0x7f8cb4004300 con 0x7f8cc007de70
2024-06-13T06:46:34.288 INFO:teuthology.orchestra.run.smithi026.stdout:/usr/bin/ceph: stderr
2024-06-13T06:46:33.014+0000 7f8cbfe00700 1 -- 172.21.15.26:0/4026389737 <== mon.0 v2:172.21.15.26:3300/0 3 ==== mon_map magic: 0 ==== 205+0+0 (secure 0 0 0) 0x7f8cb4011b20 con 0x7f8cc007de70
2024-06-13T06:46:34.293 INFO:teuthology.orchestra.run.smithi026.stdout:/usr/bin/ceph: stderr
2024-06-13T06:46:33.015+0000 7f8cc8400700 1 -- 172.21.15.26:0/4026389737 >> [v2:172.21.15.26:3300/0,v1:172.21.15.26:6789/0] conn(0x7f8cc007de70 msgr2=0x7f8cc007c320 secure :-1 s=STATE_CONNECTION_ESTABLISHED l=1).mark_down
2024-06-13T06:46:34.293 INFO:teuthology.orchestra.run.smithi026.stdout:/usr/bin/ceph: stderr
2024-06-13T06:46:33.015+0000 7f8cc8400700 1 --2- 172.21.15.26:0/4026389737 >> [v2:172.21.15.26:3300/0,v1:172.21.15.26:6789/0] conn(0x7f8cc007de70 0x7f8cc007c320 secure :-1 s=READY pgs=72 cs=0 l=1 rev1=1 crypto rx=0x7f8cb40098a0 tx=0x7f8cb4009bb0 comp rx=0 tx=0).stop
2024-06-13T06:46:34.293 INFO:teuthology.orchestra.run.smithi026.stdout:/usr/bin/ceph: stderr
2024-06-13T06:46:33.015+0000 7f8cc8400700 1 -- 172.21.15.26:0/4026389737 shutdown_connections
2024-06-13T06:46:34.293 INFO:teuthology.orchestra.run.smithi026.stdout:/usr/bin/ceph: stderr
2024-06-13T06:46:33.015+0000 7f8cc8400700 1 --2- 172.21.15.26:0/4026389737 >> [v2:172.21.15.26:3300/0,v1:172.21.15.26:6789/0] conn(0x7f8cc007de70 0x7f8cc007c320 unknown :-1 s=CLOSED pgs=72 cs=0 l=1 rev1=1 crypto rx=0 tx=0 comp rx=0 tx=0).stop
2024-06-13T06:46:34.294 INFO:teuthology.orchestra.run.smithi026.stdout:/usr/bin/ceph: stderr
2024-06-13T06:46:33.015+0000 7f8cc8400700 1 -- 172.21.15.26:0/4026389737 >> 172.21.15.26:0/4026389737 conn(0x7f8cc01035b0 msgr2=0x7f8cc01059d0 unknown :-1 s=STATE_NONE l=0).mark_down
2024-06-13T06:46:34.294 INFO:teuthology.orchestra.run.smithi026.stdout:/usr/bin/ceph: stderr
2024-06-13T06:46:33.015+0000 7f8cc8400700 1 -- 172.21.15.26:0/4026389737 shutdown_connections
2024-06-13T06:46:34.294 INFO:teuthology.orchestra.run.smithi026.stdout:/usr/bin/ceph: stderr
2024-06-13T06:46:33.015+0000 7f8cc8400700 1 -- 172.21.15.26:0/4026389737 wait complete.
2024-06-13T06:46:34.294 INFO:teuthology.orchestra.run.smithi026.stdout:/usr/bin/ceph: stderr
2024-06-13T06:46:33.016+0000 7f8cc8400700 1 Processor -- start
2024-06-13T06:46:34.294 INFO:teuthology.orchestra.run.smithi026.stdout:/usr/bin/ceph: stderr
2024-06-13T06:46:33.016+0000 7f8cc8400700 1 -- start start
2024-06-13T06:46:34.294 INFO:teuthology.orchestra.run.smithi026.stdout:/usr/bin/ceph: stderr
2024-06-13T06:46:33.017+0000 7f8cc8400700 1 --2- >> [v2:172.21.15.26:3300/0,v1:172.21.15.26:6789/0] conn(0x7f8cc007de70 0x7f8cc019e050 unknown :-1 s=NONE pgs=0 cs=0 l=1 rev1=0 crypto rx=0 tx=0 comp rx=0 tx=0).connect
2024-06-13T06:46:34.294 INFO:teuthology.orchestra.run.smithi026.stdout:/usr/bin/ceph: stderr
2024-06-13T06:46:33.017+0000 7f8cc8400700 1 -- --> [v2:172.21.15.26:3300/0,v1:172.21.15.26:6789/0] -- mon_getmap magic: 0 -- 0x7f8cc010e5b0 con 0x7f8cc007de70
2024-06-13T06:46:34.294 INFO:teuthology.orchestra.run.smithi026.stdout:/usr/bin/ceph: stderr
2024-06-13T06:46:33.017+0000 7f8cc5a00700 1 --2- >> [v2:172.21.15.26:3300/0,v1:172.21.15.26:6789/0] conn(0x7f8cc007de70 0x7f8cc019e050 unknown :-1 s=BANNER_CONNECTING pgs=0 cs=0 l=1 rev1=0 crypto rx=0 tx=0 comp rx=0 tx=0)._handle_peer_banner_payload supported=3 required=0
2024-06-13T06:46:34.294 INFO:teuthology.orchestra.run.smithi026.stdout:/usr/bin/ceph: stderr
2024-06-13T06:46:33.017+0000 7f8cc5a00700 1 --2- >> [v2:172.21.15.26:3300/0,v1:172.21.15.26:6789/0] conn(0x7f8cc007de70 0x7f8cc019e050 unknown :-1 s=HELLO_CONNECTING pgs=0 cs=0 l=1 rev1=1 crypto rx=0 tx=0 comp rx=0 tx=0).handle_hello peer v2:172.21.15.26:3300/0 says I am v2:172.21.15.26:32942/0 (socket says 172.21.15.26:32942)
2024-06-13T06:46:34.294 INFO:teuthology.orchestra.run.smithi026.stdout:/usr/bin/ceph: stderr
2024-06-13T06:46:33.017+0000 7f8cc5a00700 1 -- 172.21.15.26:0/2522391927 learned_addr learned my addr 172.21.15.26:0/2522391927 (peer_addr_for_me v2:172.21.15.26:0/0)
2024-06-13T06:46:34.294 INFO:teuthology.orchestra.run.smithi026.stdout:/usr/bin/ceph: stderr
2024-06-13T06:46:33.017+0000 7f8cc5a00700 1 -- 172.21.15.26:0/2522391927 --> [v2:172.21.15.26:3300/0,v1:172.21.15.26:6789/0] -- mon_subscribe({config=0+,monmap=0+}) -- 0x7f8cc019e590 con 0x7f8cc007de70
2024-06-13T06:46:34.294 INFO:teuthology.orchestra.run.smithi026.stdout:/usr/bin/ceph: stderr
2024-06-13T06:46:33.018+0000 7f8cc5a00700 1 --2- 172.21.15.26:0/2522391927 >> [v2:172.21.15.26:3300/0,v1:172.21.15.26:6789/0] conn(0x7f8cc007de70 0x7f8cc019e050 secure :-1 s=READY pgs=73 cs=0 l=1 rev1=1 crypto rx=0x7f8cb4011b60 tx=0x7f8cb4011c40 comp rx=0 tx=0).ready entity=mon.0 client_cookie=0 server_cookie=0 in_seq=0 out_seq=0
2024-06-13T06:46:34.295 INFO:teuthology.orchestra.run.smithi026.stdout:/usr/bin/ceph: stderr
2024-06-13T06:46:33.018+0000 7f8cbe000700 1 -- 172.21.15.26:0/2522391927 <== mon.0 v2:172.21.15.26:3300/0 1 ==== mon_map magic: 0 ==== 205+0+0 (secure 0 0 0) 0x7f8cb4003b60 con 0x7f8cc007de70
2024-06-13T06:46:34.295 INFO:teuthology.orchestra.run.smithi026.stdout:/usr/bin/ceph: stderr
2024-06-13T06:46:33.018+0000 7f8cbe000700 1 -- 172.21.15.26:0/2522391927 <== mon.0 v2:172.21.15.26:3300/0 2 ==== config(27 keys) ==== 1140+0+0 (secure 0 0 0) 0x7f8cb401a910 con 0x7f8cc007de70
2024-06-13T06:46:34.295 INFO:teuthology.orchestra.run.smithi026.stdout:/usr/bin/ceph: stderr
2024-06-13T06:46:33.018+0000 7f8cc8400700 1 -- 172.21.15.26:0/2522391927 --> [v2:172.21.15.26:3300/0,v1:172.21.15.26:6789/0] -- mon_subscribe({mgrmap=0+}) -- 0x7f8cc019e820 con 0x7f8cc007de70
2024-06-13T06:46:34.295 INFO:teuthology.orchestra.run.smithi026.stdout:/usr/bin/ceph: stderr
2024-06-13T06:46:33.018+0000 7f8cbe000700 1 -- 172.21.15.26:0/2522391927 <== mon.0 v2:172.21.15.26:3300/0 3 ==== mon_map magic: 0 ==== 205+0+0 (secure 0 0 0) 0x7f8cb4024930 con 0x7f8cc007de70
2024-06-13T06:46:34.295 INFO:teuthology.orchestra.run.smithi026.stdout:/usr/bin/ceph: stderr
2024-06-13T06:46:33.018+0000 7f8cc8400700 1 -- 172.21.15.26:0/2522391927 --> [v2:172.21.15.26:3300/0,v1:172.21.15.26:6789/0] -- mon_subscribe({osdmap=0}) -- 0x7f8cc019ec80 con 0x7f8cc007de70
2024-06-13T06:46:34.295 INFO:teuthology.orchestra.run.smithi026.stdout:/usr/bin/ceph: stderr
2024-06-13T06:46:33.019+0000 7f8cbe000700 1 -- 172.21.15.26:0/2522391927 <== mon.0 v2:172.21.15.26:3300/0 4 ==== mgrmap(e 12) ==== 46300+0+0 (secure 0 0 0) 0x7f8cb4022020 con 0x7f8cc007de70
2024-06-13T06:46:34.295 INFO:teuthology.orchestra.run.smithi026.stdout:/usr/bin/ceph: stderr
2024-06-13T06:46:33.019+0000 7f8cc8400700 1 -- 172.21.15.26:0/2522391927 --> [v2:172.21.15.26:3300/0,v1:172.21.15.26:6789/0] -- mon_command({"prefix": "get_command_descriptions"} v 0) -- 0x7f8cc0063af0 con 0x7f8cc007de70
2024-06-13T06:46:34.295 INFO:teuthology.orchestra.run.smithi026.stdout:/usr/bin/ceph: stderr
2024-06-13T06:46:33.020+0000 7f8cbe000700 1 --2- 172.21.15.26:0/2522391927 >> [v2:172.21.15.26:6800/662324914,v1:172.21.15.26:6801/662324914] conn(0x7f8ca80390a0 0x7f8ca803b560 unknown :-1 s=NONE pgs=0 cs=0 l=1 rev1=0 crypto rx=0 tx=0 comp rx=0 tx=0).connect
2024-06-13T06:46:34.295 INFO:teuthology.orchestra.run.smithi026.stdout:/usr/bin/ceph: stderr
2024-06-13T06:46:33.020+0000 7f8cbe000700 1 -- 172.21.15.26:0/2522391927 <== mon.0 v2:172.21.15.26:3300/0 5 ==== osd_map(3..3 src has 1..3) ==== 1155+0+0 (secure 0 0 0) 0x7f8cb404d380 con 0x7f8cc007de70
2024-06-13T06:46:34.295 INFO:teuthology.orchestra.run.smithi026.stdout:/usr/bin/ceph: stderr
2024-06-13T06:46:33.020+0000 7f8cc5000700 1 --2- 172.21.15.26:0/2522391927 >> [v2:172.21.15.26:6800/662324914,v1:172.21.15.26:6801/662324914] conn(0x7f8ca80390a0 0x7f8ca803b560 unknown :-1 s=BANNER_CONNECTING pgs=0 cs=0 l=1 rev1=0 crypto rx=0 tx=0 comp rx=0 tx=0)._handle_peer_banner_payload supported=3 required=0
2024-06-13T06:46:34.295 INFO:teuthology.orchestra.run.smithi026.stdout:/usr/bin/ceph: stderr
2024-06-13T06:46:33.021+0000 7f8cc5000700 1 --2- 172.21.15.26:0/2522391927 >> [v2:172.21.15.26:6800/662324914,v1:172.21.15.26:6801/662324914] conn(0x7f8ca80390a0 0x7f8ca803b560 secure :-1 s=READY pgs=8 cs=0 l=1 rev1=1 crypto rx=0x7f8cac006fd0 tx=0x7f8cac006e40 comp rx=0 tx=0).ready entity=mgr.14152 client_cookie=0 server_cookie=0 in_seq=0 out_seq=0
2024-06-13T06:46:34.295 INFO:teuthology.orchestra.run.smithi026.stdout:/usr/bin/ceph: stderr
2024-06-13T06:46:33.027+0000 7f8cbe000700 1 -- 172.21.15.26:0/2522391927 <== mon.0 v2:172.21.15.26:3300/0 6 ==== mon_command_ack([{"prefix": "get_command_descriptions"}]=0 v0) ==== 72+0+186418 (secure 0 0 0) 0x7f8cb400b3e0 con 0x7f8cc007de70
2024-06-13T06:46:34.295 INFO:teuthology.orchestra.run.smithi026.stdout:/usr/bin/ceph: stderr
2024-06-13T06:46:33.306+0000 7f8cc8400700 1 -- 172.21.15.26:0/2522391927 --> [v2:172.21.15.26:6800/662324914,v1:172.21.15.26:6801/662324914] -- mgr_command(tid 0: {"prefix": "dashboard ac-user-create", "username": "admin", "rolename": "administrator", "force_password": true, "pwd_update_required": true, "target": ["mon-mgr", ""]}) -- 0x7f8cc01a15d0 con 0x7f8ca80390a0
2024-06-13T06:46:34.295 INFO:teuthology.orchestra.run.smithi026.stdout:/usr/bin/ceph: stderr
2024-06-13T06:46:33.571+0000 7f8cbe000700 1 -- 172.21.15.26:0/2522391927 <== mgr.14152 v2:172.21.15.26:6800/662324914 1 ==== mgr_command_reply(tid 0: 0 ) ==== 8+0+252 (secure 0 0 0) 0x7f8cc01a15d0 con 0x7f8ca80390a0
2024-06-13T06:46:34.296 INFO:teuthology.orchestra.run.smithi026.stdout:/usr/bin/ceph: stderr
2024-06-13T06:46:33.574+0000 7f8cc8400700 1 -- 172.21.15.26:0/2522391927 >> [v2:172.21.15.26:6800/662324914,v1:172.21.15.26:6801/662324914] conn(0x7f8ca80390a0 msgr2=0x7f8ca803b560 secure :-1 s=STATE_CONNECTION_ESTABLISHED l=1).mark_down
2024-06-13T06:46:34.296 INFO:teuthology.orchestra.run.smithi026.stdout:/usr/bin/ceph: stderr
2024-06-13T06:46:33.574+0000 7f8cc8400700 1 --2- 172.21.15.26:0/2522391927 >> [v2:172.21.15.26:6800/662324914,v1:172.21.15.26:6801/662324914] conn(0x7f8ca80390a0 0x7f8ca803b560 secure :-1 s=READY pgs=8 cs=0 l=1 rev1=1 crypto rx=0x7f8cac006fd0 tx=0x7f8cac006e40 comp rx=0 tx=0).stop
2024-06-13T06:46:34.296 INFO:teuthology.orchestra.run.smithi026.stdout:/usr/bin/ceph: stderr
2024-06-13T06:46:33.574+0000 7f8cc8400700 1 -- 172.21.15.26:0/2522391927 >> [v2:172.21.15.26:3300/0,v1:172.21.15.26:6789/0] conn(0x7f8cc007de70 msgr2=0x7f8cc019e050 secure :-1 s=STATE_CONNECTION_ESTABLISHED l=1).mark_down
2024-06-13T06:46:34.296 INFO:teuthology.orchestra.run.smithi026.stdout:/usr/bin/ceph: stderr
2024-06-13T06:46:33.574+0000 7f8cc8400700 1 --2- 172.21.15.26:0/2522391927 >> [v2:172.21.15.26:3300/0,v1:172.21.15.26:6789/0] conn(0x7f8cc007de70 0x7f8cc019e050 secure :-1 s=READY pgs=73 cs=0 l=1 rev1=1 crypto rx=0x7f8cb4011b60 tx=0x7f8cb4011c40 comp rx=0 tx=0).stop
2024-06-13T06:46:34.296 INFO:teuthology.orchestra.run.smithi026.stdout:/usr/bin/ceph: stderr
2024-06-13T06:46:33.574+0000 7f8cc8400700 1 -- 172.21.15.26:0/2522391927 shutdown_connections
2024-06-13T06:46:34.296 INFO:teuthology.orchestra.run.smithi026.stdout:/usr/bin/ceph: stderr
2024-06-13T06:46:33.574+0000 7f8cc8400700 1 --2- 172.21.15.26:0/2522391927 >> [v2:172.21.15.26:6800/662324914,v1:172.21.15.26:6801/662324914] conn(0x7f8ca80390a0 0x7f8ca803b560 unknown :-1 s=CLOSED pgs=8 cs=0 l=1 rev1=1 crypto rx=0 tx=0 comp rx=0 tx=0).stop
2024-06-13T06:46:34.296 INFO:teuthology.orchestra.run.smithi026.stdout:/usr/bin/ceph: stderr
2024-06-13T06:46:33.574+0000 7f8cc8400700 1 --2- 172.21.15.26:0/2522391927 >> [v2:172.21.15.26:3300/0,v1:172.21.15.26:6789/0] conn(0x7f8cc007de70 0x7f8cc019e050 unknown :-1 s=CLOSED pgs=73 cs=0 l=1 rev1=1 crypto rx=0 tx=0 comp rx=0 tx=0).stop
2024-06-13T06:46:34.296 INFO:teuthology.orchestra.run.smithi026.stdout:/usr/bin/ceph: stderr
2024-06-13T06:46:33.574+0000 7f8cc8400700 1 -- 172.21.15.26:0/2522391927 >> 172.21.15.26:0/2522391927 conn(0x7f8cc01035b0 msgr2=0x7f8cc01040c0 unknown :-1 s=STATE_NONE l=0).mark_down
2024-06-13T06:46:34.296 INFO:teuthology.orchestra.run.smithi026.stdout:/usr/bin/ceph: stderr
2024-06-13T06:46:33.574+0000 7f8cc8400700 1 -- 172.21.15.26:0/2522391927 shutdown_connections
2024-06-13T06:46:34.296 INFO:teuthology.orchestra.run.smithi026.stdout:/usr/bin/ceph: stderr
2024-06-13T06:46:33.574+0000 7f8cc8400700 1 -- 172.21.15.26:0/2522391927 wait complete.
2024-06-13T06:46:34.296 INFO:teuthology.orchestra.run.smithi026.stdout:Fetching dashboard port number...
2024-06-13T06:46:36.079 INFO:journalctl@ceph.mon.a.smithi026.stdout:Jun 13 06:46:35 smithi026 ceph-mon[32041]: mgrmap e13: x(active, since 6s)
2024-06-13T06:46:36.079 INFO:journalctl@ceph.mon.a.smithi026.stdout:Jun 13 06:46:35 smithi026 ceph-mon[32041]: from='client.? 172.21.15.26:0/1217367601' entity='client.admin' cmd=[{"prefix": "config get", "who": "mgr", "key": "mgr/dashboard/ssl_server_port"}]: dispatch
2024-06-13T06:46:36.663 INFO:teuthology.orchestra.run.smithi026.stdout:/usr/bin/ceph: stdout 8443
2024-06-13T06:46:36.663 INFO:teuthology.orchestra.run.smithi026.stdout:/usr/bin/ceph: stderr
2024-06-13T06:46:35.095+0000 7fc00f200700 1 Processor -- start
2024-06-13T06:46:36.663 INFO:teuthology.orchestra.run.smithi026.stdout:/usr/bin/ceph: stderr
2024-06-13T06:46:35.095+0000 7fc00f200700 1 -- start start
2024-06-13T06:46:36.663 INFO:teuthology.orchestra.run.smithi026.stdout:/usr/bin/ceph: stderr
2024-06-13T06:46:35.095+0000 7fc00f200700 1 --2- >> [v2:172.21.15.26:3300/0,v1:172.21.15.26:6789/0] conn(0x7fc00810a180 0x7fc00810a5a0 unknown :-1 s=NONE pgs=0 cs=0 l=0 rev1=0 crypto rx=0 tx=0 comp rx=0 tx=0).connect
2024-06-13T06:46:36.663 INFO:teuthology.orchestra.run.smithi026.stdout:/usr/bin/ceph: stderr
2024-06-13T06:46:35.095+0000 7fc00f200700 1 -- --> [v2:172.21.15.26:3300/0,v1:172.21.15.26:6789/0] -- mon_getmap magic: 0 -- 0x7fc00810ab70 con 0x7fc00810a180
2024-06-13T06:46:36.663 INFO:teuthology.orchestra.run.smithi026.stdout:/usr/bin/ceph: stderr
2024-06-13T06:46:35.096+0000 7fc007e00700 1 --2- >> [v2:172.21.15.26:3300/0,v1:172.21.15.26:6789/0] conn(0x7fc00810a180 0x7fc00810a5a0 unknown :-1 s=BANNER_CONNECTING pgs=0 cs=0 l=0 rev1=0 crypto rx=0 tx=0 comp rx=0 tx=0)._handle_peer_banner_payload supported=3 required=0
2024-06-13T06:46:36.663 INFO:teuthology.orchestra.run.smithi026.stdout:/usr/bin/ceph: stderr
2024-06-13T06:46:35.096+0000 7fc007e00700 1 --2- >> [v2:172.21.15.26:3300/0,v1:172.21.15.26:6789/0] conn(0x7fc00810a180 0x7fc00810a5a0 unknown :-1 s=HELLO_CONNECTING pgs=0 cs=0 l=0 rev1=1 crypto rx=0 tx=0 comp rx=0 tx=0).handle_hello peer v2:172.21.15.26:3300/0 says I am v2:172.21.15.26:32956/0 (socket says 172.21.15.26:32956)
2024-06-13T06:46:36.663 INFO:teuthology.orchestra.run.smithi026.stdout:/usr/bin/ceph: stderr
2024-06-13T06:46:35.096+0000 7fc007e00700 1 -- 172.21.15.26:0/1913085753 learned_addr learned my addr 172.21.15.26:0/1913085753 (peer_addr_for_me v2:172.21.15.26:0/0)
2024-06-13T06:46:36.663 INFO:teuthology.orchestra.run.smithi026.stdout:/usr/bin/ceph: stderr
2024-06-13T06:46:35.096+0000 7fc007e00700 1 -- 172.21.15.26:0/1913085753 --> [v2:172.21.15.26:3300/0,v1:172.21.15.26:6789/0] -- mon_subscribe({config=0+,monmap=0+}) -- 0x7fc00810b2e0 con 0x7fc00810a180
2024-06-13T06:46:36.664 INFO:teuthology.orchestra.run.smithi026.stdout:/usr/bin/ceph: stderr
2024-06-13T06:46:35.097+0000 7fc007e00700 1 --2- 172.21.15.26:0/1913085753 >> [v2:172.21.15.26:3300/0,v1:172.21.15.26:6789/0] conn(0x7fc00810a180 0x7fc00810a5a0 secure :-1 s=READY pgs=74 cs=0 l=1 rev1=1 crypto rx=0x7fbff80098a0 tx=0x7fbff8009bb0 comp rx=0 tx=0).ready entity=mon.0 client_cookie=a82af8b199b1717f server_cookie=0 in_seq=0 out_seq=0
2024-06-13T06:46:36.664 INFO:teuthology.orchestra.run.smithi026.stdout:/usr/bin/ceph: stderr
2024-06-13T06:46:35.097+0000 7fc006a00700 1 -- 172.21.15.26:0/1913085753 <== mon.0 v2:172.21.15.26:3300/0 1 ==== mon_map magic: 0 ==== 205+0+0 (secure 0 0 0) 0x7fbff8004160 con 0x7fc00810a180
2024-06-13T06:46:36.664 INFO:teuthology.orchestra.run.smithi026.stdout:/usr/bin/ceph: stderr
2024-06-13T06:46:35.097+0000 7fc006a00700 1 -- 172.21.15.26:0/1913085753 <== mon.0 v2:172.21.15.26:3300/0 2 ==== config(27 keys) ==== 1140+0+0 (secure 0 0 0) 0x7fbff8004300 con 0x7fc00810a180
2024-06-13T06:46:36.664 INFO:teuthology.orchestra.run.smithi026.stdout:/usr/bin/ceph: stderr
2024-06-13T06:46:35.097+0000 7fc006a00700 1 -- 172.21.15.26:0/1913085753 <== mon.0 v2:172.21.15.26:3300/0 3 ==== mon_map magic: 0 ==== 205+0+0 (secure 0 0 0) 0x7fbff8011b20 con 0x7fc00810a180
2024-06-13T06:46:36.664 INFO:teuthology.orchestra.run.smithi026.stdout:/usr/bin/ceph: stderr
2024-06-13T06:46:35.097+0000 7fc00f200700 1 -- 172.21.15.26:0/1913085753 >> [v2:172.21.15.26:3300/0,v1:172.21.15.26:6789/0] conn(0x7fc00810a180 msgr2=0x7fc00810a5a0 secure :-1 s=STATE_CONNECTION_ESTABLISHED l=1).mark_down
2024-06-13T06:46:36.664 INFO:teuthology.orchestra.run.smithi026.stdout:/usr/bin/ceph: stderr
2024-06-13T06:46:35.097+0000 7fc00f200700 1 --2- 172.21.15.26:0/1913085753 >> [v2:172.21.15.26:3300/0,v1:172.21.15.26:6789/0] conn(0x7fc00810a180 0x7fc00810a5a0 secure :-1 s=READY pgs=74 cs=0 l=1 rev1=1 crypto rx=0x7fbff80098a0 tx=0x7fbff8009bb0 comp rx=0 tx=0).stop
2024-06-13T06:46:36.664 INFO:teuthology.orchestra.run.smithi026.stdout:/usr/bin/ceph: stderr
2024-06-13T06:46:35.098+0000 7fc00f200700 1 -- 172.21.15.26:0/1913085753 shutdown_connections
2024-06-13T06:46:36.664 INFO:teuthology.orchestra.run.smithi026.stdout:/usr/bin/ceph: stderr
2024-06-13T06:46:35.098+0000 7fc00f200700 1 --2- 172.21.15.26:0/1913085753 >> [v2:172.21.15.26:3300/0,v1:172.21.15.26:6789/0] conn(0x7fc00810a180 0x7fc00810a5a0 unknown :-1 s=CLOSED pgs=74 cs=0 l=1 rev1=1 crypto rx=0 tx=0 comp rx=0 tx=0).stop
2024-06-13T06:46:36.664 INFO:teuthology.orchestra.run.smithi026.stdout:/usr/bin/ceph: stderr
2024-06-13T06:46:35.098+0000 7fc00f200700 1 -- 172.21.15.26:0/1913085753 >> 172.21.15.26:0/1913085753 conn(0x7fc00807d6a0 msgr2=0x7fc00807dad0 unknown :-1 s=STATE_NONE l=0).mark_down
2024-06-13T06:46:36.664 INFO:teuthology.orchestra.run.smithi026.stdout:/usr/bin/ceph: stderr
2024-06-13T06:46:35.098+0000 7fc00f200700 1 -- 172.21.15.26:0/1913085753 shutdown_connections
2024-06-13T06:46:36.664 INFO:teuthology.orchestra.run.smithi026.stdout:/usr/bin/ceph: stderr
2024-06-13T06:46:35.098+0000 7fc00f200700 1 -- 172.21.15.26:0/1913085753 wait complete.
2024-06-13T06:46:36.664 INFO:teuthology.orchestra.run.smithi026.stdout:/usr/bin/ceph: stderr
2024-06-13T06:46:35.099+0000 7fc00f200700 1 Processor -- start
2024-06-13T06:46:36.665 INFO:teuthology.orchestra.run.smithi026.stdout:/usr/bin/ceph: stderr
2024-06-13T06:46:35.099+0000 7fc00f200700 1 -- start start
2024-06-13T06:46:36.665 INFO:teuthology.orchestra.run.smithi026.stdout:/usr/bin/ceph: stderr
2024-06-13T06:46:35.099+0000 7fc00f200700 1 --2- >> [v2:172.21.15.26:3300/0,v1:172.21.15.26:6789/0] conn(0x7fc00810a180 0x7fc00819e070 unknown :-1 s=NONE pgs=0 cs=0 l=1 rev1=0 crypto rx=0 tx=0 comp rx=0 tx=0).connect
2024-06-13T06:46:36.665 INFO:teuthology.orchestra.run.smithi026.stdout:/usr/bin/ceph: stderr
2024-06-13T06:46:35.099+0000 7fc00f200700 1 -- --> [v2:172.21.15.26:3300/0,v1:172.21.15.26:6789/0] -- mon_getmap magic: 0 -- 0x7fc00810e690 con 0x7fc00810a180
2024-06-13T06:46:36.665 INFO:teuthology.orchestra.run.smithi026.stdout:/usr/bin/ceph: stderr
2024-06-13T06:46:35.099+0000 7fc007e00700 1 --2- >> [v2:172.21.15.26:3300/0,v1:172.21.15.26:6789/0] conn(0x7fc00810a180 0x7fc00819e070 unknown :-1 s=BANNER_CONNECTING pgs=0 cs=0 l=1 rev1=0 crypto rx=0 tx=0 comp rx=0 tx=0)._handle_peer_banner_payload supported=3 required=0
2024-06-13T06:46:36.665 INFO:teuthology.orchestra.run.smithi026.stdout:/usr/bin/ceph: stderr
2024-06-13T06:46:35.099+0000 7fc007e00700 1 --2- >> [v2:172.21.15.26:3300/0,v1:172.21.15.26:6789/0] conn(0x7fc00810a180 0x7fc00819e070 unknown :-1 s=HELLO_CONNECTING pgs=0 cs=0 l=1 rev1=1 crypto rx=0 tx=0 comp rx=0 tx=0).handle_hello peer v2:172.21.15.26:3300/0 says I am v2:172.21.15.26:32970/0 (socket says 172.21.15.26:32970)
2024-06-13T06:46:36.665 INFO:teuthology.orchestra.run.smithi026.stdout:/usr/bin/ceph: stderr
2024-06-13T06:46:35.099+0000 7fc007e00700 1 -- 172.21.15.26:0/1217367601 learned_addr learned my addr 172.21.15.26:0/1217367601 (peer_addr_for_me v2:172.21.15.26:0/0)
2024-06-13T06:46:36.665 INFO:teuthology.orchestra.run.smithi026.stdout:/usr/bin/ceph: stderr
2024-06-13T06:46:35.100+0000 7fc007e00700 1 -- 172.21.15.26:0/1217367601 --> [v2:172.21.15.26:3300/0,v1:172.21.15.26:6789/0] -- mon_subscribe({config=0+,monmap=0+}) -- 0x7fc00819e5b0 con 0x7fc00810a180
2024-06-13T06:46:36.665 INFO:teuthology.orchestra.run.smithi026.stdout:/usr/bin/ceph: stderr
2024-06-13T06:46:35.100+0000 7fc007e00700 1 --2- 172.21.15.26:0/1217367601 >> [v2:172.21.15.26:3300/0,v1:172.21.15.26:6789/0] conn(0x7fc00810a180 0x7fc00819e070 secure :-1 s=READY pgs=75 cs=0 l=1 rev1=1 crypto rx=0x7fbff8011b60 tx=0x7fbff8011c40 comp rx=0 tx=0).ready entity=mon.0 client_cookie=0 server_cookie=0 in_seq=0 out_seq=0
2024-06-13T06:46:36.665 INFO:teuthology.orchestra.run.smithi026.stdout:/usr/bin/ceph: stderr
2024-06-13T06:46:35.100+0000 7fc004c00700 1 -- 172.21.15.26:0/1217367601 <== mon.0 v2:172.21.15.26:3300/0 1 ==== mon_map magic: 0 ==== 205+0+0 (secure 0 0 0) 0x7fbff8003b60 con 0x7fc00810a180
2024-06-13T06:46:36.665 INFO:teuthology.orchestra.run.smithi026.stdout:/usr/bin/ceph: stderr
2024-06-13T06:46:35.100+0000 7fc004c00700 1 -- 172.21.15.26:0/1217367601 <== mon.0 v2:172.21.15.26:3300/0 2 ==== config(27 keys) ==== 1140+0+0 (secure 0 0 0) 0x7fbff801a910 con 0x7fc00810a180
2024-06-13T06:46:36.665 INFO:teuthology.orchestra.run.smithi026.stdout:/usr/bin/ceph: stderr
2024-06-13T06:46:35.100+0000 7fc004c00700 1 -- 172.21.15.26:0/1217367601 <== mon.0 v2:172.21.15.26:3300/0 3 ==== mon_map magic: 0 ==== 205+0+0 (secure 0 0 0) 0x7fbff8024930 con 0x7fc00810a180
2024-06-13T06:46:36.665 INFO:teuthology.orchestra.run.smithi026.stdout:/usr/bin/ceph: stderr
2024-06-13T06:46:35.100+0000 7fc00f200700 1 -- 172.21.15.26:0/1217367601 --> [v2:172.21.15.26:3300/0,v1:172.21.15.26:6789/0] -- mon_subscribe({mgrmap=0+}) -- 0x7fc00819e840 con 0x7fc00810a180
2024-06-13T06:46:36.665 INFO:teuthology.orchestra.run.smithi026.stdout:/usr/bin/ceph: stderr
2024-06-13T06:46:35.101+0000 7fc00f200700 1 -- 172.21.15.26:0/1217367601 --> [v2:172.21.15.26:3300/0,v1:172.21.15.26:6789/0] -- mon_subscribe({osdmap=0}) -- 0x7fc00819eca0 con 0x7fc00810a180
2024-06-13T06:46:36.666 INFO:teuthology.orchestra.run.smithi026.stdout:/usr/bin/ceph: stderr
2024-06-13T06:46:35.102+0000 7fc004c00700 1 -- 172.21.15.26:0/1217367601 <== mon.0 v2:172.21.15.26:3300/0 4 ==== mgrmap(e 13) ==== 46343+0+0 (secure 0 0 0) 0x7fbff8022020 con 0x7fc00810a180
2024-06-13T06:46:36.666 INFO:teuthology.orchestra.run.smithi026.stdout:/usr/bin/ceph: stderr
2024-06-13T06:46:35.102+0000 7fc00f200700 1 -- 172.21.15.26:0/1217367601 --> [v2:172.21.15.26:3300/0,v1:172.21.15.26:6789/0] -- mon_command({"prefix": "get_command_descriptions"} v 0) -- 0x7fc008063af0 con 0x7fc00810a180
2024-06-13T06:46:36.666 INFO:teuthology.orchestra.run.smithi026.stdout:/usr/bin/ceph: stderr
2024-06-13T06:46:35.102+0000 7fc004c00700 1 --2- 172.21.15.26:0/1217367601 >> [v2:172.21.15.26:6800/662324914,v1:172.21.15.26:6801/662324914] conn(0x7fbfec0391a0 0x7fbfec03b660 unknown :-1 s=NONE pgs=0 cs=0 l=1 rev1=0 crypto rx=0 tx=0 comp rx=0 tx=0).connect
2024-06-13T06:46:36.666 INFO:teuthology.orchestra.run.smithi026.stdout:/usr/bin/ceph: stderr
2024-06-13T06:46:35.102+0000 7fc004c00700 1 -- 172.21.15.26:0/1217367601 <== mon.0 v2:172.21.15.26:3300/0 5 ==== osd_map(3..3 src has 1..3) ==== 1155+0+0 (secure 0 0 0) 0x7fbff804d440 con 0x7fc00810a180
2024-06-13T06:46:36.666 INFO:teuthology.orchestra.run.smithi026.stdout:/usr/bin/ceph: stderr
2024-06-13T06:46:35.103+0000 7fc007400700 1 --2- 172.21.15.26:0/1217367601 >> [v2:172.21.15.26:6800/662324914,v1:172.21.15.26:6801/662324914] conn(0x7fbfec0391a0 0x7fbfec03b660 unknown :-1 s=BANNER_CONNECTING pgs=0 cs=0 l=1 rev1=0 crypto rx=0 tx=0 comp rx=0 tx=0)._handle_peer_banner_payload supported=3 required=0
2024-06-13T06:46:36.666 INFO:teuthology.orchestra.run.smithi026.stdout:/usr/bin/ceph: stderr
2024-06-13T06:46:35.103+0000 7fc007400700 1 --2- 172.21.15.26:0/1217367601 >> [v2:172.21.15.26:6800/662324914,v1:172.21.15.26:6801/662324914] conn(0x7fbfec0391a0 0x7fbfec03b660 secure :-1 s=READY pgs=9 cs=0 l=1 rev1=1 crypto rx=0x7fbff4006fd0 tx=0x7fbff4006e40 comp rx=0 tx=0).ready entity=mgr.14152 client_cookie=0 server_cookie=0 in_seq=0 out_seq=0
2024-06-13T06:46:36.666 INFO:teuthology.orchestra.run.smithi026.stdout:/usr/bin/ceph: stderr
2024-06-13T06:46:35.108+0000 7fc004c00700 1 -- 172.21.15.26:0/1217367601 <== mon.0 v2:172.21.15.26:3300/0 6 ==== mon_command_ack([{"prefix": "get_command_descriptions"}]=0 v0) ==== 72+0+186418 (secure 0 0 0) 0x7fbff800b3e0 con 0x7fc00810a180
2024-06-13T06:46:36.666 INFO:teuthology.orchestra.run.smithi026.stdout:/usr/bin/ceph: stderr
2024-06-13T06:46:35.339+0000 7fc00f200700 1 -- 172.21.15.26:0/1217367601 --> [v2:172.21.15.26:3300/0,v1:172.21.15.26:6789/0] -- mon_command({"prefix": "config get", "who": "mgr", "key": "mgr/dashboard/ssl_server_port"} v 0) -- 0x7fc0081a1730 con 0x7fc00810a180
2024-06-13T06:46:36.666 INFO:teuthology.orchestra.run.smithi026.stdout:/usr/bin/ceph: stderr
2024-06-13T06:46:35.339+0000 7fc004c00700 1 -- 172.21.15.26:0/1217367601 <== mon.0 v2:172.21.15.26:3300/0 7 ==== mon_command_ack([{"prefix": "config get", "who": "mgr", "key": "mgr/dashboard/ssl_server_port"}]=0 v8) ==== 112+0+5 (secure 0 0 0) 0x7fbff802dde0 con 0x7fc00810a180
2024-06-13T06:46:36.666 INFO:teuthology.orchestra.run.smithi026.stdout:/usr/bin/ceph: stderr
2024-06-13T06:46:35.342+0000 7fc00f200700 1 -- 172.21.15.26:0/1217367601 >> [v2:172.21.15.26:6800/662324914,v1:172.21.15.26:6801/662324914] conn(0x7fbfec0391a0 msgr2=0x7fbfec03b660 secure :-1 s=STATE_CONNECTION_ESTABLISHED l=1).mark_down
2024-06-13T06:46:36.666 INFO:teuthology.orchestra.run.smithi026.stdout:/usr/bin/ceph: stderr
2024-06-13T06:46:35.342+0000 7fc00f200700 1 --2- 172.21.15.26:0/1217367601 >> [v2:172.21.15.26:6800/662324914,v1:172.21.15.26:6801/662324914] conn(0x7fbfec0391a0 0x7fbfec03b660 secure :-1 s=READY pgs=9 cs=0 l=1 rev1=1 crypto rx=0x7fbff4006fd0 tx=0x7fbff4006e40 comp rx=0 tx=0).stop
2024-06-13T06:46:36.667 INFO:teuthology.orchestra.run.smithi026.stdout:/usr/bin/ceph: stderr
2024-06-13T06:46:35.342+0000 7fc00f200700 1 -- 172.21.15.26:0/1217367601 >> [v2:172.21.15.26:3300/0,v1:172.21.15.26:6789/0] conn(0x7fc00810a180 msgr2=0x7fc00819e070 secure :-1 s=STATE_CONNECTION_ESTABLISHED l=1).mark_down
2024-06-13T06:46:36.667 INFO:teuthology.orchestra.run.smithi026.stdout:/usr/bin/ceph: stderr
2024-06-13T06:46:35.342+0000 7fc00f200700 1 --2- 172.21.15.26:0/1217367601 >> [v2:172.21.15.26:3300/0,v1:172.21.15.26:6789/0] conn(0x7fc00810a180 0x7fc00819e070 secure :-1 s=READY pgs=75 cs=0 l=1 rev1=1 crypto rx=0x7fbff8011b60 tx=0x7fbff8011c40 comp rx=0 tx=0).stop
2024-06-13T06:46:36.667 INFO:teuthology.orchestra.run.smithi026.stdout:/usr/bin/ceph: stderr
2024-06-13T06:46:35.342+0000 7fc00f200700 1 -- 172.21.15.26:0/1217367601 shutdown_connections
2024-06-13T06:46:36.667 INFO:teuthology.orchestra.run.smithi026.stdout:/usr/bin/ceph: stderr
2024-06-13T06:46:35.342+0000 7fc00f200700 1 --2- 172.21.15.26:0/1217367601 >> [v2:172.21.15.26:6800/662324914,v1:172.21.15.26:6801/662324914] conn(0x7fbfec0391a0 0x7fbfec03b660 unknown :-1 s=CLOSED pgs=9 cs=0 l=1 rev1=1 crypto rx=0 tx=0 comp rx=0 tx=0).stop
2024-06-13T06:46:36.667 INFO:teuthology.orchestra.run.smithi026.stdout:/usr/bin/ceph: stderr
2024-06-13T06:46:35.342+0000 7fc00f200700 1 --2- 172.21.15.26:0/1217367601 >> [v2:172.21.15.26:3300/0,v1:172.21.15.26:6789/0] conn(0x7fc00810a180 0x7fc00819e070 unknown :-1 s=CLOSED pgs=75 cs=0 l=1 rev1=1 crypto rx=0 tx=0 comp rx=0 tx=0).stop
2024-06-13T06:46:36.667 INFO:teuthology.orchestra.run.smithi026.stdout:/usr/bin/ceph: stderr
2024-06-13T06:46:35.342+0000 7fc00f200700 1 -- 172.21.15.26:0/1217367601 >> 172.21.15.26:0/1217367601 conn(0x7fc00807d6a0 msgr2=0x7fc008107cf0 unknown :-1 s=STATE_NONE l=0).mark_down
2024-06-13T06:46:36.667 INFO:teuthology.orchestra.run.smithi026.stdout:/usr/bin/ceph: stderr
2024-06-13T06:46:35.343+0000 7fc00f200700 1 -- 172.21.15.26:0/1217367601 shutdown_connections
2024-06-13T06:46:36.667 INFO:teuthology.orchestra.run.smithi026.stdout:/usr/bin/ceph: stderr
2024-06-13T06:46:35.343+0000 7fc00f200700 1 -- 172.21.15.26:0/1217367601 wait complete.
2024-06-13T06:46:36.689 INFO:teuthology.orchestra.run.smithi026.stdout:Non-zero exit code 1 from systemctl is-enabled firewalld.service
2024-06-13T06:46:36.689 INFO:teuthology.orchestra.run.smithi026.stdout:systemctl: stdout disabled
2024-06-13T06:46:36.712 INFO:teuthology.orchestra.run.smithi026.stdout:Non-zero exit code 3 from systemctl is-active firewalld.service
2024-06-13T06:46:36.712 INFO:teuthology.orchestra.run.smithi026.stdout:systemctl: stdout inactive
2024-06-13T06:46:36.712 INFO:teuthology.orchestra.run.smithi026.stdout:firewalld.service is not enabled
2024-06-13T06:46:36.712 INFO:teuthology.orchestra.run.smithi026.stdout:Not possible to open ports <[8443]>. firewalld.service is not available
2024-06-13T06:46:36.719 INFO:teuthology.orchestra.run.smithi026.stdout:Ceph Dashboard is now available at:
2024-06-13T06:46:36.719 INFO:teuthology.orchestra.run.smithi026.stdout:
2024-06-13T06:46:36.719 INFO:teuthology.orchestra.run.smithi026.stdout: URL: https://smithi026.front.sepia.ceph.com:8443/
2024-06-13T06:46:36.719 INFO:teuthology.orchestra.run.smithi026.stdout: User: admin
2024-06-13T06:46:36.720 INFO:teuthology.orchestra.run.smithi026.stdout: Password: nnc7k3e8mp
2024-06-13T06:46:36.720 INFO:teuthology.orchestra.run.smithi026.stdout:
2024-06-13T06:46:36.720 INFO:teuthology.orchestra.run.smithi026.stdout:Saving cluster configuration to /var/lib/ceph/559474f0-2950-11ef-bc9c-c7b262605968/config directory
2024-06-13T06:46:36.723 INFO:teuthology.orchestra.run.smithi026.stdout:Enabling autotune for osd_memory_target
2024-06-13T06:46:38.366 INFO:teuthology.orchestra.run.smithi026.stdout:/usr/bin/ceph: stderr
2024-06-13T06:46:37.401+0000 7fe701c00700 1 Processor -- start
2024-06-13T06:46:38.371 INFO:teuthology.orchestra.run.smithi026.stdout:/usr/bin/ceph: stderr
2024-06-13T06:46:37.401+0000 7fe701c00700 1 -- start start
2024-06-13T06:46:38.371 INFO:teuthology.orchestra.run.smithi026.stdout:/usr/bin/ceph: stderr
2024-06-13T06:46:37.402+0000 7fe701c00700 1 --2- >> [v2:172.21.15.26:3300/0,v1:172.21.15.26:6789/0] conn(0x7fe6fc1067a0 0x7fe6fc106bc0 unknown :-1 s=NONE pgs=0 cs=0 l=0 rev1=0 crypto rx=0 tx=0 comp rx=0 tx=0).connect
2024-06-13T06:46:38.371 INFO:teuthology.orchestra.run.smithi026.stdout:/usr/bin/ceph: stderr
2024-06-13T06:46:37.402+0000 7fe701c00700 1 -- --> [v2:172.21.15.26:3300/0,v1:172.21.15.26:6789/0] -- mon_getmap magic: 0 -- 0x7fe6fc07bdf0 con 0x7fe6fc1067a0
2024-06-13T06:46:38.371 INFO:teuthology.orchestra.run.smithi026.stdout:/usr/bin/ceph: stderr
2024-06-13T06:46:37.402+0000 7fe6faa00700 1 --2- >> [v2:172.21.15.26:3300/0,v1:172.21.15.26:6789/0] conn(0x7fe6fc1067a0 0x7fe6fc106bc0 unknown :-1 s=BANNER_CONNECTING pgs=0 cs=0 l=0 rev1=0 crypto rx=0 tx=0 comp rx=0 tx=0)._handle_peer_banner_payload supported=3 required=0
2024-06-13T06:46:38.372 INFO:teuthology.orchestra.run.smithi026.stdout:/usr/bin/ceph: stderr
2024-06-13T06:46:37.403+0000 7fe6faa00700 1 --2- >> [v2:172.21.15.26:3300/0,v1:172.21.15.26:6789/0] conn(0x7fe6fc1067a0 0x7fe6fc106bc0 unknown :-1 s=HELLO_CONNECTING pgs=0 cs=0 l=0 rev1=1 crypto rx=0 tx=0 comp rx=0 tx=0).handle_hello peer v2:172.21.15.26:3300/0 says I am v2:172.21.15.26:32978/0 (socket says 172.21.15.26:32978)
2024-06-13T06:46:38.372 INFO:teuthology.orchestra.run.smithi026.stdout:/usr/bin/ceph: stderr
2024-06-13T06:46:37.403+0000 7fe6faa00700 1 -- 172.21.15.26:0/781223285 learned_addr learned my addr 172.21.15.26:0/781223285 (peer_addr_for_me v2:172.21.15.26:0/0)
2024-06-13T06:46:38.372 INFO:teuthology.orchestra.run.smithi026.stdout:/usr/bin/ceph: stderr
2024-06-13T06:46:37.403+0000 7fe6faa00700 1 -- 172.21.15.26:0/781223285 --> [v2:172.21.15.26:3300/0,v1:172.21.15.26:6789/0] -- mon_subscribe({config=0+,monmap=0+}) -- 0x7fe6fc107100 con 0x7fe6fc1067a0
2024-06-13T06:46:38.372 INFO:teuthology.orchestra.run.smithi026.stdout:/usr/bin/ceph: stderr
2024-06-13T06:46:37.403+0000 7fe6faa00700 1 --2- 172.21.15.26:0/781223285 >> [v2:172.21.15.26:3300/0,v1:172.21.15.26:6789/0] conn(0x7fe6fc1067a0 0x7fe6fc106bc0 secure :-1 s=READY pgs=76 cs=0 l=1 rev1=1 crypto rx=0x7fe6ec0098a0 tx=0x7fe6ec009bb0 comp rx=0 tx=0).ready entity=mon.0 client_cookie=f7c30069e7982ceb server_cookie=0 in_seq=0 out_seq=0
2024-06-13T06:46:38.372 INFO:teuthology.orchestra.run.smithi026.stdout:/usr/bin/ceph: stderr
2024-06-13T06:46:37.404+0000 7fe6f9600700 1 -- 172.21.15.26:0/781223285 <== mon.0 v2:172.21.15.26:3300/0 1 ==== mon_map magic: 0 ==== 205+0+0 (secure 0 0 0) 0x7fe6ec004160 con 0x7fe6fc1067a0
2024-06-13T06:46:38.372 INFO:teuthology.orchestra.run.smithi026.stdout:/usr/bin/ceph: stderr
2024-06-13T06:46:37.404+0000 7fe6f9600700 1 -- 172.21.15.26:0/781223285 <== mon.0 v2:172.21.15.26:3300/0 2 ==== config(27 keys) ==== 1140+0+0 (secure 0 0 0) 0x7fe6ec004300 con 0x7fe6fc1067a0
2024-06-13T06:46:38.372 INFO:teuthology.orchestra.run.smithi026.stdout:/usr/bin/ceph: stderr
2024-06-13T06:46:37.404+0000 7fe6f9600700 1 -- 172.21.15.26:0/781223285 <== mon.0 v2:172.21.15.26:3300/0 3 ==== mon_map magic: 0 ==== 205+0+0 (secure 0 0 0) 0x7fe6ec011b20 con 0x7fe6fc1067a0
2024-06-13T06:46:38.372 INFO:teuthology.orchestra.run.smithi026.stdout:/usr/bin/ceph: stderr
2024-06-13T06:46:37.405+0000 7fe701c00700 1 -- 172.21.15.26:0/781223285 >> [v2:172.21.15.26:3300/0,v1:172.21.15.26:6789/0] conn(0x7fe6fc1067a0 msgr2=0x7fe6fc106bc0 secure :-1 s=STATE_CONNECTION_ESTABLISHED l=1).mark_down
2024-06-13T06:46:38.372 INFO:teuthology.orchestra.run.smithi026.stdout:/usr/bin/ceph: stderr
2024-06-13T06:46:37.405+0000 7fe701c00700 1 --2- 172.21.15.26:0/781223285 >> [v2:172.21.15.26:3300/0,v1:172.21.15.26:6789/0] conn(0x7fe6fc1067a0 0x7fe6fc106bc0 secure :-1 s=READY pgs=76 cs=0 l=1 rev1=1 crypto rx=0x7fe6ec0098a0 tx=0x7fe6ec009bb0 comp rx=0 tx=0).stop
2024-06-13T06:46:38.372 INFO:teuthology.orchestra.run.smithi026.stdout:/usr/bin/ceph: stderr
2024-06-13T06:46:37.405+0000 7fe701c00700 1 -- 172.21.15.26:0/781223285 shutdown_connections
2024-06-13T06:46:38.372 INFO:teuthology.orchestra.run.smithi026.stdout:/usr/bin/ceph: stderr
2024-06-13T06:46:37.405+0000 7fe701c00700 1 --2- 172.21.15.26:0/781223285 >> [v2:172.21.15.26:3300/0,v1:172.21.15.26:6789/0] conn(0x7fe6fc1067a0 0x7fe6fc106bc0 unknown :-1 s=CLOSED pgs=76 cs=0 l=1 rev1=1 crypto rx=0 tx=0 comp rx=0 tx=0).stop
2024-06-13T06:46:38.373 INFO:teuthology.orchestra.run.smithi026.stdout:/usr/bin/ceph: stderr
2024-06-13T06:46:37.405+0000 7fe701c00700 1 -- 172.21.15.26:0/781223285 >> 172.21.15.26:0/781223285 conn(0x7fe6fc1023c0 msgr2=0x7fe6fc1047e0 unknown :-1 s=STATE_NONE l=0).mark_down
2024-06-13T06:46:38.373 INFO:teuthology.orchestra.run.smithi026.stdout:/usr/bin/ceph: stderr
2024-06-13T06:46:37.405+0000 7fe701c00700 1 -- 172.21.15.26:0/781223285 shutdown_connections
2024-06-13T06:46:38.373 INFO:teuthology.orchestra.run.smithi026.stdout:/usr/bin/ceph: stderr
2024-06-13T06:46:37.405+0000 7fe701c00700 1 -- 172.21.15.26:0/781223285 wait complete.
2024-06-13T06:46:38.373 INFO:teuthology.orchestra.run.smithi026.stdout:/usr/bin/ceph: stderr
2024-06-13T06:46:37.406+0000 7fe701c00700 1 Processor -- start
2024-06-13T06:46:38.373 INFO:teuthology.orchestra.run.smithi026.stdout:/usr/bin/ceph: stderr
2024-06-13T06:46:37.407+0000 7fe701c00700 1 -- start start
2024-06-13T06:46:38.373 INFO:teuthology.orchestra.run.smithi026.stdout:/usr/bin/ceph: stderr
2024-06-13T06:46:37.407+0000 7fe701c00700 1 --2- >> [v2:172.21.15.26:3300/0,v1:172.21.15.26:6789/0] conn(0x7fe6fc1067a0 0x7fe6fc19e000 unknown :-1 s=NONE pgs=0 cs=0 l=1 rev1=0 crypto rx=0 tx=0 comp rx=0 tx=0).connect
2024-06-13T06:46:38.373 INFO:teuthology.orchestra.run.smithi026.stdout:/usr/bin/ceph: stderr
2024-06-13T06:46:37.407+0000 7fe701c00700 1 -- --> [v2:172.21.15.26:3300/0,v1:172.21.15.26:6789/0] -- mon_getmap magic: 0 -- 0x7fe6fc1081d0 con 0x7fe6fc1067a0
2024-06-13T06:46:38.373 INFO:teuthology.orchestra.run.smithi026.stdout:/usr/bin/ceph: stderr
2024-06-13T06:46:37.407+0000 7fe6faa00700 1 --2- >> [v2:172.21.15.26:3300/0,v1:172.21.15.26:6789/0] conn(0x7fe6fc1067a0 0x7fe6fc19e000 unknown :-1 s=BANNER_CONNECTING pgs=0 cs=0 l=1 rev1=0 crypto rx=0 tx=0 comp rx=0 tx=0)._handle_peer_banner_payload supported=3 required=0
2024-06-13T06:46:38.373 INFO:teuthology.orchestra.run.smithi026.stdout:/usr/bin/ceph: stderr
2024-06-13T06:46:37.407+0000 7fe6faa00700 1 --2- >> [v2:172.21.15.26:3300/0,v1:172.21.15.26:6789/0] conn(0x7fe6fc1067a0 0x7fe6fc19e000 unknown :-1 s=HELLO_CONNECTING pgs=0 cs=0 l=1 rev1=1 crypto rx=0 tx=0 comp rx=0 tx=0).handle_hello peer v2:172.21.15.26:3300/0 says I am v2:172.21.15.26:32994/0 (socket says 172.21.15.26:32994)
2024-06-13T06:46:38.373 INFO:teuthology.orchestra.run.smithi026.stdout:/usr/bin/ceph: stderr
2024-06-13T06:46:37.407+0000 7fe6faa00700 1 -- 172.21.15.26:0/3081757868 learned_addr learned my addr 172.21.15.26:0/3081757868 (peer_addr_for_me v2:172.21.15.26:0/0)
2024-06-13T06:46:38.373 INFO:teuthology.orchestra.run.smithi026.stdout:/usr/bin/ceph: stderr
2024-06-13T06:46:37.408+0000 7fe6faa00700 1 -- 172.21.15.26:0/3081757868 --> [v2:172.21.15.26:3300/0,v1:172.21.15.26:6789/0] -- mon_subscribe({config=0+,monmap=0+}) -- 0x7fe6fc19e540 con 0x7fe6fc1067a0
2024-06-13T06:46:38.373 INFO:teuthology.orchestra.run.smithi026.stdout:/usr/bin/ceph: stderr
2024-06-13T06:46:37.408+0000 7fe6faa00700 1 --2- 172.21.15.26:0/3081757868 >> [v2:172.21.15.26:3300/0,v1:172.21.15.26:6789/0] conn(0x7fe6fc1067a0 0x7fe6fc19e000 secure :-1 s=READY pgs=77 cs=0 l=1 rev1=1 crypto rx=0x7fe6ec0117e0 tx=0x7fe6ec011ba0 comp rx=0 tx=0).ready entity=mon.0 client_cookie=0 server_cookie=0 in_seq=0 out_seq=0
2024-06-13T06:46:38.373 INFO:teuthology.orchestra.run.smithi026.stdout:/usr/bin/ceph: stderr
