2024-06-18T02:30:35.553 INFO:teuthology.orchestra.run.smithi001.stdout:/usr/bin/ceph: stderr
2024-06-18T02:30:34.975+0000 7f172aad6640 1 -- 172.21.15.1:0/412404559 >> [v2:172.21.15.1:6800/4268462134,v1:172.21.15.1:6801/4268462134] conn(0x7f1714034860 msgr2=0x7f1714036d10 secure :-1 s=STATE_CONNECTION_ESTABLISHED l=1).mark_down
2024-06-18T02:30:35.553 INFO:teuthology.orchestra.run.smithi001.stdout:/usr/bin/ceph: stderr
2024-06-18T02:30:34.975+0000 7f172aad6640 1 --2- 172.21.15.1:0/412404559 >> [v2:172.21.15.1:6800/4268462134,v1:172.21.15.1:6801/4268462134] conn(0x7f1714034860 0x7f1714036d10 secure :-1 s=READY pgs=10 cs=0 l=1 rev1=1 crypto rx=0x7f1710006fd0 tx=0x7f1710006db0 comp rx=0 tx=0).stop
2024-06-18T02:30:35.553 INFO:teuthology.orchestra.run.smithi001.stdout:/usr/bin/ceph: stderr
2024-06-18T02:30:34.975+0000 7f172aad6640 1 -- 172.21.15.1:0/412404559 >> [v2:172.21.15.1:3300/0,v1:172.21.15.1:6789/0] conn(0x7f1724101d00 msgr2=0x7f1724110ea0 secure :-1 s=STATE_CONNECTION_ESTABLISHED l=1).mark_down
2024-06-18T02:30:35.553 INFO:teuthology.orchestra.run.smithi001.stdout:/usr/bin/ceph: stderr
2024-06-18T02:30:34.975+0000 7f172aad6640 1 --2- 172.21.15.1:0/412404559 >> [v2:172.21.15.1:3300/0,v1:172.21.15.1:6789/0] conn(0x7f1724101d00 0x7f1724110ea0 secure :-1 s=READY pgs=42 cs=0 l=1 rev1=1 crypto rx=0x7f1718009420 tx=0x7f1718008040 comp rx=0 tx=0).stop
2024-06-18T02:30:35.553 INFO:teuthology.orchestra.run.smithi001.stdout:/usr/bin/ceph: stderr
2024-06-18T02:30:34.976+0000 7f172aad6640 1 -- 172.21.15.1:0/412404559 shutdown_connections
2024-06-18T02:30:35.554 INFO:teuthology.orchestra.run.smithi001.stdout:/usr/bin/ceph: stderr
2024-06-18T02:30:34.976+0000 7f172aad6640 1 --2- 172.21.15.1:0/412404559 >> [v2:172.21.15.1:6800/4268462134,v1:172.21.15.1:6801/4268462134] conn(0x7f1714034860 0x7f1714036d10 unknown :-1 s=CLOSED pgs=10 cs=0 l=1 rev1=1 crypto rx=0 tx=0 comp rx=0 tx=0).stop
2024-06-18T02:30:35.554 INFO:teuthology.orchestra.run.smithi001.stdout:/usr/bin/ceph: stderr
2024-06-18T02:30:34.976+0000 7f172aad6640 1 --2- 172.21.15.1:0/412404559 >> [v2:172.21.15.1:3300/0,v1:172.21.15.1:6789/0] conn(0x7f1724101d00 0x7f1724110ea0 unknown :-1 s=CLOSED pgs=42 cs=0 l=1 rev1=1 crypto rx=0 tx=0 comp rx=0 tx=0).stop
2024-06-18T02:30:35.554 INFO:teuthology.orchestra.run.smithi001.stdout:/usr/bin/ceph: stderr
2024-06-18T02:30:34.976+0000 7f172aad6640 1 -- 172.21.15.1:0/412404559 >> 172.21.15.1:0/412404559 conn(0x7f17240fd500 msgr2=0x7f17240fe200 unknown :-1 s=STATE_NONE l=0).mark_down
2024-06-18T02:30:35.554 INFO:teuthology.orchestra.run.smithi001.stdout:/usr/bin/ceph: stderr
2024-06-18T02:30:34.976+0000 7f172aad6640 1 -- 172.21.15.1:0/412404559 shutdown_connections
2024-06-18T02:30:35.554 INFO:teuthology.orchestra.run.smithi001.stdout:/usr/bin/ceph: stderr
2024-06-18T02:30:34.976+0000 7f172aad6640 1 -- 172.21.15.1:0/412404559 wait complete.
2024-06-18T02:30:35.554 INFO:teuthology.orchestra.run.smithi001.stdout:Wrote public SSH key to /home/ubuntu/cephtest/ceph.pub
2024-06-18T02:30:35.554 INFO:teuthology.orchestra.run.smithi001.stdout:Adding key to root@localhost authorized_keys...
2024-06-18T02:30:35.554 INFO:teuthology.orchestra.run.smithi001.stdout:Adding host smithi001...
2024-06-18T02:30:36.127 INFO:journalctl@ceph.mon.smithi001.smithi001.stdout:Jun 18 02:30:35 smithi001 ceph-mon[29099]: from='client.14136 -' entity='client.admin' cmd=[{"prefix": "cephadm get-pub-key", "target": ["mon-mgr", ""]}]: dispatch
2024-06-18T02:30:37.127 INFO:journalctl@ceph.mon.smithi001.smithi001.stdout:Jun 18 02:30:36 smithi001 ceph-mon[29099]: from='client.14138 -' entity='client.admin' cmd=[{"prefix": "orch host add", "hostname": "smithi001", "addr": "172.21.15.1", "target": ["mon-mgr", ""]}]: dispatch
2024-06-18T02:30:38.098 INFO:journalctl@ceph.mon.smithi001.smithi001.stdout:Jun 18 02:30:37 smithi001 ceph-mon[29099]: Deploying cephadm binary to smithi001
2024-06-18T02:30:40.102 INFO:teuthology.orchestra.run.smithi001.stdout:/usr/bin/ceph: stdout Added host 'smithi001' with addr '172.21.15.1'
2024-06-18T02:30:40.102 INFO:teuthology.orchestra.run.smithi001.stdout:/usr/bin/ceph: stderr
2024-06-18T02:30:35.954+0000 7f348b659640 1 Processor -- start
2024-06-18T02:30:40.102 INFO:teuthology.orchestra.run.smithi001.stdout:/usr/bin/ceph: stderr
2024-06-18T02:30:35.954+0000 7f348b659640 1 -- start start
2024-06-18T02:30:40.103 INFO:teuthology.orchestra.run.smithi001.stdout:/usr/bin/ceph: stderr
2024-06-18T02:30:35.954+0000 7f348b659640 1 --2- >> [v2:172.21.15.1:3300/0,v1:172.21.15.1:6789/0] conn(0x7f3484075bc0 0x7f3484106d70 unknown :-1 s=NONE pgs=0 cs=0 l=0 rev1=0 crypto rx=0 tx=0 comp rx=0 tx=0).connect
2024-06-18T02:30:40.103 INFO:teuthology.orchestra.run.smithi001.stdout:/usr/bin/ceph: stderr
2024-06-18T02:30:35.954+0000 7f348b659640 1 -- --> [v2:172.21.15.1:3300/0,v1:172.21.15.1:6789/0] -- mon_getmap magic: 0 v1 -- 0x7f3484102760 con 0x7f3484075bc0
2024-06-18T02:30:40.103 INFO:teuthology.orchestra.run.smithi001.stdout:/usr/bin/ceph: stderr
2024-06-18T02:30:35.954+0000 7f34893f5640 1 --2- >> [v2:172.21.15.1:3300/0,v1:172.21.15.1:6789/0] conn(0x7f3484075bc0 0x7f3484106d70 unknown :-1 s=BANNER_CONNECTING pgs=0 cs=0 l=0 rev1=0 crypto rx=0 tx=0 comp rx=0 tx=0)._handle_peer_banner_payload supported=3 required=0
2024-06-18T02:30:40.103 INFO:teuthology.orchestra.run.smithi001.stdout:/usr/bin/ceph: stderr
2024-06-18T02:30:35.954+0000 7f34893f5640 1 --2- >> [v2:172.21.15.1:3300/0,v1:172.21.15.1:6789/0] conn(0x7f3484075bc0 0x7f3484106d70 unknown :-1 s=HELLO_CONNECTING pgs=0 cs=0 l=0 rev1=1 crypto rx=0 tx=0 comp rx=0 tx=0).handle_hello peer v2:172.21.15.1:3300/0 says I am v2:172.21.15.1:57726/0 (socket says 172.21.15.1:57726)
2024-06-18T02:30:40.103 INFO:teuthology.orchestra.run.smithi001.stdout:/usr/bin/ceph: stderr
2024-06-18T02:30:35.954+0000 7f34893f5640 1 -- 172.21.15.1:0/2602151672 learned_addr learned my addr 172.21.15.1:0/2602151672 (peer_addr_for_me v2:172.21.15.1:0/0)
2024-06-18T02:30:40.103 INFO:teuthology.orchestra.run.smithi001.stdout:/usr/bin/ceph: stderr
2024-06-18T02:30:35.955+0000 7f34893f5640 1 -- 172.21.15.1:0/2602151672 --> [v2:172.21.15.1:3300/0,v1:172.21.15.1:6789/0] -- mon_subscribe({config=0+,monmap=0+}) v3 -- 0x7f34841072b0 con 0x7f3484075bc0
2024-06-18T02:30:40.103 INFO:teuthology.orchestra.run.smithi001.stdout:/usr/bin/ceph: stderr
2024-06-18T02:30:35.955+0000 7f34893f5640 1 --2- 172.21.15.1:0/2602151672 >> [v2:172.21.15.1:3300/0,v1:172.21.15.1:6789/0] conn(0x7f3484075bc0 0x7f3484106d70 secure :-1 s=READY pgs=43 cs=0 l=1 rev1=1 crypto rx=0x7f3480009840 tx=0x7f34800091d0 comp rx=0 tx=0).ready entity=mon.0 client_cookie=58cd5c89c1b8bf94 server_cookie=0 in_seq=0 out_seq=0
2024-06-18T02:30:40.103 INFO:teuthology.orchestra.run.smithi001.stdout:/usr/bin/ceph: stderr
2024-06-18T02:30:35.956+0000 7f3477fff640 1 -- 172.21.15.1:0/2602151672 <== mon.0 v2:172.21.15.1:3300/0 1 ==== mon_map magic: 0 v1 ==== 229+0+0 (secure 0 0 0) 0x7f3480032440 con 0x7f3484075bc0
2024-06-18T02:30:40.103 INFO:teuthology.orchestra.run.smithi001.stdout:/usr/bin/ceph: stderr
2024-06-18T02:30:35.956+0000 7f3477fff640 1 -- 172.21.15.1:0/2602151672 <== mon.0 v2:172.21.15.1:3300/0 2 ==== config(27 keys) v1 ==== 1044+0+0 (secure 0 0 0) 0x7f3480032a30 con 0x7f3484075bc0
2024-06-18T02:30:40.103 INFO:teuthology.orchestra.run.smithi001.stdout:/usr/bin/ceph: stderr
2024-06-18T02:30:35.956+0000 7f3477fff640 1 -- 172.21.15.1:0/2602151672 <== mon.0 v2:172.21.15.1:3300/0 3 ==== mon_map magic: 0 v1 ==== 229+0+0 (secure 0 0 0) 0x7f3480031ad0 con 0x7f3484075bc0
2024-06-18T02:30:40.103 INFO:teuthology.orchestra.run.smithi001.stdout:/usr/bin/ceph: stderr
2024-06-18T02:30:35.956+0000 7f348b659640 1 -- 172.21.15.1:0/2602151672 >> [v2:172.21.15.1:3300/0,v1:172.21.15.1:6789/0] conn(0x7f3484075bc0 msgr2=0x7f3484106d70 secure :-1 s=STATE_CONNECTION_ESTABLISHED l=1).mark_down
2024-06-18T02:30:40.103 INFO:teuthology.orchestra.run.smithi001.stdout:/usr/bin/ceph: stderr
2024-06-18T02:30:35.956+0000 7f348b659640 1 --2- 172.21.15.1:0/2602151672 >> [v2:172.21.15.1:3300/0,v1:172.21.15.1:6789/0] conn(0x7f3484075bc0 0x7f3484106d70 secure :-1 s=READY pgs=43 cs=0 l=1 rev1=1 crypto rx=0x7f3480009840 tx=0x7f34800091d0 comp rx=0 tx=0).stop
2024-06-18T02:30:40.104 INFO:teuthology.orchestra.run.smithi001.stdout:/usr/bin/ceph: stderr
2024-06-18T02:30:35.956+0000 7f348b659640 1 -- 172.21.15.1:0/2602151672 shutdown_connections
2024-06-18T02:30:40.104 INFO:teuthology.orchestra.run.smithi001.stdout:/usr/bin/ceph: stderr
2024-06-18T02:30:35.956+0000 7f348b659640 1 --2- 172.21.15.1:0/2602151672 >> [v2:172.21.15.1:3300/0,v1:172.21.15.1:6789/0] conn(0x7f3484075bc0 0x7f3484106d70 unknown :-1 s=CLOSED pgs=43 cs=0 l=1 rev1=1 crypto rx=0 tx=0 comp rx=0 tx=0).stop
2024-06-18T02:30:40.104 INFO:teuthology.orchestra.run.smithi001.stdout:/usr/bin/ceph: stderr
2024-06-18T02:30:35.956+0000 7f348b659640 1 -- 172.21.15.1:0/2602151672 >> 172.21.15.1:0/2602151672 conn(0x7f34840fc480 msgr2=0x7f34840fe890 unknown :-1 s=STATE_NONE l=0).mark_down
2024-06-18T02:30:40.104 INFO:teuthology.orchestra.run.smithi001.stdout:/usr/bin/ceph: stderr
2024-06-18T02:30:35.956+0000 7f348b659640 1 -- 172.21.15.1:0/2602151672 shutdown_connections
2024-06-18T02:30:40.104 INFO:teuthology.orchestra.run.smithi001.stdout:/usr/bin/ceph: stderr
2024-06-18T02:30:35.956+0000 7f348b659640 1 -- 172.21.15.1:0/2602151672 wait complete.
2024-06-18T02:30:40.104 INFO:teuthology.orchestra.run.smithi001.stdout:/usr/bin/ceph: stderr
2024-06-18T02:30:35.957+0000 7f348b659640 1 Processor -- start
2024-06-18T02:30:40.104 INFO:teuthology.orchestra.run.smithi001.stdout:/usr/bin/ceph: stderr
2024-06-18T02:30:35.957+0000 7f348b659640 1 -- start start
2024-06-18T02:30:40.104 INFO:teuthology.orchestra.run.smithi001.stdout:/usr/bin/ceph: stderr
2024-06-18T02:30:35.957+0000 7f348b659640 1 --2- >> [v2:172.21.15.1:3300/0,v1:172.21.15.1:6789/0] conn(0x7f3484075bc0 0x7f3484112d10 unknown :-1 s=NONE pgs=0 cs=0 l=1 rev1=0 crypto rx=0 tx=0 comp rx=0 tx=0).connect
2024-06-18T02:30:40.104 INFO:teuthology.orchestra.run.smithi001.stdout:/usr/bin/ceph: stderr
2024-06-18T02:30:35.957+0000 7f348b659640 1 -- --> [v2:172.21.15.1:3300/0,v1:172.21.15.1:6789/0] -- mon_getmap magic: 0 v1 -- 0x7f3484113250 con 0x7f3484075bc0
2024-06-18T02:30:40.104 INFO:teuthology.orchestra.run.smithi001.stdout:/usr/bin/ceph: stderr
2024-06-18T02:30:35.957+0000 7f34893f5640 1 --2- >> [v2:172.21.15.1:3300/0,v1:172.21.15.1:6789/0] conn(0x7f3484075bc0 0x7f3484112d10 unknown :-1 s=BANNER_CONNECTING pgs=0 cs=0 l=1 rev1=0 crypto rx=0 tx=0 comp rx=0 tx=0)._handle_peer_banner_payload supported=3 required=0
2024-06-18T02:30:40.104 INFO:teuthology.orchestra.run.smithi001.stdout:/usr/bin/ceph: stderr
2024-06-18T02:30:35.957+0000 7f34893f5640 1 --2- >> [v2:172.21.15.1:3300/0,v1:172.21.15.1:6789/0] conn(0x7f3484075bc0 0x7f3484112d10 unknown :-1 s=HELLO_CONNECTING pgs=0 cs=0 l=1 rev1=1 crypto rx=0 tx=0 comp rx=0 tx=0).handle_hello peer v2:172.21.15.1:3300/0 says I am v2:172.21.15.1:57730/0 (socket says 172.21.15.1:57730)
2024-06-18T02:30:40.105 INFO:teuthology.orchestra.run.smithi001.stdout:/usr/bin/ceph: stderr
2024-06-18T02:30:35.957+0000 7f34893f5640 1 -- 172.21.15.1:0/4057727117 learned_addr learned my addr 172.21.15.1:0/4057727117 (peer_addr_for_me v2:172.21.15.1:0/0)
2024-06-18T02:30:40.105 INFO:teuthology.orchestra.run.smithi001.stdout:/usr/bin/ceph: stderr
2024-06-18T02:30:35.958+0000 7f34893f5640 1 -- 172.21.15.1:0/4057727117 --> [v2:172.21.15.1:3300/0,v1:172.21.15.1:6789/0] -- mon_subscribe({config=0+,monmap=0+}) v3 -- 0x7f3480009450 con 0x7f3484075bc0
2024-06-18T02:30:40.105 INFO:teuthology.orchestra.run.smithi001.stdout:/usr/bin/ceph: stderr
2024-06-18T02:30:35.958+0000 7f34893f5640 1 --2- 172.21.15.1:0/4057727117 >> [v2:172.21.15.1:3300/0,v1:172.21.15.1:6789/0] conn(0x7f3484075bc0 0x7f3484112d10 secure :-1 s=READY pgs=44 cs=0 l=1 rev1=1 crypto rx=0x7f3480031b90 tx=0x7f3480008040 comp rx=0 tx=0).ready entity=mon.0 client_cookie=0 server_cookie=0 in_seq=0 out_seq=0
2024-06-18T02:30:40.105 INFO:teuthology.orchestra.run.smithi001.stdout:/usr/bin/ceph: stderr
2024-06-18T02:30:35.958+0000 7f3475ffb640 1 -- 172.21.15.1:0/4057727117 <== mon.0 v2:172.21.15.1:3300/0 1 ==== mon_map magic: 0 v1 ==== 229+0+0 (secure 0 0 0) 0x7f34800328b0 con 0x7f3484075bc0
2024-06-18T02:30:40.105 INFO:teuthology.orchestra.run.smithi001.stdout:/usr/bin/ceph: stderr
2024-06-18T02:30:35.958+0000 7f3475ffb640 1 -- 172.21.15.1:0/4057727117 <== mon.0 v2:172.21.15.1:3300/0 2 ==== config(27 keys) v1 ==== 1044+0+0 (secure 0 0 0) 0x7f348003d8e0 con 0x7f3484075bc0
2024-06-18T02:30:40.105 INFO:teuthology.orchestra.run.smithi001.stdout:/usr/bin/ceph: stderr
2024-06-18T02:30:35.958+0000 7f348b659640 1 -- 172.21.15.1:0/4057727117 --> [v2:172.21.15.1:3300/0,v1:172.21.15.1:6789/0] -- mon_subscribe({mgrmap=0+}) v3 -- 0x7f3484113450 con 0x7f3484075bc0
2024-06-18T02:30:40.105 INFO:teuthology.orchestra.run.smithi001.stdout:/usr/bin/ceph: stderr
2024-06-18T02:30:35.958+0000 7f3475ffb640 1 -- 172.21.15.1:0/4057727117 <== mon.0 v2:172.21.15.1:3300/0 3 ==== mon_map magic: 0 v1 ==== 229+0+0 (secure 0 0 0) 0x7f348003ba20 con 0x7f3484075bc0
2024-06-18T02:30:40.105 INFO:teuthology.orchestra.run.smithi001.stdout:/usr/bin/ceph: stderr
2024-06-18T02:30:35.958+0000 7f348b659640 1 -- 172.21.15.1:0/4057727117 --> [v2:172.21.15.1:3300/0,v1:172.21.15.1:6789/0] -- mon_subscribe({osdmap=0}) v3 -- 0x7f34841138c0 con 0x7f3484075bc0
2024-06-18T02:30:40.105 INFO:teuthology.orchestra.run.smithi001.stdout:/usr/bin/ceph: stderr
2024-06-18T02:30:35.959+0000 7f3475ffb640 1 -- 172.21.15.1:0/4057727117 <== mon.0 v2:172.21.15.1:3300/0 4 ==== mgrmap(e 8) v1 ==== 41946+0+0 (secure 0 0 0) 0x7f3480039070 con 0x7f3484075bc0
2024-06-18T02:30:40.105 INFO:teuthology.orchestra.run.smithi001.stdout:/usr/bin/ceph: stderr
2024-06-18T02:30:35.959+0000 7f3475ffb640 1 --2- 172.21.15.1:0/4057727117 >> [v2:172.21.15.1:6800/4268462134,v1:172.21.15.1:6801/4268462134] conn(0x7f3470034810 0x7f3470036cc0 unknown :-1 s=NONE pgs=0 cs=0 l=1 rev1=0 crypto rx=0 tx=0 comp rx=0 tx=0).connect
2024-06-18T02:30:40.105 INFO:teuthology.orchestra.run.smithi001.stdout:/usr/bin/ceph: stderr
2024-06-18T02:30:35.959+0000 7f3475ffb640 1 -- 172.21.15.1:0/4057727117 <== mon.0 v2:172.21.15.1:3300/0 5 ==== osd_map(2..2 src has 1..2) v4 ==== 936+0+0 (secure 0 0 0) 0x7f3480067880 con 0x7f3484075bc0
2024-06-18T02:30:40.106 INFO:teuthology.orchestra.run.smithi001.stdout:/usr/bin/ceph: stderr
2024-06-18T02:30:35.959+0000 7f348b659640 1 -- 172.21.15.1:0/4057727117 --> [v2:172.21.15.1:3300/0,v1:172.21.15.1:6789/0] -- mon_command({"prefix": "get_command_descriptions"} v 0) v1 -- 0x7f348405ead0 con 0x7f3484075bc0
2024-06-18T02:30:40.106 INFO:teuthology.orchestra.run.smithi001.stdout:/usr/bin/ceph: stderr
2024-06-18T02:30:35.959+0000 7f3488bf4640 1 --2- 172.21.15.1:0/4057727117 >> [v2:172.21.15.1:6800/4268462134,v1:172.21.15.1:6801/4268462134] conn(0x7f3470034810 0x7f3470036cc0 unknown :-1 s=BANNER_CONNECTING pgs=0 cs=0 l=1 rev1=0 crypto rx=0 tx=0 comp rx=0 tx=0)._handle_peer_banner_payload supported=3 required=0
2024-06-18T02:30:40.106 INFO:teuthology.orchestra.run.smithi001.stdout:/usr/bin/ceph: stderr
2024-06-18T02:30:35.960+0000 7f3488bf4640 1 --2- 172.21.15.1:0/4057727117 >> [v2:172.21.15.1:6800/4268462134,v1:172.21.15.1:6801/4268462134] conn(0x7f3470034810 0x7f3470036cc0 secure :-1 s=READY pgs=11 cs=0 l=1 rev1=1 crypto rx=0x7f3478006fd0 tx=0x7f3478006db0 comp rx=0 tx=0).ready entity=mgr.14118 client_cookie=0 server_cookie=0 in_seq=0 out_seq=0
2024-06-18T02:30:40.106 INFO:teuthology.orchestra.run.smithi001.stdout:/usr/bin/ceph: stderr
2024-06-18T02:30:35.964+0000 7f3475ffb640 1 -- 172.21.15.1:0/4057727117 <== mon.0 v2:172.21.15.1:3300/0 6 ==== mon_command_ack([{"prefix": "get_command_descriptions"}]=0 v0) v1 ==== 72+0+175578 (secure 0 0 0) 0x7f3480041070 con 0x7f3484075bc0
2024-06-18T02:30:40.106 INFO:teuthology.orchestra.run.smithi001.stdout:/usr/bin/ceph: stderr
2024-06-18T02:30:36.143+0000 7f348b659640 1 -- 172.21.15.1:0/4057727117 --> [v2:172.21.15.1:6800/4268462134,v1:172.21.15.1:6801/4268462134] -- mgr_command(tid 0: {"prefix": "orch host add", "hostname": "smithi001", "addr": "172.21.15.1", "target": ["mon-mgr", ""]}) v1 -- 0x7f34840fd700 con 0x7f3470034810
2024-06-18T02:30:40.106 INFO:teuthology.orchestra.run.smithi001.stdout:/usr/bin/ceph: stderr
2024-06-18T02:30:39.557+0000 7f3475ffb640 1 -- 172.21.15.1:0/4057727117 <== mgr.14118 v2:172.21.15.1:6800/4268462134 1 ==== mgr_command_reply(tid 0: 0 ) v1 ==== 8+0+47 (secure 0 0 0) 0x7f34840fd700 con 0x7f3470034810
2024-06-18T02:30:40.106 INFO:teuthology.orchestra.run.smithi001.stdout:/usr/bin/ceph: stderr
2024-06-18T02:30:39.560+0000 7f348b659640 1 -- 172.21.15.1:0/4057727117 >> [v2:172.21.15.1:6800/4268462134,v1:172.21.15.1:6801/4268462134] conn(0x7f3470034810 msgr2=0x7f3470036cc0 secure :-1 s=STATE_CONNECTION_ESTABLISHED l=1).mark_down
2024-06-18T02:30:40.106 INFO:teuthology.orchestra.run.smithi001.stdout:/usr/bin/ceph: stderr
2024-06-18T02:30:39.560+0000 7f348b659640 1 --2- 172.21.15.1:0/4057727117 >> [v2:172.21.15.1:6800/4268462134,v1:172.21.15.1:6801/4268462134] conn(0x7f3470034810 0x7f3470036cc0 secure :-1 s=READY pgs=11 cs=0 l=1 rev1=1 crypto rx=0x7f3478006fd0 tx=0x7f3478006db0 comp rx=0 tx=0).stop
2024-06-18T02:30:40.106 INFO:teuthology.orchestra.run.smithi001.stdout:/usr/bin/ceph: stderr
2024-06-18T02:30:39.560+0000 7f348b659640 1 -- 172.21.15.1:0/4057727117 >> [v2:172.21.15.1:3300/0,v1:172.21.15.1:6789/0] conn(0x7f3484075bc0 msgr2=0x7f3484112d10 secure :-1 s=STATE_CONNECTION_ESTABLISHED l=1).mark_down
2024-06-18T02:30:40.106 INFO:teuthology.orchestra.run.smithi001.stdout:/usr/bin/ceph: stderr
2024-06-18T02:30:39.560+0000 7f348b659640 1 --2- 172.21.15.1:0/4057727117 >> [v2:172.21.15.1:3300/0,v1:172.21.15.1:6789/0] conn(0x7f3484075bc0 0x7f3484112d10 secure :-1 s=READY pgs=44 cs=0 l=1 rev1=1 crypto rx=0x7f3480031b90 tx=0x7f3480008040 comp rx=0 tx=0).stop
2024-06-18T02:30:40.107 INFO:teuthology.orchestra.run.smithi001.stdout:/usr/bin/ceph: stderr
2024-06-18T02:30:39.560+0000 7f348b659640 1 -- 172.21.15.1:0/4057727117 shutdown_connections
2024-06-18T02:30:40.107 INFO:teuthology.orchestra.run.smithi001.stdout:/usr/bin/ceph: stderr
2024-06-18T02:30:39.560+0000 7f348b659640 1 --2- 172.21.15.1:0/4057727117 >> [v2:172.21.15.1:6800/4268462134,v1:172.21.15.1:6801/4268462134] conn(0x7f3470034810 0x7f3470036cc0 unknown :-1 s=CLOSED pgs=11 cs=0 l=1 rev1=1 crypto rx=0 tx=0 comp rx=0 tx=0).stop
2024-06-18T02:30:40.107 INFO:teuthology.orchestra.run.smithi001.stdout:/usr/bin/ceph: stderr
2024-06-18T02:30:39.560+0000 7f348b659640 1 --2- 172.21.15.1:0/4057727117 >> [v2:172.21.15.1:3300/0,v1:172.21.15.1:6789/0] conn(0x7f3484075bc0 0x7f3484112d10 unknown :-1 s=CLOSED pgs=44 cs=0 l=1 rev1=1 crypto rx=0 tx=0 comp rx=0 tx=0).stop
2024-06-18T02:30:40.107 INFO:teuthology.orchestra.run.smithi001.stdout:/usr/bin/ceph: stderr
2024-06-18T02:30:39.560+0000 7f348b659640 1 -- 172.21.15.1:0/4057727117 >> 172.21.15.1:0/4057727117 conn(0x7f34840fc480 msgr2=0x7f34840fcfb0 unknown :-1 s=STATE_NONE l=0).mark_down
2024-06-18T02:30:40.107 INFO:teuthology.orchestra.run.smithi001.stdout:/usr/bin/ceph: stderr
2024-06-18T02:30:39.560+0000 7f348b659640 1 -- 172.21.15.1:0/4057727117 shutdown_connections
2024-06-18T02:30:40.107 INFO:teuthology.orchestra.run.smithi001.stdout:/usr/bin/ceph: stderr
2024-06-18T02:30:39.560+0000 7f348b659640 1 -- 172.21.15.1:0/4057727117 wait complete.
2024-06-18T02:30:40.107 INFO:teuthology.orchestra.run.smithi001.stdout:Deploying mon service with default placement...
2024-06-18T02:30:40.877 INFO:journalctl@ceph.mon.smithi001.smithi001.stdout:Jun 18 02:30:40 smithi001 ceph-mon[29099]: from='mgr.14118 172.21.15.1:0/2084661558' entity='mgr.smithi001.teoawz'
2024-06-18T02:30:40.878 INFO:journalctl@ceph.mon.smithi001.smithi001.stdout:Jun 18 02:30:40 smithi001 ceph-mon[29099]: Added host smithi001
2024-06-18T02:30:40.878 INFO:journalctl@ceph.mon.smithi001.smithi001.stdout:Jun 18 02:30:40 smithi001 ceph-mon[29099]: from='mgr.14118 172.21.15.1:0/2084661558' entity='mgr.smithi001.teoawz' cmd=[{"prefix": "config dump", "format": "json"}]: dispatch
2024-06-18T02:30:41.538 INFO:teuthology.orchestra.run.smithi001.stdout:/usr/bin/ceph: stdout Scheduled mon update...
2024-06-18T02:30:41.538 INFO:teuthology.orchestra.run.smithi001.stdout:/usr/bin/ceph: stderr
2024-06-18T02:30:40.512+0000 7f5b03fba640 1 Processor -- start
2024-06-18T02:30:41.538 INFO:teuthology.orchestra.run.smithi001.stdout:/usr/bin/ceph: stderr
2024-06-18T02:30:40.512+0000 7f5b03fba640 1 -- start start
2024-06-18T02:30:41.538 INFO:teuthology.orchestra.run.smithi001.stdout:/usr/bin/ceph: stderr
2024-06-18T02:30:40.512+0000 7f5b03fba640 1 --2- >> [v2:172.21.15.1:3300/0,v1:172.21.15.1:6789/0] conn(0x7f5afc075b10 0x7f5afc104a30 unknown :-1 s=NONE pgs=0 cs=0 l=0 rev1=0 crypto rx=0 tx=0 comp rx=0 tx=0).connect
2024-06-18T02:30:41.538 INFO:teuthology.orchestra.run.smithi001.stdout:/usr/bin/ceph: stderr
2024-06-18T02:30:40.512+0000 7f5b03fba640 1 -- --> [v2:172.21.15.1:3300/0,v1:172.21.15.1:6789/0] -- mon_getmap magic: 0 v1 -- 0x7f5afc075f20 con 0x7f5afc075b10
2024-06-18T02:30:41.539 INFO:teuthology.orchestra.run.smithi001.stdout:/usr/bin/ceph: stderr
2024-06-18T02:30:40.513+0000 7f5b01d56640 1 --2- >> [v2:172.21.15.1:3300/0,v1:172.21.15.1:6789/0] conn(0x7f5afc075b10 0x7f5afc104a30 unknown :-1 s=BANNER_CONNECTING pgs=0 cs=0 l=0 rev1=0 crypto rx=0 tx=0 comp rx=0 tx=0)._handle_peer_banner_payload supported=3 required=0
2024-06-18T02:30:41.539 INFO:teuthology.orchestra.run.smithi001.stdout:/usr/bin/ceph: stderr
2024-06-18T02:30:40.513+0000 7f5b01d56640 1 --2- >> [v2:172.21.15.1:3300/0,v1:172.21.15.1:6789/0] conn(0x7f5afc075b10 0x7f5afc104a30 unknown :-1 s=HELLO_CONNECTING pgs=0 cs=0 l=0 rev1=1 crypto rx=0 tx=0 comp rx=0 tx=0).handle_hello peer v2:172.21.15.1:3300/0 says I am v2:172.21.15.1:57742/0 (socket says 172.21.15.1:57742)
2024-06-18T02:30:41.539 INFO:teuthology.orchestra.run.smithi001.stdout:/usr/bin/ceph: stderr
2024-06-18T02:30:40.513+0000 7f5b01d56640 1 -- 172.21.15.1:0/2632886450 learned_addr learned my addr 172.21.15.1:0/2632886450 (peer_addr_for_me v2:172.21.15.1:0/0)
2024-06-18T02:30:41.539 INFO:teuthology.orchestra.run.smithi001.stdout:/usr/bin/ceph: stderr
2024-06-18T02:30:40.513+0000 7f5b01d56640 1 -- 172.21.15.1:0/2632886450 --> [v2:172.21.15.1:3300/0,v1:172.21.15.1:6789/0] -- mon_subscribe({config=0+,monmap=0+}) v3 -- 0x7f5afc104f70 con 0x7f5afc075b10
2024-06-18T02:30:41.539 INFO:teuthology.orchestra.run.smithi001.stdout:/usr/bin/ceph: stderr
2024-06-18T02:30:40.514+0000 7f5b01d56640 1 --2- 172.21.15.1:0/2632886450 >> [v2:172.21.15.1:3300/0,v1:172.21.15.1:6789/0] conn(0x7f5afc075b10 0x7f5afc104a30 secure :-1 s=READY pgs=45 cs=0 l=1 rev1=1 crypto rx=0x7f5af8009840 tx=0x7f5af80091d0 comp rx=0 tx=0).ready entity=mon.0 client_cookie=c7f96ed9f1d6f6a1 server_cookie=0 in_seq=0 out_seq=0
2024-06-18T02:30:41.539 INFO:teuthology.orchestra.run.smithi001.stdout:/usr/bin/ceph: stderr
2024-06-18T02:30:40.514+0000 7f5b00d54640 1 -- 172.21.15.1:0/2632886450 <== mon.0 v2:172.21.15.1:3300/0 1 ==== mon_map magic: 0 v1 ==== 229+0+0 (secure 0 0 0) 0x7f5af8032440 con 0x7f5afc075b10
2024-06-18T02:30:41.539 INFO:teuthology.orchestra.run.smithi001.stdout:/usr/bin/ceph: stderr
2024-06-18T02:30:40.514+0000 7f5b00d54640 1 -- 172.21.15.1:0/2632886450 <== mon.0 v2:172.21.15.1:3300/0 2 ==== config(27 keys) v1 ==== 1044+0+0 (secure 0 0 0) 0x7f5af8032a30 con 0x7f5afc075b10
2024-06-18T02:30:41.539 INFO:teuthology.orchestra.run.smithi001.stdout:/usr/bin/ceph: stderr
2024-06-18T02:30:40.514+0000 7f5b00d54640 1 -- 172.21.15.1:0/2632886450 <== mon.0 v2:172.21.15.1:3300/0 3 ==== mon_map magic: 0 v1 ==== 229+0+0 (secure 0 0 0) 0x7f5af8031ad0 con 0x7f5afc075b10
2024-06-18T02:30:41.539 INFO:teuthology.orchestra.run.smithi001.stdout:/usr/bin/ceph: stderr
2024-06-18T02:30:40.515+0000 7f5b03fba640 1 -- 172.21.15.1:0/2632886450 >> [v2:172.21.15.1:3300/0,v1:172.21.15.1:6789/0] conn(0x7f5afc075b10 msgr2=0x7f5afc104a30 secure :-1 s=STATE_CONNECTION_ESTABLISHED l=1).mark_down
2024-06-18T02:30:41.540 INFO:teuthology.orchestra.run.smithi001.stdout:/usr/bin/ceph: stderr
2024-06-18T02:30:40.515+0000 7f5b03fba640 1 --2- 172.21.15.1:0/2632886450 >> [v2:172.21.15.1:3300/0,v1:172.21.15.1:6789/0] conn(0x7f5afc075b10 0x7f5afc104a30 secure :-1 s=READY pgs=45 cs=0 l=1 rev1=1 crypto rx=0x7f5af8009840 tx=0x7f5af80091d0 comp rx=0 tx=0).stop
2024-06-18T02:30:41.540 INFO:teuthology.orchestra.run.smithi001.stdout:/usr/bin/ceph: stderr
2024-06-18T02:30:40.515+0000 7f5b03fba640 1 -- 172.21.15.1:0/2632886450 shutdown_connections
2024-06-18T02:30:41.540 INFO:teuthology.orchestra.run.smithi001.stdout:/usr/bin/ceph: stderr
2024-06-18T02:30:40.515+0000 7f5b03fba640 1 --2- 172.21.15.1:0/2632886450 >> [v2:172.21.15.1:3300/0,v1:172.21.15.1:6789/0] conn(0x7f5afc075b10 0x7f5afc104a30 unknown :-1 s=CLOSED pgs=45 cs=0 l=1 rev1=1 crypto rx=0 tx=0 comp rx=0 tx=0).stop
2024-06-18T02:30:41.540 INFO:teuthology.orchestra.run.smithi001.stdout:/usr/bin/ceph: stderr
2024-06-18T02:30:40.515+0000 7f5b03fba640 1 -- 172.21.15.1:0/2632886450 >> 172.21.15.1:0/2632886450 conn(0x7f5afc0fc460 msgr2=0x7f5afc0fe870 unknown :-1 s=STATE_NONE l=0).mark_down
2024-06-18T02:30:41.540 INFO:teuthology.orchestra.run.smithi001.stdout:/usr/bin/ceph: stderr
2024-06-18T02:30:40.515+0000 7f5b03fba640 1 -- 172.21.15.1:0/2632886450 shutdown_connections
2024-06-18T02:30:41.540 INFO:teuthology.orchestra.run.smithi001.stdout:/usr/bin/ceph: stderr
2024-06-18T02:30:40.515+0000 7f5b03fba640 1 -- 172.21.15.1:0/2632886450 wait complete.
2024-06-18T02:30:41.540 INFO:teuthology.orchestra.run.smithi001.stdout:/usr/bin/ceph: stderr
2024-06-18T02:30:40.515+0000 7f5b03fba640 1 Processor -- start
2024-06-18T02:30:41.540 INFO:teuthology.orchestra.run.smithi001.stdout:/usr/bin/ceph: stderr
2024-06-18T02:30:40.515+0000 7f5b03fba640 1 -- start start
2024-06-18T02:30:41.540 INFO:teuthology.orchestra.run.smithi001.stdout:/usr/bin/ceph: stderr
2024-06-18T02:30:40.515+0000 7f5b03fba640 1 --2- >> [v2:172.21.15.1:3300/0,v1:172.21.15.1:6789/0] conn(0x7f5afc075b10 0x7f5afc110b00 unknown :-1 s=NONE pgs=0 cs=0 l=1 rev1=0 crypto rx=0 tx=0 comp rx=0 tx=0).connect
2024-06-18T02:30:41.540 INFO:teuthology.orchestra.run.smithi001.stdout:/usr/bin/ceph: stderr
2024-06-18T02:30:40.515+0000 7f5b03fba640 1 -- --> [v2:172.21.15.1:3300/0,v1:172.21.15.1:6789/0] -- mon_getmap magic: 0 v1 -- 0x7f5afc111040 con 0x7f5afc075b10
2024-06-18T02:30:41.540 INFO:teuthology.orchestra.run.smithi001.stdout:/usr/bin/ceph: stderr
2024-06-18T02:30:40.516+0000 7f5b01d56640 1 --2- >> [v2:172.21.15.1:3300/0,v1:172.21.15.1:6789/0] conn(0x7f5afc075b10 0x7f5afc110b00 unknown :-1 s=BANNER_CONNECTING pgs=0 cs=0 l=1 rev1=0 crypto rx=0 tx=0 comp rx=0 tx=0)._handle_peer_banner_payload supported=3 required=0
2024-06-18T02:30:41.540 INFO:teuthology.orchestra.run.smithi001.stdout:/usr/bin/ceph: stderr
2024-06-18T02:30:40.516+0000 7f5b01d56640 1 --2- >> [v2:172.21.15.1:3300/0,v1:172.21.15.1:6789/0] conn(0x7f5afc075b10 0x7f5afc110b00 unknown :-1 s=HELLO_CONNECTING pgs=0 cs=0 l=1 rev1=1 crypto rx=0 tx=0 comp rx=0 tx=0).handle_hello peer v2:172.21.15.1:3300/0 says I am v2:172.21.15.1:57752/0 (socket says 172.21.15.1:57752)
2024-06-18T02:30:41.541 INFO:teuthology.orchestra.run.smithi001.stdout:/usr/bin/ceph: stderr
2024-06-18T02:30:40.516+0000 7f5b01d56640 1 -- 172.21.15.1:0/189775872 learned_addr learned my addr 172.21.15.1:0/189775872 (peer_addr_for_me v2:172.21.15.1:0/0)
2024-06-18T02:30:41.541 INFO:teuthology.orchestra.run.smithi001.stdout:/usr/bin/ceph: stderr
2024-06-18T02:30:40.516+0000 7f5b01d56640 1 -- 172.21.15.1:0/189775872 --> [v2:172.21.15.1:3300/0,v1:172.21.15.1:6789/0] -- mon_subscribe({config=0+,monmap=0+}) v3 -- 0x7f5af8009450 con 0x7f5afc075b10
2024-06-18T02:30:41.541 INFO:teuthology.orchestra.run.smithi001.stdout:/usr/bin/ceph: stderr
2024-06-18T02:30:40.516+0000 7f5b01d56640 1 --2- 172.21.15.1:0/189775872 >> [v2:172.21.15.1:3300/0,v1:172.21.15.1:6789/0] conn(0x7f5afc075b10 0x7f5afc110b00 secure :-1 s=READY pgs=46 cs=0 l=1 rev1=1 crypto rx=0x7f5af8006f00 tx=0x7f5af8008040 comp rx=0 tx=0).ready entity=mon.0 client_cookie=0 server_cookie=0 in_seq=0 out_seq=0
2024-06-18T02:30:41.541 INFO:teuthology.orchestra.run.smithi001.stdout:/usr/bin/ceph: stderr
2024-06-18T02:30:40.516+0000 7f5af27fc640 1 -- 172.21.15.1:0/189775872 <== mon.0 v2:172.21.15.1:3300/0 1 ==== mon_map magic: 0 v1 ==== 229+0+0 (secure 0 0 0) 0x7f5af803d450 con 0x7f5afc075b10
2024-06-18T02:30:41.541 INFO:teuthology.orchestra.run.smithi001.stdout:/usr/bin/ceph: stderr
2024-06-18T02:30:40.516+0000 7f5af27fc640 1 -- 172.21.15.1:0/189775872 <== mon.0 v2:172.21.15.1:3300/0 2 ==== config(27 keys) v1 ==== 1044+0+0 (secure 0 0 0) 0x7f5af803da40 con 0x7f5afc075b10
2024-06-18T02:30:41.541 INFO:teuthology.orchestra.run.smithi001.stdout:/usr/bin/ceph: stderr
2024-06-18T02:30:40.516+0000 7f5af27fc640 1 -- 172.21.15.1:0/189775872 <== mon.0 v2:172.21.15.1:3300/0 3 ==== mon_map magic: 0 v1 ==== 229+0+0 (secure 0 0 0) 0x7f5af803bb10 con 0x7f5afc075b10
2024-06-18T02:30:41.541 INFO:teuthology.orchestra.run.smithi001.stdout:/usr/bin/ceph: stderr
2024-06-18T02:30:40.516+0000 7f5b03fba640 1 -- 172.21.15.1:0/189775872 --> [v2:172.21.15.1:3300/0,v1:172.21.15.1:6789/0] -- mon_subscribe({mgrmap=0+}) v3 -- 0x7f5afc111240 con 0x7f5afc075b10
2024-06-18T02:30:41.541 INFO:teuthology.orchestra.run.smithi001.stdout:/usr/bin/ceph: stderr
2024-06-18T02:30:40.516+0000 7f5b03fba640 1 -- 172.21.15.1:0/189775872 --> [v2:172.21.15.1:3300/0,v1:172.21.15.1:6789/0] -- mon_subscribe({osdmap=0}) v3 -- 0x7f5afc1116b0 con 0x7f5afc075b10
2024-06-18T02:30:41.541 INFO:teuthology.orchestra.run.smithi001.stdout:/usr/bin/ceph: stderr
2024-06-18T02:30:40.517+0000 7f5af27fc640 1 -- 172.21.15.1:0/189775872 <== mon.0 v2:172.21.15.1:3300/0 4 ==== mgrmap(e 8) v1 ==== 41946+0+0 (secure 0 0 0) 0x7f5af8039070 con 0x7f5afc075b10
2024-06-18T02:30:41.541 INFO:teuthology.orchestra.run.smithi001.stdout:/usr/bin/ceph: stderr
2024-06-18T02:30:40.517+0000 7f5af27fc640 1 --2- 172.21.15.1:0/189775872 >> [v2:172.21.15.1:6800/4268462134,v1:172.21.15.1:6801/4268462134] conn(0x7f5ae8034860 0x7f5ae8036d10 unknown :-1 s=NONE pgs=0 cs=0 l=1 rev1=0 crypto rx=0 tx=0 comp rx=0 tx=0).connect
2024-06-18T02:30:41.541 INFO:teuthology.orchestra.run.smithi001.stdout:/usr/bin/ceph: stderr
2024-06-18T02:30:40.517+0000 7f5af27fc640 1 -- 172.21.15.1:0/189775872 <== mon.0 v2:172.21.15.1:3300/0 5 ==== osd_map(2..2 src has 1..2) v4 ==== 936+0+0 (secure 0 0 0) 0x7f5af80675b0 con 0x7f5afc075b10
2024-06-18T02:30:41.541 INFO:teuthology.orchestra.run.smithi001.stdout:/usr/bin/ceph: stderr
2024-06-18T02:30:40.517+0000 7f5b03fba640 1 -- 172.21.15.1:0/189775872 --> [v2:172.21.15.1:3300/0,v1:172.21.15.1:6789/0] -- mon_command({"prefix": "get_command_descriptions"} v 0) v1 -- 0x7f5afc05ead0 con 0x7f5afc075b10
2024-06-18T02:30:41.542 INFO:teuthology.orchestra.run.smithi001.stdout:/usr/bin/ceph: stderr
2024-06-18T02:30:40.517+0000 7f5b01555640 1 --2- 172.21.15.1:0/189775872 >> [v2:172.21.15.1:6800/4268462134,v1:172.21.15.1:6801/4268462134] conn(0x7f5ae8034860 0x7f5ae8036d10 unknown :-1 s=BANNER_CONNECTING pgs=0 cs=0 l=1 rev1=0 crypto rx=0 tx=0 comp rx=0 tx=0)._handle_peer_banner_payload supported=3 required=0
2024-06-18T02:30:41.542 INFO:teuthology.orchestra.run.smithi001.stdout:/usr/bin/ceph: stderr
2024-06-18T02:30:40.518+0000 7f5b01555640 1 --2- 172.21.15.1:0/189775872 >> [v2:172.21.15.1:6800/4268462134,v1:172.21.15.1:6801/4268462134] conn(0x7f5ae8034860 0x7f5ae8036d10 secure :-1 s=READY pgs=12 cs=0 l=1 rev1=1 crypto rx=0x7f5aec006fd0 tx=0x7f5aec006db0 comp rx=0 tx=0).ready entity=mgr.14118 client_cookie=0 server_cookie=0 in_seq=0 out_seq=0
2024-06-18T02:30:41.542 INFO:teuthology.orchestra.run.smithi001.stdout:/usr/bin/ceph: stderr
2024-06-18T02:30:40.522+0000 7f5af27fc640 1 -- 172.21.15.1:0/189775872 <== mon.0 v2:172.21.15.1:3300/0 6 ==== mon_command_ack([{"prefix": "get_command_descriptions"}]=0 v0) v1 ==== 72+0+175578 (secure 0 0 0) 0x7f5af8041080 con 0x7f5afc075b10
2024-06-18T02:30:41.542 INFO:teuthology.orchestra.run.smithi001.stdout:/usr/bin/ceph: stderr
2024-06-18T02:30:40.706+0000 7f5b03fba640 1 -- 172.21.15.1:0/189775872 --> [v2:172.21.15.1:6800/4268462134,v1:172.21.15.1:6801/4268462134] -- mgr_command(tid 0: {"prefix": "orch apply", "service_type": "mon", "target": ["mon-mgr", ""]}) v1 -- 0x7f5afc0fd700 con 0x7f5ae8034860
2024-06-18T02:30:41.542 INFO:teuthology.orchestra.run.smithi001.stdout:/usr/bin/ceph: stderr
2024-06-18T02:30:40.711+0000 7f5af27fc640 1 -- 172.21.15.1:0/189775872 <== mgr.14118 v2:172.21.15.1:6800/4268462134 1 ==== mgr_command_reply(tid 0: 0 ) v1 ==== 8+0+24 (secure 0 0 0) 0x7f5afc0fd700 con 0x7f5ae8034860
2024-06-18T02:30:41.542 INFO:teuthology.orchestra.run.smithi001.stdout:/usr/bin/ceph: stderr
2024-06-18T02:30:40.712+0000 7f5b03fba640 1 -- 172.21.15.1:0/189775872 >> [v2:172.21.15.1:6800/4268462134,v1:172.21.15.1:6801/4268462134] conn(0x7f5ae8034860 msgr2=0x7f5ae8036d10 secure :-1 s=STATE_CONNECTION_ESTABLISHED l=1).mark_down
2024-06-18T02:30:41.542 INFO:teuthology.orchestra.run.smithi001.stdout:/usr/bin/ceph: stderr
2024-06-18T02:30:40.713+0000 7f5b03fba640 1 --2- 172.21.15.1:0/189775872 >> [v2:172.21.15.1:6800/4268462134,v1:172.21.15.1:6801/4268462134] conn(0x7f5ae8034860 0x7f5ae8036d10 secure :-1 s=READY pgs=12 cs=0 l=1 rev1=1 crypto rx=0x7f5aec006fd0 tx=0x7f5aec006db0 comp rx=0 tx=0).stop
2024-06-18T02:30:41.542 INFO:teuthology.orchestra.run.smithi001.stdout:/usr/bin/ceph: stderr
2024-06-18T02:30:40.713+0000 7f5b03fba640 1 -- 172.21.15.1:0/189775872 >> [v2:172.21.15.1:3300/0,v1:172.21.15.1:6789/0] conn(0x7f5afc075b10 msgr2=0x7f5afc110b00 secure :-1 s=STATE_CONNECTION_ESTABLISHED l=1).mark_down
2024-06-18T02:30:41.543 INFO:teuthology.orchestra.run.smithi001.stdout:/usr/bin/ceph: stderr
2024-06-18T02:30:40.713+0000 7f5b03fba640 1 --2- 172.21.15.1:0/189775872 >> [v2:172.21.15.1:3300/0,v1:172.21.15.1:6789/0] conn(0x7f5afc075b10 0x7f5afc110b00 secure :-1 s=READY pgs=46 cs=0 l=1 rev1=1 crypto rx=0x7f5af8006f00 tx=0x7f5af8008040 comp rx=0 tx=0).stop
2024-06-18T02:30:41.543 INFO:teuthology.orchestra.run.smithi001.stdout:/usr/bin/ceph: stderr
2024-06-18T02:30:40.713+0000 7f5b03fba640 1 -- 172.21.15.1:0/189775872 shutdown_connections
2024-06-18T02:30:41.543 INFO:teuthology.orchestra.run.smithi001.stdout:/usr/bin/ceph: stderr
2024-06-18T02:30:40.713+0000 7f5b03fba640 1 --2- 172.21.15.1:0/189775872 >> [v2:172.21.15.1:6800/4268462134,v1:172.21.15.1:6801/4268462134] conn(0x7f5ae8034860 0x7f5ae8036d10 unknown :-1 s=CLOSED pgs=12 cs=0 l=1 rev1=1 crypto rx=0 tx=0 comp rx=0 tx=0).stop
2024-06-18T02:30:41.543 INFO:teuthology.orchestra.run.smithi001.stdout:/usr/bin/ceph: stderr
2024-06-18T02:30:40.713+0000 7f5b03fba640 1 --2- 172.21.15.1:0/189775872 >> [v2:172.21.15.1:3300/0,v1:172.21.15.1:6789/0] conn(0x7f5afc075b10 0x7f5afc110b00 unknown :-1 s=CLOSED pgs=46 cs=0 l=1 rev1=1 crypto rx=0 tx=0 comp rx=0 tx=0).stop
2024-06-18T02:30:41.543 INFO:teuthology.orchestra.run.smithi001.stdout:/usr/bin/ceph: stderr
2024-06-18T02:30:40.713+0000 7f5b03fba640 1 -- 172.21.15.1:0/189775872 >> 172.21.15.1:0/189775872 conn(0x7f5afc0fc460 msgr2=0x7f5afc0fcfd0 unknown :-1 s=STATE_NONE l=0).mark_down
2024-06-18T02:30:41.543 INFO:teuthology.orchestra.run.smithi001.stdout:/usr/bin/ceph: stderr
2024-06-18T02:30:40.713+0000 7f5b03fba640 1 -- 172.21.15.1:0/189775872 shutdown_connections
2024-06-18T02:30:41.543 INFO:teuthology.orchestra.run.smithi001.stdout:/usr/bin/ceph: stderr
2024-06-18T02:30:40.713+0000 7f5b03fba640 1 -- 172.21.15.1:0/189775872 wait complete.
2024-06-18T02:30:41.543 INFO:teuthology.orchestra.run.smithi001.stdout:Deploying mgr service with default placement...
2024-06-18T02:30:41.825 INFO:journalctl@ceph.mon.smithi001.smithi001.stdout:Jun 18 02:30:41 smithi001 ceph-mon[29099]: from='client.14140 -' entity='client.admin' cmd=[{"prefix": "orch apply", "service_type": "mon", "target": ["mon-mgr", ""]}]: dispatch
2024-06-18T02:30:41.825 INFO:journalctl@ceph.mon.smithi001.smithi001.stdout:Jun 18 02:30:41 smithi001 ceph-mon[29099]: Saving service mon spec with placement count:5
2024-06-18T02:30:41.825 INFO:journalctl@ceph.mon.smithi001.smithi001.stdout:Jun 18 02:30:41 smithi001 ceph-mon[29099]: from='mgr.14118 172.21.15.1:0/2084661558' entity='mgr.smithi001.teoawz'
2024-06-18T02:30:43.241 INFO:journalctl@ceph.mon.smithi001.smithi001.stdout:Jun 18 02:30:43 smithi001 ceph-mon[29099]: from='client.14142 -' entity='client.admin' cmd=[{"prefix": "orch apply", "service_type": "mgr", "target": ["mon-mgr", ""]}]: dispatch
2024-06-18T02:30:43.241 INFO:journalctl@ceph.mon.smithi001.smithi001.stdout:Jun 18 02:30:43 smithi001 ceph-mon[29099]: Saving service mgr spec with placement count:2
2024-06-18T02:30:43.242 INFO:journalctl@ceph.mon.smithi001.smithi001.stdout:Jun 18 02:30:43 smithi001 ceph-mon[29099]: from='mgr.14118 172.21.15.1:0/2084661558' entity='mgr.smithi001.teoawz'
2024-06-18T02:30:43.242 INFO:journalctl@ceph.mon.smithi001.smithi001.stdout:Jun 18 02:30:43 smithi001 ceph-mon[29099]: from='mgr.14118 172.21.15.1:0/2084661558' entity='mgr.smithi001.teoawz'
2024-06-18T02:30:43.248 INFO:teuthology.orchestra.run.smithi001.stdout:/usr/bin/ceph: stdout Scheduled mgr update...
2024-06-18T02:30:43.248 INFO:teuthology.orchestra.run.smithi001.stdout:/usr/bin/ceph: stderr
2024-06-18T02:30:41.909+0000 7f7acb436640 1 Processor -- start
2024-06-18T02:30:43.248 INFO:teuthology.orchestra.run.smithi001.stdout:/usr/bin/ceph: stderr
2024-06-18T02:30:41.909+0000 7f7acb436640 1 -- start start
2024-06-18T02:30:43.248 INFO:teuthology.orchestra.run.smithi001.stdout:/usr/bin/ceph: stderr
2024-06-18T02:30:41.909+0000 7f7acb436640 1 --2- >> [v2:172.21.15.1:3300/0,v1:172.21.15.1:6789/0] conn(0x7f7ac4100ca0 0x7f7ac41010b0 unknown :-1 s=NONE pgs=0 cs=0 l=0 rev1=0 crypto rx=0 tx=0 comp rx=0 tx=0).connect
2024-06-18T02:30:43.249 INFO:teuthology.orchestra.run.smithi001.stdout:/usr/bin/ceph: stderr
2024-06-18T02:30:41.909+0000 7f7acb436640 1 -- --> [v2:172.21.15.1:3300/0,v1:172.21.15.1:6789/0] -- mon_getmap magic: 0 v1 -- 0x7f7ac41015f0 con 0x7f7ac4100ca0
2024-06-18T02:30:43.249 INFO:teuthology.orchestra.run.smithi001.stdout:/usr/bin/ceph: stderr
2024-06-18T02:30:41.910+0000 7f7ac91d2640 1 --2- >> [v2:172.21.15.1:3300/0,v1:172.21.15.1:6789/0] conn(0x7f7ac4100ca0 0x7f7ac41010b0 unknown :-1 s=BANNER_CONNECTING pgs=0 cs=0 l=0 rev1=0 crypto rx=0 tx=0 comp rx=0 tx=0)._handle_peer_banner_payload supported=3 required=0
2024-06-18T02:30:43.249 INFO:teuthology.orchestra.run.smithi001.stdout:/usr/bin/ceph: stderr
2024-06-18T02:30:41.910+0000 7f7ac91d2640 1 --2- >> [v2:172.21.15.1:3300/0,v1:172.21.15.1:6789/0] conn(0x7f7ac4100ca0 0x7f7ac41010b0 unknown :-1 s=HELLO_CONNECTING pgs=0 cs=0 l=0 rev1=1 crypto rx=0 tx=0 comp rx=0 tx=0).handle_hello peer v2:172.21.15.1:3300/0 says I am v2:172.21.15.1:57768/0 (socket says 172.21.15.1:57768)
2024-06-18T02:30:43.249 INFO:teuthology.orchestra.run.smithi001.stdout:/usr/bin/ceph: stderr
2024-06-18T02:30:41.910+0000 7f7ac91d2640 1 -- 172.21.15.1:0/2386646127 learned_addr learned my addr 172.21.15.1:0/2386646127 (peer_addr_for_me v2:172.21.15.1:0/0)
2024-06-18T02:30:43.249 INFO:teuthology.orchestra.run.smithi001.stdout:/usr/bin/ceph: stderr
2024-06-18T02:30:41.910+0000 7f7ac91d2640 1 -- 172.21.15.1:0/2386646127 --> [v2:172.21.15.1:3300/0,v1:172.21.15.1:6789/0] -- mon_subscribe({config=0+,monmap=0+}) v3 -- 0x7f7ac4101730 con 0x7f7ac4100ca0
2024-06-18T02:30:43.249 INFO:teuthology.orchestra.run.smithi001.stdout:/usr/bin/ceph: stderr
2024-06-18T02:30:41.911+0000 7f7ac91d2640 1 --2- 172.21.15.1:0/2386646127 >> [v2:172.21.15.1:3300/0,v1:172.21.15.1:6789/0] conn(0x7f7ac4100ca0 0x7f7ac41010b0 secure :-1 s=READY pgs=47 cs=0 l=1 rev1=1 crypto rx=0x7f7ac0009840 tx=0x7f7ac00091d0 comp rx=0 tx=0).ready entity=mon.0 client_cookie=8db9df0e94e1429c server_cookie=0 in_seq=0 out_seq=0
2024-06-18T02:30:43.249 INFO:teuthology.orchestra.run.smithi001.stdout:/usr/bin/ceph: stderr
2024-06-18T02:30:41.911+0000 7f7abbfff640 1 -- 172.21.15.1:0/2386646127 <== mon.0 v2:172.21.15.1:3300/0 1 ==== mon_map magic: 0 v1 ==== 229+0+0 (secure 0 0 0) 0x7f7ac0032440 con 0x7f7ac4100ca0
2024-06-18T02:30:43.249 INFO:teuthology.orchestra.run.smithi001.stdout:/usr/bin/ceph: stderr
2024-06-18T02:30:41.911+0000 7f7abbfff640 1 -- 172.21.15.1:0/2386646127 <== mon.0 v2:172.21.15.1:3300/0 2 ==== config(27 keys) v1 ==== 1044+0+0 (secure 0 0 0) 0x7f7ac0032a30 con 0x7f7ac4100ca0
2024-06-18T02:30:43.249 INFO:teuthology.orchestra.run.smithi001.stdout:/usr/bin/ceph: stderr
2024-06-18T02:30:41.911+0000 7f7abbfff640 1 -- 172.21.15.1:0/2386646127 <== mon.0 v2:172.21.15.1:3300/0 3 ==== mon_map magic: 0 v1 ==== 229+0+0 (secure 0 0 0) 0x7f7ac0031ad0 con 0x7f7ac4100ca0
2024-06-18T02:30:43.249 INFO:teuthology.orchestra.run.smithi001.stdout:/usr/bin/ceph: stderr
2024-06-18T02:30:41.911+0000 7f7acb436640 1 -- 172.21.15.1:0/2386646127 >> [v2:172.21.15.1:3300/0,v1:172.21.15.1:6789/0] conn(0x7f7ac4100ca0 msgr2=0x7f7ac41010b0 secure :-1 s=STATE_CONNECTION_ESTABLISHED l=1).mark_down
2024-06-18T02:30:43.249 INFO:teuthology.orchestra.run.smithi001.stdout:/usr/bin/ceph: stderr
2024-06-18T02:30:41.911+0000 7f7acb436640 1 --2- 172.21.15.1:0/2386646127 >> [v2:172.21.15.1:3300/0,v1:172.21.15.1:6789/0] conn(0x7f7ac4100ca0 0x7f7ac41010b0 secure :-1 s=READY pgs=47 cs=0 l=1 rev1=1 crypto rx=0x7f7ac0009840 tx=0x7f7ac00091d0 comp rx=0 tx=0).stop
2024-06-18T02:30:43.249 INFO:teuthology.orchestra.run.smithi001.stdout:/usr/bin/ceph: stderr
2024-06-18T02:30:41.911+0000 7f7acb436640 1 -- 172.21.15.1:0/2386646127 shutdown_connections
2024-06-18T02:30:43.249 INFO:teuthology.orchestra.run.smithi001.stdout:/usr/bin/ceph: stderr
2024-06-18T02:30:41.911+0000 7f7acb436640 1 --2- 172.21.15.1:0/2386646127 >> [v2:172.21.15.1:3300/0,v1:172.21.15.1:6789/0] conn(0x7f7ac4100ca0 0x7f7ac41010b0 unknown :-1 s=CLOSED pgs=47 cs=0 l=1 rev1=1 crypto rx=0 tx=0 comp rx=0 tx=0).stop
2024-06-18T02:30:43.249 INFO:teuthology.orchestra.run.smithi001.stdout:/usr/bin/ceph: stderr
2024-06-18T02:30:41.911+0000 7f7acb436640 1 -- 172.21.15.1:0/2386646127 >> 172.21.15.1:0/2386646127 conn(0x7f7ac40fc4a0 msgr2=0x7f7ac40fe8b0 unknown :-1 s=STATE_NONE l=0).mark_down
2024-06-18T02:30:43.250 INFO:teuthology.orchestra.run.smithi001.stdout:/usr/bin/ceph: stderr
2024-06-18T02:30:41.912+0000 7f7acb436640 1 -- 172.21.15.1:0/2386646127 shutdown_connections
2024-06-18T02:30:43.250 INFO:teuthology.orchestra.run.smithi001.stdout:/usr/bin/ceph: stderr
2024-06-18T02:30:41.912+0000 7f7acb436640 1 -- 172.21.15.1:0/2386646127 wait complete.
2024-06-18T02:30:43.250 INFO:teuthology.orchestra.run.smithi001.stdout:/usr/bin/ceph: stderr
2024-06-18T02:30:41.912+0000 7f7acb436640 1 Processor -- start
2024-06-18T02:30:43.250 INFO:teuthology.orchestra.run.smithi001.stdout:/usr/bin/ceph: stderr
2024-06-18T02:30:41.912+0000 7f7acb436640 1 -- start start
2024-06-18T02:30:43.250 INFO:teuthology.orchestra.run.smithi001.stdout:/usr/bin/ceph: stderr
2024-06-18T02:30:41.912+0000 7f7acb436640 1 --2- >> [v2:172.21.15.1:3300/0,v1:172.21.15.1:6789/0] conn(0x7f7ac4100ca0 0x7f7ac4106ec0 unknown :-1 s=NONE pgs=0 cs=0 l=1 rev1=0 crypto rx=0 tx=0 comp rx=0 tx=0).connect
2024-06-18T02:30:43.250 INFO:teuthology.orchestra.run.smithi001.stdout:/usr/bin/ceph: stderr
2024-06-18T02:30:41.912+0000 7f7acb436640 1 -- --> [v2:172.21.15.1:3300/0,v1:172.21.15.1:6789/0] -- mon_getmap magic: 0 v1 -- 0x7f7ac4107400 con 0x7f7ac4100ca0
2024-06-18T02:30:43.250 INFO:teuthology.orchestra.run.smithi001.stdout:/usr/bin/ceph: stderr
2024-06-18T02:30:41.913+0000 7f7ac91d2640 1 --2- >> [v2:172.21.15.1:3300/0,v1:172.21.15.1:6789/0] conn(0x7f7ac4100ca0 0x7f7ac4106ec0 unknown :-1 s=BANNER_CONNECTING pgs=0 cs=0 l=1 rev1=0 crypto rx=0 tx=0 comp rx=0 tx=0)._handle_peer_banner_payload supported=3 required=0
2024-06-18T02:30:43.250 INFO:teuthology.orchestra.run.smithi001.stdout:/usr/bin/ceph: stderr
2024-06-18T02:30:41.913+0000 7f7ac91d2640 1 --2- >> [v2:172.21.15.1:3300/0,v1:172.21.15.1:6789/0] conn(0x7f7ac4100ca0 0x7f7ac4106ec0 unknown :-1 s=HELLO_CONNECTING pgs=0 cs=0 l=1 rev1=1 crypto rx=0 tx=0 comp rx=0 tx=0).handle_hello peer v2:172.21.15.1:3300/0 says I am v2:172.21.15.1:57782/0 (socket says 172.21.15.1:57782)
2024-06-18T02:30:43.250 INFO:teuthology.orchestra.run.smithi001.stdout:/usr/bin/ceph: stderr
2024-06-18T02:30:41.913+0000 7f7ac91d2640 1 -- 172.21.15.1:0/2676092217 learned_addr learned my addr 172.21.15.1:0/2676092217 (peer_addr_for_me v2:172.21.15.1:0/0)
2024-06-18T02:30:43.250 INFO:teuthology.orchestra.run.smithi001.stdout:/usr/bin/ceph: stderr
2024-06-18T02:30:41.913+0000 7f7ac91d2640 1 -- 172.21.15.1:0/2676092217 --> [v2:172.21.15.1:3300/0,v1:172.21.15.1:6789/0] -- mon_subscribe({config=0+,monmap=0+}) v3 -- 0x7f7ac0009450 con 0x7f7ac4100ca0
2024-06-18T02:30:43.250 INFO:teuthology.orchestra.run.smithi001.stdout:/usr/bin/ceph: stderr
2024-06-18T02:30:41.913+0000 7f7ac91d2640 1 --2- 172.21.15.1:0/2676092217 >> [v2:172.21.15.1:3300/0,v1:172.21.15.1:6789/0] conn(0x7f7ac4100ca0 0x7f7ac4106ec0 secure :-1 s=READY pgs=48 cs=0 l=1 rev1=1 crypto rx=0x7f7ac0031670 tx=0x7f7ac0008040 comp rx=0 tx=0).ready entity=mon.0 client_cookie=0 server_cookie=0 in_seq=0 out_seq=0
2024-06-18T02:30:43.250 INFO:teuthology.orchestra.run.smithi001.stdout:/usr/bin/ceph: stderr
2024-06-18T02:30:41.913+0000 7f7ab9ffb640 1 -- 172.21.15.1:0/2676092217 <== mon.0 v2:172.21.15.1:3300/0 1 ==== mon_map magic: 0 v1 ==== 229+0+0 (secure 0 0 0) 0x7f7ac003d450 con 0x7f7ac4100ca0
2024-06-18T02:30:43.250 INFO:teuthology.orchestra.run.smithi001.stdout:/usr/bin/ceph: stderr
2024-06-18T02:30:41.913+0000 7f7ab9ffb640 1 -- 172.21.15.1:0/2676092217 <== mon.0 v2:172.21.15.1:3300/0 2 ==== config(27 keys) v1 ==== 1044+0+0 (secure 0 0 0) 0x7f7ac003da40 con 0x7f7ac4100ca0
2024-06-18T02:30:43.251 INFO:teuthology.orchestra.run.smithi001.stdout:/usr/bin/ceph: stderr
2024-06-18T02:30:41.913+0000 7f7ab9ffb640 1 -- 172.21.15.1:0/2676092217 <== mon.0 v2:172.21.15.1:3300/0 3 ==== mon_map magic: 0 v1 ==== 229+0+0 (secure 0 0 0) 0x7f7ac003ba00 con 0x7f7ac4100ca0
2024-06-18T02:30:43.251 INFO:teuthology.orchestra.run.smithi001.stdout:/usr/bin/ceph: stderr
2024-06-18T02:30:41.913+0000 7f7acb436640 1 -- 172.21.15.1:0/2676092217 --> [v2:172.21.15.1:3300/0,v1:172.21.15.1:6789/0] -- mon_subscribe({mgrmap=0+}) v3 -- 0x7f7ac4105490 con 0x7f7ac4100ca0
2024-06-18T02:30:43.251 INFO:teuthology.orchestra.run.smithi001.stdout:/usr/bin/ceph: stderr
2024-06-18T02:30:41.914+0000 7f7acb436640 1 -- 172.21.15.1:0/2676092217 --> [v2:172.21.15.1:3300/0,v1:172.21.15.1:6789/0] -- mon_subscribe({osdmap=0}) v3 -- 0x7f7ac4105900 con 0x7f7ac4100ca0
2024-06-18T02:30:43.251 INFO:teuthology.orchestra.run.smithi001.stdout:/usr/bin/ceph: stderr
2024-06-18T02:30:41.914+0000 7f7ab9ffb640 1 -- 172.21.15.1:0/2676092217 <== mon.0 v2:172.21.15.1:3300/0 4 ==== mgrmap(e 8) v1 ==== 41946+0+0 (secure 0 0 0) 0x7f7ac0039070 con 0x7f7ac4100ca0
2024-06-18T02:30:43.251 INFO:teuthology.orchestra.run.smithi001.stdout:/usr/bin/ceph: stderr
2024-06-18T02:30:41.915+0000 7f7ab9ffb640 1 --2- 172.21.15.1:0/2676092217 >> [v2:172.21.15.1:6800/4268462134,v1:172.21.15.1:6801/4268462134] conn(0x7f7ab0034860 0x7f7ab0036d10 unknown :-1 s=NONE pgs=0 cs=0 l=1 rev1=0 crypto rx=0 tx=0 comp rx=0 tx=0).connect
2024-06-18T02:30:43.251 INFO:teuthology.orchestra.run.smithi001.stdout:/usr/bin/ceph: stderr
2024-06-18T02:30:41.915+0000 7f7acb436640 1 -- 172.21.15.1:0/2676092217 --> [v2:172.21.15.1:3300/0,v1:172.21.15.1:6789/0] -- mon_command({"prefix": "get_command_descriptions"} v 0) v1 -- 0x7f7ac405ead0 con 0x7f7ac4100ca0
2024-06-18T02:30:43.251 INFO:teuthology.orchestra.run.smithi001.stdout:/usr/bin/ceph: stderr
2024-06-18T02:30:41.915+0000 7f7ab9ffb640 1 -- 172.21.15.1:0/2676092217 <== mon.0 v2:172.21.15.1:3300/0 5 ==== osd_map(2..2 src has 1..2) v4 ==== 936+0+0 (secure 0 0 0) 0x7f7ac0067790 con 0x7f7ac4100ca0
2024-06-18T02:30:43.251 INFO:teuthology.orchestra.run.smithi001.stdout:/usr/bin/ceph: stderr
2024-06-18T02:30:41.915+0000 7f7ac89d1640 1 --2- 172.21.15.1:0/2676092217 >> [v2:172.21.15.1:6800/4268462134,v1:172.21.15.1:6801/4268462134] conn(0x7f7ab0034860 0x7f7ab0036d10 unknown :-1 s=BANNER_CONNECTING pgs=0 cs=0 l=1 rev1=0 crypto rx=0 tx=0 comp rx=0 tx=0)._handle_peer_banner_payload supported=3 required=0
2024-06-18T02:30:43.251 INFO:teuthology.orchestra.run.smithi001.stdout:/usr/bin/ceph: stderr
2024-06-18T02:30:41.915+0000 7f7ac89d1640 1 --2- 172.21.15.1:0/2676092217 >> [v2:172.21.15.1:6800/4268462134,v1:172.21.15.1:6801/4268462134] conn(0x7f7ab0034860 0x7f7ab0036d10 secure :-1 s=READY pgs=13 cs=0 l=1 rev1=1 crypto rx=0x7f7ab4006fd0 tx=0x7f7ab4006db0 comp rx=0 tx=0).ready entity=mgr.14118 client_cookie=0 server_cookie=0 in_seq=0 out_seq=0
2024-06-18T02:30:43.251 INFO:teuthology.orchestra.run.smithi001.stdout:/usr/bin/ceph: stderr
2024-06-18T02:30:41.920+0000 7f7ab9ffb640 1 -- 172.21.15.1:0/2676092217 <== mon.0 v2:172.21.15.1:3300/0 6 ==== mon_command_ack([{"prefix": "get_command_descriptions"}]=0 v0) v1 ==== 72+0+175578 (secure 0 0 0) 0x7f7ac0037030 con 0x7f7ac4100ca0
2024-06-18T02:30:43.251 INFO:teuthology.orchestra.run.smithi001.stdout:/usr/bin/ceph: stderr
2024-06-18T02:30:42.106+0000 7f7acb436640 1 -- 172.21.15.1:0/2676092217 --> [v2:172.21.15.1:6800/4268462134,v1:172.21.15.1:6801/4268462134] -- mgr_command(tid 0: {"prefix": "orch apply", "service_type": "mgr", "target": ["mon-mgr", ""]}) v1 -- 0x7f7ac410a970 con 0x7f7ab0034860
2024-06-18T02:30:43.251 INFO:teuthology.orchestra.run.smithi001.stdout:/usr/bin/ceph: stderr
2024-06-18T02:30:42.109+0000 7f7ab9ffb640 1 -- 172.21.15.1:0/2676092217 <== mgr.14118 v2:172.21.15.1:6800/4268462134 1 ==== mgr_command_reply(tid 0: 0 ) v1 ==== 8+0+24 (secure 0 0 0) 0x7f7ac410a970 con 0x7f7ab0034860
2024-06-18T02:30:43.251 INFO:teuthology.orchestra.run.smithi001.stdout:/usr/bin/ceph: stderr
