2024-06-18T02:30:11.527+0000 7fce52ffd640 1 --2- 172.21.15.1:0/3458013177 >> [v2:172.21.15.1:3300/0,v1:172.21.15.1:6789/0] conn(0x7fce54100c90 0x7fce54106e60 secure :-1 s=READY pgs=17 cs=0 l=1 rev1=1 crypto rx=0x7fce44007730 tx=0x7fce44009840 comp rx=0 tx=0).ready entity=mon.0 client_cookie=0 server_cookie=0 in_seq=0 out_seq=0
2024-06-18T02:30:17.201 INFO:teuthology.orchestra.run.smithi001.stdout:/usr/bin/ceph: stderr
2024-06-18T02:30:11.527+0000 7fce4b7fe640 1 -- 172.21.15.1:0/3458013177 <== mon.0 v2:172.21.15.1:3300/0 1 ==== mon_map magic: 0 v1 ==== 229+0+0 (secure 0 0 0) 0x7fce44031de0 con 0x7fce54100c90
2024-06-18T02:30:17.202 INFO:teuthology.orchestra.run.smithi001.stdout:/usr/bin/ceph: stderr
2024-06-18T02:30:11.528+0000 7fce4b7fe640 1 -- 172.21.15.1:0/3458013177 <== mon.0 v2:172.21.15.1:3300/0 2 ==== config(27 keys) v1 ==== 1044+0+0 (secure 0 0 0) 0x7fce44007e10 con 0x7fce54100c90
2024-06-18T02:30:17.202 INFO:teuthology.orchestra.run.smithi001.stdout:/usr/bin/ceph: stderr
2024-06-18T02:30:11.528+0000 7fce59872640 1 -- 172.21.15.1:0/3458013177 --> [v2:172.21.15.1:3300/0,v1:172.21.15.1:6789/0] -- mon_subscribe({mgrmap=0+}) v3 -- 0x7fce54105430 con 0x7fce54100c90
2024-06-18T02:30:17.202 INFO:teuthology.orchestra.run.smithi001.stdout:/usr/bin/ceph: stderr
2024-06-18T02:30:11.528+0000 7fce4b7fe640 1 -- 172.21.15.1:0/3458013177 <== mon.0 v2:172.21.15.1:3300/0 3 ==== mon_map magic: 0 v1 ==== 229+0+0 (secure 0 0 0) 0x7fce4403a5a0 con 0x7fce54100c90
2024-06-18T02:30:17.202 INFO:teuthology.orchestra.run.smithi001.stdout:/usr/bin/ceph: stderr
2024-06-18T02:30:11.528+0000 7fce59872640 1 -- 172.21.15.1:0/3458013177 --> [v2:172.21.15.1:3300/0,v1:172.21.15.1:6789/0] -- mon_subscribe({osdmap=0}) v3 -- 0x7fce541058a0 con 0x7fce54100c90
2024-06-18T02:30:17.202 INFO:teuthology.orchestra.run.smithi001.stdout:/usr/bin/ceph: stderr
2024-06-18T02:30:11.528+0000 7fce4b7fe640 1 -- 172.21.15.1:0/3458013177 <== mon.0 v2:172.21.15.1:3300/0 4 ==== mgrmap(e 3) v1 ==== 41829+0+0 (secure 0 0 0) 0x7fce44038040 con 0x7fce54100c90
2024-06-18T02:30:17.202 INFO:teuthology.orchestra.run.smithi001.stdout:/usr/bin/ceph: stderr
2024-06-18T02:30:11.529+0000 7fce59872640 1 -- 172.21.15.1:0/3458013177 --> [v2:172.21.15.1:3300/0,v1:172.21.15.1:6789/0] -- mon_command({"prefix": "get_command_descriptions"} v 0) v1 -- 0x7fce5404b480 con 0x7fce54100c90
2024-06-18T02:30:17.202 INFO:teuthology.orchestra.run.smithi001.stdout:/usr/bin/ceph: stderr
2024-06-18T02:30:11.529+0000 7fce4b7fe640 1 --2- 172.21.15.1:0/3458013177 >> [v2:172.21.15.1:6800/752464819,v1:172.21.15.1:6801/752464819] conn(0x7fce400346e0 0x7fce40036b90 unknown :-1 s=NONE pgs=0 cs=0 l=1 rev1=0 crypto rx=0 tx=0 comp rx=0 tx=0).connect
2024-06-18T02:30:17.202 INFO:teuthology.orchestra.run.smithi001.stdout:/usr/bin/ceph: stderr
2024-06-18T02:30:11.529+0000 7fce4b7fe640 1 -- 172.21.15.1:0/3458013177 <== mon.0 v2:172.21.15.1:3300/0 5 ==== osd_map(1..1 src has 1..1) v4 ==== 721+0+0 (secure 0 0 0) 0x7fce44040030 con 0x7fce54100c90
2024-06-18T02:30:17.202 INFO:teuthology.orchestra.run.smithi001.stdout:/usr/bin/ceph: stderr
2024-06-18T02:30:11.529+0000 7fce527fc640 1 --2- 172.21.15.1:0/3458013177 >> [v2:172.21.15.1:6800/752464819,v1:172.21.15.1:6801/752464819] conn(0x7fce400346e0 0x7fce40036b90 unknown :-1 s=BANNER_CONNECTING pgs=0 cs=0 l=1 rev1=0 crypto rx=0 tx=0 comp rx=0 tx=0)._handle_peer_banner_payload supported=3 required=0
2024-06-18T02:30:17.202 INFO:teuthology.orchestra.run.smithi001.stdout:/usr/bin/ceph: stderr
2024-06-18T02:30:11.529+0000 7fce527fc640 1 --2- 172.21.15.1:0/3458013177 >> [v2:172.21.15.1:6800/752464819,v1:172.21.15.1:6801/752464819] conn(0x7fce400346e0 0x7fce40036b90 secure :-1 s=READY pgs=6 cs=0 l=1 rev1=1 crypto rx=0x7fce3c006fd0 tx=0x7fce3c006db0 comp rx=0 tx=0).ready entity=mgr.14100 client_cookie=0 server_cookie=0 in_seq=0 out_seq=0
2024-06-18T02:30:17.202 INFO:teuthology.orchestra.run.smithi001.stdout:/usr/bin/ceph: stderr
2024-06-18T02:30:11.534+0000 7fce4b7fe640 1 -- 172.21.15.1:0/3458013177 <== mon.0 v2:172.21.15.1:3300/0 6 ==== mon_command_ack([{"prefix": "get_command_descriptions"}]=0 v0) v1 ==== 72+0+175578 (secure 0 0 0) 0x7fce4404c950 con 0x7fce54100c90
2024-06-18T02:30:17.203 INFO:teuthology.orchestra.run.smithi001.stdout:/usr/bin/ceph: stderr
2024-06-18T02:30:11.544+0000 7fce4b7fe640 1 -- 172.21.15.1:0/3458013177 <== mon.0 v2:172.21.15.1:3300/0 7 ==== mgrmap(e 4) v1 ==== 41935+0+0 (secure 0 0 0) 0x7fce44045a50 con 0x7fce54100c90
2024-06-18T02:30:17.203 INFO:teuthology.orchestra.run.smithi001.stdout:/usr/bin/ceph: stderr
2024-06-18T02:30:11.773+0000 7fce59872640 1 -- 172.21.15.1:0/3458013177 --> [v2:172.21.15.1:3300/0,v1:172.21.15.1:6789/0] -- mon_command({"prefix": "status", "format": "json-pretty"} v 0) v1 -- 0x7fce541029b0 con 0x7fce54100c90
2024-06-18T02:30:17.203 INFO:teuthology.orchestra.run.smithi001.stdout:/usr/bin/ceph: stderr
2024-06-18T02:30:11.774+0000 7fce4b7fe640 1 -- 172.21.15.1:0/3458013177 <== mon.0 v2:172.21.15.1:3300/0 8 ==== mon_command_ack([{"prefix": "status", "format": "json-pretty"}]=0 v0) v1 ==== 79+0+1247 (secure 0 0 0) 0x7fce440694f0 con 0x7fce54100c90
2024-06-18T02:30:17.203 INFO:teuthology.orchestra.run.smithi001.stdout:/usr/bin/ceph: stderr
2024-06-18T02:30:11.776+0000 7fce59872640 1 -- 172.21.15.1:0/3458013177 >> [v2:172.21.15.1:6800/752464819,v1:172.21.15.1:6801/752464819] conn(0x7fce400346e0 msgr2=0x7fce40036b90 secure :-1 s=STATE_CONNECTION_ESTABLISHED l=1).mark_down
2024-06-18T02:30:17.203 INFO:teuthology.orchestra.run.smithi001.stdout:/usr/bin/ceph: stderr
2024-06-18T02:30:11.776+0000 7fce59872640 1 --2- 172.21.15.1:0/3458013177 >> [v2:172.21.15.1:6800/752464819,v1:172.21.15.1:6801/752464819] conn(0x7fce400346e0 0x7fce40036b90 secure :-1 s=READY pgs=6 cs=0 l=1 rev1=1 crypto rx=0x7fce3c006fd0 tx=0x7fce3c006db0 comp rx=0 tx=0).stop
2024-06-18T02:30:17.203 INFO:teuthology.orchestra.run.smithi001.stdout:/usr/bin/ceph: stderr
2024-06-18T02:30:11.776+0000 7fce59872640 1 -- 172.21.15.1:0/3458013177 >> [v2:172.21.15.1:3300/0,v1:172.21.15.1:6789/0] conn(0x7fce54100c90 msgr2=0x7fce54106e60 secure :-1 s=STATE_CONNECTION_ESTABLISHED l=1).mark_down
2024-06-18T02:30:17.203 INFO:teuthology.orchestra.run.smithi001.stdout:/usr/bin/ceph: stderr
2024-06-18T02:30:11.776+0000 7fce59872640 1 --2- 172.21.15.1:0/3458013177 >> [v2:172.21.15.1:3300/0,v1:172.21.15.1:6789/0] conn(0x7fce54100c90 0x7fce54106e60 secure :-1 s=READY pgs=17 cs=0 l=1 rev1=1 crypto rx=0x7fce44007730 tx=0x7fce44009840 comp rx=0 tx=0).stop
2024-06-18T02:30:17.203 INFO:teuthology.orchestra.run.smithi001.stdout:/usr/bin/ceph: stderr
2024-06-18T02:30:11.776+0000 7fce59872640 1 -- 172.21.15.1:0/3458013177 shutdown_connections
2024-06-18T02:30:17.203 INFO:teuthology.orchestra.run.smithi001.stdout:/usr/bin/ceph: stderr
2024-06-18T02:30:11.776+0000 7fce59872640 1 --2- 172.21.15.1:0/3458013177 >> [v2:172.21.15.1:6800/752464819,v1:172.21.15.1:6801/752464819] conn(0x7fce400346e0 0x7fce40036b90 unknown :-1 s=CLOSED pgs=6 cs=0 l=1 rev1=1 crypto rx=0 tx=0 comp rx=0 tx=0).stop
2024-06-18T02:30:17.203 INFO:teuthology.orchestra.run.smithi001.stdout:/usr/bin/ceph: stderr
2024-06-18T02:30:11.776+0000 7fce59872640 1 --2- 172.21.15.1:0/3458013177 >> [v2:172.21.15.1:3300/0,v1:172.21.15.1:6789/0] conn(0x7fce54100c90 0x7fce54106e60 unknown :-1 s=CLOSED pgs=17 cs=0 l=1 rev1=1 crypto rx=0 tx=0 comp rx=0 tx=0).stop
2024-06-18T02:30:17.203 INFO:teuthology.orchestra.run.smithi001.stdout:/usr/bin/ceph: stderr
2024-06-18T02:30:11.776+0000 7fce59872640 1 -- 172.21.15.1:0/3458013177 >> 172.21.15.1:0/3458013177 conn(0x7fce540fc450 msgr2=0x7fce540fd090 unknown :-1 s=STATE_NONE l=0).mark_down
2024-06-18T02:30:17.203 INFO:teuthology.orchestra.run.smithi001.stdout:/usr/bin/ceph: stderr
2024-06-18T02:30:11.776+0000 7fce59872640 1 -- 172.21.15.1:0/3458013177 shutdown_connections
2024-06-18T02:30:17.203 INFO:teuthology.orchestra.run.smithi001.stdout:/usr/bin/ceph: stderr
2024-06-18T02:30:11.776+0000 7fce59872640 1 -- 172.21.15.1:0/3458013177 wait complete.
2024-06-18T02:30:17.204 INFO:teuthology.orchestra.run.smithi001.stdout:mgr is available
2024-06-18T02:30:20.377 INFO:journalctl@ceph.mon.smithi001.smithi001.stdout:Jun 18 02:30:20 smithi001 ceph-mon[29099]: from='client.? 172.21.15.1:0/1214209948' entity='client.admin' cmd=[{"prefix": "config assimilate-conf"}]: dispatch
2024-06-18T02:30:23.801 INFO:teuthology.orchestra.run.smithi001.stdout:/usr/bin/ceph: stdout
2024-06-18T02:30:23.801 INFO:teuthology.orchestra.run.smithi001.stdout:/usr/bin/ceph: stdout [global]
2024-06-18T02:30:23.801 INFO:teuthology.orchestra.run.smithi001.stdout:/usr/bin/ceph: stdout fsid = 7eefb63e-2d1a-11ef-bc9d-c7b262605968
2024-06-18T02:30:23.801 INFO:teuthology.orchestra.run.smithi001.stdout:/usr/bin/ceph: stdout mon_osd_allow_pg_remap = true
2024-06-18T02:30:23.801 INFO:teuthology.orchestra.run.smithi001.stdout:/usr/bin/ceph: stdout mon_osd_allow_primary_affinity = true
2024-06-18T02:30:23.801 INFO:teuthology.orchestra.run.smithi001.stdout:/usr/bin/ceph: stdout mon_warn_on_no_sortbitwise = false
2024-06-18T02:30:23.801 INFO:teuthology.orchestra.run.smithi001.stdout:/usr/bin/ceph: stdout osd_crush_chooseleaf_type = 0
2024-06-18T02:30:23.801 INFO:teuthology.orchestra.run.smithi001.stdout:/usr/bin/ceph: stdout
2024-06-18T02:30:23.801 INFO:teuthology.orchestra.run.smithi001.stdout:/usr/bin/ceph: stdout [mgr]
2024-06-18T02:30:23.801 INFO:teuthology.orchestra.run.smithi001.stdout:/usr/bin/ceph: stdout mgr/telemetry/nag = false
2024-06-18T02:30:23.801 INFO:teuthology.orchestra.run.smithi001.stdout:/usr/bin/ceph: stdout
2024-06-18T02:30:23.801 INFO:teuthology.orchestra.run.smithi001.stdout:/usr/bin/ceph: stdout [osd]
2024-06-18T02:30:23.802 INFO:teuthology.orchestra.run.smithi001.stdout:/usr/bin/ceph: stdout mon_osd_backfillfull_ratio = 0.85
2024-06-18T02:30:23.802 INFO:teuthology.orchestra.run.smithi001.stdout:/usr/bin/ceph: stdout mon_osd_full_ratio = 0.9
2024-06-18T02:30:23.802 INFO:teuthology.orchestra.run.smithi001.stdout:/usr/bin/ceph: stdout mon_osd_nearfull_ratio = 0.8
2024-06-18T02:30:23.802 INFO:teuthology.orchestra.run.smithi001.stdout:/usr/bin/ceph: stdout osd_map_max_advance = 10
2024-06-18T02:30:23.802 INFO:teuthology.orchestra.run.smithi001.stdout:/usr/bin/ceph: stdout osd_sloppy_crc = true
2024-06-18T02:30:23.802 INFO:teuthology.orchestra.run.smithi001.stdout:/usr/bin/ceph: stderr
2024-06-18T02:30:20.111+0000 7f11053e2640 1 Processor -- start
2024-06-18T02:30:23.802 INFO:teuthology.orchestra.run.smithi001.stdout:/usr/bin/ceph: stderr
2024-06-18T02:30:20.111+0000 7f11053e2640 1 -- start start
2024-06-18T02:30:23.802 INFO:teuthology.orchestra.run.smithi001.stdout:/usr/bin/ceph: stderr
2024-06-18T02:30:20.111+0000 7f11053e2640 1 --2- >> [v2:172.21.15.1:3300/0,v1:172.21.15.1:6789/0] conn(0x7f1100101d00 0x7f1100102110 unknown :-1 s=NONE pgs=0 cs=0 l=0 rev1=0 crypto rx=0 tx=0 comp rx=0 tx=0).connect
2024-06-18T02:30:23.802 INFO:teuthology.orchestra.run.smithi001.stdout:/usr/bin/ceph: stderr
2024-06-18T02:30:20.111+0000 7f11053e2640 1 -- --> [v2:172.21.15.1:3300/0,v1:172.21.15.1:6789/0] -- mon_getmap magic: 0 v1 -- 0x7f1100102650 con 0x7f1100101d00
2024-06-18T02:30:23.802 INFO:teuthology.orchestra.run.smithi001.stdout:/usr/bin/ceph: stderr
2024-06-18T02:30:20.111+0000 7f10feffd640 1 --2- >> [v2:172.21.15.1:3300/0,v1:172.21.15.1:6789/0] conn(0x7f1100101d00 0x7f1100102110 unknown :-1 s=BANNER_CONNECTING pgs=0 cs=0 l=0 rev1=0 crypto rx=0 tx=0 comp rx=0 tx=0)._handle_peer_banner_payload supported=3 required=0
2024-06-18T02:30:23.802 INFO:teuthology.orchestra.run.smithi001.stdout:/usr/bin/ceph: stderr
2024-06-18T02:30:20.111+0000 7f10feffd640 1 --2- >> [v2:172.21.15.1:3300/0,v1:172.21.15.1:6789/0] conn(0x7f1100101d00 0x7f1100102110 unknown :-1 s=HELLO_CONNECTING pgs=0 cs=0 l=0 rev1=1 crypto rx=0 tx=0 comp rx=0 tx=0).handle_hello peer v2:172.21.15.1:3300/0 says I am v2:172.21.15.1:34902/0 (socket says 172.21.15.1:34902)
2024-06-18T02:30:23.802 INFO:teuthology.orchestra.run.smithi001.stdout:/usr/bin/ceph: stderr
2024-06-18T02:30:20.111+0000 7f10feffd640 1 -- 172.21.15.1:0/1041322059 learned_addr learned my addr 172.21.15.1:0/1041322059 (peer_addr_for_me v2:172.21.15.1:0/0)
2024-06-18T02:30:23.803 INFO:teuthology.orchestra.run.smithi001.stdout:/usr/bin/ceph: stderr
2024-06-18T02:30:20.111+0000 7f10feffd640 1 -- 172.21.15.1:0/1041322059 --> [v2:172.21.15.1:3300/0,v1:172.21.15.1:6789/0] -- mon_subscribe({config=0+,monmap=0+}) v3 -- 0x7f1100102790 con 0x7f1100101d00
2024-06-18T02:30:23.803 INFO:teuthology.orchestra.run.smithi001.stdout:/usr/bin/ceph: stderr
2024-06-18T02:30:20.112+0000 7f10feffd640 1 --2- 172.21.15.1:0/1041322059 >> [v2:172.21.15.1:3300/0,v1:172.21.15.1:6789/0] conn(0x7f1100101d00 0x7f1100102110 secure :-1 s=READY pgs=18 cs=0 l=1 rev1=1 crypto rx=0x7f10f0009840 tx=0x7f10f00091d0 comp rx=0 tx=0).ready entity=mon.0 client_cookie=ace3965a6fbd493 server_cookie=0 in_seq=0 out_seq=0
2024-06-18T02:30:23.803 INFO:teuthology.orchestra.run.smithi001.stdout:/usr/bin/ceph: stderr
2024-06-18T02:30:20.112+0000 7f10fdffb640 1 -- 172.21.15.1:0/1041322059 <== mon.0 v2:172.21.15.1:3300/0 1 ==== mon_map magic: 0 v1 ==== 229+0+0 (secure 0 0 0) 0x7f10f0032440 con 0x7f1100101d00
2024-06-18T02:30:23.803 INFO:teuthology.orchestra.run.smithi001.stdout:/usr/bin/ceph: stderr
2024-06-18T02:30:20.112+0000 7f10fdffb640 1 -- 172.21.15.1:0/1041322059 <== mon.0 v2:172.21.15.1:3300/0 2 ==== config(27 keys) v1 ==== 1044+0+0 (secure 0 0 0) 0x7f10f0032a30 con 0x7f1100101d00
2024-06-18T02:30:23.803 INFO:teuthology.orchestra.run.smithi001.stdout:/usr/bin/ceph: stderr
2024-06-18T02:30:20.112+0000 7f10fdffb640 1 -- 172.21.15.1:0/1041322059 <== mon.0 v2:172.21.15.1:3300/0 3 ==== mon_map magic: 0 v1 ==== 229+0+0 (secure 0 0 0) 0x7f10f0031ad0 con 0x7f1100101d00
2024-06-18T02:30:23.803 INFO:teuthology.orchestra.run.smithi001.stdout:/usr/bin/ceph: stderr
2024-06-18T02:30:20.113+0000 7f11053e2640 1 -- 172.21.15.1:0/1041322059 >> [v2:172.21.15.1:3300/0,v1:172.21.15.1:6789/0] conn(0x7f1100101d00 msgr2=0x7f1100102110 secure :-1 s=STATE_CONNECTION_ESTABLISHED l=1).mark_down
2024-06-18T02:30:23.803 INFO:teuthology.orchestra.run.smithi001.stdout:/usr/bin/ceph: stderr
2024-06-18T02:30:20.113+0000 7f11053e2640 1 --2- 172.21.15.1:0/1041322059 >> [v2:172.21.15.1:3300/0,v1:172.21.15.1:6789/0] conn(0x7f1100101d00 0x7f1100102110 secure :-1 s=READY pgs=18 cs=0 l=1 rev1=1 crypto rx=0x7f10f0009840 tx=0x7f10f00091d0 comp rx=0 tx=0).stop
2024-06-18T02:30:23.803 INFO:teuthology.orchestra.run.smithi001.stdout:/usr/bin/ceph: stderr
2024-06-18T02:30:20.113+0000 7f11053e2640 1 -- 172.21.15.1:0/1041322059 shutdown_connections
2024-06-18T02:30:23.803 INFO:teuthology.orchestra.run.smithi001.stdout:/usr/bin/ceph: stderr
2024-06-18T02:30:20.113+0000 7f11053e2640 1 --2- 172.21.15.1:0/1041322059 >> [v2:172.21.15.1:3300/0,v1:172.21.15.1:6789/0] conn(0x7f1100101d00 0x7f1100102110 unknown :-1 s=CLOSED pgs=18 cs=0 l=1 rev1=1 crypto rx=0 tx=0 comp rx=0 tx=0).stop
2024-06-18T02:30:23.803 INFO:teuthology.orchestra.run.smithi001.stdout:/usr/bin/ceph: stderr
2024-06-18T02:30:20.113+0000 7f11053e2640 1 -- 172.21.15.1:0/1041322059 >> 172.21.15.1:0/1041322059 conn(0x7f11000fd500 msgr2=0x7f11000ff910 unknown :-1 s=STATE_NONE l=0).mark_down
2024-06-18T02:30:23.803 INFO:teuthology.orchestra.run.smithi001.stdout:/usr/bin/ceph: stderr
2024-06-18T02:30:20.113+0000 7f11053e2640 1 -- 172.21.15.1:0/1041322059 shutdown_connections
2024-06-18T02:30:23.803 INFO:teuthology.orchestra.run.smithi001.stdout:/usr/bin/ceph: stderr
2024-06-18T02:30:20.113+0000 7f11053e2640 1 -- 172.21.15.1:0/1041322059 wait complete.
2024-06-18T02:30:23.803 INFO:teuthology.orchestra.run.smithi001.stdout:/usr/bin/ceph: stderr
2024-06-18T02:30:20.114+0000 7f11053e2640 1 Processor -- start
2024-06-18T02:30:23.804 INFO:teuthology.orchestra.run.smithi001.stdout:/usr/bin/ceph: stderr
2024-06-18T02:30:20.114+0000 7f11053e2640 1 -- start start
2024-06-18T02:30:23.804 INFO:teuthology.orchestra.run.smithi001.stdout:/usr/bin/ceph: stderr
2024-06-18T02:30:20.114+0000 7f11053e2640 1 --2- >> [v2:172.21.15.1:3300/0,v1:172.21.15.1:6789/0] conn(0x7f1100101d00 0x7f1100110ea0 unknown :-1 s=NONE pgs=0 cs=0 l=1 rev1=0 crypto rx=0 tx=0 comp rx=0 tx=0).connect
2024-06-18T02:30:23.804 INFO:teuthology.orchestra.run.smithi001.stdout:/usr/bin/ceph: stderr
2024-06-18T02:30:20.114+0000 7f11053e2640 1 -- --> [v2:172.21.15.1:3300/0,v1:172.21.15.1:6789/0] -- mon_getmap magic: 0 v1 -- 0x7f11001113e0 con 0x7f1100101d00
2024-06-18T02:30:23.804 INFO:teuthology.orchestra.run.smithi001.stdout:/usr/bin/ceph: stderr
2024-06-18T02:30:20.114+0000 7f10feffd640 1 --2- >> [v2:172.21.15.1:3300/0,v1:172.21.15.1:6789/0] conn(0x7f1100101d00 0x7f1100110ea0 unknown :-1 s=BANNER_CONNECTING pgs=0 cs=0 l=1 rev1=0 crypto rx=0 tx=0 comp rx=0 tx=0)._handle_peer_banner_payload supported=3 required=0
2024-06-18T02:30:23.804 INFO:teuthology.orchestra.run.smithi001.stdout:/usr/bin/ceph: stderr
2024-06-18T02:30:20.114+0000 7f10feffd640 1 --2- >> [v2:172.21.15.1:3300/0,v1:172.21.15.1:6789/0] conn(0x7f1100101d00 0x7f1100110ea0 unknown :-1 s=HELLO_CONNECTING pgs=0 cs=0 l=1 rev1=1 crypto rx=0 tx=0 comp rx=0 tx=0).handle_hello peer v2:172.21.15.1:3300/0 says I am v2:172.21.15.1:34914/0 (socket says 172.21.15.1:34914)
2024-06-18T02:30:23.804 INFO:teuthology.orchestra.run.smithi001.stdout:/usr/bin/ceph: stderr
2024-06-18T02:30:20.114+0000 7f10feffd640 1 -- 172.21.15.1:0/1214209948 learned_addr learned my addr 172.21.15.1:0/1214209948 (peer_addr_for_me v2:172.21.15.1:0/0)
2024-06-18T02:30:23.804 INFO:teuthology.orchestra.run.smithi001.stdout:/usr/bin/ceph: stderr
2024-06-18T02:30:20.114+0000 7f10feffd640 1 -- 172.21.15.1:0/1214209948 --> [v2:172.21.15.1:3300/0,v1:172.21.15.1:6789/0] -- mon_subscribe({config=0+,monmap=0+}) v3 -- 0x7f10f0009450 con 0x7f1100101d00
2024-06-18T02:30:23.804 INFO:teuthology.orchestra.run.smithi001.stdout:/usr/bin/ceph: stderr
2024-06-18T02:30:20.115+0000 7f10feffd640 1 --2- 172.21.15.1:0/1214209948 >> [v2:172.21.15.1:3300/0,v1:172.21.15.1:6789/0] conn(0x7f1100101d00 0x7f1100110ea0 secure :-1 s=READY pgs=19 cs=0 l=1 rev1=1 crypto rx=0x7f10f00317b0 tx=0x7f10f0008040 comp rx=0 tx=0).ready entity=mon.0 client_cookie=0 server_cookie=0 in_seq=0 out_seq=0
2024-06-18T02:30:23.804 INFO:teuthology.orchestra.run.smithi001.stdout:/usr/bin/ceph: stderr
2024-06-18T02:30:20.115+0000 7f10e77fe640 1 -- 172.21.15.1:0/1214209948 <== mon.0 v2:172.21.15.1:3300/0 1 ==== mon_map magic: 0 v1 ==== 229+0+0 (secure 0 0 0) 0x7f10f0031e90 con 0x7f1100101d00
2024-06-18T02:30:23.804 INFO:teuthology.orchestra.run.smithi001.stdout:/usr/bin/ceph: stderr
2024-06-18T02:30:20.115+0000 7f11053e2640 1 -- 172.21.15.1:0/1214209948 --> [v2:172.21.15.1:3300/0,v1:172.21.15.1:6789/0] -- mon_subscribe({mgrmap=0+}) v3 -- 0x7f11001115e0 con 0x7f1100101d00
2024-06-18T02:30:23.804 INFO:teuthology.orchestra.run.smithi001.stdout:/usr/bin/ceph: stderr
2024-06-18T02:30:20.115+0000 7f10e77fe640 1 -- 172.21.15.1:0/1214209948 <== mon.0 v2:172.21.15.1:3300/0 2 ==== config(27 keys) v1 ==== 1044+0+0 (secure 0 0 0) 0x7f10f003daf0 con 0x7f1100101d00
2024-06-18T02:30:23.804 INFO:teuthology.orchestra.run.smithi001.stdout:/usr/bin/ceph: stderr
2024-06-18T02:30:20.115+0000 7f10e77fe640 1 -- 172.21.15.1:0/1214209948 <== mon.0 v2:172.21.15.1:3300/0 3 ==== mon_map magic: 0 v1 ==== 229+0+0 (secure 0 0 0) 0x7f10f003baa0 con 0x7f1100101d00
2024-06-18T02:30:23.805 INFO:teuthology.orchestra.run.smithi001.stdout:/usr/bin/ceph: stderr
2024-06-18T02:30:20.115+0000 7f11053e2640 1 -- 172.21.15.1:0/1214209948 --> [v2:172.21.15.1:3300/0,v1:172.21.15.1:6789/0] -- mon_subscribe({osdmap=0}) v3 -- 0x7f1100111fe0 con 0x7f1100101d00
2024-06-18T02:30:23.805 INFO:teuthology.orchestra.run.smithi001.stdout:/usr/bin/ceph: stderr
2024-06-18T02:30:20.116+0000 7f10e77fe640 1 -- 172.21.15.1:0/1214209948 <== mon.0 v2:172.21.15.1:3300/0 4 ==== mgrmap(e 4) v1 ==== 41935+0+0 (secure 0 0 0) 0x7f10f0039070 con 0x7f1100101d00
2024-06-18T02:30:23.805 INFO:teuthology.orchestra.run.smithi001.stdout:/usr/bin/ceph: stderr
2024-06-18T02:30:20.116+0000 7f10e77fe640 1 --2- 172.21.15.1:0/1214209948 >> [v2:172.21.15.1:6800/752464819,v1:172.21.15.1:6801/752464819] conn(0x7f10e80347c0 0x7f10e8036c70 unknown :-1 s=NONE pgs=0 cs=0 l=1 rev1=0 crypto rx=0 tx=0 comp rx=0 tx=0).connect
2024-06-18T02:30:23.805 INFO:teuthology.orchestra.run.smithi001.stdout:/usr/bin/ceph: stderr
2024-06-18T02:30:20.116+0000 7f10e77fe640 1 -- 172.21.15.1:0/1214209948 <== mon.0 v2:172.21.15.1:3300/0 5 ==== osd_map(1..1 src has 1..1) v4 ==== 721+0+0 (secure 0 0 0) 0x7f10f0067600 con 0x7f1100101d00
2024-06-18T02:30:23.805 INFO:teuthology.orchestra.run.smithi001.stdout:/usr/bin/ceph: stderr
2024-06-18T02:30:20.116+0000 7f10fe7fc640 1 --2- 172.21.15.1:0/1214209948 >> [v2:172.21.15.1:6800/752464819,v1:172.21.15.1:6801/752464819] conn(0x7f10e80347c0 0x7f10e8036c70 unknown :-1 s=BANNER_CONNECTING pgs=0 cs=0 l=1 rev1=0 crypto rx=0 tx=0 comp rx=0 tx=0)._handle_peer_banner_payload supported=3 required=0
2024-06-18T02:30:23.805 INFO:teuthology.orchestra.run.smithi001.stdout:/usr/bin/ceph: stderr
2024-06-18T02:30:20.116+0000 7f11053e2640 1 -- 172.21.15.1:0/1214209948 --> [v2:172.21.15.1:3300/0,v1:172.21.15.1:6789/0] -- mon_command({"prefix": "get_command_descriptions"} v 0) v1 -- 0x7f110005ead0 con 0x7f1100101d00
2024-06-18T02:30:23.805 INFO:teuthology.orchestra.run.smithi001.stdout:/usr/bin/ceph: stderr
2024-06-18T02:30:20.116+0000 7f10fe7fc640 1 --2- 172.21.15.1:0/1214209948 >> [v2:172.21.15.1:6800/752464819,v1:172.21.15.1:6801/752464819] conn(0x7f10e80347c0 0x7f10e8036c70 secure :-1 s=READY pgs=7 cs=0 l=1 rev1=1 crypto rx=0x7f10f4006fd0 tx=0x7f10f4006db0 comp rx=0 tx=0).ready entity=mgr.14100 client_cookie=0 server_cookie=0 in_seq=0 out_seq=0
2024-06-18T02:30:23.805 INFO:teuthology.orchestra.run.smithi001.stdout:/usr/bin/ceph: stderr
2024-06-18T02:30:20.121+0000 7f10e77fe640 1 -- 172.21.15.1:0/1214209948 <== mon.0 v2:172.21.15.1:3300/0 6 ==== mon_command_ack([{"prefix": "get_command_descriptions"}]=0 v0) v1 ==== 72+0+175578 (secure 0 0 0) 0x7f10f0041020 con 0x7f1100101d00
2024-06-18T02:30:23.805 INFO:teuthology.orchestra.run.smithi001.stdout:/usr/bin/ceph: stderr
2024-06-18T02:30:20.295+0000 7f11053e2640 1 -- 172.21.15.1:0/1214209948 --> [v2:172.21.15.1:3300/0,v1:172.21.15.1:6789/0] -- mon_command({"prefix": "config assimilate-conf"} v 0) v1 -- 0x7f1100063ec0 con 0x7f1100101d00
2024-06-18T02:30:23.805 INFO:teuthology.orchestra.run.smithi001.stdout:/usr/bin/ceph: stderr
2024-06-18T02:30:20.295+0000 7f10e77fe640 1 -- 172.21.15.1:0/1214209948 <== mon.0 v2:172.21.15.1:3300/0 7 ==== mon_command_ack([{"prefix": "config assimilate-conf"}]=0 v3) v1 ==== 70+0+373 (secure 0 0 0) 0x7f10f0037070 con 0x7f1100101d00
2024-06-18T02:30:23.805 INFO:teuthology.orchestra.run.smithi001.stdout:/usr/bin/ceph: stderr
2024-06-18T02:30:20.297+0000 7f11053e2640 1 -- 172.21.15.1:0/1214209948 >> [v2:172.21.15.1:6800/752464819,v1:172.21.15.1:6801/752464819] conn(0x7f10e80347c0 msgr2=0x7f10e8036c70 secure :-1 s=STATE_CONNECTION_ESTABLISHED l=1).mark_down
2024-06-18T02:30:23.805 INFO:teuthology.orchestra.run.smithi001.stdout:/usr/bin/ceph: stderr
2024-06-18T02:30:20.297+0000 7f11053e2640 1 --2- 172.21.15.1:0/1214209948 >> [v2:172.21.15.1:6800/752464819,v1:172.21.15.1:6801/752464819] conn(0x7f10e80347c0 0x7f10e8036c70 secure :-1 s=READY pgs=7 cs=0 l=1 rev1=1 crypto rx=0x7f10f4006fd0 tx=0x7f10f4006db0 comp rx=0 tx=0).stop
2024-06-18T02:30:23.805 INFO:teuthology.orchestra.run.smithi001.stdout:/usr/bin/ceph: stderr
2024-06-18T02:30:20.297+0000 7f11053e2640 1 -- 172.21.15.1:0/1214209948 >> [v2:172.21.15.1:3300/0,v1:172.21.15.1:6789/0] conn(0x7f1100101d00 msgr2=0x7f1100110ea0 secure :-1 s=STATE_CONNECTION_ESTABLISHED l=1).mark_down
2024-06-18T02:30:23.806 INFO:teuthology.orchestra.run.smithi001.stdout:/usr/bin/ceph: stderr
2024-06-18T02:30:20.297+0000 7f11053e2640 1 --2- 172.21.15.1:0/1214209948 >> [v2:172.21.15.1:3300/0,v1:172.21.15.1:6789/0] conn(0x7f1100101d00 0x7f1100110ea0 secure :-1 s=READY pgs=19 cs=0 l=1 rev1=1 crypto rx=0x7f10f00317b0 tx=0x7f10f0008040 comp rx=0 tx=0).stop
2024-06-18T02:30:23.806 INFO:teuthology.orchestra.run.smithi001.stdout:/usr/bin/ceph: stderr
2024-06-18T02:30:20.297+0000 7f11053e2640 1 -- 172.21.15.1:0/1214209948 shutdown_connections
2024-06-18T02:30:23.806 INFO:teuthology.orchestra.run.smithi001.stdout:/usr/bin/ceph: stderr
2024-06-18T02:30:20.297+0000 7f11053e2640 1 --2- 172.21.15.1:0/1214209948 >> [v2:172.21.15.1:6800/752464819,v1:172.21.15.1:6801/752464819] conn(0x7f10e80347c0 0x7f10e8036c70 unknown :-1 s=CLOSED pgs=7 cs=0 l=1 rev1=1 crypto rx=0 tx=0 comp rx=0 tx=0).stop
2024-06-18T02:30:23.806 INFO:teuthology.orchestra.run.smithi001.stdout:/usr/bin/ceph: stderr
2024-06-18T02:30:20.297+0000 7f11053e2640 1 --2- 172.21.15.1:0/1214209948 >> [v2:172.21.15.1:3300/0,v1:172.21.15.1:6789/0] conn(0x7f1100101d00 0x7f1100110ea0 unknown :-1 s=CLOSED pgs=19 cs=0 l=1 rev1=1 crypto rx=0 tx=0 comp rx=0 tx=0).stop
2024-06-18T02:30:23.806 INFO:teuthology.orchestra.run.smithi001.stdout:/usr/bin/ceph: stderr
2024-06-18T02:30:20.297+0000 7f11053e2640 1 -- 172.21.15.1:0/1214209948 >> 172.21.15.1:0/1214209948 conn(0x7f11000fd500 msgr2=0x7f11000fe200 unknown :-1 s=STATE_NONE l=0).mark_down
2024-06-18T02:30:23.806 INFO:teuthology.orchestra.run.smithi001.stdout:/usr/bin/ceph: stderr
2024-06-18T02:30:20.297+0000 7f11053e2640 1 -- 172.21.15.1:0/1214209948 shutdown_connections
2024-06-18T02:30:23.806 INFO:teuthology.orchestra.run.smithi001.stdout:/usr/bin/ceph: stderr
2024-06-18T02:30:20.297+0000 7f11053e2640 1 -- 172.21.15.1:0/1214209948 wait complete.
2024-06-18T02:30:23.806 INFO:teuthology.orchestra.run.smithi001.stdout:Enabling cephadm module...
2024-06-18T02:30:24.787 INFO:journalctl@ceph.mon.smithi001.smithi001.stdout:Jun 18 02:30:24 smithi001 ceph-mon[29099]: from='client.? 172.21.15.1:0/3107266376' entity='client.admin' cmd=[{"prefix": "mgr module enable", "module": "cephadm"}]: dispatch
2024-06-18T02:30:25.096 INFO:teuthology.orchestra.run.smithi001.stdout:/usr/bin/ceph: stderr
2024-06-18T02:30:24.231+0000 7fe56635c640 1 Processor -- start
2024-06-18T02:30:25.096 INFO:teuthology.orchestra.run.smithi001.stdout:/usr/bin/ceph: stderr
2024-06-18T02:30:24.231+0000 7fe56635c640 1 -- start start
2024-06-18T02:30:25.097 INFO:teuthology.orchestra.run.smithi001.stdout:/usr/bin/ceph: stderr
2024-06-18T02:30:24.231+0000 7fe56635c640 1 --2- >> [v2:172.21.15.1:3300/0,v1:172.21.15.1:6789/0] conn(0x7fe560101c80 0x7fe560102090 unknown :-1 s=NONE pgs=0 cs=0 l=0 rev1=0 crypto rx=0 tx=0 comp rx=0 tx=0).connect
2024-06-18T02:30:25.097 INFO:teuthology.orchestra.run.smithi001.stdout:/usr/bin/ceph: stderr
2024-06-18T02:30:24.231+0000 7fe56635c640 1 -- --> [v2:172.21.15.1:3300/0,v1:172.21.15.1:6789/0] -- mon_getmap magic: 0 v1 -- 0x7fe5601025d0 con 0x7fe560101c80
2024-06-18T02:30:25.097 INFO:teuthology.orchestra.run.smithi001.stdout:/usr/bin/ceph: stderr
2024-06-18T02:30:24.232+0000 7fe55ffff640 1 --2- >> [v2:172.21.15.1:3300/0,v1:172.21.15.1:6789/0] conn(0x7fe560101c80 0x7fe560102090 unknown :-1 s=BANNER_CONNECTING pgs=0 cs=0 l=0 rev1=0 crypto rx=0 tx=0 comp rx=0 tx=0)._handle_peer_banner_payload supported=3 required=0
2024-06-18T02:30:25.097 INFO:teuthology.orchestra.run.smithi001.stdout:/usr/bin/ceph: stderr
2024-06-18T02:30:24.232+0000 7fe55ffff640 1 --2- >> [v2:172.21.15.1:3300/0,v1:172.21.15.1:6789/0] conn(0x7fe560101c80 0x7fe560102090 unknown :-1 s=HELLO_CONNECTING pgs=0 cs=0 l=0 rev1=1 crypto rx=0 tx=0 comp rx=0 tx=0).handle_hello peer v2:172.21.15.1:3300/0 says I am v2:172.21.15.1:43342/0 (socket says 172.21.15.1:43342)
2024-06-18T02:30:25.097 INFO:teuthology.orchestra.run.smithi001.stdout:/usr/bin/ceph: stderr
2024-06-18T02:30:24.232+0000 7fe55ffff640 1 -- 172.21.15.1:0/2499016384 learned_addr learned my addr 172.21.15.1:0/2499016384 (peer_addr_for_me v2:172.21.15.1:0/0)
2024-06-18T02:30:25.097 INFO:teuthology.orchestra.run.smithi001.stdout:/usr/bin/ceph: stderr
2024-06-18T02:30:24.232+0000 7fe55ffff640 1 -- 172.21.15.1:0/2499016384 --> [v2:172.21.15.1:3300/0,v1:172.21.15.1:6789/0] -- mon_subscribe({config=0+,monmap=0+}) v3 -- 0x7fe560102710 con 0x7fe560101c80
2024-06-18T02:30:25.097 INFO:teuthology.orchestra.run.smithi001.stdout:/usr/bin/ceph: stderr
2024-06-18T02:30:24.233+0000 7fe55ffff640 1 --2- 172.21.15.1:0/2499016384 >> [v2:172.21.15.1:3300/0,v1:172.21.15.1:6789/0] conn(0x7fe560101c80 0x7fe560102090 secure :-1 s=READY pgs=20 cs=0 l=1 rev1=1 crypto rx=0x7fe550009840 tx=0x7fe5500091d0 comp rx=0 tx=0).ready entity=mon.0 client_cookie=9a71702f31352632 server_cookie=0 in_seq=0 out_seq=0
2024-06-18T02:30:25.097 INFO:teuthology.orchestra.run.smithi001.stdout:/usr/bin/ceph: stderr
2024-06-18T02:30:24.233+0000 7fe55effd640 1 -- 172.21.15.1:0/2499016384 <== mon.0 v2:172.21.15.1:3300/0 1 ==== mon_map magic: 0 v1 ==== 229+0+0 (secure 0 0 0) 0x7fe550032440 con 0x7fe560101c80
2024-06-18T02:30:25.097 INFO:teuthology.orchestra.run.smithi001.stdout:/usr/bin/ceph: stderr
2024-06-18T02:30:24.233+0000 7fe55effd640 1 -- 172.21.15.1:0/2499016384 <== mon.0 v2:172.21.15.1:3300/0 2 ==== config(27 keys) v1 ==== 1044+0+0 (secure 0 0 0) 0x7fe550032a30 con 0x7fe560101c80
2024-06-18T02:30:25.097 INFO:teuthology.orchestra.run.smithi001.stdout:/usr/bin/ceph: stderr
2024-06-18T02:30:24.233+0000 7fe55effd640 1 -- 172.21.15.1:0/2499016384 <== mon.0 v2:172.21.15.1:3300/0 3 ==== mon_map magic: 0 v1 ==== 229+0+0 (secure 0 0 0) 0x7fe550031ad0 con 0x7fe560101c80
2024-06-18T02:30:25.097 INFO:teuthology.orchestra.run.smithi001.stdout:/usr/bin/ceph: stderr
2024-06-18T02:30:24.234+0000 7fe56635c640 1 -- 172.21.15.1:0/2499016384 >> [v2:172.21.15.1:3300/0,v1:172.21.15.1:6789/0] conn(0x7fe560101c80 msgr2=0x7fe560102090 secure :-1 s=STATE_CONNECTION_ESTABLISHED l=1).mark_down
2024-06-18T02:30:25.097 INFO:teuthology.orchestra.run.smithi001.stdout:/usr/bin/ceph: stderr
2024-06-18T02:30:24.234+0000 7fe56635c640 1 --2- 172.21.15.1:0/2499016384 >> [v2:172.21.15.1:3300/0,v1:172.21.15.1:6789/0] conn(0x7fe560101c80 0x7fe560102090 secure :-1 s=READY pgs=20 cs=0 l=1 rev1=1 crypto rx=0x7fe550009840 tx=0x7fe5500091d0 comp rx=0 tx=0).stop
2024-06-18T02:30:25.097 INFO:teuthology.orchestra.run.smithi001.stdout:/usr/bin/ceph: stderr
2024-06-18T02:30:24.234+0000 7fe56635c640 1 -- 172.21.15.1:0/2499016384 shutdown_connections
2024-06-18T02:30:25.098 INFO:teuthology.orchestra.run.smithi001.stdout:/usr/bin/ceph: stderr
2024-06-18T02:30:24.234+0000 7fe56635c640 1 --2- 172.21.15.1:0/2499016384 >> [v2:172.21.15.1:3300/0,v1:172.21.15.1:6789/0] conn(0x7fe560101c80 0x7fe560102090 unknown :-1 s=CLOSED pgs=20 cs=0 l=1 rev1=1 crypto rx=0 tx=0 comp rx=0 tx=0).stop
2024-06-18T02:30:25.098 INFO:teuthology.orchestra.run.smithi001.stdout:/usr/bin/ceph: stderr
2024-06-18T02:30:24.234+0000 7fe56635c640 1 -- 172.21.15.1:0/2499016384 >> 172.21.15.1:0/2499016384 conn(0x7fe5600fd440 msgr2=0x7fe5600ff870 unknown :-1 s=STATE_NONE l=0).mark_down
2024-06-18T02:30:25.098 INFO:teuthology.orchestra.run.smithi001.stdout:/usr/bin/ceph: stderr
2024-06-18T02:30:24.234+0000 7fe56635c640 1 -- 172.21.15.1:0/2499016384 shutdown_connections
2024-06-18T02:30:25.098 INFO:teuthology.orchestra.run.smithi001.stdout:/usr/bin/ceph: stderr
2024-06-18T02:30:24.234+0000 7fe56635c640 1 -- 172.21.15.1:0/2499016384 wait complete.
2024-06-18T02:30:25.098 INFO:teuthology.orchestra.run.smithi001.stdout:/usr/bin/ceph: stderr
2024-06-18T02:30:24.234+0000 7fe56635c640 1 Processor -- start
2024-06-18T02:30:25.098 INFO:teuthology.orchestra.run.smithi001.stdout:/usr/bin/ceph: stderr
2024-06-18T02:30:24.234+0000 7fe56635c640 1 -- start start
2024-06-18T02:30:25.098 INFO:teuthology.orchestra.run.smithi001.stdout:/usr/bin/ceph: stderr
2024-06-18T02:30:24.235+0000 7fe56635c640 1 --2- >> [v2:172.21.15.1:3300/0,v1:172.21.15.1:6789/0] conn(0x7fe560101c80 0x7fe560110aa0 unknown :-1 s=NONE pgs=0 cs=0 l=1 rev1=0 crypto rx=0 tx=0 comp rx=0 tx=0).connect
2024-06-18T02:30:25.098 INFO:teuthology.orchestra.run.smithi001.stdout:/usr/bin/ceph: stderr
2024-06-18T02:30:24.235+0000 7fe56635c640 1 -- --> [v2:172.21.15.1:3300/0,v1:172.21.15.1:6789/0] -- mon_getmap magic: 0 v1 -- 0x7fe560110fe0 con 0x7fe560101c80
2024-06-18T02:30:25.098 INFO:teuthology.orchestra.run.smithi001.stdout:/usr/bin/ceph: stderr
2024-06-18T02:30:24.235+0000 7fe55ffff640 1 --2- >> [v2:172.21.15.1:3300/0,v1:172.21.15.1:6789/0] conn(0x7fe560101c80 0x7fe560110aa0 unknown :-1 s=BANNER_CONNECTING pgs=0 cs=0 l=1 rev1=0 crypto rx=0 tx=0 comp rx=0 tx=0)._handle_peer_banner_payload supported=3 required=0
2024-06-18T02:30:25.098 INFO:teuthology.orchestra.run.smithi001.stdout:/usr/bin/ceph: stderr
2024-06-18T02:30:24.235+0000 7fe55ffff640 1 --2- >> [v2:172.21.15.1:3300/0,v1:172.21.15.1:6789/0] conn(0x7fe560101c80 0x7fe560110aa0 unknown :-1 s=HELLO_CONNECTING pgs=0 cs=0 l=1 rev1=1 crypto rx=0 tx=0 comp rx=0 tx=0).handle_hello peer v2:172.21.15.1:3300/0 says I am v2:172.21.15.1:43352/0 (socket says 172.21.15.1:43352)
2024-06-18T02:30:25.098 INFO:teuthology.orchestra.run.smithi001.stdout:/usr/bin/ceph: stderr
2024-06-18T02:30:24.235+0000 7fe55ffff640 1 -- 172.21.15.1:0/3107266376 learned_addr learned my addr 172.21.15.1:0/3107266376 (peer_addr_for_me v2:172.21.15.1:0/0)
2024-06-18T02:30:25.098 INFO:teuthology.orchestra.run.smithi001.stdout:/usr/bin/ceph: stderr
2024-06-18T02:30:24.235+0000 7fe55ffff640 1 -- 172.21.15.1:0/3107266376 --> [v2:172.21.15.1:3300/0,v1:172.21.15.1:6789/0] -- mon_subscribe({config=0+,monmap=0+}) v3 -- 0x7fe550009450 con 0x7fe560101c80
2024-06-18T02:30:25.098 INFO:teuthology.orchestra.run.smithi001.stdout:/usr/bin/ceph: stderr
2024-06-18T02:30:24.235+0000 7fe55ffff640 1 --2- 172.21.15.1:0/3107266376 >> [v2:172.21.15.1:3300/0,v1:172.21.15.1:6789/0] conn(0x7fe560101c80 0x7fe560110aa0 secure :-1 s=READY pgs=21 cs=0 l=1 rev1=1 crypto rx=0x7fe550009420 tx=0x7fe550008040 comp rx=0 tx=0).ready entity=mon.0 client_cookie=0 server_cookie=0 in_seq=0 out_seq=0
2024-06-18T02:30:25.099 INFO:teuthology.orchestra.run.smithi001.stdout:/usr/bin/ceph: stderr
2024-06-18T02:30:24.235+0000 7fe55cff9640 1 -- 172.21.15.1:0/3107266376 <== mon.0 v2:172.21.15.1:3300/0 1 ==== mon_map magic: 0 v1 ==== 229+0+0 (secure 0 0 0) 0x7fe55003d5b0 con 0x7fe560101c80
2024-06-18T02:30:25.099 INFO:teuthology.orchestra.run.smithi001.stdout:/usr/bin/ceph: stderr
2024-06-18T02:30:24.235+0000 7fe55cff9640 1 -- 172.21.15.1:0/3107266376 <== mon.0 v2:172.21.15.1:3300/0 2 ==== config(27 keys) v1 ==== 1044+0+0 (secure 0 0 0) 0x7fe55003dba0 con 0x7fe560101c80
2024-06-18T02:30:25.099 INFO:teuthology.orchestra.run.smithi001.stdout:/usr/bin/ceph: stderr
2024-06-18T02:30:24.235+0000 7fe55cff9640 1 -- 172.21.15.1:0/3107266376 <== mon.0 v2:172.21.15.1:3300/0 3 ==== mon_map magic: 0 v1 ==== 229+0+0 (secure 0 0 0) 0x7fe55003bb40 con 0x7fe560101c80
2024-06-18T02:30:25.099 INFO:teuthology.orchestra.run.smithi001.stdout:/usr/bin/ceph: stderr
2024-06-18T02:30:24.235+0000 7fe56635c640 1 -- 172.21.15.1:0/3107266376 --> [v2:172.21.15.1:3300/0,v1:172.21.15.1:6789/0] -- mon_subscribe({mgrmap=0+}) v3 -- 0x7fe5601111e0 con 0x7fe560101c80
2024-06-18T02:30:25.099 INFO:teuthology.orchestra.run.smithi001.stdout:/usr/bin/ceph: stderr
2024-06-18T02:30:24.236+0000 7fe56635c640 1 -- 172.21.15.1:0/3107266376 --> [v2:172.21.15.1:3300/0,v1:172.21.15.1:6789/0] -- mon_subscribe({osdmap=0}) v3 -- 0x7fe560111650 con 0x7fe560101c80
2024-06-18T02:30:25.099 INFO:teuthology.orchestra.run.smithi001.stdout:/usr/bin/ceph: stderr
2024-06-18T02:30:24.236+0000 7fe55cff9640 1 -- 172.21.15.1:0/3107266376 <== mon.0 v2:172.21.15.1:3300/0 4 ==== mgrmap(e 4) v1 ==== 41935+0+0 (secure 0 0 0) 0x7fe550039070 con 0x7fe560101c80
2024-06-18T02:30:25.099 INFO:teuthology.orchestra.run.smithi001.stdout:/usr/bin/ceph: stderr
2024-06-18T02:30:24.237+0000 7fe55cff9640 1 --2- 172.21.15.1:0/3107266376 >> [v2:172.21.15.1:6800/752464819,v1:172.21.15.1:6801/752464819] conn(0x7fe5480347c0 0x7fe548036c70 unknown :-1 s=NONE pgs=0 cs=0 l=1 rev1=0 crypto rx=0 tx=0 comp rx=0 tx=0).connect
2024-06-18T02:30:25.099 INFO:teuthology.orchestra.run.smithi001.stdout:/usr/bin/ceph: stderr
2024-06-18T02:30:24.237+0000 7fe55cff9640 1 -- 172.21.15.1:0/3107266376 <== mon.0 v2:172.21.15.1:3300/0 5 ==== osd_map(1..1 src has 1..1) v4 ==== 721+0+0 (secure 0 0 0) 0x7fe5500673c0 con 0x7fe560101c80
2024-06-18T02:30:25.099 INFO:teuthology.orchestra.run.smithi001.stdout:/usr/bin/ceph: stderr
2024-06-18T02:30:24.237+0000 7fe55f7fe640 1 --2- 172.21.15.1:0/3107266376 >> [v2:172.21.15.1:6800/752464819,v1:172.21.15.1:6801/752464819] conn(0x7fe5480347c0 0x7fe548036c70 unknown :-1 s=BANNER_CONNECTING pgs=0 cs=0 l=1 rev1=0 crypto rx=0 tx=0 comp rx=0 tx=0)._handle_peer_banner_payload supported=3 required=0
2024-06-18T02:30:25.099 INFO:teuthology.orchestra.run.smithi001.stdout:/usr/bin/ceph: stderr
2024-06-18T02:30:24.237+0000 7fe56635c640 1 -- 172.21.15.1:0/3107266376 --> [v2:172.21.15.1:3300/0,v1:172.21.15.1:6789/0] -- mon_command({"prefix": "get_command_descriptions"} v 0) v1 -- 0x7fe56005ead0 con 0x7fe560101c80
2024-06-18T02:30:25.099 INFO:teuthology.orchestra.run.smithi001.stdout:/usr/bin/ceph: stderr
2024-06-18T02:30:24.237+0000 7fe55f7fe640 1 --2- 172.21.15.1:0/3107266376 >> [v2:172.21.15.1:6800/752464819,v1:172.21.15.1:6801/752464819] conn(0x7fe5480347c0 0x7fe548036c70 secure :-1 s=READY pgs=8 cs=0 l=1 rev1=1 crypto rx=0x7fe554006fd0 tx=0x7fe554006db0 comp rx=0 tx=0).ready entity=mgr.14100 client_cookie=0 server_cookie=0 in_seq=0 out_seq=0
2024-06-18T02:30:25.099 INFO:teuthology.orchestra.run.smithi001.stdout:/usr/bin/ceph: stderr
2024-06-18T02:30:24.242+0000 7fe55cff9640 1 -- 172.21.15.1:0/3107266376 <== mon.0 v2:172.21.15.1:3300/0 6 ==== mon_command_ack([{"prefix": "get_command_descriptions"}]=0 v0) v1 ==== 72+0+175578 (secure 0 0 0) 0x7fe550037020 con 0x7fe560101c80
2024-06-18T02:30:25.099 INFO:teuthology.orchestra.run.smithi001.stdout:/usr/bin/ceph: stderr
2024-06-18T02:30:24.461+0000 7fe56635c640 1 -- 172.21.15.1:0/3107266376 --> [v2:172.21.15.1:3300/0,v1:172.21.15.1:6789/0] -- mon_command({"prefix": "mgr module enable", "module": "cephadm"} v 0) v1 -- 0x7fe56004b480 con 0x7fe560101c80
2024-06-18T02:30:25.100 INFO:teuthology.orchestra.run.smithi001.stdout:/usr/bin/ceph: stderr
2024-06-18T02:30:24.514+0000 7fe55cff9640 1 -- 172.21.15.1:0/3107266376 <== mon.0 v2:172.21.15.1:3300/0 7 ==== mgrmap(e 5) v1 ==== 41946+0+0 (secure 0 0 0) 0x7fe550066220 con 0x7fe560101c80
2024-06-18T02:30:25.100 INFO:teuthology.orchestra.run.smithi001.stdout:/usr/bin/ceph: stderr
2024-06-18T02:30:24.515+0000 7fe55cff9640 1 -- 172.21.15.1:0/3107266376 <== mon.0 v2:172.21.15.1:3300/0 8 ==== mon_command_ack([{"prefix": "mgr module enable", "module": "cephadm"}]=0 v5) v1 ==== 86+0+0 (secure 0 0 0) 0x7fe5500457c0 con 0x7fe560101c80
2024-06-18T02:30:25.100 INFO:teuthology.orchestra.run.smithi001.stdout:/usr/bin/ceph: stderr
2024-06-18T02:30:24.518+0000 7fe56635c640 1 -- 172.21.15.1:0/3107266376 >> [v2:172.21.15.1:6800/752464819,v1:172.21.15.1:6801/752464819] conn(0x7fe5480347c0 msgr2=0x7fe548036c70 secure :-1 s=STATE_CONNECTION_ESTABLISHED l=1).mark_down
2024-06-18T02:30:25.100 INFO:teuthology.orchestra.run.smithi001.stdout:/usr/bin/ceph: stderr
2024-06-18T02:30:24.518+0000 7fe56635c640 1 --2- 172.21.15.1:0/3107266376 >> [v2:172.21.15.1:6800/752464819,v1:172.21.15.1:6801/752464819] conn(0x7fe5480347c0 0x7fe548036c70 secure :-1 s=READY pgs=8 cs=0 l=1 rev1=1 crypto rx=0x7fe554006fd0 tx=0x7fe554006db0 comp rx=0 tx=0).stop
2024-06-18T02:30:25.100 INFO:teuthology.orchestra.run.smithi001.stdout:/usr/bin/ceph: stderr
2024-06-18T02:30:24.518+0000 7fe56635c640 1 -- 172.21.15.1:0/3107266376 >> [v2:172.21.15.1:3300/0,v1:172.21.15.1:6789/0] conn(0x7fe560101c80 msgr2=0x7fe560110aa0 secure :-1 s=STATE_CONNECTION_ESTABLISHED l=1).mark_down
2024-06-18T02:30:25.100 INFO:teuthology.orchestra.run.smithi001.stdout:/usr/bin/ceph: stderr
2024-06-18T02:30:24.518+0000 7fe56635c640 1 --2- 172.21.15.1:0/3107266376 >> [v2:172.21.15.1:3300/0,v1:172.21.15.1:6789/0] conn(0x7fe560101c80 0x7fe560110aa0 secure :-1 s=READY pgs=21 cs=0 l=1 rev1=1 crypto rx=0x7fe550009420 tx=0x7fe550008040 comp rx=0 tx=0).stop
2024-06-18T02:30:25.100 INFO:teuthology.orchestra.run.smithi001.stdout:/usr/bin/ceph: stderr
2024-06-18T02:30:24.518+0000 7fe56635c640 1 -- 172.21.15.1:0/3107266376 shutdown_connections
2024-06-18T02:30:25.100 INFO:teuthology.orchestra.run.smithi001.stdout:/usr/bin/ceph: stderr
2024-06-18T02:30:24.518+0000 7fe56635c640 1 --2- 172.21.15.1:0/3107266376 >> [v2:172.21.15.1:6800/752464819,v1:172.21.15.1:6801/752464819] conn(0x7fe5480347c0 0x7fe548036c70 unknown :-1 s=CLOSED pgs=8 cs=0 l=1 rev1=1 crypto rx=0 tx=0 comp rx=0 tx=0).stop
2024-06-18T02:30:25.100 INFO:teuthology.orchestra.run.smithi001.stdout:/usr/bin/ceph: stderr
2024-06-18T02:30:24.518+0000 7fe56635c640 1 --2- 172.21.15.1:0/3107266376 >> [v2:172.21.15.1:3300/0,v1:172.21.15.1:6789/0] conn(0x7fe560101c80 0x7fe560110aa0 unknown :-1 s=CLOSED pgs=21 cs=0 l=1 rev1=1 crypto rx=0 tx=0 comp rx=0 tx=0).stop
2024-06-18T02:30:25.100 INFO:teuthology.orchestra.run.smithi001.stdout:/usr/bin/ceph: stderr
2024-06-18T02:30:24.518+0000 7fe56635c640 1 -- 172.21.15.1:0/3107266376 >> 172.21.15.1:0/3107266376 conn(0x7fe5600fd440 msgr2=0x7fe5600fdf50 unknown :-1 s=STATE_NONE l=0).mark_down
2024-06-18T02:30:25.100 INFO:teuthology.orchestra.run.smithi001.stdout:/usr/bin/ceph: stderr
2024-06-18T02:30:24.519+0000 7fe56635c640 1 -- 172.21.15.1:0/3107266376 shutdown_connections
2024-06-18T02:30:25.100 INFO:teuthology.orchestra.run.smithi001.stdout:/usr/bin/ceph: stderr
2024-06-18T02:30:24.519+0000 7fe56635c640 1 -- 172.21.15.1:0/3107266376 wait complete.
2024-06-18T02:30:25.627 INFO:journalctl@ceph.mon.smithi001.smithi001.stdout:Jun 18 02:30:25 smithi001 ceph-mon[29099]: from='client.? 172.21.15.1:0/3107266376' entity='client.admin' cmd='[{"prefix": "mgr module enable", "module": "cephadm"}]': finished
2024-06-18T02:30:25.627 INFO:journalctl@ceph.mon.smithi001.smithi001.stdout:Jun 18 02:30:25 smithi001 ceph-mon[29099]: mgrmap e5: smithi001.teoawz(active, since 14s)
2024-06-18T02:30:26.410 INFO:teuthology.orchestra.run.smithi001.stdout:/usr/bin/ceph: stdout {
2024-06-18T02:30:26.410 INFO:teuthology.orchestra.run.smithi001.stdout:/usr/bin/ceph: stdout "epoch": 5,
2024-06-18T02:30:26.410 INFO:teuthology.orchestra.run.smithi001.stdout:/usr/bin/ceph: stdout "available": true,
2024-06-18T02:30:26.410 INFO:teuthology.orchestra.run.smithi001.stdout:/usr/bin/ceph: stdout "active_name": "smithi001.teoawz",
2024-06-18T02:30:26.410 INFO:teuthology.orchestra.run.smithi001.stdout:/usr/bin/ceph: stdout "num_standby": 0
2024-06-18T02:30:26.410 INFO:teuthology.orchestra.run.smithi001.stdout:/usr/bin/ceph: stdout }
2024-06-18T02:30:26.411 INFO:teuthology.orchestra.run.smithi001.stdout:/usr/bin/ceph: stderr
2024-06-18T02:30:25.537+0000 7f3596b39640 1 Processor -- start
2024-06-18T02:30:26.411 INFO:teuthology.orchestra.run.smithi001.stdout:/usr/bin/ceph: stderr
2024-06-18T02:30:25.537+0000 7f3596b39640 1 -- start start
2024-06-18T02:30:26.411 INFO:teuthology.orchestra.run.smithi001.stdout:/usr/bin/ceph: stderr
2024-06-18T02:30:25.537+0000 7f3596b39640 1 --2- >> [v2:172.21.15.1:3300/0,v1:172.21.15.1:6789/0] conn(0x7f3590100100 0x7f3590100510 unknown :-1 s=NONE pgs=0 cs=0 l=0 rev1=0 crypto rx=0 tx=0 comp rx=0 tx=0).connect
2024-06-18T02:30:26.411 INFO:teuthology.orchestra.run.smithi001.stdout:/usr/bin/ceph: stderr
2024-06-18T02:30:25.537+0000 7f3596b39640 1 -- --> [v2:172.21.15.1:3300/0,v1:172.21.15.1:6789/0] -- mon_getmap magic: 0 v1 -- 0x7f3590100a50 con 0x7f3590100100
2024-06-18T02:30:26.411 INFO:teuthology.orchestra.run.smithi001.stdout:/usr/bin/ceph: stderr
2024-06-18T02:30:25.537+0000 7f35948d5640 1 --2- >> [v2:172.21.15.1:3300/0,v1:172.21.15.1:6789/0] conn(0x7f3590100100 0x7f3590100510 unknown :-1 s=BANNER_CONNECTING pgs=0 cs=0 l=0 rev1=0 crypto rx=0 tx=0 comp rx=0 tx=0)._handle_peer_banner_payload supported=3 required=0
2024-06-18T02:30:26.411 INFO:teuthology.orchestra.run.smithi001.stdout:/usr/bin/ceph: stderr
2024-06-18T02:30:25.538+0000 7f35948d5640 1 --2- >> [v2:172.21.15.1:3300/0,v1:172.21.15.1:6789/0] conn(0x7f3590100100 0x7f3590100510 unknown :-1 s=HELLO_CONNECTING pgs=0 cs=0 l=0 rev1=1 crypto rx=0 tx=0 comp rx=0 tx=0).handle_hello peer v2:172.21.15.1:3300/0 says I am v2:172.21.15.1:43382/0 (socket says 172.21.15.1:43382)
2024-06-18T02:30:26.411 INFO:teuthology.orchestra.run.smithi001.stdout:/usr/bin/ceph: stderr
2024-06-18T02:30:25.538+0000 7f35948d5640 1 -- 172.21.15.1:0/4112164164 learned_addr learned my addr 172.21.15.1:0/4112164164 (peer_addr_for_me v2:172.21.15.1:0/0)
2024-06-18T02:30:26.411 INFO:teuthology.orchestra.run.smithi001.stdout:/usr/bin/ceph: stderr
2024-06-18T02:30:25.538+0000 7f35948d5640 1 -- 172.21.15.1:0/4112164164 --> [v2:172.21.15.1:3300/0,v1:172.21.15.1:6789/0] -- mon_subscribe({config=0+,monmap=0+}) v3 -- 0x7f3590100b90 con 0x7f3590100100
2024-06-18T02:30:26.411 INFO:teuthology.orchestra.run.smithi001.stdout:/usr/bin/ceph: stderr
2024-06-18T02:30:25.538+0000 7f35948d5640 1 --2- 172.21.15.1:0/4112164164 >> [v2:172.21.15.1:3300/0,v1:172.21.15.1:6789/0] conn(0x7f3590100100 0x7f3590100510 secure :-1 s=READY pgs=24 cs=0 l=1 rev1=1 crypto rx=0x7f3584009840 tx=0x7f35840091d0 comp rx=0 tx=0).ready entity=mon.0 client_cookie=1b9d4d1ff9f0093a server_cookie=0 in_seq=0 out_seq=0
2024-06-18T02:30:26.411 INFO:teuthology.orchestra.run.smithi001.stdout:/usr/bin/ceph: stderr
2024-06-18T02:30:25.539+0000 7f358f7fe640 1 -- 172.21.15.1:0/4112164164 <== mon.0 v2:172.21.15.1:3300/0 1 ==== mon_map magic: 0 v1 ==== 229+0+0 (secure 0 0 0) 0x7f3584032440 con 0x7f3590100100
2024-06-18T02:30:26.411 INFO:teuthology.orchestra.run.smithi001.stdout:/usr/bin/ceph: stderr
2024-06-18T02:30:25.539+0000 7f358f7fe640 1 -- 172.21.15.1:0/4112164164 <== mon.0 v2:172.21.15.1:3300/0 2 ==== config(27 keys) v1 ==== 1044+0+0 (secure 0 0 0) 0x7f3584032a30 con 0x7f3590100100
2024-06-18T02:30:26.411 INFO:teuthology.orchestra.run.smithi001.stdout:/usr/bin/ceph: stderr
2024-06-18T02:30:25.539+0000 7f358f7fe640 1 -- 172.21.15.1:0/4112164164 <== mon.0 v2:172.21.15.1:3300/0 3 ==== mon_map magic: 0 v1 ==== 229+0+0 (secure 0 0 0) 0x7f3584031ad0 con 0x7f3590100100
2024-06-18T02:30:26.411 INFO:teuthology.orchestra.run.smithi001.stdout:/usr/bin/ceph: stderr
2024-06-18T02:30:25.539+0000 7f3596b39640 1 -- 172.21.15.1:0/4112164164 >> [v2:172.21.15.1:3300/0,v1:172.21.15.1:6789/0] conn(0x7f3590100100 msgr2=0x7f3590100510 secure :-1 s=STATE_CONNECTION_ESTABLISHED l=1).mark_down
2024-06-18T02:30:26.412 INFO:teuthology.orchestra.run.smithi001.stdout:/usr/bin/ceph: stderr
2024-06-18T02:30:25.539+0000 7f3596b39640 1 --2- 172.21.15.1:0/4112164164 >> [v2:172.21.15.1:3300/0,v1:172.21.15.1:6789/0] conn(0x7f3590100100 0x7f3590100510 secure :-1 s=READY pgs=24 cs=0 l=1 rev1=1 crypto rx=0x7f3584009840 tx=0x7f35840091d0 comp rx=0 tx=0).stop
2024-06-18T02:30:26.412 INFO:teuthology.orchestra.run.smithi001.stdout:/usr/bin/ceph: stderr
2024-06-18T02:30:25.539+0000 7f3596b39640 1 -- 172.21.15.1:0/4112164164 shutdown_connections
2024-06-18T02:30:26.412 INFO:teuthology.orchestra.run.smithi001.stdout:/usr/bin/ceph: stderr
2024-06-18T02:30:25.539+0000 7f3596b39640 1 --2- 172.21.15.1:0/4112164164 >> [v2:172.21.15.1:3300/0,v1:172.21.15.1:6789/0] conn(0x7f3590100100 0x7f3590100510 unknown :-1 s=CLOSED pgs=24 cs=0 l=1 rev1=1 crypto rx=0 tx=0 comp rx=0 tx=0).stop
2024-06-18T02:30:26.412 INFO:teuthology.orchestra.run.smithi001.stdout:/usr/bin/ceph: stderr
2024-06-18T02:30:25.539+0000 7f3596b39640 1 -- 172.21.15.1:0/4112164164 >> 172.21.15.1:0/4112164164 conn(0x7f35900fbba0 msgr2=0x7f35900fdfb0 unknown :-1 s=STATE_NONE l=0).mark_down
2024-06-18T02:30:26.412 INFO:teuthology.orchestra.run.smithi001.stdout:/usr/bin/ceph: stderr
2024-06-18T02:30:25.540+0000 7f3596b39640 1 -- 172.21.15.1:0/4112164164 shutdown_connections
2024-06-18T02:30:26.412 INFO:teuthology.orchestra.run.smithi001.stdout:/usr/bin/ceph: stderr
2024-06-18T02:30:25.540+0000 7f3596b39640 1 -- 172.21.15.1:0/4112164164 wait complete.
2024-06-18T02:30:26.412 INFO:teuthology.orchestra.run.smithi001.stdout:/usr/bin/ceph: stderr
2024-06-18T02:30:25.540+0000 7f3596b39640 1 Processor -- start
2024-06-18T02:30:26.412 INFO:teuthology.orchestra.run.smithi001.stdout:/usr/bin/ceph: stderr
2024-06-18T02:30:25.540+0000 7f3596b39640 1 -- start start
2024-06-18T02:30:26.412 INFO:teuthology.orchestra.run.smithi001.stdout:/usr/bin/ceph: stderr
2024-06-18T02:30:25.540+0000 7f3596b39640 1 --2- >> [v2:172.21.15.1:3300/0,v1:172.21.15.1:6789/0] conn(0x7f3590100100 0x7f3590110ab0 unknown :-1 s=NONE pgs=0 cs=0 l=1 rev1=0 crypto rx=0 tx=0 comp rx=0 tx=0).connect
2024-06-18T02:30:26.412 INFO:teuthology.orchestra.run.smithi001.stdout:/usr/bin/ceph: stderr
2024-06-18T02:30:25.540+0000 7f3596b39640 1 -- --> [v2:172.21.15.1:3300/0,v1:172.21.15.1:6789/0] -- mon_getmap magic: 0 v1 -- 0x7f3590110ff0 con 0x7f3590100100
2024-06-18T02:30:26.412 INFO:teuthology.orchestra.run.smithi001.stdout:/usr/bin/ceph: stderr
2024-06-18T02:30:25.541+0000 7f35948d5640 1 --2- >> [v2:172.21.15.1:3300/0,v1:172.21.15.1:6789/0] conn(0x7f3590100100 0x7f3590110ab0 unknown :-1 s=BANNER_CONNECTING pgs=0 cs=0 l=1 rev1=0 crypto rx=0 tx=0 comp rx=0 tx=0)._handle_peer_banner_payload supported=3 required=0
2024-06-18T02:30:26.412 INFO:teuthology.orchestra.run.smithi001.stdout:/usr/bin/ceph: stderr
2024-06-18T02:30:25.541+0000 7f35948d5640 1 --2- >> [v2:172.21.15.1:3300/0,v1:172.21.15.1:6789/0] conn(0x7f3590100100 0x7f3590110ab0 unknown :-1 s=HELLO_CONNECTING pgs=0 cs=0 l=1 rev1=1 crypto rx=0 tx=0 comp rx=0 tx=0).handle_hello peer v2:172.21.15.1:3300/0 says I am v2:172.21.15.1:43394/0 (socket says 172.21.15.1:43394)
2024-06-18T02:30:26.412 INFO:teuthology.orchestra.run.smithi001.stdout:/usr/bin/ceph: stderr
2024-06-18T02:30:25.541+0000 7f35948d5640 1 -- 172.21.15.1:0/381102043 learned_addr learned my addr 172.21.15.1:0/381102043 (peer_addr_for_me v2:172.21.15.1:0/0)
2024-06-18T02:30:26.413 INFO:teuthology.orchestra.run.smithi001.stdout:/usr/bin/ceph: stderr
