2024-06-18T12:58:15.659+0000 7f6dc3fff640 1 --2- 172.21.15.167:0/737913429 >> [v2:172.21.15.167:6800/1145517801,v1:172.21.15.167:6801/1145517801] conn(0x7f6dc4039030 0x7f6dc403b4f0 unknown :-1 s=NONE pgs=0 cs=0 l=1 rev1=0 crypto rx=0 tx=0 comp rx=0 tx=0).connect
2024-06-18T12:58:16.600 INFO:teuthology.orchestra.run.smithi167.stdout:/usr/bin/ceph: stderr
2024-06-18T12:58:15.659+0000 7f6dc3fff640 1 -- 172.21.15.167:0/737913429 <== mon.0 v2:172.21.15.167:3300/0 5 ==== osd_map(3..3 src has 1..3) ==== 1155+0+0 (secure 0 0 0) 0x7f6dcc06ce20 con 0x7f6ddc105b10
2024-06-18T12:58:16.601 INFO:teuthology.orchestra.run.smithi167.stdout:/usr/bin/ceph: stderr
2024-06-18T12:58:15.659+0000 7f6dda7fc640 1 --2- 172.21.15.167:0/737913429 >> [v2:172.21.15.167:6800/1145517801,v1:172.21.15.167:6801/1145517801] conn(0x7f6dc4039030 0x7f6dc403b4f0 unknown :-1 s=BANNER_CONNECTING pgs=0 cs=0 l=1 rev1=0 crypto rx=0 tx=0 comp rx=0 tx=0)._handle_peer_banner_payload supported=3 required=0
2024-06-18T12:58:16.601 INFO:teuthology.orchestra.run.smithi167.stdout:/usr/bin/ceph: stderr
2024-06-18T12:58:15.659+0000 7f6dda7fc640 1 --2- 172.21.15.167:0/737913429 >> [v2:172.21.15.167:6800/1145517801,v1:172.21.15.167:6801/1145517801] conn(0x7f6dc4039030 0x7f6dc403b4f0 secure :-1 s=READY pgs=7 cs=0 l=1 rev1=1 crypto rx=0x7f6dd00098c0 tx=0x7f6dd0006db0 comp rx=0 tx=0).ready entity=mgr.14150 client_cookie=0 server_cookie=0 in_seq=0 out_seq=0
2024-06-18T12:58:16.601 INFO:teuthology.orchestra.run.smithi167.stdout:/usr/bin/ceph: stderr
2024-06-18T12:58:15.663+0000 7f6dc3fff640 1 -- 172.21.15.167:0/737913429 <== mon.0 v2:172.21.15.167:3300/0 6 ==== mon_command_ack([{"prefix": "get_command_descriptions"}]=0 v0) ==== 72+0+186542 (secure 0 0 0) 0x7f6dcc040220 con 0x7f6ddc105b10
2024-06-18T12:58:16.601 INFO:teuthology.orchestra.run.smithi167.stdout:/usr/bin/ceph: stderr
2024-06-18T12:58:15.853+0000 7f6de1282640 1 -- 172.21.15.167:0/737913429 --> [v2:172.21.15.167:6800/1145517801,v1:172.21.15.167:6801/1145517801] -- mgr_command(tid 0: {"prefix": "dashboard create-self-signed-cert", "target": ["mon-mgr", ""]}) -- 0x7f6ddc100900 con 0x7f6dc4039030
2024-06-18T12:58:16.601 INFO:teuthology.orchestra.run.smithi167.stdout:/usr/bin/ceph: stderr
2024-06-18T12:58:15.942+0000 7f6dc3fff640 1 -- 172.21.15.167:0/737913429 <== mgr.14150 v2:172.21.15.167:6800/1145517801 1 ==== mgr_command_reply(tid 0: 0 ) ==== 8+0+32 (secure 0 0 0) 0x7f6ddc100900 con 0x7f6dc4039030
2024-06-18T12:58:16.601 INFO:teuthology.orchestra.run.smithi167.stdout:/usr/bin/ceph: stderr
2024-06-18T12:58:15.944+0000 7f6de1282640 1 -- 172.21.15.167:0/737913429 >> [v2:172.21.15.167:6800/1145517801,v1:172.21.15.167:6801/1145517801] conn(0x7f6dc4039030 msgr2=0x7f6dc403b4f0 secure :-1 s=STATE_CONNECTION_ESTABLISHED l=1).mark_down
2024-06-18T12:58:16.601 INFO:teuthology.orchestra.run.smithi167.stdout:/usr/bin/ceph: stderr
2024-06-18T12:58:15.944+0000 7f6de1282640 1 --2- 172.21.15.167:0/737913429 >> [v2:172.21.15.167:6800/1145517801,v1:172.21.15.167:6801/1145517801] conn(0x7f6dc4039030 0x7f6dc403b4f0 secure :-1 s=READY pgs=7 cs=0 l=1 rev1=1 crypto rx=0x7f6dd00098c0 tx=0x7f6dd0006db0 comp rx=0 tx=0).stop
2024-06-18T12:58:16.601 INFO:teuthology.orchestra.run.smithi167.stdout:/usr/bin/ceph: stderr
2024-06-18T12:58:15.944+0000 7f6de1282640 1 -- 172.21.15.167:0/737913429 >> [v2:172.21.15.167:3300/0,v1:172.21.15.167:6789/0] conn(0x7f6ddc105b10 msgr2=0x7f6ddc198ee0 secure :-1 s=STATE_CONNECTION_ESTABLISHED l=1).mark_down
2024-06-18T12:58:16.601 INFO:teuthology.orchestra.run.smithi167.stdout:/usr/bin/ceph: stderr
2024-06-18T12:58:15.944+0000 7f6de1282640 1 --2- 172.21.15.167:0/737913429 >> [v2:172.21.15.167:3300/0,v1:172.21.15.167:6789/0] conn(0x7f6ddc105b10 0x7f6ddc198ee0 secure :-1 s=READY pgs=69 cs=0 l=1 rev1=1 crypto rx=0x7f6dcc0327b0 tx=0x7f6dcc0327e0 comp rx=0 tx=0).stop
2024-06-18T12:58:16.601 INFO:teuthology.orchestra.run.smithi167.stdout:/usr/bin/ceph: stderr
2024-06-18T12:58:15.945+0000 7f6de1282640 1 -- 172.21.15.167:0/737913429 shutdown_connections
2024-06-18T12:58:16.601 INFO:teuthology.orchestra.run.smithi167.stdout:/usr/bin/ceph: stderr
2024-06-18T12:58:15.945+0000 7f6de1282640 1 --2- 172.21.15.167:0/737913429 >> [v2:172.21.15.167:6800/1145517801,v1:172.21.15.167:6801/1145517801] conn(0x7f6dc4039030 0x7f6dc403b4f0 unknown :-1 s=CLOSED pgs=7 cs=0 l=1 rev1=1 crypto rx=0 tx=0 comp rx=0 tx=0).stop
2024-06-18T12:58:16.601 INFO:teuthology.orchestra.run.smithi167.stdout:/usr/bin/ceph: stderr
2024-06-18T12:58:15.945+0000 7f6de1282640 1 --2- 172.21.15.167:0/737913429 >> [v2:172.21.15.167:3300/0,v1:172.21.15.167:6789/0] conn(0x7f6ddc105b10 0x7f6ddc198ee0 unknown :-1 s=CLOSED pgs=69 cs=0 l=1 rev1=1 crypto rx=0 tx=0 comp rx=0 tx=0).stop
2024-06-18T12:58:16.601 INFO:teuthology.orchestra.run.smithi167.stdout:/usr/bin/ceph: stderr
2024-06-18T12:58:15.945+0000 7f6de1282640 1 -- 172.21.15.167:0/737913429 >> 172.21.15.167:0/737913429 conn(0x7f6ddc0ff750 msgr2=0x7f6ddc1001f0 unknown :-1 s=STATE_NONE l=0).mark_down
2024-06-18T12:58:16.602 INFO:teuthology.orchestra.run.smithi167.stdout:/usr/bin/ceph: stderr
2024-06-18T12:58:15.945+0000 7f6de1282640 1 -- 172.21.15.167:0/737913429 shutdown_connections
2024-06-18T12:58:16.602 INFO:teuthology.orchestra.run.smithi167.stdout:/usr/bin/ceph: stderr
2024-06-18T12:58:15.945+0000 7f6de1282640 1 -- 172.21.15.167:0/737913429 wait complete.
2024-06-18T12:58:16.602 INFO:teuthology.orchestra.run.smithi167.stdout:Creating initial admin user...
2024-06-18T12:58:16.716 INFO:journalctl@ceph.mon.a.smithi167.stdout:Jun 18 12:58:16 smithi167 ceph-mon[29496]: [18/Jun/2024:12:58:14] ENGINE Bus STARTING
2024-06-18T12:58:16.716 INFO:journalctl@ceph.mon.a.smithi167.stdout:Jun 18 12:58:16 smithi167 ceph-mon[29496]: [18/Jun/2024:12:58:14] ENGINE Serving on http://172.21.15.167:8765
2024-06-18T12:58:16.716 INFO:journalctl@ceph.mon.a.smithi167.stdout:Jun 18 12:58:16 smithi167 ceph-mon[29496]: [18/Jun/2024:12:58:14] ENGINE Serving on https://172.21.15.167:7150
2024-06-18T12:58:16.716 INFO:journalctl@ceph.mon.a.smithi167.stdout:Jun 18 12:58:16 smithi167 ceph-mon[29496]: [18/Jun/2024:12:58:14] ENGINE Bus STARTED
2024-06-18T12:58:16.716 INFO:journalctl@ceph.mon.a.smithi167.stdout:Jun 18 12:58:16 smithi167 ceph-mon[29496]: [18/Jun/2024:12:58:14] ENGINE Error in HTTPServer.serve
2024-06-18T12:58:16.716 INFO:journalctl@ceph.mon.a.smithi167.stdout: Traceback (most recent call last):
2024-06-18T12:58:16.716 INFO:journalctl@ceph.mon.a.smithi167.stdout: File "/lib/python3.9/site-packages/cheroot/server.py", line 1823, in serve
2024-06-18T12:58:16.716 INFO:journalctl@ceph.mon.a.smithi167.stdout: self._connections.run(self.expiration_interval)
2024-06-18T12:58:16.716 INFO:journalctl@ceph.mon.a.smithi167.stdout: File "/lib/python3.9/site-packages/cheroot/connections.py", line 203, in run
2024-06-18T12:58:16.716 INFO:journalctl@ceph.mon.a.smithi167.stdout: self._run(expiration_interval)
2024-06-18T12:58:16.717 INFO:journalctl@ceph.mon.a.smithi167.stdout: File "/lib/python3.9/site-packages/cheroot/connections.py", line 246, in _run
2024-06-18T12:58:16.717 INFO:journalctl@ceph.mon.a.smithi167.stdout: new_conn = self._from_server_socket(self.server.socket)
2024-06-18T12:58:16.717 INFO:journalctl@ceph.mon.a.smithi167.stdout: File "/lib/python3.9/site-packages/cheroot/connections.py", line 300, in _from_server_socket
2024-06-18T12:58:16.717 INFO:journalctl@ceph.mon.a.smithi167.stdout: s, ssl_env = self.server.ssl_adapter.wrap(s)
2024-06-18T12:58:16.717 INFO:journalctl@ceph.mon.a.smithi167.stdout: File "/lib/python3.9/site-packages/cheroot/ssl/builtin.py", line 277, in wrap
2024-06-18T12:58:16.717 INFO:journalctl@ceph.mon.a.smithi167.stdout: s = self.context.wrap_socket(
2024-06-18T12:58:16.717 INFO:journalctl@ceph.mon.a.smithi167.stdout: File "/lib64/python3.9/ssl.py", line 501, in wrap_socket
2024-06-18T12:58:16.717 INFO:journalctl@ceph.mon.a.smithi167.stdout: return self.sslsocket_class._create(
2024-06-18T12:58:16.717 INFO:journalctl@ceph.mon.a.smithi167.stdout: File "/lib64/python3.9/ssl.py", line 1074, in _create
2024-06-18T12:58:16.717 INFO:journalctl@ceph.mon.a.smithi167.stdout: self.do_handshake()
2024-06-18T12:58:16.717 INFO:journalctl@ceph.mon.a.smithi167.stdout: File "/lib64/python3.9/ssl.py", line 1343, in do_handshake
2024-06-18T12:58:16.717 INFO:journalctl@ceph.mon.a.smithi167.stdout: self._sslobj.do_handshake()
2024-06-18T12:58:16.717 INFO:journalctl@ceph.mon.a.smithi167.stdout: ssl.SSLZeroReturnError: TLS/SSL connection has been closed (EOF) (_ssl.c:1129)
2024-06-18T12:58:16.717 INFO:journalctl@ceph.mon.a.smithi167.stdout:Jun 18 12:58:16 smithi167 ceph-mon[29496]: from='mgr.14150 172.21.15.167:0/4043023007' entity='mgr.y'
2024-06-18T12:58:16.717 INFO:journalctl@ceph.mon.a.smithi167.stdout:Jun 18 12:58:16 smithi167 ceph-mon[29496]: from='mgr.14150 172.21.15.167:0/4043023007' entity='mgr.y'
2024-06-18T12:58:16.717 INFO:journalctl@ceph.mon.a.smithi167.stdout:Jun 18 12:58:16 smithi167 ceph-mon[29496]: from='mgr.14150 172.21.15.167:0/4043023007' entity='mgr.y'
2024-06-18T12:58:16.718 INFO:journalctl@ceph.mon.a.smithi167.stdout:Jun 18 12:58:16 smithi167 ceph-mon[29496]: mgrmap e12: y(active, since 2s)
2024-06-18T12:58:17.596 INFO:journalctl@ceph.mon.a.smithi167.stdout:Jun 18 12:58:17 smithi167 ceph-mon[29496]: from='client.14162 -' entity='client.admin' cmd=[{"prefix": "dashboard create-self-signed-cert", "target": ["mon-mgr", ""]}]: dispatch
2024-06-18T12:58:17.596 INFO:journalctl@ceph.mon.a.smithi167.stdout:Jun 18 12:58:17 smithi167 ceph-mon[29496]: from='mgr.14150 172.21.15.167:0/4043023007' entity='mgr.y'
2024-06-18T12:58:18.504 INFO:teuthology.orchestra.run.smithi167.stdout:/usr/bin/ceph: stdout {"username": "admin", "password": "$2b$12$bxoNZynqqi0dwE1DNnMrp.ZWJQSMu/EMf4Css17BZEzU7o3pOQH/S", "roles": ["administrator"], "name": null, "email": null, "lastUpdate": 1718715497, "enabled": true, "pwdExpirationDate": null, "pwdUpdateRequired": true}
2024-06-18T12:58:18.504 INFO:teuthology.orchestra.run.smithi167.stdout:/usr/bin/ceph: stderr
2024-06-18T12:58:16.972+0000 7f551cbec640 1 Processor -- start
2024-06-18T12:58:18.504 INFO:teuthology.orchestra.run.smithi167.stdout:/usr/bin/ceph: stderr
2024-06-18T12:58:16.972+0000 7f551cbec640 1 -- start start
2024-06-18T12:58:18.504 INFO:teuthology.orchestra.run.smithi167.stdout:/usr/bin/ceph: stderr
2024-06-18T12:58:16.973+0000 7f551cbec640 1 --2- >> [v2:172.21.15.167:3300/0,v1:172.21.15.167:6789/0] conn(0x7f55181050b0 0x7f55181054b0 unknown :-1 s=NONE pgs=0 cs=0 l=0 rev1=0 crypto rx=0 tx=0 comp rx=0 tx=0).connect
2024-06-18T12:58:18.504 INFO:teuthology.orchestra.run.smithi167.stdout:/usr/bin/ceph: stderr
2024-06-18T12:58:16.973+0000 7f551cbec640 1 -- --> [v2:172.21.15.167:3300/0,v1:172.21.15.167:6789/0] -- mon_getmap magic: 0 -- 0x7f5518105a80 con 0x7f55181050b0
2024-06-18T12:58:18.504 INFO:teuthology.orchestra.run.smithi167.stdout:/usr/bin/ceph: stderr
2024-06-18T12:58:16.973+0000 7f551659c640 1 --2- >> [v2:172.21.15.167:3300/0,v1:172.21.15.167:6789/0] conn(0x7f55181050b0 0x7f55181054b0 unknown :-1 s=BANNER_CONNECTING pgs=0 cs=0 l=0 rev1=0 crypto rx=0 tx=0 comp rx=0 tx=0)._handle_peer_banner_payload supported=3 required=0
2024-06-18T12:58:18.504 INFO:teuthology.orchestra.run.smithi167.stdout:/usr/bin/ceph: stderr
2024-06-18T12:58:16.973+0000 7f551659c640 1 --2- >> [v2:172.21.15.167:3300/0,v1:172.21.15.167:6789/0] conn(0x7f55181050b0 0x7f55181054b0 unknown :-1 s=HELLO_CONNECTING pgs=0 cs=0 l=0 rev1=1 crypto rx=0 tx=0 comp rx=0 tx=0).handle_hello peer v2:172.21.15.167:3300/0 says I am v2:172.21.15.167:41774/0 (socket says 172.21.15.167:41774)
2024-06-18T12:58:18.504 INFO:teuthology.orchestra.run.smithi167.stdout:/usr/bin/ceph: stderr
2024-06-18T12:58:16.973+0000 7f551659c640 1 -- 172.21.15.167:0/2479376898 learned_addr learned my addr 172.21.15.167:0/2479376898 (peer_addr_for_me v2:172.21.15.167:0/0)
2024-06-18T12:58:18.504 INFO:teuthology.orchestra.run.smithi167.stdout:/usr/bin/ceph: stderr
2024-06-18T12:58:16.973+0000 7f551659c640 1 -- 172.21.15.167:0/2479376898 --> [v2:172.21.15.167:3300/0,v1:172.21.15.167:6789/0] -- mon_subscribe({config=0+,monmap=0+}) -- 0x7f5518106260 con 0x7f55181050b0
2024-06-18T12:58:18.505 INFO:teuthology.orchestra.run.smithi167.stdout:/usr/bin/ceph: stderr
2024-06-18T12:58:16.974+0000 7f551659c640 1 --2- 172.21.15.167:0/2479376898 >> [v2:172.21.15.167:3300/0,v1:172.21.15.167:6789/0] conn(0x7f55181050b0 0x7f55181054b0 secure :-1 s=READY pgs=70 cs=0 l=1 rev1=1 crypto rx=0x7f5500009820 tx=0x7f550002a270 comp rx=0 tx=0).ready entity=mon.0 client_cookie=236fca0c72b574c3 server_cookie=0 in_seq=0 out_seq=0
2024-06-18T12:58:18.505 INFO:teuthology.orchestra.run.smithi167.stdout:/usr/bin/ceph: stderr
2024-06-18T12:58:16.974+0000 7f551559a640 1 -- 172.21.15.167:0/2479376898 <== mon.0 v2:172.21.15.167:3300/0 1 ==== mon_map magic: 0 ==== 205+0+0 (secure 0 0 0) 0x7f5500037070 con 0x7f55181050b0
2024-06-18T12:58:18.505 INFO:teuthology.orchestra.run.smithi167.stdout:/usr/bin/ceph: stderr
2024-06-18T12:58:16.974+0000 7f551559a640 1 -- 172.21.15.167:0/2479376898 <== mon.0 v2:172.21.15.167:3300/0 2 ==== config(24 keys) ==== 1042+0+0 (secure 0 0 0) 0x7f55000328c0 con 0x7f55181050b0
2024-06-18T12:58:18.505 INFO:teuthology.orchestra.run.smithi167.stdout:/usr/bin/ceph: stderr
2024-06-18T12:58:16.974+0000 7f551559a640 1 -- 172.21.15.167:0/2479376898 <== mon.0 v2:172.21.15.167:3300/0 3 ==== mon_map magic: 0 ==== 205+0+0 (secure 0 0 0) 0x7f5500030600 con 0x7f55181050b0
2024-06-18T12:58:18.505 INFO:teuthology.orchestra.run.smithi167.stdout:/usr/bin/ceph: stderr
2024-06-18T12:58:16.974+0000 7f551cbec640 1 -- 172.21.15.167:0/2479376898 >> [v2:172.21.15.167:3300/0,v1:172.21.15.167:6789/0] conn(0x7f55181050b0 msgr2=0x7f55181054b0 secure :-1 s=STATE_CONNECTION_ESTABLISHED l=1).mark_down
2024-06-18T12:58:18.505 INFO:teuthology.orchestra.run.smithi167.stdout:/usr/bin/ceph: stderr
2024-06-18T12:58:16.974+0000 7f551cbec640 1 --2- 172.21.15.167:0/2479376898 >> [v2:172.21.15.167:3300/0,v1:172.21.15.167:6789/0] conn(0x7f55181050b0 0x7f55181054b0 secure :-1 s=READY pgs=70 cs=0 l=1 rev1=1 crypto rx=0x7f5500009820 tx=0x7f550002a270 comp rx=0 tx=0).stop
2024-06-18T12:58:18.505 INFO:teuthology.orchestra.run.smithi167.stdout:/usr/bin/ceph: stderr
2024-06-18T12:58:16.975+0000 7f551cbec640 1 -- 172.21.15.167:0/2479376898 shutdown_connections
2024-06-18T12:58:18.505 INFO:teuthology.orchestra.run.smithi167.stdout:/usr/bin/ceph: stderr
2024-06-18T12:58:16.975+0000 7f551cbec640 1 --2- 172.21.15.167:0/2479376898 >> [v2:172.21.15.167:3300/0,v1:172.21.15.167:6789/0] conn(0x7f55181050b0 0x7f55181054b0 unknown :-1 s=CLOSED pgs=70 cs=0 l=1 rev1=1 crypto rx=0 tx=0 comp rx=0 tx=0).stop
2024-06-18T12:58:18.505 INFO:teuthology.orchestra.run.smithi167.stdout:/usr/bin/ceph: stderr
2024-06-18T12:58:16.975+0000 7f551cbec640 1 -- 172.21.15.167:0/2479376898 >> 172.21.15.167:0/2479376898 conn(0x7f5518100840 msgr2=0x7f5518102c80 unknown :-1 s=STATE_NONE l=0).mark_down
2024-06-18T12:58:18.505 INFO:teuthology.orchestra.run.smithi167.stdout:/usr/bin/ceph: stderr
2024-06-18T12:58:16.975+0000 7f551cbec640 1 -- 172.21.15.167:0/2479376898 shutdown_connections
2024-06-18T12:58:18.505 INFO:teuthology.orchestra.run.smithi167.stdout:/usr/bin/ceph: stderr
2024-06-18T12:58:16.975+0000 7f551cbec640 1 -- 172.21.15.167:0/2479376898 wait complete.
2024-06-18T12:58:18.505 INFO:teuthology.orchestra.run.smithi167.stdout:/usr/bin/ceph: stderr
2024-06-18T12:58:16.975+0000 7f551cbec640 1 Processor -- start
2024-06-18T12:58:18.505 INFO:teuthology.orchestra.run.smithi167.stdout:/usr/bin/ceph: stderr
2024-06-18T12:58:16.975+0000 7f551cbec640 1 -- start start
2024-06-18T12:58:18.506 INFO:teuthology.orchestra.run.smithi167.stdout:/usr/bin/ceph: stderr
2024-06-18T12:58:16.975+0000 7f551cbec640 1 --2- >> [v2:172.21.15.167:3300/0,v1:172.21.15.167:6789/0] conn(0x7f55181050b0 0x7f551807aaf0 unknown :-1 s=NONE pgs=0 cs=0 l=1 rev1=0 crypto rx=0 tx=0 comp rx=0 tx=0).connect
2024-06-18T12:58:18.506 INFO:teuthology.orchestra.run.smithi167.stdout:/usr/bin/ceph: stderr
2024-06-18T12:58:16.975+0000 7f551cbec640 1 -- --> [v2:172.21.15.167:3300/0,v1:172.21.15.167:6789/0] -- mon_getmap magic: 0 -- 0x7f5518109610 con 0x7f55181050b0
2024-06-18T12:58:18.506 INFO:teuthology.orchestra.run.smithi167.stdout:/usr/bin/ceph: stderr
2024-06-18T12:58:16.976+0000 7f551659c640 1 --2- >> [v2:172.21.15.167:3300/0,v1:172.21.15.167:6789/0] conn(0x7f55181050b0 0x7f551807aaf0 unknown :-1 s=BANNER_CONNECTING pgs=0 cs=0 l=1 rev1=0 crypto rx=0 tx=0 comp rx=0 tx=0)._handle_peer_banner_payload supported=3 required=0
2024-06-18T12:58:18.506 INFO:teuthology.orchestra.run.smithi167.stdout:/usr/bin/ceph: stderr
2024-06-18T12:58:16.976+0000 7f551659c640 1 --2- >> [v2:172.21.15.167:3300/0,v1:172.21.15.167:6789/0] conn(0x7f55181050b0 0x7f551807aaf0 unknown :-1 s=HELLO_CONNECTING pgs=0 cs=0 l=1 rev1=1 crypto rx=0 tx=0 comp rx=0 tx=0).handle_hello peer v2:172.21.15.167:3300/0 says I am v2:172.21.15.167:41778/0 (socket says 172.21.15.167:41778)
2024-06-18T12:58:18.506 INFO:teuthology.orchestra.run.smithi167.stdout:/usr/bin/ceph: stderr
2024-06-18T12:58:16.976+0000 7f551659c640 1 -- 172.21.15.167:0/2888368496 learned_addr learned my addr 172.21.15.167:0/2888368496 (peer_addr_for_me v2:172.21.15.167:0/0)
2024-06-18T12:58:18.506 INFO:teuthology.orchestra.run.smithi167.stdout:/usr/bin/ceph: stderr
2024-06-18T12:58:16.976+0000 7f551659c640 1 -- 172.21.15.167:0/2888368496 --> [v2:172.21.15.167:3300/0,v1:172.21.15.167:6789/0] -- mon_subscribe({config=0+,monmap=0+}) -- 0x7f551807b030 con 0x7f55181050b0
2024-06-18T12:58:18.506 INFO:teuthology.orchestra.run.smithi167.stdout:/usr/bin/ceph: stderr
2024-06-18T12:58:16.976+0000 7f551659c640 1 --2- 172.21.15.167:0/2888368496 >> [v2:172.21.15.167:3300/0,v1:172.21.15.167:6789/0] conn(0x7f55181050b0 0x7f551807aaf0 secure :-1 s=READY pgs=71 cs=0 l=1 rev1=1 crypto rx=0x7f55000097f0 tx=0x7f5500030b30 comp rx=0 tx=0).ready entity=mon.0 client_cookie=0 server_cookie=0 in_seq=0 out_seq=0
2024-06-18T12:58:18.506 INFO:teuthology.orchestra.run.smithi167.stdout:/usr/bin/ceph: stderr
2024-06-18T12:58:16.976+0000 7f550f7fe640 1 -- 172.21.15.167:0/2888368496 <== mon.0 v2:172.21.15.167:3300/0 1 ==== mon_map magic: 0 ==== 205+0+0 (secure 0 0 0) 0x7f5500037040 con 0x7f55181050b0
2024-06-18T12:58:18.506 INFO:teuthology.orchestra.run.smithi167.stdout:/usr/bin/ceph: stderr
2024-06-18T12:58:16.976+0000 7f551cbec640 1 -- 172.21.15.167:0/2888368496 --> [v2:172.21.15.167:3300/0,v1:172.21.15.167:6789/0] -- mon_subscribe({mgrmap=0+}) -- 0x7f5518079220 con 0x7f55181050b0
2024-06-18T12:58:18.506 INFO:teuthology.orchestra.run.smithi167.stdout:/usr/bin/ceph: stderr
2024-06-18T12:58:16.976+0000 7f550f7fe640 1 -- 172.21.15.167:0/2888368496 <== mon.0 v2:172.21.15.167:3300/0 2 ==== config(24 keys) ==== 1042+0+0 (secure 0 0 0) 0x7f5500040070 con 0x7f55181050b0
2024-06-18T12:58:18.506 INFO:teuthology.orchestra.run.smithi167.stdout:/usr/bin/ceph: stderr
2024-06-18T12:58:16.976+0000 7f550f7fe640 1 -- 172.21.15.167:0/2888368496 <== mon.0 v2:172.21.15.167:3300/0 3 ==== mon_map magic: 0 ==== 205+0+0 (secure 0 0 0) 0x7f550003bdd0 con 0x7f55181050b0
2024-06-18T12:58:18.506 INFO:teuthology.orchestra.run.smithi167.stdout:/usr/bin/ceph: stderr
2024-06-18T12:58:16.976+0000 7f551cbec640 1 -- 172.21.15.167:0/2888368496 --> [v2:172.21.15.167:3300/0,v1:172.21.15.167:6789/0] -- mon_subscribe({osdmap=0}) -- 0x7f5518079760 con 0x7f55181050b0
2024-06-18T12:58:18.506 INFO:teuthology.orchestra.run.smithi167.stdout:/usr/bin/ceph: stderr
2024-06-18T12:58:16.977+0000 7f550f7fe640 1 -- 172.21.15.167:0/2888368496 <== mon.0 v2:172.21.15.167:3300/0 4 ==== mgrmap(e 12) ==== 46300+0+0 (secure 0 0 0) 0x7f5500045460 con 0x7f55181050b0
2024-06-18T12:58:18.507 INFO:teuthology.orchestra.run.smithi167.stdout:/usr/bin/ceph: stderr
2024-06-18T12:58:16.977+0000 7f550f7fe640 1 --2- 172.21.15.167:0/2888368496 >> [v2:172.21.15.167:6800/1145517801,v1:172.21.15.167:6801/1145517801] conn(0x7f5504038f70 0x7f550403b430 unknown :-1 s=NONE pgs=0 cs=0 l=1 rev1=0 crypto rx=0 tx=0 comp rx=0 tx=0).connect
2024-06-18T12:58:18.507 INFO:teuthology.orchestra.run.smithi167.stdout:/usr/bin/ceph: stderr
2024-06-18T12:58:16.977+0000 7f550f7fe640 1 -- 172.21.15.167:0/2888368496 <== mon.0 v2:172.21.15.167:3300/0 5 ==== osd_map(3..3 src has 1..3) ==== 1155+0+0 (secure 0 0 0) 0x7f550006cc80 con 0x7f55181050b0
2024-06-18T12:58:18.507 INFO:teuthology.orchestra.run.smithi167.stdout:/usr/bin/ceph: stderr
2024-06-18T12:58:16.977+0000 7f5515d9b640 1 --2- 172.21.15.167:0/2888368496 >> [v2:172.21.15.167:6800/1145517801,v1:172.21.15.167:6801/1145517801] conn(0x7f5504038f70 0x7f550403b430 unknown :-1 s=BANNER_CONNECTING pgs=0 cs=0 l=1 rev1=0 crypto rx=0 tx=0 comp rx=0 tx=0)._handle_peer_banner_payload supported=3 required=0
2024-06-18T12:58:18.507 INFO:teuthology.orchestra.run.smithi167.stdout:/usr/bin/ceph: stderr
2024-06-18T12:58:16.977+0000 7f551cbec640 1 -- 172.21.15.167:0/2888368496 --> [v2:172.21.15.167:3300/0,v1:172.21.15.167:6789/0] -- mon_command({"prefix": "get_command_descriptions"} v 0) -- 0x7f55181054b0 con 0x7f55181050b0
2024-06-18T12:58:18.507 INFO:teuthology.orchestra.run.smithi167.stdout:/usr/bin/ceph: stderr
2024-06-18T12:58:16.978+0000 7f5515d9b640 1 --2- 172.21.15.167:0/2888368496 >> [v2:172.21.15.167:6800/1145517801,v1:172.21.15.167:6801/1145517801] conn(0x7f5504038f70 0x7f550403b430 secure :-1 s=READY pgs=8 cs=0 l=1 rev1=1 crypto rx=0x7f55080098c0 tx=0x7f5508006db0 comp rx=0 tx=0).ready entity=mgr.14150 client_cookie=0 server_cookie=0 in_seq=0 out_seq=0
2024-06-18T12:58:18.507 INFO:teuthology.orchestra.run.smithi167.stdout:/usr/bin/ceph: stderr
2024-06-18T12:58:16.982+0000 7f550f7fe640 1 -- 172.21.15.167:0/2888368496 <== mon.0 v2:172.21.15.167:3300/0 6 ==== mon_command_ack([{"prefix": "get_command_descriptions"}]=0 v0) ==== 72+0+186542 (secure 0 0 0) 0x7f550002e200 con 0x7f55181050b0
2024-06-18T12:58:18.507 INFO:teuthology.orchestra.run.smithi167.stdout:/usr/bin/ceph: stderr
2024-06-18T12:58:17.181+0000 7f551cbec640 1 -- 172.21.15.167:0/2888368496 --> [v2:172.21.15.167:6800/1145517801,v1:172.21.15.167:6801/1145517801] -- mgr_command(tid 0: {"prefix": "dashboard ac-user-create", "username": "admin", "rolename": "administrator", "force_password": true, "pwd_update_required": true, "target": ["mon-mgr", ""]}) -- 0x7f5518079bf0 con 0x7f5504038f70
2024-06-18T12:58:18.507 INFO:teuthology.orchestra.run.smithi167.stdout:/usr/bin/ceph: stderr
2024-06-18T12:58:17.405+0000 7f550f7fe640 1 -- 172.21.15.167:0/2888368496 <== mgr.14150 v2:172.21.15.167:6800/1145517801 1 ==== mgr_command_reply(tid 0: 0 ) ==== 8+0+252 (secure 0 0 0) 0x7f5518079bf0 con 0x7f5504038f70
2024-06-18T12:58:18.507 INFO:teuthology.orchestra.run.smithi167.stdout:/usr/bin/ceph: stderr
2024-06-18T12:58:17.408+0000 7f551cbec640 1 -- 172.21.15.167:0/2888368496 >> [v2:172.21.15.167:6800/1145517801,v1:172.21.15.167:6801/1145517801] conn(0x7f5504038f70 msgr2=0x7f550403b430 secure :-1 s=STATE_CONNECTION_ESTABLISHED l=1).mark_down
2024-06-18T12:58:18.507 INFO:teuthology.orchestra.run.smithi167.stdout:/usr/bin/ceph: stderr
2024-06-18T12:58:17.408+0000 7f551cbec640 1 --2- 172.21.15.167:0/2888368496 >> [v2:172.21.15.167:6800/1145517801,v1:172.21.15.167:6801/1145517801] conn(0x7f5504038f70 0x7f550403b430 secure :-1 s=READY pgs=8 cs=0 l=1 rev1=1 crypto rx=0x7f55080098c0 tx=0x7f5508006db0 comp rx=0 tx=0).stop
2024-06-18T12:58:18.507 INFO:teuthology.orchestra.run.smithi167.stdout:/usr/bin/ceph: stderr
2024-06-18T12:58:17.408+0000 7f551cbec640 1 -- 172.21.15.167:0/2888368496 >> [v2:172.21.15.167:3300/0,v1:172.21.15.167:6789/0] conn(0x7f55181050b0 msgr2=0x7f551807aaf0 secure :-1 s=STATE_CONNECTION_ESTABLISHED l=1).mark_down
2024-06-18T12:58:18.507 INFO:teuthology.orchestra.run.smithi167.stdout:/usr/bin/ceph: stderr
2024-06-18T12:58:17.408+0000 7f551cbec640 1 --2- 172.21.15.167:0/2888368496 >> [v2:172.21.15.167:3300/0,v1:172.21.15.167:6789/0] conn(0x7f55181050b0 0x7f551807aaf0 secure :-1 s=READY pgs=71 cs=0 l=1 rev1=1 crypto rx=0x7f55000097f0 tx=0x7f5500030b30 comp rx=0 tx=0).stop
2024-06-18T12:58:18.507 INFO:teuthology.orchestra.run.smithi167.stdout:/usr/bin/ceph: stderr
2024-06-18T12:58:17.408+0000 7f551cbec640 1 -- 172.21.15.167:0/2888368496 shutdown_connections
2024-06-18T12:58:18.508 INFO:teuthology.orchestra.run.smithi167.stdout:/usr/bin/ceph: stderr
2024-06-18T12:58:17.408+0000 7f551cbec640 1 --2- 172.21.15.167:0/2888368496 >> [v2:172.21.15.167:6800/1145517801,v1:172.21.15.167:6801/1145517801] conn(0x7f5504038f70 0x7f550403b430 unknown :-1 s=CLOSED pgs=8 cs=0 l=1 rev1=1 crypto rx=0 tx=0 comp rx=0 tx=0).stop
2024-06-18T12:58:18.508 INFO:teuthology.orchestra.run.smithi167.stdout:/usr/bin/ceph: stderr
2024-06-18T12:58:17.408+0000 7f551cbec640 1 --2- 172.21.15.167:0/2888368496 >> [v2:172.21.15.167:3300/0,v1:172.21.15.167:6789/0] conn(0x7f55181050b0 0x7f551807aaf0 unknown :-1 s=CLOSED pgs=71 cs=0 l=1 rev1=1 crypto rx=0 tx=0 comp rx=0 tx=0).stop
2024-06-18T12:58:18.508 INFO:teuthology.orchestra.run.smithi167.stdout:/usr/bin/ceph: stderr
2024-06-18T12:58:17.408+0000 7f551cbec640 1 -- 172.21.15.167:0/2888368496 >> 172.21.15.167:0/2888368496 conn(0x7f5518100840 msgr2=0x7f55181013d0 unknown :-1 s=STATE_NONE l=0).mark_down
2024-06-18T12:58:18.508 INFO:teuthology.orchestra.run.smithi167.stdout:/usr/bin/ceph: stderr
2024-06-18T12:58:17.408+0000 7f551cbec640 1 -- 172.21.15.167:0/2888368496 shutdown_connections
2024-06-18T12:58:18.508 INFO:teuthology.orchestra.run.smithi167.stdout:/usr/bin/ceph: stderr
2024-06-18T12:58:17.408+0000 7f551cbec640 1 -- 172.21.15.167:0/2888368496 wait complete.
2024-06-18T12:58:18.508 INFO:teuthology.orchestra.run.smithi167.stdout:Fetching dashboard port number...
2024-06-18T12:58:18.626 INFO:journalctl@ceph.mon.a.smithi167.stdout:Jun 18 12:58:18 smithi167 ceph-mon[29496]: from='client.14164 -' entity='client.admin' cmd=[{"prefix": "dashboard ac-user-create", "username": "admin", "rolename": "administrator", "force_password": true, "pwd_update_required": true, "target": ["mon-mgr", ""]}]: dispatch
2024-06-18T12:58:19.744 INFO:journalctl@ceph.mon.a.smithi167.stdout:Jun 18 12:58:19 smithi167 ceph-mon[29496]: from='client.? 172.21.15.167:0/3197917979' entity='client.admin' cmd=[{"prefix": "config get", "who": "mgr", "key": "mgr/dashboard/ssl_server_port"}]: dispatch
2024-06-18T12:58:19.751 INFO:teuthology.orchestra.run.smithi167.stdout:/usr/bin/ceph: stdout 8443
2024-06-18T12:58:19.751 INFO:teuthology.orchestra.run.smithi167.stdout:/usr/bin/ceph: stderr
2024-06-18T12:58:18.945+0000 7fdbe5747640 1 Processor -- start
2024-06-18T12:58:19.751 INFO:teuthology.orchestra.run.smithi167.stdout:/usr/bin/ceph: stderr
2024-06-18T12:58:18.945+0000 7fdbe5747640 1 -- start start
2024-06-18T12:58:19.751 INFO:teuthology.orchestra.run.smithi167.stdout:/usr/bin/ceph: stderr
2024-06-18T12:58:18.945+0000 7fdbe5747640 1 --2- >> [v2:172.21.15.167:3300/0,v1:172.21.15.167:6789/0] conn(0x7fdbe01050c0 0x7fdbe01054c0 unknown :-1 s=NONE pgs=0 cs=0 l=0 rev1=0 crypto rx=0 tx=0 comp rx=0 tx=0).connect
2024-06-18T12:58:19.751 INFO:teuthology.orchestra.run.smithi167.stdout:/usr/bin/ceph: stderr
2024-06-18T12:58:18.945+0000 7fdbe5747640 1 -- --> [v2:172.21.15.167:3300/0,v1:172.21.15.167:6789/0] -- mon_getmap magic: 0 -- 0x7fdbe0105a90 con 0x7fdbe01050c0
2024-06-18T12:58:19.751 INFO:teuthology.orchestra.run.smithi167.stdout:/usr/bin/ceph: stderr
2024-06-18T12:58:18.945+0000 7fdbdeffd640 1 --2- >> [v2:172.21.15.167:3300/0,v1:172.21.15.167:6789/0] conn(0x7fdbe01050c0 0x7fdbe01054c0 unknown :-1 s=BANNER_CONNECTING pgs=0 cs=0 l=0 rev1=0 crypto rx=0 tx=0 comp rx=0 tx=0)._handle_peer_banner_payload supported=3 required=0
2024-06-18T12:58:19.751 INFO:teuthology.orchestra.run.smithi167.stdout:/usr/bin/ceph: stderr
2024-06-18T12:58:18.945+0000 7fdbdeffd640 1 --2- >> [v2:172.21.15.167:3300/0,v1:172.21.15.167:6789/0] conn(0x7fdbe01050c0 0x7fdbe01054c0 unknown :-1 s=HELLO_CONNECTING pgs=0 cs=0 l=0 rev1=1 crypto rx=0 tx=0 comp rx=0 tx=0).handle_hello peer v2:172.21.15.167:3300/0 says I am v2:172.21.15.167:41792/0 (socket says 172.21.15.167:41792)
2024-06-18T12:58:19.751 INFO:teuthology.orchestra.run.smithi167.stdout:/usr/bin/ceph: stderr
2024-06-18T12:58:18.945+0000 7fdbdeffd640 1 -- 172.21.15.167:0/1941363877 learned_addr learned my addr 172.21.15.167:0/1941363877 (peer_addr_for_me v2:172.21.15.167:0/0)
2024-06-18T12:58:19.751 INFO:teuthology.orchestra.run.smithi167.stdout:/usr/bin/ceph: stderr
2024-06-18T12:58:18.946+0000 7fdbdeffd640 1 -- 172.21.15.167:0/1941363877 --> [v2:172.21.15.167:3300/0,v1:172.21.15.167:6789/0] -- mon_subscribe({config=0+,monmap=0+}) -- 0x7fdbe01062c0 con 0x7fdbe01050c0
2024-06-18T12:58:19.751 INFO:teuthology.orchestra.run.smithi167.stdout:/usr/bin/ceph: stderr
2024-06-18T12:58:18.946+0000 7fdbdeffd640 1 --2- 172.21.15.167:0/1941363877 >> [v2:172.21.15.167:3300/0,v1:172.21.15.167:6789/0] conn(0x7fdbe01050c0 0x7fdbe01054c0 secure :-1 s=READY pgs=72 cs=0 l=1 rev1=1 crypto rx=0x7fdbd0009e80 tx=0x7fdbd002a7a0 comp rx=0 tx=0).ready entity=mon.0 client_cookie=cdfef85704cbb1f0 server_cookie=0 in_seq=0 out_seq=0
2024-06-18T12:58:19.751 INFO:teuthology.orchestra.run.smithi167.stdout:/usr/bin/ceph: stderr
2024-06-18T12:58:18.946+0000 7fdbddffb640 1 -- 172.21.15.167:0/1941363877 <== mon.0 v2:172.21.15.167:3300/0 1 ==== mon_map magic: 0 ==== 205+0+0 (secure 0 0 0) 0x7fdbd0036070 con 0x7fdbe01050c0
2024-06-18T12:58:19.752 INFO:teuthology.orchestra.run.smithi167.stdout:/usr/bin/ceph: stderr
2024-06-18T12:58:18.946+0000 7fdbddffb640 1 -- 172.21.15.167:0/1941363877 <== mon.0 v2:172.21.15.167:3300/0 2 ==== config(24 keys) ==== 1042+0+0 (secure 0 0 0) 0x7fdbd0031880 con 0x7fdbe01050c0
2024-06-18T12:58:19.752 INFO:teuthology.orchestra.run.smithi167.stdout:/usr/bin/ceph: stderr
2024-06-18T12:58:18.946+0000 7fdbddffb640 1 -- 172.21.15.167:0/1941363877 <== mon.0 v2:172.21.15.167:3300/0 3 ==== mon_map magic: 0 ==== 205+0+0 (secure 0 0 0) 0x7fdbd00077f0 con 0x7fdbe01050c0
2024-06-18T12:58:19.752 INFO:teuthology.orchestra.run.smithi167.stdout:/usr/bin/ceph: stderr
2024-06-18T12:58:18.947+0000 7fdbe5747640 1 -- 172.21.15.167:0/1941363877 >> [v2:172.21.15.167:3300/0,v1:172.21.15.167:6789/0] conn(0x7fdbe01050c0 msgr2=0x7fdbe01054c0 secure :-1 s=STATE_CONNECTION_ESTABLISHED l=1).mark_down
2024-06-18T12:58:19.752 INFO:teuthology.orchestra.run.smithi167.stdout:/usr/bin/ceph: stderr
2024-06-18T12:58:18.947+0000 7fdbe5747640 1 --2- 172.21.15.167:0/1941363877 >> [v2:172.21.15.167:3300/0,v1:172.21.15.167:6789/0] conn(0x7fdbe01050c0 0x7fdbe01054c0 secure :-1 s=READY pgs=72 cs=0 l=1 rev1=1 crypto rx=0x7fdbd0009e80 tx=0x7fdbd002a7a0 comp rx=0 tx=0).stop
2024-06-18T12:58:19.752 INFO:teuthology.orchestra.run.smithi167.stdout:/usr/bin/ceph: stderr
2024-06-18T12:58:18.947+0000 7fdbe5747640 1 -- 172.21.15.167:0/1941363877 shutdown_connections
2024-06-18T12:58:19.752 INFO:teuthology.orchestra.run.smithi167.stdout:/usr/bin/ceph: stderr
2024-06-18T12:58:18.947+0000 7fdbe5747640 1 --2- 172.21.15.167:0/1941363877 >> [v2:172.21.15.167:3300/0,v1:172.21.15.167:6789/0] conn(0x7fdbe01050c0 0x7fdbe01054c0 unknown :-1 s=CLOSED pgs=72 cs=0 l=1 rev1=1 crypto rx=0 tx=0 comp rx=0 tx=0).stop
2024-06-18T12:58:19.752 INFO:teuthology.orchestra.run.smithi167.stdout:/usr/bin/ceph: stderr
2024-06-18T12:58:18.947+0000 7fdbe5747640 1 -- 172.21.15.167:0/1941363877 >> 172.21.15.167:0/1941363877 conn(0x7fdbe01008b0 msgr2=0x7fdbe0102cd0 unknown :-1 s=STATE_NONE l=0).mark_down
2024-06-18T12:58:19.752 INFO:teuthology.orchestra.run.smithi167.stdout:/usr/bin/ceph: stderr
2024-06-18T12:58:18.947+0000 7fdbe5747640 1 -- 172.21.15.167:0/1941363877 shutdown_connections
2024-06-18T12:58:19.752 INFO:teuthology.orchestra.run.smithi167.stdout:/usr/bin/ceph: stderr
2024-06-18T12:58:18.947+0000 7fdbe5747640 1 -- 172.21.15.167:0/1941363877 wait complete.
2024-06-18T12:58:19.752 INFO:teuthology.orchestra.run.smithi167.stdout:/usr/bin/ceph: stderr
2024-06-18T12:58:18.948+0000 7fdbe5747640 1 Processor -- start
2024-06-18T12:58:19.752 INFO:teuthology.orchestra.run.smithi167.stdout:/usr/bin/ceph: stderr
2024-06-18T12:58:18.948+0000 7fdbe5747640 1 -- start start
2024-06-18T12:58:19.752 INFO:teuthology.orchestra.run.smithi167.stdout:/usr/bin/ceph: stderr
2024-06-18T12:58:18.948+0000 7fdbe5747640 1 --2- >> [v2:172.21.15.167:3300/0,v1:172.21.15.167:6789/0] conn(0x7fdbe01050c0 0x7fdbe0198fd0 unknown :-1 s=NONE pgs=0 cs=0 l=1 rev1=0 crypto rx=0 tx=0 comp rx=0 tx=0).connect
2024-06-18T12:58:19.752 INFO:teuthology.orchestra.run.smithi167.stdout:/usr/bin/ceph: stderr
2024-06-18T12:58:18.948+0000 7fdbe5747640 1 -- --> [v2:172.21.15.167:3300/0,v1:172.21.15.167:6789/0] -- mon_getmap magic: 0 -- 0x7fdbe0109670 con 0x7fdbe01050c0
2024-06-18T12:58:19.753 INFO:teuthology.orchestra.run.smithi167.stdout:/usr/bin/ceph: stderr
2024-06-18T12:58:18.948+0000 7fdbdeffd640 1 --2- >> [v2:172.21.15.167:3300/0,v1:172.21.15.167:6789/0] conn(0x7fdbe01050c0 0x7fdbe0198fd0 unknown :-1 s=BANNER_CONNECTING pgs=0 cs=0 l=1 rev1=0 crypto rx=0 tx=0 comp rx=0 tx=0)._handle_peer_banner_payload supported=3 required=0
2024-06-18T12:58:19.753 INFO:teuthology.orchestra.run.smithi167.stdout:/usr/bin/ceph: stderr
2024-06-18T12:58:18.948+0000 7fdbdeffd640 1 --2- >> [v2:172.21.15.167:3300/0,v1:172.21.15.167:6789/0] conn(0x7fdbe01050c0 0x7fdbe0198fd0 unknown :-1 s=HELLO_CONNECTING pgs=0 cs=0 l=1 rev1=1 crypto rx=0 tx=0 comp rx=0 tx=0).handle_hello peer v2:172.21.15.167:3300/0 says I am v2:172.21.15.167:41802/0 (socket says 172.21.15.167:41802)
2024-06-18T12:58:19.753 INFO:teuthology.orchestra.run.smithi167.stdout:/usr/bin/ceph: stderr
2024-06-18T12:58:18.948+0000 7fdbdeffd640 1 -- 172.21.15.167:0/3197917979 learned_addr learned my addr 172.21.15.167:0/3197917979 (peer_addr_for_me v2:172.21.15.167:0/0)
2024-06-18T12:58:19.753 INFO:teuthology.orchestra.run.smithi167.stdout:/usr/bin/ceph: stderr
2024-06-18T12:58:18.948+0000 7fdbdeffd640 1 -- 172.21.15.167:0/3197917979 --> [v2:172.21.15.167:3300/0,v1:172.21.15.167:6789/0] -- mon_subscribe({config=0+,monmap=0+}) -- 0x7fdbe0199510 con 0x7fdbe01050c0
2024-06-18T12:58:19.753 INFO:teuthology.orchestra.run.smithi167.stdout:/usr/bin/ceph: stderr
2024-06-18T12:58:18.948+0000 7fdbdeffd640 1 --2- 172.21.15.167:0/3197917979 >> [v2:172.21.15.167:3300/0,v1:172.21.15.167:6789/0] conn(0x7fdbe01050c0 0x7fdbe0198fd0 secure :-1 s=READY pgs=73 cs=0 l=1 rev1=1 crypto rx=0x7fdbd002acc0 tx=0x7fdbd0031630 comp rx=0 tx=0).ready entity=mon.0 client_cookie=0 server_cookie=0 in_seq=0 out_seq=0
2024-06-18T12:58:19.753 INFO:teuthology.orchestra.run.smithi167.stdout:/usr/bin/ceph: stderr
2024-06-18T12:58:18.949+0000 7fdbc7fff640 1 -- 172.21.15.167:0/3197917979 <== mon.0 v2:172.21.15.167:3300/0 1 ==== mon_map magic: 0 ==== 205+0+0 (secure 0 0 0) 0x7fdbd0041030 con 0x7fdbe01050c0
2024-06-18T12:58:19.753 INFO:teuthology.orchestra.run.smithi167.stdout:/usr/bin/ceph: stderr
2024-06-18T12:58:18.949+0000 7fdbc7fff640 1 -- 172.21.15.167:0/3197917979 <== mon.0 v2:172.21.15.167:3300/0 2 ==== config(24 keys) ==== 1042+0+0 (secure 0 0 0) 0x7fdbd0007c20 con 0x7fdbe01050c0
2024-06-18T12:58:19.753 INFO:teuthology.orchestra.run.smithi167.stdout:/usr/bin/ceph: stderr
2024-06-18T12:58:18.949+0000 7fdbe5747640 1 -- 172.21.15.167:0/3197917979 --> [v2:172.21.15.167:3300/0,v1:172.21.15.167:6789/0] -- mon_subscribe({mgrmap=0+}) -- 0x7fdbe01997a0 con 0x7fdbe01050c0
2024-06-18T12:58:19.753 INFO:teuthology.orchestra.run.smithi167.stdout:/usr/bin/ceph: stderr
2024-06-18T12:58:18.949+0000 7fdbc7fff640 1 -- 172.21.15.167:0/3197917979 <== mon.0 v2:172.21.15.167:3300/0 3 ==== mon_map magic: 0 ==== 205+0+0 (secure 0 0 0) 0x7fdbd0036040 con 0x7fdbe01050c0
2024-06-18T12:58:19.753 INFO:teuthology.orchestra.run.smithi167.stdout:/usr/bin/ceph: stderr
2024-06-18T12:58:18.949+0000 7fdbe5747640 1 -- 172.21.15.167:0/3197917979 --> [v2:172.21.15.167:3300/0,v1:172.21.15.167:6789/0] -- mon_subscribe({osdmap=0}) -- 0x7fdbe019c490 con 0x7fdbe01050c0
2024-06-18T12:58:19.753 INFO:teuthology.orchestra.run.smithi167.stdout:/usr/bin/ceph: stderr
2024-06-18T12:58:18.950+0000 7fdbc7fff640 1 -- 172.21.15.167:0/3197917979 <== mon.0 v2:172.21.15.167:3300/0 4 ==== mgrmap(e 12) ==== 46300+0+0 (secure 0 0 0) 0x7fdbd0044070 con 0x7fdbe01050c0
2024-06-18T12:58:19.753 INFO:teuthology.orchestra.run.smithi167.stdout:/usr/bin/ceph: stderr
2024-06-18T12:58:18.950+0000 7fdbe5747640 1 -- 172.21.15.167:0/3197917979 --> [v2:172.21.15.167:3300/0,v1:172.21.15.167:6789/0] -- mon_command({"prefix": "get_command_descriptions"} v 0) -- 0x7fdbe0105540 con 0x7fdbe01050c0
2024-06-18T12:58:19.753 INFO:teuthology.orchestra.run.smithi167.stdout:/usr/bin/ceph: stderr
2024-06-18T12:58:18.950+0000 7fdbc7fff640 1 --2- 172.21.15.167:0/3197917979 >> [v2:172.21.15.167:6800/1145517801,v1:172.21.15.167:6801/1145517801] conn(0x7fdbc8039020 0x7fdbc803b4e0 unknown :-1 s=NONE pgs=0 cs=0 l=1 rev1=0 crypto rx=0 tx=0 comp rx=0 tx=0).connect
2024-06-18T12:58:19.753 INFO:teuthology.orchestra.run.smithi167.stdout:/usr/bin/ceph: stderr
2024-06-18T12:58:18.950+0000 7fdbc7fff640 1 -- 172.21.15.167:0/3197917979 <== mon.0 v2:172.21.15.167:3300/0 5 ==== osd_map(3..3 src has 1..3) ==== 1155+0+0 (secure 0 0 0) 0x7fdbd0042070 con 0x7fdbe01050c0
2024-06-18T12:58:19.754 INFO:teuthology.orchestra.run.smithi167.stdout:/usr/bin/ceph: stderr
2024-06-18T12:58:18.950+0000 7fdbde7fc640 1 --2- 172.21.15.167:0/3197917979 >> [v2:172.21.15.167:6800/1145517801,v1:172.21.15.167:6801/1145517801] conn(0x7fdbc8039020 0x7fdbc803b4e0 unknown :-1 s=BANNER_CONNECTING pgs=0 cs=0 l=1 rev1=0 crypto rx=0 tx=0 comp rx=0 tx=0)._handle_peer_banner_payload supported=3 required=0
2024-06-18T12:58:19.754 INFO:teuthology.orchestra.run.smithi167.stdout:/usr/bin/ceph: stderr
2024-06-18T12:58:18.951+0000 7fdbde7fc640 1 --2- 172.21.15.167:0/3197917979 >> [v2:172.21.15.167:6800/1145517801,v1:172.21.15.167:6801/1145517801] conn(0x7fdbc8039020 0x7fdbc803b4e0 secure :-1 s=READY pgs=9 cs=0 l=1 rev1=1 crypto rx=0x7fdbd40098c0 tx=0x7fdbd4006db0 comp rx=0 tx=0).ready entity=mgr.14150 client_cookie=0 server_cookie=0 in_seq=0 out_seq=0
2024-06-18T12:58:19.754 INFO:teuthology.orchestra.run.smithi167.stdout:/usr/bin/ceph: stderr
2024-06-18T12:58:18.955+0000 7fdbc7fff640 1 -- 172.21.15.167:0/3197917979 <== mon.0 v2:172.21.15.167:3300/0 6 ==== mon_command_ack([{"prefix": "get_command_descriptions"}]=0 v0) ==== 72+0+186542 (secure 0 0 0) 0x7fdbd004b070 con 0x7fdbe01050c0
2024-06-18T12:58:19.754 INFO:teuthology.orchestra.run.smithi167.stdout:/usr/bin/ceph: stderr
2024-06-18T12:58:19.131+0000 7fdbe5747640 1 -- 172.21.15.167:0/3197917979 --> [v2:172.21.15.167:3300/0,v1:172.21.15.167:6789/0] -- mon_command({"prefix": "config get", "who": "mgr", "key": "mgr/dashboard/ssl_server_port"} v 0) -- 0x7fdbe019c920 con 0x7fdbe01050c0
2024-06-18T12:58:19.754 INFO:teuthology.orchestra.run.smithi167.stdout:/usr/bin/ceph: stderr
2024-06-18T12:58:19.131+0000 7fdbc7fff640 1 -- 172.21.15.167:0/3197917979 <== mon.0 v2:172.21.15.167:3300/0 7 ==== mon_command_ack([{"prefix": "config get", "who": "mgr", "key": "mgr/dashboard/ssl_server_port"}]=0 v8) ==== 112+0+5 (secure 0 0 0) 0x7fdbd003de00 con 0x7fdbe01050c0
2024-06-18T12:58:19.754 INFO:teuthology.orchestra.run.smithi167.stdout:/usr/bin/ceph: stderr
2024-06-18T12:58:19.133+0000 7fdbe5747640 1 -- 172.21.15.167:0/3197917979 >> [v2:172.21.15.167:6800/1145517801,v1:172.21.15.167:6801/1145517801] conn(0x7fdbc8039020 msgr2=0x7fdbc803b4e0 secure :-1 s=STATE_CONNECTION_ESTABLISHED l=1).mark_down
2024-06-18T12:58:19.754 INFO:teuthology.orchestra.run.smithi167.stdout:/usr/bin/ceph: stderr
2024-06-18T12:58:19.133+0000 7fdbe5747640 1 --2- 172.21.15.167:0/3197917979 >> [v2:172.21.15.167:6800/1145517801,v1:172.21.15.167:6801/1145517801] conn(0x7fdbc8039020 0x7fdbc803b4e0 secure :-1 s=READY pgs=9 cs=0 l=1 rev1=1 crypto rx=0x7fdbd40098c0 tx=0x7fdbd4006db0 comp rx=0 tx=0).stop
2024-06-18T12:58:19.754 INFO:teuthology.orchestra.run.smithi167.stdout:/usr/bin/ceph: stderr
2024-06-18T12:58:19.133+0000 7fdbe5747640 1 -- 172.21.15.167:0/3197917979 >> [v2:172.21.15.167:3300/0,v1:172.21.15.167:6789/0] conn(0x7fdbe01050c0 msgr2=0x7fdbe0198fd0 secure :-1 s=STATE_CONNECTION_ESTABLISHED l=1).mark_down
2024-06-18T12:58:19.754 INFO:teuthology.orchestra.run.smithi167.stdout:/usr/bin/ceph: stderr
2024-06-18T12:58:19.133+0000 7fdbe5747640 1 --2- 172.21.15.167:0/3197917979 >> [v2:172.21.15.167:3300/0,v1:172.21.15.167:6789/0] conn(0x7fdbe01050c0 0x7fdbe0198fd0 secure :-1 s=READY pgs=73 cs=0 l=1 rev1=1 crypto rx=0x7fdbd002acc0 tx=0x7fdbd0031630 comp rx=0 tx=0).stop
2024-06-18T12:58:19.754 INFO:teuthology.orchestra.run.smithi167.stdout:/usr/bin/ceph: stderr
2024-06-18T12:58:19.134+0000 7fdbe5747640 1 -- 172.21.15.167:0/3197917979 shutdown_connections
2024-06-18T12:58:19.754 INFO:teuthology.orchestra.run.smithi167.stdout:/usr/bin/ceph: stderr
2024-06-18T12:58:19.134+0000 7fdbe5747640 1 --2- 172.21.15.167:0/3197917979 >> [v2:172.21.15.167:6800/1145517801,v1:172.21.15.167:6801/1145517801] conn(0x7fdbc8039020 0x7fdbc803b4e0 unknown :-1 s=CLOSED pgs=9 cs=0 l=1 rev1=1 crypto rx=0 tx=0 comp rx=0 tx=0).stop
2024-06-18T12:58:19.754 INFO:teuthology.orchestra.run.smithi167.stdout:/usr/bin/ceph: stderr
2024-06-18T12:58:19.134+0000 7fdbe5747640 1 --2- 172.21.15.167:0/3197917979 >> [v2:172.21.15.167:3300/0,v1:172.21.15.167:6789/0] conn(0x7fdbe01050c0 0x7fdbe0198fd0 unknown :-1 s=CLOSED pgs=73 cs=0 l=1 rev1=1 crypto rx=0 tx=0 comp rx=0 tx=0).stop
2024-06-18T12:58:19.755 INFO:teuthology.orchestra.run.smithi167.stdout:/usr/bin/ceph: stderr
2024-06-18T12:58:19.134+0000 7fdbe5747640 1 -- 172.21.15.167:0/3197917979 >> 172.21.15.167:0/3197917979 conn(0x7fdbe01008b0 msgr2=0x7fdbe01013e0 unknown :-1 s=STATE_NONE l=0).mark_down
2024-06-18T12:58:19.755 INFO:teuthology.orchestra.run.smithi167.stdout:/usr/bin/ceph: stderr
2024-06-18T12:58:19.134+0000 7fdbe5747640 1 -- 172.21.15.167:0/3197917979 shutdown_connections
2024-06-18T12:58:19.755 INFO:teuthology.orchestra.run.smithi167.stdout:/usr/bin/ceph: stderr
2024-06-18T12:58:19.134+0000 7fdbe5747640 1 -- 172.21.15.167:0/3197917979 wait complete.
2024-06-18T12:58:19.758 INFO:teuthology.orchestra.run.smithi167.stdout:Non-zero exit code 1 from systemctl is-enabled firewalld.service
2024-06-18T12:58:19.758 INFO:teuthology.orchestra.run.smithi167.stdout:systemctl: stdout disabled
2024-06-18T12:58:19.766 INFO:teuthology.orchestra.run.smithi167.stdout:Non-zero exit code 3 from systemctl is-active firewalld.service
2024-06-18T12:58:19.766 INFO:teuthology.orchestra.run.smithi167.stdout:systemctl: stdout inactive
2024-06-18T12:58:19.766 INFO:teuthology.orchestra.run.smithi167.stdout:firewalld.service is not enabled
2024-06-18T12:58:19.766 INFO:teuthology.orchestra.run.smithi167.stdout:Not possible to open ports <[8443]>. firewalld.service is not available
2024-06-18T12:58:19.768 INFO:teuthology.orchestra.run.smithi167.stdout:Ceph Dashboard is now available at:
2024-06-18T12:58:19.768 INFO:teuthology.orchestra.run.smithi167.stdout:
2024-06-18T12:58:19.768 INFO:teuthology.orchestra.run.smithi167.stdout: URL: https://smithi167.front.sepia.ceph.com:8443/
2024-06-18T12:58:19.768 INFO:teuthology.orchestra.run.smithi167.stdout: User: admin
2024-06-18T12:58:19.768 INFO:teuthology.orchestra.run.smithi167.stdout: Password: t592wxvsh5
2024-06-18T12:58:19.768 INFO:teuthology.orchestra.run.smithi167.stdout:
2024-06-18T12:58:19.769 INFO:teuthology.orchestra.run.smithi167.stdout:Saving cluster configuration to /var/lib/ceph/3434f1e2-2d72-11ef-bc9d-c7b262605968/config directory
2024-06-18T12:58:19.769 INFO:teuthology.orchestra.run.smithi167.stdout:Enabling autotune for osd_memory_target
2024-06-18T12:58:20.642 INFO:journalctl@ceph.mon.a.smithi167.stdout:Jun 18 12:58:20 smithi167 ceph-mon[29496]: mgrmap e13: y(active, since 6s)
2024-06-18T12:58:20.883 INFO:teuthology.orchestra.run.smithi167.stdout:/usr/bin/ceph: stderr
2024-06-18T12:58:20.162+0000 7f0ebce73640 1 Processor -- start
2024-06-18T12:58:20.883 INFO:teuthology.orchestra.run.smithi167.stdout:/usr/bin/ceph: stderr
2024-06-18T12:58:20.162+0000 7f0ebce73640 1 -- start start
2024-06-18T12:58:20.883 INFO:teuthology.orchestra.run.smithi167.stdout:/usr/bin/ceph: stderr
2024-06-18T12:58:20.162+0000 7f0ebce73640 1 --2- >> [v2:172.21.15.167:3300/0,v1:172.21.15.167:6789/0] conn(0x7f0eb81050c0 0x7f0eb81054c0 unknown :-1 s=NONE pgs=0 cs=0 l=0 rev1=0 crypto rx=0 tx=0 comp rx=0 tx=0).connect
2024-06-18T12:58:20.883 INFO:teuthology.orchestra.run.smithi167.stdout:/usr/bin/ceph: stderr
2024-06-18T12:58:20.162+0000 7f0ebce73640 1 -- --> [v2:172.21.15.167:3300/0,v1:172.21.15.167:6789/0] -- mon_getmap magic: 0 -- 0x7f0eb8105a90 con 0x7f0eb81050c0
2024-06-18T12:58:20.884 INFO:teuthology.orchestra.run.smithi167.stdout:/usr/bin/ceph: stderr
2024-06-18T12:58:20.162+0000 7f0eb659c640 1 --2- >> [v2:172.21.15.167:3300/0,v1:172.21.15.167:6789/0] conn(0x7f0eb81050c0 0x7f0eb81054c0 unknown :-1 s=BANNER_CONNECTING pgs=0 cs=0 l=0 rev1=0 crypto rx=0 tx=0 comp rx=0 tx=0)._handle_peer_banner_payload supported=3 required=0
2024-06-18T12:58:20.884 INFO:teuthology.orchestra.run.smithi167.stdout:/usr/bin/ceph: stderr
2024-06-18T12:58:20.162+0000 7f0eb659c640 1 --2- >> [v2:172.21.15.167:3300/0,v1:172.21.15.167:6789/0] conn(0x7f0eb81050c0 0x7f0eb81054c0 unknown :-1 s=HELLO_CONNECTING pgs=0 cs=0 l=0 rev1=1 crypto rx=0 tx=0 comp rx=0 tx=0).handle_hello peer v2:172.21.15.167:3300/0 says I am v2:172.21.15.167:41810/0 (socket says 172.21.15.167:41810)
2024-06-18T12:58:20.884 INFO:teuthology.orchestra.run.smithi167.stdout:/usr/bin/ceph: stderr
2024-06-18T12:58:20.162+0000 7f0eb659c640 1 -- 172.21.15.167:0/798596225 learned_addr learned my addr 172.21.15.167:0/798596225 (peer_addr_for_me v2:172.21.15.167:0/0)
2024-06-18T12:58:20.884 INFO:teuthology.orchestra.run.smithi167.stdout:/usr/bin/ceph: stderr
2024-06-18T12:58:20.163+0000 7f0eb659c640 1 -- 172.21.15.167:0/798596225 --> [v2:172.21.15.167:3300/0,v1:172.21.15.167:6789/0] -- mon_subscribe({config=0+,monmap=0+}) -- 0x7f0eb81062c0 con 0x7f0eb81050c0
2024-06-18T12:58:20.884 INFO:teuthology.orchestra.run.smithi167.stdout:/usr/bin/ceph: stderr
2024-06-18T12:58:20.163+0000 7f0eb659c640 1 --2- 172.21.15.167:0/798596225 >> [v2:172.21.15.167:3300/0,v1:172.21.15.167:6789/0] conn(0x7f0eb81050c0 0x7f0eb81054c0 secure :-1 s=READY pgs=74 cs=0 l=1 rev1=1 crypto rx=0x7f0ea8009820 tx=0x7f0ea802a270 comp rx=0 tx=0).ready entity=mon.0 client_cookie=c3b958f26c1ae534 server_cookie=0 in_seq=0 out_seq=0
2024-06-18T12:58:20.884 INFO:teuthology.orchestra.run.smithi167.stdout:/usr/bin/ceph: stderr
2024-06-18T12:58:20.163+0000 7f0eb559a640 1 -- 172.21.15.167:0/798596225 <== mon.0 v2:172.21.15.167:3300/0 1 ==== mon_map magic: 0 ==== 205+0+0 (secure 0 0 0) 0x7f0ea8037070 con 0x7f0eb81050c0
2024-06-18T12:58:20.884 INFO:teuthology.orchestra.run.smithi167.stdout:/usr/bin/ceph: stderr
2024-06-18T12:58:20.164+0000 7f0eb559a640 1 -- 172.21.15.167:0/798596225 <== mon.0 v2:172.21.15.167:3300/0 2 ==== config(24 keys) ==== 1042+0+0 (secure 0 0 0) 0x7f0ea80328c0 con 0x7f0eb81050c0
2024-06-18T12:58:20.884 INFO:teuthology.orchestra.run.smithi167.stdout:/usr/bin/ceph: stderr
2024-06-18T12:58:20.164+0000 7f0eb559a640 1 -- 172.21.15.167:0/798596225 <== mon.0 v2:172.21.15.167:3300/0 3 ==== mon_map magic: 0 ==== 205+0+0 (secure 0 0 0) 0x7f0ea8030600 con 0x7f0eb81050c0
2024-06-18T12:58:20.884 INFO:teuthology.orchestra.run.smithi167.stdout:/usr/bin/ceph: stderr
2024-06-18T12:58:20.164+0000 7f0ebce73640 1 -- 172.21.15.167:0/798596225 >> [v2:172.21.15.167:3300/0,v1:172.21.15.167:6789/0] conn(0x7f0eb81050c0 msgr2=0x7f0eb81054c0 secure :-1 s=STATE_CONNECTION_ESTABLISHED l=1).mark_down
2024-06-18T12:58:20.884 INFO:teuthology.orchestra.run.smithi167.stdout:/usr/bin/ceph: stderr
2024-06-18T12:58:20.164+0000 7f0ebce73640 1 --2- 172.21.15.167:0/798596225 >> [v2:172.21.15.167:3300/0,v1:172.21.15.167:6789/0] conn(0x7f0eb81050c0 0x7f0eb81054c0 secure :-1 s=READY pgs=74 cs=0 l=1 rev1=1 crypto rx=0x7f0ea8009820 tx=0x7f0ea802a270 comp rx=0 tx=0).stop
2024-06-18T12:58:20.884 INFO:teuthology.orchestra.run.smithi167.stdout:/usr/bin/ceph: stderr
2024-06-18T12:58:20.164+0000 7f0ebce73640 1 -- 172.21.15.167:0/798596225 shutdown_connections
2024-06-18T12:58:20.884 INFO:teuthology.orchestra.run.smithi167.stdout:/usr/bin/ceph: stderr
2024-06-18T12:58:20.164+0000 7f0ebce73640 1 --2- 172.21.15.167:0/798596225 >> [v2:172.21.15.167:3300/0,v1:172.21.15.167:6789/0] conn(0x7f0eb81050c0 0x7f0eb81054c0 unknown :-1 s=CLOSED pgs=74 cs=0 l=1 rev1=1 crypto rx=0 tx=0 comp rx=0 tx=0).stop
2024-06-18T12:58:20.884 INFO:teuthology.orchestra.run.smithi167.stdout:/usr/bin/ceph: stderr
2024-06-18T12:58:20.164+0000 7f0ebce73640 1 -- 172.21.15.167:0/798596225 >> 172.21.15.167:0/798596225 conn(0x7f0eb81008b0 msgr2=0x7f0eb8102cd0 unknown :-1 s=STATE_NONE l=0).mark_down
2024-06-18T12:58:20.885 INFO:teuthology.orchestra.run.smithi167.stdout:/usr/bin/ceph: stderr
2024-06-18T12:58:20.164+0000 7f0ebce73640 1 -- 172.21.15.167:0/798596225 shutdown_connections
2024-06-18T12:58:20.885 INFO:teuthology.orchestra.run.smithi167.stdout:/usr/bin/ceph: stderr
2024-06-18T12:58:20.164+0000 7f0ebce73640 1 -- 172.21.15.167:0/798596225 wait complete.
2024-06-18T12:58:20.885 INFO:teuthology.orchestra.run.smithi167.stdout:/usr/bin/ceph: stderr
2024-06-18T12:58:20.165+0000 7f0ebce73640 1 Processor -- start
2024-06-18T12:58:20.885 INFO:teuthology.orchestra.run.smithi167.stdout:/usr/bin/ceph: stderr
2024-06-18T12:58:20.165+0000 7f0ebce73640 1 -- start start
2024-06-18T12:58:20.885 INFO:teuthology.orchestra.run.smithi167.stdout:/usr/bin/ceph: stderr
2024-06-18T12:58:20.165+0000 7f0ebce73640 1 --2- >> [v2:172.21.15.167:3300/0,v1:172.21.15.167:6789/0] conn(0x7f0eb81050c0 0x7f0eb8198f30 unknown :-1 s=NONE pgs=0 cs=0 l=1 rev1=0 crypto rx=0 tx=0 comp rx=0 tx=0).connect
2024-06-18T12:58:20.885 INFO:teuthology.orchestra.run.smithi167.stdout:/usr/bin/ceph: stderr
2024-06-18T12:58:20.165+0000 7f0ebce73640 1 -- --> [v2:172.21.15.167:3300/0,v1:172.21.15.167:6789/0] -- mon_getmap magic: 0 -- 0x7f0eb8109670 con 0x7f0eb81050c0
