2024-06-18T12:57:57.959+0000 7f69e6ffd640 1 -- 172.21.15.167:0/3940880035 <== mon.0 v2:172.21.15.167:3300/0 5 ==== osd_map(2..2 src has 1..2) ==== 940+0+0 (secure 0 0 0) 0x7f69ec06c1c0 con 0x7f69f0105070
2024-06-18T12:58:01.836 INFO:teuthology.orchestra.run.smithi167.stdout:/usr/bin/ceph: stderr
2024-06-18T12:57:57.959+0000 7f69f5320640 1 --2- 172.21.15.167:0/3940880035 >> [v2:172.21.15.167:6800/1873453520,v1:172.21.15.167:6801/1873453520] conn(0x7f69dc038fc0 0x7f69dc03b480 unknown :-1 s=BANNER_CONNECTING pgs=0 cs=0 l=1 rev1=0 crypto rx=0 tx=0 comp rx=0 tx=0)._handle_peer_banner_payload supported=3 required=0
2024-06-18T12:58:01.836 INFO:teuthology.orchestra.run.smithi167.stdout:/usr/bin/ceph: stderr
2024-06-18T12:57:57.959+0000 7f69f5320640 1 --2- 172.21.15.167:0/3940880035 >> [v2:172.21.15.167:6800/1873453520,v1:172.21.15.167:6801/1873453520] conn(0x7f69dc038fc0 0x7f69dc03b480 secure :-1 s=READY pgs=11 cs=0 l=1 rev1=1 crypto rx=0x7f69e00098c0 tx=0x7f69e0006db0 comp rx=0 tx=0).ready entity=mgr.14118 client_cookie=0 server_cookie=0 in_seq=0 out_seq=0
2024-06-18T12:58:01.836 INFO:teuthology.orchestra.run.smithi167.stdout:/usr/bin/ceph: stderr
2024-06-18T12:57:57.963+0000 7f69e6ffd640 1 -- 172.21.15.167:0/3940880035 <== mon.0 v2:172.21.15.167:3300/0 6 ==== mon_command_ack([{"prefix": "get_command_descriptions"}]=0 v0) ==== 72+0+186542 (secure 0 0 0) 0x7f69ec02e200 con 0x7f69f0105070
2024-06-18T12:58:01.836 INFO:teuthology.orchestra.run.smithi167.stdout:/usr/bin/ceph: stderr
2024-06-18T12:57:58.141+0000 7f69f7d85640 1 -- 172.21.15.167:0/3940880035 --> [v2:172.21.15.167:6800/1873453520,v1:172.21.15.167:6801/1873453520] -- mgr_command(tid 0: {"prefix": "orch host add", "hostname": "smithi167", "addr": "172.21.15.167", "target": ["mon-mgr", ""]}) -- 0x7f69f0101b10 con 0x7f69dc038fc0
2024-06-18T12:58:01.836 INFO:teuthology.orchestra.run.smithi167.stdout:/usr/bin/ceph: stderr
2024-06-18T12:58:01.349+0000 7f69e6ffd640 1 -- 172.21.15.167:0/3940880035 <== mgr.14118 v2:172.21.15.167:6800/1873453520 1 ==== mgr_command_reply(tid 0: 0 ) ==== 8+0+49 (secure 0 0 0) 0x7f69f0101b10 con 0x7f69dc038fc0
2024-06-18T12:58:01.837 INFO:teuthology.orchestra.run.smithi167.stdout:/usr/bin/ceph: stderr
2024-06-18T12:58:01.352+0000 7f69f7d85640 1 -- 172.21.15.167:0/3940880035 >> [v2:172.21.15.167:6800/1873453520,v1:172.21.15.167:6801/1873453520] conn(0x7f69dc038fc0 msgr2=0x7f69dc03b480 secure :-1 s=STATE_CONNECTION_ESTABLISHED l=1).mark_down
2024-06-18T12:58:01.837 INFO:teuthology.orchestra.run.smithi167.stdout:/usr/bin/ceph: stderr
2024-06-18T12:58:01.352+0000 7f69f7d85640 1 --2- 172.21.15.167:0/3940880035 >> [v2:172.21.15.167:6800/1873453520,v1:172.21.15.167:6801/1873453520] conn(0x7f69dc038fc0 0x7f69dc03b480 secure :-1 s=READY pgs=11 cs=0 l=1 rev1=1 crypto rx=0x7f69e00098c0 tx=0x7f69e0006db0 comp rx=0 tx=0).stop
2024-06-18T12:58:01.837 INFO:teuthology.orchestra.run.smithi167.stdout:/usr/bin/ceph: stderr
2024-06-18T12:58:01.352+0000 7f69f7d85640 1 -- 172.21.15.167:0/3940880035 >> [v2:172.21.15.167:3300/0,v1:172.21.15.167:6789/0] conn(0x7f69f0105070 msgr2=0x7f69f0198fa0 secure :-1 s=STATE_CONNECTION_ESTABLISHED l=1).mark_down
2024-06-18T12:58:01.837 INFO:teuthology.orchestra.run.smithi167.stdout:/usr/bin/ceph: stderr
2024-06-18T12:58:01.352+0000 7f69f7d85640 1 --2- 172.21.15.167:0/3940880035 >> [v2:172.21.15.167:3300/0,v1:172.21.15.167:6789/0] conn(0x7f69f0105070 0x7f69f0198fa0 secure :-1 s=READY pgs=44 cs=0 l=1 rev1=1 crypto rx=0x7f69ec030380 tx=0x7f69ec0326e0 comp rx=0 tx=0).stop
2024-06-18T12:58:01.837 INFO:teuthology.orchestra.run.smithi167.stdout:/usr/bin/ceph: stderr
2024-06-18T12:58:01.352+0000 7f69f7d85640 1 -- 172.21.15.167:0/3940880035 shutdown_connections
2024-06-18T12:58:01.837 INFO:teuthology.orchestra.run.smithi167.stdout:/usr/bin/ceph: stderr
2024-06-18T12:58:01.352+0000 7f69f7d85640 1 --2- 172.21.15.167:0/3940880035 >> [v2:172.21.15.167:6800/1873453520,v1:172.21.15.167:6801/1873453520] conn(0x7f69dc038fc0 0x7f69dc03b480 unknown :-1 s=CLOSED pgs=11 cs=0 l=1 rev1=1 crypto rx=0 tx=0 comp rx=0 tx=0).stop
2024-06-18T12:58:01.837 INFO:teuthology.orchestra.run.smithi167.stdout:/usr/bin/ceph: stderr
2024-06-18T12:58:01.352+0000 7f69f7d85640 1 --2- 172.21.15.167:0/3940880035 >> [v2:172.21.15.167:3300/0,v1:172.21.15.167:6789/0] conn(0x7f69f0105070 0x7f69f0198fa0 unknown :-1 s=CLOSED pgs=44 cs=0 l=1 rev1=1 crypto rx=0 tx=0 comp rx=0 tx=0).stop
2024-06-18T12:58:01.837 INFO:teuthology.orchestra.run.smithi167.stdout:/usr/bin/ceph: stderr
2024-06-18T12:58:01.352+0000 7f69f7d85640 1 -- 172.21.15.167:0/3940880035 >> 172.21.15.167:0/3940880035 conn(0x7f69f01007e0 msgr2=0x7f69f0101400 unknown :-1 s=STATE_NONE l=0).mark_down
2024-06-18T12:58:01.837 INFO:teuthology.orchestra.run.smithi167.stdout:/usr/bin/ceph: stderr
2024-06-18T12:58:01.352+0000 7f69f7d85640 1 -- 172.21.15.167:0/3940880035 shutdown_connections
2024-06-18T12:58:01.837 INFO:teuthology.orchestra.run.smithi167.stdout:/usr/bin/ceph: stderr
2024-06-18T12:58:01.352+0000 7f69f7d85640 1 -- 172.21.15.167:0/3940880035 wait complete.
2024-06-18T12:58:01.837 INFO:teuthology.orchestra.run.smithi167.stdout:Deploying unmanaged mon service...
2024-06-18T12:58:02.476 INFO:journalctl@ceph.mon.a.smithi167.stdout:Jun 18 12:58:02 smithi167 ceph-mon[29496]: from='mgr.14118 172.21.15.167:0/1541006089' entity='mgr.y'
2024-06-18T12:58:02.476 INFO:journalctl@ceph.mon.a.smithi167.stdout:Jun 18 12:58:02 smithi167 ceph-mon[29496]: Added host smithi167
2024-06-18T12:58:02.477 INFO:journalctl@ceph.mon.a.smithi167.stdout:Jun 18 12:58:02 smithi167 ceph-mon[29496]: from='mgr.14118 172.21.15.167:0/1541006089' entity='mgr.y' cmd=[{"prefix": "config dump", "format": "json"}]: dispatch
2024-06-18T12:58:03.193 INFO:teuthology.orchestra.run.smithi167.stdout:/usr/bin/ceph: stdout Scheduled mon update...
2024-06-18T12:58:03.193 INFO:teuthology.orchestra.run.smithi167.stdout:/usr/bin/ceph: stderr
2024-06-18T12:58:02.220+0000 7f096280e640 1 Processor -- start
2024-06-18T12:58:03.193 INFO:teuthology.orchestra.run.smithi167.stdout:/usr/bin/ceph: stderr
2024-06-18T12:58:02.220+0000 7f096280e640 1 -- start start
2024-06-18T12:58:03.193 INFO:teuthology.orchestra.run.smithi167.stdout:/usr/bin/ceph: stderr
2024-06-18T12:58:02.221+0000 7f096280e640 1 --2- >> [v2:172.21.15.167:3300/0,v1:172.21.15.167:6789/0] conn(0x7f095c103fa0 0x7f095c1043a0 unknown :-1 s=NONE pgs=0 cs=0 l=0 rev1=0 crypto rx=0 tx=0 comp rx=0 tx=0).connect
2024-06-18T12:58:03.193 INFO:teuthology.orchestra.run.smithi167.stdout:/usr/bin/ceph: stderr
2024-06-18T12:58:02.221+0000 7f096280e640 1 -- --> [v2:172.21.15.167:3300/0,v1:172.21.15.167:6789/0] -- mon_getmap magic: 0 -- 0x7f095c104970 con 0x7f095c103fa0
2024-06-18T12:58:03.193 INFO:teuthology.orchestra.run.smithi167.stdout:/usr/bin/ceph: stderr
2024-06-18T12:58:02.221+0000 7f095bfff640 1 --2- >> [v2:172.21.15.167:3300/0,v1:172.21.15.167:6789/0] conn(0x7f095c103fa0 0x7f095c1043a0 unknown :-1 s=BANNER_CONNECTING pgs=0 cs=0 l=0 rev1=0 crypto rx=0 tx=0 comp rx=0 tx=0)._handle_peer_banner_payload supported=3 required=0
2024-06-18T12:58:03.194 INFO:teuthology.orchestra.run.smithi167.stdout:/usr/bin/ceph: stderr
2024-06-18T12:58:02.221+0000 7f095bfff640 1 --2- >> [v2:172.21.15.167:3300/0,v1:172.21.15.167:6789/0] conn(0x7f095c103fa0 0x7f095c1043a0 unknown :-1 s=HELLO_CONNECTING pgs=0 cs=0 l=0 rev1=1 crypto rx=0 tx=0 comp rx=0 tx=0).handle_hello peer v2:172.21.15.167:3300/0 says I am v2:172.21.15.167:60322/0 (socket says 172.21.15.167:60322)
2024-06-18T12:58:03.194 INFO:teuthology.orchestra.run.smithi167.stdout:/usr/bin/ceph: stderr
2024-06-18T12:58:02.221+0000 7f095bfff640 1 -- 172.21.15.167:0/3381409644 learned_addr learned my addr 172.21.15.167:0/3381409644 (peer_addr_for_me v2:172.21.15.167:0/0)
2024-06-18T12:58:03.194 INFO:teuthology.orchestra.run.smithi167.stdout:/usr/bin/ceph: stderr
2024-06-18T12:58:02.221+0000 7f095bfff640 1 -- 172.21.15.167:0/3381409644 --> [v2:172.21.15.167:3300/0,v1:172.21.15.167:6789/0] -- mon_subscribe({config=0+,monmap=0+}) -- 0x7f095c1051a0 con 0x7f095c103fa0
2024-06-18T12:58:03.194 INFO:teuthology.orchestra.run.smithi167.stdout:/usr/bin/ceph: stderr
2024-06-18T12:58:02.222+0000 7f095bfff640 1 --2- 172.21.15.167:0/3381409644 >> [v2:172.21.15.167:3300/0,v1:172.21.15.167:6789/0] conn(0x7f095c103fa0 0x7f095c1043a0 secure :-1 s=READY pgs=45 cs=0 l=1 rev1=1 crypto rx=0x7f094c009820 tx=0x7f094c02a270 comp rx=0 tx=0).ready entity=mon.0 client_cookie=fc44965384c40389 server_cookie=0 in_seq=0 out_seq=0
2024-06-18T12:58:03.194 INFO:teuthology.orchestra.run.smithi167.stdout:/usr/bin/ceph: stderr
2024-06-18T12:58:02.222+0000 7f095b7fe640 1 -- 172.21.15.167:0/3381409644 <== mon.0 v2:172.21.15.167:3300/0 1 ==== mon_map magic: 0 ==== 205+0+0 (secure 0 0 0) 0x7f094c037070 con 0x7f095c103fa0
2024-06-18T12:58:03.194 INFO:teuthology.orchestra.run.smithi167.stdout:/usr/bin/ceph: stderr
2024-06-18T12:58:02.222+0000 7f095b7fe640 1 -- 172.21.15.167:0/3381409644 <== mon.0 v2:172.21.15.167:3300/0 2 ==== config(24 keys) ==== 1011+0+0 (secure 0 0 0) 0x7f094c0328a0 con 0x7f095c103fa0
2024-06-18T12:58:03.194 INFO:teuthology.orchestra.run.smithi167.stdout:/usr/bin/ceph: stderr
2024-06-18T12:58:02.222+0000 7f095b7fe640 1 -- 172.21.15.167:0/3381409644 <== mon.0 v2:172.21.15.167:3300/0 3 ==== mon_map magic: 0 ==== 205+0+0 (secure 0 0 0) 0x7f094c030640 con 0x7f095c103fa0
2024-06-18T12:58:03.194 INFO:teuthology.orchestra.run.smithi167.stdout:/usr/bin/ceph: stderr
2024-06-18T12:58:02.223+0000 7f096280e640 1 -- 172.21.15.167:0/3381409644 >> [v2:172.21.15.167:3300/0,v1:172.21.15.167:6789/0] conn(0x7f095c103fa0 msgr2=0x7f095c1043a0 secure :-1 s=STATE_CONNECTION_ESTABLISHED l=1).mark_down
2024-06-18T12:58:03.194 INFO:teuthology.orchestra.run.smithi167.stdout:/usr/bin/ceph: stderr
2024-06-18T12:58:02.223+0000 7f096280e640 1 --2- 172.21.15.167:0/3381409644 >> [v2:172.21.15.167:3300/0,v1:172.21.15.167:6789/0] conn(0x7f095c103fa0 0x7f095c1043a0 secure :-1 s=READY pgs=45 cs=0 l=1 rev1=1 crypto rx=0x7f094c009820 tx=0x7f094c02a270 comp rx=0 tx=0).stop
2024-06-18T12:58:03.194 INFO:teuthology.orchestra.run.smithi167.stdout:/usr/bin/ceph: stderr
2024-06-18T12:58:02.223+0000 7f096280e640 1 -- 172.21.15.167:0/3381409644 shutdown_connections
2024-06-18T12:58:03.194 INFO:teuthology.orchestra.run.smithi167.stdout:/usr/bin/ceph: stderr
2024-06-18T12:58:02.223+0000 7f096280e640 1 --2- 172.21.15.167:0/3381409644 >> [v2:172.21.15.167:3300/0,v1:172.21.15.167:6789/0] conn(0x7f095c103fa0 0x7f095c1043a0 unknown :-1 s=CLOSED pgs=45 cs=0 l=1 rev1=1 crypto rx=0 tx=0 comp rx=0 tx=0).stop
2024-06-18T12:58:03.194 INFO:teuthology.orchestra.run.smithi167.stdout:/usr/bin/ceph: stderr
2024-06-18T12:58:02.223+0000 7f096280e640 1 -- 172.21.15.167:0/3381409644 >> 172.21.15.167:0/3381409644 conn(0x7f095c0ff750 msgr2=0x7f095c101b70 unknown :-1 s=STATE_NONE l=0).mark_down
2024-06-18T12:58:03.194 INFO:teuthology.orchestra.run.smithi167.stdout:/usr/bin/ceph: stderr
2024-06-18T12:58:02.223+0000 7f096280e640 1 -- 172.21.15.167:0/3381409644 shutdown_connections
2024-06-18T12:58:03.195 INFO:teuthology.orchestra.run.smithi167.stdout:/usr/bin/ceph: stderr
2024-06-18T12:58:02.223+0000 7f096280e640 1 -- 172.21.15.167:0/3381409644 wait complete.
2024-06-18T12:58:03.195 INFO:teuthology.orchestra.run.smithi167.stdout:/usr/bin/ceph: stderr
2024-06-18T12:58:02.223+0000 7f096280e640 1 Processor -- start
2024-06-18T12:58:03.195 INFO:teuthology.orchestra.run.smithi167.stdout:/usr/bin/ceph: stderr
2024-06-18T12:58:02.223+0000 7f096280e640 1 -- start start
2024-06-18T12:58:03.195 INFO:teuthology.orchestra.run.smithi167.stdout:/usr/bin/ceph: stderr
2024-06-18T12:58:02.223+0000 7f096280e640 1 --2- >> [v2:172.21.15.167:3300/0,v1:172.21.15.167:6789/0] conn(0x7f095c103fa0 0x7f095c198fa0 unknown :-1 s=NONE pgs=0 cs=0 l=1 rev1=0 crypto rx=0 tx=0 comp rx=0 tx=0).connect
2024-06-18T12:58:03.195 INFO:teuthology.orchestra.run.smithi167.stdout:/usr/bin/ceph: stderr
2024-06-18T12:58:02.223+0000 7f096280e640 1 -- --> [v2:172.21.15.167:3300/0,v1:172.21.15.167:6789/0] -- mon_getmap magic: 0 -- 0x7f095c1083d0 con 0x7f095c103fa0
2024-06-18T12:58:03.195 INFO:teuthology.orchestra.run.smithi167.stdout:/usr/bin/ceph: stderr
2024-06-18T12:58:02.224+0000 7f095bfff640 1 --2- >> [v2:172.21.15.167:3300/0,v1:172.21.15.167:6789/0] conn(0x7f095c103fa0 0x7f095c198fa0 unknown :-1 s=BANNER_CONNECTING pgs=0 cs=0 l=1 rev1=0 crypto rx=0 tx=0 comp rx=0 tx=0)._handle_peer_banner_payload supported=3 required=0
2024-06-18T12:58:03.195 INFO:teuthology.orchestra.run.smithi167.stdout:/usr/bin/ceph: stderr
2024-06-18T12:58:02.224+0000 7f095bfff640 1 --2- >> [v2:172.21.15.167:3300/0,v1:172.21.15.167:6789/0] conn(0x7f095c103fa0 0x7f095c198fa0 unknown :-1 s=HELLO_CONNECTING pgs=0 cs=0 l=1 rev1=1 crypto rx=0 tx=0 comp rx=0 tx=0).handle_hello peer v2:172.21.15.167:3300/0 says I am v2:172.21.15.167:60338/0 (socket says 172.21.15.167:60338)
2024-06-18T12:58:03.195 INFO:teuthology.orchestra.run.smithi167.stdout:/usr/bin/ceph: stderr
2024-06-18T12:58:02.224+0000 7f095bfff640 1 -- 172.21.15.167:0/2998194664 learned_addr learned my addr 172.21.15.167:0/2998194664 (peer_addr_for_me v2:172.21.15.167:0/0)
2024-06-18T12:58:03.195 INFO:teuthology.orchestra.run.smithi167.stdout:/usr/bin/ceph: stderr
2024-06-18T12:58:02.224+0000 7f095bfff640 1 -- 172.21.15.167:0/2998194664 --> [v2:172.21.15.167:3300/0,v1:172.21.15.167:6789/0] -- mon_subscribe({config=0+,monmap=0+}) -- 0x7f095c1994e0 con 0x7f095c103fa0
2024-06-18T12:58:03.195 INFO:teuthology.orchestra.run.smithi167.stdout:/usr/bin/ceph: stderr
2024-06-18T12:58:02.224+0000 7f095bfff640 1 --2- 172.21.15.167:0/2998194664 >> [v2:172.21.15.167:3300/0,v1:172.21.15.167:6789/0] conn(0x7f095c103fa0 0x7f095c198fa0 secure :-1 s=READY pgs=46 cs=0 l=1 rev1=1 crypto rx=0x7f094c000c00 tx=0x7f094c0327b0 comp rx=0 tx=0).ready entity=mon.0 client_cookie=0 server_cookie=0 in_seq=0 out_seq=0
2024-06-18T12:58:03.195 INFO:teuthology.orchestra.run.smithi167.stdout:/usr/bin/ceph: stderr
2024-06-18T12:58:02.224+0000 7f0959ffb640 1 -- 172.21.15.167:0/2998194664 <== mon.0 v2:172.21.15.167:3300/0 1 ==== mon_map magic: 0 ==== 205+0+0 (secure 0 0 0) 0x7f094c037040 con 0x7f095c103fa0
2024-06-18T12:58:03.195 INFO:teuthology.orchestra.run.smithi167.stdout:/usr/bin/ceph: stderr
2024-06-18T12:58:02.224+0000 7f0959ffb640 1 -- 172.21.15.167:0/2998194664 <== mon.0 v2:172.21.15.167:3300/0 2 ==== config(24 keys) ==== 1011+0+0 (secure 0 0 0) 0x7f094c040070 con 0x7f095c103fa0
2024-06-18T12:58:03.195 INFO:teuthology.orchestra.run.smithi167.stdout:/usr/bin/ceph: stderr
2024-06-18T12:58:02.224+0000 7f096280e640 1 -- 172.21.15.167:0/2998194664 --> [v2:172.21.15.167:3300/0,v1:172.21.15.167:6789/0] -- mon_subscribe({mgrmap=0+}) -- 0x7f095c199770 con 0x7f095c103fa0
2024-06-18T12:58:03.196 INFO:teuthology.orchestra.run.smithi167.stdout:/usr/bin/ceph: stderr
2024-06-18T12:58:02.224+0000 7f0959ffb640 1 -- 172.21.15.167:0/2998194664 <== mon.0 v2:172.21.15.167:3300/0 3 ==== mon_map magic: 0 ==== 205+0+0 (secure 0 0 0) 0x7f094c03bda0 con 0x7f095c103fa0
2024-06-18T12:58:03.196 INFO:teuthology.orchestra.run.smithi167.stdout:/usr/bin/ceph: stderr
2024-06-18T12:58:02.224+0000 7f096280e640 1 -- 172.21.15.167:0/2998194664 --> [v2:172.21.15.167:3300/0,v1:172.21.15.167:6789/0] -- mon_subscribe({osdmap=0}) -- 0x7f095c19c460 con 0x7f095c103fa0
2024-06-18T12:58:03.196 INFO:teuthology.orchestra.run.smithi167.stdout:/usr/bin/ceph: stderr
2024-06-18T12:58:02.225+0000 7f0959ffb640 1 -- 172.21.15.167:0/2998194664 <== mon.0 v2:172.21.15.167:3300/0 4 ==== mgrmap(e 8) ==== 46287+0+0 (secure 0 0 0) 0x7f094c045460 con 0x7f095c103fa0
2024-06-18T12:58:03.196 INFO:teuthology.orchestra.run.smithi167.stdout:/usr/bin/ceph: stderr
2024-06-18T12:58:02.225+0000 7f0959ffb640 1 --2- 172.21.15.167:0/2998194664 >> [v2:172.21.15.167:6800/1873453520,v1:172.21.15.167:6801/1873453520] conn(0x7f0948038fc0 0x7f094803b480 unknown :-1 s=NONE pgs=0 cs=0 l=1 rev1=0 crypto rx=0 tx=0 comp rx=0 tx=0).connect
2024-06-18T12:58:03.196 INFO:teuthology.orchestra.run.smithi167.stdout:/usr/bin/ceph: stderr
2024-06-18T12:58:02.225+0000 7f096280e640 1 -- 172.21.15.167:0/2998194664 --> [v2:172.21.15.167:3300/0,v1:172.21.15.167:6789/0] -- mon_command({"prefix": "get_command_descriptions"} v 0) -- 0x7f095c104420 con 0x7f095c103fa0
2024-06-18T12:58:03.196 INFO:teuthology.orchestra.run.smithi167.stdout:/usr/bin/ceph: stderr
2024-06-18T12:58:02.225+0000 7f0959ffb640 1 -- 172.21.15.167:0/2998194664 <== mon.0 v2:172.21.15.167:3300/0 5 ==== osd_map(2..2 src has 1..2) ==== 940+0+0 (secure 0 0 0) 0x7f094c06c2a0 con 0x7f095c103fa0
2024-06-18T12:58:03.196 INFO:teuthology.orchestra.run.smithi167.stdout:/usr/bin/ceph: stderr
2024-06-18T12:58:02.225+0000 7f0953fff640 1 --2- 172.21.15.167:0/2998194664 >> [v2:172.21.15.167:6800/1873453520,v1:172.21.15.167:6801/1873453520] conn(0x7f0948038fc0 0x7f094803b480 unknown :-1 s=BANNER_CONNECTING pgs=0 cs=0 l=1 rev1=0 crypto rx=0 tx=0 comp rx=0 tx=0)._handle_peer_banner_payload supported=3 required=0
2024-06-18T12:58:03.196 INFO:teuthology.orchestra.run.smithi167.stdout:/usr/bin/ceph: stderr
2024-06-18T12:58:02.226+0000 7f0953fff640 1 --2- 172.21.15.167:0/2998194664 >> [v2:172.21.15.167:6800/1873453520,v1:172.21.15.167:6801/1873453520] conn(0x7f0948038fc0 0x7f094803b480 secure :-1 s=READY pgs=12 cs=0 l=1 rev1=1 crypto rx=0x7f09440098c0 tx=0x7f0944006db0 comp rx=0 tx=0).ready entity=mgr.14118 client_cookie=0 server_cookie=0 in_seq=0 out_seq=0
2024-06-18T12:58:03.196 INFO:teuthology.orchestra.run.smithi167.stdout:/usr/bin/ceph: stderr
2024-06-18T12:58:02.230+0000 7f0959ffb640 1 -- 172.21.15.167:0/2998194664 <== mon.0 v2:172.21.15.167:3300/0 6 ==== mon_command_ack([{"prefix": "get_command_descriptions"}]=0 v0) ==== 72+0+186542 (secure 0 0 0) 0x7f094c043720 con 0x7f095c103fa0
2024-06-18T12:58:03.196 INFO:teuthology.orchestra.run.smithi167.stdout:/usr/bin/ceph: stderr
2024-06-18T12:58:02.435+0000 7f096280e640 1 -- 172.21.15.167:0/2998194664 --> [v2:172.21.15.167:6800/1873453520,v1:172.21.15.167:6801/1873453520] -- mgr_command(tid 0: {"prefix": "orch apply", "service_type": "mon", "unmanaged": true, "target": ["mon-mgr", ""]}) -- 0x7f095c02d3f0 con 0x7f0948038fc0
2024-06-18T12:58:03.196 INFO:teuthology.orchestra.run.smithi167.stdout:/usr/bin/ceph: stderr
2024-06-18T12:58:02.439+0000 7f0959ffb640 1 -- 172.21.15.167:0/2998194664 <== mgr.14118 v2:172.21.15.167:6800/1873453520 1 ==== mgr_command_reply(tid 0: 0 ) ==== 8+0+24 (secure 0 0 0) 0x7f095c02d3f0 con 0x7f0948038fc0
2024-06-18T12:58:03.196 INFO:teuthology.orchestra.run.smithi167.stdout:/usr/bin/ceph: stderr
2024-06-18T12:58:02.441+0000 7f096280e640 1 -- 172.21.15.167:0/2998194664 >> [v2:172.21.15.167:6800/1873453520,v1:172.21.15.167:6801/1873453520] conn(0x7f0948038fc0 msgr2=0x7f094803b480 secure :-1 s=STATE_CONNECTION_ESTABLISHED l=1).mark_down
2024-06-18T12:58:03.196 INFO:teuthology.orchestra.run.smithi167.stdout:/usr/bin/ceph: stderr
2024-06-18T12:58:02.441+0000 7f096280e640 1 --2- 172.21.15.167:0/2998194664 >> [v2:172.21.15.167:6800/1873453520,v1:172.21.15.167:6801/1873453520] conn(0x7f0948038fc0 0x7f094803b480 secure :-1 s=READY pgs=12 cs=0 l=1 rev1=1 crypto rx=0x7f09440098c0 tx=0x7f0944006db0 comp rx=0 tx=0).stop
2024-06-18T12:58:03.197 INFO:teuthology.orchestra.run.smithi167.stdout:/usr/bin/ceph: stderr
2024-06-18T12:58:02.442+0000 7f096280e640 1 -- 172.21.15.167:0/2998194664 >> [v2:172.21.15.167:3300/0,v1:172.21.15.167:6789/0] conn(0x7f095c103fa0 msgr2=0x7f095c198fa0 secure :-1 s=STATE_CONNECTION_ESTABLISHED l=1).mark_down
2024-06-18T12:58:03.197 INFO:teuthology.orchestra.run.smithi167.stdout:/usr/bin/ceph: stderr
2024-06-18T12:58:02.442+0000 7f096280e640 1 --2- 172.21.15.167:0/2998194664 >> [v2:172.21.15.167:3300/0,v1:172.21.15.167:6789/0] conn(0x7f095c103fa0 0x7f095c198fa0 secure :-1 s=READY pgs=46 cs=0 l=1 rev1=1 crypto rx=0x7f094c000c00 tx=0x7f094c0327b0 comp rx=0 tx=0).stop
2024-06-18T12:58:03.197 INFO:teuthology.orchestra.run.smithi167.stdout:/usr/bin/ceph: stderr
2024-06-18T12:58:02.442+0000 7f096280e640 1 -- 172.21.15.167:0/2998194664 shutdown_connections
2024-06-18T12:58:03.197 INFO:teuthology.orchestra.run.smithi167.stdout:/usr/bin/ceph: stderr
2024-06-18T12:58:02.442+0000 7f096280e640 1 --2- 172.21.15.167:0/2998194664 >> [v2:172.21.15.167:6800/1873453520,v1:172.21.15.167:6801/1873453520] conn(0x7f0948038fc0 0x7f094803b480 unknown :-1 s=CLOSED pgs=12 cs=0 l=1 rev1=1 crypto rx=0 tx=0 comp rx=0 tx=0).stop
2024-06-18T12:58:03.197 INFO:teuthology.orchestra.run.smithi167.stdout:/usr/bin/ceph: stderr
2024-06-18T12:58:02.442+0000 7f096280e640 1 --2- 172.21.15.167:0/2998194664 >> [v2:172.21.15.167:3300/0,v1:172.21.15.167:6789/0] conn(0x7f095c103fa0 0x7f095c198fa0 unknown :-1 s=CLOSED pgs=46 cs=0 l=1 rev1=1 crypto rx=0 tx=0 comp rx=0 tx=0).stop
2024-06-18T12:58:03.197 INFO:teuthology.orchestra.run.smithi167.stdout:/usr/bin/ceph: stderr
2024-06-18T12:58:02.442+0000 7f096280e640 1 -- 172.21.15.167:0/2998194664 >> 172.21.15.167:0/2998194664 conn(0x7f095c0ff750 msgr2=0x7f095c100650 unknown :-1 s=STATE_NONE l=0).mark_down
2024-06-18T12:58:03.197 INFO:teuthology.orchestra.run.smithi167.stdout:/usr/bin/ceph: stderr
2024-06-18T12:58:02.442+0000 7f096280e640 1 -- 172.21.15.167:0/2998194664 shutdown_connections
2024-06-18T12:58:03.197 INFO:teuthology.orchestra.run.smithi167.stdout:/usr/bin/ceph: stderr
2024-06-18T12:58:02.442+0000 7f096280e640 1 -- 172.21.15.167:0/2998194664 wait complete.
2024-06-18T12:58:03.197 INFO:teuthology.orchestra.run.smithi167.stdout:Deploying unmanaged mgr service...
2024-06-18T12:58:03.726 INFO:journalctl@ceph.mon.a.smithi167.stdout:Jun 18 12:58:03 smithi167 ceph-mon[29496]: from='client.14140 -' entity='client.admin' cmd=[{"prefix": "orch apply", "service_type": "mon", "unmanaged": true, "target": ["mon-mgr", ""]}]: dispatch
2024-06-18T12:58:03.726 INFO:journalctl@ceph.mon.a.smithi167.stdout:Jun 18 12:58:03 smithi167 ceph-mon[29496]: Saving service mon spec with placement count:5
2024-06-18T12:58:03.726 INFO:journalctl@ceph.mon.a.smithi167.stdout:Jun 18 12:58:03 smithi167 ceph-mon[29496]: from='mgr.14118 172.21.15.167:0/1541006089' entity='mgr.y'
2024-06-18T12:58:04.704 INFO:teuthology.orchestra.run.smithi167.stdout:/usr/bin/ceph: stdout Scheduled mgr update...
2024-06-18T12:58:04.704 INFO:teuthology.orchestra.run.smithi167.stdout:/usr/bin/ceph: stderr
2024-06-18T12:58:03.607+0000 7f5c3a0d4640 1 Processor -- start
2024-06-18T12:58:04.704 INFO:teuthology.orchestra.run.smithi167.stdout:/usr/bin/ceph: stderr
2024-06-18T12:58:03.607+0000 7f5c3a0d4640 1 -- start start
2024-06-18T12:58:04.704 INFO:teuthology.orchestra.run.smithi167.stdout:/usr/bin/ceph: stderr
2024-06-18T12:58:03.607+0000 7f5c3a0d4640 1 --2- >> [v2:172.21.15.167:3300/0,v1:172.21.15.167:6789/0] conn(0x7f5c341050c0 0x7f5c341054c0 unknown :-1 s=NONE pgs=0 cs=0 l=0 rev1=0 crypto rx=0 tx=0 comp rx=0 tx=0).connect
2024-06-18T12:58:04.704 INFO:teuthology.orchestra.run.smithi167.stdout:/usr/bin/ceph: stderr
2024-06-18T12:58:03.607+0000 7f5c3a0d4640 1 -- --> [v2:172.21.15.167:3300/0,v1:172.21.15.167:6789/0] -- mon_getmap magic: 0 -- 0x7f5c34105a90 con 0x7f5c341050c0
2024-06-18T12:58:04.704 INFO:teuthology.orchestra.run.smithi167.stdout:/usr/bin/ceph: stderr
2024-06-18T12:58:03.608+0000 7f5c337fe640 1 --2- >> [v2:172.21.15.167:3300/0,v1:172.21.15.167:6789/0] conn(0x7f5c341050c0 0x7f5c341054c0 unknown :-1 s=BANNER_CONNECTING pgs=0 cs=0 l=0 rev1=0 crypto rx=0 tx=0 comp rx=0 tx=0)._handle_peer_banner_payload supported=3 required=0
2024-06-18T12:58:04.704 INFO:teuthology.orchestra.run.smithi167.stdout:/usr/bin/ceph: stderr
2024-06-18T12:58:03.608+0000 7f5c337fe640 1 --2- >> [v2:172.21.15.167:3300/0,v1:172.21.15.167:6789/0] conn(0x7f5c341050c0 0x7f5c341054c0 unknown :-1 s=HELLO_CONNECTING pgs=0 cs=0 l=0 rev1=1 crypto rx=0 tx=0 comp rx=0 tx=0).handle_hello peer v2:172.21.15.167:3300/0 says I am v2:172.21.15.167:35492/0 (socket says 172.21.15.167:35492)
2024-06-18T12:58:04.705 INFO:teuthology.orchestra.run.smithi167.stdout:/usr/bin/ceph: stderr
2024-06-18T12:58:03.608+0000 7f5c337fe640 1 -- 172.21.15.167:0/1273542576 learned_addr learned my addr 172.21.15.167:0/1273542576 (peer_addr_for_me v2:172.21.15.167:0/0)
2024-06-18T12:58:04.705 INFO:teuthology.orchestra.run.smithi167.stdout:/usr/bin/ceph: stderr
2024-06-18T12:58:03.608+0000 7f5c337fe640 1 -- 172.21.15.167:0/1273542576 --> [v2:172.21.15.167:3300/0,v1:172.21.15.167:6789/0] -- mon_subscribe({config=0+,monmap=0+}) -- 0x7f5c341062c0 con 0x7f5c341050c0
2024-06-18T12:58:04.705 INFO:teuthology.orchestra.run.smithi167.stdout:/usr/bin/ceph: stderr
2024-06-18T12:58:03.608+0000 7f5c337fe640 1 --2- 172.21.15.167:0/1273542576 >> [v2:172.21.15.167:3300/0,v1:172.21.15.167:6789/0] conn(0x7f5c341050c0 0x7f5c341054c0 secure :-1 s=READY pgs=47 cs=0 l=1 rev1=1 crypto rx=0x7f5c24009820 tx=0x7f5c2402a270 comp rx=0 tx=0).ready entity=mon.0 client_cookie=7eaa26822ee5b365 server_cookie=0 in_seq=0 out_seq=0
2024-06-18T12:58:04.705 INFO:teuthology.orchestra.run.smithi167.stdout:/usr/bin/ceph: stderr
2024-06-18T12:58:03.609+0000 7f5c32ffd640 1 -- 172.21.15.167:0/1273542576 <== mon.0 v2:172.21.15.167:3300/0 1 ==== mon_map magic: 0 ==== 205+0+0 (secure 0 0 0) 0x7f5c24037070 con 0x7f5c341050c0
2024-06-18T12:58:04.705 INFO:teuthology.orchestra.run.smithi167.stdout:/usr/bin/ceph: stderr
2024-06-18T12:58:03.609+0000 7f5c32ffd640 1 -- 172.21.15.167:0/1273542576 <== mon.0 v2:172.21.15.167:3300/0 2 ==== config(24 keys) ==== 1011+0+0 (secure 0 0 0) 0x7f5c240328a0 con 0x7f5c341050c0
2024-06-18T12:58:04.705 INFO:teuthology.orchestra.run.smithi167.stdout:/usr/bin/ceph: stderr
2024-06-18T12:58:03.609+0000 7f5c32ffd640 1 -- 172.21.15.167:0/1273542576 <== mon.0 v2:172.21.15.167:3300/0 3 ==== mon_map magic: 0 ==== 205+0+0 (secure 0 0 0) 0x7f5c24030640 con 0x7f5c341050c0
2024-06-18T12:58:04.705 INFO:teuthology.orchestra.run.smithi167.stdout:/usr/bin/ceph: stderr
2024-06-18T12:58:03.609+0000 7f5c3a0d4640 1 -- 172.21.15.167:0/1273542576 >> [v2:172.21.15.167:3300/0,v1:172.21.15.167:6789/0] conn(0x7f5c341050c0 msgr2=0x7f5c341054c0 secure :-1 s=STATE_CONNECTION_ESTABLISHED l=1).mark_down
2024-06-18T12:58:04.705 INFO:teuthology.orchestra.run.smithi167.stdout:/usr/bin/ceph: stderr
2024-06-18T12:58:03.609+0000 7f5c3a0d4640 1 --2- 172.21.15.167:0/1273542576 >> [v2:172.21.15.167:3300/0,v1:172.21.15.167:6789/0] conn(0x7f5c341050c0 0x7f5c341054c0 secure :-1 s=READY pgs=47 cs=0 l=1 rev1=1 crypto rx=0x7f5c24009820 tx=0x7f5c2402a270 comp rx=0 tx=0).stop
2024-06-18T12:58:04.705 INFO:teuthology.orchestra.run.smithi167.stdout:/usr/bin/ceph: stderr
2024-06-18T12:58:03.609+0000 7f5c3a0d4640 1 -- 172.21.15.167:0/1273542576 shutdown_connections
2024-06-18T12:58:04.705 INFO:teuthology.orchestra.run.smithi167.stdout:/usr/bin/ceph: stderr
2024-06-18T12:58:03.609+0000 7f5c3a0d4640 1 --2- 172.21.15.167:0/1273542576 >> [v2:172.21.15.167:3300/0,v1:172.21.15.167:6789/0] conn(0x7f5c341050c0 0x7f5c341054c0 unknown :-1 s=CLOSED pgs=47 cs=0 l=1 rev1=1 crypto rx=0 tx=0 comp rx=0 tx=0).stop
2024-06-18T12:58:04.705 INFO:teuthology.orchestra.run.smithi167.stdout:/usr/bin/ceph: stderr
2024-06-18T12:58:03.609+0000 7f5c3a0d4640 1 -- 172.21.15.167:0/1273542576 >> 172.21.15.167:0/1273542576 conn(0x7f5c341008b0 msgr2=0x7f5c34102cd0 unknown :-1 s=STATE_NONE l=0).mark_down
2024-06-18T12:58:04.705 INFO:teuthology.orchestra.run.smithi167.stdout:/usr/bin/ceph: stderr
2024-06-18T12:58:03.609+0000 7f5c3a0d4640 1 -- 172.21.15.167:0/1273542576 shutdown_connections
2024-06-18T12:58:04.706 INFO:teuthology.orchestra.run.smithi167.stdout:/usr/bin/ceph: stderr
2024-06-18T12:58:03.609+0000 7f5c3a0d4640 1 -- 172.21.15.167:0/1273542576 wait complete.
2024-06-18T12:58:04.706 INFO:teuthology.orchestra.run.smithi167.stdout:/usr/bin/ceph: stderr
2024-06-18T12:58:03.610+0000 7f5c3a0d4640 1 Processor -- start
2024-06-18T12:58:04.706 INFO:teuthology.orchestra.run.smithi167.stdout:/usr/bin/ceph: stderr
2024-06-18T12:58:03.610+0000 7f5c3a0d4640 1 -- start start
2024-06-18T12:58:04.706 INFO:teuthology.orchestra.run.smithi167.stdout:/usr/bin/ceph: stderr
2024-06-18T12:58:03.610+0000 7f5c3a0d4640 1 --2- >> [v2:172.21.15.167:3300/0,v1:172.21.15.167:6789/0] conn(0x7f5c341050c0 0x7f5c34198fd0 unknown :-1 s=NONE pgs=0 cs=0 l=1 rev1=0 crypto rx=0 tx=0 comp rx=0 tx=0).connect
2024-06-18T12:58:04.706 INFO:teuthology.orchestra.run.smithi167.stdout:/usr/bin/ceph: stderr
2024-06-18T12:58:03.610+0000 7f5c3a0d4640 1 -- --> [v2:172.21.15.167:3300/0,v1:172.21.15.167:6789/0] -- mon_getmap magic: 0 -- 0x7f5c341094f0 con 0x7f5c341050c0
2024-06-18T12:58:04.706 INFO:teuthology.orchestra.run.smithi167.stdout:/usr/bin/ceph: stderr
2024-06-18T12:58:03.610+0000 7f5c337fe640 1 --2- >> [v2:172.21.15.167:3300/0,v1:172.21.15.167:6789/0] conn(0x7f5c341050c0 0x7f5c34198fd0 unknown :-1 s=BANNER_CONNECTING pgs=0 cs=0 l=1 rev1=0 crypto rx=0 tx=0 comp rx=0 tx=0)._handle_peer_banner_payload supported=3 required=0
2024-06-18T12:58:04.706 INFO:teuthology.orchestra.run.smithi167.stdout:/usr/bin/ceph: stderr
2024-06-18T12:58:03.610+0000 7f5c337fe640 1 --2- >> [v2:172.21.15.167:3300/0,v1:172.21.15.167:6789/0] conn(0x7f5c341050c0 0x7f5c34198fd0 unknown :-1 s=HELLO_CONNECTING pgs=0 cs=0 l=1 rev1=1 crypto rx=0 tx=0 comp rx=0 tx=0).handle_hello peer v2:172.21.15.167:3300/0 says I am v2:172.21.15.167:35494/0 (socket says 172.21.15.167:35494)
2024-06-18T12:58:04.706 INFO:teuthology.orchestra.run.smithi167.stdout:/usr/bin/ceph: stderr
2024-06-18T12:58:03.610+0000 7f5c337fe640 1 -- 172.21.15.167:0/4104956593 learned_addr learned my addr 172.21.15.167:0/4104956593 (peer_addr_for_me v2:172.21.15.167:0/0)
2024-06-18T12:58:04.706 INFO:teuthology.orchestra.run.smithi167.stdout:/usr/bin/ceph: stderr
2024-06-18T12:58:03.611+0000 7f5c337fe640 1 -- 172.21.15.167:0/4104956593 --> [v2:172.21.15.167:3300/0,v1:172.21.15.167:6789/0] -- mon_subscribe({config=0+,monmap=0+}) -- 0x7f5c34199510 con 0x7f5c341050c0
2024-06-18T12:58:04.706 INFO:teuthology.orchestra.run.smithi167.stdout:/usr/bin/ceph: stderr
2024-06-18T12:58:03.611+0000 7f5c337fe640 1 --2- 172.21.15.167:0/4104956593 >> [v2:172.21.15.167:3300/0,v1:172.21.15.167:6789/0] conn(0x7f5c341050c0 0x7f5c34198fd0 secure :-1 s=READY pgs=48 cs=0 l=1 rev1=1 crypto rx=0x7f5c24000c00 tx=0x7f5c240327b0 comp rx=0 tx=0).ready entity=mon.0 client_cookie=0 server_cookie=0 in_seq=0 out_seq=0
2024-06-18T12:58:04.706 INFO:teuthology.orchestra.run.smithi167.stdout:/usr/bin/ceph: stderr
2024-06-18T12:58:03.611+0000 7f5c317fa640 1 -- 172.21.15.167:0/4104956593 <== mon.0 v2:172.21.15.167:3300/0 1 ==== mon_map magic: 0 ==== 205+0+0 (secure 0 0 0) 0x7f5c24037040 con 0x7f5c341050c0
2024-06-18T12:58:04.706 INFO:teuthology.orchestra.run.smithi167.stdout:/usr/bin/ceph: stderr
2024-06-18T12:58:03.611+0000 7f5c317fa640 1 -- 172.21.15.167:0/4104956593 <== mon.0 v2:172.21.15.167:3300/0 2 ==== config(24 keys) ==== 1011+0+0 (secure 0 0 0) 0x7f5c24040070 con 0x7f5c341050c0
2024-06-18T12:58:04.706 INFO:teuthology.orchestra.run.smithi167.stdout:/usr/bin/ceph: stderr
2024-06-18T12:58:03.611+0000 7f5c3a0d4640 1 -- 172.21.15.167:0/4104956593 --> [v2:172.21.15.167:3300/0,v1:172.21.15.167:6789/0] -- mon_subscribe({mgrmap=0+}) -- 0x7f5c341997a0 con 0x7f5c341050c0
2024-06-18T12:58:04.707 INFO:teuthology.orchestra.run.smithi167.stdout:/usr/bin/ceph: stderr
2024-06-18T12:58:03.611+0000 7f5c317fa640 1 -- 172.21.15.167:0/4104956593 <== mon.0 v2:172.21.15.167:3300/0 3 ==== mon_map magic: 0 ==== 205+0+0 (secure 0 0 0) 0x7f5c2403bda0 con 0x7f5c341050c0
2024-06-18T12:58:04.707 INFO:teuthology.orchestra.run.smithi167.stdout:/usr/bin/ceph: stderr
2024-06-18T12:58:03.611+0000 7f5c3a0d4640 1 -- 172.21.15.167:0/4104956593 --> [v2:172.21.15.167:3300/0,v1:172.21.15.167:6789/0] -- mon_subscribe({osdmap=0}) -- 0x7f5c3419c490 con 0x7f5c341050c0
2024-06-18T12:58:04.707 INFO:teuthology.orchestra.run.smithi167.stdout:/usr/bin/ceph: stderr
2024-06-18T12:58:03.612+0000 7f5c317fa640 1 -- 172.21.15.167:0/4104956593 <== mon.0 v2:172.21.15.167:3300/0 4 ==== mgrmap(e 8) ==== 46287+0+0 (secure 0 0 0) 0x7f5c24045460 con 0x7f5c341050c0
2024-06-18T12:58:04.707 INFO:teuthology.orchestra.run.smithi167.stdout:/usr/bin/ceph: stderr
2024-06-18T12:58:03.612+0000 7f5c3a0d4640 1 -- 172.21.15.167:0/4104956593 --> [v2:172.21.15.167:3300/0,v1:172.21.15.167:6789/0] -- mon_command({"prefix": "get_command_descriptions"} v 0) -- 0x7f5c34105540 con 0x7f5c341050c0
2024-06-18T12:58:04.707 INFO:teuthology.orchestra.run.smithi167.stdout:/usr/bin/ceph: stderr
2024-06-18T12:58:03.612+0000 7f5c317fa640 1 --2- 172.21.15.167:0/4104956593 >> [v2:172.21.15.167:6800/1873453520,v1:172.21.15.167:6801/1873453520] conn(0x7f5c20038fc0 0x7f5c2003b480 unknown :-1 s=NONE pgs=0 cs=0 l=1 rev1=0 crypto rx=0 tx=0 comp rx=0 tx=0).connect
2024-06-18T12:58:04.707 INFO:teuthology.orchestra.run.smithi167.stdout:/usr/bin/ceph: stderr
2024-06-18T12:58:03.612+0000 7f5c317fa640 1 -- 172.21.15.167:0/4104956593 <== mon.0 v2:172.21.15.167:3300/0 5 ==== osd_map(2..2 src has 1..2) ==== 940+0+0 (secure 0 0 0) 0x7f5c2406c2a0 con 0x7f5c341050c0
2024-06-18T12:58:04.707 INFO:teuthology.orchestra.run.smithi167.stdout:/usr/bin/ceph: stderr
2024-06-18T12:58:03.612+0000 7f5c2bfff640 1 --2- 172.21.15.167:0/4104956593 >> [v2:172.21.15.167:6800/1873453520,v1:172.21.15.167:6801/1873453520] conn(0x7f5c20038fc0 0x7f5c2003b480 unknown :-1 s=BANNER_CONNECTING pgs=0 cs=0 l=1 rev1=0 crypto rx=0 tx=0 comp rx=0 tx=0)._handle_peer_banner_payload supported=3 required=0
2024-06-18T12:58:04.707 INFO:teuthology.orchestra.run.smithi167.stdout:/usr/bin/ceph: stderr
2024-06-18T12:58:03.613+0000 7f5c2bfff640 1 --2- 172.21.15.167:0/4104956593 >> [v2:172.21.15.167:6800/1873453520,v1:172.21.15.167:6801/1873453520] conn(0x7f5c20038fc0 0x7f5c2003b480 secure :-1 s=READY pgs=13 cs=0 l=1 rev1=1 crypto rx=0x7f5c1c0098c0 tx=0x7f5c1c006db0 comp rx=0 tx=0).ready entity=mgr.14118 client_cookie=0 server_cookie=0 in_seq=0 out_seq=0
2024-06-18T12:58:04.707 INFO:teuthology.orchestra.run.smithi167.stdout:/usr/bin/ceph: stderr
2024-06-18T12:58:03.617+0000 7f5c317fa640 1 -- 172.21.15.167:0/4104956593 <== mon.0 v2:172.21.15.167:3300/0 6 ==== mon_command_ack([{"prefix": "get_command_descriptions"}]=0 v0) ==== 72+0+186542 (secure 0 0 0) 0x7f5c24045850 con 0x7f5c341050c0
2024-06-18T12:58:04.707 INFO:teuthology.orchestra.run.smithi167.stdout:/usr/bin/ceph: stderr
2024-06-18T12:58:03.811+0000 7f5c3a0d4640 1 -- 172.21.15.167:0/4104956593 --> [v2:172.21.15.167:6800/1873453520,v1:172.21.15.167:6801/1873453520] -- mgr_command(tid 0: {"prefix": "orch apply", "service_type": "mgr", "unmanaged": true, "target": ["mon-mgr", ""]}) -- 0x7f5c34101b20 con 0x7f5c20038fc0
2024-06-18T12:58:04.707 INFO:teuthology.orchestra.run.smithi167.stdout:/usr/bin/ceph: stderr
2024-06-18T12:58:03.818+0000 7f5c317fa640 1 -- 172.21.15.167:0/4104956593 <== mgr.14118 v2:172.21.15.167:6800/1873453520 1 ==== mgr_command_reply(tid 0: 0 ) ==== 8+0+24 (secure 0 0 0) 0x7f5c34101b20 con 0x7f5c20038fc0
2024-06-18T12:58:04.707 INFO:teuthology.orchestra.run.smithi167.stdout:/usr/bin/ceph: stderr
2024-06-18T12:58:03.820+0000 7f5c3a0d4640 1 -- 172.21.15.167:0/4104956593 >> [v2:172.21.15.167:6800/1873453520,v1:172.21.15.167:6801/1873453520] conn(0x7f5c20038fc0 msgr2=0x7f5c2003b480 secure :-1 s=STATE_CONNECTION_ESTABLISHED l=1).mark_down
2024-06-18T12:58:04.707 INFO:teuthology.orchestra.run.smithi167.stdout:/usr/bin/ceph: stderr
2024-06-18T12:58:03.820+0000 7f5c3a0d4640 1 --2- 172.21.15.167:0/4104956593 >> [v2:172.21.15.167:6800/1873453520,v1:172.21.15.167:6801/1873453520] conn(0x7f5c20038fc0 0x7f5c2003b480 secure :-1 s=READY pgs=13 cs=0 l=1 rev1=1 crypto rx=0x7f5c1c0098c0 tx=0x7f5c1c006db0 comp rx=0 tx=0).stop
2024-06-18T12:58:04.707 INFO:teuthology.orchestra.run.smithi167.stdout:/usr/bin/ceph: stderr
2024-06-18T12:58:03.820+0000 7f5c3a0d4640 1 -- 172.21.15.167:0/4104956593 >> [v2:172.21.15.167:3300/0,v1:172.21.15.167:6789/0] conn(0x7f5c341050c0 msgr2=0x7f5c34198fd0 secure :-1 s=STATE_CONNECTION_ESTABLISHED l=1).mark_down
2024-06-18T12:58:04.708 INFO:teuthology.orchestra.run.smithi167.stdout:/usr/bin/ceph: stderr
2024-06-18T12:58:03.820+0000 7f5c3a0d4640 1 --2- 172.21.15.167:0/4104956593 >> [v2:172.21.15.167:3300/0,v1:172.21.15.167:6789/0] conn(0x7f5c341050c0 0x7f5c34198fd0 secure :-1 s=READY pgs=48 cs=0 l=1 rev1=1 crypto rx=0x7f5c24000c00 tx=0x7f5c240327b0 comp rx=0 tx=0).stop
2024-06-18T12:58:04.708 INFO:teuthology.orchestra.run.smithi167.stdout:/usr/bin/ceph: stderr
2024-06-18T12:58:03.820+0000 7f5c3a0d4640 1 -- 172.21.15.167:0/4104956593 shutdown_connections
2024-06-18T12:58:04.708 INFO:teuthology.orchestra.run.smithi167.stdout:/usr/bin/ceph: stderr
2024-06-18T12:58:03.820+0000 7f5c3a0d4640 1 --2- 172.21.15.167:0/4104956593 >> [v2:172.21.15.167:6800/1873453520,v1:172.21.15.167:6801/1873453520] conn(0x7f5c20038fc0 0x7f5c2003b480 unknown :-1 s=CLOSED pgs=13 cs=0 l=1 rev1=1 crypto rx=0 tx=0 comp rx=0 tx=0).stop
2024-06-18T12:58:04.708 INFO:teuthology.orchestra.run.smithi167.stdout:/usr/bin/ceph: stderr
2024-06-18T12:58:03.820+0000 7f5c3a0d4640 1 --2- 172.21.15.167:0/4104956593 >> [v2:172.21.15.167:3300/0,v1:172.21.15.167:6789/0] conn(0x7f5c341050c0 0x7f5c34198fd0 unknown :-1 s=CLOSED pgs=48 cs=0 l=1 rev1=1 crypto rx=0 tx=0 comp rx=0 tx=0).stop
2024-06-18T12:58:04.708 INFO:teuthology.orchestra.run.smithi167.stdout:/usr/bin/ceph: stderr
2024-06-18T12:58:03.820+0000 7f5c3a0d4640 1 -- 172.21.15.167:0/4104956593 >> 172.21.15.167:0/4104956593 conn(0x7f5c341008b0 msgr2=0x7f5c34101410 unknown :-1 s=STATE_NONE l=0).mark_down
2024-06-18T12:58:04.708 INFO:teuthology.orchestra.run.smithi167.stdout:/usr/bin/ceph: stderr
2024-06-18T12:58:03.820+0000 7f5c3a0d4640 1 -- 172.21.15.167:0/4104956593 shutdown_connections
2024-06-18T12:58:04.708 INFO:teuthology.orchestra.run.smithi167.stdout:/usr/bin/ceph: stderr
2024-06-18T12:58:03.820+0000 7f5c3a0d4640 1 -- 172.21.15.167:0/4104956593 wait complete.
2024-06-18T12:58:04.931 INFO:journalctl@ceph.mon.a.smithi167.stdout:Jun 18 12:58:04 smithi167 ceph-mon[29496]: from='client.14142 -' entity='client.admin' cmd=[{"prefix": "orch apply", "service_type": "mgr", "unmanaged": true, "target": ["mon-mgr", ""]}]: dispatch
2024-06-18T12:58:04.932 INFO:journalctl@ceph.mon.a.smithi167.stdout:Jun 18 12:58:04 smithi167 ceph-mon[29496]: Saving service mgr spec with placement count:2
2024-06-18T12:58:04.932 INFO:journalctl@ceph.mon.a.smithi167.stdout:Jun 18 12:58:04 smithi167 ceph-mon[29496]: from='mgr.14118 172.21.15.167:0/1541006089' entity='mgr.y'
2024-06-18T12:58:05.929 INFO:teuthology.orchestra.run.smithi167.stdout:/usr/bin/ceph: stderr
2024-06-18T12:58:05.119+0000 7f003d51c640 1 Processor -- start
2024-06-18T12:58:05.929 INFO:teuthology.orchestra.run.smithi167.stdout:/usr/bin/ceph: stderr
2024-06-18T12:58:05.119+0000 7f003d51c640 1 -- start start
2024-06-18T12:58:05.929 INFO:teuthology.orchestra.run.smithi167.stdout:/usr/bin/ceph: stderr
2024-06-18T12:58:05.119+0000 7f003d51c640 1 --2- >> [v2:172.21.15.167:3300/0,v1:172.21.15.167:6789/0] conn(0x7f0038103fa0 0x7f00381043a0 unknown :-1 s=NONE pgs=0 cs=0 l=0 rev1=0 crypto rx=0 tx=0 comp rx=0 tx=0).connect
2024-06-18T12:58:05.929 INFO:teuthology.orchestra.run.smithi167.stdout:/usr/bin/ceph: stderr
2024-06-18T12:58:05.119+0000 7f003d51c640 1 -- --> [v2:172.21.15.167:3300/0,v1:172.21.15.167:6789/0] -- mon_getmap magic: 0 -- 0x7f0038104970 con 0x7f0038103fa0
2024-06-18T12:58:05.929 INFO:teuthology.orchestra.run.smithi167.stdout:/usr/bin/ceph: stderr
2024-06-18T12:58:05.120+0000 7f0036ffd640 1 --2- >> [v2:172.21.15.167:3300/0,v1:172.21.15.167:6789/0] conn(0x7f0038103fa0 0x7f00381043a0 unknown :-1 s=BANNER_CONNECTING pgs=0 cs=0 l=0 rev1=0 crypto rx=0 tx=0 comp rx=0 tx=0)._handle_peer_banner_payload supported=3 required=0
2024-06-18T12:58:05.929 INFO:teuthology.orchestra.run.smithi167.stdout:/usr/bin/ceph: stderr
2024-06-18T12:58:05.120+0000 7f0036ffd640 1 --2- >> [v2:172.21.15.167:3300/0,v1:172.21.15.167:6789/0] conn(0x7f0038103fa0 0x7f00381043a0 unknown :-1 s=HELLO_CONNECTING pgs=0 cs=0 l=0 rev1=1 crypto rx=0 tx=0 comp rx=0 tx=0).handle_hello peer v2:172.21.15.167:3300/0 says I am v2:172.21.15.167:35506/0 (socket says 172.21.15.167:35506)
2024-06-18T12:58:05.929 INFO:teuthology.orchestra.run.smithi167.stdout:/usr/bin/ceph: stderr
2024-06-18T12:58:05.120+0000 7f0036ffd640 1 -- 172.21.15.167:0/4207653020 learned_addr learned my addr 172.21.15.167:0/4207653020 (peer_addr_for_me v2:172.21.15.167:0/0)
2024-06-18T12:58:05.929 INFO:teuthology.orchestra.run.smithi167.stdout:/usr/bin/ceph: stderr
2024-06-18T12:58:05.120+0000 7f0036ffd640 1 -- 172.21.15.167:0/4207653020 --> [v2:172.21.15.167:3300/0,v1:172.21.15.167:6789/0] -- mon_subscribe({config=0+,monmap=0+}) -- 0x7f00381051a0 con 0x7f0038103fa0
2024-06-18T12:58:05.929 INFO:teuthology.orchestra.run.smithi167.stdout:/usr/bin/ceph: stderr
2024-06-18T12:58:05.121+0000 7f0036ffd640 1 --2- 172.21.15.167:0/4207653020 >> [v2:172.21.15.167:3300/0,v1:172.21.15.167:6789/0] conn(0x7f0038103fa0 0x7f00381043a0 secure :-1 s=READY pgs=49 cs=0 l=1 rev1=1 crypto rx=0x7f0028009820 tx=0x7f002802a270 comp rx=0 tx=0).ready entity=mon.0 client_cookie=5ba24bc409b0973f server_cookie=0 in_seq=0 out_seq=0
2024-06-18T12:58:05.929 INFO:teuthology.orchestra.run.smithi167.stdout:/usr/bin/ceph: stderr
2024-06-18T12:58:05.121+0000 7f00367fc640 1 -- 172.21.15.167:0/4207653020 <== mon.0 v2:172.21.15.167:3300/0 1 ==== mon_map magic: 0 ==== 205+0+0 (secure 0 0 0) 0x7f0028037070 con 0x7f0038103fa0
2024-06-18T12:58:05.929 INFO:teuthology.orchestra.run.smithi167.stdout:/usr/bin/ceph: stderr
2024-06-18T12:58:05.121+0000 7f00367fc640 1 -- 172.21.15.167:0/4207653020 <== mon.0 v2:172.21.15.167:3300/0 2 ==== config(24 keys) ==== 1011+0+0 (secure 0 0 0) 0x7f00280328a0 con 0x7f0038103fa0
2024-06-18T12:58:05.930 INFO:teuthology.orchestra.run.smithi167.stdout:/usr/bin/ceph: stderr
2024-06-18T12:58:05.121+0000 7f00367fc640 1 -- 172.21.15.167:0/4207653020 <== mon.0 v2:172.21.15.167:3300/0 3 ==== mon_map magic: 0 ==== 205+0+0 (secure 0 0 0) 0x7f0028030640 con 0x7f0038103fa0
2024-06-18T12:58:05.930 INFO:teuthology.orchestra.run.smithi167.stdout:/usr/bin/ceph: stderr
2024-06-18T12:58:05.121+0000 7f003d51c640 1 -- 172.21.15.167:0/4207653020 >> [v2:172.21.15.167:3300/0,v1:172.21.15.167:6789/0] conn(0x7f0038103fa0 msgr2=0x7f00381043a0 secure :-1 s=STATE_CONNECTION_ESTABLISHED l=1).mark_down
2024-06-18T12:58:05.930 INFO:teuthology.orchestra.run.smithi167.stdout:/usr/bin/ceph: stderr
2024-06-18T12:58:05.121+0000 7f003d51c640 1 --2- 172.21.15.167:0/4207653020 >> [v2:172.21.15.167:3300/0,v1:172.21.15.167:6789/0] conn(0x7f0038103fa0 0x7f00381043a0 secure :-1 s=READY pgs=49 cs=0 l=1 rev1=1 crypto rx=0x7f0028009820 tx=0x7f002802a270 comp rx=0 tx=0).stop
2024-06-18T12:58:05.930 INFO:teuthology.orchestra.run.smithi167.stdout:/usr/bin/ceph: stderr
2024-06-18T12:58:05.121+0000 7f003d51c640 1 -- 172.21.15.167:0/4207653020 shutdown_connections
2024-06-18T12:58:05.930 INFO:teuthology.orchestra.run.smithi167.stdout:/usr/bin/ceph: stderr
2024-06-18T12:58:05.122+0000 7f003d51c640 1 --2- 172.21.15.167:0/4207653020 >> [v2:172.21.15.167:3300/0,v1:172.21.15.167:6789/0] conn(0x7f0038103fa0 0x7f00381043a0 unknown :-1 s=CLOSED pgs=49 cs=0 l=1 rev1=1 crypto rx=0 tx=0 comp rx=0 tx=0).stop
2024-06-18T12:58:05.930 INFO:teuthology.orchestra.run.smithi167.stdout:/usr/bin/ceph: stderr
2024-06-18T12:58:05.122+0000 7f003d51c640 1 -- 172.21.15.167:0/4207653020 >> 172.21.15.167:0/4207653020 conn(0x7f00380ff750 msgr2=0x7f0038101b70 unknown :-1 s=STATE_NONE l=0).mark_down
2024-06-18T12:58:05.930 INFO:teuthology.orchestra.run.smithi167.stdout:/usr/bin/ceph: stderr
2024-06-18T12:58:05.122+0000 7f003d51c640 1 -- 172.21.15.167:0/4207653020 shutdown_connections
2024-06-18T12:58:05.930 INFO:teuthology.orchestra.run.smithi167.stdout:/usr/bin/ceph: stderr
2024-06-18T12:58:05.122+0000 7f003d51c640 1 -- 172.21.15.167:0/4207653020 wait complete.
2024-06-18T12:58:05.930 INFO:teuthology.orchestra.run.smithi167.stdout:/usr/bin/ceph: stderr
2024-06-18T12:58:05.122+0000 7f003d51c640 1 Processor -- start
2024-06-18T12:58:05.930 INFO:teuthology.orchestra.run.smithi167.stdout:/usr/bin/ceph: stderr
2024-06-18T12:58:05.122+0000 7f003d51c640 1 -- start start
2024-06-18T12:58:05.930 INFO:teuthology.orchestra.run.smithi167.stdout:/usr/bin/ceph: stderr
2024-06-18T12:58:05.123+0000 7f003d51c640 1 --2- >> [v2:172.21.15.167:3300/0,v1:172.21.15.167:6789/0] conn(0x7f0038103fa0 0x7f003818f090 unknown :-1 s=NONE pgs=0 cs=0 l=1 rev1=0 crypto rx=0 tx=0 comp rx=0 tx=0).connect
2024-06-18T12:58:05.930 INFO:teuthology.orchestra.run.smithi167.stdout:/usr/bin/ceph: stderr
2024-06-18T12:58:05.123+0000 7f003d51c640 1 -- --> [v2:172.21.15.167:3300/0,v1:172.21.15.167:6789/0] -- mon_getmap magic: 0 -- 0x7f00381083d0 con 0x7f0038103fa0
2024-06-18T12:58:05.930 INFO:teuthology.orchestra.run.smithi167.stdout:/usr/bin/ceph: stderr
2024-06-18T12:58:05.123+0000 7f0036ffd640 1 --2- >> [v2:172.21.15.167:3300/0,v1:172.21.15.167:6789/0] conn(0x7f0038103fa0 0x7f003818f090 unknown :-1 s=BANNER_CONNECTING pgs=0 cs=0 l=1 rev1=0 crypto rx=0 tx=0 comp rx=0 tx=0)._handle_peer_banner_payload supported=3 required=0
2024-06-18T12:58:05.931 INFO:teuthology.orchestra.run.smithi167.stdout:/usr/bin/ceph: stderr
2024-06-18T12:58:05.123+0000 7f0036ffd640 1 --2- >> [v2:172.21.15.167:3300/0,v1:172.21.15.167:6789/0] conn(0x7f0038103fa0 0x7f003818f090 unknown :-1 s=HELLO_CONNECTING pgs=0 cs=0 l=1 rev1=1 crypto rx=0 tx=0 comp rx=0 tx=0).handle_hello peer v2:172.21.15.167:3300/0 says I am v2:172.21.15.167:35512/0 (socket says 172.21.15.167:35512)
2024-06-18T12:58:05.931 INFO:teuthology.orchestra.run.smithi167.stdout:/usr/bin/ceph: stderr
2024-06-18T12:58:05.123+0000 7f0036ffd640 1 -- 172.21.15.167:0/3854176361 learned_addr learned my addr 172.21.15.167:0/3854176361 (peer_addr_for_me v2:172.21.15.167:0/0)
2024-06-18T12:58:05.931 INFO:teuthology.orchestra.run.smithi167.stdout:/usr/bin/ceph: stderr
2024-06-18T12:58:05.123+0000 7f0036ffd640 1 -- 172.21.15.167:0/3854176361 --> [v2:172.21.15.167:3300/0,v1:172.21.15.167:6789/0] -- mon_subscribe({config=0+,monmap=0+}) -- 0x7f003818f5d0 con 0x7f0038103fa0
2024-06-18T12:58:05.931 INFO:teuthology.orchestra.run.smithi167.stdout:/usr/bin/ceph: stderr
2024-06-18T12:58:05.123+0000 7f0036ffd640 1 --2- 172.21.15.167:0/3854176361 >> [v2:172.21.15.167:3300/0,v1:172.21.15.167:6789/0] conn(0x7f0038103fa0 0x7f003818f090 secure :-1 s=READY pgs=50 cs=0 l=1 rev1=1 crypto rx=0x7f0028000c00 tx=0x7f00280327b0 comp rx=0 tx=0).ready entity=mon.0 client_cookie=0 server_cookie=0 in_seq=0 out_seq=0
2024-06-18T12:58:05.931 INFO:teuthology.orchestra.run.smithi167.stdout:/usr/bin/ceph: stderr
2024-06-18T12:58:05.123+0000 7f0034ff9640 1 -- 172.21.15.167:0/3854176361 <== mon.0 v2:172.21.15.167:3300/0 1 ==== mon_map magic: 0 ==== 205+0+0 (secure 0 0 0) 0x7f0028037040 con 0x7f0038103fa0
2024-06-18T12:58:05.931 INFO:teuthology.orchestra.run.smithi167.stdout:/usr/bin/ceph: stderr
2024-06-18T12:58:05.123+0000 7f0034ff9640 1 -- 172.21.15.167:0/3854176361 <== mon.0 v2:172.21.15.167:3300/0 2 ==== config(24 keys) ==== 1011+0+0 (secure 0 0 0) 0x7f0028040070 con 0x7f0038103fa0
2024-06-18T12:58:05.931 INFO:teuthology.orchestra.run.smithi167.stdout:/usr/bin/ceph: stderr
2024-06-18T12:58:05.123+0000 7f003d51c640 1 -- 172.21.15.167:0/3854176361 --> [v2:172.21.15.167:3300/0,v1:172.21.15.167:6789/0] -- mon_subscribe({mgrmap=0+}) -- 0x7f003818d7c0 con 0x7f0038103fa0
2024-06-18T12:58:05.931 INFO:teuthology.orchestra.run.smithi167.stdout:/usr/bin/ceph: stderr
2024-06-18T12:58:05.123+0000 7f0034ff9640 1 -- 172.21.15.167:0/3854176361 <== mon.0 v2:172.21.15.167:3300/0 3 ==== mon_map magic: 0 ==== 205+0+0 (secure 0 0 0) 0x7f002803bda0 con 0x7f0038103fa0
2024-06-18T12:58:05.931 INFO:teuthology.orchestra.run.smithi167.stdout:/usr/bin/ceph: stderr
2024-06-18T12:58:05.123+0000 7f003d51c640 1 -- 172.21.15.167:0/3854176361 --> [v2:172.21.15.167:3300/0,v1:172.21.15.167:6789/0] -- mon_subscribe({osdmap=0}) -- 0x7f003818dca0 con 0x7f0038103fa0
2024-06-18T12:58:05.931 INFO:teuthology.orchestra.run.smithi167.stdout:/usr/bin/ceph: stderr
2024-06-18T12:58:05.124+0000 7f0034ff9640 1 -- 172.21.15.167:0/3854176361 <== mon.0 v2:172.21.15.167:3300/0 4 ==== mgrmap(e 8) ==== 46287+0+0 (secure 0 0 0) 0x7f0028045460 con 0x7f0038103fa0
2024-06-18T12:58:05.931 INFO:teuthology.orchestra.run.smithi167.stdout:/usr/bin/ceph: stderr
2024-06-18T12:58:05.124+0000 7f0034ff9640 1 --2- 172.21.15.167:0/3854176361 >> [v2:172.21.15.167:6800/1873453520,v1:172.21.15.167:6801/1873453520] conn(0x7f0024038f70 0x7f002403b430 unknown :-1 s=NONE pgs=0 cs=0 l=1 rev1=0 crypto rx=0 tx=0 comp rx=0 tx=0).connect
2024-06-18T12:58:05.931 INFO:teuthology.orchestra.run.smithi167.stdout:/usr/bin/ceph: stderr
2024-06-18T12:58:05.125+0000 7f0034ff9640 1 -- 172.21.15.167:0/3854176361 <== mon.0 v2:172.21.15.167:3300/0 5 ==== osd_map(2..2 src has 1..2) ==== 940+0+0 (secure 0 0 0) 0x7f002806c220 con 0x7f0038103fa0
2024-06-18T12:58:05.932 INFO:teuthology.orchestra.run.smithi167.stdout:/usr/bin/ceph: stderr
2024-06-18T12:58:05.125+0000 7f003d51c640 1 -- 172.21.15.167:0/3854176361 --> [v2:172.21.15.167:3300/0,v1:172.21.15.167:6789/0] -- mon_command({"prefix": "get_command_descriptions"} v 0) -- 0x7f0038104420 con 0x7f0038103fa0
2024-06-18T12:58:05.932 INFO:teuthology.orchestra.run.smithi167.stdout:/usr/bin/ceph: stderr
2024-06-18T12:58:05.125+0000 7f002e7fc640 1 --2- 172.21.15.167:0/3854176361 >> [v2:172.21.15.167:6800/1873453520,v1:172.21.15.167:6801/1873453520] conn(0x7f0024038f70 0x7f002403b430 unknown :-1 s=BANNER_CONNECTING pgs=0 cs=0 l=1 rev1=0 crypto rx=0 tx=0 comp rx=0 tx=0)._handle_peer_banner_payload supported=3 required=0
2024-06-18T12:58:05.932 INFO:teuthology.orchestra.run.smithi167.stdout:/usr/bin/ceph: stderr
2024-06-18T12:58:05.125+0000 7f002e7fc640 1 --2- 172.21.15.167:0/3854176361 >> [v2:172.21.15.167:6800/1873453520,v1:172.21.15.167:6801/1873453520] conn(0x7f0024038f70 0x7f002403b430 secure :-1 s=READY pgs=14 cs=0 l=1 rev1=1 crypto rx=0x7f00200098c0 tx=0x7f0020006db0 comp rx=0 tx=0).ready entity=mgr.14118 client_cookie=0 server_cookie=0 in_seq=0 out_seq=0
