2024-06-18T12:57:48.346+0000 7f32b1bb4640 1 -- 172.21.15.167:0/2170905477 --> [v2:172.21.15.167:3300/0,v1:172.21.15.167:6789/0] -- mon_subscribe({mgrmap=0+}) -- 0x7f32ac199760 con 0x7f32ac1050b0
2024-06-18T12:57:52.761 INFO:teuthology.orchestra.run.smithi167.stdout:/usr/bin/ceph: stderr
2024-06-18T12:57:48.346+0000 7f32a8ff9640 1 -- 172.21.15.167:0/2170905477 <== mon.0 v2:172.21.15.167:3300/0 3 ==== mon_map magic: 0 ==== 205+0+0 (secure 0 0 0) 0x7f329403bc70 con 0x7f32ac1050b0
2024-06-18T12:57:52.761 INFO:teuthology.orchestra.run.smithi167.stdout:/usr/bin/ceph: stderr
2024-06-18T12:57:48.347+0000 7f32b1bb4640 1 -- 172.21.15.167:0/2170905477 --> [v2:172.21.15.167:3300/0,v1:172.21.15.167:6789/0] -- mon_subscribe({osdmap=0}) -- 0x7f32ac19c450 con 0x7f32ac1050b0
2024-06-18T12:57:52.761 INFO:teuthology.orchestra.run.smithi167.stdout:/usr/bin/ceph: stderr
2024-06-18T12:57:48.348+0000 7f32a8ff9640 1 -- 172.21.15.167:0/2170905477 <== mon.0 v2:172.21.15.167:3300/0 4 ==== mgrmap(e 5) ==== 46287+0+0 (secure 0 0 0) 0x7f329403b430 con 0x7f32ac1050b0
2024-06-18T12:57:52.762 INFO:teuthology.orchestra.run.smithi167.stdout:/usr/bin/ceph: stderr
2024-06-18T12:57:48.348+0000 7f32a8ff9640 1 --2- 172.21.15.167:0/2170905477 >> [v2:172.21.15.167:6800/2756279078,v1:172.21.15.167:6801/2756279078] conn(0x7f3298038fc0 0x7f329803b480 unknown :-1 s=NONE pgs=0 cs=0 l=1 rev1=0 crypto rx=0 tx=0 comp rx=0 tx=0).connect
2024-06-18T12:57:52.762 INFO:teuthology.orchestra.run.smithi167.stdout:/usr/bin/ceph: stderr
2024-06-18T12:57:48.348+0000 7f32a8ff9640 1 -- 172.21.15.167:0/2170905477 --> [v2:172.21.15.167:6800/2756279078,v1:172.21.15.167:6801/2756279078] -- command(tid 0: {"prefix": "get_command_descriptions"}) -- 0x7f329803bb90 con 0x7f3298038fc0
2024-06-18T12:57:52.762 INFO:teuthology.orchestra.run.smithi167.stdout:/usr/bin/ceph: stderr
2024-06-18T12:57:48.348+0000 7f32a8ff9640 1 -- 172.21.15.167:0/2170905477 <== mon.0 v2:172.21.15.167:3300/0 5 ==== osd_map(1..1 src has 1..1) ==== 725+0+0 (secure 0 0 0) 0x7f329406beb0 con 0x7f32ac1050b0
2024-06-18T12:57:52.762 INFO:teuthology.orchestra.run.smithi167.stdout:/usr/bin/ceph: stderr
2024-06-18T12:57:48.348+0000 7f32aaffd640 1 -- 172.21.15.167:0/2170905477 >> [v2:172.21.15.167:6800/2756279078,v1:172.21.15.167:6801/2756279078] conn(0x7f3298038fc0 msgr2=0x7f329803b480 unknown :-1 s=STATE_CONNECTING_RE l=1).process reconnect failed to v2:172.21.15.167:6800/2756279078
2024-06-18T12:57:52.762 INFO:teuthology.orchestra.run.smithi167.stdout:/usr/bin/ceph: stderr
2024-06-18T12:57:48.348+0000 7f32aaffd640 1 --2- 172.21.15.167:0/2170905477 >> [v2:172.21.15.167:6800/2756279078,v1:172.21.15.167:6801/2756279078] conn(0x7f3298038fc0 0x7f329803b480 unknown :-1 s=START_CONNECT pgs=0 cs=0 l=1 rev1=0 crypto rx=0 tx=0 comp rx=0 tx=0)._fault waiting 0.200000
2024-06-18T12:57:52.762 INFO:teuthology.orchestra.run.smithi167.stdout:/usr/bin/ceph: stderr
2024-06-18T12:57:48.549+0000 7f32aaffd640 1 -- 172.21.15.167:0/2170905477 >> [v2:172.21.15.167:6800/2756279078,v1:172.21.15.167:6801/2756279078] conn(0x7f3298038fc0 msgr2=0x7f329803b480 unknown :-1 s=STATE_CONNECTING_RE l=1).process reconnect failed to v2:172.21.15.167:6800/2756279078
2024-06-18T12:57:52.762 INFO:teuthology.orchestra.run.smithi167.stdout:/usr/bin/ceph: stderr
2024-06-18T12:57:48.549+0000 7f32aaffd640 1 --2- 172.21.15.167:0/2170905477 >> [v2:172.21.15.167:6800/2756279078,v1:172.21.15.167:6801/2756279078] conn(0x7f3298038fc0 0x7f329803b480 unknown :-1 s=START_CONNECT pgs=0 cs=0 l=1 rev1=0 crypto rx=0 tx=0 comp rx=0 tx=0)._fault waiting 0.400000
2024-06-18T12:57:52.762 INFO:teuthology.orchestra.run.smithi167.stdout:/usr/bin/ceph: stderr
2024-06-18T12:57:48.950+0000 7f32aaffd640 1 -- 172.21.15.167:0/2170905477 >> [v2:172.21.15.167:6800/2756279078,v1:172.21.15.167:6801/2756279078] conn(0x7f3298038fc0 msgr2=0x7f329803b480 unknown :-1 s=STATE_CONNECTING_RE l=1).process reconnect failed to v2:172.21.15.167:6800/2756279078
2024-06-18T12:57:52.762 INFO:teuthology.orchestra.run.smithi167.stdout:/usr/bin/ceph: stderr
2024-06-18T12:57:48.950+0000 7f32aaffd640 1 --2- 172.21.15.167:0/2170905477 >> [v2:172.21.15.167:6800/2756279078,v1:172.21.15.167:6801/2756279078] conn(0x7f3298038fc0 0x7f329803b480 unknown :-1 s=START_CONNECT pgs=0 cs=0 l=1 rev1=0 crypto rx=0 tx=0 comp rx=0 tx=0)._fault waiting 0.800000
2024-06-18T12:57:52.762 INFO:teuthology.orchestra.run.smithi167.stdout:/usr/bin/ceph: stderr
2024-06-18T12:57:49.751+0000 7f32aaffd640 1 -- 172.21.15.167:0/2170905477 >> [v2:172.21.15.167:6800/2756279078,v1:172.21.15.167:6801/2756279078] conn(0x7f3298038fc0 msgr2=0x7f329803b480 unknown :-1 s=STATE_CONNECTING_RE l=1).process reconnect failed to v2:172.21.15.167:6800/2756279078
2024-06-18T12:57:52.762 INFO:teuthology.orchestra.run.smithi167.stdout:/usr/bin/ceph: stderr
2024-06-18T12:57:49.751+0000 7f32aaffd640 1 --2- 172.21.15.167:0/2170905477 >> [v2:172.21.15.167:6800/2756279078,v1:172.21.15.167:6801/2756279078] conn(0x7f3298038fc0 0x7f329803b480 unknown :-1 s=START_CONNECT pgs=0 cs=0 l=1 rev1=0 crypto rx=0 tx=0 comp rx=0 tx=0)._fault waiting 1.600000
2024-06-18T12:57:52.762 INFO:teuthology.orchestra.run.smithi167.stdout:/usr/bin/ceph: stderr
2024-06-18T12:57:51.127+0000 7f32a8ff9640 1 -- 172.21.15.167:0/2170905477 <== mon.0 v2:172.21.15.167:3300/0 6 ==== mgrmap(e 6) ==== 46054+0+0 (secure 0 0 0) 0x7f329406acb0 con 0x7f32ac1050b0
2024-06-18T12:57:52.763 INFO:teuthology.orchestra.run.smithi167.stdout:/usr/bin/ceph: stderr
2024-06-18T12:57:51.127+0000 7f32a8ff9640 1 -- 172.21.15.167:0/2170905477 >> [v2:172.21.15.167:6800/2756279078,v1:172.21.15.167:6801/2756279078] conn(0x7f3298038fc0 msgr2=0x7f329803b480 unknown :-1 s=STATE_CONNECTING l=1).mark_down
2024-06-18T12:57:52.763 INFO:teuthology.orchestra.run.smithi167.stdout:/usr/bin/ceph: stderr
2024-06-18T12:57:51.127+0000 7f32a8ff9640 1 --2- 172.21.15.167:0/2170905477 >> [v2:172.21.15.167:6800/2756279078,v1:172.21.15.167:6801/2756279078] conn(0x7f3298038fc0 0x7f329803b480 unknown :-1 s=START_CONNECT pgs=0 cs=0 l=1 rev1=0 crypto rx=0 tx=0 comp rx=0 tx=0).stop
2024-06-18T12:57:52.763 INFO:teuthology.orchestra.run.smithi167.stdout:/usr/bin/ceph: stderr
2024-06-18T12:57:52.130+0000 7f32a8ff9640 1 -- 172.21.15.167:0/2170905477 <== mon.0 v2:172.21.15.167:3300/0 7 ==== mgrmap(e 7) ==== 46181+0+0 (secure 0 0 0) 0x7f3294030ac0 con 0x7f32ac1050b0
2024-06-18T12:57:52.763 INFO:teuthology.orchestra.run.smithi167.stdout:/usr/bin/ceph: stderr
2024-06-18T12:57:52.130+0000 7f32a8ff9640 1 --2- 172.21.15.167:0/2170905477 >> [v2:172.21.15.167:6800/1873453520,v1:172.21.15.167:6801/1873453520] conn(0x7f329803c8f0 0x7f329803ece0 unknown :-1 s=NONE pgs=0 cs=0 l=1 rev1=0 crypto rx=0 tx=0 comp rx=0 tx=0).connect
2024-06-18T12:57:52.763 INFO:teuthology.orchestra.run.smithi167.stdout:/usr/bin/ceph: stderr
2024-06-18T12:57:52.130+0000 7f32a8ff9640 1 -- 172.21.15.167:0/2170905477 --> [v2:172.21.15.167:6800/1873453520,v1:172.21.15.167:6801/1873453520] -- command(tid 0: {"prefix": "get_command_descriptions"}) -- 0x7f329403de70 con 0x7f329803c8f0
2024-06-18T12:57:52.763 INFO:teuthology.orchestra.run.smithi167.stdout:/usr/bin/ceph: stderr
2024-06-18T12:57:52.131+0000 7f32aaffd640 1 --2- 172.21.15.167:0/2170905477 >> [v2:172.21.15.167:6800/1873453520,v1:172.21.15.167:6801/1873453520] conn(0x7f329803c8f0 0x7f329803ece0 unknown :-1 s=BANNER_CONNECTING pgs=0 cs=0 l=1 rev1=0 crypto rx=0 tx=0 comp rx=0 tx=0)._handle_peer_banner_payload supported=3 required=0
2024-06-18T12:57:52.763 INFO:teuthology.orchestra.run.smithi167.stdout:/usr/bin/ceph: stderr
2024-06-18T12:57:52.132+0000 7f32aaffd640 1 --2- 172.21.15.167:0/2170905477 >> [v2:172.21.15.167:6800/1873453520,v1:172.21.15.167:6801/1873453520] conn(0x7f329803c8f0 0x7f329803ece0 secure :-1 s=READY pgs=2 cs=0 l=1 rev1=1 crypto rx=0x7f329c003980 tx=0x7f329c0092b0 comp rx=0 tx=0).ready entity=mgr.14118 client_cookie=0 server_cookie=0 in_seq=0 out_seq=0
2024-06-18T12:57:52.763 INFO:teuthology.orchestra.run.smithi167.stdout:/usr/bin/ceph: stderr
2024-06-18T12:57:52.133+0000 7f32a8ff9640 1 -- 172.21.15.167:0/2170905477 <== mgr.14118 v2:172.21.15.167:6800/1873453520 1 ==== command_reply(tid 0: 0 ) ==== 8+0+7774 (secure 0 0 0) 0x7f329403de70 con 0x7f329803c8f0
2024-06-18T12:57:52.763 INFO:teuthology.orchestra.run.smithi167.stdout:/usr/bin/ceph: stderr
2024-06-18T12:57:52.143+0000 7f32b1bb4640 1 -- 172.21.15.167:0/2170905477 --> [v2:172.21.15.167:6800/1873453520,v1:172.21.15.167:6801/1873453520] -- command(tid 1: {"prefix": "mgr_status"}) -- 0x7f32ac105530 con 0x7f329803c8f0
2024-06-18T12:57:52.763 INFO:teuthology.orchestra.run.smithi167.stdout:/usr/bin/ceph: stderr
2024-06-18T12:57:52.143+0000 7f32a8ff9640 1 -- 172.21.15.167:0/2170905477 <== mgr.14118 v2:172.21.15.167:6800/1873453520 2 ==== command_reply(tid 1: 0 ) ==== 8+0+51 (secure 0 0 0) 0x7f32ac105530 con 0x7f329803c8f0
2024-06-18T12:57:52.763 INFO:teuthology.orchestra.run.smithi167.stdout:/usr/bin/ceph: stderr
2024-06-18T12:57:52.143+0000 7f32b1bb4640 1 -- 172.21.15.167:0/2170905477 >> [v2:172.21.15.167:6800/1873453520,v1:172.21.15.167:6801/1873453520] conn(0x7f329803c8f0 msgr2=0x7f329803ece0 secure :-1 s=STATE_CONNECTION_ESTABLISHED l=1).mark_down
2024-06-18T12:57:52.763 INFO:teuthology.orchestra.run.smithi167.stdout:/usr/bin/ceph: stderr
2024-06-18T12:57:52.143+0000 7f32b1bb4640 1 --2- 172.21.15.167:0/2170905477 >> [v2:172.21.15.167:6800/1873453520,v1:172.21.15.167:6801/1873453520] conn(0x7f329803c8f0 0x7f329803ece0 secure :-1 s=READY pgs=2 cs=0 l=1 rev1=1 crypto rx=0x7f329c003980 tx=0x7f329c0092b0 comp rx=0 tx=0).stop
2024-06-18T12:57:52.764 INFO:teuthology.orchestra.run.smithi167.stdout:/usr/bin/ceph: stderr
2024-06-18T12:57:52.143+0000 7f32b1bb4640 1 -- 172.21.15.167:0/2170905477 >> [v2:172.21.15.167:3300/0,v1:172.21.15.167:6789/0] conn(0x7f32ac1050b0 msgr2=0x7f32ac198f90 secure :-1 s=STATE_CONNECTION_ESTABLISHED l=1).mark_down
2024-06-18T12:57:52.764 INFO:teuthology.orchestra.run.smithi167.stdout:/usr/bin/ceph: stderr
2024-06-18T12:57:52.143+0000 7f32b1bb4640 1 --2- 172.21.15.167:0/2170905477 >> [v2:172.21.15.167:3300/0,v1:172.21.15.167:6789/0] conn(0x7f32ac1050b0 0x7f32ac198f90 secure :-1 s=READY pgs=27 cs=0 l=1 rev1=1 crypto rx=0x7f3294030380 tx=0x7f32940326e0 comp rx=0 tx=0).stop
2024-06-18T12:57:52.764 INFO:teuthology.orchestra.run.smithi167.stdout:/usr/bin/ceph: stderr
2024-06-18T12:57:52.143+0000 7f32b1bb4640 1 -- 172.21.15.167:0/2170905477 shutdown_connections
2024-06-18T12:57:52.764 INFO:teuthology.orchestra.run.smithi167.stdout:/usr/bin/ceph: stderr
2024-06-18T12:57:52.143+0000 7f32b1bb4640 1 --2- 172.21.15.167:0/2170905477 >> [v2:172.21.15.167:6800/2756279078,v1:172.21.15.167:6801/2756279078] conn(0x7f3298038fc0 0x7f329803b480 unknown :-1 s=CLOSED pgs=0 cs=0 l=1 rev1=0 crypto rx=0 tx=0 comp rx=0 tx=0).stop
2024-06-18T12:57:52.764 INFO:teuthology.orchestra.run.smithi167.stdout:/usr/bin/ceph: stderr
2024-06-18T12:57:52.143+0000 7f32b1bb4640 1 --2- 172.21.15.167:0/2170905477 >> [v2:172.21.15.167:6800/1873453520,v1:172.21.15.167:6801/1873453520] conn(0x7f329803c8f0 0x7f329803ece0 unknown :-1 s=CLOSED pgs=2 cs=0 l=1 rev1=1 crypto rx=0 tx=0 comp rx=0 tx=0).stop
2024-06-18T12:57:52.764 INFO:teuthology.orchestra.run.smithi167.stdout:/usr/bin/ceph: stderr
2024-06-18T12:57:52.143+0000 7f32b1bb4640 1 --2- 172.21.15.167:0/2170905477 >> [v2:172.21.15.167:3300/0,v1:172.21.15.167:6789/0] conn(0x7f32ac1050b0 0x7f32ac198f90 unknown :-1 s=CLOSED pgs=27 cs=0 l=1 rev1=1 crypto rx=0 tx=0 comp rx=0 tx=0).stop
2024-06-18T12:57:52.764 INFO:teuthology.orchestra.run.smithi167.stdout:/usr/bin/ceph: stderr
2024-06-18T12:57:52.143+0000 7f32b1bb4640 1 -- 172.21.15.167:0/2170905477 >> 172.21.15.167:0/2170905477 conn(0x7f32ac100800 msgr2=0x7f32ac1013e0 unknown :-1 s=STATE_NONE l=0).mark_down
2024-06-18T12:57:52.764 INFO:teuthology.orchestra.run.smithi167.stdout:/usr/bin/ceph: stderr
2024-06-18T12:57:52.144+0000 7f32b1bb4640 1 -- 172.21.15.167:0/2170905477 shutdown_connections
2024-06-18T12:57:52.764 INFO:teuthology.orchestra.run.smithi167.stdout:/usr/bin/ceph: stderr
2024-06-18T12:57:52.144+0000 7f32b1bb4640 1 -- 172.21.15.167:0/2170905477 wait complete.
2024-06-18T12:57:52.764 INFO:teuthology.orchestra.run.smithi167.stdout:mgr epoch 5 is available
2024-06-18T12:57:52.764 INFO:teuthology.orchestra.run.smithi167.stdout:Setting orchestrator backend to cephadm...
2024-06-18T12:57:53.344 INFO:journalctl@ceph.mon.a.smithi167.stdout:Jun 18 12:57:53 smithi167 ceph-mon[29496]: from='client.14122 -' entity='client.admin' cmd=[{"prefix": "get_command_descriptions"}]: dispatch
2024-06-18T12:57:53.345 INFO:journalctl@ceph.mon.a.smithi167.stdout:Jun 18 12:57:53 smithi167 ceph-mon[29496]: from='client.14122 -' entity='client.admin' cmd=[{"prefix": "mgr_status"}]: dispatch
2024-06-18T12:57:53.345 INFO:journalctl@ceph.mgr.y.smithi167.stdout:Jun 18 12:57:53 smithi167 ceph-3434f1e2-2d72-11ef-bc9d-c7b262605968-mgr-y[29724]:
2024-06-18T12:57:53.202+0000 7f38ad0fd640 -1 log_channel(cephadm) log [ERR] : [18/Jun/2024:12:57:53] ENGINE Error in HTTPServer.serve
2024-06-18T12:57:53.345 INFO:journalctl@ceph.mgr.y.smithi167.stdout:Jun 18 12:57:53 smithi167 ceph-3434f1e2-2d72-11ef-bc9d-c7b262605968-mgr-y[29724]: Traceback (most recent call last):
2024-06-18T12:57:53.345 INFO:journalctl@ceph.mgr.y.smithi167.stdout:Jun 18 12:57:53 smithi167 ceph-3434f1e2-2d72-11ef-bc9d-c7b262605968-mgr-y[29724]: File "/lib/python3.9/site-packages/cheroot/server.py", line 1823, in serve
2024-06-18T12:57:53.345 INFO:journalctl@ceph.mgr.y.smithi167.stdout:Jun 18 12:57:53 smithi167 ceph-3434f1e2-2d72-11ef-bc9d-c7b262605968-mgr-y[29724]: self._connections.run(self.expiration_interval)
2024-06-18T12:57:53.345 INFO:journalctl@ceph.mgr.y.smithi167.stdout:Jun 18 12:57:53 smithi167 ceph-3434f1e2-2d72-11ef-bc9d-c7b262605968-mgr-y[29724]: File "/lib/python3.9/site-packages/cheroot/connections.py", line 203, in run
2024-06-18T12:57:53.345 INFO:journalctl@ceph.mgr.y.smithi167.stdout:Jun 18 12:57:53 smithi167 ceph-3434f1e2-2d72-11ef-bc9d-c7b262605968-mgr-y[29724]: self._run(expiration_interval)
2024-06-18T12:57:53.345 INFO:journalctl@ceph.mgr.y.smithi167.stdout:Jun 18 12:57:53 smithi167 ceph-3434f1e2-2d72-11ef-bc9d-c7b262605968-mgr-y[29724]: File "/lib/python3.9/site-packages/cheroot/connections.py", line 246, in _run
2024-06-18T12:57:53.345 INFO:journalctl@ceph.mgr.y.smithi167.stdout:Jun 18 12:57:53 smithi167 ceph-3434f1e2-2d72-11ef-bc9d-c7b262605968-mgr-y[29724]: new_conn = self._from_server_socket(self.server.socket)
2024-06-18T12:57:53.345 INFO:journalctl@ceph.mgr.y.smithi167.stdout:Jun 18 12:57:53 smithi167 ceph-3434f1e2-2d72-11ef-bc9d-c7b262605968-mgr-y[29724]: File "/lib/python3.9/site-packages/cheroot/connections.py", line 300, in _from_server_socket
2024-06-18T12:57:53.345 INFO:journalctl@ceph.mgr.y.smithi167.stdout:Jun 18 12:57:53 smithi167 ceph-3434f1e2-2d72-11ef-bc9d-c7b262605968-mgr-y[29724]: s, ssl_env = self.server.ssl_adapter.wrap(s)
2024-06-18T12:57:53.345 INFO:journalctl@ceph.mgr.y.smithi167.stdout:Jun 18 12:57:53 smithi167 ceph-3434f1e2-2d72-11ef-bc9d-c7b262605968-mgr-y[29724]: File "/lib/python3.9/site-packages/cheroot/ssl/builtin.py", line 277, in wrap
2024-06-18T12:57:53.346 INFO:journalctl@ceph.mgr.y.smithi167.stdout:Jun 18 12:57:53 smithi167 ceph-3434f1e2-2d72-11ef-bc9d-c7b262605968-mgr-y[29724]: s = self.context.wrap_socket(
2024-06-18T12:57:53.346 INFO:journalctl@ceph.mgr.y.smithi167.stdout:Jun 18 12:57:53 smithi167 ceph-3434f1e2-2d72-11ef-bc9d-c7b262605968-mgr-y[29724]: File "/lib64/python3.9/ssl.py", line 501, in wrap_socket
2024-06-18T12:57:53.346 INFO:journalctl@ceph.mgr.y.smithi167.stdout:Jun 18 12:57:53 smithi167 ceph-3434f1e2-2d72-11ef-bc9d-c7b262605968-mgr-y[29724]: return self.sslsocket_class._create(
2024-06-18T12:57:53.346 INFO:journalctl@ceph.mgr.y.smithi167.stdout:Jun 18 12:57:53 smithi167 ceph-3434f1e2-2d72-11ef-bc9d-c7b262605968-mgr-y[29724]: File "/lib64/python3.9/ssl.py", line 1074, in _create
2024-06-18T12:57:53.346 INFO:journalctl@ceph.mgr.y.smithi167.stdout:Jun 18 12:57:53 smithi167 ceph-3434f1e2-2d72-11ef-bc9d-c7b262605968-mgr-y[29724]: self.do_handshake()
2024-06-18T12:57:53.346 INFO:journalctl@ceph.mgr.y.smithi167.stdout:Jun 18 12:57:53 smithi167 ceph-3434f1e2-2d72-11ef-bc9d-c7b262605968-mgr-y[29724]: File "/lib64/python3.9/ssl.py", line 1343, in do_handshake
2024-06-18T12:57:53.346 INFO:journalctl@ceph.mgr.y.smithi167.stdout:Jun 18 12:57:53 smithi167 ceph-3434f1e2-2d72-11ef-bc9d-c7b262605968-mgr-y[29724]: self._sslobj.do_handshake()
2024-06-18T12:57:53.346 INFO:journalctl@ceph.mgr.y.smithi167.stdout:Jun 18 12:57:53 smithi167 ceph-3434f1e2-2d72-11ef-bc9d-c7b262605968-mgr-y[29724]: ssl.SSLZeroReturnError: TLS/SSL connection has been closed (EOF) (_ssl.c:1129)
2024-06-18T12:57:53.346 INFO:journalctl@ceph.mgr.y.smithi167.stdout:Jun 18 12:57:53 smithi167 ceph-3434f1e2-2d72-11ef-bc9d-c7b262605968-mgr-y[29724]:
2024-06-18T12:57:53.881 INFO:teuthology.orchestra.run.smithi167.stdout:/usr/bin/ceph: stderr
2024-06-18T12:57:53.140+0000 7f8c90557640 1 Processor -- start
2024-06-18T12:57:53.881 INFO:teuthology.orchestra.run.smithi167.stdout:/usr/bin/ceph: stderr
2024-06-18T12:57:53.141+0000 7f8c90557640 1 -- start start
2024-06-18T12:57:53.881 INFO:teuthology.orchestra.run.smithi167.stdout:/usr/bin/ceph: stderr
2024-06-18T12:57:53.141+0000 7f8c90557640 1 --2- >> [v2:172.21.15.167:3300/0,v1:172.21.15.167:6789/0] conn(0x7f8c88105ba0 0x7f8c88107f90 unknown :-1 s=NONE pgs=0 cs=0 l=0 rev1=0 crypto rx=0 tx=0 comp rx=0 tx=0).connect
2024-06-18T12:57:53.881 INFO:teuthology.orchestra.run.smithi167.stdout:/usr/bin/ceph: stderr
2024-06-18T12:57:53.141+0000 7f8c90557640 1 -- --> [v2:172.21.15.167:3300/0,v1:172.21.15.167:6789/0] -- mon_getmap magic: 0 -- 0x7f8c88079680 con 0x7f8c88105ba0
2024-06-18T12:57:53.881 INFO:teuthology.orchestra.run.smithi167.stdout:/usr/bin/ceph: stderr
2024-06-18T12:57:53.141+0000 7f8c8e2f3640 1 --2- >> [v2:172.21.15.167:3300/0,v1:172.21.15.167:6789/0] conn(0x7f8c88105ba0 0x7f8c88107f90 unknown :-1 s=BANNER_CONNECTING pgs=0 cs=0 l=0 rev1=0 crypto rx=0 tx=0 comp rx=0 tx=0)._handle_peer_banner_payload supported=3 required=0
2024-06-18T12:57:53.882 INFO:teuthology.orchestra.run.smithi167.stdout:/usr/bin/ceph: stderr
2024-06-18T12:57:53.141+0000 7f8c8e2f3640 1 --2- >> [v2:172.21.15.167:3300/0,v1:172.21.15.167:6789/0] conn(0x7f8c88105ba0 0x7f8c88107f90 unknown :-1 s=HELLO_CONNECTING pgs=0 cs=0 l=0 rev1=1 crypto rx=0 tx=0 comp rx=0 tx=0).handle_hello peer v2:172.21.15.167:3300/0 says I am v2:172.21.15.167:60262/0 (socket says 172.21.15.167:60262)
2024-06-18T12:57:53.882 INFO:teuthology.orchestra.run.smithi167.stdout:/usr/bin/ceph: stderr
2024-06-18T12:57:53.141+0000 7f8c8e2f3640 1 -- 172.21.15.167:0/3726515570 learned_addr learned my addr 172.21.15.167:0/3726515570 (peer_addr_for_me v2:172.21.15.167:0/0)
2024-06-18T12:57:53.882 INFO:teuthology.orchestra.run.smithi167.stdout:/usr/bin/ceph: stderr
2024-06-18T12:57:53.141+0000 7f8c8e2f3640 1 -- 172.21.15.167:0/3726515570 --> [v2:172.21.15.167:3300/0,v1:172.21.15.167:6789/0] -- mon_subscribe({config=0+,monmap=0+}) -- 0x7f8c881084d0 con 0x7f8c88105ba0
2024-06-18T12:57:53.882 INFO:teuthology.orchestra.run.smithi167.stdout:/usr/bin/ceph: stderr
2024-06-18T12:57:53.142+0000 7f8c8e2f3640 1 --2- 172.21.15.167:0/3726515570 >> [v2:172.21.15.167:3300/0,v1:172.21.15.167:6789/0] conn(0x7f8c88105ba0 0x7f8c88107f90 secure :-1 s=READY pgs=35 cs=0 l=1 rev1=1 crypto rx=0x7f8c80009820 tx=0x7f8c8002a270 comp rx=0 tx=0).ready entity=mon.0 client_cookie=afd8a1762f40cfac server_cookie=0 in_seq=0 out_seq=0
2024-06-18T12:57:53.882 INFO:teuthology.orchestra.run.smithi167.stdout:/usr/bin/ceph: stderr
2024-06-18T12:57:53.142+0000 7f8c8d2f1640 1 -- 172.21.15.167:0/3726515570 <== mon.0 v2:172.21.15.167:3300/0 1 ==== mon_map magic: 0 ==== 205+0+0 (secure 0 0 0) 0x7f8c80037070 con 0x7f8c88105ba0
2024-06-18T12:57:53.882 INFO:teuthology.orchestra.run.smithi167.stdout:/usr/bin/ceph: stderr
2024-06-18T12:57:53.142+0000 7f8c8d2f1640 1 -- 172.21.15.167:0/3726515570 <== mon.0 v2:172.21.15.167:3300/0 2 ==== config(24 keys) ==== 1011+0+0 (secure 0 0 0) 0x7f8c800328a0 con 0x7f8c88105ba0
2024-06-18T12:57:53.882 INFO:teuthology.orchestra.run.smithi167.stdout:/usr/bin/ceph: stderr
2024-06-18T12:57:53.142+0000 7f8c8d2f1640 1 -- 172.21.15.167:0/3726515570 <== mon.0 v2:172.21.15.167:3300/0 3 ==== mon_map magic: 0 ==== 205+0+0 (secure 0 0 0) 0x7f8c80030640 con 0x7f8c88105ba0
2024-06-18T12:57:53.882 INFO:teuthology.orchestra.run.smithi167.stdout:/usr/bin/ceph: stderr
2024-06-18T12:57:53.143+0000 7f8c90557640 1 -- 172.21.15.167:0/3726515570 >> [v2:172.21.15.167:3300/0,v1:172.21.15.167:6789/0] conn(0x7f8c88105ba0 msgr2=0x7f8c88107f90 secure :-1 s=STATE_CONNECTION_ESTABLISHED l=1).mark_down
2024-06-18T12:57:53.882 INFO:teuthology.orchestra.run.smithi167.stdout:/usr/bin/ceph: stderr
2024-06-18T12:57:53.143+0000 7f8c90557640 1 --2- 172.21.15.167:0/3726515570 >> [v2:172.21.15.167:3300/0,v1:172.21.15.167:6789/0] conn(0x7f8c88105ba0 0x7f8c88107f90 secure :-1 s=READY pgs=35 cs=0 l=1 rev1=1 crypto rx=0x7f8c80009820 tx=0x7f8c8002a270 comp rx=0 tx=0).stop
2024-06-18T12:57:53.882 INFO:teuthology.orchestra.run.smithi167.stdout:/usr/bin/ceph: stderr
2024-06-18T12:57:53.143+0000 7f8c90557640 1 -- 172.21.15.167:0/3726515570 shutdown_connections
2024-06-18T12:57:53.882 INFO:teuthology.orchestra.run.smithi167.stdout:/usr/bin/ceph: stderr
2024-06-18T12:57:53.143+0000 7f8c90557640 1 --2- 172.21.15.167:0/3726515570 >> [v2:172.21.15.167:3300/0,v1:172.21.15.167:6789/0] conn(0x7f8c88105ba0 0x7f8c88107f90 unknown :-1 s=CLOSED pgs=35 cs=0 l=1 rev1=1 crypto rx=0 tx=0 comp rx=0 tx=0).stop
2024-06-18T12:57:53.883 INFO:teuthology.orchestra.run.smithi167.stdout:/usr/bin/ceph: stderr
2024-06-18T12:57:53.143+0000 7f8c90557640 1 -- 172.21.15.167:0/3726515570 >> 172.21.15.167:0/3726515570 conn(0x7f8c880ff780 msgr2=0x7f8c88101bc0 unknown :-1 s=STATE_NONE l=0).mark_down
2024-06-18T12:57:53.883 INFO:teuthology.orchestra.run.smithi167.stdout:/usr/bin/ceph: stderr
2024-06-18T12:57:53.143+0000 7f8c90557640 1 -- 172.21.15.167:0/3726515570 shutdown_connections
2024-06-18T12:57:53.883 INFO:teuthology.orchestra.run.smithi167.stdout:/usr/bin/ceph: stderr
2024-06-18T12:57:53.143+0000 7f8c90557640 1 -- 172.21.15.167:0/3726515570 wait complete.
2024-06-18T12:57:53.883 INFO:teuthology.orchestra.run.smithi167.stdout:/usr/bin/ceph: stderr
2024-06-18T12:57:53.143+0000 7f8c90557640 1 Processor -- start
2024-06-18T12:57:53.883 INFO:teuthology.orchestra.run.smithi167.stdout:/usr/bin/ceph: stderr
2024-06-18T12:57:53.144+0000 7f8c90557640 1 -- start start
2024-06-18T12:57:53.883 INFO:teuthology.orchestra.run.smithi167.stdout:/usr/bin/ceph: stderr
2024-06-18T12:57:53.144+0000 7f8c90557640 1 --2- >> [v2:172.21.15.167:3300/0,v1:172.21.15.167:6789/0] conn(0x7f8c88105ba0 0x7f8c88105420 unknown :-1 s=NONE pgs=0 cs=0 l=1 rev1=0 crypto rx=0 tx=0 comp rx=0 tx=0).connect
2024-06-18T12:57:53.883 INFO:teuthology.orchestra.run.smithi167.stdout:/usr/bin/ceph: stderr
2024-06-18T12:57:53.144+0000 7f8c90557640 1 -- --> [v2:172.21.15.167:3300/0,v1:172.21.15.167:6789/0] -- mon_getmap magic: 0 -- 0x7f8c881093f0 con 0x7f8c88105ba0
2024-06-18T12:57:53.883 INFO:teuthology.orchestra.run.smithi167.stdout:/usr/bin/ceph: stderr
2024-06-18T12:57:53.144+0000 7f8c8e2f3640 1 --2- >> [v2:172.21.15.167:3300/0,v1:172.21.15.167:6789/0] conn(0x7f8c88105ba0 0x7f8c88105420 unknown :-1 s=BANNER_CONNECTING pgs=0 cs=0 l=1 rev1=0 crypto rx=0 tx=0 comp rx=0 tx=0)._handle_peer_banner_payload supported=3 required=0
2024-06-18T12:57:53.883 INFO:teuthology.orchestra.run.smithi167.stdout:/usr/bin/ceph: stderr
2024-06-18T12:57:53.144+0000 7f8c8e2f3640 1 --2- >> [v2:172.21.15.167:3300/0,v1:172.21.15.167:6789/0] conn(0x7f8c88105ba0 0x7f8c88105420 unknown :-1 s=HELLO_CONNECTING pgs=0 cs=0 l=1 rev1=1 crypto rx=0 tx=0 comp rx=0 tx=0).handle_hello peer v2:172.21.15.167:3300/0 says I am v2:172.21.15.167:60266/0 (socket says 172.21.15.167:60266)
2024-06-18T12:57:53.883 INFO:teuthology.orchestra.run.smithi167.stdout:/usr/bin/ceph: stderr
2024-06-18T12:57:53.144+0000 7f8c8e2f3640 1 -- 172.21.15.167:0/882243305 learned_addr learned my addr 172.21.15.167:0/882243305 (peer_addr_for_me v2:172.21.15.167:0/0)
2024-06-18T12:57:53.883 INFO:teuthology.orchestra.run.smithi167.stdout:/usr/bin/ceph: stderr
2024-06-18T12:57:53.144+0000 7f8c8e2f3640 1 -- 172.21.15.167:0/882243305 --> [v2:172.21.15.167:3300/0,v1:172.21.15.167:6789/0] -- mon_subscribe({config=0+,monmap=0+}) -- 0x7f8c88105960 con 0x7f8c88105ba0
2024-06-18T12:57:53.883 INFO:teuthology.orchestra.run.smithi167.stdout:/usr/bin/ceph: stderr
2024-06-18T12:57:53.144+0000 7f8c8e2f3640 1 --2- 172.21.15.167:0/882243305 >> [v2:172.21.15.167:3300/0,v1:172.21.15.167:6789/0] conn(0x7f8c88105ba0 0x7f8c88105420 secure :-1 s=READY pgs=36 cs=0 l=1 rev1=1 crypto rx=0x7f8c80000c00 tx=0x7f8c800327b0 comp rx=0 tx=0).ready entity=mon.0 client_cookie=0 server_cookie=0 in_seq=0 out_seq=0
2024-06-18T12:57:53.884 INFO:teuthology.orchestra.run.smithi167.stdout:/usr/bin/ceph: stderr
2024-06-18T12:57:53.144+0000 7f8c7f7fe640 1 -- 172.21.15.167:0/882243305 <== mon.0 v2:172.21.15.167:3300/0 1 ==== mon_map magic: 0 ==== 205+0+0 (secure 0 0 0) 0x7f8c80037040 con 0x7f8c88105ba0
2024-06-18T12:57:53.884 INFO:teuthology.orchestra.run.smithi167.stdout:/usr/bin/ceph: stderr
2024-06-18T12:57:53.144+0000 7f8c7f7fe640 1 -- 172.21.15.167:0/882243305 <== mon.0 v2:172.21.15.167:3300/0 2 ==== config(24 keys) ==== 1011+0+0 (secure 0 0 0) 0x7f8c80040070 con 0x7f8c88105ba0
2024-06-18T12:57:53.884 INFO:teuthology.orchestra.run.smithi167.stdout:/usr/bin/ceph: stderr
2024-06-18T12:57:53.144+0000 7f8c7f7fe640 1 -- 172.21.15.167:0/882243305 <== mon.0 v2:172.21.15.167:3300/0 3 ==== mon_map magic: 0 ==== 205+0+0 (secure 0 0 0) 0x7f8c8003bda0 con 0x7f8c88105ba0
2024-06-18T12:57:53.884 INFO:teuthology.orchestra.run.smithi167.stdout:/usr/bin/ceph: stderr
2024-06-18T12:57:53.144+0000 7f8c90557640 1 -- 172.21.15.167:0/882243305 --> [v2:172.21.15.167:3300/0,v1:172.21.15.167:6789/0] -- mon_subscribe({mgrmap=0+}) -- 0x7f8c88103b50 con 0x7f8c88105ba0
2024-06-18T12:57:53.884 INFO:teuthology.orchestra.run.smithi167.stdout:/usr/bin/ceph: stderr
2024-06-18T12:57:53.144+0000 7f8c90557640 1 -- 172.21.15.167:0/882243305 --> [v2:172.21.15.167:3300/0,v1:172.21.15.167:6789/0] -- mon_subscribe({osdmap=0}) -- 0x7f8c88104030 con 0x7f8c88105ba0
2024-06-18T12:57:53.884 INFO:teuthology.orchestra.run.smithi167.stdout:/usr/bin/ceph: stderr
2024-06-18T12:57:53.145+0000 7f8c7f7fe640 1 -- 172.21.15.167:0/882243305 <== mon.0 v2:172.21.15.167:3300/0 4 ==== mgrmap(e 7) ==== 46181+0+0 (secure 0 0 0) 0x7f8c80030b40 con 0x7f8c88105ba0
2024-06-18T12:57:53.884 INFO:teuthology.orchestra.run.smithi167.stdout:/usr/bin/ceph: stderr
2024-06-18T12:57:53.145+0000 7f8c90557640 1 -- 172.21.15.167:0/882243305 --> [v2:172.21.15.167:3300/0,v1:172.21.15.167:6789/0] -- mon_command({"prefix": "get_command_descriptions"} v 0) -- 0x7f8c88106000 con 0x7f8c88105ba0
2024-06-18T12:57:53.884 INFO:teuthology.orchestra.run.smithi167.stdout:/usr/bin/ceph: stderr
2024-06-18T12:57:53.145+0000 7f8c7f7fe640 1 --2- 172.21.15.167:0/882243305 >> [v2:172.21.15.167:6800/1873453520,v1:172.21.15.167:6801/1873453520] conn(0x7f8c74038eb0 0x7f8c7403b370 unknown :-1 s=NONE pgs=0 cs=0 l=1 rev1=0 crypto rx=0 tx=0 comp rx=0 tx=0).connect
2024-06-18T12:57:53.884 INFO:teuthology.orchestra.run.smithi167.stdout:/usr/bin/ceph: stderr
2024-06-18T12:57:53.145+0000 7f8c7f7fe640 1 -- 172.21.15.167:0/882243305 <== mon.0 v2:172.21.15.167:3300/0 5 ==== osd_map(2..2 src has 1..2) ==== 940+0+0 (secure 0 0 0) 0x7f8c8006bff0 con 0x7f8c88105ba0
2024-06-18T12:57:53.884 INFO:teuthology.orchestra.run.smithi167.stdout:/usr/bin/ceph: stderr
2024-06-18T12:57:53.146+0000 7f8c8daf2640 1 --2- 172.21.15.167:0/882243305 >> [v2:172.21.15.167:6800/1873453520,v1:172.21.15.167:6801/1873453520] conn(0x7f8c74038eb0 0x7f8c7403b370 unknown :-1 s=BANNER_CONNECTING pgs=0 cs=0 l=1 rev1=0 crypto rx=0 tx=0 comp rx=0 tx=0)._handle_peer_banner_payload supported=3 required=0
2024-06-18T12:57:53.884 INFO:teuthology.orchestra.run.smithi167.stdout:/usr/bin/ceph: stderr
2024-06-18T12:57:53.146+0000 7f8c8daf2640 1 --2- 172.21.15.167:0/882243305 >> [v2:172.21.15.167:6800/1873453520,v1:172.21.15.167:6801/1873453520] conn(0x7f8c74038eb0 0x7f8c7403b370 secure :-1 s=READY pgs=7 cs=0 l=1 rev1=1 crypto rx=0x7f8c780098c0 tx=0x7f8c78006db0 comp rx=0 tx=0).ready entity=mgr.14118 client_cookie=0 server_cookie=0 in_seq=0 out_seq=0
2024-06-18T12:57:53.884 INFO:teuthology.orchestra.run.smithi167.stdout:/usr/bin/ceph: stderr
2024-06-18T12:57:53.150+0000 7f8c7f7fe640 1 -- 172.21.15.167:0/882243305 <== mon.0 v2:172.21.15.167:3300/0 6 ==== mon_command_ack([{"prefix": "get_command_descriptions"}]=0 v0) ==== 72+0+186542 (secure 0 0 0) 0x7f8c80030e30 con 0x7f8c88105ba0
2024-06-18T12:57:53.884 INFO:teuthology.orchestra.run.smithi167.stdout:/usr/bin/ceph: stderr
2024-06-18T12:57:53.188+0000 7f8c7f7fe640 1 -- 172.21.15.167:0/882243305 <== mon.0 v2:172.21.15.167:3300/0 7 ==== mgrmap(e 8) ==== 46287+0+0 (secure 0 0 0) 0x7f8c8003b6f0 con 0x7f8c88105ba0
2024-06-18T12:57:53.885 INFO:teuthology.orchestra.run.smithi167.stdout:/usr/bin/ceph: stderr
2024-06-18T12:57:53.344+0000 7f8c90557640 1 -- 172.21.15.167:0/882243305 --> [v2:172.21.15.167:6800/1873453520,v1:172.21.15.167:6801/1873453520] -- mgr_command(tid 0: {"prefix": "orch set backend", "module_name": "cephadm", "target": ["mon-mgr", ""]}) -- 0x7f8c881046c0 con 0x7f8c74038eb0
2024-06-18T12:57:53.885 INFO:teuthology.orchestra.run.smithi167.stdout:/usr/bin/ceph: stderr
2024-06-18T12:57:53.352+0000 7f8c7f7fe640 1 -- 172.21.15.167:0/882243305 <== mgr.14118 v2:172.21.15.167:6800/1873453520 1 ==== mgr_command_reply(tid 0: 0 ) ==== 8+0+0 (secure 0 0 0) 0x7f8c881046c0 con 0x7f8c74038eb0
2024-06-18T12:57:53.885 INFO:teuthology.orchestra.run.smithi167.stdout:/usr/bin/ceph: stderr
2024-06-18T12:57:53.354+0000 7f8c90557640 1 -- 172.21.15.167:0/882243305 >> [v2:172.21.15.167:6800/1873453520,v1:172.21.15.167:6801/1873453520] conn(0x7f8c74038eb0 msgr2=0x7f8c7403b370 secure :-1 s=STATE_CONNECTION_ESTABLISHED l=1).mark_down
2024-06-18T12:57:53.885 INFO:teuthology.orchestra.run.smithi167.stdout:/usr/bin/ceph: stderr
2024-06-18T12:57:53.354+0000 7f8c90557640 1 --2- 172.21.15.167:0/882243305 >> [v2:172.21.15.167:6800/1873453520,v1:172.21.15.167:6801/1873453520] conn(0x7f8c74038eb0 0x7f8c7403b370 secure :-1 s=READY pgs=7 cs=0 l=1 rev1=1 crypto rx=0x7f8c780098c0 tx=0x7f8c78006db0 comp rx=0 tx=0).stop
2024-06-18T12:57:53.885 INFO:teuthology.orchestra.run.smithi167.stdout:/usr/bin/ceph: stderr
2024-06-18T12:57:53.354+0000 7f8c90557640 1 -- 172.21.15.167:0/882243305 >> [v2:172.21.15.167:3300/0,v1:172.21.15.167:6789/0] conn(0x7f8c88105ba0 msgr2=0x7f8c88105420 secure :-1 s=STATE_CONNECTION_ESTABLISHED l=1).mark_down
2024-06-18T12:57:53.885 INFO:teuthology.orchestra.run.smithi167.stdout:/usr/bin/ceph: stderr
2024-06-18T12:57:53.354+0000 7f8c90557640 1 --2- 172.21.15.167:0/882243305 >> [v2:172.21.15.167:3300/0,v1:172.21.15.167:6789/0] conn(0x7f8c88105ba0 0x7f8c88105420 secure :-1 s=READY pgs=36 cs=0 l=1 rev1=1 crypto rx=0x7f8c80000c00 tx=0x7f8c800327b0 comp rx=0 tx=0).stop
2024-06-18T12:57:53.885 INFO:teuthology.orchestra.run.smithi167.stdout:/usr/bin/ceph: stderr
2024-06-18T12:57:53.354+0000 7f8c90557640 1 -- 172.21.15.167:0/882243305 shutdown_connections
2024-06-18T12:57:53.885 INFO:teuthology.orchestra.run.smithi167.stdout:/usr/bin/ceph: stderr
2024-06-18T12:57:53.354+0000 7f8c90557640 1 --2- 172.21.15.167:0/882243305 >> [v2:172.21.15.167:6800/1873453520,v1:172.21.15.167:6801/1873453520] conn(0x7f8c74038eb0 0x7f8c7403b370 unknown :-1 s=CLOSED pgs=7 cs=0 l=1 rev1=1 crypto rx=0 tx=0 comp rx=0 tx=0).stop
2024-06-18T12:57:53.885 INFO:teuthology.orchestra.run.smithi167.stdout:/usr/bin/ceph: stderr
2024-06-18T12:57:53.354+0000 7f8c90557640 1 --2- 172.21.15.167:0/882243305 >> [v2:172.21.15.167:3300/0,v1:172.21.15.167:6789/0] conn(0x7f8c88105ba0 0x7f8c88105420 unknown :-1 s=CLOSED pgs=36 cs=0 l=1 rev1=1 crypto rx=0 tx=0 comp rx=0 tx=0).stop
2024-06-18T12:57:53.885 INFO:teuthology.orchestra.run.smithi167.stdout:/usr/bin/ceph: stderr
2024-06-18T12:57:53.354+0000 7f8c90557640 1 -- 172.21.15.167:0/882243305 >> 172.21.15.167:0/882243305 conn(0x7f8c880ff780 msgr2=0x7f8c88100310 unknown :-1 s=STATE_NONE l=0).mark_down
2024-06-18T12:57:53.885 INFO:teuthology.orchestra.run.smithi167.stdout:/usr/bin/ceph: stderr
2024-06-18T12:57:53.355+0000 7f8c90557640 1 -- 172.21.15.167:0/882243305 shutdown_connections
2024-06-18T12:57:53.885 INFO:teuthology.orchestra.run.smithi167.stdout:/usr/bin/ceph: stderr
2024-06-18T12:57:53.355+0000 7f8c90557640 1 -- 172.21.15.167:0/882243305 wait complete.
2024-06-18T12:57:54.254 INFO:journalctl@ceph.mon.a.smithi167.stdout:Jun 18 12:57:54 smithi167 ceph-mon[29496]: [18/Jun/2024:12:57:53] ENGINE Bus STARTING
2024-06-18T12:57:54.255 INFO:journalctl@ceph.mon.a.smithi167.stdout:Jun 18 12:57:54 smithi167 ceph-mon[29496]: mgrmap e8: y(active, since 2s)
2024-06-18T12:57:54.255 INFO:journalctl@ceph.mon.a.smithi167.stdout:Jun 18 12:57:54 smithi167 ceph-mon[29496]: [18/Jun/2024:12:57:53] ENGINE Serving on https://172.21.15.167:7150
2024-06-18T12:57:54.255 INFO:journalctl@ceph.mon.a.smithi167.stdout:Jun 18 12:57:54 smithi167 ceph-mon[29496]: [18/Jun/2024:12:57:53] ENGINE Error in HTTPServer.serve
2024-06-18T12:57:54.255 INFO:journalctl@ceph.mon.a.smithi167.stdout: Traceback (most recent call last):
2024-06-18T12:57:54.255 INFO:journalctl@ceph.mon.a.smithi167.stdout: File "/lib/python3.9/site-packages/cheroot/server.py", line 1823, in serve
2024-06-18T12:57:54.255 INFO:journalctl@ceph.mon.a.smithi167.stdout: self._connections.run(self.expiration_interval)
2024-06-18T12:57:54.255 INFO:journalctl@ceph.mon.a.smithi167.stdout: File "/lib/python3.9/site-packages/cheroot/connections.py", line 203, in run
2024-06-18T12:57:54.255 INFO:journalctl@ceph.mon.a.smithi167.stdout: self._run(expiration_interval)
2024-06-18T12:57:54.255 INFO:journalctl@ceph.mon.a.smithi167.stdout: File "/lib/python3.9/site-packages/cheroot/connections.py", line 246, in _run
2024-06-18T12:57:54.255 INFO:journalctl@ceph.mon.a.smithi167.stdout: new_conn = self._from_server_socket(self.server.socket)
2024-06-18T12:57:54.256 INFO:journalctl@ceph.mon.a.smithi167.stdout: File "/lib/python3.9/site-packages/cheroot/connections.py", line 300, in _from_server_socket
2024-06-18T12:57:54.256 INFO:journalctl@ceph.mon.a.smithi167.stdout: s, ssl_env = self.server.ssl_adapter.wrap(s)
2024-06-18T12:57:54.256 INFO:journalctl@ceph.mon.a.smithi167.stdout: File "/lib/python3.9/site-packages/cheroot/ssl/builtin.py", line 277, in wrap
2024-06-18T12:57:54.256 INFO:journalctl@ceph.mon.a.smithi167.stdout: s = self.context.wrap_socket(
2024-06-18T12:57:54.256 INFO:journalctl@ceph.mon.a.smithi167.stdout: File "/lib64/python3.9/ssl.py", line 501, in wrap_socket
2024-06-18T12:57:54.256 INFO:journalctl@ceph.mon.a.smithi167.stdout: return self.sslsocket_class._create(
2024-06-18T12:57:54.256 INFO:journalctl@ceph.mon.a.smithi167.stdout: File "/lib64/python3.9/ssl.py", line 1074, in _create
2024-06-18T12:57:54.256 INFO:journalctl@ceph.mon.a.smithi167.stdout: self.do_handshake()
2024-06-18T12:57:54.256 INFO:journalctl@ceph.mon.a.smithi167.stdout: File "/lib64/python3.9/ssl.py", line 1343, in do_handshake
2024-06-18T12:57:54.256 INFO:journalctl@ceph.mon.a.smithi167.stdout: self._sslobj.do_handshake()
2024-06-18T12:57:54.256 INFO:journalctl@ceph.mon.a.smithi167.stdout: ssl.SSLZeroReturnError: TLS/SSL connection has been closed (EOF) (_ssl.c:1129)
2024-06-18T12:57:54.256 INFO:journalctl@ceph.mon.a.smithi167.stdout:Jun 18 12:57:54 smithi167 ceph-mon[29496]: from='mgr.14118 172.21.15.167:0/1541006089' entity='mgr.y' cmd=[{"prefix": "config dump", "format": "json"}]: dispatch
2024-06-18T12:57:54.256 INFO:journalctl@ceph.mon.a.smithi167.stdout:Jun 18 12:57:54 smithi167 ceph-mon[29496]: from='mgr.14118 172.21.15.167:0/1541006089' entity='mgr.y'
2024-06-18T12:57:54.256 INFO:journalctl@ceph.mon.a.smithi167.stdout:Jun 18 12:57:54 smithi167 ceph-mon[29496]: from='mgr.14118 172.21.15.167:0/1541006089' entity='mgr.y' cmd=[{"prefix": "config dump", "format": "json"}]: dispatch
2024-06-18T12:57:55.012 INFO:teuthology.orchestra.run.smithi167.stdout:/usr/bin/ceph: stdout value unchanged
2024-06-18T12:57:55.012 INFO:teuthology.orchestra.run.smithi167.stdout:/usr/bin/ceph: stderr
2024-06-18T12:57:54.255+0000 7f1307038640 1 Processor -- start
2024-06-18T12:57:55.012 INFO:teuthology.orchestra.run.smithi167.stdout:/usr/bin/ceph: stderr
2024-06-18T12:57:54.255+0000 7f1307038640 1 -- start start
2024-06-18T12:57:55.012 INFO:teuthology.orchestra.run.smithi167.stdout:/usr/bin/ceph: stderr
2024-06-18T12:57:54.255+0000 7f1307038640 1 --2- >> [v2:172.21.15.167:3300/0,v1:172.21.15.167:6789/0] conn(0x7f1300105b90 0x7f1300107f80 unknown :-1 s=NONE pgs=0 cs=0 l=0 rev1=0 crypto rx=0 tx=0 comp rx=0 tx=0).connect
2024-06-18T12:57:55.012 INFO:teuthology.orchestra.run.smithi167.stdout:/usr/bin/ceph: stderr
2024-06-18T12:57:54.255+0000 7f1307038640 1 -- --> [v2:172.21.15.167:3300/0,v1:172.21.15.167:6789/0] -- mon_getmap magic: 0 -- 0x7f1300079660 con 0x7f1300105b90
2024-06-18T12:57:55.012 INFO:teuthology.orchestra.run.smithi167.stdout:/usr/bin/ceph: stderr
2024-06-18T12:57:54.255+0000 7f1304dd4640 1 --2- >> [v2:172.21.15.167:3300/0,v1:172.21.15.167:6789/0] conn(0x7f1300105b90 0x7f1300107f80 unknown :-1 s=BANNER_CONNECTING pgs=0 cs=0 l=0 rev1=0 crypto rx=0 tx=0 comp rx=0 tx=0)._handle_peer_banner_payload supported=3 required=0
2024-06-18T12:57:55.013 INFO:teuthology.orchestra.run.smithi167.stdout:/usr/bin/ceph: stderr
2024-06-18T12:57:54.255+0000 7f1304dd4640 1 --2- >> [v2:172.21.15.167:3300/0,v1:172.21.15.167:6789/0] conn(0x7f1300105b90 0x7f1300107f80 unknown :-1 s=HELLO_CONNECTING pgs=0 cs=0 l=0 rev1=1 crypto rx=0 tx=0 comp rx=0 tx=0).handle_hello peer v2:172.21.15.167:3300/0 says I am v2:172.21.15.167:60270/0 (socket says 172.21.15.167:60270)
2024-06-18T12:57:55.013 INFO:teuthology.orchestra.run.smithi167.stdout:/usr/bin/ceph: stderr
2024-06-18T12:57:54.255+0000 7f1304dd4640 1 -- 172.21.15.167:0/2567581875 learned_addr learned my addr 172.21.15.167:0/2567581875 (peer_addr_for_me v2:172.21.15.167:0/0)
2024-06-18T12:57:55.013 INFO:teuthology.orchestra.run.smithi167.stdout:/usr/bin/ceph: stderr
2024-06-18T12:57:54.255+0000 7f1304dd4640 1 -- 172.21.15.167:0/2567581875 --> [v2:172.21.15.167:3300/0,v1:172.21.15.167:6789/0] -- mon_subscribe({config=0+,monmap=0+}) -- 0x7f13001084c0 con 0x7f1300105b90
2024-06-18T12:57:55.013 INFO:teuthology.orchestra.run.smithi167.stdout:/usr/bin/ceph: stderr
2024-06-18T12:57:54.256+0000 7f1304dd4640 1 --2- 172.21.15.167:0/2567581875 >> [v2:172.21.15.167:3300/0,v1:172.21.15.167:6789/0] conn(0x7f1300105b90 0x7f1300107f80 secure :-1 s=READY pgs=37 cs=0 l=1 rev1=1 crypto rx=0x7f12f4009820 tx=0x7f12f402a270 comp rx=0 tx=0).ready entity=mon.0 client_cookie=f69d14e12b1b3cc9 server_cookie=0 in_seq=0 out_seq=0
2024-06-18T12:57:55.013 INFO:teuthology.orchestra.run.smithi167.stdout:/usr/bin/ceph: stderr
2024-06-18T12:57:54.256+0000 7f12ff7fe640 1 -- 172.21.15.167:0/2567581875 <== mon.0 v2:172.21.15.167:3300/0 1 ==== mon_map magic: 0 ==== 205+0+0 (secure 0 0 0) 0x7f12f4037070 con 0x7f1300105b90
2024-06-18T12:57:55.013 INFO:teuthology.orchestra.run.smithi167.stdout:/usr/bin/ceph: stderr
2024-06-18T12:57:54.256+0000 7f12ff7fe640 1 -- 172.21.15.167:0/2567581875 <== mon.0 v2:172.21.15.167:3300/0 2 ==== config(24 keys) ==== 1011+0+0 (secure 0 0 0) 0x7f12f40328a0 con 0x7f1300105b90
2024-06-18T12:57:55.013 INFO:teuthology.orchestra.run.smithi167.stdout:/usr/bin/ceph: stderr
2024-06-18T12:57:54.256+0000 7f12ff7fe640 1 -- 172.21.15.167:0/2567581875 <== mon.0 v2:172.21.15.167:3300/0 3 ==== mon_map magic: 0 ==== 205+0+0 (secure 0 0 0) 0x7f12f4030640 con 0x7f1300105b90
2024-06-18T12:57:55.013 INFO:teuthology.orchestra.run.smithi167.stdout:/usr/bin/ceph: stderr
2024-06-18T12:57:54.257+0000 7f1307038640 1 -- 172.21.15.167:0/2567581875 >> [v2:172.21.15.167:3300/0,v1:172.21.15.167:6789/0] conn(0x7f1300105b90 msgr2=0x7f1300107f80 secure :-1 s=STATE_CONNECTION_ESTABLISHED l=1).mark_down
2024-06-18T12:57:55.013 INFO:teuthology.orchestra.run.smithi167.stdout:/usr/bin/ceph: stderr
2024-06-18T12:57:54.257+0000 7f1307038640 1 --2- 172.21.15.167:0/2567581875 >> [v2:172.21.15.167:3300/0,v1:172.21.15.167:6789/0] conn(0x7f1300105b90 0x7f1300107f80 secure :-1 s=READY pgs=37 cs=0 l=1 rev1=1 crypto rx=0x7f12f4009820 tx=0x7f12f402a270 comp rx=0 tx=0).stop
2024-06-18T12:57:55.013 INFO:teuthology.orchestra.run.smithi167.stdout:/usr/bin/ceph: stderr
2024-06-18T12:57:54.257+0000 7f1307038640 1 -- 172.21.15.167:0/2567581875 shutdown_connections
2024-06-18T12:57:55.013 INFO:teuthology.orchestra.run.smithi167.stdout:/usr/bin/ceph: stderr
2024-06-18T12:57:54.257+0000 7f1307038640 1 --2- 172.21.15.167:0/2567581875 >> [v2:172.21.15.167:3300/0,v1:172.21.15.167:6789/0] conn(0x7f1300105b90 0x7f1300107f80 unknown :-1 s=CLOSED pgs=37 cs=0 l=1 rev1=1 crypto rx=0 tx=0 comp rx=0 tx=0).stop
2024-06-18T12:57:55.013 INFO:teuthology.orchestra.run.smithi167.stdout:/usr/bin/ceph: stderr
2024-06-18T12:57:54.257+0000 7f1307038640 1 -- 172.21.15.167:0/2567581875 >> 172.21.15.167:0/2567581875 conn(0x7f13000ff7d0 msgr2=0x7f1300101bf0 unknown :-1 s=STATE_NONE l=0).mark_down
2024-06-18T12:57:55.013 INFO:teuthology.orchestra.run.smithi167.stdout:/usr/bin/ceph: stderr
2024-06-18T12:57:54.257+0000 7f1307038640 1 -- 172.21.15.167:0/2567581875 shutdown_connections
2024-06-18T12:57:55.014 INFO:teuthology.orchestra.run.smithi167.stdout:/usr/bin/ceph: stderr
2024-06-18T12:57:54.257+0000 7f1307038640 1 -- 172.21.15.167:0/2567581875 wait complete.
2024-06-18T12:57:55.014 INFO:teuthology.orchestra.run.smithi167.stdout:/usr/bin/ceph: stderr
2024-06-18T12:57:54.257+0000 7f1307038640 1 Processor -- start
2024-06-18T12:57:55.014 INFO:teuthology.orchestra.run.smithi167.stdout:/usr/bin/ceph: stderr
2024-06-18T12:57:54.257+0000 7f1307038640 1 -- start start
2024-06-18T12:57:55.014 INFO:teuthology.orchestra.run.smithi167.stdout:/usr/bin/ceph: stderr
2024-06-18T12:57:54.258+0000 7f1307038640 1 --2- >> [v2:172.21.15.167:3300/0,v1:172.21.15.167:6789/0] conn(0x7f1300105b90 0x7f1300198f40 unknown :-1 s=NONE pgs=0 cs=0 l=1 rev1=0 crypto rx=0 tx=0 comp rx=0 tx=0).connect
2024-06-18T12:57:55.014 INFO:teuthology.orchestra.run.smithi167.stdout:/usr/bin/ceph: stderr
2024-06-18T12:57:54.258+0000 7f1307038640 1 -- --> [v2:172.21.15.167:3300/0,v1:172.21.15.167:6789/0] -- mon_getmap magic: 0 -- 0x7f13001093e0 con 0x7f1300105b90
2024-06-18T12:57:55.014 INFO:teuthology.orchestra.run.smithi167.stdout:/usr/bin/ceph: stderr
2024-06-18T12:57:54.258+0000 7f1304dd4640 1 --2- >> [v2:172.21.15.167:3300/0,v1:172.21.15.167:6789/0] conn(0x7f1300105b90 0x7f1300198f40 unknown :-1 s=BANNER_CONNECTING pgs=0 cs=0 l=1 rev1=0 crypto rx=0 tx=0 comp rx=0 tx=0)._handle_peer_banner_payload supported=3 required=0
2024-06-18T12:57:55.014 INFO:teuthology.orchestra.run.smithi167.stdout:/usr/bin/ceph: stderr
2024-06-18T12:57:54.258+0000 7f1304dd4640 1 --2- >> [v2:172.21.15.167:3300/0,v1:172.21.15.167:6789/0] conn(0x7f1300105b90 0x7f1300198f40 unknown :-1 s=HELLO_CONNECTING pgs=0 cs=0 l=1 rev1=1 crypto rx=0 tx=0 comp rx=0 tx=0).handle_hello peer v2:172.21.15.167:3300/0 says I am v2:172.21.15.167:60280/0 (socket says 172.21.15.167:60280)
2024-06-18T12:57:55.014 INFO:teuthology.orchestra.run.smithi167.stdout:/usr/bin/ceph: stderr
2024-06-18T12:57:54.258+0000 7f1304dd4640 1 -- 172.21.15.167:0/2932280066 learned_addr learned my addr 172.21.15.167:0/2932280066 (peer_addr_for_me v2:172.21.15.167:0/0)
2024-06-18T12:57:55.014 INFO:teuthology.orchestra.run.smithi167.stdout:/usr/bin/ceph: stderr
2024-06-18T12:57:54.258+0000 7f1304dd4640 1 -- 172.21.15.167:0/2932280066 --> [v2:172.21.15.167:3300/0,v1:172.21.15.167:6789/0] -- mon_subscribe({config=0+,monmap=0+}) -- 0x7f1300199480 con 0x7f1300105b90
2024-06-18T12:57:55.014 INFO:teuthology.orchestra.run.smithi167.stdout:/usr/bin/ceph: stderr
2024-06-18T12:57:54.258+0000 7f1304dd4640 1 --2- 172.21.15.167:0/2932280066 >> [v2:172.21.15.167:3300/0,v1:172.21.15.167:6789/0] conn(0x7f1300105b90 0x7f1300198f40 secure :-1 s=READY pgs=38 cs=0 l=1 rev1=1 crypto rx=0x7f12f4030380 tx=0x7f12f40326e0 comp rx=0 tx=0).ready entity=mon.0 client_cookie=0 server_cookie=0 in_seq=0 out_seq=0
2024-06-18T12:57:55.014 INFO:teuthology.orchestra.run.smithi167.stdout:/usr/bin/ceph: stderr
2024-06-18T12:57:54.258+0000 7f12fdffb640 1 -- 172.21.15.167:0/2932280066 <== mon.0 v2:172.21.15.167:3300/0 1 ==== mon_map magic: 0 ==== 205+0+0 (secure 0 0 0) 0x7f12f4037040 con 0x7f1300105b90
2024-06-18T12:57:55.014 INFO:teuthology.orchestra.run.smithi167.stdout:/usr/bin/ceph: stderr
2024-06-18T12:57:54.258+0000 7f12fdffb640 1 -- 172.21.15.167:0/2932280066 <== mon.0 v2:172.21.15.167:3300/0 2 ==== config(24 keys) ==== 1011+0+0 (secure 0 0 0) 0x7f12f4040070 con 0x7f1300105b90
2024-06-18T12:57:55.014 INFO:teuthology.orchestra.run.smithi167.stdout:/usr/bin/ceph: stderr
2024-06-18T12:57:54.258+0000 7f1307038640 1 -- 172.21.15.167:0/2932280066 --> [v2:172.21.15.167:3300/0,v1:172.21.15.167:6789/0] -- mon_subscribe({mgrmap=0+}) -- 0x7f1300199710 con 0x7f1300105b90
2024-06-18T12:57:55.015 INFO:teuthology.orchestra.run.smithi167.stdout:/usr/bin/ceph: stderr
2024-06-18T12:57:54.258+0000 7f12fdffb640 1 -- 172.21.15.167:0/2932280066 <== mon.0 v2:172.21.15.167:3300/0 3 ==== mon_map magic: 0 ==== 205+0+0 (secure 0 0 0) 0x7f12f403bca0 con 0x7f1300105b90
2024-06-18T12:57:55.015 INFO:teuthology.orchestra.run.smithi167.stdout:/usr/bin/ceph: stderr
2024-06-18T12:57:54.258+0000 7f1307038640 1 -- 172.21.15.167:0/2932280066 --> [v2:172.21.15.167:3300/0,v1:172.21.15.167:6789/0] -- mon_subscribe({osdmap=0}) -- 0x7f130019c400 con 0x7f1300105b90
2024-06-18T12:57:55.015 INFO:teuthology.orchestra.run.smithi167.stdout:/usr/bin/ceph: stderr
2024-06-18T12:57:54.259+0000 7f12fdffb640 1 -- 172.21.15.167:0/2932280066 <== mon.0 v2:172.21.15.167:3300/0 4 ==== mgrmap(e 8) ==== 46287+0+0 (secure 0 0 0) 0x7f12f4045460 con 0x7f1300105b90
2024-06-18T12:57:55.015 INFO:teuthology.orchestra.run.smithi167.stdout:/usr/bin/ceph: stderr
2024-06-18T12:57:54.259+0000 7f1307038640 1 -- 172.21.15.167:0/2932280066 --> [v2:172.21.15.167:3300/0,v1:172.21.15.167:6789/0] -- mon_command({"prefix": "get_command_descriptions"} v 0) -- 0x7f1300105ff0 con 0x7f1300105b90
2024-06-18T12:57:55.015 INFO:teuthology.orchestra.run.smithi167.stdout:/usr/bin/ceph: stderr
2024-06-18T12:57:54.260+0000 7f12fdffb640 1 --2- 172.21.15.167:0/2932280066 >> [v2:172.21.15.167:6800/1873453520,v1:172.21.15.167:6801/1873453520] conn(0x7f12f0038fc0 0x7f12f003b480 unknown :-1 s=NONE pgs=0 cs=0 l=1 rev1=0 crypto rx=0 tx=0 comp rx=0 tx=0).connect
2024-06-18T12:57:55.015 INFO:teuthology.orchestra.run.smithi167.stdout:/usr/bin/ceph: stderr
2024-06-18T12:57:54.260+0000 7f12fdffb640 1 -- 172.21.15.167:0/2932280066 <== mon.0 v2:172.21.15.167:3300/0 5 ==== osd_map(2..2 src has 1..2) ==== 940+0+0 (secure 0 0 0) 0x7f12f406c1f0 con 0x7f1300105b90
2024-06-18T12:57:55.015 INFO:teuthology.orchestra.run.smithi167.stdout:/usr/bin/ceph: stderr
2024-06-18T12:57:54.260+0000 7f12fffff640 1 --2- 172.21.15.167:0/2932280066 >> [v2:172.21.15.167:6800/1873453520,v1:172.21.15.167:6801/1873453520] conn(0x7f12f0038fc0 0x7f12f003b480 unknown :-1 s=BANNER_CONNECTING pgs=0 cs=0 l=1 rev1=0 crypto rx=0 tx=0 comp rx=0 tx=0)._handle_peer_banner_payload supported=3 required=0
2024-06-18T12:57:55.015 INFO:teuthology.orchestra.run.smithi167.stdout:/usr/bin/ceph: stderr
2024-06-18T12:57:54.260+0000 7f12fffff640 1 --2- 172.21.15.167:0/2932280066 >> [v2:172.21.15.167:6800/1873453520,v1:172.21.15.167:6801/1873453520] conn(0x7f12f0038fc0 0x7f12f003b480 secure :-1 s=READY pgs=8 cs=0 l=1 rev1=1 crypto rx=0x7f12ec0098c0 tx=0x7f12ec006db0 comp rx=0 tx=0).ready entity=mgr.14118 client_cookie=0 server_cookie=0 in_seq=0 out_seq=0
2024-06-18T12:57:55.015 INFO:teuthology.orchestra.run.smithi167.stdout:/usr/bin/ceph: stderr
2024-06-18T12:57:54.264+0000 7f12fdffb640 1 -- 172.21.15.167:0/2932280066 <== mon.0 v2:172.21.15.167:3300/0 6 ==== mon_command_ack([{"prefix": "get_command_descriptions"}]=0 v0) ==== 72+0+186542 (secure 0 0 0) 0x7f12f402e200 con 0x7f1300105b90
2024-06-18T12:57:55.015 INFO:teuthology.orchestra.run.smithi167.stdout:/usr/bin/ceph: stderr
2024-06-18T12:57:54.440+0000 7f1307038640 1 -- 172.21.15.167:0/2932280066 --> [v2:172.21.15.167:6800/1873453520,v1:172.21.15.167:6801/1873453520] -- mgr_command(tid 0: {"prefix": "cephadm set-user", "user": "root", "target": ["mon-mgr", ""]}) -- 0x7f1300100a50 con 0x7f12f0038fc0
2024-06-18T12:57:55.015 INFO:teuthology.orchestra.run.smithi167.stdout:/usr/bin/ceph: stderr
2024-06-18T12:57:54.441+0000 7f12fdffb640 1 -- 172.21.15.167:0/2932280066 <== mgr.14118 v2:172.21.15.167:6800/1873453520 1 ==== mgr_command_reply(tid 0: 0 ) ==== 8+0+16 (secure 0 0 0) 0x7f1300100a50 con 0x7f12f0038fc0
2024-06-18T12:57:55.015 INFO:teuthology.orchestra.run.smithi167.stdout:/usr/bin/ceph: stderr
2024-06-18T12:57:54.444+0000 7f1307038640 1 -- 172.21.15.167:0/2932280066 >> [v2:172.21.15.167:6800/1873453520,v1:172.21.15.167:6801/1873453520] conn(0x7f12f0038fc0 msgr2=0x7f12f003b480 secure :-1 s=STATE_CONNECTION_ESTABLISHED l=1).mark_down
2024-06-18T12:57:55.016 INFO:teuthology.orchestra.run.smithi167.stdout:/usr/bin/ceph: stderr
2024-06-18T12:57:54.444+0000 7f1307038640 1 --2- 172.21.15.167:0/2932280066 >> [v2:172.21.15.167:6800/1873453520,v1:172.21.15.167:6801/1873453520] conn(0x7f12f0038fc0 0x7f12f003b480 secure :-1 s=READY pgs=8 cs=0 l=1 rev1=1 crypto rx=0x7f12ec0098c0 tx=0x7f12ec006db0 comp rx=0 tx=0).stop
2024-06-18T12:57:55.016 INFO:teuthology.orchestra.run.smithi167.stdout:/usr/bin/ceph: stderr
2024-06-18T12:57:54.444+0000 7f1307038640 1 -- 172.21.15.167:0/2932280066 >> [v2:172.21.15.167:3300/0,v1:172.21.15.167:6789/0] conn(0x7f1300105b90 msgr2=0x7f1300198f40 secure :-1 s=STATE_CONNECTION_ESTABLISHED l=1).mark_down
