2024-07-03T13:49:17.820+0000 7fd64e8b7640 1 -- --> [v2:172.21.15.62:3300/0,v1:172.21.15.62:6789/0] -- mon_getmap magic: 0 v1 -- 0x7fd648110fc0 con 0x7fd648075c00
2024-07-03T13:49:18.398 INFO:teuthology.orchestra.run.smithi062.stdout:/usr/bin/ceph: stderr
2024-07-03T13:49:17.820+0000 7fd647fff640 1 --2- >> [v2:172.21.15.62:3300/0,v1:172.21.15.62:6789/0] conn(0x7fd648075c00 0x7fd648110a80 unknown :-1 s=BANNER_CONNECTING pgs=0 cs=0 l=1 rev1=0 crypto rx=0 tx=0 comp rx=0 tx=0)._handle_peer_banner_payload supported=3 required=0
2024-07-03T13:49:18.398 INFO:teuthology.orchestra.run.smithi062.stdout:/usr/bin/ceph: stderr
2024-07-03T13:49:17.820+0000 7fd647fff640 1 --2- >> [v2:172.21.15.62:3300/0,v1:172.21.15.62:6789/0] conn(0x7fd648075c00 0x7fd648110a80 unknown :-1 s=HELLO_CONNECTING pgs=0 cs=0 l=1 rev1=1 crypto rx=0 tx=0 comp rx=0 tx=0).handle_hello peer v2:172.21.15.62:3300/0 says I am v2:172.21.15.62:45244/0 (socket says 172.21.15.62:45244)
2024-07-03T13:49:18.398 INFO:teuthology.orchestra.run.smithi062.stdout:/usr/bin/ceph: stderr
2024-07-03T13:49:17.820+0000 7fd647fff640 1 -- 172.21.15.62:0/726009353 learned_addr learned my addr 172.21.15.62:0/726009353 (peer_addr_for_me v2:172.21.15.62:0/0)
2024-07-03T13:49:18.398 INFO:teuthology.orchestra.run.smithi062.stdout:/usr/bin/ceph: stderr
2024-07-03T13:49:17.820+0000 7fd647fff640 1 -- 172.21.15.62:0/726009353 --> [v2:172.21.15.62:3300/0,v1:172.21.15.62:6789/0] -- mon_subscribe({config=0+,monmap=0+}) v3 -- 0x7fd638009450 con 0x7fd648075c00
2024-07-03T13:49:18.398 INFO:teuthology.orchestra.run.smithi062.stdout:/usr/bin/ceph: stderr
2024-07-03T13:49:17.820+0000 7fd647fff640 1 --2- 172.21.15.62:0/726009353 >> [v2:172.21.15.62:3300/0,v1:172.21.15.62:6789/0] conn(0x7fd648075c00 0x7fd648110a80 secure :-1 s=READY pgs=6 cs=0 l=1 rev1=1 crypto rx=0x7fd638006f00 tx=0x7fd638008040 comp rx=0 tx=0).ready entity=mon.0 client_cookie=0 server_cookie=0 in_seq=0 out_seq=0
2024-07-03T13:49:18.398 INFO:teuthology.orchestra.run.smithi062.stdout:/usr/bin/ceph: stderr
2024-07-03T13:49:17.821+0000 7fd644ff9640 1 -- 172.21.15.62:0/726009353 <== mon.0 v2:172.21.15.62:3300/0 1 ==== mon_map magic: 0 v1 ==== 229+0+0 (secure 0 0 0) 0x7fd63803d450 con 0x7fd648075c00
2024-07-03T13:49:18.399 INFO:teuthology.orchestra.run.smithi062.stdout:/usr/bin/ceph: stderr
2024-07-03T13:49:17.821+0000 7fd644ff9640 1 -- 172.21.15.62:0/726009353 <== mon.0 v2:172.21.15.62:3300/0 2 ==== config(27 keys) v1 ==== 1044+0+0 (secure 0 0 0) 0x7fd63803da40 con 0x7fd648075c00
2024-07-03T13:49:18.399 INFO:teuthology.orchestra.run.smithi062.stdout:/usr/bin/ceph: stderr
2024-07-03T13:49:17.821+0000 7fd644ff9640 1 -- 172.21.15.62:0/726009353 <== mon.0 v2:172.21.15.62:3300/0 3 ==== mon_map magic: 0 v1 ==== 229+0+0 (secure 0 0 0) 0x7fd63803bb10 con 0x7fd648075c00
2024-07-03T13:49:18.399 INFO:teuthology.orchestra.run.smithi062.stdout:/usr/bin/ceph: stderr
2024-07-03T13:49:17.821+0000 7fd64e8b7640 1 -- 172.21.15.62:0/726009353 --> [v2:172.21.15.62:3300/0,v1:172.21.15.62:6789/0] -- mon_subscribe({mgrmap=0+}) v3 -- 0x7fd6481111c0 con 0x7fd648075c00
2024-07-03T13:49:18.399 INFO:teuthology.orchestra.run.smithi062.stdout:/usr/bin/ceph: stderr
2024-07-03T13:49:17.821+0000 7fd64e8b7640 1 -- 172.21.15.62:0/726009353 --> [v2:172.21.15.62:3300/0,v1:172.21.15.62:6789/0] -- mon_subscribe({osdmap=0}) v3 -- 0x7fd648111630 con 0x7fd648075c00
2024-07-03T13:49:18.399 INFO:teuthology.orchestra.run.smithi062.stdout:/usr/bin/ceph: stderr
2024-07-03T13:49:17.821+0000 7fd644ff9640 1 -- 172.21.15.62:0/726009353 <== mon.0 v2:172.21.15.62:3300/0 4 ==== mgrmap(e 1) v1 ==== 529+0+0 (secure 0 0 0) 0x7fd638039070 con 0x7fd648075c00
2024-07-03T13:49:18.399 INFO:teuthology.orchestra.run.smithi062.stdout:/usr/bin/ceph: stderr
2024-07-03T13:49:17.821+0000 7fd644ff9640 1 -- 172.21.15.62:0/726009353 <== mon.0 v2:172.21.15.62:3300/0 5 ==== osd_map(1..1 src has 1..1) v4 ==== 721+0+0 (secure 0 0 0) 0x7fd638046930 con 0x7fd648075c00
2024-07-03T13:49:18.399 INFO:teuthology.orchestra.run.smithi062.stdout:/usr/bin/ceph: stderr
2024-07-03T13:49:17.822+0000 7fd64e8b7640 1 -- 172.21.15.62:0/726009353 --> [v2:172.21.15.62:3300/0,v1:172.21.15.62:6789/0] -- mon_command({"prefix": "get_command_descriptions"} v 0) v1 -- 0x7fd64804b530 con 0x7fd648075c00
2024-07-03T13:49:18.399 INFO:teuthology.orchestra.run.smithi062.stdout:/usr/bin/ceph: stderr
2024-07-03T13:49:17.824+0000 7fd644ff9640 1 -- 172.21.15.62:0/726009353 <== mon.0 v2:172.21.15.62:3300/0 6 ==== mon_command_ack([{"prefix": "get_command_descriptions"}]=0 v0) v1 ==== 72+0+71547 (secure 0 0 0) 0x7fd648111630 con 0x7fd648075c00
2024-07-03T13:49:18.399 INFO:teuthology.orchestra.run.smithi062.stdout:/usr/bin/ceph: stderr
2024-07-03T13:49:17.888+0000 7fd64e8b7640 1 -- 172.21.15.62:0/726009353 --> [v2:172.21.15.62:3300/0,v1:172.21.15.62:6789/0] -- mon_command({"prefix": "status", "format": "json-pretty"} v 0) v1 -- 0x7fd648111e10 con 0x7fd648075c00
2024-07-03T13:49:18.399 INFO:teuthology.orchestra.run.smithi062.stdout:/usr/bin/ceph: stderr
2024-07-03T13:49:17.889+0000 7fd644ff9640 1 -- 172.21.15.62:0/726009353 <== mon.0 v2:172.21.15.62:3300/0 7 ==== mon_command_ack([{"prefix": "status", "format": "json-pretty"}]=0 v0) v1 ==== 79+0+1248 (secure 0 0 0) 0x7fd638041020 con 0x7fd648075c00
2024-07-03T13:49:18.399 INFO:teuthology.orchestra.run.smithi062.stdout:/usr/bin/ceph: stderr
2024-07-03T13:49:17.890+0000 7fd64e8b7640 1 -- 172.21.15.62:0/726009353 >> [v2:172.21.15.62:3300/0,v1:172.21.15.62:6789/0] conn(0x7fd648075c00 msgr2=0x7fd648110a80 secure :-1 s=STATE_CONNECTION_ESTABLISHED l=1).mark_down
2024-07-03T13:49:18.399 INFO:teuthology.orchestra.run.smithi062.stdout:/usr/bin/ceph: stderr
2024-07-03T13:49:17.890+0000 7fd64e8b7640 1 --2- 172.21.15.62:0/726009353 >> [v2:172.21.15.62:3300/0,v1:172.21.15.62:6789/0] conn(0x7fd648075c00 0x7fd648110a80 secure :-1 s=READY pgs=6 cs=0 l=1 rev1=1 crypto rx=0x7fd638006f00 tx=0x7fd638008040 comp rx=0 tx=0).stop
2024-07-03T13:49:18.400 INFO:teuthology.orchestra.run.smithi062.stdout:/usr/bin/ceph: stderr
2024-07-03T13:49:17.890+0000 7fd64e8b7640 1 -- 172.21.15.62:0/726009353 shutdown_connections
2024-07-03T13:49:18.400 INFO:teuthology.orchestra.run.smithi062.stdout:/usr/bin/ceph: stderr
2024-07-03T13:49:17.890+0000 7fd64e8b7640 1 --2- 172.21.15.62:0/726009353 >> [v2:172.21.15.62:3300/0,v1:172.21.15.62:6789/0] conn(0x7fd648075c00 0x7fd648110a80 unknown :-1 s=CLOSED pgs=6 cs=0 l=1 rev1=1 crypto rx=0 tx=0 comp rx=0 tx=0).stop
2024-07-03T13:49:18.400 INFO:teuthology.orchestra.run.smithi062.stdout:/usr/bin/ceph: stderr
2024-07-03T13:49:17.890+0000 7fd64e8b7640 1 -- 172.21.15.62:0/726009353 >> 172.21.15.62:0/726009353 conn(0x7fd6480fc520 msgr2=0x7fd6480fcf50 unknown :-1 s=STATE_NONE l=0).mark_down
2024-07-03T13:49:18.400 INFO:teuthology.orchestra.run.smithi062.stdout:/usr/bin/ceph: stderr
2024-07-03T13:49:17.890+0000 7fd64e8b7640 1 -- 172.21.15.62:0/726009353 shutdown_connections
2024-07-03T13:49:18.400 INFO:teuthology.orchestra.run.smithi062.stdout:/usr/bin/ceph: stderr
2024-07-03T13:49:17.890+0000 7fd64e8b7640 1 -- 172.21.15.62:0/726009353 wait complete.
2024-07-03T13:49:18.400 INFO:teuthology.orchestra.run.smithi062.stdout:mgr not available, waiting (1/15)...
2024-07-03T13:49:21.222 INFO:journalctl@ceph.mon.smithi062.smithi062.stdout:Jul 03 13:49:21 smithi062 ceph-mon[29033]: from='client.? 172.21.15.62:0/228743432' entity='client.admin' cmd=[{"prefix": "status", "format": "json-pretty"}]: dispatch
2024-07-03T13:49:21.570 INFO:teuthology.orchestra.run.smithi062.stdout:/usr/bin/ceph: stdout
2024-07-03T13:49:21.570 INFO:teuthology.orchestra.run.smithi062.stdout:/usr/bin/ceph: stdout {
2024-07-03T13:49:21.570 INFO:teuthology.orchestra.run.smithi062.stdout:/usr/bin/ceph: stdout "fsid": "e49817d6-3942-11ef-bcab-c7b262605968",
2024-07-03T13:49:21.570 INFO:teuthology.orchestra.run.smithi062.stdout:/usr/bin/ceph: stdout "health": {
2024-07-03T13:49:21.570 INFO:teuthology.orchestra.run.smithi062.stdout:/usr/bin/ceph: stdout "status": "HEALTH_OK",
2024-07-03T13:49:21.570 INFO:teuthology.orchestra.run.smithi062.stdout:/usr/bin/ceph: stdout "checks": {},
2024-07-03T13:49:21.570 INFO:teuthology.orchestra.run.smithi062.stdout:/usr/bin/ceph: stdout "mutes": []
2024-07-03T13:49:21.571 INFO:teuthology.orchestra.run.smithi062.stdout:/usr/bin/ceph: stdout },
2024-07-03T13:49:21.571 INFO:teuthology.orchestra.run.smithi062.stdout:/usr/bin/ceph: stdout "election_epoch": 5,
2024-07-03T13:49:21.571 INFO:teuthology.orchestra.run.smithi062.stdout:/usr/bin/ceph: stdout "quorum": [
2024-07-03T13:49:21.571 INFO:teuthology.orchestra.run.smithi062.stdout:/usr/bin/ceph: stdout 0
2024-07-03T13:49:21.571 INFO:teuthology.orchestra.run.smithi062.stdout:/usr/bin/ceph: stdout ],
2024-07-03T13:49:21.571 INFO:teuthology.orchestra.run.smithi062.stdout:/usr/bin/ceph: stdout "quorum_names": [
2024-07-03T13:49:21.571 INFO:teuthology.orchestra.run.smithi062.stdout:/usr/bin/ceph: stdout "smithi062"
2024-07-03T13:49:21.571 INFO:teuthology.orchestra.run.smithi062.stdout:/usr/bin/ceph: stdout ],
2024-07-03T13:49:21.571 INFO:teuthology.orchestra.run.smithi062.stdout:/usr/bin/ceph: stdout "quorum_age": 5,
2024-07-03T13:49:21.571 INFO:teuthology.orchestra.run.smithi062.stdout:/usr/bin/ceph: stdout "monmap": {
2024-07-03T13:49:21.571 INFO:teuthology.orchestra.run.smithi062.stdout:/usr/bin/ceph: stdout "epoch": 1,
2024-07-03T13:49:21.571 INFO:teuthology.orchestra.run.smithi062.stdout:/usr/bin/ceph: stdout "min_mon_release_name": "quincy",
2024-07-03T13:49:21.571 INFO:teuthology.orchestra.run.smithi062.stdout:/usr/bin/ceph: stdout "num_mons": 1
2024-07-03T13:49:21.571 INFO:teuthology.orchestra.run.smithi062.stdout:/usr/bin/ceph: stdout },
2024-07-03T13:49:21.572 INFO:teuthology.orchestra.run.smithi062.stdout:/usr/bin/ceph: stdout "osdmap": {
2024-07-03T13:49:21.572 INFO:teuthology.orchestra.run.smithi062.stdout:/usr/bin/ceph: stdout "epoch": 1,
2024-07-03T13:49:21.572 INFO:teuthology.orchestra.run.smithi062.stdout:/usr/bin/ceph: stdout "num_osds": 0,
2024-07-03T13:49:21.572 INFO:teuthology.orchestra.run.smithi062.stdout:/usr/bin/ceph: stdout "num_up_osds": 0,
2024-07-03T13:49:21.572 INFO:teuthology.orchestra.run.smithi062.stdout:/usr/bin/ceph: stdout "osd_up_since": 0,
2024-07-03T13:49:21.572 INFO:teuthology.orchestra.run.smithi062.stdout:/usr/bin/ceph: stdout "num_in_osds": 0,
2024-07-03T13:49:21.572 INFO:teuthology.orchestra.run.smithi062.stdout:/usr/bin/ceph: stdout "osd_in_since": 0,
2024-07-03T13:49:21.579 INFO:teuthology.orchestra.run.smithi062.stdout:/usr/bin/ceph: stdout "num_remapped_pgs": 0
2024-07-03T13:49:21.579 INFO:teuthology.orchestra.run.smithi062.stdout:/usr/bin/ceph: stdout },
2024-07-03T13:49:21.579 INFO:teuthology.orchestra.run.smithi062.stdout:/usr/bin/ceph: stdout "pgmap": {
2024-07-03T13:49:21.579 INFO:teuthology.orchestra.run.smithi062.stdout:/usr/bin/ceph: stdout "pgs_by_state": [],
2024-07-03T13:49:21.579 INFO:teuthology.orchestra.run.smithi062.stdout:/usr/bin/ceph: stdout "num_pgs": 0,
2024-07-03T13:49:21.580 INFO:teuthology.orchestra.run.smithi062.stdout:/usr/bin/ceph: stdout "num_pools": 0,
2024-07-03T13:49:21.580 INFO:teuthology.orchestra.run.smithi062.stdout:/usr/bin/ceph: stdout "num_objects": 0,
2024-07-03T13:49:21.580 INFO:teuthology.orchestra.run.smithi062.stdout:/usr/bin/ceph: stdout "data_bytes": 0,
2024-07-03T13:49:21.580 INFO:teuthology.orchestra.run.smithi062.stdout:/usr/bin/ceph: stdout "bytes_used": 0,
2024-07-03T13:49:21.580 INFO:teuthology.orchestra.run.smithi062.stdout:/usr/bin/ceph: stdout "bytes_avail": 0,
2024-07-03T13:49:21.580 INFO:teuthology.orchestra.run.smithi062.stdout:/usr/bin/ceph: stdout "bytes_total": 0
2024-07-03T13:49:21.580 INFO:teuthology.orchestra.run.smithi062.stdout:/usr/bin/ceph: stdout },
2024-07-03T13:49:21.580 INFO:teuthology.orchestra.run.smithi062.stdout:/usr/bin/ceph: stdout "fsmap": {
2024-07-03T13:49:21.580 INFO:teuthology.orchestra.run.smithi062.stdout:/usr/bin/ceph: stdout "epoch": 1,
2024-07-03T13:49:21.580 INFO:teuthology.orchestra.run.smithi062.stdout:/usr/bin/ceph: stdout "by_rank": [],
2024-07-03T13:49:21.580 INFO:teuthology.orchestra.run.smithi062.stdout:/usr/bin/ceph: stdout "up:standby": 0
2024-07-03T13:49:21.580 INFO:teuthology.orchestra.run.smithi062.stdout:/usr/bin/ceph: stdout },
2024-07-03T13:49:21.580 INFO:teuthology.orchestra.run.smithi062.stdout:/usr/bin/ceph: stdout "mgrmap": {
2024-07-03T13:49:21.581 INFO:teuthology.orchestra.run.smithi062.stdout:/usr/bin/ceph: stdout "available": false,
2024-07-03T13:49:21.581 INFO:teuthology.orchestra.run.smithi062.stdout:/usr/bin/ceph: stdout "num_standbys": 0,
2024-07-03T13:49:21.581 INFO:teuthology.orchestra.run.smithi062.stdout:/usr/bin/ceph: stdout "modules": [
2024-07-03T13:49:21.581 INFO:teuthology.orchestra.run.smithi062.stdout:/usr/bin/ceph: stdout "iostat",
2024-07-03T13:49:21.581 INFO:teuthology.orchestra.run.smithi062.stdout:/usr/bin/ceph: stdout "nfs",
2024-07-03T13:49:21.581 INFO:teuthology.orchestra.run.smithi062.stdout:/usr/bin/ceph: stdout "restful"
2024-07-03T13:49:21.581 INFO:teuthology.orchestra.run.smithi062.stdout:/usr/bin/ceph: stdout ],
2024-07-03T13:49:21.581 INFO:teuthology.orchestra.run.smithi062.stdout:/usr/bin/ceph: stdout "services": {}
2024-07-03T13:49:21.581 INFO:teuthology.orchestra.run.smithi062.stdout:/usr/bin/ceph: stdout },
2024-07-03T13:49:21.581 INFO:teuthology.orchestra.run.smithi062.stdout:/usr/bin/ceph: stdout "servicemap": {
2024-07-03T13:49:21.581 INFO:teuthology.orchestra.run.smithi062.stdout:/usr/bin/ceph: stdout "epoch": 1,
2024-07-03T13:49:21.581 INFO:teuthology.orchestra.run.smithi062.stdout:/usr/bin/ceph: stdout "modified": "2024-07-03T13:49:10.405484+0000",
2024-07-03T13:49:21.581 INFO:teuthology.orchestra.run.smithi062.stdout:/usr/bin/ceph: stdout "services": {}
2024-07-03T13:49:21.581 INFO:teuthology.orchestra.run.smithi062.stdout:/usr/bin/ceph: stdout },
2024-07-03T13:49:21.582 INFO:teuthology.orchestra.run.smithi062.stdout:/usr/bin/ceph: stdout "progress_events": {}
2024-07-03T13:49:21.582 INFO:teuthology.orchestra.run.smithi062.stdout:/usr/bin/ceph: stdout }
2024-07-03T13:49:21.582 INFO:teuthology.orchestra.run.smithi062.stdout:/usr/bin/ceph: stderr
2024-07-03T13:49:20.954+0000 7fc7cd8a0640 1 Processor -- start
2024-07-03T13:49:21.582 INFO:teuthology.orchestra.run.smithi062.stdout:/usr/bin/ceph: stderr
2024-07-03T13:49:20.955+0000 7fc7cd8a0640 1 -- start start
2024-07-03T13:49:21.582 INFO:teuthology.orchestra.run.smithi062.stdout:/usr/bin/ceph: stderr
2024-07-03T13:49:20.955+0000 7fc7cd8a0640 1 --2- >> [v2:172.21.15.62:3300/0,v1:172.21.15.62:6789/0] conn(0x7fc7c8075c00 0x7fc7c81027c0 unknown :-1 s=NONE pgs=0 cs=0 l=0 rev1=0 crypto rx=0 tx=0 comp rx=0 tx=0).connect
2024-07-03T13:49:21.582 INFO:teuthology.orchestra.run.smithi062.stdout:/usr/bin/ceph: stderr
2024-07-03T13:49:20.955+0000 7fc7cd8a0640 1 -- --> [v2:172.21.15.62:3300/0,v1:172.21.15.62:6789/0] -- mon_getmap magic: 0 v1 -- 0x7fc7c8102d00 con 0x7fc7c8075c00
2024-07-03T13:49:21.582 INFO:teuthology.orchestra.run.smithi062.stdout:/usr/bin/ceph: stderr
2024-07-03T13:49:20.955+0000 7fc7c6ffd640 1 --2- >> [v2:172.21.15.62:3300/0,v1:172.21.15.62:6789/0] conn(0x7fc7c8075c00 0x7fc7c81027c0 unknown :-1 s=BANNER_CONNECTING pgs=0 cs=0 l=0 rev1=0 crypto rx=0 tx=0 comp rx=0 tx=0)._handle_peer_banner_payload supported=3 required=0
2024-07-03T13:49:21.582 INFO:teuthology.orchestra.run.smithi062.stdout:/usr/bin/ceph: stderr
2024-07-03T13:49:20.955+0000 7fc7c6ffd640 1 --2- >> [v2:172.21.15.62:3300/0,v1:172.21.15.62:6789/0] conn(0x7fc7c8075c00 0x7fc7c81027c0 unknown :-1 s=HELLO_CONNECTING pgs=0 cs=0 l=0 rev1=1 crypto rx=0 tx=0 comp rx=0 tx=0).handle_hello peer v2:172.21.15.62:3300/0 says I am v2:172.21.15.62:44036/0 (socket says 172.21.15.62:44036)
2024-07-03T13:49:21.582 INFO:teuthology.orchestra.run.smithi062.stdout:/usr/bin/ceph: stderr
2024-07-03T13:49:20.955+0000 7fc7c6ffd640 1 -- 172.21.15.62:0/792041435 learned_addr learned my addr 172.21.15.62:0/792041435 (peer_addr_for_me v2:172.21.15.62:0/0)
2024-07-03T13:49:21.582 INFO:teuthology.orchestra.run.smithi062.stdout:/usr/bin/ceph: stderr
2024-07-03T13:49:20.955+0000 7fc7c6ffd640 1 -- 172.21.15.62:0/792041435 --> [v2:172.21.15.62:3300/0,v1:172.21.15.62:6789/0] -- mon_subscribe({config=0+,monmap=0+}) v3 -- 0x7fc7c8102e40 con 0x7fc7c8075c00
2024-07-03T13:49:21.582 INFO:teuthology.orchestra.run.smithi062.stdout:/usr/bin/ceph: stderr
2024-07-03T13:49:20.956+0000 7fc7c6ffd640 1 --2- 172.21.15.62:0/792041435 >> [v2:172.21.15.62:3300/0,v1:172.21.15.62:6789/0] conn(0x7fc7c8075c00 0x7fc7c81027c0 secure :-1 s=READY pgs=7 cs=0 l=1 rev1=1 crypto rx=0x7fc7b8009840 tx=0x7fc7b80091d0 comp rx=0 tx=0).ready entity=mon.0 client_cookie=31ac30fa78d70e29 server_cookie=0 in_seq=0 out_seq=0
2024-07-03T13:49:21.582 INFO:teuthology.orchestra.run.smithi062.stdout:/usr/bin/ceph: stderr
2024-07-03T13:49:20.956+0000 7fc7c5ffb640 1 -- 172.21.15.62:0/792041435 <== mon.0 v2:172.21.15.62:3300/0 1 ==== mon_map magic: 0 v1 ==== 229+0+0 (secure 0 0 0) 0x7fc7b8032440 con 0x7fc7c8075c00
2024-07-03T13:49:21.582 INFO:teuthology.orchestra.run.smithi062.stdout:/usr/bin/ceph: stderr
2024-07-03T13:49:20.956+0000 7fc7c5ffb640 1 -- 172.21.15.62:0/792041435 <== mon.0 v2:172.21.15.62:3300/0 2 ==== config(27 keys) v1 ==== 1044+0+0 (secure 0 0 0) 0x7fc7b8032a30 con 0x7fc7c8075c00
2024-07-03T13:49:21.583 INFO:teuthology.orchestra.run.smithi062.stdout:/usr/bin/ceph: stderr
2024-07-03T13:49:20.956+0000 7fc7c5ffb640 1 -- 172.21.15.62:0/792041435 <== mon.0 v2:172.21.15.62:3300/0 3 ==== mon_map magic: 0 v1 ==== 229+0+0 (secure 0 0 0) 0x7fc7b8031ad0 con 0x7fc7c8075c00
2024-07-03T13:49:21.583 INFO:teuthology.orchestra.run.smithi062.stdout:/usr/bin/ceph: stderr
2024-07-03T13:49:20.957+0000 7fc7cd8a0640 1 -- 172.21.15.62:0/792041435 >> [v2:172.21.15.62:3300/0,v1:172.21.15.62:6789/0] conn(0x7fc7c8075c00 msgr2=0x7fc7c81027c0 secure :-1 s=STATE_CONNECTION_ESTABLISHED l=1).mark_down
2024-07-03T13:49:21.583 INFO:teuthology.orchestra.run.smithi062.stdout:/usr/bin/ceph: stderr
2024-07-03T13:49:20.957+0000 7fc7cd8a0640 1 --2- 172.21.15.62:0/792041435 >> [v2:172.21.15.62:3300/0,v1:172.21.15.62:6789/0] conn(0x7fc7c8075c00 0x7fc7c81027c0 secure :-1 s=READY pgs=7 cs=0 l=1 rev1=1 crypto rx=0x7fc7b8009840 tx=0x7fc7b80091d0 comp rx=0 tx=0).stop
2024-07-03T13:49:21.583 INFO:teuthology.orchestra.run.smithi062.stdout:/usr/bin/ceph: stderr
2024-07-03T13:49:20.957+0000 7fc7cd8a0640 1 -- 172.21.15.62:0/792041435 shutdown_connections
2024-07-03T13:49:21.583 INFO:teuthology.orchestra.run.smithi062.stdout:/usr/bin/ceph: stderr
2024-07-03T13:49:20.957+0000 7fc7cd8a0640 1 --2- 172.21.15.62:0/792041435 >> [v2:172.21.15.62:3300/0,v1:172.21.15.62:6789/0] conn(0x7fc7c8075c00 0x7fc7c81027c0 unknown :-1 s=CLOSED pgs=7 cs=0 l=1 rev1=1 crypto rx=0 tx=0 comp rx=0 tx=0).stop
2024-07-03T13:49:21.583 INFO:teuthology.orchestra.run.smithi062.stdout:/usr/bin/ceph: stderr
2024-07-03T13:49:20.957+0000 7fc7cd8a0640 1 -- 172.21.15.62:0/792041435 >> 172.21.15.62:0/792041435 conn(0x7fc7c80fc520 msgr2=0x7fc7c80fe930 unknown :-1 s=STATE_NONE l=0).mark_down
2024-07-03T13:49:21.583 INFO:teuthology.orchestra.run.smithi062.stdout:/usr/bin/ceph: stderr
2024-07-03T13:49:20.957+0000 7fc7cd8a0640 1 -- 172.21.15.62:0/792041435 shutdown_connections
2024-07-03T13:49:21.583 INFO:teuthology.orchestra.run.smithi062.stdout:/usr/bin/ceph: stderr
2024-07-03T13:49:20.957+0000 7fc7cd8a0640 1 -- 172.21.15.62:0/792041435 wait complete.
2024-07-03T13:49:21.583 INFO:teuthology.orchestra.run.smithi062.stdout:/usr/bin/ceph: stderr
2024-07-03T13:49:20.958+0000 7fc7cd8a0640 1 Processor -- start
2024-07-03T13:49:21.583 INFO:teuthology.orchestra.run.smithi062.stdout:/usr/bin/ceph: stderr
2024-07-03T13:49:20.958+0000 7fc7cd8a0640 1 -- start start
2024-07-03T13:49:21.583 INFO:teuthology.orchestra.run.smithi062.stdout:/usr/bin/ceph: stderr
2024-07-03T13:49:20.958+0000 7fc7cd8a0640 1 --2- >> [v2:172.21.15.62:3300/0,v1:172.21.15.62:6789/0] conn(0x7fc7c8075c00 0x7fc7c81170a0 unknown :-1 s=NONE pgs=0 cs=0 l=1 rev1=0 crypto rx=0 tx=0 comp rx=0 tx=0).connect
2024-07-03T13:49:21.583 INFO:teuthology.orchestra.run.smithi062.stdout:/usr/bin/ceph: stderr
2024-07-03T13:49:20.958+0000 7fc7cd8a0640 1 -- --> [v2:172.21.15.62:3300/0,v1:172.21.15.62:6789/0] -- mon_getmap magic: 0 v1 -- 0x7fc7c81175e0 con 0x7fc7c8075c00
2024-07-03T13:49:21.583 INFO:teuthology.orchestra.run.smithi062.stdout:/usr/bin/ceph: stderr
2024-07-03T13:49:20.958+0000 7fc7c6ffd640 1 --2- >> [v2:172.21.15.62:3300/0,v1:172.21.15.62:6789/0] conn(0x7fc7c8075c00 0x7fc7c81170a0 unknown :-1 s=BANNER_CONNECTING pgs=0 cs=0 l=1 rev1=0 crypto rx=0 tx=0 comp rx=0 tx=0)._handle_peer_banner_payload supported=3 required=0
2024-07-03T13:49:21.584 INFO:teuthology.orchestra.run.smithi062.stdout:/usr/bin/ceph: stderr
2024-07-03T13:49:20.958+0000 7fc7c6ffd640 1 --2- >> [v2:172.21.15.62:3300/0,v1:172.21.15.62:6789/0] conn(0x7fc7c8075c00 0x7fc7c81170a0 unknown :-1 s=HELLO_CONNECTING pgs=0 cs=0 l=1 rev1=1 crypto rx=0 tx=0 comp rx=0 tx=0).handle_hello peer v2:172.21.15.62:3300/0 says I am v2:172.21.15.62:44052/0 (socket says 172.21.15.62:44052)
2024-07-03T13:49:21.584 INFO:teuthology.orchestra.run.smithi062.stdout:/usr/bin/ceph: stderr
2024-07-03T13:49:20.958+0000 7fc7c6ffd640 1 -- 172.21.15.62:0/228743432 learned_addr learned my addr 172.21.15.62:0/228743432 (peer_addr_for_me v2:172.21.15.62:0/0)
2024-07-03T13:49:21.584 INFO:teuthology.orchestra.run.smithi062.stdout:/usr/bin/ceph: stderr
2024-07-03T13:49:20.958+0000 7fc7c6ffd640 1 -- 172.21.15.62:0/228743432 --> [v2:172.21.15.62:3300/0,v1:172.21.15.62:6789/0] -- mon_subscribe({config=0+,monmap=0+}) v3 -- 0x7fc7b8009450 con 0x7fc7c8075c00
2024-07-03T13:49:21.584 INFO:teuthology.orchestra.run.smithi062.stdout:/usr/bin/ceph: stderr
2024-07-03T13:49:20.959+0000 7fc7c6ffd640 1 --2- 172.21.15.62:0/228743432 >> [v2:172.21.15.62:3300/0,v1:172.21.15.62:6789/0] conn(0x7fc7c8075c00 0x7fc7c81170a0 secure :-1 s=READY pgs=8 cs=0 l=1 rev1=1 crypto rx=0x7fc7b8006f00 tx=0x7fc7b8008040 comp rx=0 tx=0).ready entity=mon.0 client_cookie=0 server_cookie=0 in_seq=0 out_seq=0
2024-07-03T13:49:21.584 INFO:teuthology.orchestra.run.smithi062.stdout:/usr/bin/ceph: stderr
2024-07-03T13:49:20.959+0000 7fc7af7fe640 1 -- 172.21.15.62:0/228743432 <== mon.0 v2:172.21.15.62:3300/0 1 ==== mon_map magic: 0 v1 ==== 229+0+0 (secure 0 0 0) 0x7fc7b803d450 con 0x7fc7c8075c00
2024-07-03T13:49:21.584 INFO:teuthology.orchestra.run.smithi062.stdout:/usr/bin/ceph: stderr
2024-07-03T13:49:20.959+0000 7fc7af7fe640 1 -- 172.21.15.62:0/228743432 <== mon.0 v2:172.21.15.62:3300/0 2 ==== config(27 keys) v1 ==== 1044+0+0 (secure 0 0 0) 0x7fc7b803da40 con 0x7fc7c8075c00
2024-07-03T13:49:21.584 INFO:teuthology.orchestra.run.smithi062.stdout:/usr/bin/ceph: stderr
2024-07-03T13:49:20.959+0000 7fc7cd8a0640 1 -- 172.21.15.62:0/228743432 --> [v2:172.21.15.62:3300/0,v1:172.21.15.62:6789/0] -- mon_subscribe({mgrmap=0+}) v3 -- 0x7fc7c81177e0 con 0x7fc7c8075c00
2024-07-03T13:49:21.584 INFO:teuthology.orchestra.run.smithi062.stdout:/usr/bin/ceph: stderr
2024-07-03T13:49:20.959+0000 7fc7cd8a0640 1 -- 172.21.15.62:0/228743432 --> [v2:172.21.15.62:3300/0,v1:172.21.15.62:6789/0] -- mon_subscribe({osdmap=0}) v3 -- 0x7fc7c8117c50 con 0x7fc7c8075c00
2024-07-03T13:49:21.584 INFO:teuthology.orchestra.run.smithi062.stdout:/usr/bin/ceph: stderr
2024-07-03T13:49:20.959+0000 7fc7af7fe640 1 -- 172.21.15.62:0/228743432 <== mon.0 v2:172.21.15.62:3300/0 3 ==== mon_map magic: 0 v1 ==== 229+0+0 (secure 0 0 0) 0x7fc7b803bb10 con 0x7fc7c8075c00
2024-07-03T13:49:21.584 INFO:teuthology.orchestra.run.smithi062.stdout:/usr/bin/ceph: stderr
2024-07-03T13:49:20.959+0000 7fc7af7fe640 1 -- 172.21.15.62:0/228743432 <== mon.0 v2:172.21.15.62:3300/0 4 ==== mgrmap(e 1) v1 ==== 529+0+0 (secure 0 0 0) 0x7fc7b8039070 con 0x7fc7c8075c00
2024-07-03T13:49:21.584 INFO:teuthology.orchestra.run.smithi062.stdout:/usr/bin/ceph: stderr
2024-07-03T13:49:20.959+0000 7fc7af7fe640 1 -- 172.21.15.62:0/228743432 <== mon.0 v2:172.21.15.62:3300/0 5 ==== osd_map(1..1 src has 1..1) v4 ==== 721+0+0 (secure 0 0 0) 0x7fc7b8046ab0 con 0x7fc7c8075c00
2024-07-03T13:49:21.584 INFO:teuthology.orchestra.run.smithi062.stdout:/usr/bin/ceph: stderr
2024-07-03T13:49:20.960+0000 7fc7cd8a0640 1 -- 172.21.15.62:0/228743432 --> [v2:172.21.15.62:3300/0,v1:172.21.15.62:6789/0] -- mon_command({"prefix": "get_command_descriptions"} v 0) v1 -- 0x7fc7c804b530 con 0x7fc7c8075c00
2024-07-03T13:49:21.584 INFO:teuthology.orchestra.run.smithi062.stdout:/usr/bin/ceph: stderr
2024-07-03T13:49:20.962+0000 7fc7af7fe640 1 -- 172.21.15.62:0/228743432 <== mon.0 v2:172.21.15.62:3300/0 6 ==== mon_command_ack([{"prefix": "get_command_descriptions"}]=0 v0) v1 ==== 72+0+71547 (secure 0 0 0) 0x7fc7c8117c50 con 0x7fc7c8075c00
2024-07-03T13:49:21.585 INFO:teuthology.orchestra.run.smithi062.stdout:/usr/bin/ceph: stderr
2024-07-03T13:49:21.027+0000 7fc7cd8a0640 1 -- 172.21.15.62:0/228743432 --> [v2:172.21.15.62:3300/0,v1:172.21.15.62:6789/0] -- mon_command({"prefix": "status", "format": "json-pretty"} v 0) v1 -- 0x7fc7c8110760 con 0x7fc7c8075c00
2024-07-03T13:49:21.585 INFO:teuthology.orchestra.run.smithi062.stdout:/usr/bin/ceph: stderr
2024-07-03T13:49:21.027+0000 7fc7af7fe640 1 -- 172.21.15.62:0/228743432 <== mon.0 v2:172.21.15.62:3300/0 7 ==== mon_command_ack([{"prefix": "status", "format": "json-pretty"}]=0 v0) v1 ==== 79+0+1248 (secure 0 0 0) 0x7fc7b8041020 con 0x7fc7c8075c00
2024-07-03T13:49:21.585 INFO:teuthology.orchestra.run.smithi062.stdout:/usr/bin/ceph: stderr
2024-07-03T13:49:21.028+0000 7fc7cd8a0640 1 -- 172.21.15.62:0/228743432 >> [v2:172.21.15.62:3300/0,v1:172.21.15.62:6789/0] conn(0x7fc7c8075c00 msgr2=0x7fc7c81170a0 secure :-1 s=STATE_CONNECTION_ESTABLISHED l=1).mark_down
2024-07-03T13:49:21.585 INFO:teuthology.orchestra.run.smithi062.stdout:/usr/bin/ceph: stderr
2024-07-03T13:49:21.028+0000 7fc7cd8a0640 1 --2- 172.21.15.62:0/228743432 >> [v2:172.21.15.62:3300/0,v1:172.21.15.62:6789/0] conn(0x7fc7c8075c00 0x7fc7c81170a0 secure :-1 s=READY pgs=8 cs=0 l=1 rev1=1 crypto rx=0x7fc7b8006f00 tx=0x7fc7b8008040 comp rx=0 tx=0).stop
2024-07-03T13:49:21.585 INFO:teuthology.orchestra.run.smithi062.stdout:/usr/bin/ceph: stderr
2024-07-03T13:49:21.028+0000 7fc7cd8a0640 1 -- 172.21.15.62:0/228743432 shutdown_connections
2024-07-03T13:49:21.585 INFO:teuthology.orchestra.run.smithi062.stdout:/usr/bin/ceph: stderr
2024-07-03T13:49:21.028+0000 7fc7cd8a0640 1 --2- 172.21.15.62:0/228743432 >> [v2:172.21.15.62:3300/0,v1:172.21.15.62:6789/0] conn(0x7fc7c8075c00 0x7fc7c81170a0 unknown :-1 s=CLOSED pgs=8 cs=0 l=1 rev1=1 crypto rx=0 tx=0 comp rx=0 tx=0).stop
2024-07-03T13:49:21.585 INFO:teuthology.orchestra.run.smithi062.stdout:/usr/bin/ceph: stderr
2024-07-03T13:49:21.028+0000 7fc7cd8a0640 1 -- 172.21.15.62:0/228743432 >> 172.21.15.62:0/228743432 conn(0x7fc7c80fc520 msgr2=0x7fc7c81063f0 unknown :-1 s=STATE_NONE l=0).mark_down
2024-07-03T13:49:21.585 INFO:teuthology.orchestra.run.smithi062.stdout:/usr/bin/ceph: stderr
2024-07-03T13:49:21.028+0000 7fc7cd8a0640 1 -- 172.21.15.62:0/228743432 shutdown_connections
2024-07-03T13:49:21.585 INFO:teuthology.orchestra.run.smithi062.stdout:/usr/bin/ceph: stderr
2024-07-03T13:49:21.028+0000 7fc7cd8a0640 1 -- 172.21.15.62:0/228743432 wait complete.
2024-07-03T13:49:21.585 INFO:teuthology.orchestra.run.smithi062.stdout:mgr not available, waiting (2/15)...
2024-07-03T13:49:22.222 INFO:journalctl@ceph.mon.smithi062.smithi062.stdout:Jul 03 13:49:22 smithi062 ceph-mon[29033]: Activating manager daemon smithi062.tyckxe
2024-07-03T13:49:22.222 INFO:journalctl@ceph.mon.smithi062.smithi062.stdout:Jul 03 13:49:22 smithi062 ceph-mon[29033]: mgrmap e2: smithi062.tyckxe(active, starting, since 0.00284103s)
2024-07-03T13:49:22.222 INFO:journalctl@ceph.mon.smithi062.smithi062.stdout:Jul 03 13:49:22 smithi062 ceph-mon[29033]: from='mgr.14100 172.21.15.62:0/3528267050' entity='mgr.smithi062.tyckxe' cmd=[{"prefix": "mds metadata"}]: dispatch
2024-07-03T13:49:22.222 INFO:journalctl@ceph.mon.smithi062.smithi062.stdout:Jul 03 13:49:22 smithi062 ceph-mon[29033]: from='mgr.14100 172.21.15.62:0/3528267050' entity='mgr.smithi062.tyckxe' cmd=[{"prefix": "osd metadata"}]: dispatch
2024-07-03T13:49:22.222 INFO:journalctl@ceph.mon.smithi062.smithi062.stdout:Jul 03 13:49:22 smithi062 ceph-mon[29033]: from='mgr.14100 172.21.15.62:0/3528267050' entity='mgr.smithi062.tyckxe' cmd=[{"prefix": "mon metadata"}]: dispatch
2024-07-03T13:49:22.222 INFO:journalctl@ceph.mon.smithi062.smithi062.stdout:Jul 03 13:49:22 smithi062 ceph-mon[29033]: from='mgr.14100 172.21.15.62:0/3528267050' entity='mgr.smithi062.tyckxe' cmd=[{"prefix": "mon metadata", "id": "smithi062"}]: dispatch
2024-07-03T13:49:22.223 INFO:journalctl@ceph.mon.smithi062.smithi062.stdout:Jul 03 13:49:22 smithi062 ceph-mon[29033]: from='mgr.14100 172.21.15.62:0/3528267050' entity='mgr.smithi062.tyckxe' cmd=[{"prefix": "mgr metadata", "who": "smithi062.tyckxe", "id": "smithi062.tyckxe"}]: dispatch
2024-07-03T13:49:22.223 INFO:journalctl@ceph.mon.smithi062.smithi062.stdout:Jul 03 13:49:22 smithi062 ceph-mon[29033]: Manager daemon smithi062.tyckxe is now available
2024-07-03T13:49:22.223 INFO:journalctl@ceph.mon.smithi062.smithi062.stdout:Jul 03 13:49:22 smithi062 ceph-mon[29033]: from='mgr.14100 172.21.15.62:0/3528267050' entity='mgr.smithi062.tyckxe' cmd=[{"prefix":"config rm","who":"mgr","name":"mgr/rbd_support/smithi062.tyckxe/mirror_snapshot_schedule"}]: dispatch
2024-07-03T13:49:22.223 INFO:journalctl@ceph.mon.smithi062.smithi062.stdout:Jul 03 13:49:22 smithi062 ceph-mon[29033]: from='mgr.14100 172.21.15.62:0/3528267050' entity='mgr.smithi062.tyckxe' cmd=[{"prefix":"config rm","who":"mgr","name":"mgr/rbd_support/smithi062.tyckxe/trash_purge_schedule"}]: dispatch
2024-07-03T13:49:22.223 INFO:journalctl@ceph.mon.smithi062.smithi062.stdout:Jul 03 13:49:22 smithi062 ceph-mon[29033]: from='mgr.14100 172.21.15.62:0/3528267050' entity='mgr.smithi062.tyckxe'
2024-07-03T13:49:22.223 INFO:journalctl@ceph.mon.smithi062.smithi062.stdout:Jul 03 13:49:22 smithi062 ceph-mon[29033]: from='mgr.14100 172.21.15.62:0/3528267050' entity='mgr.smithi062.tyckxe'
2024-07-03T13:49:22.223 INFO:journalctl@ceph.mon.smithi062.smithi062.stdout:Jul 03 13:49:22 smithi062 ceph-mon[29033]: from='mgr.14100 172.21.15.62:0/3528267050' entity='mgr.smithi062.tyckxe'
2024-07-03T13:49:24.190 INFO:journalctl@ceph.mon.smithi062.smithi062.stdout:Jul 03 13:49:23 smithi062 ceph-mon[29033]: mgrmap e3: smithi062.tyckxe(active, since 1.00671s)
2024-07-03T13:49:24.666 INFO:teuthology.orchestra.run.smithi062.stdout:/usr/bin/ceph: stdout
2024-07-03T13:49:24.666 INFO:teuthology.orchestra.run.smithi062.stdout:/usr/bin/ceph: stdout {
2024-07-03T13:49:24.666 INFO:teuthology.orchestra.run.smithi062.stdout:/usr/bin/ceph: stdout "fsid": "e49817d6-3942-11ef-bcab-c7b262605968",
2024-07-03T13:49:24.666 INFO:teuthology.orchestra.run.smithi062.stdout:/usr/bin/ceph: stdout "health": {
2024-07-03T13:49:24.666 INFO:teuthology.orchestra.run.smithi062.stdout:/usr/bin/ceph: stdout "status": "HEALTH_OK",
2024-07-03T13:49:24.666 INFO:teuthology.orchestra.run.smithi062.stdout:/usr/bin/ceph: stdout "checks": {},
2024-07-03T13:49:24.667 INFO:teuthology.orchestra.run.smithi062.stdout:/usr/bin/ceph: stdout "mutes": []
2024-07-03T13:49:24.667 INFO:teuthology.orchestra.run.smithi062.stdout:/usr/bin/ceph: stdout },
2024-07-03T13:49:24.667 INFO:teuthology.orchestra.run.smithi062.stdout:/usr/bin/ceph: stdout "election_epoch": 5,
2024-07-03T13:49:24.667 INFO:teuthology.orchestra.run.smithi062.stdout:/usr/bin/ceph: stdout "quorum": [
2024-07-03T13:49:24.667 INFO:teuthology.orchestra.run.smithi062.stdout:/usr/bin/ceph: stdout 0
2024-07-03T13:49:24.667 INFO:teuthology.orchestra.run.smithi062.stdout:/usr/bin/ceph: stdout ],
2024-07-03T13:49:24.667 INFO:teuthology.orchestra.run.smithi062.stdout:/usr/bin/ceph: stdout "quorum_names": [
2024-07-03T13:49:24.667 INFO:teuthology.orchestra.run.smithi062.stdout:/usr/bin/ceph: stdout "smithi062"
2024-07-03T13:49:24.667 INFO:teuthology.orchestra.run.smithi062.stdout:/usr/bin/ceph: stdout ],
2024-07-03T13:49:24.667 INFO:teuthology.orchestra.run.smithi062.stdout:/usr/bin/ceph: stdout "quorum_age": 8,
2024-07-03T13:49:24.667 INFO:teuthology.orchestra.run.smithi062.stdout:/usr/bin/ceph: stdout "monmap": {
2024-07-03T13:49:24.667 INFO:teuthology.orchestra.run.smithi062.stdout:/usr/bin/ceph: stdout "epoch": 1,
2024-07-03T13:49:24.667 INFO:teuthology.orchestra.run.smithi062.stdout:/usr/bin/ceph: stdout "min_mon_release_name": "quincy",
2024-07-03T13:49:24.667 INFO:teuthology.orchestra.run.smithi062.stdout:/usr/bin/ceph: stdout "num_mons": 1
2024-07-03T13:49:24.668 INFO:teuthology.orchestra.run.smithi062.stdout:/usr/bin/ceph: stdout },
2024-07-03T13:49:24.668 INFO:teuthology.orchestra.run.smithi062.stdout:/usr/bin/ceph: stdout "osdmap": {
2024-07-03T13:49:24.668 INFO:teuthology.orchestra.run.smithi062.stdout:/usr/bin/ceph: stdout "epoch": 1,
2024-07-03T13:49:24.668 INFO:teuthology.orchestra.run.smithi062.stdout:/usr/bin/ceph: stdout "num_osds": 0,
2024-07-03T13:49:24.668 INFO:teuthology.orchestra.run.smithi062.stdout:/usr/bin/ceph: stdout "num_up_osds": 0,
2024-07-03T13:49:24.668 INFO:teuthology.orchestra.run.smithi062.stdout:/usr/bin/ceph: stdout "osd_up_since": 0,
2024-07-03T13:49:24.676 INFO:teuthology.orchestra.run.smithi062.stdout:/usr/bin/ceph: stdout "num_in_osds": 0,
2024-07-03T13:49:24.676 INFO:teuthology.orchestra.run.smithi062.stdout:/usr/bin/ceph: stdout "osd_in_since": 0,
2024-07-03T13:49:24.676 INFO:teuthology.orchestra.run.smithi062.stdout:/usr/bin/ceph: stdout "num_remapped_pgs": 0
2024-07-03T13:49:24.676 INFO:teuthology.orchestra.run.smithi062.stdout:/usr/bin/ceph: stdout },
2024-07-03T13:49:24.676 INFO:teuthology.orchestra.run.smithi062.stdout:/usr/bin/ceph: stdout "pgmap": {
2024-07-03T13:49:24.676 INFO:teuthology.orchestra.run.smithi062.stdout:/usr/bin/ceph: stdout "pgs_by_state": [],
2024-07-03T13:49:24.676 INFO:teuthology.orchestra.run.smithi062.stdout:/usr/bin/ceph: stdout "num_pgs": 0,
2024-07-03T13:49:24.676 INFO:teuthology.orchestra.run.smithi062.stdout:/usr/bin/ceph: stdout "num_pools": 0,
2024-07-03T13:49:24.676 INFO:teuthology.orchestra.run.smithi062.stdout:/usr/bin/ceph: stdout "num_objects": 0,
2024-07-03T13:49:24.676 INFO:teuthology.orchestra.run.smithi062.stdout:/usr/bin/ceph: stdout "data_bytes": 0,
2024-07-03T13:49:24.676 INFO:teuthology.orchestra.run.smithi062.stdout:/usr/bin/ceph: stdout "bytes_used": 0,
2024-07-03T13:49:24.677 INFO:teuthology.orchestra.run.smithi062.stdout:/usr/bin/ceph: stdout "bytes_avail": 0,
2024-07-03T13:49:24.677 INFO:teuthology.orchestra.run.smithi062.stdout:/usr/bin/ceph: stdout "bytes_total": 0
2024-07-03T13:49:24.677 INFO:teuthology.orchestra.run.smithi062.stdout:/usr/bin/ceph: stdout },
2024-07-03T13:49:24.677 INFO:teuthology.orchestra.run.smithi062.stdout:/usr/bin/ceph: stdout "fsmap": {
2024-07-03T13:49:24.677 INFO:teuthology.orchestra.run.smithi062.stdout:/usr/bin/ceph: stdout "epoch": 1,
2024-07-03T13:49:24.677 INFO:teuthology.orchestra.run.smithi062.stdout:/usr/bin/ceph: stdout "by_rank": [],
2024-07-03T13:49:24.677 INFO:teuthology.orchestra.run.smithi062.stdout:/usr/bin/ceph: stdout "up:standby": 0
2024-07-03T13:49:24.677 INFO:teuthology.orchestra.run.smithi062.stdout:/usr/bin/ceph: stdout },
2024-07-03T13:49:24.677 INFO:teuthology.orchestra.run.smithi062.stdout:/usr/bin/ceph: stdout "mgrmap": {
2024-07-03T13:49:24.677 INFO:teuthology.orchestra.run.smithi062.stdout:/usr/bin/ceph: stdout "available": true,
2024-07-03T13:49:24.677 INFO:teuthology.orchestra.run.smithi062.stdout:/usr/bin/ceph: stdout "num_standbys": 0,
2024-07-03T13:49:24.677 INFO:teuthology.orchestra.run.smithi062.stdout:/usr/bin/ceph: stdout "modules": [
2024-07-03T13:49:24.677 INFO:teuthology.orchestra.run.smithi062.stdout:/usr/bin/ceph: stdout "iostat",
2024-07-03T13:49:24.677 INFO:teuthology.orchestra.run.smithi062.stdout:/usr/bin/ceph: stdout "nfs",
2024-07-03T13:49:24.678 INFO:teuthology.orchestra.run.smithi062.stdout:/usr/bin/ceph: stdout "restful"
2024-07-03T13:49:24.678 INFO:teuthology.orchestra.run.smithi062.stdout:/usr/bin/ceph: stdout ],
2024-07-03T13:49:24.678 INFO:teuthology.orchestra.run.smithi062.stdout:/usr/bin/ceph: stdout "services": {}
2024-07-03T13:49:24.678 INFO:teuthology.orchestra.run.smithi062.stdout:/usr/bin/ceph: stdout },
2024-07-03T13:49:24.678 INFO:teuthology.orchestra.run.smithi062.stdout:/usr/bin/ceph: stdout "servicemap": {
2024-07-03T13:49:24.678 INFO:teuthology.orchestra.run.smithi062.stdout:/usr/bin/ceph: stdout "epoch": 1,
2024-07-03T13:49:24.678 INFO:teuthology.orchestra.run.smithi062.stdout:/usr/bin/ceph: stdout "modified": "2024-07-03T13:49:10.405484+0000",
2024-07-03T13:49:24.678 INFO:teuthology.orchestra.run.smithi062.stdout:/usr/bin/ceph: stdout "services": {}
2024-07-03T13:49:24.678 INFO:teuthology.orchestra.run.smithi062.stdout:/usr/bin/ceph: stdout },
2024-07-03T13:49:24.678 INFO:teuthology.orchestra.run.smithi062.stdout:/usr/bin/ceph: stdout "progress_events": {}
2024-07-03T13:49:24.678 INFO:teuthology.orchestra.run.smithi062.stdout:/usr/bin/ceph: stdout }
2024-07-03T13:49:24.678 INFO:teuthology.orchestra.run.smithi062.stdout:/usr/bin/ceph: stderr
2024-07-03T13:49:23.935+0000 7f4d1668c640 1 Processor -- start
2024-07-03T13:49:24.679 INFO:teuthology.orchestra.run.smithi062.stdout:/usr/bin/ceph: stderr
2024-07-03T13:49:23.935+0000 7f4d1668c640 1 -- start start
2024-07-03T13:49:24.679 INFO:teuthology.orchestra.run.smithi062.stdout:/usr/bin/ceph: stderr
2024-07-03T13:49:23.935+0000 7f4d1668c640 1 --2- >> [v2:172.21.15.62:3300/0,v1:172.21.15.62:6789/0] conn(0x7f4d10101e00 0x7f4d10102210 unknown :-1 s=NONE pgs=0 cs=0 l=0 rev1=0 crypto rx=0 tx=0 comp rx=0 tx=0).connect
2024-07-03T13:49:24.679 INFO:teuthology.orchestra.run.smithi062.stdout:/usr/bin/ceph: stderr
2024-07-03T13:49:23.935+0000 7f4d1668c640 1 -- --> [v2:172.21.15.62:3300/0,v1:172.21.15.62:6789/0] -- mon_getmap magic: 0 v1 -- 0x7f4d10102750 con 0x7f4d10101e00
2024-07-03T13:49:24.679 INFO:teuthology.orchestra.run.smithi062.stdout:/usr/bin/ceph: stderr
2024-07-03T13:49:23.935+0000 7f4d0ffff640 1 --2- >> [v2:172.21.15.62:3300/0,v1:172.21.15.62:6789/0] conn(0x7f4d10101e00 0x7f4d10102210 unknown :-1 s=BANNER_CONNECTING pgs=0 cs=0 l=0 rev1=0 crypto rx=0 tx=0 comp rx=0 tx=0)._handle_peer_banner_payload supported=3 required=0
2024-07-03T13:49:24.679 INFO:teuthology.orchestra.run.smithi062.stdout:/usr/bin/ceph: stderr
2024-07-03T13:49:23.935+0000 7f4d0ffff640 1 --2- >> [v2:172.21.15.62:3300/0,v1:172.21.15.62:6789/0] conn(0x7f4d10101e00 0x7f4d10102210 unknown :-1 s=HELLO_CONNECTING pgs=0 cs=0 l=0 rev1=1 crypto rx=0 tx=0 comp rx=0 tx=0).handle_hello peer v2:172.21.15.62:3300/0 says I am v2:172.21.15.62:44114/0 (socket says 172.21.15.62:44114)
2024-07-03T13:49:24.679 INFO:teuthology.orchestra.run.smithi062.stdout:/usr/bin/ceph: stderr
2024-07-03T13:49:23.935+0000 7f4d0ffff640 1 -- 172.21.15.62:0/3714283979 learned_addr learned my addr 172.21.15.62:0/3714283979 (peer_addr_for_me v2:172.21.15.62:0/0)
2024-07-03T13:49:24.679 INFO:teuthology.orchestra.run.smithi062.stdout:/usr/bin/ceph: stderr
2024-07-03T13:49:23.936+0000 7f4d0ffff640 1 -- 172.21.15.62:0/3714283979 --> [v2:172.21.15.62:3300/0,v1:172.21.15.62:6789/0] -- mon_subscribe({config=0+,monmap=0+}) v3 -- 0x7f4d10102890 con 0x7f4d10101e00
2024-07-03T13:49:24.679 INFO:teuthology.orchestra.run.smithi062.stdout:/usr/bin/ceph: stderr
2024-07-03T13:49:23.937+0000 7f4d0ffff640 1 --2- 172.21.15.62:0/3714283979 >> [v2:172.21.15.62:3300/0,v1:172.21.15.62:6789/0] conn(0x7f4d10101e00 0x7f4d10102210 secure :-1 s=READY pgs=16 cs=0 l=1 rev1=1 crypto rx=0x7f4d00009840 tx=0x7f4d000091d0 comp rx=0 tx=0).ready entity=mon.0 client_cookie=a0a21ab3e2884458 server_cookie=0 in_seq=0 out_seq=0
2024-07-03T13:49:24.679 INFO:teuthology.orchestra.run.smithi062.stdout:/usr/bin/ceph: stderr
2024-07-03T13:49:23.937+0000 7f4d0effd640 1 -- 172.21.15.62:0/3714283979 <== mon.0 v2:172.21.15.62:3300/0 1 ==== mon_map magic: 0 v1 ==== 229+0+0 (secure 0 0 0) 0x7f4d00032440 con 0x7f4d10101e00
2024-07-03T13:49:24.679 INFO:teuthology.orchestra.run.smithi062.stdout:/usr/bin/ceph: stderr
2024-07-03T13:49:23.937+0000 7f4d0effd640 1 -- 172.21.15.62:0/3714283979 <== mon.0 v2:172.21.15.62:3300/0 2 ==== config(27 keys) v1 ==== 1044+0+0 (secure 0 0 0) 0x7f4d00032a30 con 0x7f4d10101e00
2024-07-03T13:49:24.679 INFO:teuthology.orchestra.run.smithi062.stdout:/usr/bin/ceph: stderr
2024-07-03T13:49:23.937+0000 7f4d0effd640 1 -- 172.21.15.62:0/3714283979 <== mon.0 v2:172.21.15.62:3300/0 3 ==== mon_map magic: 0 v1 ==== 229+0+0 (secure 0 0 0) 0x7f4d00031ad0 con 0x7f4d10101e00
2024-07-03T13:49:24.679 INFO:teuthology.orchestra.run.smithi062.stdout:/usr/bin/ceph: stderr
2024-07-03T13:49:23.938+0000 7f4d1668c640 1 -- 172.21.15.62:0/3714283979 >> [v2:172.21.15.62:3300/0,v1:172.21.15.62:6789/0] conn(0x7f4d10101e00 msgr2=0x7f4d10102210 secure :-1 s=STATE_CONNECTION_ESTABLISHED l=1).mark_down
2024-07-03T13:49:24.680 INFO:teuthology.orchestra.run.smithi062.stdout:/usr/bin/ceph: stderr
2024-07-03T13:49:23.938+0000 7f4d1668c640 1 --2- 172.21.15.62:0/3714283979 >> [v2:172.21.15.62:3300/0,v1:172.21.15.62:6789/0] conn(0x7f4d10101e00 0x7f4d10102210 secure :-1 s=READY pgs=16 cs=0 l=1 rev1=1 crypto rx=0x7f4d00009840 tx=0x7f4d000091d0 comp rx=0 tx=0).stop
2024-07-03T13:49:24.680 INFO:teuthology.orchestra.run.smithi062.stdout:/usr/bin/ceph: stderr
2024-07-03T13:49:23.938+0000 7f4d1668c640 1 -- 172.21.15.62:0/3714283979 shutdown_connections
2024-07-03T13:49:24.680 INFO:teuthology.orchestra.run.smithi062.stdout:/usr/bin/ceph: stderr
2024-07-03T13:49:23.938+0000 7f4d1668c640 1 --2- 172.21.15.62:0/3714283979 >> [v2:172.21.15.62:3300/0,v1:172.21.15.62:6789/0] conn(0x7f4d10101e00 0x7f4d10102210 unknown :-1 s=CLOSED pgs=16 cs=0 l=1 rev1=1 crypto rx=0 tx=0 comp rx=0 tx=0).stop
2024-07-03T13:49:24.680 INFO:teuthology.orchestra.run.smithi062.stdout:/usr/bin/ceph: stderr
2024-07-03T13:49:23.938+0000 7f4d1668c640 1 -- 172.21.15.62:0/3714283979 >> 172.21.15.62:0/3714283979 conn(0x7f4d100fd5a0 msgr2=0x7f4d100ff9b0 unknown :-1 s=STATE_NONE l=0).mark_down
2024-07-03T13:49:24.680 INFO:teuthology.orchestra.run.smithi062.stdout:/usr/bin/ceph: stderr
2024-07-03T13:49:23.938+0000 7f4d1668c640 1 -- 172.21.15.62:0/3714283979 shutdown_connections
2024-07-03T13:49:24.680 INFO:teuthology.orchestra.run.smithi062.stdout:/usr/bin/ceph: stderr
2024-07-03T13:49:23.938+0000 7f4d1668c640 1 -- 172.21.15.62:0/3714283979 wait complete.
2024-07-03T13:49:24.680 INFO:teuthology.orchestra.run.smithi062.stdout:/usr/bin/ceph: stderr
2024-07-03T13:49:23.938+0000 7f4d1668c640 1 Processor -- start
2024-07-03T13:49:24.680 INFO:teuthology.orchestra.run.smithi062.stdout:/usr/bin/ceph: stderr
2024-07-03T13:49:23.939+0000 7f4d1668c640 1 -- start start
2024-07-03T13:49:24.680 INFO:teuthology.orchestra.run.smithi062.stdout:/usr/bin/ceph: stderr
2024-07-03T13:49:23.939+0000 7f4d1668c640 1 --2- >> [v2:172.21.15.62:3300/0,v1:172.21.15.62:6789/0] conn(0x7f4d10101e00 0x7f4d10110a90 unknown :-1 s=NONE pgs=0 cs=0 l=1 rev1=0 crypto rx=0 tx=0 comp rx=0 tx=0).connect
2024-07-03T13:49:24.680 INFO:teuthology.orchestra.run.smithi062.stdout:/usr/bin/ceph: stderr
2024-07-03T13:49:23.939+0000 7f4d1668c640 1 -- --> [v2:172.21.15.62:3300/0,v1:172.21.15.62:6789/0] -- mon_getmap magic: 0 v1 -- 0x7f4d10110fd0 con 0x7f4d10101e00
2024-07-03T13:49:24.680 INFO:teuthology.orchestra.run.smithi062.stdout:/usr/bin/ceph: stderr
2024-07-03T13:49:23.939+0000 7f4d0ffff640 1 --2- >> [v2:172.21.15.62:3300/0,v1:172.21.15.62:6789/0] conn(0x7f4d10101e00 0x7f4d10110a90 unknown :-1 s=BANNER_CONNECTING pgs=0 cs=0 l=1 rev1=0 crypto rx=0 tx=0 comp rx=0 tx=0)._handle_peer_banner_payload supported=3 required=0
2024-07-03T13:49:24.680 INFO:teuthology.orchestra.run.smithi062.stdout:/usr/bin/ceph: stderr
2024-07-03T13:49:23.939+0000 7f4d0ffff640 1 --2- >> [v2:172.21.15.62:3300/0,v1:172.21.15.62:6789/0] conn(0x7f4d10101e00 0x7f4d10110a90 unknown :-1 s=HELLO_CONNECTING pgs=0 cs=0 l=1 rev1=1 crypto rx=0 tx=0 comp rx=0 tx=0).handle_hello peer v2:172.21.15.62:3300/0 says I am v2:172.21.15.62:44122/0 (socket says 172.21.15.62:44122)
2024-07-03T13:49:24.680 INFO:teuthology.orchestra.run.smithi062.stdout:/usr/bin/ceph: stderr
2024-07-03T13:49:23.939+0000 7f4d0ffff640 1 -- 172.21.15.62:0/782728776 learned_addr learned my addr 172.21.15.62:0/782728776 (peer_addr_for_me v2:172.21.15.62:0/0)
2024-07-03T13:49:24.680 INFO:teuthology.orchestra.run.smithi062.stdout:/usr/bin/ceph: stderr
2024-07-03T13:49:23.939+0000 7f4d0ffff640 1 -- 172.21.15.62:0/782728776 --> [v2:172.21.15.62:3300/0,v1:172.21.15.62:6789/0] -- mon_subscribe({config=0+,monmap=0+}) v3 -- 0x7f4d00009450 con 0x7f4d10101e00
2024-07-03T13:49:24.681 INFO:teuthology.orchestra.run.smithi062.stdout:/usr/bin/ceph: stderr
2024-07-03T13:49:23.940+0000 7f4d0ffff640 1 --2- 172.21.15.62:0/782728776 >> [v2:172.21.15.62:3300/0,v1:172.21.15.62:6789/0] conn(0x7f4d10101e00 0x7f4d10110a90 secure :-1 s=READY pgs=17 cs=0 l=1 rev1=1 crypto rx=0x7f4d00009420 tx=0x7f4d00008040 comp rx=0 tx=0).ready entity=mon.0 client_cookie=0 server_cookie=0 in_seq=0 out_seq=0
2024-07-03T13:49:24.681 INFO:teuthology.orchestra.run.smithi062.stdout:/usr/bin/ceph: stderr
2024-07-03T13:49:23.940+0000 7f4d0cff9640 1 -- 172.21.15.62:0/782728776 <== mon.0 v2:172.21.15.62:3300/0 1 ==== mon_map magic: 0 v1 ==== 229+0+0 (secure 0 0 0) 0x7f4d0003d5b0 con 0x7f4d10101e00
2024-07-03T13:49:24.681 INFO:teuthology.orchestra.run.smithi062.stdout:/usr/bin/ceph: stderr
2024-07-03T13:49:23.940+0000 7f4d1668c640 1 -- 172.21.15.62:0/782728776 --> [v2:172.21.15.62:3300/0,v1:172.21.15.62:6789/0] -- mon_subscribe({mgrmap=0+}) v3 -- 0x7f4d101111d0 con 0x7f4d10101e00
2024-07-03T13:49:24.681 INFO:teuthology.orchestra.run.smithi062.stdout:/usr/bin/ceph: stderr
2024-07-03T13:49:23.940+0000 7f4d0cff9640 1 -- 172.21.15.62:0/782728776 <== mon.0 v2:172.21.15.62:3300/0 2 ==== config(27 keys) v1 ==== 1044+0+0 (secure 0 0 0) 0x7f4d0003dba0 con 0x7f4d10101e00
2024-07-03T13:49:24.681 INFO:teuthology.orchestra.run.smithi062.stdout:/usr/bin/ceph: stderr
2024-07-03T13:49:23.940+0000 7f4d0cff9640 1 -- 172.21.15.62:0/782728776 <== mon.0 v2:172.21.15.62:3300/0 3 ==== mon_map magic: 0 v1 ==== 229+0+0 (secure 0 0 0) 0x7f4d0003bb40 con 0x7f4d10101e00
2024-07-03T13:49:24.681 INFO:teuthology.orchestra.run.smithi062.stdout:/usr/bin/ceph: stderr
2024-07-03T13:49:23.940+0000 7f4d1668c640 1 -- 172.21.15.62:0/782728776 --> [v2:172.21.15.62:3300/0,v1:172.21.15.62:6789/0] -- mon_subscribe({osdmap=0}) v3 -- 0x7f4d10111640 con 0x7f4d10101e00
2024-07-03T13:49:24.681 INFO:teuthology.orchestra.run.smithi062.stdout:/usr/bin/ceph: stderr
2024-07-03T13:49:23.941+0000 7f4d0cff9640 1 -- 172.21.15.62:0/782728776 <== mon.0 v2:172.21.15.62:3300/0 4 ==== mgrmap(e 3) v1 ==== 42519+0+0 (secure 0 0 0) 0x7f4d00039070 con 0x7f4d10101e00
2024-07-03T13:49:24.681 INFO:teuthology.orchestra.run.smithi062.stdout:/usr/bin/ceph: stderr
2024-07-03T13:49:23.941+0000 7f4d0cff9640 1 --2- 172.21.15.62:0/782728776 >> [v2:172.21.15.62:6800/759657474,v1:172.21.15.62:6801/759657474] conn(0x7f4cf8035600 0x7f4cf8037ab0 unknown :-1 s=NONE pgs=0 cs=0 l=1 rev1=0 crypto rx=0 tx=0 comp rx=0 tx=0).connect
2024-07-03T13:49:24.681 INFO:teuthology.orchestra.run.smithi062.stdout:/usr/bin/ceph: stderr
2024-07-03T13:49:23.941+0000 7f4d0cff9640 1 -- 172.21.15.62:0/782728776 <== mon.0 v2:172.21.15.62:3300/0 5 ==== osd_map(1..1 src has 1..1) v4 ==== 721+0+0 (secure 0 0 0) 0x7f4d00069460 con 0x7f4d10101e00
2024-07-03T13:49:24.681 INFO:teuthology.orchestra.run.smithi062.stdout:/usr/bin/ceph: stderr
2024-07-03T13:49:23.941+0000 7f4d0f7fe640 1 --2- 172.21.15.62:0/782728776 >> [v2:172.21.15.62:6800/759657474,v1:172.21.15.62:6801/759657474] conn(0x7f4cf8035600 0x7f4cf8037ab0 unknown :-1 s=BANNER_CONNECTING pgs=0 cs=0 l=1 rev1=0 crypto rx=0 tx=0 comp rx=0 tx=0)._handle_peer_banner_payload supported=3 required=0
2024-07-03T13:49:24.681 INFO:teuthology.orchestra.run.smithi062.stdout:/usr/bin/ceph: stderr
2024-07-03T13:49:23.941+0000 7f4d1668c640 1 -- 172.21.15.62:0/782728776 --> [v2:172.21.15.62:3300/0,v1:172.21.15.62:6789/0] -- mon_command({"prefix": "get_command_descriptions"} v 0) v1 -- 0x7f4d1005eb80 con 0x7f4d10101e00
2024-07-03T13:49:24.681 INFO:teuthology.orchestra.run.smithi062.stdout:/usr/bin/ceph: stderr
2024-07-03T13:49:23.942+0000 7f4d0f7fe640 1 --2- 172.21.15.62:0/782728776 >> [v2:172.21.15.62:6800/759657474,v1:172.21.15.62:6801/759657474] conn(0x7f4cf8035600 0x7f4cf8037ab0 secure :-1 s=READY pgs=6 cs=0 l=1 rev1=1 crypto rx=0x7f4d04006fd0 tx=0x7f4d04006db0 comp rx=0 tx=0).ready entity=mgr.14100 client_cookie=0 server_cookie=0 in_seq=0 out_seq=0
2024-07-03T13:49:24.682 INFO:teuthology.orchestra.run.smithi062.stdout:/usr/bin/ceph: stderr
2024-07-03T13:49:23.946+0000 7f4d0cff9640 1 -- 172.21.15.62:0/782728776 <== mon.0 v2:172.21.15.62:3300/0 6 ==== mon_command_ack([{"prefix": "get_command_descriptions"}]=0 v0) v1 ==== 72+0+176702 (secure 0 0 0) 0x7f4d00037020 con 0x7f4d10101e00
2024-07-03T13:49:24.682 INFO:teuthology.orchestra.run.smithi062.stdout:/usr/bin/ceph: stderr
2024-07-03T13:49:23.991+0000 7f4d0cff9640 1 -- 172.21.15.62:0/782728776 <== mon.0 v2:172.21.15.62:3300/0 7 ==== mgrmap(e 4) v1 ==== 42625+0+0 (secure 0 0 0) 0x7f4d00046780 con 0x7f4d10101e00
2024-07-03T13:49:24.682 INFO:teuthology.orchestra.run.smithi062.stdout:/usr/bin/ceph: stderr
2024-07-03T13:49:24.189+0000 7f4d1668c640 1 -- 172.21.15.62:0/782728776 --> [v2:172.21.15.62:3300/0,v1:172.21.15.62:6789/0] -- mon_command({"prefix": "status", "format": "json-pretty"} v 0) v1 -- 0x7f4d1004b530 con 0x7f4d10101e00
2024-07-03T13:49:24.682 INFO:teuthology.orchestra.run.smithi062.stdout:/usr/bin/ceph: stderr
2024-07-03T13:49:24.190+0000 7f4d0cff9640 1 -- 172.21.15.62:0/782728776 <== mon.0 v2:172.21.15.62:3300/0 8 ==== mon_command_ack([{"prefix": "status", "format": "json-pretty"}]=0 v0) v1 ==== 79+0+1247 (secure 0 0 0) 0x7f4d00041020 con 0x7f4d10101e00
2024-07-03T13:49:24.682 INFO:teuthology.orchestra.run.smithi062.stdout:/usr/bin/ceph: stderr
