2024-07-03T13:49:52.763+0000 7f87e37fe640 1 -- 172.21.15.62:0/2191053401 learned_addr learned my addr 172.21.15.62:0/2191053401 (peer_addr_for_me v2:172.21.15.62:0/0)
2024-07-03T13:49:53.486 INFO:teuthology.orchestra.run.smithi062.stdout:/usr/bin/ceph: stderr
2024-07-03T13:49:52.763+0000 7f87e37fe640 1 -- 172.21.15.62:0/2191053401 --> [v2:172.21.15.62:3300/0,v1:172.21.15.62:6789/0] -- mon_subscribe({config=0+,monmap=0+}) v3 -- 0x7f87cc009450 con 0x7f87e4077c80
2024-07-03T13:49:53.486 INFO:teuthology.orchestra.run.smithi062.stdout:/usr/bin/ceph: stderr
2024-07-03T13:49:52.764+0000 7f87e37fe640 1 --2- 172.21.15.62:0/2191053401 >> [v2:172.21.15.62:3300/0,v1:172.21.15.62:6789/0] conn(0x7f87e4077c80 0x7f87e4112e50 secure :-1 s=READY pgs=50 cs=0 l=1 rev1=1 crypto rx=0x7f87cc031710 tx=0x7f87cc02c040 comp rx=0 tx=0).ready entity=mon.0 client_cookie=0 server_cookie=0 in_seq=0 out_seq=0
2024-07-03T13:49:53.486 INFO:teuthology.orchestra.run.smithi062.stdout:/usr/bin/ceph: stderr
2024-07-03T13:49:52.764+0000 7f87dbfff640 1 -- 172.21.15.62:0/2191053401 <== mon.0 v2:172.21.15.62:3300/0 1 ==== mon_map magic: 0 v1 ==== 229+0+0 (secure 0 0 0) 0x7f87cc031d40 con 0x7f87e4077c80
2024-07-03T13:49:53.486 INFO:teuthology.orchestra.run.smithi062.stdout:/usr/bin/ceph: stderr
2024-07-03T13:49:52.764+0000 7f87dbfff640 1 -- 172.21.15.62:0/2191053401 <== mon.0 v2:172.21.15.62:3300/0 2 ==== config(27 keys) v1 ==== 1109+0+0 (secure 0 0 0) 0x7f87cc031ea0 con 0x7f87e4077c80
2024-07-03T13:49:53.486 INFO:teuthology.orchestra.run.smithi062.stdout:/usr/bin/ceph: stderr
2024-07-03T13:49:52.764+0000 7f87ea1cb640 1 -- 172.21.15.62:0/2191053401 --> [v2:172.21.15.62:3300/0,v1:172.21.15.62:6789/0] -- mon_subscribe({mgrmap=0+}) v3 -- 0x7f87e4113590 con 0x7f87e4077c80
2024-07-03T13:49:53.486 INFO:teuthology.orchestra.run.smithi062.stdout:/usr/bin/ceph: stderr
2024-07-03T13:49:52.764+0000 7f87dbfff640 1 -- 172.21.15.62:0/2191053401 <== mon.0 v2:172.21.15.62:3300/0 3 ==== mon_map magic: 0 v1 ==== 229+0+0 (secure 0 0 0) 0x7f87cc03a910 con 0x7f87e4077c80
2024-07-03T13:49:53.487 INFO:teuthology.orchestra.run.smithi062.stdout:/usr/bin/ceph: stderr
2024-07-03T13:49:52.764+0000 7f87ea1cb640 1 -- 172.21.15.62:0/2191053401 --> [v2:172.21.15.62:3300/0,v1:172.21.15.62:6789/0] -- mon_subscribe({osdmap=0}) v3 -- 0x7f87e4113fe0 con 0x7f87e4077c80
2024-07-03T13:49:53.487 INFO:teuthology.orchestra.run.smithi062.stdout:/usr/bin/ceph: stderr
2024-07-03T13:49:52.765+0000 7f87dbfff640 1 -- 172.21.15.62:0/2191053401 <== mon.0 v2:172.21.15.62:3300/0 4 ==== mgrmap(e 8) v1 ==== 42636+0+0 (secure 0 0 0) 0x7f87cc039070 con 0x7f87e4077c80
2024-07-03T13:49:53.487 INFO:teuthology.orchestra.run.smithi062.stdout:/usr/bin/ceph: stderr
2024-07-03T13:49:52.765+0000 7f87dbfff640 1 --2- 172.21.15.62:0/2191053401 >> [v2:172.21.15.62:6800/3647161739,v1:172.21.15.62:6801/3647161739] conn(0x7f87d00357d0 0x7f87d0037c80 unknown :-1 s=NONE pgs=0 cs=0 l=1 rev1=0 crypto rx=0 tx=0 comp rx=0 tx=0).connect
2024-07-03T13:49:53.487 INFO:teuthology.orchestra.run.smithi062.stdout:/usr/bin/ceph: stderr
2024-07-03T13:49:52.765+0000 7f87dbfff640 1 -- 172.21.15.62:0/2191053401 <== mon.0 v2:172.21.15.62:3300/0 5 ==== osd_map(2..2 src has 1..2) v4 ==== 936+0+0 (secure 0 0 0) 0x7f87cc067f00 con 0x7f87e4077c80
2024-07-03T13:49:53.487 INFO:teuthology.orchestra.run.smithi062.stdout:/usr/bin/ceph: stderr
2024-07-03T13:49:52.765+0000 7f87e2ffd640 1 --2- 172.21.15.62:0/2191053401 >> [v2:172.21.15.62:6800/3647161739,v1:172.21.15.62:6801/3647161739] conn(0x7f87d00357d0 0x7f87d0037c80 unknown :-1 s=BANNER_CONNECTING pgs=0 cs=0 l=1 rev1=0 crypto rx=0 tx=0 comp rx=0 tx=0)._handle_peer_banner_payload supported=3 required=0
2024-07-03T13:49:53.487 INFO:teuthology.orchestra.run.smithi062.stdout:/usr/bin/ceph: stderr
2024-07-03T13:49:52.765+0000 7f87ea1cb640 1 -- 172.21.15.62:0/2191053401 --> [v2:172.21.15.62:3300/0,v1:172.21.15.62:6789/0] -- mon_command({"prefix": "get_command_descriptions"} v 0) v1 -- 0x7f87e405eb80 con 0x7f87e4077c80
2024-07-03T13:49:53.487 INFO:teuthology.orchestra.run.smithi062.stdout:/usr/bin/ceph: stderr
2024-07-03T13:49:52.766+0000 7f87e2ffd640 1 --2- 172.21.15.62:0/2191053401 >> [v2:172.21.15.62:6800/3647161739,v1:172.21.15.62:6801/3647161739] conn(0x7f87d00357d0 0x7f87d0037c80 secure :-1 s=READY pgs=15 cs=0 l=1 rev1=1 crypto rx=0x7f87d4006fd0 tx=0x7f87d4006db0 comp rx=0 tx=0).ready entity=mgr.14118 client_cookie=0 server_cookie=0 in_seq=0 out_seq=0
2024-07-03T13:49:53.487 INFO:teuthology.orchestra.run.smithi062.stdout:/usr/bin/ceph: stderr
2024-07-03T13:49:52.770+0000 7f87dbfff640 1 -- 172.21.15.62:0/2191053401 <== mon.0 v2:172.21.15.62:3300/0 6 ==== mon_command_ack([{"prefix": "get_command_descriptions"}]=0 v0) v1 ==== 72+0+176702 (secure 0 0 0) 0x7f87cc03f080 con 0x7f87e4077c80
2024-07-03T13:49:53.487 INFO:teuthology.orchestra.run.smithi062.stdout:/usr/bin/ceph: stderr
2024-07-03T13:49:52.959+0000 7f87ea1cb640 1 -- 172.21.15.62:0/2191053401 --> [v2:172.21.15.62:6800/3647161739,v1:172.21.15.62:6801/3647161739] -- mgr_command(tid 0: {"prefix": "orch apply", "service_type": "crash", "target": ["mon-mgr", ""]}) v1 -- 0x7f87e40fe7f0 con 0x7f87d00357d0
2024-07-03T13:49:53.487 INFO:teuthology.orchestra.run.smithi062.stdout:/usr/bin/ceph: stderr
2024-07-03T13:49:52.966+0000 7f87dbfff640 1 -- 172.21.15.62:0/2191053401 <== mgr.14118 v2:172.21.15.62:6800/3647161739 1 ==== mgr_command_reply(tid 0: 0 ) v1 ==== 8+0+26 (secure 0 0 0) 0x7f87e40fe7f0 con 0x7f87d00357d0
2024-07-03T13:49:53.487 INFO:teuthology.orchestra.run.smithi062.stdout:/usr/bin/ceph: stderr
2024-07-03T13:49:52.968+0000 7f87ea1cb640 1 -- 172.21.15.62:0/2191053401 >> [v2:172.21.15.62:6800/3647161739,v1:172.21.15.62:6801/3647161739] conn(0x7f87d00357d0 msgr2=0x7f87d0037c80 secure :-1 s=STATE_CONNECTION_ESTABLISHED l=1).mark_down
2024-07-03T13:49:53.487 INFO:teuthology.orchestra.run.smithi062.stdout:/usr/bin/ceph: stderr
2024-07-03T13:49:52.969+0000 7f87ea1cb640 1 --2- 172.21.15.62:0/2191053401 >> [v2:172.21.15.62:6800/3647161739,v1:172.21.15.62:6801/3647161739] conn(0x7f87d00357d0 0x7f87d0037c80 secure :-1 s=READY pgs=15 cs=0 l=1 rev1=1 crypto rx=0x7f87d4006fd0 tx=0x7f87d4006db0 comp rx=0 tx=0).stop
2024-07-03T13:49:53.487 INFO:teuthology.orchestra.run.smithi062.stdout:/usr/bin/ceph: stderr
2024-07-03T13:49:52.969+0000 7f87ea1cb640 1 -- 172.21.15.62:0/2191053401 >> [v2:172.21.15.62:3300/0,v1:172.21.15.62:6789/0] conn(0x7f87e4077c80 msgr2=0x7f87e4112e50 secure :-1 s=STATE_CONNECTION_ESTABLISHED l=1).mark_down
2024-07-03T13:49:53.488 INFO:teuthology.orchestra.run.smithi062.stdout:/usr/bin/ceph: stderr
2024-07-03T13:49:52.969+0000 7f87ea1cb640 1 --2- 172.21.15.62:0/2191053401 >> [v2:172.21.15.62:3300/0,v1:172.21.15.62:6789/0] conn(0x7f87e4077c80 0x7f87e4112e50 secure :-1 s=READY pgs=50 cs=0 l=1 rev1=1 crypto rx=0x7f87cc031710 tx=0x7f87cc02c040 comp rx=0 tx=0).stop
2024-07-03T13:49:53.488 INFO:teuthology.orchestra.run.smithi062.stdout:/usr/bin/ceph: stderr
2024-07-03T13:49:52.969+0000 7f87ea1cb640 1 -- 172.21.15.62:0/2191053401 shutdown_connections
2024-07-03T13:49:53.488 INFO:teuthology.orchestra.run.smithi062.stdout:/usr/bin/ceph: stderr
2024-07-03T13:49:52.969+0000 7f87ea1cb640 1 --2- 172.21.15.62:0/2191053401 >> [v2:172.21.15.62:6800/3647161739,v1:172.21.15.62:6801/3647161739] conn(0x7f87d00357d0 0x7f87d0037c80 unknown :-1 s=CLOSED pgs=15 cs=0 l=1 rev1=1 crypto rx=0 tx=0 comp rx=0 tx=0).stop
2024-07-03T13:49:53.488 INFO:teuthology.orchestra.run.smithi062.stdout:/usr/bin/ceph: stderr
2024-07-03T13:49:52.969+0000 7f87ea1cb640 1 --2- 172.21.15.62:0/2191053401 >> [v2:172.21.15.62:3300/0,v1:172.21.15.62:6789/0] conn(0x7f87e4077c80 0x7f87e4112e50 unknown :-1 s=CLOSED pgs=50 cs=0 l=1 rev1=1 crypto rx=0 tx=0 comp rx=0 tx=0).stop
2024-07-03T13:49:53.488 INFO:teuthology.orchestra.run.smithi062.stdout:/usr/bin/ceph: stderr
2024-07-03T13:49:52.969+0000 7f87ea1cb640 1 -- 172.21.15.62:0/2191053401 >> 172.21.15.62:0/2191053401 conn(0x7f87e40fd5e0 msgr2=0x7f87e40fe0e0 unknown :-1 s=STATE_NONE l=0).mark_down
2024-07-03T13:49:53.488 INFO:teuthology.orchestra.run.smithi062.stdout:/usr/bin/ceph: stderr
2024-07-03T13:49:52.969+0000 7f87ea1cb640 1 -- 172.21.15.62:0/2191053401 shutdown_connections
2024-07-03T13:49:53.488 INFO:teuthology.orchestra.run.smithi062.stdout:/usr/bin/ceph: stderr
2024-07-03T13:49:52.969+0000 7f87ea1cb640 1 -- 172.21.15.62:0/2191053401 wait complete.
2024-07-03T13:49:53.488 INFO:teuthology.orchestra.run.smithi062.stdout:Deploying prometheus service with default placement...
2024-07-03T13:49:53.585 INFO:journalctl@ceph.mon.smithi062.smithi062.stdout:Jul 03 13:49:53 smithi062 ceph-mon[29033]: from='mgr.14118 172.21.15.62:0/439655163' entity='mgr.smithi062.tyckxe'
2024-07-03T13:49:53.585 INFO:journalctl@ceph.mon.smithi062.smithi062.stdout:Jul 03 13:49:53 smithi062 ceph-mon[29033]: from='mgr.14118 172.21.15.62:0/439655163' entity='mgr.smithi062.tyckxe'
2024-07-03T13:49:53.586 INFO:journalctl@ceph.mon.smithi062.smithi062.stdout:Jul 03 13:49:53 smithi062 ceph-mon[29033]: from='mgr.14118 172.21.15.62:0/439655163' entity='mgr.smithi062.tyckxe'
2024-07-03T13:49:54.441 INFO:journalctl@ceph.mon.smithi062.smithi062.stdout:Jul 03 13:49:54 smithi062 ceph-mon[29033]: from='client.14144 -' entity='client.admin' cmd=[{"prefix": "orch apply", "service_type": "crash", "target": ["mon-mgr", ""]}]: dispatch
2024-07-03T13:49:54.441 INFO:journalctl@ceph.mon.smithi062.smithi062.stdout:Jul 03 13:49:54 smithi062 ceph-mon[29033]: Saving service crash spec with placement *
2024-07-03T13:49:54.442 INFO:journalctl@ceph.mon.smithi062.smithi062.stdout:Jul 03 13:49:54 smithi062 ceph-mon[29033]: from='mgr.14118 172.21.15.62:0/439655163' entity='mgr.smithi062.tyckxe'
2024-07-03T13:49:55.003 INFO:teuthology.orchestra.run.smithi062.stdout:/usr/bin/ceph: stdout Scheduled prometheus update...
2024-07-03T13:49:55.003 INFO:teuthology.orchestra.run.smithi062.stdout:/usr/bin/ceph: stderr
2024-07-03T13:49:53.832+0000 7f29934a8640 1 Processor -- start
2024-07-03T13:49:55.003 INFO:teuthology.orchestra.run.smithi062.stdout:/usr/bin/ceph: stderr
2024-07-03T13:49:53.832+0000 7f29934a8640 1 -- start start
2024-07-03T13:49:55.003 INFO:teuthology.orchestra.run.smithi062.stdout:/usr/bin/ceph: stderr
2024-07-03T13:49:53.833+0000 7f29934a8640 1 --2- >> [v2:172.21.15.62:3300/0,v1:172.21.15.62:6789/0] conn(0x7f298c075bc0 0x7f298c104a10 unknown :-1 s=NONE pgs=0 cs=0 l=0 rev1=0 crypto rx=0 tx=0 comp rx=0 tx=0).connect
2024-07-03T13:49:55.003 INFO:teuthology.orchestra.run.smithi062.stdout:/usr/bin/ceph: stderr
2024-07-03T13:49:53.833+0000 7f29934a8640 1 -- --> [v2:172.21.15.62:3300/0,v1:172.21.15.62:6789/0] -- mon_getmap magic: 0 v1 -- 0x7f298c104f50 con 0x7f298c075bc0
2024-07-03T13:49:55.003 INFO:teuthology.orchestra.run.smithi062.stdout:/usr/bin/ceph: stderr
2024-07-03T13:49:53.833+0000 7f2991244640 1 --2- >> [v2:172.21.15.62:3300/0,v1:172.21.15.62:6789/0] conn(0x7f298c075bc0 0x7f298c104a10 unknown :-1 s=BANNER_CONNECTING pgs=0 cs=0 l=0 rev1=0 crypto rx=0 tx=0 comp rx=0 tx=0)._handle_peer_banner_payload supported=3 required=0
2024-07-03T13:49:55.003 INFO:teuthology.orchestra.run.smithi062.stdout:/usr/bin/ceph: stderr
2024-07-03T13:49:53.833+0000 7f2991244640 1 --2- >> [v2:172.21.15.62:3300/0,v1:172.21.15.62:6789/0] conn(0x7f298c075bc0 0x7f298c104a10 unknown :-1 s=HELLO_CONNECTING pgs=0 cs=0 l=0 rev1=1 crypto rx=0 tx=0 comp rx=0 tx=0).handle_hello peer v2:172.21.15.62:3300/0 says I am v2:172.21.15.62:58574/0 (socket says 172.21.15.62:58574)
2024-07-03T13:49:55.003 INFO:teuthology.orchestra.run.smithi062.stdout:/usr/bin/ceph: stderr
2024-07-03T13:49:53.833+0000 7f2991244640 1 -- 172.21.15.62:0/3771896174 learned_addr learned my addr 172.21.15.62:0/3771896174 (peer_addr_for_me v2:172.21.15.62:0/0)
2024-07-03T13:49:55.003 INFO:teuthology.orchestra.run.smithi062.stdout:/usr/bin/ceph: stderr
2024-07-03T13:49:53.833+0000 7f2991244640 1 -- 172.21.15.62:0/3771896174 --> [v2:172.21.15.62:3300/0,v1:172.21.15.62:6789/0] -- mon_subscribe({config=0+,monmap=0+}) v3 -- 0x7f298c105090 con 0x7f298c075bc0
2024-07-03T13:49:55.003 INFO:teuthology.orchestra.run.smithi062.stdout:/usr/bin/ceph: stderr
2024-07-03T13:49:53.834+0000 7f2991244640 1 --2- 172.21.15.62:0/3771896174 >> [v2:172.21.15.62:3300/0,v1:172.21.15.62:6789/0] conn(0x7f298c075bc0 0x7f298c104a10 secure :-1 s=READY pgs=51 cs=0 l=1 rev1=1 crypto rx=0x7f2988009840 tx=0x7f29880091d0 comp rx=0 tx=0).ready entity=mon.0 client_cookie=b82ec13c2a689b1b server_cookie=0 in_seq=0 out_seq=0
2024-07-03T13:49:55.004 INFO:teuthology.orchestra.run.smithi062.stdout:/usr/bin/ceph: stderr
2024-07-03T13:49:53.834+0000 7f297ffff640 1 -- 172.21.15.62:0/3771896174 <== mon.0 v2:172.21.15.62:3300/0 1 ==== mon_map magic: 0 v1 ==== 229+0+0 (secure 0 0 0) 0x7f2988032440 con 0x7f298c075bc0
2024-07-03T13:49:55.004 INFO:teuthology.orchestra.run.smithi062.stdout:/usr/bin/ceph: stderr
2024-07-03T13:49:53.834+0000 7f297ffff640 1 -- 172.21.15.62:0/3771896174 <== mon.0 v2:172.21.15.62:3300/0 2 ==== config(27 keys) v1 ==== 1109+0+0 (secure 0 0 0) 0x7f2988032a70 con 0x7f298c075bc0
2024-07-03T13:49:55.004 INFO:teuthology.orchestra.run.smithi062.stdout:/usr/bin/ceph: stderr
2024-07-03T13:49:53.834+0000 7f297ffff640 1 -- 172.21.15.62:0/3771896174 <== mon.0 v2:172.21.15.62:3300/0 3 ==== mon_map magic: 0 v1 ==== 229+0+0 (secure 0 0 0) 0x7f2988031ad0 con 0x7f298c075bc0
2024-07-03T13:49:55.004 INFO:teuthology.orchestra.run.smithi062.stdout:/usr/bin/ceph: stderr
2024-07-03T13:49:53.835+0000 7f29934a8640 1 -- 172.21.15.62:0/3771896174 >> [v2:172.21.15.62:3300/0,v1:172.21.15.62:6789/0] conn(0x7f298c075bc0 msgr2=0x7f298c104a10 secure :-1 s=STATE_CONNECTION_ESTABLISHED l=1).mark_down
2024-07-03T13:49:55.004 INFO:teuthology.orchestra.run.smithi062.stdout:/usr/bin/ceph: stderr
2024-07-03T13:49:53.835+0000 7f29934a8640 1 --2- 172.21.15.62:0/3771896174 >> [v2:172.21.15.62:3300/0,v1:172.21.15.62:6789/0] conn(0x7f298c075bc0 0x7f298c104a10 secure :-1 s=READY pgs=51 cs=0 l=1 rev1=1 crypto rx=0x7f2988009840 tx=0x7f29880091d0 comp rx=0 tx=0).stop
2024-07-03T13:49:55.004 INFO:teuthology.orchestra.run.smithi062.stdout:/usr/bin/ceph: stderr
2024-07-03T13:49:53.835+0000 7f29934a8640 1 -- 172.21.15.62:0/3771896174 shutdown_connections
2024-07-03T13:49:55.004 INFO:teuthology.orchestra.run.smithi062.stdout:/usr/bin/ceph: stderr
2024-07-03T13:49:53.835+0000 7f29934a8640 1 --2- 172.21.15.62:0/3771896174 >> [v2:172.21.15.62:3300/0,v1:172.21.15.62:6789/0] conn(0x7f298c075bc0 0x7f298c104a10 unknown :-1 s=CLOSED pgs=51 cs=0 l=1 rev1=1 crypto rx=0 tx=0 comp rx=0 tx=0).stop
2024-07-03T13:49:55.004 INFO:teuthology.orchestra.run.smithi062.stdout:/usr/bin/ceph: stderr
2024-07-03T13:49:53.835+0000 7f29934a8640 1 -- 172.21.15.62:0/3771896174 >> 172.21.15.62:0/3771896174 conn(0x7f298c0fc4c0 msgr2=0x7f298c0fe8d0 unknown :-1 s=STATE_NONE l=0).mark_down
2024-07-03T13:49:55.004 INFO:teuthology.orchestra.run.smithi062.stdout:/usr/bin/ceph: stderr
2024-07-03T13:49:53.835+0000 7f29934a8640 1 -- 172.21.15.62:0/3771896174 shutdown_connections
2024-07-03T13:49:55.004 INFO:teuthology.orchestra.run.smithi062.stdout:/usr/bin/ceph: stderr
2024-07-03T13:49:53.835+0000 7f29934a8640 1 -- 172.21.15.62:0/3771896174 wait complete.
2024-07-03T13:49:55.004 INFO:teuthology.orchestra.run.smithi062.stdout:/usr/bin/ceph: stderr
2024-07-03T13:49:53.835+0000 7f29934a8640 1 Processor -- start
2024-07-03T13:49:55.005 INFO:teuthology.orchestra.run.smithi062.stdout:/usr/bin/ceph: stderr
2024-07-03T13:49:53.835+0000 7f29934a8640 1 -- start start
2024-07-03T13:49:55.005 INFO:teuthology.orchestra.run.smithi062.stdout:/usr/bin/ceph: stderr
2024-07-03T13:49:53.836+0000 7f29934a8640 1 --2- >> [v2:172.21.15.62:3300/0,v1:172.21.15.62:6789/0] conn(0x7f298c075bc0 0x7f298c112df0 unknown :-1 s=NONE pgs=0 cs=0 l=1 rev1=0 crypto rx=0 tx=0 comp rx=0 tx=0).connect
2024-07-03T13:49:55.005 INFO:teuthology.orchestra.run.smithi062.stdout:/usr/bin/ceph: stderr
2024-07-03T13:49:53.836+0000 7f29934a8640 1 -- --> [v2:172.21.15.62:3300/0,v1:172.21.15.62:6789/0] -- mon_getmap magic: 0 v1 -- 0x7f298c113330 con 0x7f298c075bc0
2024-07-03T13:49:55.005 INFO:teuthology.orchestra.run.smithi062.stdout:/usr/bin/ceph: stderr
2024-07-03T13:49:53.836+0000 7f2991244640 1 --2- >> [v2:172.21.15.62:3300/0,v1:172.21.15.62:6789/0] conn(0x7f298c075bc0 0x7f298c112df0 unknown :-1 s=BANNER_CONNECTING pgs=0 cs=0 l=1 rev1=0 crypto rx=0 tx=0 comp rx=0 tx=0)._handle_peer_banner_payload supported=3 required=0
2024-07-03T13:49:55.005 INFO:teuthology.orchestra.run.smithi062.stdout:/usr/bin/ceph: stderr
2024-07-03T13:49:53.836+0000 7f2991244640 1 --2- >> [v2:172.21.15.62:3300/0,v1:172.21.15.62:6789/0] conn(0x7f298c075bc0 0x7f298c112df0 unknown :-1 s=HELLO_CONNECTING pgs=0 cs=0 l=1 rev1=1 crypto rx=0 tx=0 comp rx=0 tx=0).handle_hello peer v2:172.21.15.62:3300/0 says I am v2:172.21.15.62:58580/0 (socket says 172.21.15.62:58580)
2024-07-03T13:49:55.005 INFO:teuthology.orchestra.run.smithi062.stdout:/usr/bin/ceph: stderr
2024-07-03T13:49:53.836+0000 7f2991244640 1 -- 172.21.15.62:0/3381571954 learned_addr learned my addr 172.21.15.62:0/3381571954 (peer_addr_for_me v2:172.21.15.62:0/0)
2024-07-03T13:49:55.005 INFO:teuthology.orchestra.run.smithi062.stdout:/usr/bin/ceph: stderr
2024-07-03T13:49:53.836+0000 7f2991244640 1 -- 172.21.15.62:0/3381571954 --> [v2:172.21.15.62:3300/0,v1:172.21.15.62:6789/0] -- mon_subscribe({config=0+,monmap=0+}) v3 -- 0x7f2988009450 con 0x7f298c075bc0
2024-07-03T13:49:55.005 INFO:teuthology.orchestra.run.smithi062.stdout:/usr/bin/ceph: stderr
2024-07-03T13:49:53.836+0000 7f2991244640 1 --2- 172.21.15.62:0/3381571954 >> [v2:172.21.15.62:3300/0,v1:172.21.15.62:6789/0] conn(0x7f298c075bc0 0x7f298c112df0 secure :-1 s=READY pgs=52 cs=0 l=1 rev1=1 crypto rx=0x7f29880317f0 tx=0x7f298802c040 comp rx=0 tx=0).ready entity=mon.0 client_cookie=0 server_cookie=0 in_seq=0 out_seq=0
2024-07-03T13:49:55.005 INFO:teuthology.orchestra.run.smithi062.stdout:/usr/bin/ceph: stderr
2024-07-03T13:49:53.836+0000 7f297dffb640 1 -- 172.21.15.62:0/3381571954 <== mon.0 v2:172.21.15.62:3300/0 1 ==== mon_map magic: 0 v1 ==== 229+0+0 (secure 0 0 0) 0x7f2988032900 con 0x7f298c075bc0
2024-07-03T13:49:55.005 INFO:teuthology.orchestra.run.smithi062.stdout:/usr/bin/ceph: stderr
2024-07-03T13:49:53.836+0000 7f297dffb640 1 -- 172.21.15.62:0/3381571954 <== mon.0 v2:172.21.15.62:3300/0 2 ==== config(27 keys) v1 ==== 1109+0+0 (secure 0 0 0) 0x7f298803b910 con 0x7f298c075bc0
2024-07-03T13:49:55.005 INFO:teuthology.orchestra.run.smithi062.stdout:/usr/bin/ceph: stderr
2024-07-03T13:49:53.836+0000 7f29934a8640 1 -- 172.21.15.62:0/3381571954 --> [v2:172.21.15.62:3300/0,v1:172.21.15.62:6789/0] -- mon_subscribe({mgrmap=0+}) v3 -- 0x7f298c113530 con 0x7f298c075bc0
2024-07-03T13:49:55.006 INFO:teuthology.orchestra.run.smithi062.stdout:/usr/bin/ceph: stderr
2024-07-03T13:49:53.837+0000 7f297dffb640 1 -- 172.21.15.62:0/3381571954 <== mon.0 v2:172.21.15.62:3300/0 3 ==== mon_map magic: 0 v1 ==== 229+0+0 (secure 0 0 0) 0x7f298803a960 con 0x7f298c075bc0
2024-07-03T13:49:55.006 INFO:teuthology.orchestra.run.smithi062.stdout:/usr/bin/ceph: stderr
2024-07-03T13:49:53.837+0000 7f29934a8640 1 -- 172.21.15.62:0/3381571954 --> [v2:172.21.15.62:3300/0,v1:172.21.15.62:6789/0] -- mon_subscribe({osdmap=0}) v3 -- 0x7f298c113f80 con 0x7f298c075bc0
2024-07-03T13:49:55.006 INFO:teuthology.orchestra.run.smithi062.stdout:/usr/bin/ceph: stderr
2024-07-03T13:49:53.838+0000 7f297dffb640 1 -- 172.21.15.62:0/3381571954 <== mon.0 v2:172.21.15.62:3300/0 4 ==== mgrmap(e 8) v1 ==== 42636+0+0 (secure 0 0 0) 0x7f2988039070 con 0x7f298c075bc0
2024-07-03T13:49:55.006 INFO:teuthology.orchestra.run.smithi062.stdout:/usr/bin/ceph: stderr
2024-07-03T13:49:53.838+0000 7f29934a8640 1 -- 172.21.15.62:0/3381571954 --> [v2:172.21.15.62:3300/0,v1:172.21.15.62:6789/0] -- mon_command({"prefix": "get_command_descriptions"} v 0) v1 -- 0x7f298c05eb80 con 0x7f298c075bc0
2024-07-03T13:49:55.006 INFO:teuthology.orchestra.run.smithi062.stdout:/usr/bin/ceph: stderr
2024-07-03T13:49:53.838+0000 7f297dffb640 1 --2- 172.21.15.62:0/3381571954 >> [v2:172.21.15.62:6800/3647161739,v1:172.21.15.62:6801/3647161739] conn(0x7f2978035780 0x7f2978037c30 unknown :-1 s=NONE pgs=0 cs=0 l=1 rev1=0 crypto rx=0 tx=0 comp rx=0 tx=0).connect
2024-07-03T13:49:55.006 INFO:teuthology.orchestra.run.smithi062.stdout:/usr/bin/ceph: stderr
2024-07-03T13:49:53.838+0000 7f297dffb640 1 -- 172.21.15.62:0/3381571954 <== mon.0 v2:172.21.15.62:3300/0 5 ==== osd_map(2..2 src has 1..2) v4 ==== 936+0+0 (secure 0 0 0) 0x7f29880680a0 con 0x7f298c075bc0
2024-07-03T13:49:55.006 INFO:teuthology.orchestra.run.smithi062.stdout:/usr/bin/ceph: stderr
2024-07-03T13:49:53.838+0000 7f2990a43640 1 --2- 172.21.15.62:0/3381571954 >> [v2:172.21.15.62:6800/3647161739,v1:172.21.15.62:6801/3647161739] conn(0x7f2978035780 0x7f2978037c30 unknown :-1 s=BANNER_CONNECTING pgs=0 cs=0 l=1 rev1=0 crypto rx=0 tx=0 comp rx=0 tx=0)._handle_peer_banner_payload supported=3 required=0
2024-07-03T13:49:55.006 INFO:teuthology.orchestra.run.smithi062.stdout:/usr/bin/ceph: stderr
2024-07-03T13:49:53.839+0000 7f2990a43640 1 --2- 172.21.15.62:0/3381571954 >> [v2:172.21.15.62:6800/3647161739,v1:172.21.15.62:6801/3647161739] conn(0x7f2978035780 0x7f2978037c30 secure :-1 s=READY pgs=16 cs=0 l=1 rev1=1 crypto rx=0x7f2980006fd0 tx=0x7f2980006db0 comp rx=0 tx=0).ready entity=mgr.14118 client_cookie=0 server_cookie=0 in_seq=0 out_seq=0
2024-07-03T13:49:55.006 INFO:teuthology.orchestra.run.smithi062.stdout:/usr/bin/ceph: stderr
2024-07-03T13:49:53.843+0000 7f297dffb640 1 -- 172.21.15.62:0/3381571954 <== mon.0 v2:172.21.15.62:3300/0 6 ==== mon_command_ack([{"prefix": "get_command_descriptions"}]=0 v0) v1 ==== 72+0+176702 (secure 0 0 0) 0x7f2988039cf0 con 0x7f298c075bc0
2024-07-03T13:49:55.006 INFO:teuthology.orchestra.run.smithi062.stdout:/usr/bin/ceph: stderr
2024-07-03T13:49:54.028+0000 7f29934a8640 1 -- 172.21.15.62:0/3381571954 --> [v2:172.21.15.62:6800/3647161739,v1:172.21.15.62:6801/3647161739] -- mgr_command(tid 0: {"prefix": "orch apply", "service_type": "prometheus", "target": ["mon-mgr", ""]}) v1 -- 0x7f298c0fd620 con 0x7f2978035780
2024-07-03T13:49:55.006 INFO:teuthology.orchestra.run.smithi062.stdout:/usr/bin/ceph: stderr
2024-07-03T13:49:54.032+0000 7f297dffb640 1 -- 172.21.15.62:0/3381571954 <== mgr.14118 v2:172.21.15.62:6800/3647161739 1 ==== mgr_command_reply(tid 0: 0 ) v1 ==== 8+0+31 (secure 0 0 0) 0x7f298c0fd620 con 0x7f2978035780
2024-07-03T13:49:55.007 INFO:teuthology.orchestra.run.smithi062.stdout:/usr/bin/ceph: stderr
2024-07-03T13:49:54.034+0000 7f29934a8640 1 -- 172.21.15.62:0/3381571954 >> [v2:172.21.15.62:6800/3647161739,v1:172.21.15.62:6801/3647161739] conn(0x7f2978035780 msgr2=0x7f2978037c30 secure :-1 s=STATE_CONNECTION_ESTABLISHED l=1).mark_down
2024-07-03T13:49:55.007 INFO:teuthology.orchestra.run.smithi062.stdout:/usr/bin/ceph: stderr
2024-07-03T13:49:54.034+0000 7f29934a8640 1 --2- 172.21.15.62:0/3381571954 >> [v2:172.21.15.62:6800/3647161739,v1:172.21.15.62:6801/3647161739] conn(0x7f2978035780 0x7f2978037c30 secure :-1 s=READY pgs=16 cs=0 l=1 rev1=1 crypto rx=0x7f2980006fd0 tx=0x7f2980006db0 comp rx=0 tx=0).stop
2024-07-03T13:49:55.007 INFO:teuthology.orchestra.run.smithi062.stdout:/usr/bin/ceph: stderr
2024-07-03T13:49:54.034+0000 7f29934a8640 1 -- 172.21.15.62:0/3381571954 >> [v2:172.21.15.62:3300/0,v1:172.21.15.62:6789/0] conn(0x7f298c075bc0 msgr2=0x7f298c112df0 secure :-1 s=STATE_CONNECTION_ESTABLISHED l=1).mark_down
2024-07-03T13:49:55.007 INFO:teuthology.orchestra.run.smithi062.stdout:/usr/bin/ceph: stderr
2024-07-03T13:49:54.034+0000 7f29934a8640 1 --2- 172.21.15.62:0/3381571954 >> [v2:172.21.15.62:3300/0,v1:172.21.15.62:6789/0] conn(0x7f298c075bc0 0x7f298c112df0 secure :-1 s=READY pgs=52 cs=0 l=1 rev1=1 crypto rx=0x7f29880317f0 tx=0x7f298802c040 comp rx=0 tx=0).stop
2024-07-03T13:49:55.007 INFO:teuthology.orchestra.run.smithi062.stdout:/usr/bin/ceph: stderr
2024-07-03T13:49:54.034+0000 7f29934a8640 1 -- 172.21.15.62:0/3381571954 shutdown_connections
2024-07-03T13:49:55.007 INFO:teuthology.orchestra.run.smithi062.stdout:/usr/bin/ceph: stderr
2024-07-03T13:49:54.034+0000 7f29934a8640 1 --2- 172.21.15.62:0/3381571954 >> [v2:172.21.15.62:6800/3647161739,v1:172.21.15.62:6801/3647161739] conn(0x7f2978035780 0x7f2978037c30 unknown :-1 s=CLOSED pgs=16 cs=0 l=1 rev1=1 crypto rx=0 tx=0 comp rx=0 tx=0).stop
2024-07-03T13:49:55.007 INFO:teuthology.orchestra.run.smithi062.stdout:/usr/bin/ceph: stderr
2024-07-03T13:49:54.034+0000 7f29934a8640 1 --2- 172.21.15.62:0/3381571954 >> [v2:172.21.15.62:3300/0,v1:172.21.15.62:6789/0] conn(0x7f298c075bc0 0x7f298c112df0 unknown :-1 s=CLOSED pgs=52 cs=0 l=1 rev1=1 crypto rx=0 tx=0 comp rx=0 tx=0).stop
2024-07-03T13:49:55.007 INFO:teuthology.orchestra.run.smithi062.stdout:/usr/bin/ceph: stderr
2024-07-03T13:49:54.034+0000 7f29934a8640 1 -- 172.21.15.62:0/3381571954 >> 172.21.15.62:0/3381571954 conn(0x7f298c0fc4c0 msgr2=0x7f298c0fcf10 unknown :-1 s=STATE_NONE l=0).mark_down
2024-07-03T13:49:55.007 INFO:teuthology.orchestra.run.smithi062.stdout:/usr/bin/ceph: stderr
2024-07-03T13:49:54.034+0000 7f29934a8640 1 -- 172.21.15.62:0/3381571954 shutdown_connections
2024-07-03T13:49:55.007 INFO:teuthology.orchestra.run.smithi062.stdout:/usr/bin/ceph: stderr
2024-07-03T13:49:54.034+0000 7f29934a8640 1 -- 172.21.15.62:0/3381571954 wait complete.
2024-07-03T13:49:55.007 INFO:teuthology.orchestra.run.smithi062.stdout:Deploying grafana service with default placement...
2024-07-03T13:49:55.722 INFO:journalctl@ceph.mon.smithi062.smithi062.stdout:Jul 03 13:49:55 smithi062 ceph-mon[29033]: from='client.14146 -' entity='client.admin' cmd=[{"prefix": "orch apply", "service_type": "prometheus", "target": ["mon-mgr", ""]}]: dispatch
2024-07-03T13:49:55.722 INFO:journalctl@ceph.mon.smithi062.smithi062.stdout:Jul 03 13:49:55 smithi062 ceph-mon[29033]: Saving service prometheus spec with placement count:1
2024-07-03T13:49:55.722 INFO:journalctl@ceph.mon.smithi062.smithi062.stdout:Jul 03 13:49:55 smithi062 ceph-mon[29033]: from='mgr.14118 172.21.15.62:0/439655163' entity='mgr.smithi062.tyckxe'
2024-07-03T13:49:55.722 INFO:journalctl@ceph.mon.smithi062.smithi062.stdout:Jul 03 13:49:55 smithi062 ceph-mon[29033]: from='mgr.14118 172.21.15.62:0/439655163' entity='mgr.smithi062.tyckxe'
2024-07-03T13:49:55.723 INFO:journalctl@ceph.mon.smithi062.smithi062.stdout:Jul 03 13:49:55 smithi062 ceph-mon[29033]: from='mgr.14118 172.21.15.62:0/439655163' entity='mgr.smithi062.tyckxe'
2024-07-03T13:49:56.201 INFO:teuthology.orchestra.run.smithi062.stdout:/usr/bin/ceph: stdout Scheduled grafana update...
2024-07-03T13:49:56.201 INFO:teuthology.orchestra.run.smithi062.stdout:/usr/bin/ceph: stderr
2024-07-03T13:49:55.430+0000 7f73b5b7e640 1 Processor -- start
2024-07-03T13:49:56.201 INFO:teuthology.orchestra.run.smithi062.stdout:/usr/bin/ceph: stderr
2024-07-03T13:49:55.430+0000 7f73b5b7e640 1 -- start start
2024-07-03T13:49:56.201 INFO:teuthology.orchestra.run.smithi062.stdout:/usr/bin/ceph: stderr
2024-07-03T13:49:55.430+0000 7f73b5b7e640 1 --2- >> [v2:172.21.15.62:3300/0,v1:172.21.15.62:6789/0] conn(0x7f73b0075b60 0x7f73b0104a50 unknown :-1 s=NONE pgs=0 cs=0 l=0 rev1=0 crypto rx=0 tx=0 comp rx=0 tx=0).connect
2024-07-03T13:49:56.201 INFO:teuthology.orchestra.run.smithi062.stdout:/usr/bin/ceph: stderr
2024-07-03T13:49:55.430+0000 7f73b5b7e640 1 -- --> [v2:172.21.15.62:3300/0,v1:172.21.15.62:6789/0] -- mon_getmap magic: 0 v1 -- 0x7f73b0075f70 con 0x7f73b0075b60
2024-07-03T13:49:56.201 INFO:teuthology.orchestra.run.smithi062.stdout:/usr/bin/ceph: stderr
2024-07-03T13:49:55.430+0000 7f73af7fe640 1 --2- >> [v2:172.21.15.62:3300/0,v1:172.21.15.62:6789/0] conn(0x7f73b0075b60 0x7f73b0104a50 unknown :-1 s=BANNER_CONNECTING pgs=0 cs=0 l=0 rev1=0 crypto rx=0 tx=0 comp rx=0 tx=0)._handle_peer_banner_payload supported=3 required=0
2024-07-03T13:49:56.202 INFO:teuthology.orchestra.run.smithi062.stdout:/usr/bin/ceph: stderr
2024-07-03T13:49:55.430+0000 7f73af7fe640 1 --2- >> [v2:172.21.15.62:3300/0,v1:172.21.15.62:6789/0] conn(0x7f73b0075b60 0x7f73b0104a50 unknown :-1 s=HELLO_CONNECTING pgs=0 cs=0 l=0 rev1=1 crypto rx=0 tx=0 comp rx=0 tx=0).handle_hello peer v2:172.21.15.62:3300/0 says I am v2:172.21.15.62:58596/0 (socket says 172.21.15.62:58596)
2024-07-03T13:49:56.202 INFO:teuthology.orchestra.run.smithi062.stdout:/usr/bin/ceph: stderr
2024-07-03T13:49:55.430+0000 7f73af7fe640 1 -- 172.21.15.62:0/1298408671 learned_addr learned my addr 172.21.15.62:0/1298408671 (peer_addr_for_me v2:172.21.15.62:0/0)
2024-07-03T13:49:56.202 INFO:teuthology.orchestra.run.smithi062.stdout:/usr/bin/ceph: stderr
2024-07-03T13:49:55.431+0000 7f73af7fe640 1 -- 172.21.15.62:0/1298408671 --> [v2:172.21.15.62:3300/0,v1:172.21.15.62:6789/0] -- mon_subscribe({config=0+,monmap=0+}) v3 -- 0x7f73b0104f90 con 0x7f73b0075b60
2024-07-03T13:49:56.202 INFO:teuthology.orchestra.run.smithi062.stdout:/usr/bin/ceph: stderr
2024-07-03T13:49:55.432+0000 7f73af7fe640 1 --2- 172.21.15.62:0/1298408671 >> [v2:172.21.15.62:3300/0,v1:172.21.15.62:6789/0] conn(0x7f73b0075b60 0x7f73b0104a50 secure :-1 s=READY pgs=53 cs=0 l=1 rev1=1 crypto rx=0x7f73a0009840 tx=0x7f73a00091d0 comp rx=0 tx=0).ready entity=mon.0 client_cookie=366c2d8e9695d1d0 server_cookie=0 in_seq=0 out_seq=0
2024-07-03T13:49:56.202 INFO:teuthology.orchestra.run.smithi062.stdout:/usr/bin/ceph: stderr
2024-07-03T13:49:55.432+0000 7f73ae7fc640 1 -- 172.21.15.62:0/1298408671 <== mon.0 v2:172.21.15.62:3300/0 1 ==== mon_map magic: 0 v1 ==== 229+0+0 (secure 0 0 0) 0x7f73a0032440 con 0x7f73b0075b60
2024-07-03T13:49:56.202 INFO:teuthology.orchestra.run.smithi062.stdout:/usr/bin/ceph: stderr
2024-07-03T13:49:55.432+0000 7f73ae7fc640 1 -- 172.21.15.62:0/1298408671 <== mon.0 v2:172.21.15.62:3300/0 2 ==== config(27 keys) v1 ==== 1109+0+0 (secure 0 0 0) 0x7f73a0032a70 con 0x7f73b0075b60
2024-07-03T13:49:56.202 INFO:teuthology.orchestra.run.smithi062.stdout:/usr/bin/ceph: stderr
2024-07-03T13:49:55.432+0000 7f73ae7fc640 1 -- 172.21.15.62:0/1298408671 <== mon.0 v2:172.21.15.62:3300/0 3 ==== mon_map magic: 0 v1 ==== 229+0+0 (secure 0 0 0) 0x7f73a0031ad0 con 0x7f73b0075b60
2024-07-03T13:49:56.202 INFO:teuthology.orchestra.run.smithi062.stdout:/usr/bin/ceph: stderr
2024-07-03T13:49:55.433+0000 7f73b5b7e640 1 -- 172.21.15.62:0/1298408671 >> [v2:172.21.15.62:3300/0,v1:172.21.15.62:6789/0] conn(0x7f73b0075b60 msgr2=0x7f73b0104a50 secure :-1 s=STATE_CONNECTION_ESTABLISHED l=1).mark_down
2024-07-03T13:49:56.202 INFO:teuthology.orchestra.run.smithi062.stdout:/usr/bin/ceph: stderr
2024-07-03T13:49:55.433+0000 7f73b5b7e640 1 --2- 172.21.15.62:0/1298408671 >> [v2:172.21.15.62:3300/0,v1:172.21.15.62:6789/0] conn(0x7f73b0075b60 0x7f73b0104a50 secure :-1 s=READY pgs=53 cs=0 l=1 rev1=1 crypto rx=0x7f73a0009840 tx=0x7f73a00091d0 comp rx=0 tx=0).stop
2024-07-03T13:49:56.202 INFO:teuthology.orchestra.run.smithi062.stdout:/usr/bin/ceph: stderr
2024-07-03T13:49:55.433+0000 7f73b5b7e640 1 -- 172.21.15.62:0/1298408671 shutdown_connections
2024-07-03T13:49:56.202 INFO:teuthology.orchestra.run.smithi062.stdout:/usr/bin/ceph: stderr
2024-07-03T13:49:55.433+0000 7f73b5b7e640 1 --2- 172.21.15.62:0/1298408671 >> [v2:172.21.15.62:3300/0,v1:172.21.15.62:6789/0] conn(0x7f73b0075b60 0x7f73b0104a50 unknown :-1 s=CLOSED pgs=53 cs=0 l=1 rev1=1 crypto rx=0 tx=0 comp rx=0 tx=0).stop
2024-07-03T13:49:56.202 INFO:teuthology.orchestra.run.smithi062.stdout:/usr/bin/ceph: stderr
2024-07-03T13:49:55.433+0000 7f73b5b7e640 1 -- 172.21.15.62:0/1298408671 >> 172.21.15.62:0/1298408671 conn(0x7f73b00fc560 msgr2=0x7f73b00fe970 unknown :-1 s=STATE_NONE l=0).mark_down
2024-07-03T13:49:56.202 INFO:teuthology.orchestra.run.smithi062.stdout:/usr/bin/ceph: stderr
2024-07-03T13:49:55.433+0000 7f73b5b7e640 1 -- 172.21.15.62:0/1298408671 shutdown_connections
2024-07-03T13:49:56.203 INFO:teuthology.orchestra.run.smithi062.stdout:/usr/bin/ceph: stderr
2024-07-03T13:49:55.433+0000 7f73b5b7e640 1 -- 172.21.15.62:0/1298408671 wait complete.
2024-07-03T13:49:56.203 INFO:teuthology.orchestra.run.smithi062.stdout:/usr/bin/ceph: stderr
2024-07-03T13:49:55.433+0000 7f73b5b7e640 1 Processor -- start
2024-07-03T13:49:56.203 INFO:teuthology.orchestra.run.smithi062.stdout:/usr/bin/ceph: stderr
2024-07-03T13:49:55.434+0000 7f73b5b7e640 1 -- start start
2024-07-03T13:49:56.203 INFO:teuthology.orchestra.run.smithi062.stdout:/usr/bin/ceph: stderr
2024-07-03T13:49:55.434+0000 7f73b5b7e640 1 --2- >> [v2:172.21.15.62:3300/0,v1:172.21.15.62:6789/0] conn(0x7f73b0075b60 0x7f73b0110b80 unknown :-1 s=NONE pgs=0 cs=0 l=1 rev1=0 crypto rx=0 tx=0 comp rx=0 tx=0).connect
2024-07-03T13:49:56.203 INFO:teuthology.orchestra.run.smithi062.stdout:/usr/bin/ceph: stderr
2024-07-03T13:49:55.434+0000 7f73b5b7e640 1 -- --> [v2:172.21.15.62:3300/0,v1:172.21.15.62:6789/0] -- mon_getmap magic: 0 v1 -- 0x7f73b01110c0 con 0x7f73b0075b60
2024-07-03T13:49:56.203 INFO:teuthology.orchestra.run.smithi062.stdout:/usr/bin/ceph: stderr
2024-07-03T13:49:55.434+0000 7f73af7fe640 1 --2- >> [v2:172.21.15.62:3300/0,v1:172.21.15.62:6789/0] conn(0x7f73b0075b60 0x7f73b0110b80 unknown :-1 s=BANNER_CONNECTING pgs=0 cs=0 l=1 rev1=0 crypto rx=0 tx=0 comp rx=0 tx=0)._handle_peer_banner_payload supported=3 required=0
2024-07-03T13:49:56.203 INFO:teuthology.orchestra.run.smithi062.stdout:/usr/bin/ceph: stderr
2024-07-03T13:49:55.434+0000 7f73af7fe640 1 --2- >> [v2:172.21.15.62:3300/0,v1:172.21.15.62:6789/0] conn(0x7f73b0075b60 0x7f73b0110b80 unknown :-1 s=HELLO_CONNECTING pgs=0 cs=0 l=1 rev1=1 crypto rx=0 tx=0 comp rx=0 tx=0).handle_hello peer v2:172.21.15.62:3300/0 says I am v2:172.21.15.62:58598/0 (socket says 172.21.15.62:58598)
2024-07-03T13:49:56.203 INFO:teuthology.orchestra.run.smithi062.stdout:/usr/bin/ceph: stderr
2024-07-03T13:49:55.434+0000 7f73af7fe640 1 -- 172.21.15.62:0/3989380509 learned_addr learned my addr 172.21.15.62:0/3989380509 (peer_addr_for_me v2:172.21.15.62:0/0)
2024-07-03T13:49:56.203 INFO:teuthology.orchestra.run.smithi062.stdout:/usr/bin/ceph: stderr
2024-07-03T13:49:55.434+0000 7f73af7fe640 1 -- 172.21.15.62:0/3989380509 --> [v2:172.21.15.62:3300/0,v1:172.21.15.62:6789/0] -- mon_subscribe({config=0+,monmap=0+}) v3 -- 0x7f73a0009450 con 0x7f73b0075b60
2024-07-03T13:49:56.203 INFO:teuthology.orchestra.run.smithi062.stdout:/usr/bin/ceph: stderr
2024-07-03T13:49:55.434+0000 7f73af7fe640 1 --2- 172.21.15.62:0/3989380509 >> [v2:172.21.15.62:3300/0,v1:172.21.15.62:6789/0] conn(0x7f73b0075b60 0x7f73b0110b80 secure :-1 s=READY pgs=54 cs=0 l=1 rev1=1 crypto rx=0x7f73a00098a0 tx=0x7f73a002c040 comp rx=0 tx=0).ready entity=mon.0 client_cookie=0 server_cookie=0 in_seq=0 out_seq=0
2024-07-03T13:49:56.203 INFO:teuthology.orchestra.run.smithi062.stdout:/usr/bin/ceph: stderr
2024-07-03T13:49:55.435+0000 7f7397fff640 1 -- 172.21.15.62:0/3989380509 <== mon.0 v2:172.21.15.62:3300/0 1 ==== mon_map magic: 0 v1 ==== 229+0+0 (secure 0 0 0) 0x7f73a0031e90 con 0x7f73b0075b60
2024-07-03T13:49:56.203 INFO:teuthology.orchestra.run.smithi062.stdout:/usr/bin/ceph: stderr
2024-07-03T13:49:55.435+0000 7f7397fff640 1 -- 172.21.15.62:0/3989380509 <== mon.0 v2:172.21.15.62:3300/0 2 ==== config(27 keys) v1 ==== 1109+0+0 (secure 0 0 0) 0x7f73a003b910 con 0x7f73b0075b60
2024-07-03T13:49:56.203 INFO:teuthology.orchestra.run.smithi062.stdout:/usr/bin/ceph: stderr
2024-07-03T13:49:55.435+0000 7f7397fff640 1 -- 172.21.15.62:0/3989380509 <== mon.0 v2:172.21.15.62:3300/0 3 ==== mon_map magic: 0 v1 ==== 229+0+0 (secure 0 0 0) 0x7f73a003a9b0 con 0x7f73b0075b60
2024-07-03T13:49:56.204 INFO:teuthology.orchestra.run.smithi062.stdout:/usr/bin/ceph: stderr
2024-07-03T13:49:55.435+0000 7f73b5b7e640 1 -- 172.21.15.62:0/3989380509 --> [v2:172.21.15.62:3300/0,v1:172.21.15.62:6789/0] -- mon_subscribe({mgrmap=0+}) v3 -- 0x7f73b01112c0 con 0x7f73b0075b60
2024-07-03T13:49:56.204 INFO:teuthology.orchestra.run.smithi062.stdout:/usr/bin/ceph: stderr
2024-07-03T13:49:55.435+0000 7f73b5b7e640 1 -- 172.21.15.62:0/3989380509 --> [v2:172.21.15.62:3300/0,v1:172.21.15.62:6789/0] -- mon_subscribe({osdmap=0}) v3 -- 0x7f73b0111730 con 0x7f73b0075b60
2024-07-03T13:49:56.204 INFO:teuthology.orchestra.run.smithi062.stdout:/usr/bin/ceph: stderr
2024-07-03T13:49:55.435+0000 7f7397fff640 1 -- 172.21.15.62:0/3989380509 <== mon.0 v2:172.21.15.62:3300/0 4 ==== mgrmap(e 8) v1 ==== 42636+0+0 (secure 0 0 0) 0x7f73a0039070 con 0x7f73b0075b60
2024-07-03T13:49:56.204 INFO:teuthology.orchestra.run.smithi062.stdout:/usr/bin/ceph: stderr
2024-07-03T13:49:55.436+0000 7f7397fff640 1 --2- 172.21.15.62:0/3989380509 >> [v2:172.21.15.62:6800/3647161739,v1:172.21.15.62:6801/3647161739] conn(0x7f73980357d0 0x7f7398037c80 unknown :-1 s=NONE pgs=0 cs=0 l=1 rev1=0 crypto rx=0 tx=0 comp rx=0 tx=0).connect
2024-07-03T13:49:56.204 INFO:teuthology.orchestra.run.smithi062.stdout:/usr/bin/ceph: stderr
2024-07-03T13:49:55.436+0000 7f7397fff640 1 -- 172.21.15.62:0/3989380509 <== mon.0 v2:172.21.15.62:3300/0 5 ==== osd_map(2..2 src has 1..2) v4 ==== 936+0+0 (secure 0 0 0) 0x7f73a0068ec0 con 0x7f73b0075b60
2024-07-03T13:49:56.204 INFO:teuthology.orchestra.run.smithi062.stdout:/usr/bin/ceph: stderr
2024-07-03T13:49:55.436+0000 7f73aeffd640 1 --2- 172.21.15.62:0/3989380509 >> [v2:172.21.15.62:6800/3647161739,v1:172.21.15.62:6801/3647161739] conn(0x7f73980357d0 0x7f7398037c80 unknown :-1 s=BANNER_CONNECTING pgs=0 cs=0 l=1 rev1=0 crypto rx=0 tx=0 comp rx=0 tx=0)._handle_peer_banner_payload supported=3 required=0
2024-07-03T13:49:56.204 INFO:teuthology.orchestra.run.smithi062.stdout:/usr/bin/ceph: stderr
2024-07-03T13:49:55.436+0000 7f73b5b7e640 1 -- 172.21.15.62:0/3989380509 --> [v2:172.21.15.62:3300/0,v1:172.21.15.62:6789/0] -- mon_command({"prefix": "get_command_descriptions"} v 0) v1 -- 0x7f73b005eb80 con 0x7f73b0075b60
2024-07-03T13:49:56.204 INFO:teuthology.orchestra.run.smithi062.stdout:/usr/bin/ceph: stderr
2024-07-03T13:49:55.436+0000 7f73aeffd640 1 --2- 172.21.15.62:0/3989380509 >> [v2:172.21.15.62:6800/3647161739,v1:172.21.15.62:6801/3647161739] conn(0x7f73980357d0 0x7f7398037c80 secure :-1 s=READY pgs=17 cs=0 l=1 rev1=1 crypto rx=0x7f73a4006fd0 tx=0x7f73a4006db0 comp rx=0 tx=0).ready entity=mgr.14118 client_cookie=0 server_cookie=0 in_seq=0 out_seq=0
2024-07-03T13:49:56.204 INFO:teuthology.orchestra.run.smithi062.stdout:/usr/bin/ceph: stderr
2024-07-03T13:49:55.441+0000 7f7397fff640 1 -- 172.21.15.62:0/3989380509 <== mon.0 v2:172.21.15.62:3300/0 6 ==== mon_command_ack([{"prefix": "get_command_descriptions"}]=0 v0) v1 ==== 72+0+176702 (secure 0 0 0) 0x7f73a003f080 con 0x7f73b0075b60
2024-07-03T13:49:56.204 INFO:teuthology.orchestra.run.smithi062.stdout:/usr/bin/ceph: stderr
2024-07-03T13:49:55.628+0000 7f73b5b7e640 1 -- 172.21.15.62:0/3989380509 --> [v2:172.21.15.62:6800/3647161739,v1:172.21.15.62:6801/3647161739] -- mgr_command(tid 0: {"prefix": "orch apply", "service_type": "grafana", "target": ["mon-mgr", ""]}) v1 -- 0x7f73b00fd820 con 0x7f73980357d0
2024-07-03T13:49:56.204 INFO:teuthology.orchestra.run.smithi062.stdout:/usr/bin/ceph: stderr
2024-07-03T13:49:55.632+0000 7f7397fff640 1 -- 172.21.15.62:0/3989380509 <== mgr.14118 v2:172.21.15.62:6800/3647161739 1 ==== mgr_command_reply(tid 0: 0 ) v1 ==== 8+0+28 (secure 0 0 0) 0x7f73b00fd820 con 0x7f73980357d0
2024-07-03T13:49:56.204 INFO:teuthology.orchestra.run.smithi062.stdout:/usr/bin/ceph: stderr
2024-07-03T13:49:55.634+0000 7f73b5b7e640 1 -- 172.21.15.62:0/3989380509 >> [v2:172.21.15.62:6800/3647161739,v1:172.21.15.62:6801/3647161739] conn(0x7f73980357d0 msgr2=0x7f7398037c80 secure :-1 s=STATE_CONNECTION_ESTABLISHED l=1).mark_down
2024-07-03T13:49:56.204 INFO:teuthology.orchestra.run.smithi062.stdout:/usr/bin/ceph: stderr
2024-07-03T13:49:55.634+0000 7f73b5b7e640 1 --2- 172.21.15.62:0/3989380509 >> [v2:172.21.15.62:6800/3647161739,v1:172.21.15.62:6801/3647161739] conn(0x7f73980357d0 0x7f7398037c80 secure :-1 s=READY pgs=17 cs=0 l=1 rev1=1 crypto rx=0x7f73a4006fd0 tx=0x7f73a4006db0 comp rx=0 tx=0).stop
2024-07-03T13:49:56.205 INFO:teuthology.orchestra.run.smithi062.stdout:/usr/bin/ceph: stderr
2024-07-03T13:49:55.634+0000 7f73b5b7e640 1 -- 172.21.15.62:0/3989380509 >> [v2:172.21.15.62:3300/0,v1:172.21.15.62:6789/0] conn(0x7f73b0075b60 msgr2=0x7f73b0110b80 secure :-1 s=STATE_CONNECTION_ESTABLISHED l=1).mark_down
2024-07-03T13:49:56.205 INFO:teuthology.orchestra.run.smithi062.stdout:/usr/bin/ceph: stderr
2024-07-03T13:49:55.634+0000 7f73b5b7e640 1 --2- 172.21.15.62:0/3989380509 >> [v2:172.21.15.62:3300/0,v1:172.21.15.62:6789/0] conn(0x7f73b0075b60 0x7f73b0110b80 secure :-1 s=READY pgs=54 cs=0 l=1 rev1=1 crypto rx=0x7f73a00098a0 tx=0x7f73a002c040 comp rx=0 tx=0).stop
2024-07-03T13:49:56.205 INFO:teuthology.orchestra.run.smithi062.stdout:/usr/bin/ceph: stderr
2024-07-03T13:49:55.634+0000 7f73b5b7e640 1 -- 172.21.15.62:0/3989380509 shutdown_connections
2024-07-03T13:49:56.205 INFO:teuthology.orchestra.run.smithi062.stdout:/usr/bin/ceph: stderr
2024-07-03T13:49:55.634+0000 7f73b5b7e640 1 --2- 172.21.15.62:0/3989380509 >> [v2:172.21.15.62:6800/3647161739,v1:172.21.15.62:6801/3647161739] conn(0x7f73980357d0 0x7f7398037c80 unknown :-1 s=CLOSED pgs=17 cs=0 l=1 rev1=1 crypto rx=0 tx=0 comp rx=0 tx=0).stop
2024-07-03T13:49:56.205 INFO:teuthology.orchestra.run.smithi062.stdout:/usr/bin/ceph: stderr
2024-07-03T13:49:55.634+0000 7f73b5b7e640 1 --2- 172.21.15.62:0/3989380509 >> [v2:172.21.15.62:3300/0,v1:172.21.15.62:6789/0] conn(0x7f73b0075b60 0x7f73b0110b80 unknown :-1 s=CLOSED pgs=54 cs=0 l=1 rev1=1 crypto rx=0 tx=0 comp rx=0 tx=0).stop
2024-07-03T13:49:56.205 INFO:teuthology.orchestra.run.smithi062.stdout:/usr/bin/ceph: stderr
2024-07-03T13:49:55.634+0000 7f73b5b7e640 1 -- 172.21.15.62:0/3989380509 >> 172.21.15.62:0/3989380509 conn(0x7f73b00fc560 msgr2=0x7f73b00fd110 unknown :-1 s=STATE_NONE l=0).mark_down
2024-07-03T13:49:56.205 INFO:teuthology.orchestra.run.smithi062.stdout:/usr/bin/ceph: stderr
2024-07-03T13:49:55.635+0000 7f73b5b7e640 1 -- 172.21.15.62:0/3989380509 shutdown_connections
2024-07-03T13:49:56.205 INFO:teuthology.orchestra.run.smithi062.stdout:/usr/bin/ceph: stderr
2024-07-03T13:49:55.635+0000 7f73b5b7e640 1 -- 172.21.15.62:0/3989380509 wait complete.
2024-07-03T13:49:56.205 INFO:teuthology.orchestra.run.smithi062.stdout:Deploying node-exporter service with default placement...
2024-07-03T13:49:56.892 INFO:journalctl@ceph.mon.smithi062.smithi062.stdout:Jul 03 13:49:56 smithi062 ceph-mon[29033]: from='client.14148 -' entity='client.admin' cmd=[{"prefix": "orch apply", "service_type": "grafana", "target": ["mon-mgr", ""]}]: dispatch
2024-07-03T13:49:56.893 INFO:journalctl@ceph.mon.smithi062.smithi062.stdout:Jul 03 13:49:56 smithi062 ceph-mon[29033]: Saving service grafana spec with placement count:1
2024-07-03T13:49:57.443 INFO:teuthology.orchestra.run.smithi062.stdout:/usr/bin/ceph: stdout Scheduled node-exporter update...
2024-07-03T13:49:57.461 INFO:teuthology.orchestra.run.smithi062.stdout:/usr/bin/ceph: stderr
2024-07-03T13:49:56.575+0000 7f777c555640 1 Processor -- start
2024-07-03T13:49:57.461 INFO:teuthology.orchestra.run.smithi062.stdout:/usr/bin/ceph: stderr
2024-07-03T13:49:56.575+0000 7f777c555640 1 -- start start
2024-07-03T13:49:57.461 INFO:teuthology.orchestra.run.smithi062.stdout:/usr/bin/ceph: stderr
2024-07-03T13:49:56.575+0000 7f777c555640 1 --2- >> [v2:172.21.15.62:3300/0,v1:172.21.15.62:6789/0] conn(0x7f7774101e80 0x7f7774102290 unknown :-1 s=NONE pgs=0 cs=0 l=0 rev1=0 crypto rx=0 tx=0 comp rx=0 tx=0).connect
2024-07-03T13:49:57.461 INFO:teuthology.orchestra.run.smithi062.stdout:/usr/bin/ceph: stderr
2024-07-03T13:49:56.575+0000 7f777c555640 1 -- --> [v2:172.21.15.62:3300/0,v1:172.21.15.62:6789/0] -- mon_getmap magic: 0 v1 -- 0x7f77741027d0 con 0x7f7774101e80
2024-07-03T13:49:57.461 INFO:teuthology.orchestra.run.smithi062.stdout:/usr/bin/ceph: stderr
2024-07-03T13:49:56.575+0000 7f777a2f1640 1 --2- >> [v2:172.21.15.62:3300/0,v1:172.21.15.62:6789/0] conn(0x7f7774101e80 0x7f7774102290 unknown :-1 s=BANNER_CONNECTING pgs=0 cs=0 l=0 rev1=0 crypto rx=0 tx=0 comp rx=0 tx=0)._handle_peer_banner_payload supported=3 required=0
2024-07-03T13:49:57.461 INFO:teuthology.orchestra.run.smithi062.stdout:/usr/bin/ceph: stderr
2024-07-03T13:49:56.575+0000 7f777a2f1640 1 --2- >> [v2:172.21.15.62:3300/0,v1:172.21.15.62:6789/0] conn(0x7f7774101e80 0x7f7774102290 unknown :-1 s=HELLO_CONNECTING pgs=0 cs=0 l=0 rev1=1 crypto rx=0 tx=0 comp rx=0 tx=0).handle_hello peer v2:172.21.15.62:3300/0 says I am v2:172.21.15.62:58614/0 (socket says 172.21.15.62:58614)
2024-07-03T13:49:57.461 INFO:teuthology.orchestra.run.smithi062.stdout:/usr/bin/ceph: stderr
2024-07-03T13:49:56.575+0000 7f777a2f1640 1 -- 172.21.15.62:0/698887395 learned_addr learned my addr 172.21.15.62:0/698887395 (peer_addr_for_me v2:172.21.15.62:0/0)
2024-07-03T13:49:57.461 INFO:teuthology.orchestra.run.smithi062.stdout:/usr/bin/ceph: stderr
2024-07-03T13:49:56.576+0000 7f777a2f1640 1 -- 172.21.15.62:0/698887395 --> [v2:172.21.15.62:3300/0,v1:172.21.15.62:6789/0] -- mon_subscribe({config=0+,monmap=0+}) v3 -- 0x7f7774102910 con 0x7f7774101e80
2024-07-03T13:49:57.461 INFO:teuthology.orchestra.run.smithi062.stdout:/usr/bin/ceph: stderr
2024-07-03T13:49:56.577+0000 7f777a2f1640 1 --2- 172.21.15.62:0/698887395 >> [v2:172.21.15.62:3300/0,v1:172.21.15.62:6789/0] conn(0x7f7774101e80 0x7f7774102290 secure :-1 s=READY pgs=55 cs=0 l=1 rev1=1 crypto rx=0x7f7770009840 tx=0x7f77700091d0 comp rx=0 tx=0).ready entity=mon.0 client_cookie=b64521ac9039c984 server_cookie=0 in_seq=0 out_seq=0
2024-07-03T13:49:57.461 INFO:teuthology.orchestra.run.smithi062.stdout:/usr/bin/ceph: stderr
2024-07-03T13:49:56.577+0000 7f77792ef640 1 -- 172.21.15.62:0/698887395 <== mon.0 v2:172.21.15.62:3300/0 1 ==== mon_map magic: 0 v1 ==== 229+0+0 (secure 0 0 0) 0x7f7770032440 con 0x7f7774101e80
2024-07-03T13:49:57.461 INFO:teuthology.orchestra.run.smithi062.stdout:/usr/bin/ceph: stderr
2024-07-03T13:49:56.577+0000 7f77792ef640 1 -- 172.21.15.62:0/698887395 <== mon.0 v2:172.21.15.62:3300/0 2 ==== config(27 keys) v1 ==== 1109+0+0 (secure 0 0 0) 0x7f7770032a70 con 0x7f7774101e80
2024-07-03T13:49:57.462 INFO:teuthology.orchestra.run.smithi062.stdout:/usr/bin/ceph: stderr
2024-07-03T13:49:56.577+0000 7f77792ef640 1 -- 172.21.15.62:0/698887395 <== mon.0 v2:172.21.15.62:3300/0 3 ==== mon_map magic: 0 v1 ==== 229+0+0 (secure 0 0 0) 0x7f7770031ad0 con 0x7f7774101e80
2024-07-03T13:49:57.462 INFO:teuthology.orchestra.run.smithi062.stdout:/usr/bin/ceph: stderr
2024-07-03T13:49:56.577+0000 7f777c555640 1 -- 172.21.15.62:0/698887395 >> [v2:172.21.15.62:3300/0,v1:172.21.15.62:6789/0] conn(0x7f7774101e80 msgr2=0x7f7774102290 secure :-1 s=STATE_CONNECTION_ESTABLISHED l=1).mark_down
2024-07-03T13:49:57.462 INFO:teuthology.orchestra.run.smithi062.stdout:/usr/bin/ceph: stderr
2024-07-03T13:49:56.577+0000 7f777c555640 1 --2- 172.21.15.62:0/698887395 >> [v2:172.21.15.62:3300/0,v1:172.21.15.62:6789/0] conn(0x7f7774101e80 0x7f7774102290 secure :-1 s=READY pgs=55 cs=0 l=1 rev1=1 crypto rx=0x7f7770009840 tx=0x7f77700091d0 comp rx=0 tx=0).stop
2024-07-03T13:49:57.462 INFO:teuthology.orchestra.run.smithi062.stdout:/usr/bin/ceph: stderr
2024-07-03T13:49:56.578+0000 7f777c555640 1 -- 172.21.15.62:0/698887395 shutdown_connections
2024-07-03T13:49:57.462 INFO:teuthology.orchestra.run.smithi062.stdout:/usr/bin/ceph: stderr
2024-07-03T13:49:56.578+0000 7f777c555640 1 --2- 172.21.15.62:0/698887395 >> [v2:172.21.15.62:3300/0,v1:172.21.15.62:6789/0] conn(0x7f7774101e80 0x7f7774102290 unknown :-1 s=CLOSED pgs=55 cs=0 l=1 rev1=1 crypto rx=0 tx=0 comp rx=0 tx=0).stop
2024-07-03T13:49:57.462 INFO:teuthology.orchestra.run.smithi062.stdout:/usr/bin/ceph: stderr
2024-07-03T13:49:56.578+0000 7f777c555640 1 -- 172.21.15.62:0/698887395 >> 172.21.15.62:0/698887395 conn(0x7f77740fd5e0 msgr2=0x7f77740ff9f0 unknown :-1 s=STATE_NONE l=0).mark_down
2024-07-03T13:49:57.462 INFO:teuthology.orchestra.run.smithi062.stdout:/usr/bin/ceph: stderr
2024-07-03T13:49:56.578+0000 7f777c555640 1 -- 172.21.15.62:0/698887395 shutdown_connections
2024-07-03T13:49:57.462 INFO:teuthology.orchestra.run.smithi062.stdout:/usr/bin/ceph: stderr
2024-07-03T13:49:56.578+0000 7f777c555640 1 -- 172.21.15.62:0/698887395 wait complete.
2024-07-03T13:49:57.462 INFO:teuthology.orchestra.run.smithi062.stdout:/usr/bin/ceph: stderr
2024-07-03T13:49:56.578+0000 7f777c555640 1 Processor -- start
2024-07-03T13:49:57.462 INFO:teuthology.orchestra.run.smithi062.stdout:/usr/bin/ceph: stderr
2024-07-03T13:49:56.578+0000 7f777c555640 1 -- start start
2024-07-03T13:49:57.462 INFO:teuthology.orchestra.run.smithi062.stdout:/usr/bin/ceph: stderr
2024-07-03T13:49:56.578+0000 7f777c555640 1 --2- >> [v2:172.21.15.62:3300/0,v1:172.21.15.62:6789/0] conn(0x7f7774101e80 0x7f7774077c20 unknown :-1 s=NONE pgs=0 cs=0 l=1 rev1=0 crypto rx=0 tx=0 comp rx=0 tx=0).connect
2024-07-03T13:49:57.462 INFO:teuthology.orchestra.run.smithi062.stdout:/usr/bin/ceph: stderr
2024-07-03T13:49:56.578+0000 7f777c555640 1 -- --> [v2:172.21.15.62:3300/0,v1:172.21.15.62:6789/0] -- mon_getmap magic: 0 v1 -- 0x7f7774078160 con 0x7f7774101e80
2024-07-03T13:49:57.463 INFO:teuthology.orchestra.run.smithi062.stdout:/usr/bin/ceph: stderr
2024-07-03T13:49:56.579+0000 7f777a2f1640 1 --2- >> [v2:172.21.15.62:3300/0,v1:172.21.15.62:6789/0] conn(0x7f7774101e80 0x7f7774077c20 unknown :-1 s=BANNER_CONNECTING pgs=0 cs=0 l=1 rev1=0 crypto rx=0 tx=0 comp rx=0 tx=0)._handle_peer_banner_payload supported=3 required=0
2024-07-03T13:49:57.463 INFO:teuthology.orchestra.run.smithi062.stdout:/usr/bin/ceph: stderr
2024-07-03T13:49:56.579+0000 7f777a2f1640 1 --2- >> [v2:172.21.15.62:3300/0,v1:172.21.15.62:6789/0] conn(0x7f7774101e80 0x7f7774077c20 unknown :-1 s=HELLO_CONNECTING pgs=0 cs=0 l=1 rev1=1 crypto rx=0 tx=0 comp rx=0 tx=0).handle_hello peer v2:172.21.15.62:3300/0 says I am v2:172.21.15.62:58622/0 (socket says 172.21.15.62:58622)
2024-07-03T13:49:57.463 INFO:teuthology.orchestra.run.smithi062.stdout:/usr/bin/ceph: stderr
