2024-07-03T13:49:37.502+0000 7f02d3fff640 1 --2- 172.21.15.62:0/2900990073 >> [v2:172.21.15.62:3300/0,v1:172.21.15.62:6789/0] conn(0x7f02d4101e00 0x7f02d4110a90 secure :-1 s=READY pgs=32 cs=0 l=1 rev1=1 crypto rx=0x7f02c40317b0 tx=0x7f02c4008040 comp rx=0 tx=0).ready entity=mon.0 client_cookie=0 server_cookie=0 in_seq=0 out_seq=0
2024-07-03T13:49:38.267 INFO:teuthology.orchestra.run.smithi062.stdout:/usr/bin/ceph: stderr
2024-07-03T13:49:37.502+0000 7f02d0ff9640 1 -- 172.21.15.62:0/2900990073 <== mon.0 v2:172.21.15.62:3300/0 1 ==== mon_map magic: 0 v1 ==== 229+0+0 (secure 0 0 0) 0x7f02c4031e90 con 0x7f02d4101e00
2024-07-03T13:49:38.267 INFO:teuthology.orchestra.run.smithi062.stdout:/usr/bin/ceph: stderr
2024-07-03T13:49:37.502+0000 7f02d0ff9640 1 -- 172.21.15.62:0/2900990073 <== mon.0 v2:172.21.15.62:3300/0 2 ==== config(27 keys) v1 ==== 1044+0+0 (secure 0 0 0) 0x7f02c403daf0 con 0x7f02d4101e00
2024-07-03T13:49:38.267 INFO:teuthology.orchestra.run.smithi062.stdout:/usr/bin/ceph: stderr
2024-07-03T13:49:37.502+0000 7f02da990640 1 -- 172.21.15.62:0/2900990073 --> [v2:172.21.15.62:3300/0,v1:172.21.15.62:6789/0] -- mon_subscribe({mgrmap=0+}) v3 -- 0x7f02d41111d0 con 0x7f02d4101e00
2024-07-03T13:49:38.268 INFO:teuthology.orchestra.run.smithi062.stdout:/usr/bin/ceph: stderr
2024-07-03T13:49:37.502+0000 7f02d0ff9640 1 -- 172.21.15.62:0/2900990073 <== mon.0 v2:172.21.15.62:3300/0 3 ==== mon_map magic: 0 v1 ==== 229+0+0 (secure 0 0 0) 0x7f02c403baa0 con 0x7f02d4101e00
2024-07-03T13:49:38.268 INFO:teuthology.orchestra.run.smithi062.stdout:/usr/bin/ceph: stderr
2024-07-03T13:49:37.502+0000 7f02da990640 1 -- 172.21.15.62:0/2900990073 --> [v2:172.21.15.62:3300/0,v1:172.21.15.62:6789/0] -- mon_subscribe({osdmap=0}) v3 -- 0x7f02d4111640 con 0x7f02d4101e00
2024-07-03T13:49:38.268 INFO:teuthology.orchestra.run.smithi062.stdout:/usr/bin/ceph: stderr
2024-07-03T13:49:37.503+0000 7f02d0ff9640 1 -- 172.21.15.62:0/2900990073 <== mon.0 v2:172.21.15.62:3300/0 4 ==== mgrmap(e 7) v1 ==== 42530+0+0 (secure 0 0 0) 0x7f02c4039070 con 0x7f02d4101e00
2024-07-03T13:49:38.268 INFO:teuthology.orchestra.run.smithi062.stdout:/usr/bin/ceph: stderr
2024-07-03T13:49:37.503+0000 7f02da990640 1 -- 172.21.15.62:0/2900990073 --> [v2:172.21.15.62:3300/0,v1:172.21.15.62:6789/0] -- mon_command({"prefix": "get_command_descriptions"} v 0) v1 -- 0x7f02d404b530 con 0x7f02d4101e00
2024-07-03T13:49:38.268 INFO:teuthology.orchestra.run.smithi062.stdout:/usr/bin/ceph: stderr
2024-07-03T13:49:37.503+0000 7f02d0ff9640 1 --2- 172.21.15.62:0/2900990073 >> [v2:172.21.15.62:6800/3647161739,v1:172.21.15.62:6801/3647161739] conn(0x7f02bc0356a0 0x7f02bc037b50 unknown :-1 s=NONE pgs=0 cs=0 l=1 rev1=0 crypto rx=0 tx=0 comp rx=0 tx=0).connect
2024-07-03T13:49:38.268 INFO:teuthology.orchestra.run.smithi062.stdout:/usr/bin/ceph: stderr
2024-07-03T13:49:37.503+0000 7f02d0ff9640 1 -- 172.21.15.62:0/2900990073 <== mon.0 v2:172.21.15.62:3300/0 5 ==== osd_map(2..2 src has 1..2) v4 ==== 936+0+0 (secure 0 0 0) 0x7f02c4068650 con 0x7f02d4101e00
2024-07-03T13:49:38.268 INFO:teuthology.orchestra.run.smithi062.stdout:/usr/bin/ceph: stderr
2024-07-03T13:49:37.503+0000 7f02d37fe640 1 --2- 172.21.15.62:0/2900990073 >> [v2:172.21.15.62:6800/3647161739,v1:172.21.15.62:6801/3647161739] conn(0x7f02bc0356a0 0x7f02bc037b50 unknown :-1 s=BANNER_CONNECTING pgs=0 cs=0 l=1 rev1=0 crypto rx=0 tx=0 comp rx=0 tx=0)._handle_peer_banner_payload supported=3 required=0
2024-07-03T13:49:38.268 INFO:teuthology.orchestra.run.smithi062.stdout:/usr/bin/ceph: stderr
2024-07-03T13:49:37.504+0000 7f02d37fe640 1 --2- 172.21.15.62:0/2900990073 >> [v2:172.21.15.62:6800/3647161739,v1:172.21.15.62:6801/3647161739] conn(0x7f02bc0356a0 0x7f02bc037b50 secure :-1 s=READY pgs=6 cs=0 l=1 rev1=1 crypto rx=0x7f02c8006fd0 tx=0x7f02c8006db0 comp rx=0 tx=0).ready entity=mgr.14118 client_cookie=0 server_cookie=0 in_seq=0 out_seq=0
2024-07-03T13:49:38.268 INFO:teuthology.orchestra.run.smithi062.stdout:/usr/bin/ceph: stderr
2024-07-03T13:49:37.508+0000 7f02d0ff9640 1 -- 172.21.15.62:0/2900990073 <== mon.0 v2:172.21.15.62:3300/0 6 ==== mon_command_ack([{"prefix": "get_command_descriptions"}]=0 v0) v1 ==== 72+0+176702 (secure 0 0 0) 0x7f02c403ca00 con 0x7f02d4101e00
2024-07-03T13:49:38.268 INFO:teuthology.orchestra.run.smithi062.stdout:/usr/bin/ceph: stderr
2024-07-03T13:49:37.729+0000 7f02da990640 1 -- 172.21.15.62:0/2900990073 --> [v2:172.21.15.62:3300/0,v1:172.21.15.62:6789/0] -- mon_command({"prefix": "mgr stat"} v 0) v1 -- 0x7f02d4103be0 con 0x7f02d4101e00
2024-07-03T13:49:38.268 INFO:teuthology.orchestra.run.smithi062.stdout:/usr/bin/ceph: stderr
2024-07-03T13:49:37.729+0000 7f02d0ff9640 1 -- 172.21.15.62:0/2900990073 <== mon.0 v2:172.21.15.62:3300/0 7 ==== mon_command_ack([{"prefix": "mgr stat"}]=0 v7) v1 ==== 56+0+103 (secure 0 0 0) 0x7f02c4041070 con 0x7f02d4101e00
2024-07-03T13:49:38.268 INFO:teuthology.orchestra.run.smithi062.stdout:/usr/bin/ceph: stderr
2024-07-03T13:49:37.731+0000 7f02da990640 1 -- 172.21.15.62:0/2900990073 >> [v2:172.21.15.62:6800/3647161739,v1:172.21.15.62:6801/3647161739] conn(0x7f02bc0356a0 msgr2=0x7f02bc037b50 secure :-1 s=STATE_CONNECTION_ESTABLISHED l=1).mark_down
2024-07-03T13:49:38.268 INFO:teuthology.orchestra.run.smithi062.stdout:/usr/bin/ceph: stderr
2024-07-03T13:49:37.731+0000 7f02da990640 1 --2- 172.21.15.62:0/2900990073 >> [v2:172.21.15.62:6800/3647161739,v1:172.21.15.62:6801/3647161739] conn(0x7f02bc0356a0 0x7f02bc037b50 secure :-1 s=READY pgs=6 cs=0 l=1 rev1=1 crypto rx=0x7f02c8006fd0 tx=0x7f02c8006db0 comp rx=0 tx=0).stop
2024-07-03T13:49:38.269 INFO:teuthology.orchestra.run.smithi062.stdout:/usr/bin/ceph: stderr
2024-07-03T13:49:37.731+0000 7f02da990640 1 -- 172.21.15.62:0/2900990073 >> [v2:172.21.15.62:3300/0,v1:172.21.15.62:6789/0] conn(0x7f02d4101e00 msgr2=0x7f02d4110a90 secure :-1 s=STATE_CONNECTION_ESTABLISHED l=1).mark_down
2024-07-03T13:49:38.269 INFO:teuthology.orchestra.run.smithi062.stdout:/usr/bin/ceph: stderr
2024-07-03T13:49:37.731+0000 7f02da990640 1 --2- 172.21.15.62:0/2900990073 >> [v2:172.21.15.62:3300/0,v1:172.21.15.62:6789/0] conn(0x7f02d4101e00 0x7f02d4110a90 secure :-1 s=READY pgs=32 cs=0 l=1 rev1=1 crypto rx=0x7f02c40317b0 tx=0x7f02c4008040 comp rx=0 tx=0).stop
2024-07-03T13:49:38.269 INFO:teuthology.orchestra.run.smithi062.stdout:/usr/bin/ceph: stderr
2024-07-03T13:49:37.731+0000 7f02da990640 1 -- 172.21.15.62:0/2900990073 shutdown_connections
2024-07-03T13:49:38.269 INFO:teuthology.orchestra.run.smithi062.stdout:/usr/bin/ceph: stderr
2024-07-03T13:49:37.731+0000 7f02da990640 1 --2- 172.21.15.62:0/2900990073 >> [v2:172.21.15.62:6800/3647161739,v1:172.21.15.62:6801/3647161739] conn(0x7f02bc0356a0 0x7f02bc037b50 unknown :-1 s=CLOSED pgs=6 cs=0 l=1 rev1=1 crypto rx=0 tx=0 comp rx=0 tx=0).stop
2024-07-03T13:49:38.269 INFO:teuthology.orchestra.run.smithi062.stdout:/usr/bin/ceph: stderr
2024-07-03T13:49:37.731+0000 7f02da990640 1 --2- 172.21.15.62:0/2900990073 >> [v2:172.21.15.62:3300/0,v1:172.21.15.62:6789/0] conn(0x7f02d4101e00 0x7f02d4110a90 unknown :-1 s=CLOSED pgs=32 cs=0 l=1 rev1=1 crypto rx=0 tx=0 comp rx=0 tx=0).stop
2024-07-03T13:49:38.269 INFO:teuthology.orchestra.run.smithi062.stdout:/usr/bin/ceph: stderr
2024-07-03T13:49:37.731+0000 7f02da990640 1 -- 172.21.15.62:0/2900990073 >> 172.21.15.62:0/2900990073 conn(0x7f02d40fd5a0 msgr2=0x7f02d40fdfe0 unknown :-1 s=STATE_NONE l=0).mark_down
2024-07-03T13:49:38.269 INFO:teuthology.orchestra.run.smithi062.stdout:/usr/bin/ceph: stderr
2024-07-03T13:49:37.731+0000 7f02da990640 1 -- 172.21.15.62:0/2900990073 shutdown_connections
2024-07-03T13:49:38.269 INFO:teuthology.orchestra.run.smithi062.stdout:/usr/bin/ceph: stderr
2024-07-03T13:49:37.731+0000 7f02da990640 1 -- 172.21.15.62:0/2900990073 wait complete.
2024-07-03T13:49:38.269 INFO:teuthology.orchestra.run.smithi062.stdout:Waiting for the mgr to restart...
2024-07-03T13:49:38.269 INFO:teuthology.orchestra.run.smithi062.stdout:Waiting for mgr epoch 7...
2024-07-03T13:49:38.972 INFO:journalctl@ceph.mon.smithi062.smithi062.stdout:Jul 03 13:49:38 smithi062 ceph-mon[29033]: from='client.? 172.21.15.62:0/2900990073' entity='client.admin' cmd=[{"prefix": "mgr stat"}]: dispatch
2024-07-03T13:49:39.229 INFO:teuthology.orchestra.run.smithi062.stdout:/usr/bin/ceph: stdout {
2024-07-03T13:49:39.229 INFO:teuthology.orchestra.run.smithi062.stdout:/usr/bin/ceph: stdout "mgrmap_epoch": 8,
2024-07-03T13:49:39.229 INFO:teuthology.orchestra.run.smithi062.stdout:/usr/bin/ceph: stdout "initialized": true
2024-07-03T13:49:39.230 INFO:teuthology.orchestra.run.smithi062.stdout:/usr/bin/ceph: stdout }
2024-07-03T13:49:39.230 INFO:teuthology.orchestra.run.smithi062.stdout:/usr/bin/ceph: stderr
2024-07-03T13:49:38.661+0000 7fd0799d2640 1 Processor -- start
2024-07-03T13:49:39.230 INFO:teuthology.orchestra.run.smithi062.stdout:/usr/bin/ceph: stderr
2024-07-03T13:49:38.661+0000 7fd0799d2640 1 -- start start
2024-07-03T13:49:39.230 INFO:teuthology.orchestra.run.smithi062.stdout:/usr/bin/ceph: stderr
2024-07-03T13:49:38.661+0000 7fd0799d2640 1 --2- >> [v2:172.21.15.62:3300/0,v1:172.21.15.62:6789/0] conn(0x7fd074100180 0x7fd074100590 unknown :-1 s=NONE pgs=0 cs=0 l=0 rev1=0 crypto rx=0 tx=0 comp rx=0 tx=0).connect
2024-07-03T13:49:39.230 INFO:teuthology.orchestra.run.smithi062.stdout:/usr/bin/ceph: stderr
2024-07-03T13:49:38.661+0000 7fd0799d2640 1 -- --> [v2:172.21.15.62:3300/0,v1:172.21.15.62:6789/0] -- mon_getmap magic: 0 v1 -- 0x7fd074100ad0 con 0x7fd074100180
2024-07-03T13:49:39.230 INFO:teuthology.orchestra.run.smithi062.stdout:/usr/bin/ceph: stderr
2024-07-03T13:49:38.661+0000 7fd072ffd640 1 --2- >> [v2:172.21.15.62:3300/0,v1:172.21.15.62:6789/0] conn(0x7fd074100180 0x7fd074100590 unknown :-1 s=BANNER_CONNECTING pgs=0 cs=0 l=0 rev1=0 crypto rx=0 tx=0 comp rx=0 tx=0)._handle_peer_banner_payload supported=3 required=0
2024-07-03T13:49:39.230 INFO:teuthology.orchestra.run.smithi062.stdout:/usr/bin/ceph: stderr
2024-07-03T13:49:38.661+0000 7fd072ffd640 1 --2- >> [v2:172.21.15.62:3300/0,v1:172.21.15.62:6789/0] conn(0x7fd074100180 0x7fd074100590 unknown :-1 s=HELLO_CONNECTING pgs=0 cs=0 l=0 rev1=1 crypto rx=0 tx=0 comp rx=0 tx=0).handle_hello peer v2:172.21.15.62:3300/0 says I am v2:172.21.15.62:52594/0 (socket says 172.21.15.62:52594)
2024-07-03T13:49:39.230 INFO:teuthology.orchestra.run.smithi062.stdout:/usr/bin/ceph: stderr
2024-07-03T13:49:38.661+0000 7fd072ffd640 1 -- 172.21.15.62:0/3144719414 learned_addr learned my addr 172.21.15.62:0/3144719414 (peer_addr_for_me v2:172.21.15.62:0/0)
2024-07-03T13:49:39.230 INFO:teuthology.orchestra.run.smithi062.stdout:/usr/bin/ceph: stderr
2024-07-03T13:49:38.662+0000 7fd072ffd640 1 -- 172.21.15.62:0/3144719414 --> [v2:172.21.15.62:3300/0,v1:172.21.15.62:6789/0] -- mon_subscribe({config=0+,monmap=0+}) v3 -- 0x7fd074100c10 con 0x7fd074100180
2024-07-03T13:49:39.230 INFO:teuthology.orchestra.run.smithi062.stdout:/usr/bin/ceph: stderr
2024-07-03T13:49:38.662+0000 7fd072ffd640 1 --2- 172.21.15.62:0/3144719414 >> [v2:172.21.15.62:3300/0,v1:172.21.15.62:6789/0] conn(0x7fd074100180 0x7fd074100590 secure :-1 s=READY pgs=33 cs=0 l=1 rev1=1 crypto rx=0x7fd064009840 tx=0x7fd0640091d0 comp rx=0 tx=0).ready entity=mon.0 client_cookie=8a8282cfd2ac5819 server_cookie=0 in_seq=0 out_seq=0
2024-07-03T13:49:39.231 INFO:teuthology.orchestra.run.smithi062.stdout:/usr/bin/ceph: stderr
2024-07-03T13:49:38.662+0000 7fd0727fc640 1 -- 172.21.15.62:0/3144719414 <== mon.0 v2:172.21.15.62:3300/0 1 ==== mon_map magic: 0 v1 ==== 229+0+0 (secure 0 0 0) 0x7fd064032440 con 0x7fd074100180
2024-07-03T13:49:39.231 INFO:teuthology.orchestra.run.smithi062.stdout:/usr/bin/ceph: stderr
2024-07-03T13:49:38.663+0000 7fd0727fc640 1 -- 172.21.15.62:0/3144719414 <== mon.0 v2:172.21.15.62:3300/0 2 ==== config(27 keys) v1 ==== 1044+0+0 (secure 0 0 0) 0x7fd064032a30 con 0x7fd074100180
2024-07-03T13:49:39.231 INFO:teuthology.orchestra.run.smithi062.stdout:/usr/bin/ceph: stderr
2024-07-03T13:49:38.663+0000 7fd0727fc640 1 -- 172.21.15.62:0/3144719414 <== mon.0 v2:172.21.15.62:3300/0 3 ==== mon_map magic: 0 v1 ==== 229+0+0 (secure 0 0 0) 0x7fd064031ad0 con 0x7fd074100180
2024-07-03T13:49:39.231 INFO:teuthology.orchestra.run.smithi062.stdout:/usr/bin/ceph: stderr
2024-07-03T13:49:38.663+0000 7fd0799d2640 1 -- 172.21.15.62:0/3144719414 >> [v2:172.21.15.62:3300/0,v1:172.21.15.62:6789/0] conn(0x7fd074100180 msgr2=0x7fd074100590 secure :-1 s=STATE_CONNECTION_ESTABLISHED l=1).mark_down
2024-07-03T13:49:39.231 INFO:teuthology.orchestra.run.smithi062.stdout:/usr/bin/ceph: stderr
2024-07-03T13:49:38.663+0000 7fd0799d2640 1 --2- 172.21.15.62:0/3144719414 >> [v2:172.21.15.62:3300/0,v1:172.21.15.62:6789/0] conn(0x7fd074100180 0x7fd074100590 secure :-1 s=READY pgs=33 cs=0 l=1 rev1=1 crypto rx=0x7fd064009840 tx=0x7fd0640091d0 comp rx=0 tx=0).stop
2024-07-03T13:49:39.231 INFO:teuthology.orchestra.run.smithi062.stdout:/usr/bin/ceph: stderr
2024-07-03T13:49:38.663+0000 7fd0799d2640 1 -- 172.21.15.62:0/3144719414 shutdown_connections
2024-07-03T13:49:39.231 INFO:teuthology.orchestra.run.smithi062.stdout:/usr/bin/ceph: stderr
2024-07-03T13:49:38.663+0000 7fd0799d2640 1 --2- 172.21.15.62:0/3144719414 >> [v2:172.21.15.62:3300/0,v1:172.21.15.62:6789/0] conn(0x7fd074100180 0x7fd074100590 unknown :-1 s=CLOSED pgs=33 cs=0 l=1 rev1=1 crypto rx=0 tx=0 comp rx=0 tx=0).stop
2024-07-03T13:49:39.231 INFO:teuthology.orchestra.run.smithi062.stdout:/usr/bin/ceph: stderr
2024-07-03T13:49:38.663+0000 7fd0799d2640 1 -- 172.21.15.62:0/3144719414 >> 172.21.15.62:0/3144719414 conn(0x7fd0740fbc50 msgr2=0x7fd0740fe0a0 unknown :-1 s=STATE_NONE l=0).mark_down
2024-07-03T13:49:39.231 INFO:teuthology.orchestra.run.smithi062.stdout:/usr/bin/ceph: stderr
2024-07-03T13:49:38.663+0000 7fd0799d2640 1 -- 172.21.15.62:0/3144719414 shutdown_connections
2024-07-03T13:49:39.231 INFO:teuthology.orchestra.run.smithi062.stdout:/usr/bin/ceph: stderr
2024-07-03T13:49:38.663+0000 7fd0799d2640 1 -- 172.21.15.62:0/3144719414 wait complete.
2024-07-03T13:49:39.231 INFO:teuthology.orchestra.run.smithi062.stdout:/usr/bin/ceph: stderr
2024-07-03T13:49:38.664+0000 7fd0799d2640 1 Processor -- start
2024-07-03T13:49:39.231 INFO:teuthology.orchestra.run.smithi062.stdout:/usr/bin/ceph: stderr
2024-07-03T13:49:38.664+0000 7fd0799d2640 1 -- start start
2024-07-03T13:49:39.232 INFO:teuthology.orchestra.run.smithi062.stdout:/usr/bin/ceph: stderr
2024-07-03T13:49:38.664+0000 7fd0799d2640 1 --2- >> [v2:172.21.15.62:3300/0,v1:172.21.15.62:6789/0] conn(0x7fd074100180 0x7fd074110ad0 unknown :-1 s=NONE pgs=0 cs=0 l=1 rev1=0 crypto rx=0 tx=0 comp rx=0 tx=0).connect
2024-07-03T13:49:39.232 INFO:teuthology.orchestra.run.smithi062.stdout:/usr/bin/ceph: stderr
2024-07-03T13:49:38.664+0000 7fd0799d2640 1 -- --> [v2:172.21.15.62:3300/0,v1:172.21.15.62:6789/0] -- mon_getmap magic: 0 v1 -- 0x7fd074111010 con 0x7fd074100180
2024-07-03T13:49:39.232 INFO:teuthology.orchestra.run.smithi062.stdout:/usr/bin/ceph: stderr
2024-07-03T13:49:38.664+0000 7fd072ffd640 1 --2- >> [v2:172.21.15.62:3300/0,v1:172.21.15.62:6789/0] conn(0x7fd074100180 0x7fd074110ad0 unknown :-1 s=BANNER_CONNECTING pgs=0 cs=0 l=1 rev1=0 crypto rx=0 tx=0 comp rx=0 tx=0)._handle_peer_banner_payload supported=3 required=0
2024-07-03T13:49:39.232 INFO:teuthology.orchestra.run.smithi062.stdout:/usr/bin/ceph: stderr
2024-07-03T13:49:38.664+0000 7fd072ffd640 1 --2- >> [v2:172.21.15.62:3300/0,v1:172.21.15.62:6789/0] conn(0x7fd074100180 0x7fd074110ad0 unknown :-1 s=HELLO_CONNECTING pgs=0 cs=0 l=1 rev1=1 crypto rx=0 tx=0 comp rx=0 tx=0).handle_hello peer v2:172.21.15.62:3300/0 says I am v2:172.21.15.62:52610/0 (socket says 172.21.15.62:52610)
2024-07-03T13:49:39.232 INFO:teuthology.orchestra.run.smithi062.stdout:/usr/bin/ceph: stderr
2024-07-03T13:49:38.664+0000 7fd072ffd640 1 -- 172.21.15.62:0/4211606745 learned_addr learned my addr 172.21.15.62:0/4211606745 (peer_addr_for_me v2:172.21.15.62:0/0)
2024-07-03T13:49:39.232 INFO:teuthology.orchestra.run.smithi062.stdout:/usr/bin/ceph: stderr
2024-07-03T13:49:38.665+0000 7fd072ffd640 1 -- 172.21.15.62:0/4211606745 --> [v2:172.21.15.62:3300/0,v1:172.21.15.62:6789/0] -- mon_subscribe({config=0+,monmap=0+}) v3 -- 0x7fd064009450 con 0x7fd074100180
2024-07-03T13:49:39.232 INFO:teuthology.orchestra.run.smithi062.stdout:/usr/bin/ceph: stderr
2024-07-03T13:49:38.665+0000 7fd072ffd640 1 --2- 172.21.15.62:0/4211606745 >> [v2:172.21.15.62:3300/0,v1:172.21.15.62:6789/0] conn(0x7fd074100180 0x7fd074110ad0 secure :-1 s=READY pgs=34 cs=0 l=1 rev1=1 crypto rx=0x7fd064009420 tx=0x7fd064008040 comp rx=0 tx=0).ready entity=mon.0 client_cookie=0 server_cookie=0 in_seq=0 out_seq=0
2024-07-03T13:49:39.232 INFO:teuthology.orchestra.run.smithi062.stdout:/usr/bin/ceph: stderr
2024-07-03T13:49:38.665+0000 7fd06b7fe640 1 -- 172.21.15.62:0/4211606745 <== mon.0 v2:172.21.15.62:3300/0 1 ==== mon_map magic: 0 v1 ==== 229+0+0 (secure 0 0 0) 0x7fd06403d5b0 con 0x7fd074100180
2024-07-03T13:49:39.232 INFO:teuthology.orchestra.run.smithi062.stdout:/usr/bin/ceph: stderr
2024-07-03T13:49:38.665+0000 7fd0799d2640 1 -- 172.21.15.62:0/4211606745 --> [v2:172.21.15.62:3300/0,v1:172.21.15.62:6789/0] -- mon_subscribe({mgrmap=0+}) v3 -- 0x7fd074111210 con 0x7fd074100180
2024-07-03T13:49:39.232 INFO:teuthology.orchestra.run.smithi062.stdout:/usr/bin/ceph: stderr
2024-07-03T13:49:38.665+0000 7fd06b7fe640 1 -- 172.21.15.62:0/4211606745 <== mon.0 v2:172.21.15.62:3300/0 2 ==== config(27 keys) v1 ==== 1044+0+0 (secure 0 0 0) 0x7fd06403dba0 con 0x7fd074100180
2024-07-03T13:49:39.232 INFO:teuthology.orchestra.run.smithi062.stdout:/usr/bin/ceph: stderr
2024-07-03T13:49:38.665+0000 7fd06b7fe640 1 -- 172.21.15.62:0/4211606745 <== mon.0 v2:172.21.15.62:3300/0 3 ==== mon_map magic: 0 v1 ==== 229+0+0 (secure 0 0 0) 0x7fd06403bb00 con 0x7fd074100180
2024-07-03T13:49:39.232 INFO:teuthology.orchestra.run.smithi062.stdout:/usr/bin/ceph: stderr
2024-07-03T13:49:38.665+0000 7fd0799d2640 1 -- 172.21.15.62:0/4211606745 --> [v2:172.21.15.62:3300/0,v1:172.21.15.62:6789/0] -- mon_subscribe({osdmap=0}) v3 -- 0x7fd074111680 con 0x7fd074100180
2024-07-03T13:49:39.233 INFO:teuthology.orchestra.run.smithi062.stdout:/usr/bin/ceph: stderr
2024-07-03T13:49:38.666+0000 7fd06b7fe640 1 -- 172.21.15.62:0/4211606745 <== mon.0 v2:172.21.15.62:3300/0 4 ==== mgrmap(e 8) v1 ==== 42636+0+0 (secure 0 0 0) 0x7fd064039070 con 0x7fd074100180
2024-07-03T13:49:39.233 INFO:teuthology.orchestra.run.smithi062.stdout:/usr/bin/ceph: stderr
2024-07-03T13:49:38.666+0000 7fd06b7fe640 1 --2- 172.21.15.62:0/4211606745 >> [v2:172.21.15.62:6800/3647161739,v1:172.21.15.62:6801/3647161739] conn(0x7fd060035780 0x7fd060037c30 unknown :-1 s=NONE pgs=0 cs=0 l=1 rev1=0 crypto rx=0 tx=0 comp rx=0 tx=0).connect
2024-07-03T13:49:39.233 INFO:teuthology.orchestra.run.smithi062.stdout:/usr/bin/ceph: stderr
2024-07-03T13:49:38.666+0000 7fd06b7fe640 1 -- 172.21.15.62:0/4211606745 --> [v2:172.21.15.62:6800/3647161739,v1:172.21.15.62:6801/3647161739] -- command(tid 0: {"prefix": "get_command_descriptions"}) v1 -- 0x7fd060038340 con 0x7fd060035780
2024-07-03T13:49:39.233 INFO:teuthology.orchestra.run.smithi062.stdout:/usr/bin/ceph: stderr
2024-07-03T13:49:38.666+0000 7fd06b7fe640 1 -- 172.21.15.62:0/4211606745 <== mon.0 v2:172.21.15.62:3300/0 5 ==== osd_map(2..2 src has 1..2) v4 ==== 936+0+0 (secure 0 0 0) 0x7fd064068930 con 0x7fd074100180
2024-07-03T13:49:39.233 INFO:teuthology.orchestra.run.smithi062.stdout:/usr/bin/ceph: stderr
2024-07-03T13:49:38.666+0000 7fd06bfff640 1 --2- 172.21.15.62:0/4211606745 >> [v2:172.21.15.62:6800/3647161739,v1:172.21.15.62:6801/3647161739] conn(0x7fd060035780 0x7fd060037c30 unknown :-1 s=BANNER_CONNECTING pgs=0 cs=0 l=1 rev1=0 crypto rx=0 tx=0 comp rx=0 tx=0)._handle_peer_banner_payload supported=3 required=0
2024-07-03T13:49:39.233 INFO:teuthology.orchestra.run.smithi062.stdout:/usr/bin/ceph: stderr
2024-07-03T13:49:38.667+0000 7fd06bfff640 1 --2- 172.21.15.62:0/4211606745 >> [v2:172.21.15.62:6800/3647161739,v1:172.21.15.62:6801/3647161739] conn(0x7fd060035780 0x7fd060037c30 secure :-1 s=READY pgs=7 cs=0 l=1 rev1=1 crypto rx=0x7fd05c006fd0 tx=0x7fd05c006db0 comp rx=0 tx=0).ready entity=mgr.14118 client_cookie=0 server_cookie=0 in_seq=0 out_seq=0
2024-07-03T13:49:39.233 INFO:teuthology.orchestra.run.smithi062.stdout:/usr/bin/ceph: stderr
2024-07-03T13:49:38.667+0000 7fd06b7fe640 1 -- 172.21.15.62:0/4211606745 <== mgr.14118 v2:172.21.15.62:6800/3647161739 1 ==== command_reply(tid 0: 0 ) v1 ==== 8+0+6549 (secure 0 0 0) 0x7fd060038340 con 0x7fd060035780
2024-07-03T13:49:39.233 INFO:teuthology.orchestra.run.smithi062.stdout:/usr/bin/ceph: stderr
2024-07-03T13:49:38.672+0000 7fd0799d2640 1 -- 172.21.15.62:0/4211606745 --> [v2:172.21.15.62:6800/3647161739,v1:172.21.15.62:6801/3647161739] -- command(tid 1: {"prefix": "mgr_status"}) v1 -- 0x7fd074111680 con 0x7fd060035780
2024-07-03T13:49:39.233 INFO:teuthology.orchestra.run.smithi062.stdout:/usr/bin/ceph: stderr
2024-07-03T13:49:38.672+0000 7fd06b7fe640 1 -- 172.21.15.62:0/4211606745 <== mgr.14118 v2:172.21.15.62:6800/3647161739 2 ==== command_reply(tid 1: 0 ) v1 ==== 8+0+51 (secure 0 0 0) 0x7fd074111680 con 0x7fd060035780
2024-07-03T13:49:39.233 INFO:teuthology.orchestra.run.smithi062.stdout:/usr/bin/ceph: stderr
2024-07-03T13:49:38.673+0000 7fd0799d2640 1 -- 172.21.15.62:0/4211606745 >> [v2:172.21.15.62:6800/3647161739,v1:172.21.15.62:6801/3647161739] conn(0x7fd060035780 msgr2=0x7fd060037c30 secure :-1 s=STATE_CONNECTION_ESTABLISHED l=1).mark_down
2024-07-03T13:49:39.233 INFO:teuthology.orchestra.run.smithi062.stdout:/usr/bin/ceph: stderr
2024-07-03T13:49:38.673+0000 7fd0799d2640 1 --2- 172.21.15.62:0/4211606745 >> [v2:172.21.15.62:6800/3647161739,v1:172.21.15.62:6801/3647161739] conn(0x7fd060035780 0x7fd060037c30 secure :-1 s=READY pgs=7 cs=0 l=1 rev1=1 crypto rx=0x7fd05c006fd0 tx=0x7fd05c006db0 comp rx=0 tx=0).stop
2024-07-03T13:49:39.233 INFO:teuthology.orchestra.run.smithi062.stdout:/usr/bin/ceph: stderr
2024-07-03T13:49:38.673+0000 7fd0799d2640 1 -- 172.21.15.62:0/4211606745 >> [v2:172.21.15.62:3300/0,v1:172.21.15.62:6789/0] conn(0x7fd074100180 msgr2=0x7fd074110ad0 secure :-1 s=STATE_CONNECTION_ESTABLISHED l=1).mark_down
2024-07-03T13:49:39.233 INFO:teuthology.orchestra.run.smithi062.stdout:/usr/bin/ceph: stderr
2024-07-03T13:49:38.673+0000 7fd0799d2640 1 --2- 172.21.15.62:0/4211606745 >> [v2:172.21.15.62:3300/0,v1:172.21.15.62:6789/0] conn(0x7fd074100180 0x7fd074110ad0 secure :-1 s=READY pgs=34 cs=0 l=1 rev1=1 crypto rx=0x7fd064009420 tx=0x7fd064008040 comp rx=0 tx=0).stop
2024-07-03T13:49:39.234 INFO:teuthology.orchestra.run.smithi062.stdout:/usr/bin/ceph: stderr
2024-07-03T13:49:38.673+0000 7fd0799d2640 1 -- 172.21.15.62:0/4211606745 shutdown_connections
2024-07-03T13:49:39.234 INFO:teuthology.orchestra.run.smithi062.stdout:/usr/bin/ceph: stderr
2024-07-03T13:49:38.673+0000 7fd0799d2640 1 --2- 172.21.15.62:0/4211606745 >> [v2:172.21.15.62:6800/3647161739,v1:172.21.15.62:6801/3647161739] conn(0x7fd060035780 0x7fd060037c30 unknown :-1 s=CLOSED pgs=7 cs=0 l=1 rev1=1 crypto rx=0 tx=0 comp rx=0 tx=0).stop
2024-07-03T13:49:39.234 INFO:teuthology.orchestra.run.smithi062.stdout:/usr/bin/ceph: stderr
2024-07-03T13:49:38.673+0000 7fd0799d2640 1 --2- 172.21.15.62:0/4211606745 >> [v2:172.21.15.62:3300/0,v1:172.21.15.62:6789/0] conn(0x7fd074100180 0x7fd074110ad0 unknown :-1 s=CLOSED pgs=34 cs=0 l=1 rev1=1 crypto rx=0 tx=0 comp rx=0 tx=0).stop
2024-07-03T13:49:39.234 INFO:teuthology.orchestra.run.smithi062.stdout:/usr/bin/ceph: stderr
2024-07-03T13:49:38.673+0000 7fd0799d2640 1 -- 172.21.15.62:0/4211606745 >> 172.21.15.62:0/4211606745 conn(0x7fd0740fbc50 msgr2=0x7fd0740fc740 unknown :-1 s=STATE_NONE l=0).mark_down
2024-07-03T13:49:39.234 INFO:teuthology.orchestra.run.smithi062.stdout:/usr/bin/ceph: stderr
2024-07-03T13:49:38.673+0000 7fd0799d2640 1 -- 172.21.15.62:0/4211606745 shutdown_connections
2024-07-03T13:49:39.234 INFO:teuthology.orchestra.run.smithi062.stdout:/usr/bin/ceph: stderr
2024-07-03T13:49:38.673+0000 7fd0799d2640 1 -- 172.21.15.62:0/4211606745 wait complete.
2024-07-03T13:49:39.234 INFO:teuthology.orchestra.run.smithi062.stdout:mgr epoch 7 is available
2024-07-03T13:49:39.234 INFO:teuthology.orchestra.run.smithi062.stdout:Setting orchestrator backend to cephadm...
2024-07-03T13:49:39.817 INFO:journalctl@ceph.mon.smithi062.smithi062.stdout:Jul 03 13:49:39 smithi062 ceph-mon[29033]: mgrmap e8: smithi062.tyckxe(active, since 2s)
2024-07-03T13:49:39.817 INFO:journalctl@ceph.mon.smithi062.smithi062.stdout:Jul 03 13:49:39 smithi062 ceph-mon[29033]: from='client.14128 -' entity='client.admin' cmd=[{"prefix": "get_command_descriptions"}]: dispatch
2024-07-03T13:49:39.817 INFO:journalctl@ceph.mon.smithi062.smithi062.stdout:Jul 03 13:49:39 smithi062 ceph-mon[29033]: from='client.14128 -' entity='client.admin' cmd=[{"prefix": "mgr_status"}]: dispatch
2024-07-03T13:49:40.327 INFO:teuthology.orchestra.run.smithi062.stdout:/usr/bin/ceph: stderr
2024-07-03T13:49:39.585+0000 7f9f5d9eb640 1 Processor -- start
2024-07-03T13:49:40.327 INFO:teuthology.orchestra.run.smithi062.stdout:/usr/bin/ceph: stderr
2024-07-03T13:49:39.585+0000 7f9f5d9eb640 1 -- start start
2024-07-03T13:49:40.327 INFO:teuthology.orchestra.run.smithi062.stdout:/usr/bin/ceph: stderr
2024-07-03T13:49:39.585+0000 7f9f5d9eb640 1 --2- >> [v2:172.21.15.62:3300/0,v1:172.21.15.62:6789/0] conn(0x7f9f58075b80 0x7f9f58104a50 unknown :-1 s=NONE pgs=0 cs=0 l=0 rev1=0 crypto rx=0 tx=0 comp rx=0 tx=0).connect
2024-07-03T13:49:40.327 INFO:teuthology.orchestra.run.smithi062.stdout:/usr/bin/ceph: stderr
2024-07-03T13:49:39.585+0000 7f9f5d9eb640 1 -- --> [v2:172.21.15.62:3300/0,v1:172.21.15.62:6789/0] -- mon_getmap magic: 0 v1 -- 0x7f9f58075f90 con 0x7f9f58075b80
2024-07-03T13:49:40.327 INFO:teuthology.orchestra.run.smithi062.stdout:/usr/bin/ceph: stderr
2024-07-03T13:49:39.585+0000 7f9f56ffd640 1 --2- >> [v2:172.21.15.62:3300/0,v1:172.21.15.62:6789/0] conn(0x7f9f58075b80 0x7f9f58104a50 unknown :-1 s=BANNER_CONNECTING pgs=0 cs=0 l=0 rev1=0 crypto rx=0 tx=0 comp rx=0 tx=0)._handle_peer_banner_payload supported=3 required=0
2024-07-03T13:49:40.327 INFO:teuthology.orchestra.run.smithi062.stdout:/usr/bin/ceph: stderr
2024-07-03T13:49:39.585+0000 7f9f56ffd640 1 --2- >> [v2:172.21.15.62:3300/0,v1:172.21.15.62:6789/0] conn(0x7f9f58075b80 0x7f9f58104a50 unknown :-1 s=HELLO_CONNECTING pgs=0 cs=0 l=0 rev1=1 crypto rx=0 tx=0 comp rx=0 tx=0).handle_hello peer v2:172.21.15.62:3300/0 says I am v2:172.21.15.62:52620/0 (socket says 172.21.15.62:52620)
2024-07-03T13:49:40.327 INFO:teuthology.orchestra.run.smithi062.stdout:/usr/bin/ceph: stderr
2024-07-03T13:49:39.585+0000 7f9f56ffd640 1 -- 172.21.15.62:0/416795128 learned_addr learned my addr 172.21.15.62:0/416795128 (peer_addr_for_me v2:172.21.15.62:0/0)
2024-07-03T13:49:40.327 INFO:teuthology.orchestra.run.smithi062.stdout:/usr/bin/ceph: stderr
2024-07-03T13:49:39.585+0000 7f9f56ffd640 1 -- 172.21.15.62:0/416795128 --> [v2:172.21.15.62:3300/0,v1:172.21.15.62:6789/0] -- mon_subscribe({config=0+,monmap=0+}) v3 -- 0x7f9f58104f90 con 0x7f9f58075b80
2024-07-03T13:49:40.327 INFO:teuthology.orchestra.run.smithi062.stdout:/usr/bin/ceph: stderr
2024-07-03T13:49:39.586+0000 7f9f56ffd640 1 --2- 172.21.15.62:0/416795128 >> [v2:172.21.15.62:3300/0,v1:172.21.15.62:6789/0] conn(0x7f9f58075b80 0x7f9f58104a50 secure :-1 s=READY pgs=35 cs=0 l=1 rev1=1 crypto rx=0x7f9f48009840 tx=0x7f9f480091d0 comp rx=0 tx=0).ready entity=mon.0 client_cookie=b715af3104ed8027 server_cookie=0 in_seq=0 out_seq=0
2024-07-03T13:49:40.328 INFO:teuthology.orchestra.run.smithi062.stdout:/usr/bin/ceph: stderr
2024-07-03T13:49:39.586+0000 7f9f55ffb640 1 -- 172.21.15.62:0/416795128 <== mon.0 v2:172.21.15.62:3300/0 1 ==== mon_map magic: 0 v1 ==== 229+0+0 (secure 0 0 0) 0x7f9f48032440 con 0x7f9f58075b80
2024-07-03T13:49:40.328 INFO:teuthology.orchestra.run.smithi062.stdout:/usr/bin/ceph: stderr
2024-07-03T13:49:39.586+0000 7f9f55ffb640 1 -- 172.21.15.62:0/416795128 <== mon.0 v2:172.21.15.62:3300/0 2 ==== config(27 keys) v1 ==== 1044+0+0 (secure 0 0 0) 0x7f9f48032a30 con 0x7f9f58075b80
2024-07-03T13:49:40.328 INFO:teuthology.orchestra.run.smithi062.stdout:/usr/bin/ceph: stderr
2024-07-03T13:49:39.586+0000 7f9f55ffb640 1 -- 172.21.15.62:0/416795128 <== mon.0 v2:172.21.15.62:3300/0 3 ==== mon_map magic: 0 v1 ==== 229+0+0 (secure 0 0 0) 0x7f9f48031ad0 con 0x7f9f58075b80
2024-07-03T13:49:40.328 INFO:teuthology.orchestra.run.smithi062.stdout:/usr/bin/ceph: stderr
2024-07-03T13:49:39.587+0000 7f9f5d9eb640 1 -- 172.21.15.62:0/416795128 >> [v2:172.21.15.62:3300/0,v1:172.21.15.62:6789/0] conn(0x7f9f58075b80 msgr2=0x7f9f58104a50 secure :-1 s=STATE_CONNECTION_ESTABLISHED l=1).mark_down
2024-07-03T13:49:40.328 INFO:teuthology.orchestra.run.smithi062.stdout:/usr/bin/ceph: stderr
2024-07-03T13:49:39.587+0000 7f9f5d9eb640 1 --2- 172.21.15.62:0/416795128 >> [v2:172.21.15.62:3300/0,v1:172.21.15.62:6789/0] conn(0x7f9f58075b80 0x7f9f58104a50 secure :-1 s=READY pgs=35 cs=0 l=1 rev1=1 crypto rx=0x7f9f48009840 tx=0x7f9f480091d0 comp rx=0 tx=0).stop
2024-07-03T13:49:40.328 INFO:teuthology.orchestra.run.smithi062.stdout:/usr/bin/ceph: stderr
2024-07-03T13:49:39.587+0000 7f9f5d9eb640 1 -- 172.21.15.62:0/416795128 shutdown_connections
2024-07-03T13:49:40.328 INFO:teuthology.orchestra.run.smithi062.stdout:/usr/bin/ceph: stderr
2024-07-03T13:49:39.587+0000 7f9f5d9eb640 1 --2- 172.21.15.62:0/416795128 >> [v2:172.21.15.62:3300/0,v1:172.21.15.62:6789/0] conn(0x7f9f58075b80 0x7f9f58104a50 unknown :-1 s=CLOSED pgs=35 cs=0 l=1 rev1=1 crypto rx=0 tx=0 comp rx=0 tx=0).stop
2024-07-03T13:49:40.328 INFO:teuthology.orchestra.run.smithi062.stdout:/usr/bin/ceph: stderr
2024-07-03T13:49:39.587+0000 7f9f5d9eb640 1 -- 172.21.15.62:0/416795128 >> 172.21.15.62:0/416795128 conn(0x7f9f580fc520 msgr2=0x7f9f580fe930 unknown :-1 s=STATE_NONE l=0).mark_down
2024-07-03T13:49:40.328 INFO:teuthology.orchestra.run.smithi062.stdout:/usr/bin/ceph: stderr
2024-07-03T13:49:39.587+0000 7f9f5d9eb640 1 -- 172.21.15.62:0/416795128 shutdown_connections
2024-07-03T13:49:40.328 INFO:teuthology.orchestra.run.smithi062.stdout:/usr/bin/ceph: stderr
2024-07-03T13:49:39.587+0000 7f9f5d9eb640 1 -- 172.21.15.62:0/416795128 wait complete.
2024-07-03T13:49:40.328 INFO:teuthology.orchestra.run.smithi062.stdout:/usr/bin/ceph: stderr
2024-07-03T13:49:39.588+0000 7f9f5d9eb640 1 Processor -- start
2024-07-03T13:49:40.329 INFO:teuthology.orchestra.run.smithi062.stdout:/usr/bin/ceph: stderr
2024-07-03T13:49:39.588+0000 7f9f5d9eb640 1 -- start start
2024-07-03T13:49:40.329 INFO:teuthology.orchestra.run.smithi062.stdout:/usr/bin/ceph: stderr
2024-07-03T13:49:39.588+0000 7f9f5d9eb640 1 --2- >> [v2:172.21.15.62:3300/0,v1:172.21.15.62:6789/0] conn(0x7f9f58075b80 0x7f9f58102380 unknown :-1 s=NONE pgs=0 cs=0 l=1 rev1=0 crypto rx=0 tx=0 comp rx=0 tx=0).connect
2024-07-03T13:49:40.329 INFO:teuthology.orchestra.run.smithi062.stdout:/usr/bin/ceph: stderr
2024-07-03T13:49:39.588+0000 7f9f5d9eb640 1 -- --> [v2:172.21.15.62:3300/0,v1:172.21.15.62:6789/0] -- mon_getmap magic: 0 v1 -- 0x7f9f581028c0 con 0x7f9f58075b80
2024-07-03T13:49:40.329 INFO:teuthology.orchestra.run.smithi062.stdout:/usr/bin/ceph: stderr
2024-07-03T13:49:39.588+0000 7f9f56ffd640 1 --2- >> [v2:172.21.15.62:3300/0,v1:172.21.15.62:6789/0] conn(0x7f9f58075b80 0x7f9f58102380 unknown :-1 s=BANNER_CONNECTING pgs=0 cs=0 l=1 rev1=0 crypto rx=0 tx=0 comp rx=0 tx=0)._handle_peer_banner_payload supported=3 required=0
2024-07-03T13:49:40.329 INFO:teuthology.orchestra.run.smithi062.stdout:/usr/bin/ceph: stderr
2024-07-03T13:49:39.588+0000 7f9f56ffd640 1 --2- >> [v2:172.21.15.62:3300/0,v1:172.21.15.62:6789/0] conn(0x7f9f58075b80 0x7f9f58102380 unknown :-1 s=HELLO_CONNECTING pgs=0 cs=0 l=1 rev1=1 crypto rx=0 tx=0 comp rx=0 tx=0).handle_hello peer v2:172.21.15.62:3300/0 says I am v2:172.21.15.62:52626/0 (socket says 172.21.15.62:52626)
2024-07-03T13:49:40.329 INFO:teuthology.orchestra.run.smithi062.stdout:/usr/bin/ceph: stderr
2024-07-03T13:49:39.588+0000 7f9f56ffd640 1 -- 172.21.15.62:0/813132277 learned_addr learned my addr 172.21.15.62:0/813132277 (peer_addr_for_me v2:172.21.15.62:0/0)
2024-07-03T13:49:40.329 INFO:teuthology.orchestra.run.smithi062.stdout:/usr/bin/ceph: stderr
2024-07-03T13:49:39.588+0000 7f9f56ffd640 1 -- 172.21.15.62:0/813132277 --> [v2:172.21.15.62:3300/0,v1:172.21.15.62:6789/0] -- mon_subscribe({config=0+,monmap=0+}) v3 -- 0x7f9f48009450 con 0x7f9f58075b80
2024-07-03T13:49:40.329 INFO:teuthology.orchestra.run.smithi062.stdout:/usr/bin/ceph: stderr
2024-07-03T13:49:39.588+0000 7f9f56ffd640 1 --2- 172.21.15.62:0/813132277 >> [v2:172.21.15.62:3300/0,v1:172.21.15.62:6789/0] conn(0x7f9f58075b80 0x7f9f58102380 secure :-1 s=READY pgs=36 cs=0 l=1 rev1=1 crypto rx=0x7f9f48031b90 tx=0x7f9f48008040 comp rx=0 tx=0).ready entity=mon.0 client_cookie=0 server_cookie=0 in_seq=0 out_seq=0
2024-07-03T13:49:40.329 INFO:teuthology.orchestra.run.smithi062.stdout:/usr/bin/ceph: stderr
2024-07-03T13:49:39.589+0000 7f9f3f7fe640 1 -- 172.21.15.62:0/813132277 <== mon.0 v2:172.21.15.62:3300/0 1 ==== mon_map magic: 0 v1 ==== 229+0+0 (secure 0 0 0) 0x7f9f480328b0 con 0x7f9f58075b80
2024-07-03T13:49:40.329 INFO:teuthology.orchestra.run.smithi062.stdout:/usr/bin/ceph: stderr
2024-07-03T13:49:39.589+0000 7f9f3f7fe640 1 -- 172.21.15.62:0/813132277 <== mon.0 v2:172.21.15.62:3300/0 2 ==== config(27 keys) v1 ==== 1044+0+0 (secure 0 0 0) 0x7f9f4803d8e0 con 0x7f9f58075b80
2024-07-03T13:49:40.329 INFO:teuthology.orchestra.run.smithi062.stdout:/usr/bin/ceph: stderr
2024-07-03T13:49:39.589+0000 7f9f5d9eb640 1 -- 172.21.15.62:0/813132277 --> [v2:172.21.15.62:3300/0,v1:172.21.15.62:6789/0] -- mon_subscribe({mgrmap=0+}) v3 -- 0x7f9f58100950 con 0x7f9f58075b80
2024-07-03T13:49:40.329 INFO:teuthology.orchestra.run.smithi062.stdout:/usr/bin/ceph: stderr
2024-07-03T13:49:39.589+0000 7f9f3f7fe640 1 -- 172.21.15.62:0/813132277 <== mon.0 v2:172.21.15.62:3300/0 3 ==== mon_map magic: 0 v1 ==== 229+0+0 (secure 0 0 0) 0x7f9f4803ba20 con 0x7f9f58075b80
2024-07-03T13:49:40.330 INFO:teuthology.orchestra.run.smithi062.stdout:/usr/bin/ceph: stderr
2024-07-03T13:49:39.589+0000 7f9f5d9eb640 1 -- 172.21.15.62:0/813132277 --> [v2:172.21.15.62:3300/0,v1:172.21.15.62:6789/0] -- mon_subscribe({osdmap=0}) v3 -- 0x7f9f58100dc0 con 0x7f9f58075b80
2024-07-03T13:49:40.330 INFO:teuthology.orchestra.run.smithi062.stdout:/usr/bin/ceph: stderr
2024-07-03T13:49:39.589+0000 7f9f3f7fe640 1 -- 172.21.15.62:0/813132277 <== mon.0 v2:172.21.15.62:3300/0 4 ==== mgrmap(e 8) v1 ==== 42636+0+0 (secure 0 0 0) 0x7f9f48039070 con 0x7f9f58075b80
2024-07-03T13:49:40.330 INFO:teuthology.orchestra.run.smithi062.stdout:/usr/bin/ceph: stderr
2024-07-03T13:49:39.590+0000 7f9f3f7fe640 1 --2- 172.21.15.62:0/813132277 >> [v2:172.21.15.62:6800/3647161739,v1:172.21.15.62:6801/3647161739] conn(0x7f9f400357d0 0x7f9f40037c80 unknown :-1 s=NONE pgs=0 cs=0 l=1 rev1=0 crypto rx=0 tx=0 comp rx=0 tx=0).connect
2024-07-03T13:49:40.330 INFO:teuthology.orchestra.run.smithi062.stdout:/usr/bin/ceph: stderr
2024-07-03T13:49:39.590+0000 7f9f3f7fe640 1 -- 172.21.15.62:0/813132277 <== mon.0 v2:172.21.15.62:3300/0 5 ==== osd_map(2..2 src has 1..2) v4 ==== 936+0+0 (secure 0 0 0) 0x7f9f48068920 con 0x7f9f58075b80
2024-07-03T13:49:40.330 INFO:teuthology.orchestra.run.smithi062.stdout:/usr/bin/ceph: stderr
2024-07-03T13:49:39.590+0000 7f9f567fc640 1 --2- 172.21.15.62:0/813132277 >> [v2:172.21.15.62:6800/3647161739,v1:172.21.15.62:6801/3647161739] conn(0x7f9f400357d0 0x7f9f40037c80 unknown :-1 s=BANNER_CONNECTING pgs=0 cs=0 l=1 rev1=0 crypto rx=0 tx=0 comp rx=0 tx=0)._handle_peer_banner_payload supported=3 required=0
2024-07-03T13:49:40.330 INFO:teuthology.orchestra.run.smithi062.stdout:/usr/bin/ceph: stderr
2024-07-03T13:49:39.590+0000 7f9f5d9eb640 1 -- 172.21.15.62:0/813132277 --> [v2:172.21.15.62:3300/0,v1:172.21.15.62:6789/0] -- mon_command({"prefix": "get_command_descriptions"} v 0) v1 -- 0x7f9f5804b530 con 0x7f9f58075b80
2024-07-03T13:49:40.330 INFO:teuthology.orchestra.run.smithi062.stdout:/usr/bin/ceph: stderr
2024-07-03T13:49:39.590+0000 7f9f567fc640 1 --2- 172.21.15.62:0/813132277 >> [v2:172.21.15.62:6800/3647161739,v1:172.21.15.62:6801/3647161739] conn(0x7f9f400357d0 0x7f9f40037c80 secure :-1 s=READY pgs=8 cs=0 l=1 rev1=1 crypto rx=0x7f9f4c006fd0 tx=0x7f9f4c006db0 comp rx=0 tx=0).ready entity=mgr.14118 client_cookie=0 server_cookie=0 in_seq=0 out_seq=0
2024-07-03T13:49:40.330 INFO:teuthology.orchestra.run.smithi062.stdout:/usr/bin/ceph: stderr
2024-07-03T13:49:39.594+0000 7f9f3f7fe640 1 -- 172.21.15.62:0/813132277 <== mon.0 v2:172.21.15.62:3300/0 6 ==== mon_command_ack([{"prefix": "get_command_descriptions"}]=0 v0) v1 ==== 72+0+176702 (secure 0 0 0) 0x7f9f48041020 con 0x7f9f58075b80
2024-07-03T13:49:40.330 INFO:teuthology.orchestra.run.smithi062.stdout:/usr/bin/ceph: stderr
2024-07-03T13:49:39.815+0000 7f9f5d9eb640 1 -- 172.21.15.62:0/813132277 --> [v2:172.21.15.62:6800/3647161739,v1:172.21.15.62:6801/3647161739] -- mgr_command(tid 0: {"prefix": "orch set backend", "module_name": "cephadm", "target": ["mon-mgr", ""]}) v1 -- 0x7f9f581013a0 con 0x7f9f400357d0
2024-07-03T13:49:40.330 INFO:teuthology.orchestra.run.smithi062.stdout:/usr/bin/ceph: stderr
2024-07-03T13:49:39.822+0000 7f9f3f7fe640 1 -- 172.21.15.62:0/813132277 <== mgr.14118 v2:172.21.15.62:6800/3647161739 1 ==== mgr_command_reply(tid 0: 0 ) v1 ==== 8+0+0 (secure 0 0 0) 0x7f9f581013a0 con 0x7f9f400357d0
2024-07-03T13:49:40.330 INFO:teuthology.orchestra.run.smithi062.stdout:/usr/bin/ceph: stderr
2024-07-03T13:49:39.825+0000 7f9f5d9eb640 1 -- 172.21.15.62:0/813132277 >> [v2:172.21.15.62:6800/3647161739,v1:172.21.15.62:6801/3647161739] conn(0x7f9f400357d0 msgr2=0x7f9f40037c80 secure :-1 s=STATE_CONNECTION_ESTABLISHED l=1).mark_down
2024-07-03T13:49:40.331 INFO:teuthology.orchestra.run.smithi062.stdout:/usr/bin/ceph: stderr
2024-07-03T13:49:39.825+0000 7f9f5d9eb640 1 --2- 172.21.15.62:0/813132277 >> [v2:172.21.15.62:6800/3647161739,v1:172.21.15.62:6801/3647161739] conn(0x7f9f400357d0 0x7f9f40037c80 secure :-1 s=READY pgs=8 cs=0 l=1 rev1=1 crypto rx=0x7f9f4c006fd0 tx=0x7f9f4c006db0 comp rx=0 tx=0).stop
2024-07-03T13:49:40.331 INFO:teuthology.orchestra.run.smithi062.stdout:/usr/bin/ceph: stderr
2024-07-03T13:49:39.825+0000 7f9f5d9eb640 1 -- 172.21.15.62:0/813132277 >> [v2:172.21.15.62:3300/0,v1:172.21.15.62:6789/0] conn(0x7f9f58075b80 msgr2=0x7f9f58102380 secure :-1 s=STATE_CONNECTION_ESTABLISHED l=1).mark_down
2024-07-03T13:49:40.331 INFO:teuthology.orchestra.run.smithi062.stdout:/usr/bin/ceph: stderr
2024-07-03T13:49:39.825+0000 7f9f5d9eb640 1 --2- 172.21.15.62:0/813132277 >> [v2:172.21.15.62:3300/0,v1:172.21.15.62:6789/0] conn(0x7f9f58075b80 0x7f9f58102380 secure :-1 s=READY pgs=36 cs=0 l=1 rev1=1 crypto rx=0x7f9f48031b90 tx=0x7f9f48008040 comp rx=0 tx=0).stop
2024-07-03T13:49:40.331 INFO:teuthology.orchestra.run.smithi062.stdout:/usr/bin/ceph: stderr
2024-07-03T13:49:39.825+0000 7f9f5d9eb640 1 -- 172.21.15.62:0/813132277 shutdown_connections
2024-07-03T13:49:40.331 INFO:teuthology.orchestra.run.smithi062.stdout:/usr/bin/ceph: stderr
2024-07-03T13:49:39.825+0000 7f9f5d9eb640 1 --2- 172.21.15.62:0/813132277 >> [v2:172.21.15.62:6800/3647161739,v1:172.21.15.62:6801/3647161739] conn(0x7f9f400357d0 0x7f9f40037c80 unknown :-1 s=CLOSED pgs=8 cs=0 l=1 rev1=1 crypto rx=0 tx=0 comp rx=0 tx=0).stop
2024-07-03T13:49:40.331 INFO:teuthology.orchestra.run.smithi062.stdout:/usr/bin/ceph: stderr
2024-07-03T13:49:39.825+0000 7f9f5d9eb640 1 --2- 172.21.15.62:0/813132277 >> [v2:172.21.15.62:3300/0,v1:172.21.15.62:6789/0] conn(0x7f9f58075b80 0x7f9f58102380 unknown :-1 s=CLOSED pgs=36 cs=0 l=1 rev1=1 crypto rx=0 tx=0 comp rx=0 tx=0).stop
2024-07-03T13:49:40.331 INFO:teuthology.orchestra.run.smithi062.stdout:/usr/bin/ceph: stderr
2024-07-03T13:49:39.825+0000 7f9f5d9eb640 1 -- 172.21.15.62:0/813132277 >> 172.21.15.62:0/813132277 conn(0x7f9f580fc520 msgr2=0x7f9f580fcf50 unknown :-1 s=STATE_NONE l=0).mark_down
2024-07-03T13:49:40.331 INFO:teuthology.orchestra.run.smithi062.stdout:/usr/bin/ceph: stderr
2024-07-03T13:49:39.825+0000 7f9f5d9eb640 1 -- 172.21.15.62:0/813132277 shutdown_connections
2024-07-03T13:49:40.331 INFO:teuthology.orchestra.run.smithi062.stdout:/usr/bin/ceph: stderr
2024-07-03T13:49:39.825+0000 7f9f5d9eb640 1 -- 172.21.15.62:0/813132277 wait complete.
2024-07-03T13:49:41.100 INFO:journalctl@ceph.mon.smithi062.smithi062.stdout:Jul 03 13:49:40 smithi062 ceph-mon[29033]: from='client.14130 -' entity='client.admin' cmd=[{"prefix": "orch set backend", "module_name": "cephadm", "target": ["mon-mgr", ""]}]: dispatch
2024-07-03T13:49:41.100 INFO:journalctl@ceph.mon.smithi062.smithi062.stdout:Jul 03 13:49:40 smithi062 ceph-mon[29033]: from='mgr.14118 172.21.15.62:0/439655163' entity='mgr.smithi062.tyckxe'
2024-07-03T13:49:41.100 INFO:journalctl@ceph.mon.smithi062.smithi062.stdout:Jul 03 13:49:40 smithi062 ceph-mon[29033]: from='mgr.14118 172.21.15.62:0/439655163' entity='mgr.smithi062.tyckxe' cmd=[{"prefix": "config dump", "format": "json"}]: dispatch
2024-07-03T13:49:41.467 INFO:teuthology.orchestra.run.smithi062.stdout:/usr/bin/ceph: stdout value unchanged
2024-07-03T13:49:41.467 INFO:teuthology.orchestra.run.smithi062.stdout:/usr/bin/ceph: stderr
2024-07-03T13:49:40.691+0000 7fb847bcd640 1 Processor -- start
2024-07-03T13:49:41.467 INFO:teuthology.orchestra.run.smithi062.stdout:/usr/bin/ceph: stderr
2024-07-03T13:49:40.691+0000 7fb847bcd640 1 -- start start
2024-07-03T13:49:41.467 INFO:teuthology.orchestra.run.smithi062.stdout:/usr/bin/ceph: stderr
2024-07-03T13:49:40.691+0000 7fb847bcd640 1 --2- >> [v2:172.21.15.62:3300/0,v1:172.21.15.62:6789/0] conn(0x7fb840101e80 0x7fb840102290 unknown :-1 s=NONE pgs=0 cs=0 l=0 rev1=0 crypto rx=0 tx=0 comp rx=0 tx=0).connect
2024-07-03T13:49:41.467 INFO:teuthology.orchestra.run.smithi062.stdout:/usr/bin/ceph: stderr
2024-07-03T13:49:40.691+0000 7fb847bcd640 1 -- --> [v2:172.21.15.62:3300/0,v1:172.21.15.62:6789/0] -- mon_getmap magic: 0 v1 -- 0x7fb8401027d0 con 0x7fb840101e80
2024-07-03T13:49:41.468 INFO:teuthology.orchestra.run.smithi062.stdout:/usr/bin/ceph: stderr
2024-07-03T13:49:40.692+0000 7fb845969640 1 --2- >> [v2:172.21.15.62:3300/0,v1:172.21.15.62:6789/0] conn(0x7fb840101e80 0x7fb840102290 unknown :-1 s=BANNER_CONNECTING pgs=0 cs=0 l=0 rev1=0 crypto rx=0 tx=0 comp rx=0 tx=0)._handle_peer_banner_payload supported=3 required=0
2024-07-03T13:49:41.468 INFO:teuthology.orchestra.run.smithi062.stdout:/usr/bin/ceph: stderr
2024-07-03T13:49:40.692+0000 7fb845969640 1 --2- >> [v2:172.21.15.62:3300/0,v1:172.21.15.62:6789/0] conn(0x7fb840101e80 0x7fb840102290 unknown :-1 s=HELLO_CONNECTING pgs=0 cs=0 l=0 rev1=1 crypto rx=0 tx=0 comp rx=0 tx=0).handle_hello peer v2:172.21.15.62:3300/0 says I am v2:172.21.15.62:52628/0 (socket says 172.21.15.62:52628)
2024-07-03T13:49:41.468 INFO:teuthology.orchestra.run.smithi062.stdout:/usr/bin/ceph: stderr
2024-07-03T13:49:40.692+0000 7fb845969640 1 -- 172.21.15.62:0/24031264 learned_addr learned my addr 172.21.15.62:0/24031264 (peer_addr_for_me v2:172.21.15.62:0/0)
2024-07-03T13:49:41.468 INFO:teuthology.orchestra.run.smithi062.stdout:/usr/bin/ceph: stderr
2024-07-03T13:49:40.692+0000 7fb845969640 1 -- 172.21.15.62:0/24031264 --> [v2:172.21.15.62:3300/0,v1:172.21.15.62:6789/0] -- mon_subscribe({config=0+,monmap=0+}) v3 -- 0x7fb840102910 con 0x7fb840101e80
2024-07-03T13:49:41.468 INFO:teuthology.orchestra.run.smithi062.stdout:/usr/bin/ceph: stderr
2024-07-03T13:49:40.693+0000 7fb845969640 1 --2- 172.21.15.62:0/24031264 >> [v2:172.21.15.62:3300/0,v1:172.21.15.62:6789/0] conn(0x7fb840101e80 0x7fb840102290 secure :-1 s=READY pgs=37 cs=0 l=1 rev1=1 crypto rx=0x7fb83c009840 tx=0x7fb83c0091d0 comp rx=0 tx=0).ready entity=mon.0 client_cookie=5cbce44b776e060c server_cookie=0 in_seq=0 out_seq=0
2024-07-03T13:49:41.468 INFO:teuthology.orchestra.run.smithi062.stdout:/usr/bin/ceph: stderr
2024-07-03T13:49:40.693+0000 7fb844967640 1 -- 172.21.15.62:0/24031264 <== mon.0 v2:172.21.15.62:3300/0 1 ==== mon_map magic: 0 v1 ==== 229+0+0 (secure 0 0 0) 0x7fb83c032440 con 0x7fb840101e80
2024-07-03T13:49:41.468 INFO:teuthology.orchestra.run.smithi062.stdout:/usr/bin/ceph: stderr
2024-07-03T13:49:40.693+0000 7fb844967640 1 -- 172.21.15.62:0/24031264 <== mon.0 v2:172.21.15.62:3300/0 2 ==== config(27 keys) v1 ==== 1044+0+0 (secure 0 0 0) 0x7fb83c032a30 con 0x7fb840101e80
2024-07-03T13:49:41.468 INFO:teuthology.orchestra.run.smithi062.stdout:/usr/bin/ceph: stderr
2024-07-03T13:49:40.693+0000 7fb844967640 1 -- 172.21.15.62:0/24031264 <== mon.0 v2:172.21.15.62:3300/0 3 ==== mon_map magic: 0 v1 ==== 229+0+0 (secure 0 0 0) 0x7fb83c031ad0 con 0x7fb840101e80
2024-07-03T13:49:41.468 INFO:teuthology.orchestra.run.smithi062.stdout:/usr/bin/ceph: stderr
2024-07-03T13:49:40.693+0000 7fb847bcd640 1 -- 172.21.15.62:0/24031264 >> [v2:172.21.15.62:3300/0,v1:172.21.15.62:6789/0] conn(0x7fb840101e80 msgr2=0x7fb840102290 secure :-1 s=STATE_CONNECTION_ESTABLISHED l=1).mark_down
2024-07-03T13:49:41.468 INFO:teuthology.orchestra.run.smithi062.stdout:/usr/bin/ceph: stderr
2024-07-03T13:49:40.693+0000 7fb847bcd640 1 --2- 172.21.15.62:0/24031264 >> [v2:172.21.15.62:3300/0,v1:172.21.15.62:6789/0] conn(0x7fb840101e80 0x7fb840102290 secure :-1 s=READY pgs=37 cs=0 l=1 rev1=1 crypto rx=0x7fb83c009840 tx=0x7fb83c0091d0 comp rx=0 tx=0).stop
2024-07-03T13:49:41.468 INFO:teuthology.orchestra.run.smithi062.stdout:/usr/bin/ceph: stderr
2024-07-03T13:49:40.693+0000 7fb847bcd640 1 -- 172.21.15.62:0/24031264 shutdown_connections
2024-07-03T13:49:41.468 INFO:teuthology.orchestra.run.smithi062.stdout:/usr/bin/ceph: stderr
2024-07-03T13:49:40.693+0000 7fb847bcd640 1 --2- 172.21.15.62:0/24031264 >> [v2:172.21.15.62:3300/0,v1:172.21.15.62:6789/0] conn(0x7fb840101e80 0x7fb840102290 unknown :-1 s=CLOSED pgs=37 cs=0 l=1 rev1=1 crypto rx=0 tx=0 comp rx=0 tx=0).stop
2024-07-03T13:49:41.469 INFO:teuthology.orchestra.run.smithi062.stdout:/usr/bin/ceph: stderr
2024-07-03T13:49:40.693+0000 7fb847bcd640 1 -- 172.21.15.62:0/24031264 >> 172.21.15.62:0/24031264 conn(0x7fb8400fd5e0 msgr2=0x7fb8400ff9f0 unknown :-1 s=STATE_NONE l=0).mark_down
2024-07-03T13:49:41.469 INFO:teuthology.orchestra.run.smithi062.stdout:/usr/bin/ceph: stderr
2024-07-03T13:49:40.694+0000 7fb847bcd640 1 -- 172.21.15.62:0/24031264 shutdown_connections
2024-07-03T13:49:41.469 INFO:teuthology.orchestra.run.smithi062.stdout:/usr/bin/ceph: stderr
2024-07-03T13:49:40.694+0000 7fb847bcd640 1 -- 172.21.15.62:0/24031264 wait complete.
2024-07-03T13:49:41.469 INFO:teuthology.orchestra.run.smithi062.stdout:/usr/bin/ceph: stderr
2024-07-03T13:49:40.694+0000 7fb847bcd640 1 Processor -- start
2024-07-03T13:49:41.469 INFO:teuthology.orchestra.run.smithi062.stdout:/usr/bin/ceph: stderr
2024-07-03T13:49:40.694+0000 7fb847bcd640 1 -- start start
2024-07-03T13:49:41.469 INFO:teuthology.orchestra.run.smithi062.stdout:/usr/bin/ceph: stderr
2024-07-03T13:49:40.694+0000 7fb847bcd640 1 --2- >> [v2:172.21.15.62:3300/0,v1:172.21.15.62:6789/0] conn(0x7fb840101e80 0x7fb840110a50 unknown :-1 s=NONE pgs=0 cs=0 l=1 rev1=0 crypto rx=0 tx=0 comp rx=0 tx=0).connect
2024-07-03T13:49:41.469 INFO:teuthology.orchestra.run.smithi062.stdout:/usr/bin/ceph: stderr
2024-07-03T13:49:40.694+0000 7fb847bcd640 1 -- --> [v2:172.21.15.62:3300/0,v1:172.21.15.62:6789/0] -- mon_getmap magic: 0 v1 -- 0x7fb840110f90 con 0x7fb840101e80
2024-07-03T13:49:41.469 INFO:teuthology.orchestra.run.smithi062.stdout:/usr/bin/ceph: stderr
2024-07-03T13:49:40.694+0000 7fb845969640 1 --2- >> [v2:172.21.15.62:3300/0,v1:172.21.15.62:6789/0] conn(0x7fb840101e80 0x7fb840110a50 unknown :-1 s=BANNER_CONNECTING pgs=0 cs=0 l=1 rev1=0 crypto rx=0 tx=0 comp rx=0 tx=0)._handle_peer_banner_payload supported=3 required=0
2024-07-03T13:49:41.469 INFO:teuthology.orchestra.run.smithi062.stdout:/usr/bin/ceph: stderr
2024-07-03T13:49:40.695+0000 7fb845969640 1 --2- >> [v2:172.21.15.62:3300/0,v1:172.21.15.62:6789/0] conn(0x7fb840101e80 0x7fb840110a50 unknown :-1 s=HELLO_CONNECTING pgs=0 cs=0 l=1 rev1=1 crypto rx=0 tx=0 comp rx=0 tx=0).handle_hello peer v2:172.21.15.62:3300/0 says I am v2:172.21.15.62:52638/0 (socket says 172.21.15.62:52638)
2024-07-03T13:49:41.469 INFO:teuthology.orchestra.run.smithi062.stdout:/usr/bin/ceph: stderr
2024-07-03T13:49:40.695+0000 7fb845969640 1 -- 172.21.15.62:0/2623942811 learned_addr learned my addr 172.21.15.62:0/2623942811 (peer_addr_for_me v2:172.21.15.62:0/0)
2024-07-03T13:49:41.469 INFO:teuthology.orchestra.run.smithi062.stdout:/usr/bin/ceph: stderr
2024-07-03T13:49:40.695+0000 7fb845969640 1 -- 172.21.15.62:0/2623942811 --> [v2:172.21.15.62:3300/0,v1:172.21.15.62:6789/0] -- mon_subscribe({config=0+,monmap=0+}) v3 -- 0x7fb83c009450 con 0x7fb840101e80
2024-07-03T13:49:41.469 INFO:teuthology.orchestra.run.smithi062.stdout:/usr/bin/ceph: stderr
2024-07-03T13:49:40.695+0000 7fb845969640 1 --2- 172.21.15.62:0/2623942811 >> [v2:172.21.15.62:3300/0,v1:172.21.15.62:6789/0] conn(0x7fb840101e80 0x7fb840110a50 secure :-1 s=READY pgs=38 cs=0 l=1 rev1=1 crypto rx=0x7fb83c009420 tx=0x7fb83c008040 comp rx=0 tx=0).ready entity=mon.0 client_cookie=0 server_cookie=0 in_seq=0 out_seq=0
2024-07-03T13:49:41.470 INFO:teuthology.orchestra.run.smithi062.stdout:/usr/bin/ceph: stderr
2024-07-03T13:49:40.695+0000 7fb8367fc640 1 -- 172.21.15.62:0/2623942811 <== mon.0 v2:172.21.15.62:3300/0 1 ==== mon_map magic: 0 v1 ==== 229+0+0 (secure 0 0 0) 0x7fb83c03d5b0 con 0x7fb840101e80
2024-07-03T13:49:41.470 INFO:teuthology.orchestra.run.smithi062.stdout:/usr/bin/ceph: stderr
2024-07-03T13:49:40.695+0000 7fb8367fc640 1 -- 172.21.15.62:0/2623942811 <== mon.0 v2:172.21.15.62:3300/0 2 ==== config(27 keys) v1 ==== 1044+0+0 (secure 0 0 0) 0x7fb83c03dba0 con 0x7fb840101e80
2024-07-03T13:49:41.470 INFO:teuthology.orchestra.run.smithi062.stdout:/usr/bin/ceph: stderr
2024-07-03T13:49:40.695+0000 7fb847bcd640 1 -- 172.21.15.62:0/2623942811 --> [v2:172.21.15.62:3300/0,v1:172.21.15.62:6789/0] -- mon_subscribe({mgrmap=0+}) v3 -- 0x7fb840111190 con 0x7fb840101e80
2024-07-03T13:49:41.470 INFO:teuthology.orchestra.run.smithi062.stdout:/usr/bin/ceph: stderr
