2024-07-26T06:22:20.985+0000 7f9bf1612640 1 -- 172.21.15.77:0/2083908983 shutdown_connections
2024-07-26T06:22:22.251 INFO:teuthology.orchestra.run.smithi077.stdout:/usr/bin/ceph: stderr
2024-07-26T06:22:20.985+0000 7f9bf1612640 1 --2- 172.21.15.77:0/2083908983 >> [v2:172.21.15.77:6800/1655934278,v1:172.21.15.77:6801/1655934278] conn(0x7f9bd80356c0 0x7f9bd8037b70 unknown :-1 s=CLOSED pgs=13 cs=0 l=1 rev1=1 crypto rx=0 tx=0 comp rx=0 tx=0).stop
2024-07-26T06:22:22.251 INFO:teuthology.orchestra.run.smithi077.stdout:/usr/bin/ceph: stderr
2024-07-26T06:22:20.985+0000 7f9bf1612640 1 --2- 172.21.15.77:0/2083908983 >> [v2:172.21.15.77:3300/0,v1:172.21.15.77:6789/0] conn(0x7f9bec076bb0 0x7f9bec110a80 unknown :-1 s=CLOSED pgs=48 cs=0 l=1 rev1=1 crypto rx=0 tx=0 comp rx=0 tx=0).stop
2024-07-26T06:22:22.251 INFO:teuthology.orchestra.run.smithi077.stdout:/usr/bin/ceph: stderr
2024-07-26T06:22:20.985+0000 7f9bf1612640 1 -- 172.21.15.77:0/2083908983 >> 172.21.15.77:0/2083908983 conn(0x7f9bec0fc430 msgr2=0x7f9bec0fcf70 unknown :-1 s=STATE_NONE l=0).mark_down
2024-07-26T06:22:22.251 INFO:teuthology.orchestra.run.smithi077.stdout:/usr/bin/ceph: stderr
2024-07-26T06:22:20.985+0000 7f9bf1612640 1 -- 172.21.15.77:0/2083908983 shutdown_connections
2024-07-26T06:22:22.251 INFO:teuthology.orchestra.run.smithi077.stdout:/usr/bin/ceph: stderr
2024-07-26T06:22:20.985+0000 7f9bf1612640 1 -- 172.21.15.77:0/2083908983 wait complete.
2024-07-26T06:22:22.251 INFO:teuthology.orchestra.run.smithi077.stdout:Deploying crash service with default placement...
2024-07-26T06:22:23.527 INFO:journalctl@ceph.mon.smithi077.smithi077.stdout:Jul 26 06:22:23 smithi077 ceph-mon[29596]: from='mgr.14118 172.21.15.77:0/3872611551' entity='mgr.smithi077.dbpeod'
2024-07-26T06:22:23.527 INFO:journalctl@ceph.mon.smithi077.smithi077.stdout:Jul 26 06:22:23 smithi077 ceph-mon[29596]: from='mgr.14118 172.21.15.77:0/3872611551' entity='mgr.smithi077.dbpeod'
2024-07-26T06:22:24.091 INFO:teuthology.orchestra.run.smithi077.stdout:/usr/bin/ceph: stdout Scheduled crash update...
2024-07-26T06:22:24.091 INFO:teuthology.orchestra.run.smithi077.stdout:/usr/bin/ceph: stderr
2024-07-26T06:22:22.689+0000 7f25e4420640 1 Processor -- start
2024-07-26T06:22:24.091 INFO:teuthology.orchestra.run.smithi077.stdout:/usr/bin/ceph: stderr
2024-07-26T06:22:22.690+0000 7f25e4420640 1 -- start start
2024-07-26T06:22:24.092 INFO:teuthology.orchestra.run.smithi077.stdout:/usr/bin/ceph: stderr
2024-07-26T06:22:22.690+0000 7f25e4420640 1 --2- >> [v2:172.21.15.77:3300/0,v1:172.21.15.77:6789/0] conn(0x7f25dc103170 0x7f25dc103580 unknown :-1 s=NONE pgs=0 cs=0 l=0 rev1=0 crypto rx=0 tx=0 comp rx=0 tx=0).connect
2024-07-26T06:22:24.092 INFO:teuthology.orchestra.run.smithi077.stdout:/usr/bin/ceph: stderr
2024-07-26T06:22:22.690+0000 7f25e4420640 1 -- --> [v2:172.21.15.77:3300/0,v1:172.21.15.77:6789/0] -- mon_getmap magic: 0 v1 -- 0x7f25dc103b50 con 0x7f25dc103170
2024-07-26T06:22:24.092 INFO:teuthology.orchestra.run.smithi077.stdout:/usr/bin/ceph: stderr
2024-07-26T06:22:22.690+0000 7f25e21bc640 1 --2- >> [v2:172.21.15.77:3300/0,v1:172.21.15.77:6789/0] conn(0x7f25dc103170 0x7f25dc103580 unknown :-1 s=BANNER_CONNECTING pgs=0 cs=0 l=0 rev1=0 crypto rx=0 tx=0 comp rx=0 tx=0)._handle_peer_banner_payload supported=3 required=0
2024-07-26T06:22:24.092 INFO:teuthology.orchestra.run.smithi077.stdout:/usr/bin/ceph: stderr
2024-07-26T06:22:22.690+0000 7f25e21bc640 1 --2- >> [v2:172.21.15.77:3300/0,v1:172.21.15.77:6789/0] conn(0x7f25dc103170 0x7f25dc103580 unknown :-1 s=HELLO_CONNECTING pgs=0 cs=0 l=0 rev1=1 crypto rx=0 tx=0 comp rx=0 tx=0).handle_hello peer v2:172.21.15.77:3300/0 says I am v2:172.21.15.77:58428/0 (socket says 172.21.15.77:58428)
2024-07-26T06:22:24.092 INFO:teuthology.orchestra.run.smithi077.stdout:/usr/bin/ceph: stderr
2024-07-26T06:22:22.690+0000 7f25e21bc640 1 -- 172.21.15.77:0/1277009825 learned_addr learned my addr 172.21.15.77:0/1277009825 (peer_addr_for_me v2:172.21.15.77:0/0)
2024-07-26T06:22:24.092 INFO:teuthology.orchestra.run.smithi077.stdout:/usr/bin/ceph: stderr
2024-07-26T06:22:22.690+0000 7f25e21bc640 1 -- 172.21.15.77:0/1277009825 --> [v2:172.21.15.77:3300/0,v1:172.21.15.77:6789/0] -- mon_subscribe({config=0+,monmap=0+}) v3 -- 0x7f25dc103c90 con 0x7f25dc103170
2024-07-26T06:22:24.092 INFO:teuthology.orchestra.run.smithi077.stdout:/usr/bin/ceph: stderr
2024-07-26T06:22:22.691+0000 7f25e21bc640 1 --2- 172.21.15.77:0/1277009825 >> [v2:172.21.15.77:3300/0,v1:172.21.15.77:6789/0] conn(0x7f25dc103170 0x7f25dc103580 secure :-1 s=READY pgs=49 cs=0 l=1 rev1=1 crypto rx=0x7f25d0009840 tx=0x7f25d00091d0 comp rx=0 tx=0).ready entity=mon.0 client_cookie=836c23c65396511 server_cookie=0 in_seq=0 out_seq=0
2024-07-26T06:22:24.092 INFO:teuthology.orchestra.run.smithi077.stdout:/usr/bin/ceph: stderr
2024-07-26T06:22:22.691+0000 7f25e11ba640 1 -- 172.21.15.77:0/1277009825 <== mon.0 v2:172.21.15.77:3300/0 1 ==== mon_map magic: 0 v1 ==== 229+0+0 (secure 0 0 0) 0x7f25d0032440 con 0x7f25dc103170
2024-07-26T06:22:24.093 INFO:teuthology.orchestra.run.smithi077.stdout:/usr/bin/ceph: stderr
2024-07-26T06:22:22.691+0000 7f25e11ba640 1 -- 172.21.15.77:0/1277009825 <== mon.0 v2:172.21.15.77:3300/0 2 ==== config(26 keys) v1 ==== 1070+0+0 (secure 0 0 0) 0x7f25d0032a40 con 0x7f25dc103170
2024-07-26T06:22:24.093 INFO:teuthology.orchestra.run.smithi077.stdout:/usr/bin/ceph: stderr
2024-07-26T06:22:22.691+0000 7f25e11ba640 1 -- 172.21.15.77:0/1277009825 <== mon.0 v2:172.21.15.77:3300/0 3 ==== mon_map magic: 0 v1 ==== 229+0+0 (secure 0 0 0) 0x7f25d0031a70 con 0x7f25dc103170
2024-07-26T06:22:24.093 INFO:teuthology.orchestra.run.smithi077.stdout:/usr/bin/ceph: stderr
2024-07-26T06:22:22.692+0000 7f25e4420640 1 -- 172.21.15.77:0/1277009825 >> [v2:172.21.15.77:3300/0,v1:172.21.15.77:6789/0] conn(0x7f25dc103170 msgr2=0x7f25dc103580 secure :-1 s=STATE_CONNECTION_ESTABLISHED l=1).mark_down
2024-07-26T06:22:24.093 INFO:teuthology.orchestra.run.smithi077.stdout:/usr/bin/ceph: stderr
2024-07-26T06:22:22.692+0000 7f25e4420640 1 --2- 172.21.15.77:0/1277009825 >> [v2:172.21.15.77:3300/0,v1:172.21.15.77:6789/0] conn(0x7f25dc103170 0x7f25dc103580 secure :-1 s=READY pgs=49 cs=0 l=1 rev1=1 crypto rx=0x7f25d0009840 tx=0x7f25d00091d0 comp rx=0 tx=0).stop
2024-07-26T06:22:24.093 INFO:teuthology.orchestra.run.smithi077.stdout:/usr/bin/ceph: stderr
2024-07-26T06:22:22.692+0000 7f25e4420640 1 -- 172.21.15.77:0/1277009825 shutdown_connections
2024-07-26T06:22:24.093 INFO:teuthology.orchestra.run.smithi077.stdout:/usr/bin/ceph: stderr
2024-07-26T06:22:22.692+0000 7f25e4420640 1 --2- 172.21.15.77:0/1277009825 >> [v2:172.21.15.77:3300/0,v1:172.21.15.77:6789/0] conn(0x7f25dc103170 0x7f25dc103580 unknown :-1 s=CLOSED pgs=49 cs=0 l=1 rev1=1 crypto rx=0 tx=0 comp rx=0 tx=0).stop
2024-07-26T06:22:24.094 INFO:teuthology.orchestra.run.smithi077.stdout:/usr/bin/ceph: stderr
2024-07-26T06:22:22.692+0000 7f25e4420640 1 -- 172.21.15.77:0/1277009825 >> 172.21.15.77:0/1277009825 conn(0x7f25dc0fbb80 msgr2=0x7f25dc0fdff0 unknown :-1 s=STATE_NONE l=0).mark_down
2024-07-26T06:22:24.094 INFO:teuthology.orchestra.run.smithi077.stdout:/usr/bin/ceph: stderr
2024-07-26T06:22:22.692+0000 7f25e4420640 1 -- 172.21.15.77:0/1277009825 shutdown_connections
2024-07-26T06:22:24.094 INFO:teuthology.orchestra.run.smithi077.stdout:/usr/bin/ceph: stderr
2024-07-26T06:22:22.692+0000 7f25e4420640 1 -- 172.21.15.77:0/1277009825 wait complete.
2024-07-26T06:22:24.094 INFO:teuthology.orchestra.run.smithi077.stdout:/usr/bin/ceph: stderr
2024-07-26T06:22:22.692+0000 7f25e4420640 1 Processor -- start
2024-07-26T06:22:24.094 INFO:teuthology.orchestra.run.smithi077.stdout:/usr/bin/ceph: stderr
2024-07-26T06:22:22.692+0000 7f25e4420640 1 -- start start
2024-07-26T06:22:24.094 INFO:teuthology.orchestra.run.smithi077.stdout:/usr/bin/ceph: stderr
2024-07-26T06:22:22.693+0000 7f25e4420640 1 --2- >> [v2:172.21.15.77:3300/0,v1:172.21.15.77:6789/0] conn(0x7f25dc103170 0x7f25dc102ab0 unknown :-1 s=NONE pgs=0 cs=0 l=1 rev1=0 crypto rx=0 tx=0 comp rx=0 tx=0).connect
2024-07-26T06:22:24.094 INFO:teuthology.orchestra.run.smithi077.stdout:/usr/bin/ceph: stderr
2024-07-26T06:22:22.693+0000 7f25e4420640 1 -- --> [v2:172.21.15.77:3300/0,v1:172.21.15.77:6789/0] -- mon_getmap magic: 0 v1 -- 0x7f25dc102ff0 con 0x7f25dc103170
2024-07-26T06:22:24.094 INFO:teuthology.orchestra.run.smithi077.stdout:/usr/bin/ceph: stderr
2024-07-26T06:22:22.693+0000 7f25e21bc640 1 --2- >> [v2:172.21.15.77:3300/0,v1:172.21.15.77:6789/0] conn(0x7f25dc103170 0x7f25dc102ab0 unknown :-1 s=BANNER_CONNECTING pgs=0 cs=0 l=1 rev1=0 crypto rx=0 tx=0 comp rx=0 tx=0)._handle_peer_banner_payload supported=3 required=0
2024-07-26T06:22:24.094 INFO:teuthology.orchestra.run.smithi077.stdout:/usr/bin/ceph: stderr
2024-07-26T06:22:22.693+0000 7f25e21bc640 1 --2- >> [v2:172.21.15.77:3300/0,v1:172.21.15.77:6789/0] conn(0x7f25dc103170 0x7f25dc102ab0 unknown :-1 s=HELLO_CONNECTING pgs=0 cs=0 l=1 rev1=1 crypto rx=0 tx=0 comp rx=0 tx=0).handle_hello peer v2:172.21.15.77:3300/0 says I am v2:172.21.15.77:58440/0 (socket says 172.21.15.77:58440)
2024-07-26T06:22:24.094 INFO:teuthology.orchestra.run.smithi077.stdout:/usr/bin/ceph: stderr
2024-07-26T06:22:22.693+0000 7f25e21bc640 1 -- 172.21.15.77:0/2048032520 learned_addr learned my addr 172.21.15.77:0/2048032520 (peer_addr_for_me v2:172.21.15.77:0/0)
2024-07-26T06:22:24.094 INFO:teuthology.orchestra.run.smithi077.stdout:/usr/bin/ceph: stderr
2024-07-26T06:22:22.693+0000 7f25e21bc640 1 -- 172.21.15.77:0/2048032520 --> [v2:172.21.15.77:3300/0,v1:172.21.15.77:6789/0] -- mon_subscribe({config=0+,monmap=0+}) v3 -- 0x7f25d0009450 con 0x7f25dc103170
2024-07-26T06:22:24.095 INFO:teuthology.orchestra.run.smithi077.stdout:/usr/bin/ceph: stderr
2024-07-26T06:22:22.693+0000 7f25e21bc640 1 --2- 172.21.15.77:0/2048032520 >> [v2:172.21.15.77:3300/0,v1:172.21.15.77:6789/0] conn(0x7f25dc103170 0x7f25dc102ab0 secure :-1 s=READY pgs=50 cs=0 l=1 rev1=1 crypto rx=0x7f25d0031670 tx=0x7f25d00091d0 comp rx=0 tx=0).ready entity=mon.0 client_cookie=0 server_cookie=0 in_seq=0 out_seq=0
2024-07-26T06:22:24.095 INFO:teuthology.orchestra.run.smithi077.stdout:/usr/bin/ceph: stderr
2024-07-26T06:22:22.693+0000 7f25ceffd640 1 -- 172.21.15.77:0/2048032520 <== mon.0 v2:172.21.15.77:3300/0 1 ==== mon_map magic: 0 v1 ==== 229+0+0 (secure 0 0 0) 0x7f25d003c400 con 0x7f25dc103170
2024-07-26T06:22:24.095 INFO:teuthology.orchestra.run.smithi077.stdout:/usr/bin/ceph: stderr
2024-07-26T06:22:22.693+0000 7f25ceffd640 1 -- 172.21.15.77:0/2048032520 <== mon.0 v2:172.21.15.77:3300/0 2 ==== config(26 keys) v1 ==== 1070+0+0 (secure 0 0 0) 0x7f25d003ca00 con 0x7f25dc103170
2024-07-26T06:22:24.095 INFO:teuthology.orchestra.run.smithi077.stdout:/usr/bin/ceph: stderr
2024-07-26T06:22:22.693+0000 7f25e4420640 1 -- 172.21.15.77:0/2048032520 --> [v2:172.21.15.77:3300/0,v1:172.21.15.77:6789/0] -- mon_subscribe({mgrmap=0+}) v3 -- 0x7f25dc101080 con 0x7f25dc103170
2024-07-26T06:22:24.095 INFO:teuthology.orchestra.run.smithi077.stdout:/usr/bin/ceph: stderr
2024-07-26T06:22:22.693+0000 7f25ceffd640 1 -- 172.21.15.77:0/2048032520 <== mon.0 v2:172.21.15.77:3300/0 3 ==== mon_map magic: 0 v1 ==== 229+0+0 (secure 0 0 0) 0x7f25d003a910 con 0x7f25dc103170
2024-07-26T06:22:24.095 INFO:teuthology.orchestra.run.smithi077.stdout:/usr/bin/ceph: stderr
2024-07-26T06:22:22.693+0000 7f25e4420640 1 -- 172.21.15.77:0/2048032520 --> [v2:172.21.15.77:3300/0,v1:172.21.15.77:6789/0] -- mon_subscribe({osdmap=0}) v3 -- 0x7f25dc1014f0 con 0x7f25dc103170
2024-07-26T06:22:24.095 INFO:teuthology.orchestra.run.smithi077.stdout:/usr/bin/ceph: stderr
2024-07-26T06:22:22.694+0000 7f25ceffd640 1 -- 172.21.15.77:0/2048032520 <== mon.0 v2:172.21.15.77:3300/0 4 ==== mgrmap(e 8) v1 ==== 42636+0+0 (secure 0 0 0) 0x7f25d003ab00 con 0x7f25dc103170
2024-07-26T06:22:24.095 INFO:teuthology.orchestra.run.smithi077.stdout:/usr/bin/ceph: stderr
2024-07-26T06:22:22.694+0000 7f25ceffd640 1 --2- 172.21.15.77:0/2048032520 >> [v2:172.21.15.77:6800/1655934278,v1:172.21.15.77:6801/1655934278] conn(0x7f25c80356c0 0x7f25c8037b70 unknown :-1 s=NONE pgs=0 cs=0 l=1 rev1=0 crypto rx=0 tx=0 comp rx=0 tx=0).connect
2024-07-26T06:22:24.095 INFO:teuthology.orchestra.run.smithi077.stdout:/usr/bin/ceph: stderr
2024-07-26T06:22:22.694+0000 7f25e4420640 1 -- 172.21.15.77:0/2048032520 --> [v2:172.21.15.77:3300/0,v1:172.21.15.77:6789/0] -- mon_command({"prefix": "get_command_descriptions"} v 0) v1 -- 0x7f25dc1007b0 con 0x7f25dc103170
2024-07-26T06:22:24.095 INFO:teuthology.orchestra.run.smithi077.stdout:/usr/bin/ceph: stderr
2024-07-26T06:22:22.694+0000 7f25ceffd640 1 -- 172.21.15.77:0/2048032520 <== mon.0 v2:172.21.15.77:3300/0 5 ==== osd_map(2..2 src has 1..2) v4 ==== 936+0+0 (secure 0 0 0) 0x7f25d0068490 con 0x7f25dc103170
2024-07-26T06:22:24.095 INFO:teuthology.orchestra.run.smithi077.stdout:/usr/bin/ceph: stderr
2024-07-26T06:22:22.694+0000 7f25e19bb640 1 --2- 172.21.15.77:0/2048032520 >> [v2:172.21.15.77:6800/1655934278,v1:172.21.15.77:6801/1655934278] conn(0x7f25c80356c0 0x7f25c8037b70 unknown :-1 s=BANNER_CONNECTING pgs=0 cs=0 l=1 rev1=0 crypto rx=0 tx=0 comp rx=0 tx=0)._handle_peer_banner_payload supported=3 required=0
2024-07-26T06:22:24.095 INFO:teuthology.orchestra.run.smithi077.stdout:/usr/bin/ceph: stderr
2024-07-26T06:22:22.695+0000 7f25e19bb640 1 --2- 172.21.15.77:0/2048032520 >> [v2:172.21.15.77:6800/1655934278,v1:172.21.15.77:6801/1655934278] conn(0x7f25c80356c0 0x7f25c8037b70 secure :-1 s=READY pgs=14 cs=0 l=1 rev1=1 crypto rx=0x7f25d8006fd0 tx=0x7f25d8006db0 comp rx=0 tx=0).ready entity=mgr.14118 client_cookie=0 server_cookie=0 in_seq=0 out_seq=0
2024-07-26T06:22:24.096 INFO:teuthology.orchestra.run.smithi077.stdout:/usr/bin/ceph: stderr
2024-07-26T06:22:22.699+0000 7f25ceffd640 1 -- 172.21.15.77:0/2048032520 <== mon.0 v2:172.21.15.77:3300/0 6 ==== mon_command_ack([{"prefix": "get_command_descriptions"}]=0 v0) v1 ==== 72+0+176702 (secure 0 0 0) 0x7f25d0097250 con 0x7f25dc103170
2024-07-26T06:22:24.096 INFO:teuthology.orchestra.run.smithi077.stdout:/usr/bin/ceph: stderr
2024-07-26T06:22:22.880+0000 7f25e4420640 1 -- 172.21.15.77:0/2048032520 --> [v2:172.21.15.77:6800/1655934278,v1:172.21.15.77:6801/1655934278] -- mgr_command(tid 0: {"prefix": "orch apply", "service_type": "crash", "target": ["mon-mgr", ""]}) v1 -- 0x7f25dc0fcee0 con 0x7f25c80356c0
2024-07-26T06:22:24.096 INFO:teuthology.orchestra.run.smithi077.stdout:/usr/bin/ceph: stderr
2024-07-26T06:22:22.885+0000 7f25ceffd640 1 -- 172.21.15.77:0/2048032520 <== mgr.14118 v2:172.21.15.77:6800/1655934278 1 ==== mgr_command_reply(tid 0: 0 ) v1 ==== 8+0+26 (secure 0 0 0) 0x7f25dc0fcee0 con 0x7f25c80356c0
2024-07-26T06:22:24.096 INFO:teuthology.orchestra.run.smithi077.stdout:/usr/bin/ceph: stderr
2024-07-26T06:22:22.887+0000 7f25e4420640 1 -- 172.21.15.77:0/2048032520 >> [v2:172.21.15.77:6800/1655934278,v1:172.21.15.77:6801/1655934278] conn(0x7f25c80356c0 msgr2=0x7f25c8037b70 secure :-1 s=STATE_CONNECTION_ESTABLISHED l=1).mark_down
2024-07-26T06:22:24.096 INFO:teuthology.orchestra.run.smithi077.stdout:/usr/bin/ceph: stderr
2024-07-26T06:22:22.887+0000 7f25e4420640 1 --2- 172.21.15.77:0/2048032520 >> [v2:172.21.15.77:6800/1655934278,v1:172.21.15.77:6801/1655934278] conn(0x7f25c80356c0 0x7f25c8037b70 secure :-1 s=READY pgs=14 cs=0 l=1 rev1=1 crypto rx=0x7f25d8006fd0 tx=0x7f25d8006db0 comp rx=0 tx=0).stop
2024-07-26T06:22:24.096 INFO:teuthology.orchestra.run.smithi077.stdout:/usr/bin/ceph: stderr
2024-07-26T06:22:22.887+0000 7f25e4420640 1 -- 172.21.15.77:0/2048032520 >> [v2:172.21.15.77:3300/0,v1:172.21.15.77:6789/0] conn(0x7f25dc103170 msgr2=0x7f25dc102ab0 secure :-1 s=STATE_CONNECTION_ESTABLISHED l=1).mark_down
2024-07-26T06:22:24.096 INFO:teuthology.orchestra.run.smithi077.stdout:/usr/bin/ceph: stderr
2024-07-26T06:22:22.887+0000 7f25e4420640 1 --2- 172.21.15.77:0/2048032520 >> [v2:172.21.15.77:3300/0,v1:172.21.15.77:6789/0] conn(0x7f25dc103170 0x7f25dc102ab0 secure :-1 s=READY pgs=50 cs=0 l=1 rev1=1 crypto rx=0x7f25d0031670 tx=0x7f25d00091d0 comp rx=0 tx=0).stop
2024-07-26T06:22:24.096 INFO:teuthology.orchestra.run.smithi077.stdout:/usr/bin/ceph: stderr
2024-07-26T06:22:22.887+0000 7f25e4420640 1 -- 172.21.15.77:0/2048032520 shutdown_connections
2024-07-26T06:22:24.096 INFO:teuthology.orchestra.run.smithi077.stdout:/usr/bin/ceph: stderr
2024-07-26T06:22:22.887+0000 7f25e4420640 1 --2- 172.21.15.77:0/2048032520 >> [v2:172.21.15.77:6800/1655934278,v1:172.21.15.77:6801/1655934278] conn(0x7f25c80356c0 0x7f25c8037b70 unknown :-1 s=CLOSED pgs=14 cs=0 l=1 rev1=1 crypto rx=0 tx=0 comp rx=0 tx=0).stop
2024-07-26T06:22:24.096 INFO:teuthology.orchestra.run.smithi077.stdout:/usr/bin/ceph: stderr
2024-07-26T06:22:22.887+0000 7f25e4420640 1 --2- 172.21.15.77:0/2048032520 >> [v2:172.21.15.77:3300/0,v1:172.21.15.77:6789/0] conn(0x7f25dc103170 0x7f25dc102ab0 unknown :-1 s=CLOSED pgs=50 cs=0 l=1 rev1=1 crypto rx=0 tx=0 comp rx=0 tx=0).stop
2024-07-26T06:22:24.096 INFO:teuthology.orchestra.run.smithi077.stdout:/usr/bin/ceph: stderr
2024-07-26T06:22:22.887+0000 7f25e4420640 1 -- 172.21.15.77:0/2048032520 >> 172.21.15.77:0/2048032520 conn(0x7f25dc0fbb80 msgr2=0x7f25dc0fc7b0 unknown :-1 s=STATE_NONE l=0).mark_down
2024-07-26T06:22:24.097 INFO:teuthology.orchestra.run.smithi077.stdout:/usr/bin/ceph: stderr
2024-07-26T06:22:22.887+0000 7f25e4420640 1 -- 172.21.15.77:0/2048032520 shutdown_connections
2024-07-26T06:22:24.097 INFO:teuthology.orchestra.run.smithi077.stdout:/usr/bin/ceph: stderr
2024-07-26T06:22:22.888+0000 7f25e4420640 1 -- 172.21.15.77:0/2048032520 wait complete.
2024-07-26T06:22:24.097 INFO:teuthology.orchestra.run.smithi077.stdout:Deploying prometheus service with default placement...
2024-07-26T06:22:24.377 INFO:journalctl@ceph.mon.smithi077.smithi077.stdout:Jul 26 06:22:24 smithi077 ceph-mon[29596]: from='client.14144 -' entity='client.admin' cmd=[{"prefix": "orch apply", "service_type": "crash", "target": ["mon-mgr", ""]}]: dispatch
2024-07-26T06:22:24.377 INFO:journalctl@ceph.mon.smithi077.smithi077.stdout:Jul 26 06:22:24 smithi077 ceph-mon[29596]: Saving service crash spec with placement *
2024-07-26T06:22:24.377 INFO:journalctl@ceph.mon.smithi077.smithi077.stdout:Jul 26 06:22:24 smithi077 ceph-mon[29596]: from='mgr.14118 172.21.15.77:0/3872611551' entity='mgr.smithi077.dbpeod'
2024-07-26T06:22:25.214 INFO:teuthology.orchestra.run.smithi077.stdout:/usr/bin/ceph: stdout Scheduled prometheus update...
2024-07-26T06:22:25.215 INFO:teuthology.orchestra.run.smithi077.stdout:/usr/bin/ceph: stderr
2024-07-26T06:22:24.452+0000 7f0682135640 1 Processor -- start
2024-07-26T06:22:25.215 INFO:teuthology.orchestra.run.smithi077.stdout:/usr/bin/ceph: stderr
2024-07-26T06:22:24.452+0000 7f0682135640 1 -- start start
2024-07-26T06:22:25.215 INFO:teuthology.orchestra.run.smithi077.stdout:/usr/bin/ceph: stderr
2024-07-26T06:22:24.453+0000 7f0682135640 1 --2- >> [v2:172.21.15.77:3300/0,v1:172.21.15.77:6789/0] conn(0x7f067c070820 0x7f067c106cf0 unknown :-1 s=NONE pgs=0 cs=0 l=0 rev1=0 crypto rx=0 tx=0 comp rx=0 tx=0).connect
2024-07-26T06:22:25.215 INFO:teuthology.orchestra.run.smithi077.stdout:/usr/bin/ceph: stderr
2024-07-26T06:22:24.453+0000 7f0682135640 1 -- --> [v2:172.21.15.77:3300/0,v1:172.21.15.77:6789/0] -- mon_getmap magic: 0 v1 -- 0x7f067c1026e0 con 0x7f067c070820
2024-07-26T06:22:25.215 INFO:teuthology.orchestra.run.smithi077.stdout:/usr/bin/ceph: stderr
2024-07-26T06:22:24.453+0000 7f067b7fe640 1 --2- >> [v2:172.21.15.77:3300/0,v1:172.21.15.77:6789/0] conn(0x7f067c070820 0x7f067c106cf0 unknown :-1 s=BANNER_CONNECTING pgs=0 cs=0 l=0 rev1=0 crypto rx=0 tx=0 comp rx=0 tx=0)._handle_peer_banner_payload supported=3 required=0
2024-07-26T06:22:25.216 INFO:teuthology.orchestra.run.smithi077.stdout:/usr/bin/ceph: stderr
2024-07-26T06:22:24.453+0000 7f067b7fe640 1 --2- >> [v2:172.21.15.77:3300/0,v1:172.21.15.77:6789/0] conn(0x7f067c070820 0x7f067c106cf0 unknown :-1 s=HELLO_CONNECTING pgs=0 cs=0 l=0 rev1=1 crypto rx=0 tx=0 comp rx=0 tx=0).handle_hello peer v2:172.21.15.77:3300/0 says I am v2:172.21.15.77:38860/0 (socket says 172.21.15.77:38860)
2024-07-26T06:22:25.216 INFO:teuthology.orchestra.run.smithi077.stdout:/usr/bin/ceph: stderr
2024-07-26T06:22:24.453+0000 7f067b7fe640 1 -- 172.21.15.77:0/2113650074 learned_addr learned my addr 172.21.15.77:0/2113650074 (peer_addr_for_me v2:172.21.15.77:0/0)
2024-07-26T06:22:25.216 INFO:teuthology.orchestra.run.smithi077.stdout:/usr/bin/ceph: stderr
2024-07-26T06:22:24.453+0000 7f067b7fe640 1 -- 172.21.15.77:0/2113650074 --> [v2:172.21.15.77:3300/0,v1:172.21.15.77:6789/0] -- mon_subscribe({config=0+,monmap=0+}) v3 -- 0x7f067c107230 con 0x7f067c070820
2024-07-26T06:22:25.216 INFO:teuthology.orchestra.run.smithi077.stdout:/usr/bin/ceph: stderr
2024-07-26T06:22:24.454+0000 7f067b7fe640 1 --2- 172.21.15.77:0/2113650074 >> [v2:172.21.15.77:3300/0,v1:172.21.15.77:6789/0] conn(0x7f067c070820 0x7f067c106cf0 secure :-1 s=READY pgs=51 cs=0 l=1 rev1=1 crypto rx=0x7f066c009840 tx=0x7f066c0091d0 comp rx=0 tx=0).ready entity=mon.0 client_cookie=f7d31713a7d7b820 server_cookie=0 in_seq=0 out_seq=0
2024-07-26T06:22:25.216 INFO:teuthology.orchestra.run.smithi077.stdout:/usr/bin/ceph: stderr
2024-07-26T06:22:24.454+0000 7f067a7fc640 1 -- 172.21.15.77:0/2113650074 <== mon.0 v2:172.21.15.77:3300/0 1 ==== mon_map magic: 0 v1 ==== 229+0+0 (secure 0 0 0) 0x7f066c032440 con 0x7f067c070820
2024-07-26T06:22:25.216 INFO:teuthology.orchestra.run.smithi077.stdout:/usr/bin/ceph: stderr
2024-07-26T06:22:24.454+0000 7f067a7fc640 1 -- 172.21.15.77:0/2113650074 <== mon.0 v2:172.21.15.77:3300/0 2 ==== config(26 keys) v1 ==== 1070+0+0 (secure 0 0 0) 0x7f066c032a40 con 0x7f067c070820
2024-07-26T06:22:25.217 INFO:teuthology.orchestra.run.smithi077.stdout:/usr/bin/ceph: stderr
2024-07-26T06:22:24.454+0000 7f067a7fc640 1 -- 172.21.15.77:0/2113650074 <== mon.0 v2:172.21.15.77:3300/0 3 ==== mon_map magic: 0 v1 ==== 229+0+0 (secure 0 0 0) 0x7f066c031a70 con 0x7f067c070820
2024-07-26T06:22:25.217 INFO:teuthology.orchestra.run.smithi077.stdout:/usr/bin/ceph: stderr
2024-07-26T06:22:24.455+0000 7f0682135640 1 -- 172.21.15.77:0/2113650074 >> [v2:172.21.15.77:3300/0,v1:172.21.15.77:6789/0] conn(0x7f067c070820 msgr2=0x7f067c106cf0 secure :-1 s=STATE_CONNECTION_ESTABLISHED l=1).mark_down
2024-07-26T06:22:25.217 INFO:teuthology.orchestra.run.smithi077.stdout:/usr/bin/ceph: stderr
2024-07-26T06:22:24.455+0000 7f0682135640 1 --2- 172.21.15.77:0/2113650074 >> [v2:172.21.15.77:3300/0,v1:172.21.15.77:6789/0] conn(0x7f067c070820 0x7f067c106cf0 secure :-1 s=READY pgs=51 cs=0 l=1 rev1=1 crypto rx=0x7f066c009840 tx=0x7f066c0091d0 comp rx=0 tx=0).stop
2024-07-26T06:22:25.217 INFO:teuthology.orchestra.run.smithi077.stdout:/usr/bin/ceph: stderr
2024-07-26T06:22:24.455+0000 7f0682135640 1 -- 172.21.15.77:0/2113650074 shutdown_connections
2024-07-26T06:22:25.217 INFO:teuthology.orchestra.run.smithi077.stdout:/usr/bin/ceph: stderr
2024-07-26T06:22:24.455+0000 7f0682135640 1 --2- 172.21.15.77:0/2113650074 >> [v2:172.21.15.77:3300/0,v1:172.21.15.77:6789/0] conn(0x7f067c070820 0x7f067c106cf0 unknown :-1 s=CLOSED pgs=51 cs=0 l=1 rev1=1 crypto rx=0 tx=0 comp rx=0 tx=0).stop
2024-07-26T06:22:25.217 INFO:teuthology.orchestra.run.smithi077.stdout:/usr/bin/ceph: stderr
2024-07-26T06:22:24.455+0000 7f0682135640 1 -- 172.21.15.77:0/2113650074 >> 172.21.15.77:0/2113650074 conn(0x7f067c0fc340 msgr2=0x7f067c0fe770 unknown :-1 s=STATE_NONE l=0).mark_down
2024-07-26T06:22:25.217 INFO:teuthology.orchestra.run.smithi077.stdout:/usr/bin/ceph: stderr
2024-07-26T06:22:24.455+0000 7f0682135640 1 -- 172.21.15.77:0/2113650074 shutdown_connections
2024-07-26T06:22:25.218 INFO:teuthology.orchestra.run.smithi077.stdout:/usr/bin/ceph: stderr
2024-07-26T06:22:24.455+0000 7f0682135640 1 -- 172.21.15.77:0/2113650074 wait complete.
2024-07-26T06:22:25.218 INFO:teuthology.orchestra.run.smithi077.stdout:/usr/bin/ceph: stderr
2024-07-26T06:22:24.455+0000 7f0682135640 1 Processor -- start
2024-07-26T06:22:25.218 INFO:teuthology.orchestra.run.smithi077.stdout:/usr/bin/ceph: stderr
2024-07-26T06:22:24.456+0000 7f0682135640 1 -- start start
2024-07-26T06:22:25.218 INFO:teuthology.orchestra.run.smithi077.stdout:/usr/bin/ceph: stderr
2024-07-26T06:22:24.456+0000 7f0682135640 1 --2- >> [v2:172.21.15.77:3300/0,v1:172.21.15.77:6789/0] conn(0x7f067c070820 0x7f067c112cd0 unknown :-1 s=NONE pgs=0 cs=0 l=1 rev1=0 crypto rx=0 tx=0 comp rx=0 tx=0).connect
2024-07-26T06:22:25.218 INFO:teuthology.orchestra.run.smithi077.stdout:/usr/bin/ceph: stderr
2024-07-26T06:22:24.456+0000 7f0682135640 1 -- --> [v2:172.21.15.77:3300/0,v1:172.21.15.77:6789/0] -- mon_getmap magic: 0 v1 -- 0x7f067c113210 con 0x7f067c070820
2024-07-26T06:22:25.218 INFO:teuthology.orchestra.run.smithi077.stdout:/usr/bin/ceph: stderr
2024-07-26T06:22:24.456+0000 7f067b7fe640 1 --2- >> [v2:172.21.15.77:3300/0,v1:172.21.15.77:6789/0] conn(0x7f067c070820 0x7f067c112cd0 unknown :-1 s=BANNER_CONNECTING pgs=0 cs=0 l=1 rev1=0 crypto rx=0 tx=0 comp rx=0 tx=0)._handle_peer_banner_payload supported=3 required=0
2024-07-26T06:22:25.219 INFO:teuthology.orchestra.run.smithi077.stdout:/usr/bin/ceph: stderr
2024-07-26T06:22:24.456+0000 7f067b7fe640 1 --2- >> [v2:172.21.15.77:3300/0,v1:172.21.15.77:6789/0] conn(0x7f067c070820 0x7f067c112cd0 unknown :-1 s=HELLO_CONNECTING pgs=0 cs=0 l=1 rev1=1 crypto rx=0 tx=0 comp rx=0 tx=0).handle_hello peer v2:172.21.15.77:3300/0 says I am v2:172.21.15.77:38870/0 (socket says 172.21.15.77:38870)
2024-07-26T06:22:25.219 INFO:teuthology.orchestra.run.smithi077.stdout:/usr/bin/ceph: stderr
2024-07-26T06:22:24.456+0000 7f067b7fe640 1 -- 172.21.15.77:0/3567217685 learned_addr learned my addr 172.21.15.77:0/3567217685 (peer_addr_for_me v2:172.21.15.77:0/0)
2024-07-26T06:22:25.219 INFO:teuthology.orchestra.run.smithi077.stdout:/usr/bin/ceph: stderr
2024-07-26T06:22:24.456+0000 7f067b7fe640 1 -- 172.21.15.77:0/3567217685 --> [v2:172.21.15.77:3300/0,v1:172.21.15.77:6789/0] -- mon_subscribe({config=0+,monmap=0+}) v3 -- 0x7f066c009450 con 0x7f067c070820
2024-07-26T06:22:25.219 INFO:teuthology.orchestra.run.smithi077.stdout:/usr/bin/ceph: stderr
2024-07-26T06:22:24.456+0000 7f067b7fe640 1 --2- 172.21.15.77:0/3567217685 >> [v2:172.21.15.77:3300/0,v1:172.21.15.77:6789/0] conn(0x7f067c070820 0x7f067c112cd0 secure :-1 s=READY pgs=52 cs=0 l=1 rev1=1 crypto rx=0x7f066c031750 tx=0x7f066c0091d0 comp rx=0 tx=0).ready entity=mon.0 client_cookie=0 server_cookie=0 in_seq=0 out_seq=0
2024-07-26T06:22:25.219 INFO:teuthology.orchestra.run.smithi077.stdout:/usr/bin/ceph: stderr
2024-07-26T06:22:24.456+0000 7f0663fff640 1 -- 172.21.15.77:0/3567217685 <== mon.0 v2:172.21.15.77:3300/0 1 ==== mon_map magic: 0 v1 ==== 229+0+0 (secure 0 0 0) 0x7f066c03c400 con 0x7f067c070820
2024-07-26T06:22:25.219 INFO:teuthology.orchestra.run.smithi077.stdout:/usr/bin/ceph: stderr
2024-07-26T06:22:24.457+0000 7f0663fff640 1 -- 172.21.15.77:0/3567217685 <== mon.0 v2:172.21.15.77:3300/0 2 ==== config(26 keys) v1 ==== 1070+0+0 (secure 0 0 0) 0x7f066c03ca00 con 0x7f067c070820
2024-07-26T06:22:25.219 INFO:teuthology.orchestra.run.smithi077.stdout:/usr/bin/ceph: stderr
2024-07-26T06:22:24.457+0000 7f0682135640 1 -- 172.21.15.77:0/3567217685 --> [v2:172.21.15.77:3300/0,v1:172.21.15.77:6789/0] -- mon_subscribe({mgrmap=0+}) v3 -- 0x7f067c113410 con 0x7f067c070820
2024-07-26T06:22:25.219 INFO:teuthology.orchestra.run.smithi077.stdout:/usr/bin/ceph: stderr
2024-07-26T06:22:24.457+0000 7f0663fff640 1 -- 172.21.15.77:0/3567217685 <== mon.0 v2:172.21.15.77:3300/0 3 ==== mon_map magic: 0 v1 ==== 229+0+0 (secure 0 0 0) 0x7f066c03a880 con 0x7f067c070820
2024-07-26T06:22:25.220 INFO:teuthology.orchestra.run.smithi077.stdout:/usr/bin/ceph: stderr
2024-07-26T06:22:24.457+0000 7f0682135640 1 -- 172.21.15.77:0/3567217685 --> [v2:172.21.15.77:3300/0,v1:172.21.15.77:6789/0] -- mon_subscribe({osdmap=0}) v3 -- 0x7f067c113820 con 0x7f067c070820
2024-07-26T06:22:25.220 INFO:teuthology.orchestra.run.smithi077.stdout:/usr/bin/ceph: stderr
2024-07-26T06:22:24.457+0000 7f0663fff640 1 -- 172.21.15.77:0/3567217685 <== mon.0 v2:172.21.15.77:3300/0 4 ==== mgrmap(e 8) v1 ==== 42636+0+0 (secure 0 0 0) 0x7f066c03aaf0 con 0x7f067c070820
2024-07-26T06:22:25.220 INFO:teuthology.orchestra.run.smithi077.stdout:/usr/bin/ceph: stderr
2024-07-26T06:22:24.458+0000 7f0663fff640 1 --2- 172.21.15.77:0/3567217685 >> [v2:172.21.15.77:6800/1655934278,v1:172.21.15.77:6801/1655934278] conn(0x7f06640356c0 0x7f0664037b70 unknown :-1 s=NONE pgs=0 cs=0 l=1 rev1=0 crypto rx=0 tx=0 comp rx=0 tx=0).connect
2024-07-26T06:22:25.220 INFO:teuthology.orchestra.run.smithi077.stdout:/usr/bin/ceph: stderr
2024-07-26T06:22:24.458+0000 7f0682135640 1 -- 172.21.15.77:0/3567217685 --> [v2:172.21.15.77:3300/0,v1:172.21.15.77:6789/0] -- mon_command({"prefix": "get_command_descriptions"} v 0) v1 -- 0x7f067c04b480 con 0x7f067c070820
2024-07-26T06:22:25.220 INFO:teuthology.orchestra.run.smithi077.stdout:/usr/bin/ceph: stderr
2024-07-26T06:22:24.458+0000 7f0663fff640 1 -- 172.21.15.77:0/3567217685 <== mon.0 v2:172.21.15.77:3300/0 5 ==== osd_map(2..2 src has 1..2) v4 ==== 936+0+0 (secure 0 0 0) 0x7f066c068520 con 0x7f067c070820
2024-07-26T06:22:25.220 INFO:teuthology.orchestra.run.smithi077.stdout:/usr/bin/ceph: stderr
2024-07-26T06:22:24.458+0000 7f067affd640 1 --2- 172.21.15.77:0/3567217685 >> [v2:172.21.15.77:6800/1655934278,v1:172.21.15.77:6801/1655934278] conn(0x7f06640356c0 0x7f0664037b70 unknown :-1 s=BANNER_CONNECTING pgs=0 cs=0 l=1 rev1=0 crypto rx=0 tx=0 comp rx=0 tx=0)._handle_peer_banner_payload supported=3 required=0
2024-07-26T06:22:25.220 INFO:teuthology.orchestra.run.smithi077.stdout:/usr/bin/ceph: stderr
2024-07-26T06:22:24.458+0000 7f067affd640 1 --2- 172.21.15.77:0/3567217685 >> [v2:172.21.15.77:6800/1655934278,v1:172.21.15.77:6801/1655934278] conn(0x7f06640356c0 0x7f0664037b70 secure :-1 s=READY pgs=15 cs=0 l=1 rev1=1 crypto rx=0x7f0670006fd0 tx=0x7f0670006db0 comp rx=0 tx=0).ready entity=mgr.14118 client_cookie=0 server_cookie=0 in_seq=0 out_seq=0
2024-07-26T06:22:25.220 INFO:teuthology.orchestra.run.smithi077.stdout:/usr/bin/ceph: stderr
2024-07-26T06:22:24.462+0000 7f0663fff640 1 -- 172.21.15.77:0/3567217685 <== mon.0 v2:172.21.15.77:3300/0 6 ==== mon_command_ack([{"prefix": "get_command_descriptions"}]=0 v0) v1 ==== 72+0+176702 (secure 0 0 0) 0x7f066c039310 con 0x7f067c070820
2024-07-26T06:22:25.221 INFO:teuthology.orchestra.run.smithi077.stdout:/usr/bin/ceph: stderr
2024-07-26T06:22:24.636+0000 7f0682135640 1 -- 172.21.15.77:0/3567217685 --> [v2:172.21.15.77:6800/1655934278,v1:172.21.15.77:6801/1655934278] -- mgr_command(tid 0: {"prefix": "orch apply", "service_type": "prometheus", "target": ["mon-mgr", ""]}) v1 -- 0x7f067c0fd6b0 con 0x7f06640356c0
2024-07-26T06:22:25.221 INFO:teuthology.orchestra.run.smithi077.stdout:/usr/bin/ceph: stderr
2024-07-26T06:22:24.640+0000 7f0663fff640 1 -- 172.21.15.77:0/3567217685 <== mgr.14118 v2:172.21.15.77:6800/1655934278 1 ==== mgr_command_reply(tid 0: 0 ) v1 ==== 8+0+31 (secure 0 0 0) 0x7f067c0fd6b0 con 0x7f06640356c0
2024-07-26T06:22:25.221 INFO:teuthology.orchestra.run.smithi077.stdout:/usr/bin/ceph: stderr
2024-07-26T06:22:24.642+0000 7f0682135640 1 -- 172.21.15.77:0/3567217685 >> [v2:172.21.15.77:6800/1655934278,v1:172.21.15.77:6801/1655934278] conn(0x7f06640356c0 msgr2=0x7f0664037b70 secure :-1 s=STATE_CONNECTION_ESTABLISHED l=1).mark_down
2024-07-26T06:22:25.221 INFO:teuthology.orchestra.run.smithi077.stdout:/usr/bin/ceph: stderr
2024-07-26T06:22:24.642+0000 7f0682135640 1 --2- 172.21.15.77:0/3567217685 >> [v2:172.21.15.77:6800/1655934278,v1:172.21.15.77:6801/1655934278] conn(0x7f06640356c0 0x7f0664037b70 secure :-1 s=READY pgs=15 cs=0 l=1 rev1=1 crypto rx=0x7f0670006fd0 tx=0x7f0670006db0 comp rx=0 tx=0).stop
2024-07-26T06:22:25.221 INFO:teuthology.orchestra.run.smithi077.stdout:/usr/bin/ceph: stderr
2024-07-26T06:22:24.642+0000 7f0682135640 1 -- 172.21.15.77:0/3567217685 >> [v2:172.21.15.77:3300/0,v1:172.21.15.77:6789/0] conn(0x7f067c070820 msgr2=0x7f067c112cd0 secure :-1 s=STATE_CONNECTION_ESTABLISHED l=1).mark_down
2024-07-26T06:22:25.221 INFO:teuthology.orchestra.run.smithi077.stdout:/usr/bin/ceph: stderr
2024-07-26T06:22:24.642+0000 7f0682135640 1 --2- 172.21.15.77:0/3567217685 >> [v2:172.21.15.77:3300/0,v1:172.21.15.77:6789/0] conn(0x7f067c070820 0x7f067c112cd0 secure :-1 s=READY pgs=52 cs=0 l=1 rev1=1 crypto rx=0x7f066c031750 tx=0x7f066c0091d0 comp rx=0 tx=0).stop
2024-07-26T06:22:25.222 INFO:teuthology.orchestra.run.smithi077.stdout:/usr/bin/ceph: stderr
2024-07-26T06:22:24.643+0000 7f0682135640 1 -- 172.21.15.77:0/3567217685 shutdown_connections
2024-07-26T06:22:25.222 INFO:teuthology.orchestra.run.smithi077.stdout:/usr/bin/ceph: stderr
2024-07-26T06:22:24.643+0000 7f0682135640 1 --2- 172.21.15.77:0/3567217685 >> [v2:172.21.15.77:6800/1655934278,v1:172.21.15.77:6801/1655934278] conn(0x7f06640356c0 0x7f0664037b70 unknown :-1 s=CLOSED pgs=15 cs=0 l=1 rev1=1 crypto rx=0 tx=0 comp rx=0 tx=0).stop
2024-07-26T06:22:25.222 INFO:teuthology.orchestra.run.smithi077.stdout:/usr/bin/ceph: stderr
2024-07-26T06:22:24.643+0000 7f0682135640 1 --2- 172.21.15.77:0/3567217685 >> [v2:172.21.15.77:3300/0,v1:172.21.15.77:6789/0] conn(0x7f067c070820 0x7f067c112cd0 unknown :-1 s=CLOSED pgs=52 cs=0 l=1 rev1=1 crypto rx=0 tx=0 comp rx=0 tx=0).stop
2024-07-26T06:22:25.222 INFO:teuthology.orchestra.run.smithi077.stdout:/usr/bin/ceph: stderr
2024-07-26T06:22:24.643+0000 7f0682135640 1 -- 172.21.15.77:0/3567217685 >> 172.21.15.77:0/3567217685 conn(0x7f067c0fc340 msgr2=0x7f067c0fcf80 unknown :-1 s=STATE_NONE l=0).mark_down
2024-07-26T06:22:25.222 INFO:teuthology.orchestra.run.smithi077.stdout:/usr/bin/ceph: stderr
2024-07-26T06:22:24.643+0000 7f0682135640 1 -- 172.21.15.77:0/3567217685 shutdown_connections
2024-07-26T06:22:25.222 INFO:teuthology.orchestra.run.smithi077.stdout:/usr/bin/ceph: stderr
2024-07-26T06:22:24.643+0000 7f0682135640 1 -- 172.21.15.77:0/3567217685 wait complete.
2024-07-26T06:22:25.223 INFO:teuthology.orchestra.run.smithi077.stdout:Deploying grafana service with default placement...
2024-07-26T06:22:25.703 INFO:journalctl@ceph.mon.smithi077.smithi077.stdout:Jul 26 06:22:25 smithi077 ceph-mon[29596]: from='mgr.14118 172.21.15.77:0/3872611551' entity='mgr.smithi077.dbpeod'
2024-07-26T06:22:25.704 INFO:journalctl@ceph.mon.smithi077.smithi077.stdout:Jul 26 06:22:25 smithi077 ceph-mon[29596]: from='client.14146 -' entity='client.admin' cmd=[{"prefix": "orch apply", "service_type": "prometheus", "target": ["mon-mgr", ""]}]: dispatch
2024-07-26T06:22:25.704 INFO:journalctl@ceph.mon.smithi077.smithi077.stdout:Jul 26 06:22:25 smithi077 ceph-mon[29596]: Saving service prometheus spec with placement count:1
2024-07-26T06:22:25.704 INFO:journalctl@ceph.mon.smithi077.smithi077.stdout:Jul 26 06:22:25 smithi077 ceph-mon[29596]: from='mgr.14118 172.21.15.77:0/3872611551' entity='mgr.smithi077.dbpeod'
2024-07-26T06:22:26.974 INFO:teuthology.orchestra.run.smithi077.stdout:/usr/bin/ceph: stdout Scheduled grafana update...
2024-07-26T06:22:26.974 INFO:teuthology.orchestra.run.smithi077.stdout:/usr/bin/ceph: stderr
2024-07-26T06:22:25.599+0000 7f64851d8640 1 Processor -- start
2024-07-26T06:22:26.974 INFO:teuthology.orchestra.run.smithi077.stdout:/usr/bin/ceph: stderr
2024-07-26T06:22:25.599+0000 7f64851d8640 1 -- start start
2024-07-26T06:22:26.974 INFO:teuthology.orchestra.run.smithi077.stdout:/usr/bin/ceph: stderr
2024-07-26T06:22:25.599+0000 7f64851d8640 1 --2- >> [v2:172.21.15.77:3300/0,v1:172.21.15.77:6789/0] conn(0x7f6480100b80 0x7f6480100f90 unknown :-1 s=NONE pgs=0 cs=0 l=0 rev1=0 crypto rx=0 tx=0 comp rx=0 tx=0).connect
2024-07-26T06:22:26.974 INFO:teuthology.orchestra.run.smithi077.stdout:/usr/bin/ceph: stderr
2024-07-26T06:22:25.599+0000 7f64851d8640 1 -- --> [v2:172.21.15.77:3300/0,v1:172.21.15.77:6789/0] -- mon_getmap magic: 0 v1 -- 0x7f64801014d0 con 0x7f6480100b80
2024-07-26T06:22:26.974 INFO:teuthology.orchestra.run.smithi077.stdout:/usr/bin/ceph: stderr
2024-07-26T06:22:25.600+0000 7f647ed9d640 1 --2- >> [v2:172.21.15.77:3300/0,v1:172.21.15.77:6789/0] conn(0x7f6480100b80 0x7f6480100f90 unknown :-1 s=BANNER_CONNECTING pgs=0 cs=0 l=0 rev1=0 crypto rx=0 tx=0 comp rx=0 tx=0)._handle_peer_banner_payload supported=3 required=0
2024-07-26T06:22:26.974 INFO:teuthology.orchestra.run.smithi077.stdout:/usr/bin/ceph: stderr
2024-07-26T06:22:25.600+0000 7f647ed9d640 1 --2- >> [v2:172.21.15.77:3300/0,v1:172.21.15.77:6789/0] conn(0x7f6480100b80 0x7f6480100f90 unknown :-1 s=HELLO_CONNECTING pgs=0 cs=0 l=0 rev1=1 crypto rx=0 tx=0 comp rx=0 tx=0).handle_hello peer v2:172.21.15.77:3300/0 says I am v2:172.21.15.77:38872/0 (socket says 172.21.15.77:38872)
2024-07-26T06:22:26.974 INFO:teuthology.orchestra.run.smithi077.stdout:/usr/bin/ceph: stderr
2024-07-26T06:22:25.600+0000 7f647ed9d640 1 -- 172.21.15.77:0/1686036815 learned_addr learned my addr 172.21.15.77:0/1686036815 (peer_addr_for_me v2:172.21.15.77:0/0)
2024-07-26T06:22:26.974 INFO:teuthology.orchestra.run.smithi077.stdout:/usr/bin/ceph: stderr
2024-07-26T06:22:25.600+0000 7f647ed9d640 1 -- 172.21.15.77:0/1686036815 --> [v2:172.21.15.77:3300/0,v1:172.21.15.77:6789/0] -- mon_subscribe({config=0+,monmap=0+}) v3 -- 0x7f6480101610 con 0x7f6480100b80
2024-07-26T06:22:26.974 INFO:teuthology.orchestra.run.smithi077.stdout:/usr/bin/ceph: stderr
2024-07-26T06:22:25.601+0000 7f647ed9d640 1 --2- 172.21.15.77:0/1686036815 >> [v2:172.21.15.77:3300/0,v1:172.21.15.77:6789/0] conn(0x7f6480100b80 0x7f6480100f90 secure :-1 s=READY pgs=53 cs=0 l=1 rev1=1 crypto rx=0x7f6470009840 tx=0x7f64700091d0 comp rx=0 tx=0).ready entity=mon.0 client_cookie=b38ddca17eeb308d server_cookie=0 in_seq=0 out_seq=0
2024-07-26T06:22:26.974 INFO:teuthology.orchestra.run.smithi077.stdout:/usr/bin/ceph: stderr
2024-07-26T06:22:25.601+0000 7f647dd9b640 1 -- 172.21.15.77:0/1686036815 <== mon.0 v2:172.21.15.77:3300/0 1 ==== mon_map magic: 0 v1 ==== 229+0+0 (secure 0 0 0) 0x7f6470032440 con 0x7f6480100b80
2024-07-26T06:22:26.975 INFO:teuthology.orchestra.run.smithi077.stdout:/usr/bin/ceph: stderr
2024-07-26T06:22:25.601+0000 7f647dd9b640 1 -- 172.21.15.77:0/1686036815 <== mon.0 v2:172.21.15.77:3300/0 2 ==== config(26 keys) v1 ==== 1070+0+0 (secure 0 0 0) 0x7f6470032a40 con 0x7f6480100b80
2024-07-26T06:22:26.975 INFO:teuthology.orchestra.run.smithi077.stdout:/usr/bin/ceph: stderr
2024-07-26T06:22:25.601+0000 7f647dd9b640 1 -- 172.21.15.77:0/1686036815 <== mon.0 v2:172.21.15.77:3300/0 3 ==== mon_map magic: 0 v1 ==== 229+0+0 (secure 0 0 0) 0x7f6470031a70 con 0x7f6480100b80
2024-07-26T06:22:26.975 INFO:teuthology.orchestra.run.smithi077.stdout:/usr/bin/ceph: stderr
2024-07-26T06:22:25.601+0000 7f64851d8640 1 -- 172.21.15.77:0/1686036815 >> [v2:172.21.15.77:3300/0,v1:172.21.15.77:6789/0] conn(0x7f6480100b80 msgr2=0x7f6480100f90 secure :-1 s=STATE_CONNECTION_ESTABLISHED l=1).mark_down
2024-07-26T06:22:26.975 INFO:teuthology.orchestra.run.smithi077.stdout:/usr/bin/ceph: stderr
2024-07-26T06:22:25.601+0000 7f64851d8640 1 --2- 172.21.15.77:0/1686036815 >> [v2:172.21.15.77:3300/0,v1:172.21.15.77:6789/0] conn(0x7f6480100b80 0x7f6480100f90 secure :-1 s=READY pgs=53 cs=0 l=1 rev1=1 crypto rx=0x7f6470009840 tx=0x7f64700091d0 comp rx=0 tx=0).stop
2024-07-26T06:22:26.975 INFO:teuthology.orchestra.run.smithi077.stdout:/usr/bin/ceph: stderr
2024-07-26T06:22:25.601+0000 7f64851d8640 1 -- 172.21.15.77:0/1686036815 shutdown_connections
2024-07-26T06:22:26.975 INFO:teuthology.orchestra.run.smithi077.stdout:/usr/bin/ceph: stderr
2024-07-26T06:22:25.601+0000 7f64851d8640 1 --2- 172.21.15.77:0/1686036815 >> [v2:172.21.15.77:3300/0,v1:172.21.15.77:6789/0] conn(0x7f6480100b80 0x7f6480100f90 unknown :-1 s=CLOSED pgs=53 cs=0 l=1 rev1=1 crypto rx=0 tx=0 comp rx=0 tx=0).stop
2024-07-26T06:22:26.975 INFO:teuthology.orchestra.run.smithi077.stdout:/usr/bin/ceph: stderr
2024-07-26T06:22:25.601+0000 7f64851d8640 1 -- 172.21.15.77:0/1686036815 >> 172.21.15.77:0/1686036815 conn(0x7f64800fc340 msgr2=0x7f64800fe770 unknown :-1 s=STATE_NONE l=0).mark_down
2024-07-26T06:22:26.975 INFO:teuthology.orchestra.run.smithi077.stdout:/usr/bin/ceph: stderr
2024-07-26T06:22:25.601+0000 7f64851d8640 1 -- 172.21.15.77:0/1686036815 shutdown_connections
2024-07-26T06:22:26.975 INFO:teuthology.orchestra.run.smithi077.stdout:/usr/bin/ceph: stderr
2024-07-26T06:22:25.602+0000 7f64851d8640 1 -- 172.21.15.77:0/1686036815 wait complete.
2024-07-26T06:22:26.975 INFO:teuthology.orchestra.run.smithi077.stdout:/usr/bin/ceph: stderr
2024-07-26T06:22:25.602+0000 7f64851d8640 1 Processor -- start
2024-07-26T06:22:26.975 INFO:teuthology.orchestra.run.smithi077.stdout:/usr/bin/ceph: stderr
2024-07-26T06:22:25.602+0000 7f64851d8640 1 -- start start
2024-07-26T06:22:26.975 INFO:teuthology.orchestra.run.smithi077.stdout:/usr/bin/ceph: stderr
2024-07-26T06:22:25.602+0000 7f64851d8640 1 --2- >> [v2:172.21.15.77:3300/0,v1:172.21.15.77:6789/0] conn(0x7f6480100b80 0x7f6480106ba0 unknown :-1 s=NONE pgs=0 cs=0 l=1 rev1=0 crypto rx=0 tx=0 comp rx=0 tx=0).connect
2024-07-26T06:22:26.976 INFO:teuthology.orchestra.run.smithi077.stdout:/usr/bin/ceph: stderr
2024-07-26T06:22:25.602+0000 7f64851d8640 1 -- --> [v2:172.21.15.77:3300/0,v1:172.21.15.77:6789/0] -- mon_getmap magic: 0 v1 -- 0x7f64801070e0 con 0x7f6480100b80
2024-07-26T06:22:26.976 INFO:teuthology.orchestra.run.smithi077.stdout:/usr/bin/ceph: stderr
2024-07-26T06:22:25.602+0000 7f647ed9d640 1 --2- >> [v2:172.21.15.77:3300/0,v1:172.21.15.77:6789/0] conn(0x7f6480100b80 0x7f6480106ba0 unknown :-1 s=BANNER_CONNECTING pgs=0 cs=0 l=1 rev1=0 crypto rx=0 tx=0 comp rx=0 tx=0)._handle_peer_banner_payload supported=3 required=0
2024-07-26T06:22:26.976 INFO:teuthology.orchestra.run.smithi077.stdout:/usr/bin/ceph: stderr
2024-07-26T06:22:25.602+0000 7f647ed9d640 1 --2- >> [v2:172.21.15.77:3300/0,v1:172.21.15.77:6789/0] conn(0x7f6480100b80 0x7f6480106ba0 unknown :-1 s=HELLO_CONNECTING pgs=0 cs=0 l=1 rev1=1 crypto rx=0 tx=0 comp rx=0 tx=0).handle_hello peer v2:172.21.15.77:3300/0 says I am v2:172.21.15.77:38888/0 (socket says 172.21.15.77:38888)
2024-07-26T06:22:26.976 INFO:teuthology.orchestra.run.smithi077.stdout:/usr/bin/ceph: stderr
2024-07-26T06:22:25.602+0000 7f647ed9d640 1 -- 172.21.15.77:0/2260733399 learned_addr learned my addr 172.21.15.77:0/2260733399 (peer_addr_for_me v2:172.21.15.77:0/0)
2024-07-26T06:22:26.976 INFO:teuthology.orchestra.run.smithi077.stdout:/usr/bin/ceph: stderr
2024-07-26T06:22:25.603+0000 7f647ed9d640 1 -- 172.21.15.77:0/2260733399 --> [v2:172.21.15.77:3300/0,v1:172.21.15.77:6789/0] -- mon_subscribe({config=0+,monmap=0+}) v3 -- 0x7f6470009450 con 0x7f6480100b80
2024-07-26T06:22:26.976 INFO:teuthology.orchestra.run.smithi077.stdout:/usr/bin/ceph: stderr
2024-07-26T06:22:25.603+0000 7f647ed9d640 1 --2- 172.21.15.77:0/2260733399 >> [v2:172.21.15.77:3300/0,v1:172.21.15.77:6789/0] conn(0x7f6480100b80 0x7f6480106ba0 secure :-1 s=READY pgs=54 cs=0 l=1 rev1=1 crypto rx=0x7f6470006a70 tx=0x7f64700091d0 comp rx=0 tx=0).ready entity=mon.0 client_cookie=0 server_cookie=0 in_seq=0 out_seq=0
2024-07-26T06:22:26.976 INFO:teuthology.orchestra.run.smithi077.stdout:/usr/bin/ceph: stderr
2024-07-26T06:22:25.603+0000 7f64677fe640 1 -- 172.21.15.77:0/2260733399 <== mon.0 v2:172.21.15.77:3300/0 1 ==== mon_map magic: 0 v1 ==== 229+0+0 (secure 0 0 0) 0x7f647003c400 con 0x7f6480100b80
2024-07-26T06:22:26.976 INFO:teuthology.orchestra.run.smithi077.stdout:/usr/bin/ceph: stderr
2024-07-26T06:22:25.603+0000 7f64851d8640 1 -- 172.21.15.77:0/2260733399 --> [v2:172.21.15.77:3300/0,v1:172.21.15.77:6789/0] -- mon_subscribe({mgrmap=0+}) v3 -- 0x7f6480105170 con 0x7f6480100b80
2024-07-26T06:22:26.976 INFO:teuthology.orchestra.run.smithi077.stdout:/usr/bin/ceph: stderr
2024-07-26T06:22:25.603+0000 7f64677fe640 1 -- 172.21.15.77:0/2260733399 <== mon.0 v2:172.21.15.77:3300/0 2 ==== config(26 keys) v1 ==== 1070+0+0 (secure 0 0 0) 0x7f647003ca00 con 0x7f6480100b80
2024-07-26T06:22:26.977 INFO:teuthology.orchestra.run.smithi077.stdout:/usr/bin/ceph: stderr
2024-07-26T06:22:25.603+0000 7f64677fe640 1 -- 172.21.15.77:0/2260733399 <== mon.0 v2:172.21.15.77:3300/0 3 ==== mon_map magic: 0 v1 ==== 229+0+0 (secure 0 0 0) 0x7f647003a9a0 con 0x7f6480100b80
2024-07-26T06:22:26.977 INFO:teuthology.orchestra.run.smithi077.stdout:/usr/bin/ceph: stderr
2024-07-26T06:22:25.603+0000 7f64851d8640 1 -- 172.21.15.77:0/2260733399 --> [v2:172.21.15.77:3300/0,v1:172.21.15.77:6789/0] -- mon_subscribe({osdmap=0}) v3 -- 0x7f64801055e0 con 0x7f6480100b80
2024-07-26T06:22:26.977 INFO:teuthology.orchestra.run.smithi077.stdout:/usr/bin/ceph: stderr
2024-07-26T06:22:25.604+0000 7f64677fe640 1 -- 172.21.15.77:0/2260733399 <== mon.0 v2:172.21.15.77:3300/0 4 ==== mgrmap(e 8) v1 ==== 42636+0+0 (secure 0 0 0) 0x7f647003ac20 con 0x7f6480100b80
2024-07-26T06:22:26.977 INFO:teuthology.orchestra.run.smithi077.stdout:/usr/bin/ceph: stderr
2024-07-26T06:22:25.604+0000 7f64851d8640 1 -- 172.21.15.77:0/2260733399 --> [v2:172.21.15.77:3300/0,v1:172.21.15.77:6789/0] -- mon_command({"prefix": "get_command_descriptions"} v 0) v1 -- 0x7f648005ead0 con 0x7f6480100b80
2024-07-26T06:22:26.977 INFO:teuthology.orchestra.run.smithi077.stdout:/usr/bin/ceph: stderr
2024-07-26T06:22:25.604+0000 7f64677fe640 1 --2- 172.21.15.77:0/2260733399 >> [v2:172.21.15.77:6800/1655934278,v1:172.21.15.77:6801/1655934278] conn(0x7f64680356c0 0x7f6468037b70 unknown :-1 s=NONE pgs=0 cs=0 l=1 rev1=0 crypto rx=0 tx=0 comp rx=0 tx=0).connect
2024-07-26T06:22:26.977 INFO:teuthology.orchestra.run.smithi077.stdout:/usr/bin/ceph: stderr
2024-07-26T06:22:25.604+0000 7f64677fe640 1 -- 172.21.15.77:0/2260733399 <== mon.0 v2:172.21.15.77:3300/0 5 ==== osd_map(2..2 src has 1..2) v4 ==== 936+0+0 (secure 0 0 0) 0x7f6470068360 con 0x7f6480100b80
2024-07-26T06:22:26.977 INFO:teuthology.orchestra.run.smithi077.stdout:/usr/bin/ceph: stderr
2024-07-26T06:22:25.604+0000 7f647e59c640 1 --2- 172.21.15.77:0/2260733399 >> [v2:172.21.15.77:6800/1655934278,v1:172.21.15.77:6801/1655934278] conn(0x7f64680356c0 0x7f6468037b70 unknown :-1 s=BANNER_CONNECTING pgs=0 cs=0 l=1 rev1=0 crypto rx=0 tx=0 comp rx=0 tx=0)._handle_peer_banner_payload supported=3 required=0
2024-07-26T06:22:26.977 INFO:teuthology.orchestra.run.smithi077.stdout:/usr/bin/ceph: stderr
2024-07-26T06:22:25.605+0000 7f647e59c640 1 --2- 172.21.15.77:0/2260733399 >> [v2:172.21.15.77:6800/1655934278,v1:172.21.15.77:6801/1655934278] conn(0x7f64680356c0 0x7f6468037b70 secure :-1 s=READY pgs=16 cs=0 l=1 rev1=1 crypto rx=0x7f647800ad90 tx=0x7f6478009410 comp rx=0 tx=0).ready entity=mgr.14118 client_cookie=0 server_cookie=0 in_seq=0 out_seq=0
2024-07-26T06:22:26.977 INFO:teuthology.orchestra.run.smithi077.stdout:/usr/bin/ceph: stderr
2024-07-26T06:22:25.608+0000 7f64677fe640 1 -- 172.21.15.77:0/2260733399 <== mon.0 v2:172.21.15.77:3300/0 6 ==== mon_command_ack([{"prefix": "get_command_descriptions"}]=0 v0) v1 ==== 72+0+176702 (secure 0 0 0) 0x7f647003c560 con 0x7f6480100b80
2024-07-26T06:22:26.977 INFO:teuthology.orchestra.run.smithi077.stdout:/usr/bin/ceph: stderr
2024-07-26T06:22:25.784+0000 7f64851d8640 1 -- 172.21.15.77:0/2260733399 --> [v2:172.21.15.77:6800/1655934278,v1:172.21.15.77:6801/1655934278] -- mgr_command(tid 0: {"prefix": "orch apply", "service_type": "grafana", "target": ["mon-mgr", ""]}) v1 -- 0x7f648010a650 con 0x7f64680356c0
2024-07-26T06:22:26.977 INFO:teuthology.orchestra.run.smithi077.stdout:/usr/bin/ceph: stderr
2024-07-26T06:22:25.788+0000 7f64677fe640 1 -- 172.21.15.77:0/2260733399 <== mgr.14118 v2:172.21.15.77:6800/1655934278 1 ==== mgr_command_reply(tid 0: 0 ) v1 ==== 8+0+28 (secure 0 0 0) 0x7f648010a650 con 0x7f64680356c0
2024-07-26T06:22:26.977 INFO:teuthology.orchestra.run.smithi077.stdout:/usr/bin/ceph: stderr
2024-07-26T06:22:25.789+0000 7f64851d8640 1 -- 172.21.15.77:0/2260733399 >> [v2:172.21.15.77:6800/1655934278,v1:172.21.15.77:6801/1655934278] conn(0x7f64680356c0 msgr2=0x7f6468037b70 secure :-1 s=STATE_CONNECTION_ESTABLISHED l=1).mark_down
2024-07-26T06:22:26.978 INFO:teuthology.orchestra.run.smithi077.stdout:/usr/bin/ceph: stderr
2024-07-26T06:22:25.789+0000 7f64851d8640 1 --2- 172.21.15.77:0/2260733399 >> [v2:172.21.15.77:6800/1655934278,v1:172.21.15.77:6801/1655934278] conn(0x7f64680356c0 0x7f6468037b70 secure :-1 s=READY pgs=16 cs=0 l=1 rev1=1 crypto rx=0x7f647800ad90 tx=0x7f6478009410 comp rx=0 tx=0).stop
2024-07-26T06:22:26.978 INFO:teuthology.orchestra.run.smithi077.stdout:/usr/bin/ceph: stderr
2024-07-26T06:22:25.790+0000 7f64851d8640 1 -- 172.21.15.77:0/2260733399 >> [v2:172.21.15.77:3300/0,v1:172.21.15.77:6789/0] conn(0x7f6480100b80 msgr2=0x7f6480106ba0 secure :-1 s=STATE_CONNECTION_ESTABLISHED l=1).mark_down
2024-07-26T06:22:26.978 INFO:teuthology.orchestra.run.smithi077.stdout:/usr/bin/ceph: stderr
2024-07-26T06:22:25.790+0000 7f64851d8640 1 --2- 172.21.15.77:0/2260733399 >> [v2:172.21.15.77:3300/0,v1:172.21.15.77:6789/0] conn(0x7f6480100b80 0x7f6480106ba0 secure :-1 s=READY pgs=54 cs=0 l=1 rev1=1 crypto rx=0x7f6470006a70 tx=0x7f64700091d0 comp rx=0 tx=0).stop
2024-07-26T06:22:26.978 INFO:teuthology.orchestra.run.smithi077.stdout:/usr/bin/ceph: stderr
2024-07-26T06:22:25.790+0000 7f64851d8640 1 -- 172.21.15.77:0/2260733399 shutdown_connections
2024-07-26T06:22:26.978 INFO:teuthology.orchestra.run.smithi077.stdout:/usr/bin/ceph: stderr
2024-07-26T06:22:25.790+0000 7f64851d8640 1 --2- 172.21.15.77:0/2260733399 >> [v2:172.21.15.77:6800/1655934278,v1:172.21.15.77:6801/1655934278] conn(0x7f64680356c0 0x7f6468037b70 unknown :-1 s=CLOSED pgs=16 cs=0 l=1 rev1=1 crypto rx=0 tx=0 comp rx=0 tx=0).stop
2024-07-26T06:22:26.978 INFO:teuthology.orchestra.run.smithi077.stdout:/usr/bin/ceph: stderr
2024-07-26T06:22:25.790+0000 7f64851d8640 1 --2- 172.21.15.77:0/2260733399 >> [v2:172.21.15.77:3300/0,v1:172.21.15.77:6789/0] conn(0x7f6480100b80 0x7f6480106ba0 unknown :-1 s=CLOSED pgs=54 cs=0 l=1 rev1=1 crypto rx=0 tx=0 comp rx=0 tx=0).stop
2024-07-26T06:22:26.978 INFO:teuthology.orchestra.run.smithi077.stdout:/usr/bin/ceph: stderr
