2024-07-26T06:22:41.313+0000 7f94ff005640 1 Processor -- start
2024-07-26T06:22:42.341 INFO:teuthology.orchestra.run.smithi077.stdout:/usr/bin/ceph: stderr
2024-07-26T06:22:41.313+0000 7f94ff005640 1 -- start start
2024-07-26T06:22:42.342 INFO:teuthology.orchestra.run.smithi077.stdout:/usr/bin/ceph: stderr
2024-07-26T06:22:41.314+0000 7f94ff005640 1 --2- >> [v2:172.21.15.77:3300/0,v1:172.21.15.77:6789/0] conn(0x7f94f8100b80 0x7f94f8076b20 unknown :-1 s=NONE pgs=0 cs=0 l=1 rev1=0 crypto rx=0 tx=0 comp rx=0 tx=0).connect
2024-07-26T06:22:42.342 INFO:teuthology.orchestra.run.smithi077.stdout:/usr/bin/ceph: stderr
2024-07-26T06:22:41.314+0000 7f94ff005640 1 -- --> [v2:172.21.15.77:3300/0,v1:172.21.15.77:6789/0] -- mon_getmap magic: 0 v1 -- 0x7f94f81137f0 con 0x7f94f8100b80
2024-07-26T06:22:42.342 INFO:teuthology.orchestra.run.smithi077.stdout:/usr/bin/ceph: stderr
2024-07-26T06:22:41.314+0000 7f94fcda1640 1 --2- >> [v2:172.21.15.77:3300/0,v1:172.21.15.77:6789/0] conn(0x7f94f8100b80 0x7f94f8076b20 unknown :-1 s=BANNER_CONNECTING pgs=0 cs=0 l=1 rev1=0 crypto rx=0 tx=0 comp rx=0 tx=0)._handle_peer_banner_payload supported=3 required=0
2024-07-26T06:22:42.342 INFO:teuthology.orchestra.run.smithi077.stdout:/usr/bin/ceph: stderr
2024-07-26T06:22:41.314+0000 7f94fcda1640 1 --2- >> [v2:172.21.15.77:3300/0,v1:172.21.15.77:6789/0] conn(0x7f94f8100b80 0x7f94f8076b20 unknown :-1 s=HELLO_CONNECTING pgs=0 cs=0 l=1 rev1=1 crypto rx=0 tx=0 comp rx=0 tx=0).handle_hello peer v2:172.21.15.77:3300/0 says I am v2:172.21.15.77:35458/0 (socket says 172.21.15.77:35458)
2024-07-26T06:22:42.342 INFO:teuthology.orchestra.run.smithi077.stdout:/usr/bin/ceph: stderr
2024-07-26T06:22:41.314+0000 7f94fcda1640 1 -- 172.21.15.77:0/1712775030 learned_addr learned my addr 172.21.15.77:0/1712775030 (peer_addr_for_me v2:172.21.15.77:0/0)
2024-07-26T06:22:42.342 INFO:teuthology.orchestra.run.smithi077.stdout:/usr/bin/ceph: stderr
2024-07-26T06:22:41.314+0000 7f94fcda1640 1 -- 172.21.15.77:0/1712775030 --> [v2:172.21.15.77:3300/0,v1:172.21.15.77:6789/0] -- mon_subscribe({config=0+,monmap=0+}) v3 -- 0x7f94ec009450 con 0x7f94f8100b80
2024-07-26T06:22:42.342 INFO:teuthology.orchestra.run.smithi077.stdout:/usr/bin/ceph: stderr
2024-07-26T06:22:41.314+0000 7f94fcda1640 1 --2- 172.21.15.77:0/1712775030 >> [v2:172.21.15.77:3300/0,v1:172.21.15.77:6789/0] conn(0x7f94f8100b80 0x7f94f8076b20 secure :-1 s=READY pgs=81 cs=0 l=1 rev1=1 crypto rx=0x7f94ec009810 tx=0x7f94ec0091d0 comp rx=0 tx=0).ready entity=mon.0 client_cookie=0 server_cookie=0 in_seq=0 out_seq=0
2024-07-26T06:22:42.342 INFO:teuthology.orchestra.run.smithi077.stdout:/usr/bin/ceph: stderr
2024-07-26T06:22:41.314+0000 7f94f57fa640 1 -- 172.21.15.77:0/1712775030 <== mon.0 v2:172.21.15.77:3300/0 1 ==== mon_map magic: 0 v1 ==== 229+0+0 (secure 0 0 0) 0x7f94ec03c400 con 0x7f94f8100b80
2024-07-26T06:22:42.343 INFO:teuthology.orchestra.run.smithi077.stdout:/usr/bin/ceph: stderr
2024-07-26T06:22:41.314+0000 7f94f57fa640 1 -- 172.21.15.77:0/1712775030 <== mon.0 v2:172.21.15.77:3300/0 2 ==== config(26 keys) v1 ==== 1070+0+0 (secure 0 0 0) 0x7f94ec03ca00 con 0x7f94f8100b80
2024-07-26T06:22:42.343 INFO:teuthology.orchestra.run.smithi077.stdout:/usr/bin/ceph: stderr
2024-07-26T06:22:41.314+0000 7f94ff005640 1 -- 172.21.15.77:0/1712775030 --> [v2:172.21.15.77:3300/0,v1:172.21.15.77:6789/0] -- mon_subscribe({mgrmap=0+}) v3 -- 0x7f94f8113930 con 0x7f94f8100b80
2024-07-26T06:22:42.343 INFO:teuthology.orchestra.run.smithi077.stdout:/usr/bin/ceph: stderr
2024-07-26T06:22:41.314+0000 7f94f57fa640 1 -- 172.21.15.77:0/1712775030 <== mon.0 v2:172.21.15.77:3300/0 3 ==== mon_map magic: 0 v1 ==== 229+0+0 (secure 0 0 0) 0x7f94ec03a870 con 0x7f94f8100b80
2024-07-26T06:22:42.343 INFO:teuthology.orchestra.run.smithi077.stdout:/usr/bin/ceph: stderr
2024-07-26T06:22:41.314+0000 7f94ff005640 1 -- 172.21.15.77:0/1712775030 --> [v2:172.21.15.77:3300/0,v1:172.21.15.77:6789/0] -- mon_subscribe({osdmap=0}) v3 -- 0x7f94f8113da0 con 0x7f94f8100b80
2024-07-26T06:22:42.343 INFO:teuthology.orchestra.run.smithi077.stdout:/usr/bin/ceph: stderr
2024-07-26T06:22:41.315+0000 7f94f57fa640 1 -- 172.21.15.77:0/1712775030 <== mon.0 v2:172.21.15.77:3300/0 4 ==== mgrmap(e 12) v1 ==== 42649+0+0 (secure 0 0 0) 0x7f94ec03ab30 con 0x7f94f8100b80
2024-07-26T06:22:42.343 INFO:teuthology.orchestra.run.smithi077.stdout:/usr/bin/ceph: stderr
2024-07-26T06:22:41.315+0000 7f94f57fa640 1 --2- 172.21.15.77:0/1712775030 >> [v2:172.21.15.77:6800/2994894276,v1:172.21.15.77:6801/2994894276] conn(0x7f94e8035710 0x7f94e8037bc0 unknown :-1 s=NONE pgs=0 cs=0 l=1 rev1=0 crypto rx=0 tx=0 comp rx=0 tx=0).connect
2024-07-26T06:22:42.343 INFO:teuthology.orchestra.run.smithi077.stdout:/usr/bin/ceph: stderr
2024-07-26T06:22:41.315+0000 7f94f57fa640 1 -- 172.21.15.77:0/1712775030 <== mon.0 v2:172.21.15.77:3300/0 5 ==== osd_map(3..3 src has 1..3) v4 ==== 1151+0+0 (secure 0 0 0) 0x7f94ec068620 con 0x7f94f8100b80
2024-07-26T06:22:42.343 INFO:teuthology.orchestra.run.smithi077.stdout:/usr/bin/ceph: stderr
2024-07-26T06:22:41.315+0000 7f94ff005640 1 -- 172.21.15.77:0/1712775030 --> [v2:172.21.15.77:3300/0,v1:172.21.15.77:6789/0] -- mon_command({"prefix": "get_command_descriptions"} v 0) v1 -- 0x7f94f804b480 con 0x7f94f8100b80
2024-07-26T06:22:42.343 INFO:teuthology.orchestra.run.smithi077.stdout:/usr/bin/ceph: stderr
2024-07-26T06:22:41.315+0000 7f94f7fff640 1 --2- 172.21.15.77:0/1712775030 >> [v2:172.21.15.77:6800/2994894276,v1:172.21.15.77:6801/2994894276] conn(0x7f94e8035710 0x7f94e8037bc0 unknown :-1 s=BANNER_CONNECTING pgs=0 cs=0 l=1 rev1=0 crypto rx=0 tx=0 comp rx=0 tx=0)._handle_peer_banner_payload supported=3 required=0
2024-07-26T06:22:42.343 INFO:teuthology.orchestra.run.smithi077.stdout:/usr/bin/ceph: stderr
2024-07-26T06:22:41.316+0000 7f94f7fff640 1 --2- 172.21.15.77:0/1712775030 >> [v2:172.21.15.77:6800/2994894276,v1:172.21.15.77:6801/2994894276] conn(0x7f94e8035710 0x7f94e8037bc0 secure :-1 s=READY pgs=8 cs=0 l=1 rev1=1 crypto rx=0x7f94e4006fd0 tx=0x7f94e4006db0 comp rx=0 tx=0).ready entity=mgr.14160 client_cookie=0 server_cookie=0 in_seq=0 out_seq=0
2024-07-26T06:22:42.343 INFO:teuthology.orchestra.run.smithi077.stdout:/usr/bin/ceph: stderr
2024-07-26T06:22:41.320+0000 7f94f57fa640 1 -- 172.21.15.77:0/1712775030 <== mon.0 v2:172.21.15.77:3300/0 6 ==== mon_command_ack([{"prefix": "get_command_descriptions"}]=0 v0) v1 ==== 72+0+176702 (secure 0 0 0) 0x7f94ec037070 con 0x7f94f8100b80
2024-07-26T06:22:42.343 INFO:teuthology.orchestra.run.smithi077.stdout:/usr/bin/ceph: stderr
2024-07-26T06:22:41.493+0000 7f94ff005640 1 -- 172.21.15.77:0/1712775030 --> [v2:172.21.15.77:6800/2994894276,v1:172.21.15.77:6801/2994894276] -- mgr_command(tid 0: {"prefix": "dashboard ac-user-create", "username": "admin", "rolename": "administrator", "force_password": true, "pwd_update_required": true, "target": ["mon-mgr", ""]}) v1 -- 0x7f94f805e8c0 con 0x7f94e8035710
2024-07-26T06:22:42.344 INFO:teuthology.orchestra.run.smithi077.stdout:/usr/bin/ceph: stderr
2024-07-26T06:22:41.716+0000 7f94f57fa640 1 -- 172.21.15.77:0/1712775030 <== mgr.14160 v2:172.21.15.77:6800/2994894276 1 ==== mgr_command_reply(tid 0: 0 ) v1 ==== 8+0+252 (secure 0 0 0) 0x7f94f805e8c0 con 0x7f94e8035710
2024-07-26T06:22:42.344 INFO:teuthology.orchestra.run.smithi077.stdout:/usr/bin/ceph: stderr
2024-07-26T06:22:41.718+0000 7f94ff005640 1 -- 172.21.15.77:0/1712775030 >> [v2:172.21.15.77:6800/2994894276,v1:172.21.15.77:6801/2994894276] conn(0x7f94e8035710 msgr2=0x7f94e8037bc0 secure :-1 s=STATE_CONNECTION_ESTABLISHED l=1).mark_down
2024-07-26T06:22:42.344 INFO:teuthology.orchestra.run.smithi077.stdout:/usr/bin/ceph: stderr
2024-07-26T06:22:41.718+0000 7f94ff005640 1 --2- 172.21.15.77:0/1712775030 >> [v2:172.21.15.77:6800/2994894276,v1:172.21.15.77:6801/2994894276] conn(0x7f94e8035710 0x7f94e8037bc0 secure :-1 s=READY pgs=8 cs=0 l=1 rev1=1 crypto rx=0x7f94e4006fd0 tx=0x7f94e4006db0 comp rx=0 tx=0).stop
2024-07-26T06:22:42.344 INFO:teuthology.orchestra.run.smithi077.stdout:/usr/bin/ceph: stderr
2024-07-26T06:22:41.718+0000 7f94ff005640 1 -- 172.21.15.77:0/1712775030 >> [v2:172.21.15.77:3300/0,v1:172.21.15.77:6789/0] conn(0x7f94f8100b80 msgr2=0x7f94f8076b20 secure :-1 s=STATE_CONNECTION_ESTABLISHED l=1).mark_down
2024-07-26T06:22:42.344 INFO:teuthology.orchestra.run.smithi077.stdout:/usr/bin/ceph: stderr
2024-07-26T06:22:41.718+0000 7f94ff005640 1 --2- 172.21.15.77:0/1712775030 >> [v2:172.21.15.77:3300/0,v1:172.21.15.77:6789/0] conn(0x7f94f8100b80 0x7f94f8076b20 secure :-1 s=READY pgs=81 cs=0 l=1 rev1=1 crypto rx=0x7f94ec009810 tx=0x7f94ec0091d0 comp rx=0 tx=0).stop
2024-07-26T06:22:42.344 INFO:teuthology.orchestra.run.smithi077.stdout:/usr/bin/ceph: stderr
2024-07-26T06:22:41.718+0000 7f94ff005640 1 -- 172.21.15.77:0/1712775030 shutdown_connections
2024-07-26T06:22:42.344 INFO:teuthology.orchestra.run.smithi077.stdout:/usr/bin/ceph: stderr
2024-07-26T06:22:41.718+0000 7f94ff005640 1 --2- 172.21.15.77:0/1712775030 >> [v2:172.21.15.77:6800/2994894276,v1:172.21.15.77:6801/2994894276] conn(0x7f94e8035710 0x7f94e8037bc0 unknown :-1 s=CLOSED pgs=8 cs=0 l=1 rev1=1 crypto rx=0 tx=0 comp rx=0 tx=0).stop
2024-07-26T06:22:42.344 INFO:teuthology.orchestra.run.smithi077.stdout:/usr/bin/ceph: stderr
2024-07-26T06:22:41.718+0000 7f94ff005640 1 --2- 172.21.15.77:0/1712775030 >> [v2:172.21.15.77:3300/0,v1:172.21.15.77:6789/0] conn(0x7f94f8100b80 0x7f94f8076b20 unknown :-1 s=CLOSED pgs=81 cs=0 l=1 rev1=1 crypto rx=0 tx=0 comp rx=0 tx=0).stop
2024-07-26T06:22:42.344 INFO:teuthology.orchestra.run.smithi077.stdout:/usr/bin/ceph: stderr
2024-07-26T06:22:41.718+0000 7f94ff005640 1 -- 172.21.15.77:0/1712775030 >> 172.21.15.77:0/1712775030 conn(0x7f94f80fc340 msgr2=0x7f94f80fcf10 unknown :-1 s=STATE_NONE l=0).mark_down
2024-07-26T06:22:42.344 INFO:teuthology.orchestra.run.smithi077.stdout:/usr/bin/ceph: stderr
2024-07-26T06:22:41.718+0000 7f94ff005640 1 -- 172.21.15.77:0/1712775030 shutdown_connections
2024-07-26T06:22:42.344 INFO:teuthology.orchestra.run.smithi077.stdout:/usr/bin/ceph: stderr
2024-07-26T06:22:41.718+0000 7f94ff005640 1 -- 172.21.15.77:0/1712775030 wait complete.
2024-07-26T06:22:42.344 INFO:teuthology.orchestra.run.smithi077.stdout:Fetching dashboard port number...
2024-07-26T06:22:42.914 INFO:journalctl@ceph.mon.smithi077.smithi077.stdout:Jul 26 06:22:42 smithi077 ceph-mon[29596]: from='client.14174 -' entity='client.admin' cmd=[{"prefix": "dashboard ac-user-create", "username": "admin", "rolename": "administrator", "force_password": true, "pwd_update_required": true, "target": ["mon-mgr", ""]}]: dispatch
2024-07-26T06:22:42.914 INFO:journalctl@ceph.mon.smithi077.smithi077.stdout:Jul 26 06:22:42 smithi077 ceph-mon[29596]: from='mgr.14160 172.21.15.77:0/1987292226' entity='mgr.smithi077.dbpeod'
2024-07-26T06:22:43.847 INFO:teuthology.orchestra.run.smithi077.stdout:/usr/bin/ceph: stdout 8443
2024-07-26T06:22:43.848 INFO:teuthology.orchestra.run.smithi077.stdout:/usr/bin/ceph: stderr
2024-07-26T06:22:43.110+0000 7fab7cae4640 1 Processor -- start
2024-07-26T06:22:43.848 INFO:teuthology.orchestra.run.smithi077.stdout:/usr/bin/ceph: stderr
2024-07-26T06:22:43.110+0000 7fab7cae4640 1 -- start start
2024-07-26T06:22:43.848 INFO:teuthology.orchestra.run.smithi077.stdout:/usr/bin/ceph: stderr
2024-07-26T06:22:43.110+0000 7fab7cae4640 1 --2- >> [v2:172.21.15.77:3300/0,v1:172.21.15.77:6789/0] conn(0x7fab78100bc0 0x7fab78100fd0 unknown :-1 s=NONE pgs=0 cs=0 l=0 rev1=0 crypto rx=0 tx=0 comp rx=0 tx=0).connect
2024-07-26T06:22:43.848 INFO:teuthology.orchestra.run.smithi077.stdout:/usr/bin/ceph: stderr
2024-07-26T06:22:43.110+0000 7fab7cae4640 1 -- --> [v2:172.21.15.77:3300/0,v1:172.21.15.77:6789/0] -- mon_getmap magic: 0 v1 -- 0x7fab78101510 con 0x7fab78100bc0
2024-07-26T06:22:43.848 INFO:teuthology.orchestra.run.smithi077.stdout:/usr/bin/ceph: stderr
2024-07-26T06:22:43.111+0000 7fab7659c640 1 --2- >> [v2:172.21.15.77:3300/0,v1:172.21.15.77:6789/0] conn(0x7fab78100bc0 0x7fab78100fd0 unknown :-1 s=BANNER_CONNECTING pgs=0 cs=0 l=0 rev1=0 crypto rx=0 tx=0 comp rx=0 tx=0)._handle_peer_banner_payload supported=3 required=0
2024-07-26T06:22:43.848 INFO:teuthology.orchestra.run.smithi077.stdout:/usr/bin/ceph: stderr
2024-07-26T06:22:43.111+0000 7fab7659c640 1 --2- >> [v2:172.21.15.77:3300/0,v1:172.21.15.77:6789/0] conn(0x7fab78100bc0 0x7fab78100fd0 unknown :-1 s=HELLO_CONNECTING pgs=0 cs=0 l=0 rev1=1 crypto rx=0 tx=0 comp rx=0 tx=0).handle_hello peer v2:172.21.15.77:3300/0 says I am v2:172.21.15.77:57158/0 (socket says 172.21.15.77:57158)
2024-07-26T06:22:43.848 INFO:teuthology.orchestra.run.smithi077.stdout:/usr/bin/ceph: stderr
2024-07-26T06:22:43.111+0000 7fab7659c640 1 -- 172.21.15.77:0/351147133 learned_addr learned my addr 172.21.15.77:0/351147133 (peer_addr_for_me v2:172.21.15.77:0/0)
2024-07-26T06:22:43.848 INFO:teuthology.orchestra.run.smithi077.stdout:/usr/bin/ceph: stderr
2024-07-26T06:22:43.111+0000 7fab7659c640 1 -- 172.21.15.77:0/351147133 --> [v2:172.21.15.77:3300/0,v1:172.21.15.77:6789/0] -- mon_subscribe({config=0+,monmap=0+}) v3 -- 0x7fab78101650 con 0x7fab78100bc0
2024-07-26T06:22:43.848 INFO:teuthology.orchestra.run.smithi077.stdout:/usr/bin/ceph: stderr
2024-07-26T06:22:43.111+0000 7fab7659c640 1 --2- 172.21.15.77:0/351147133 >> [v2:172.21.15.77:3300/0,v1:172.21.15.77:6789/0] conn(0x7fab78100bc0 0x7fab78100fd0 secure :-1 s=READY pgs=82 cs=0 l=1 rev1=1 crypto rx=0x7fab68009e50 tx=0x7fab68009840 comp rx=0 tx=0).ready entity=mon.0 client_cookie=be6074ee63baa8e9 server_cookie=0 in_seq=0 out_seq=0
2024-07-26T06:22:43.848 INFO:teuthology.orchestra.run.smithi077.stdout:/usr/bin/ceph: stderr
2024-07-26T06:22:43.112+0000 7fab7559a640 1 -- 172.21.15.77:0/351147133 <== mon.0 v2:172.21.15.77:3300/0 1 ==== mon_map magic: 0 v1 ==== 229+0+0 (secure 0 0 0) 0x7fab68031560 con 0x7fab78100bc0
2024-07-26T06:22:43.848 INFO:teuthology.orchestra.run.smithi077.stdout:/usr/bin/ceph: stderr
2024-07-26T06:22:43.112+0000 7fab7559a640 1 -- 172.21.15.77:0/351147133 <== mon.0 v2:172.21.15.77:3300/0 2 ==== config(26 keys) v1 ==== 1070+0+0 (secure 0 0 0) 0x7fab6802d050 con 0x7fab78100bc0
2024-07-26T06:22:43.848 INFO:teuthology.orchestra.run.smithi077.stdout:/usr/bin/ceph: stderr
2024-07-26T06:22:43.112+0000 7fab7559a640 1 -- 172.21.15.77:0/351147133 <== mon.0 v2:172.21.15.77:3300/0 3 ==== mon_map magic: 0 v1 ==== 229+0+0 (secure 0 0 0) 0x7fab68007a60 con 0x7fab78100bc0
2024-07-26T06:22:43.849 INFO:teuthology.orchestra.run.smithi077.stdout:/usr/bin/ceph: stderr
2024-07-26T06:22:43.112+0000 7fab7cae4640 1 -- 172.21.15.77:0/351147133 >> [v2:172.21.15.77:3300/0,v1:172.21.15.77:6789/0] conn(0x7fab78100bc0 msgr2=0x7fab78100fd0 secure :-1 s=STATE_CONNECTION_ESTABLISHED l=1).mark_down
2024-07-26T06:22:43.849 INFO:teuthology.orchestra.run.smithi077.stdout:/usr/bin/ceph: stderr
2024-07-26T06:22:43.112+0000 7fab7cae4640 1 --2- 172.21.15.77:0/351147133 >> [v2:172.21.15.77:3300/0,v1:172.21.15.77:6789/0] conn(0x7fab78100bc0 0x7fab78100fd0 secure :-1 s=READY pgs=82 cs=0 l=1 rev1=1 crypto rx=0x7fab68009e50 tx=0x7fab68009840 comp rx=0 tx=0).stop
2024-07-26T06:22:43.849 INFO:teuthology.orchestra.run.smithi077.stdout:/usr/bin/ceph: stderr
2024-07-26T06:22:43.112+0000 7fab7cae4640 1 -- 172.21.15.77:0/351147133 shutdown_connections
2024-07-26T06:22:43.849 INFO:teuthology.orchestra.run.smithi077.stdout:/usr/bin/ceph: stderr
2024-07-26T06:22:43.112+0000 7fab7cae4640 1 --2- 172.21.15.77:0/351147133 >> [v2:172.21.15.77:3300/0,v1:172.21.15.77:6789/0] conn(0x7fab78100bc0 0x7fab78100fd0 unknown :-1 s=CLOSED pgs=82 cs=0 l=1 rev1=1 crypto rx=0 tx=0 comp rx=0 tx=0).stop
2024-07-26T06:22:43.849 INFO:teuthology.orchestra.run.smithi077.stdout:/usr/bin/ceph: stderr
2024-07-26T06:22:43.112+0000 7fab7cae4640 1 -- 172.21.15.77:0/351147133 >> 172.21.15.77:0/351147133 conn(0x7fab780fc340 msgr2=0x7fab780fe7b0 unknown :-1 s=STATE_NONE l=0).mark_down
2024-07-26T06:22:43.849 INFO:teuthology.orchestra.run.smithi077.stdout:/usr/bin/ceph: stderr
2024-07-26T06:22:43.112+0000 7fab7cae4640 1 -- 172.21.15.77:0/351147133 shutdown_connections
2024-07-26T06:22:43.849 INFO:teuthology.orchestra.run.smithi077.stdout:/usr/bin/ceph: stderr
2024-07-26T06:22:43.112+0000 7fab7cae4640 1 -- 172.21.15.77:0/351147133 wait complete.
2024-07-26T06:22:43.849 INFO:teuthology.orchestra.run.smithi077.stdout:/usr/bin/ceph: stderr
2024-07-26T06:22:43.113+0000 7fab7cae4640 1 Processor -- start
2024-07-26T06:22:43.849 INFO:teuthology.orchestra.run.smithi077.stdout:/usr/bin/ceph: stderr
2024-07-26T06:22:43.113+0000 7fab7cae4640 1 -- start start
2024-07-26T06:22:43.849 INFO:teuthology.orchestra.run.smithi077.stdout:/usr/bin/ceph: stderr
2024-07-26T06:22:43.113+0000 7fab7cae4640 1 --2- >> [v2:172.21.15.77:3300/0,v1:172.21.15.77:6789/0] conn(0x7fab78100bc0 0x7fab7810f960 unknown :-1 s=NONE pgs=0 cs=0 l=1 rev1=0 crypto rx=0 tx=0 comp rx=0 tx=0).connect
2024-07-26T06:22:43.849 INFO:teuthology.orchestra.run.smithi077.stdout:/usr/bin/ceph: stderr
2024-07-26T06:22:43.113+0000 7fab7cae4640 1 -- --> [v2:172.21.15.77:3300/0,v1:172.21.15.77:6789/0] -- mon_getmap magic: 0 v1 -- 0x7fab7810fea0 con 0x7fab78100bc0
2024-07-26T06:22:43.849 INFO:teuthology.orchestra.run.smithi077.stdout:/usr/bin/ceph: stderr
2024-07-26T06:22:43.113+0000 7fab7659c640 1 --2- >> [v2:172.21.15.77:3300/0,v1:172.21.15.77:6789/0] conn(0x7fab78100bc0 0x7fab7810f960 unknown :-1 s=BANNER_CONNECTING pgs=0 cs=0 l=1 rev1=0 crypto rx=0 tx=0 comp rx=0 tx=0)._handle_peer_banner_payload supported=3 required=0
2024-07-26T06:22:43.849 INFO:teuthology.orchestra.run.smithi077.stdout:/usr/bin/ceph: stderr
2024-07-26T06:22:43.113+0000 7fab7659c640 1 --2- >> [v2:172.21.15.77:3300/0,v1:172.21.15.77:6789/0] conn(0x7fab78100bc0 0x7fab7810f960 unknown :-1 s=HELLO_CONNECTING pgs=0 cs=0 l=1 rev1=1 crypto rx=0 tx=0 comp rx=0 tx=0).handle_hello peer v2:172.21.15.77:3300/0 says I am v2:172.21.15.77:57166/0 (socket says 172.21.15.77:57166)
2024-07-26T06:22:43.850 INFO:teuthology.orchestra.run.smithi077.stdout:/usr/bin/ceph: stderr
2024-07-26T06:22:43.113+0000 7fab7659c640 1 -- 172.21.15.77:0/3094193929 learned_addr learned my addr 172.21.15.77:0/3094193929 (peer_addr_for_me v2:172.21.15.77:0/0)
2024-07-26T06:22:43.850 INFO:teuthology.orchestra.run.smithi077.stdout:/usr/bin/ceph: stderr
2024-07-26T06:22:43.113+0000 7fab7659c640 1 -- 172.21.15.77:0/3094193929 --> [v2:172.21.15.77:3300/0,v1:172.21.15.77:6789/0] -- mon_subscribe({config=0+,monmap=0+}) v3 -- 0x7fab68009ae0 con 0x7fab78100bc0
2024-07-26T06:22:43.850 INFO:teuthology.orchestra.run.smithi077.stdout:/usr/bin/ceph: stderr
2024-07-26T06:22:43.113+0000 7fab7659c640 1 --2- 172.21.15.77:0/3094193929 >> [v2:172.21.15.77:3300/0,v1:172.21.15.77:6789/0] conn(0x7fab78100bc0 0x7fab7810f960 secure :-1 s=READY pgs=83 cs=0 l=1 rev1=1 crypto rx=0x7fab6802abe0 tx=0x7fab68009840 comp rx=0 tx=0).ready entity=mon.0 client_cookie=0 server_cookie=0 in_seq=0 out_seq=0
2024-07-26T06:22:43.850 INFO:teuthology.orchestra.run.smithi077.stdout:/usr/bin/ceph: stderr
2024-07-26T06:22:43.114+0000 7fab6effd640 1 -- 172.21.15.77:0/3094193929 <== mon.0 v2:172.21.15.77:3300/0 1 ==== mon_map magic: 0 v1 ==== 229+0+0 (secure 0 0 0) 0x7fab68031bc0 con 0x7fab78100bc0
2024-07-26T06:22:43.850 INFO:teuthology.orchestra.run.smithi077.stdout:/usr/bin/ceph: stderr
2024-07-26T06:22:43.114+0000 7fab6effd640 1 -- 172.21.15.77:0/3094193929 <== mon.0 v2:172.21.15.77:3300/0 2 ==== config(26 keys) v1 ==== 1070+0+0 (secure 0 0 0) 0x7fab68031d20 con 0x7fab78100bc0
2024-07-26T06:22:43.850 INFO:teuthology.orchestra.run.smithi077.stdout:/usr/bin/ceph: stderr
2024-07-26T06:22:43.114+0000 7fab7cae4640 1 -- 172.21.15.77:0/3094193929 --> [v2:172.21.15.77:3300/0,v1:172.21.15.77:6789/0] -- mon_subscribe({mgrmap=0+}) v3 -- 0x7fab781100a0 con 0x7fab78100bc0
2024-07-26T06:22:43.850 INFO:teuthology.orchestra.run.smithi077.stdout:/usr/bin/ceph: stderr
2024-07-26T06:22:43.114+0000 7fab6effd640 1 -- 172.21.15.77:0/3094193929 <== mon.0 v2:172.21.15.77:3300/0 3 ==== mon_map magic: 0 v1 ==== 229+0+0 (secure 0 0 0) 0x7fab68045570 con 0x7fab78100bc0
2024-07-26T06:22:43.850 INFO:teuthology.orchestra.run.smithi077.stdout:/usr/bin/ceph: stderr
2024-07-26T06:22:43.114+0000 7fab7cae4640 1 -- 172.21.15.77:0/3094193929 --> [v2:172.21.15.77:3300/0,v1:172.21.15.77:6789/0] -- mon_subscribe({osdmap=0}) v3 -- 0x7fab78110510 con 0x7fab78100bc0
2024-07-26T06:22:43.850 INFO:teuthology.orchestra.run.smithi077.stdout:/usr/bin/ceph: stderr
2024-07-26T06:22:43.114+0000 7fab6effd640 1 -- 172.21.15.77:0/3094193929 <== mon.0 v2:172.21.15.77:3300/0 4 ==== mgrmap(e 12) v1 ==== 42649+0+0 (secure 0 0 0) 0x7fab68038050 con 0x7fab78100bc0
2024-07-26T06:22:43.850 INFO:teuthology.orchestra.run.smithi077.stdout:/usr/bin/ceph: stderr
2024-07-26T06:22:43.115+0000 7fab6effd640 1 --2- 172.21.15.77:0/3094193929 >> [v2:172.21.15.77:6800/2994894276,v1:172.21.15.77:6801/2994894276] conn(0x7fab64035760 0x7fab64037c10 unknown :-1 s=NONE pgs=0 cs=0 l=1 rev1=0 crypto rx=0 tx=0 comp rx=0 tx=0).connect
2024-07-26T06:22:43.850 INFO:teuthology.orchestra.run.smithi077.stdout:/usr/bin/ceph: stderr
2024-07-26T06:22:43.115+0000 7fab7cae4640 1 -- 172.21.15.77:0/3094193929 --> [v2:172.21.15.77:3300/0,v1:172.21.15.77:6789/0] -- mon_command({"prefix": "get_command_descriptions"} v 0) v1 -- 0x7fab7804b480 con 0x7fab78100bc0
2024-07-26T06:22:43.850 INFO:teuthology.orchestra.run.smithi077.stdout:/usr/bin/ceph: stderr
2024-07-26T06:22:43.115+0000 7fab6effd640 1 -- 172.21.15.77:0/3094193929 <== mon.0 v2:172.21.15.77:3300/0 5 ==== osd_map(3..3 src has 1..3) v4 ==== 1151+0+0 (secure 0 0 0) 0x7fab680681c0 con 0x7fab78100bc0
2024-07-26T06:22:43.850 INFO:teuthology.orchestra.run.smithi077.stdout:/usr/bin/ceph: stderr
2024-07-26T06:22:43.115+0000 7fab75d9b640 1 --2- 172.21.15.77:0/3094193929 >> [v2:172.21.15.77:6800/2994894276,v1:172.21.15.77:6801/2994894276] conn(0x7fab64035760 0x7fab64037c10 unknown :-1 s=BANNER_CONNECTING pgs=0 cs=0 l=1 rev1=0 crypto rx=0 tx=0 comp rx=0 tx=0)._handle_peer_banner_payload supported=3 required=0
2024-07-26T06:22:43.851 INFO:teuthology.orchestra.run.smithi077.stdout:/usr/bin/ceph: stderr
2024-07-26T06:22:43.115+0000 7fab75d9b640 1 --2- 172.21.15.77:0/3094193929 >> [v2:172.21.15.77:6800/2994894276,v1:172.21.15.77:6801/2994894276] conn(0x7fab64035760 0x7fab64037c10 secure :-1 s=READY pgs=9 cs=0 l=1 rev1=1 crypto rx=0x7fab60006fd0 tx=0x7fab60006db0 comp rx=0 tx=0).ready entity=mgr.14160 client_cookie=0 server_cookie=0 in_seq=0 out_seq=0
2024-07-26T06:22:43.851 INFO:teuthology.orchestra.run.smithi077.stdout:/usr/bin/ceph: stderr
2024-07-26T06:22:43.119+0000 7fab6effd640 1 -- 172.21.15.77:0/3094193929 <== mon.0 v2:172.21.15.77:3300/0 6 ==== mon_command_ack([{"prefix": "get_command_descriptions"}]=0 v0) v1 ==== 72+0+176702 (secure 0 0 0) 0x7fab68038300 con 0x7fab78100bc0
2024-07-26T06:22:43.851 INFO:teuthology.orchestra.run.smithi077.stdout:/usr/bin/ceph: stderr
2024-07-26T06:22:43.274+0000 7fab7cae4640 1 -- 172.21.15.77:0/3094193929 --> [v2:172.21.15.77:3300/0,v1:172.21.15.77:6789/0] -- mon_command({"prefix": "config get", "who": "mgr", "key": "mgr/dashboard/ssl_server_port"} v 0) v1 -- 0x7fab78110510 con 0x7fab78100bc0
2024-07-26T06:22:43.851 INFO:teuthology.orchestra.run.smithi077.stdout:/usr/bin/ceph: stderr
2024-07-26T06:22:43.275+0000 7fab6effd640 1 -- 172.21.15.77:0/3094193929 <== mon.0 v2:172.21.15.77:3300/0 7 ==== mon_command_ack([{"prefix": "config get", "who": "mgr", "key": "mgr/dashboard/ssl_server_port"}]=0 v8) v1 ==== 112+0+5 (secure 0 0 0) 0x7fab68036030 con 0x7fab78100bc0
2024-07-26T06:22:43.851 INFO:teuthology.orchestra.run.smithi077.stdout:/usr/bin/ceph: stderr
2024-07-26T06:22:43.276+0000 7fab7cae4640 1 -- 172.21.15.77:0/3094193929 >> [v2:172.21.15.77:6800/2994894276,v1:172.21.15.77:6801/2994894276] conn(0x7fab64035760 msgr2=0x7fab64037c10 secure :-1 s=STATE_CONNECTION_ESTABLISHED l=1).mark_down
2024-07-26T06:22:43.851 INFO:teuthology.orchestra.run.smithi077.stdout:/usr/bin/ceph: stderr
2024-07-26T06:22:43.276+0000 7fab7cae4640 1 --2- 172.21.15.77:0/3094193929 >> [v2:172.21.15.77:6800/2994894276,v1:172.21.15.77:6801/2994894276] conn(0x7fab64035760 0x7fab64037c10 secure :-1 s=READY pgs=9 cs=0 l=1 rev1=1 crypto rx=0x7fab60006fd0 tx=0x7fab60006db0 comp rx=0 tx=0).stop
2024-07-26T06:22:43.851 INFO:teuthology.orchestra.run.smithi077.stdout:/usr/bin/ceph: stderr
2024-07-26T06:22:43.276+0000 7fab7cae4640 1 -- 172.21.15.77:0/3094193929 >> [v2:172.21.15.77:3300/0,v1:172.21.15.77:6789/0] conn(0x7fab78100bc0 msgr2=0x7fab7810f960 secure :-1 s=STATE_CONNECTION_ESTABLISHED l=1).mark_down
2024-07-26T06:22:43.851 INFO:teuthology.orchestra.run.smithi077.stdout:/usr/bin/ceph: stderr
2024-07-26T06:22:43.276+0000 7fab7cae4640 1 --2- 172.21.15.77:0/3094193929 >> [v2:172.21.15.77:3300/0,v1:172.21.15.77:6789/0] conn(0x7fab78100bc0 0x7fab7810f960 secure :-1 s=READY pgs=83 cs=0 l=1 rev1=1 crypto rx=0x7fab6802abe0 tx=0x7fab68009840 comp rx=0 tx=0).stop
2024-07-26T06:22:43.851 INFO:teuthology.orchestra.run.smithi077.stdout:/usr/bin/ceph: stderr
2024-07-26T06:22:43.277+0000 7fab7cae4640 1 -- 172.21.15.77:0/3094193929 shutdown_connections
2024-07-26T06:22:43.851 INFO:teuthology.orchestra.run.smithi077.stdout:/usr/bin/ceph: stderr
2024-07-26T06:22:43.277+0000 7fab7cae4640 1 --2- 172.21.15.77:0/3094193929 >> [v2:172.21.15.77:6800/2994894276,v1:172.21.15.77:6801/2994894276] conn(0x7fab64035760 0x7fab64037c10 unknown :-1 s=CLOSED pgs=9 cs=0 l=1 rev1=1 crypto rx=0 tx=0 comp rx=0 tx=0).stop
2024-07-26T06:22:43.851 INFO:teuthology.orchestra.run.smithi077.stdout:/usr/bin/ceph: stderr
2024-07-26T06:22:43.277+0000 7fab7cae4640 1 --2- 172.21.15.77:0/3094193929 >> [v2:172.21.15.77:3300/0,v1:172.21.15.77:6789/0] conn(0x7fab78100bc0 0x7fab7810f960 unknown :-1 s=CLOSED pgs=83 cs=0 l=1 rev1=1 crypto rx=0 tx=0 comp rx=0 tx=0).stop
2024-07-26T06:22:43.851 INFO:teuthology.orchestra.run.smithi077.stdout:/usr/bin/ceph: stderr
2024-07-26T06:22:43.277+0000 7fab7cae4640 1 -- 172.21.15.77:0/3094193929 >> 172.21.15.77:0/3094193929 conn(0x7fab780fc340 msgr2=0x7fab780fcfc0 unknown :-1 s=STATE_NONE l=0).mark_down
2024-07-26T06:22:43.851 INFO:teuthology.orchestra.run.smithi077.stdout:/usr/bin/ceph: stderr
2024-07-26T06:22:43.277+0000 7fab7cae4640 1 -- 172.21.15.77:0/3094193929 shutdown_connections
2024-07-26T06:22:43.851 INFO:teuthology.orchestra.run.smithi077.stdout:/usr/bin/ceph: stderr
2024-07-26T06:22:43.277+0000 7fab7cae4640 1 -- 172.21.15.77:0/3094193929 wait complete.
2024-07-26T06:22:43.854 INFO:teuthology.orchestra.run.smithi077.stdout:Non-zero exit code 1 from systemctl is-enabled firewalld.service
2024-07-26T06:22:43.855 INFO:teuthology.orchestra.run.smithi077.stdout:systemctl: stdout disabled
2024-07-26T06:22:43.862 INFO:teuthology.orchestra.run.smithi077.stdout:Non-zero exit code 3 from systemctl is-active firewalld.service
2024-07-26T06:22:43.863 INFO:teuthology.orchestra.run.smithi077.stdout:systemctl: stdout inactive
2024-07-26T06:22:43.863 INFO:teuthology.orchestra.run.smithi077.stdout:firewalld.service is not enabled
2024-07-26T06:22:43.863 INFO:teuthology.orchestra.run.smithi077.stdout:Not possible to open ports <[8443]>. firewalld.service is not available
2024-07-26T06:22:43.865 INFO:teuthology.orchestra.run.smithi077.stdout:Ceph Dashboard is now available at:
2024-07-26T06:22:43.865 INFO:teuthology.orchestra.run.smithi077.stdout:
2024-07-26T06:22:43.865 INFO:teuthology.orchestra.run.smithi077.stdout: URL: https://smithi077.front.sepia.ceph.com:8443/
2024-07-26T06:22:43.865 INFO:teuthology.orchestra.run.smithi077.stdout: User: admin
2024-07-26T06:22:43.865 INFO:teuthology.orchestra.run.smithi077.stdout: Password: ih8vkxseyh
2024-07-26T06:22:43.865 INFO:teuthology.orchestra.run.smithi077.stdout:
2024-07-26T06:22:43.865 INFO:teuthology.orchestra.run.smithi077.stdout:Saving cluster configuration to /var/lib/ceph/2c0896c8-4b17-11ef-bcb6-c7b262605968/config directory
2024-07-26T06:22:43.866 INFO:teuthology.orchestra.run.smithi077.stdout:Enabling autotune for osd_memory_target
2024-07-26T06:22:43.988 INFO:journalctl@ceph.mon.smithi077.smithi077.stdout:Jul 26 06:22:43 smithi077 ceph-mon[29596]: from='client.? 172.21.15.77:0/3094193929' entity='client.admin' cmd=[{"prefix": "config get", "who": "mgr", "key": "mgr/dashboard/ssl_server_port"}]: dispatch
2024-07-26T06:22:45.137 INFO:teuthology.orchestra.run.smithi077.stdout:/usr/bin/ceph: stderr
2024-07-26T06:22:44.336+0000 7f5ae46b8640 1 Processor -- start
2024-07-26T06:22:45.138 INFO:teuthology.orchestra.run.smithi077.stdout:/usr/bin/ceph: stderr
2024-07-26T06:22:44.336+0000 7f5ae46b8640 1 -- start start
2024-07-26T06:22:45.138 INFO:teuthology.orchestra.run.smithi077.stdout:/usr/bin/ceph: stderr
2024-07-26T06:22:44.336+0000 7f5ae46b8640 1 --2- >> [v2:172.21.15.77:3300/0,v1:172.21.15.77:6789/0] conn(0x7f5adc100bf0 0x7f5adc101000 unknown :-1 s=NONE pgs=0 cs=0 l=0 rev1=0 crypto rx=0 tx=0 comp rx=0 tx=0).connect
2024-07-26T06:22:45.138 INFO:teuthology.orchestra.run.smithi077.stdout:/usr/bin/ceph: stderr
2024-07-26T06:22:44.336+0000 7f5ae46b8640 1 -- --> [v2:172.21.15.77:3300/0,v1:172.21.15.77:6789/0] -- mon_getmap magic: 0 v1 -- 0x7f5adc101540 con 0x7f5adc100bf0
2024-07-26T06:22:45.138 INFO:teuthology.orchestra.run.smithi077.stdout:/usr/bin/ceph: stderr
2024-07-26T06:22:44.336+0000 7f5ae2454640 1 --2- >> [v2:172.21.15.77:3300/0,v1:172.21.15.77:6789/0] conn(0x7f5adc100bf0 0x7f5adc101000 unknown :-1 s=BANNER_CONNECTING pgs=0 cs=0 l=0 rev1=0 crypto rx=0 tx=0 comp rx=0 tx=0)._handle_peer_banner_payload supported=3 required=0
2024-07-26T06:22:45.138 INFO:teuthology.orchestra.run.smithi077.stdout:/usr/bin/ceph: stderr
2024-07-26T06:22:44.336+0000 7f5ae2454640 1 --2- >> [v2:172.21.15.77:3300/0,v1:172.21.15.77:6789/0] conn(0x7f5adc100bf0 0x7f5adc101000 unknown :-1 s=HELLO_CONNECTING pgs=0 cs=0 l=0 rev1=1 crypto rx=0 tx=0 comp rx=0 tx=0).handle_hello peer v2:172.21.15.77:3300/0 says I am v2:172.21.15.77:57170/0 (socket says 172.21.15.77:57170)
2024-07-26T06:22:45.138 INFO:teuthology.orchestra.run.smithi077.stdout:/usr/bin/ceph: stderr
2024-07-26T06:22:44.336+0000 7f5ae2454640 1 -- 172.21.15.77:0/3274008609 learned_addr learned my addr 172.21.15.77:0/3274008609 (peer_addr_for_me v2:172.21.15.77:0/0)
2024-07-26T06:22:45.138 INFO:teuthology.orchestra.run.smithi077.stdout:/usr/bin/ceph: stderr
2024-07-26T06:22:44.336+0000 7f5ae2454640 1 -- 172.21.15.77:0/3274008609 --> [v2:172.21.15.77:3300/0,v1:172.21.15.77:6789/0] -- mon_subscribe({config=0+,monmap=0+}) v3 -- 0x7f5adc101680 con 0x7f5adc100bf0
2024-07-26T06:22:45.138 INFO:teuthology.orchestra.run.smithi077.stdout:/usr/bin/ceph: stderr
2024-07-26T06:22:44.337+0000 7f5ae2454640 1 --2- 172.21.15.77:0/3274008609 >> [v2:172.21.15.77:3300/0,v1:172.21.15.77:6789/0] conn(0x7f5adc100bf0 0x7f5adc101000 secure :-1 s=READY pgs=84 cs=0 l=1 rev1=1 crypto rx=0x7f5ad8009840 tx=0x7f5ad80091d0 comp rx=0 tx=0).ready entity=mon.0 client_cookie=8856eb60e395046f server_cookie=0 in_seq=0 out_seq=0
2024-07-26T06:22:45.138 INFO:teuthology.orchestra.run.smithi077.stdout:/usr/bin/ceph: stderr
2024-07-26T06:22:44.337+0000 7f5ae1452640 1 -- 172.21.15.77:0/3274008609 <== mon.0 v2:172.21.15.77:3300/0 1 ==== mon_map magic: 0 v1 ==== 229+0+0 (secure 0 0 0) 0x7f5ad8032440 con 0x7f5adc100bf0
2024-07-26T06:22:45.138 INFO:teuthology.orchestra.run.smithi077.stdout:/usr/bin/ceph: stderr
2024-07-26T06:22:44.337+0000 7f5ae1452640 1 -- 172.21.15.77:0/3274008609 <== mon.0 v2:172.21.15.77:3300/0 2 ==== config(26 keys) v1 ==== 1070+0+0 (secure 0 0 0) 0x7f5ad8032a40 con 0x7f5adc100bf0
2024-07-26T06:22:45.138 INFO:teuthology.orchestra.run.smithi077.stdout:/usr/bin/ceph: stderr
2024-07-26T06:22:44.337+0000 7f5ae1452640 1 -- 172.21.15.77:0/3274008609 <== mon.0 v2:172.21.15.77:3300/0 3 ==== mon_map magic: 0 v1 ==== 229+0+0 (secure 0 0 0) 0x7f5ad8031a70 con 0x7f5adc100bf0
2024-07-26T06:22:45.139 INFO:teuthology.orchestra.run.smithi077.stdout:/usr/bin/ceph: stderr
2024-07-26T06:22:44.338+0000 7f5ae46b8640 1 -- 172.21.15.77:0/3274008609 >> [v2:172.21.15.77:3300/0,v1:172.21.15.77:6789/0] conn(0x7f5adc100bf0 msgr2=0x7f5adc101000 secure :-1 s=STATE_CONNECTION_ESTABLISHED l=1).mark_down
2024-07-26T06:22:45.139 INFO:teuthology.orchestra.run.smithi077.stdout:/usr/bin/ceph: stderr
2024-07-26T06:22:44.338+0000 7f5ae46b8640 1 --2- 172.21.15.77:0/3274008609 >> [v2:172.21.15.77:3300/0,v1:172.21.15.77:6789/0] conn(0x7f5adc100bf0 0x7f5adc101000 secure :-1 s=READY pgs=84 cs=0 l=1 rev1=1 crypto rx=0x7f5ad8009840 tx=0x7f5ad80091d0 comp rx=0 tx=0).stop
2024-07-26T06:22:45.139 INFO:teuthology.orchestra.run.smithi077.stdout:/usr/bin/ceph: stderr
2024-07-26T06:22:44.338+0000 7f5ae46b8640 1 -- 172.21.15.77:0/3274008609 shutdown_connections
2024-07-26T06:22:45.139 INFO:teuthology.orchestra.run.smithi077.stdout:/usr/bin/ceph: stderr
2024-07-26T06:22:44.338+0000 7f5ae46b8640 1 --2- 172.21.15.77:0/3274008609 >> [v2:172.21.15.77:3300/0,v1:172.21.15.77:6789/0] conn(0x7f5adc100bf0 0x7f5adc101000 unknown :-1 s=CLOSED pgs=84 cs=0 l=1 rev1=1 crypto rx=0 tx=0 comp rx=0 tx=0).stop
2024-07-26T06:22:45.139 INFO:teuthology.orchestra.run.smithi077.stdout:/usr/bin/ceph: stderr
2024-07-26T06:22:44.338+0000 7f5ae46b8640 1 -- 172.21.15.77:0/3274008609 >> 172.21.15.77:0/3274008609 conn(0x7f5adc0fc3d0 msgr2=0x7f5adc0fe7e0 unknown :-1 s=STATE_NONE l=0).mark_down
2024-07-26T06:22:45.139 INFO:teuthology.orchestra.run.smithi077.stdout:/usr/bin/ceph: stderr
2024-07-26T06:22:44.338+0000 7f5ae46b8640 1 -- 172.21.15.77:0/3274008609 shutdown_connections
2024-07-26T06:22:45.139 INFO:teuthology.orchestra.run.smithi077.stdout:/usr/bin/ceph: stderr
2024-07-26T06:22:44.338+0000 7f5ae46b8640 1 -- 172.21.15.77:0/3274008609 wait complete.
2024-07-26T06:22:45.139 INFO:teuthology.orchestra.run.smithi077.stdout:/usr/bin/ceph: stderr
2024-07-26T06:22:44.338+0000 7f5ae46b8640 1 Processor -- start
2024-07-26T06:22:45.139 INFO:teuthology.orchestra.run.smithi077.stdout:/usr/bin/ceph: stderr
2024-07-26T06:22:44.339+0000 7f5ae46b8640 1 -- start start
2024-07-26T06:22:45.139 INFO:teuthology.orchestra.run.smithi077.stdout:/usr/bin/ceph: stderr
2024-07-26T06:22:44.339+0000 7f5ae46b8640 1 --2- >> [v2:172.21.15.77:3300/0,v1:172.21.15.77:6789/0] conn(0x7f5adc100bf0 0x7f5adc112c80 unknown :-1 s=NONE pgs=0 cs=0 l=1 rev1=0 crypto rx=0 tx=0 comp rx=0 tx=0).connect
2024-07-26T06:22:45.139 INFO:teuthology.orchestra.run.smithi077.stdout:/usr/bin/ceph: stderr
2024-07-26T06:22:44.339+0000 7f5ae46b8640 1 -- --> [v2:172.21.15.77:3300/0,v1:172.21.15.77:6789/0] -- mon_getmap magic: 0 v1 -- 0x7f5adc1131c0 con 0x7f5adc100bf0
2024-07-26T06:22:45.139 INFO:teuthology.orchestra.run.smithi077.stdout:/usr/bin/ceph: stderr
2024-07-26T06:22:44.339+0000 7f5ae2454640 1 --2- >> [v2:172.21.15.77:3300/0,v1:172.21.15.77:6789/0] conn(0x7f5adc100bf0 0x7f5adc112c80 unknown :-1 s=BANNER_CONNECTING pgs=0 cs=0 l=1 rev1=0 crypto rx=0 tx=0 comp rx=0 tx=0)._handle_peer_banner_payload supported=3 required=0
2024-07-26T06:22:45.139 INFO:teuthology.orchestra.run.smithi077.stdout:/usr/bin/ceph: stderr
2024-07-26T06:22:44.339+0000 7f5ae2454640 1 --2- >> [v2:172.21.15.77:3300/0,v1:172.21.15.77:6789/0] conn(0x7f5adc100bf0 0x7f5adc112c80 unknown :-1 s=HELLO_CONNECTING pgs=0 cs=0 l=1 rev1=1 crypto rx=0 tx=0 comp rx=0 tx=0).handle_hello peer v2:172.21.15.77:3300/0 says I am v2:172.21.15.77:57174/0 (socket says 172.21.15.77:57174)
2024-07-26T06:22:45.139 INFO:teuthology.orchestra.run.smithi077.stdout:/usr/bin/ceph: stderr
2024-07-26T06:22:44.339+0000 7f5ae2454640 1 -- 172.21.15.77:0/3400583980 learned_addr learned my addr 172.21.15.77:0/3400583980 (peer_addr_for_me v2:172.21.15.77:0/0)
2024-07-26T06:22:45.140 INFO:teuthology.orchestra.run.smithi077.stdout:/usr/bin/ceph: stderr
2024-07-26T06:22:44.339+0000 7f5ae2454640 1 -- 172.21.15.77:0/3400583980 --> [v2:172.21.15.77:3300/0,v1:172.21.15.77:6789/0] -- mon_subscribe({config=0+,monmap=0+}) v3 -- 0x7f5ad8009450 con 0x7f5adc100bf0
2024-07-26T06:22:45.140 INFO:teuthology.orchestra.run.smithi077.stdout:/usr/bin/ceph: stderr
2024-07-26T06:22:44.339+0000 7f5ae2454640 1 --2- 172.21.15.77:0/3400583980 >> [v2:172.21.15.77:3300/0,v1:172.21.15.77:6789/0] conn(0x7f5adc100bf0 0x7f5adc112c80 secure :-1 s=READY pgs=85 cs=0 l=1 rev1=1 crypto rx=0x7f5ad8006a70 tx=0x7f5ad80091d0 comp rx=0 tx=0).ready entity=mon.0 client_cookie=0 server_cookie=0 in_seq=0 out_seq=0
2024-07-26T06:22:45.140 INFO:teuthology.orchestra.run.smithi077.stdout:/usr/bin/ceph: stderr
2024-07-26T06:22:44.339+0000 7f5ad2ffd640 1 -- 172.21.15.77:0/3400583980 <== mon.0 v2:172.21.15.77:3300/0 1 ==== mon_map magic: 0 v1 ==== 229+0+0 (secure 0 0 0) 0x7f5ad803c400 con 0x7f5adc100bf0
2024-07-26T06:22:45.140 INFO:teuthology.orchestra.run.smithi077.stdout:/usr/bin/ceph: stderr
2024-07-26T06:22:44.339+0000 7f5ad2ffd640 1 -- 172.21.15.77:0/3400583980 <== mon.0 v2:172.21.15.77:3300/0 2 ==== config(26 keys) v1 ==== 1070+0+0 (secure 0 0 0) 0x7f5ad803ca00 con 0x7f5adc100bf0
2024-07-26T06:22:45.140 INFO:teuthology.orchestra.run.smithi077.stdout:/usr/bin/ceph: stderr
2024-07-26T06:22:44.339+0000 7f5ae46b8640 1 -- 172.21.15.77:0/3400583980 --> [v2:172.21.15.77:3300/0,v1:172.21.15.77:6789/0] -- mon_subscribe({mgrmap=0+}) v3 -- 0x7f5adc1133c0 con 0x7f5adc100bf0
2024-07-26T06:22:45.140 INFO:teuthology.orchestra.run.smithi077.stdout:/usr/bin/ceph: stderr
2024-07-26T06:22:44.339+0000 7f5ad2ffd640 1 -- 172.21.15.77:0/3400583980 <== mon.0 v2:172.21.15.77:3300/0 3 ==== mon_map magic: 0 v1 ==== 229+0+0 (secure 0 0 0) 0x7f5ad803a9a0 con 0x7f5adc100bf0
2024-07-26T06:22:45.140 INFO:teuthology.orchestra.run.smithi077.stdout:/usr/bin/ceph: stderr
2024-07-26T06:22:44.339+0000 7f5ae46b8640 1 -- 172.21.15.77:0/3400583980 --> [v2:172.21.15.77:3300/0,v1:172.21.15.77:6789/0] -- mon_subscribe({osdmap=0}) v3 -- 0x7f5adc113830 con 0x7f5adc100bf0
2024-07-26T06:22:45.140 INFO:teuthology.orchestra.run.smithi077.stdout:/usr/bin/ceph: stderr
2024-07-26T06:22:44.340+0000 7f5ad2ffd640 1 -- 172.21.15.77:0/3400583980 <== mon.0 v2:172.21.15.77:3300/0 4 ==== mgrmap(e 12) v1 ==== 42649+0+0 (secure 0 0 0) 0x7f5ad803cb70 con 0x7f5adc100bf0
2024-07-26T06:22:45.140 INFO:teuthology.orchestra.run.smithi077.stdout:/usr/bin/ceph: stderr
2024-07-26T06:22:44.340+0000 7f5ae46b8640 1 -- 172.21.15.77:0/3400583980 --> [v2:172.21.15.77:3300/0,v1:172.21.15.77:6789/0] -- mon_command({"prefix": "get_command_descriptions"} v 0) v1 -- 0x7f5adc04b480 con 0x7f5adc100bf0
2024-07-26T06:22:45.140 INFO:teuthology.orchestra.run.smithi077.stdout:/usr/bin/ceph: stderr
2024-07-26T06:22:44.340+0000 7f5ad2ffd640 1 --2- 172.21.15.77:0/3400583980 >> [v2:172.21.15.77:6800/2994894276,v1:172.21.15.77:6801/2994894276] conn(0x7f5ac8035750 0x7f5ac8037c00 unknown :-1 s=NONE pgs=0 cs=0 l=1 rev1=0 crypto rx=0 tx=0 comp rx=0 tx=0).connect
2024-07-26T06:22:45.140 INFO:teuthology.orchestra.run.smithi077.stdout:/usr/bin/ceph: stderr
2024-07-26T06:22:44.340+0000 7f5ad2ffd640 1 -- 172.21.15.77:0/3400583980 <== mon.0 v2:172.21.15.77:3300/0 5 ==== osd_map(3..3 src has 1..3) v4 ==== 1151+0+0 (secure 0 0 0) 0x7f5ad8068260 con 0x7f5adc100bf0
2024-07-26T06:22:45.140 INFO:teuthology.orchestra.run.smithi077.stdout:/usr/bin/ceph: stderr
2024-07-26T06:22:44.340+0000 7f5ae1c53640 1 --2- 172.21.15.77:0/3400583980 >> [v2:172.21.15.77:6800/2994894276,v1:172.21.15.77:6801/2994894276] conn(0x7f5ac8035750 0x7f5ac8037c00 unknown :-1 s=BANNER_CONNECTING pgs=0 cs=0 l=1 rev1=0 crypto rx=0 tx=0 comp rx=0 tx=0)._handle_peer_banner_payload supported=3 required=0
2024-07-26T06:22:45.140 INFO:teuthology.orchestra.run.smithi077.stdout:/usr/bin/ceph: stderr
2024-07-26T06:22:44.341+0000 7f5ae1c53640 1 --2- 172.21.15.77:0/3400583980 >> [v2:172.21.15.77:6800/2994894276,v1:172.21.15.77:6801/2994894276] conn(0x7f5ac8035750 0x7f5ac8037c00 secure :-1 s=READY pgs=10 cs=0 l=1 rev1=1 crypto rx=0x7f5acc006fd0 tx=0x7f5acc006db0 comp rx=0 tx=0).ready entity=mgr.14160 client_cookie=0 server_cookie=0 in_seq=0 out_seq=0
2024-07-26T06:22:45.141 INFO:teuthology.orchestra.run.smithi077.stdout:/usr/bin/ceph: stderr
2024-07-26T06:22:44.345+0000 7f5ad2ffd640 1 -- 172.21.15.77:0/3400583980 <== mon.0 v2:172.21.15.77:3300/0 6 ==== mon_command_ack([{"prefix": "get_command_descriptions"}]=0 v0) v1 ==== 72+0+176702 (secure 0 0 0) 0x7f5ad8030af0 con 0x7f5adc100bf0
2024-07-26T06:22:45.141 INFO:teuthology.orchestra.run.smithi077.stdout:/usr/bin/ceph: stderr
2024-07-26T06:22:44.499+0000 7f5ae46b8640 1 -- 172.21.15.77:0/3400583980 --> [v2:172.21.15.77:3300/0,v1:172.21.15.77:6789/0] -- mon_command([{prefix=config set, name=osd_memory_target_autotune}] v 0) v1 -- 0x7f5adc114190 con 0x7f5adc100bf0
2024-07-26T06:22:45.141 INFO:teuthology.orchestra.run.smithi077.stdout:/usr/bin/ceph: stderr
2024-07-26T06:22:44.500+0000 7f5ad2ffd640 1 -- 172.21.15.77:0/3400583980 <== mon.0 v2:172.21.15.77:3300/0 7 ==== mon_command_ack([{prefix=config set, name=osd_memory_target_autotune}]=0 v8)=0 v8) v1 ==== 127+0+0 (secure 0 0 0) 0x7f5ad8037070 con 0x7f5adc100bf0
2024-07-26T06:22:45.141 INFO:teuthology.orchestra.run.smithi077.stdout:/usr/bin/ceph: stderr
2024-07-26T06:22:44.502+0000 7f5ae46b8640 1 -- 172.21.15.77:0/3400583980 >> [v2:172.21.15.77:6800/2994894276,v1:172.21.15.77:6801/2994894276] conn(0x7f5ac8035750 msgr2=0x7f5ac8037c00 secure :-1 s=STATE_CONNECTION_ESTABLISHED l=1).mark_down
2024-07-26T06:22:45.141 INFO:teuthology.orchestra.run.smithi077.stdout:/usr/bin/ceph: stderr
2024-07-26T06:22:44.502+0000 7f5ae46b8640 1 --2- 172.21.15.77:0/3400583980 >> [v2:172.21.15.77:6800/2994894276,v1:172.21.15.77:6801/2994894276] conn(0x7f5ac8035750 0x7f5ac8037c00 secure :-1 s=READY pgs=10 cs=0 l=1 rev1=1 crypto rx=0x7f5acc006fd0 tx=0x7f5acc006db0 comp rx=0 tx=0).stop
2024-07-26T06:22:45.141 INFO:teuthology.orchestra.run.smithi077.stdout:/usr/bin/ceph: stderr
2024-07-26T06:22:44.502+0000 7f5ae46b8640 1 -- 172.21.15.77:0/3400583980 >> [v2:172.21.15.77:3300/0,v1:172.21.15.77:6789/0] conn(0x7f5adc100bf0 msgr2=0x7f5adc112c80 secure :-1 s=STATE_CONNECTION_ESTABLISHED l=1).mark_down
2024-07-26T06:22:45.141 INFO:teuthology.orchestra.run.smithi077.stdout:/usr/bin/ceph: stderr
2024-07-26T06:22:44.502+0000 7f5ae46b8640 1 --2- 172.21.15.77:0/3400583980 >> [v2:172.21.15.77:3300/0,v1:172.21.15.77:6789/0] conn(0x7f5adc100bf0 0x7f5adc112c80 secure :-1 s=READY pgs=85 cs=0 l=1 rev1=1 crypto rx=0x7f5ad8006a70 tx=0x7f5ad80091d0 comp rx=0 tx=0).stop
2024-07-26T06:22:45.141 INFO:teuthology.orchestra.run.smithi077.stdout:/usr/bin/ceph: stderr
2024-07-26T06:22:44.502+0000 7f5ae46b8640 1 -- 172.21.15.77:0/3400583980 shutdown_connections
2024-07-26T06:22:45.141 INFO:teuthology.orchestra.run.smithi077.stdout:/usr/bin/ceph: stderr
2024-07-26T06:22:44.502+0000 7f5ae46b8640 1 --2- 172.21.15.77:0/3400583980 >> [v2:172.21.15.77:6800/2994894276,v1:172.21.15.77:6801/2994894276] conn(0x7f5ac8035750 0x7f5ac8037c00 unknown :-1 s=CLOSED pgs=10 cs=0 l=1 rev1=1 crypto rx=0 tx=0 comp rx=0 tx=0).stop
2024-07-26T06:22:45.141 INFO:teuthology.orchestra.run.smithi077.stdout:/usr/bin/ceph: stderr
2024-07-26T06:22:44.502+0000 7f5ae46b8640 1 --2- 172.21.15.77:0/3400583980 >> [v2:172.21.15.77:3300/0,v1:172.21.15.77:6789/0] conn(0x7f5adc100bf0 0x7f5adc112c80 unknown :-1 s=CLOSED pgs=85 cs=0 l=1 rev1=1 crypto rx=0 tx=0 comp rx=0 tx=0).stop
2024-07-26T06:22:45.141 INFO:teuthology.orchestra.run.smithi077.stdout:/usr/bin/ceph: stderr
2024-07-26T06:22:44.502+0000 7f5ae46b8640 1 -- 172.21.15.77:0/3400583980 >> 172.21.15.77:0/3400583980 conn(0x7f5adc0fc3d0 msgr2=0x7f5adc1050f0 unknown :-1 s=STATE_NONE l=0).mark_down
2024-07-26T06:22:45.141 INFO:teuthology.orchestra.run.smithi077.stdout:/usr/bin/ceph: stderr
2024-07-26T06:22:44.502+0000 7f5ae46b8640 1 -- 172.21.15.77:0/3400583980 shutdown_connections
2024-07-26T06:22:45.141 INFO:teuthology.orchestra.run.smithi077.stdout:/usr/bin/ceph: stderr
2024-07-26T06:22:44.502+0000 7f5ae46b8640 1 -- 172.21.15.77:0/3400583980 wait complete.
2024-07-26T06:22:46.043 INFO:journalctl@ceph.mon.smithi077.smithi077.stdout:Jul 26 06:22:45 smithi077 ceph-mon[29596]: mgrmap e13: smithi077.dbpeod(active, since 6s)
2024-07-26T06:22:46.344 INFO:teuthology.orchestra.run.smithi077.stdout:/usr/bin/ceph: stderr
2024-07-26T06:22:45.490+0000 7f125deb6640 1 Processor -- start
2024-07-26T06:22:46.344 INFO:teuthology.orchestra.run.smithi077.stdout:/usr/bin/ceph: stderr
2024-07-26T06:22:45.490+0000 7f125deb6640 1 -- start start
2024-07-26T06:22:46.344 INFO:teuthology.orchestra.run.smithi077.stdout:/usr/bin/ceph: stderr
2024-07-26T06:22:45.490+0000 7f125deb6640 1 --2- >> [v2:172.21.15.77:3300/0,v1:172.21.15.77:6789/0] conn(0x7f1258101d90 0x7f12581021a0 unknown :-1 s=NONE pgs=0 cs=0 l=0 rev1=0 crypto rx=0 tx=0 comp rx=0 tx=0).connect
2024-07-26T06:22:46.344 INFO:teuthology.orchestra.run.smithi077.stdout:/usr/bin/ceph: stderr
2024-07-26T06:22:45.490+0000 7f125deb6640 1 -- --> [v2:172.21.15.77:3300/0,v1:172.21.15.77:6789/0] -- mon_getmap magic: 0 v1 -- 0x7f12581026e0 con 0x7f1258101d90
2024-07-26T06:22:46.344 INFO:teuthology.orchestra.run.smithi077.stdout:/usr/bin/ceph: stderr
2024-07-26T06:22:45.490+0000 7f12577fe640 1 --2- >> [v2:172.21.15.77:3300/0,v1:172.21.15.77:6789/0] conn(0x7f1258101d90 0x7f12581021a0 unknown :-1 s=BANNER_CONNECTING pgs=0 cs=0 l=0 rev1=0 crypto rx=0 tx=0 comp rx=0 tx=0)._handle_peer_banner_payload supported=3 required=0
2024-07-26T06:22:46.344 INFO:teuthology.orchestra.run.smithi077.stdout:/usr/bin/ceph: stderr
2024-07-26T06:22:45.490+0000 7f12577fe640 1 --2- >> [v2:172.21.15.77:3300/0,v1:172.21.15.77:6789/0] conn(0x7f1258101d90 0x7f12581021a0 unknown :-1 s=HELLO_CONNECTING pgs=0 cs=0 l=0 rev1=1 crypto rx=0 tx=0 comp rx=0 tx=0).handle_hello peer v2:172.21.15.77:3300/0 says I am v2:172.21.15.77:57184/0 (socket says 172.21.15.77:57184)
2024-07-26T06:22:46.344 INFO:teuthology.orchestra.run.smithi077.stdout:/usr/bin/ceph: stderr
2024-07-26T06:22:45.490+0000 7f12577fe640 1 -- 172.21.15.77:0/2849145947 learned_addr learned my addr 172.21.15.77:0/2849145947 (peer_addr_for_me v2:172.21.15.77:0/0)
2024-07-26T06:22:46.344 INFO:teuthology.orchestra.run.smithi077.stdout:/usr/bin/ceph: stderr
2024-07-26T06:22:45.491+0000 7f12577fe640 1 -- 172.21.15.77:0/2849145947 --> [v2:172.21.15.77:3300/0,v1:172.21.15.77:6789/0] -- mon_subscribe({config=0+,monmap=0+}) v3 -- 0x7f1258102820 con 0x7f1258101d90
2024-07-26T06:22:46.344 INFO:teuthology.orchestra.run.smithi077.stdout:/usr/bin/ceph: stderr
2024-07-26T06:22:45.491+0000 7f12577fe640 1 --2- 172.21.15.77:0/2849145947 >> [v2:172.21.15.77:3300/0,v1:172.21.15.77:6789/0] conn(0x7f1258101d90 0x7f12581021a0 secure :-1 s=READY pgs=86 cs=0 l=1 rev1=1 crypto rx=0x7f124c009840 tx=0x7f124c0091d0 comp rx=0 tx=0).ready entity=mon.0 client_cookie=6677b9cee2b2128a server_cookie=0 in_seq=0 out_seq=0
2024-07-26T06:22:46.344 INFO:teuthology.orchestra.run.smithi077.stdout:/usr/bin/ceph: stderr
2024-07-26T06:22:45.491+0000 7f12567fc640 1 -- 172.21.15.77:0/2849145947 <== mon.0 v2:172.21.15.77:3300/0 1 ==== mon_map magic: 0 v1 ==== 229+0+0 (secure 0 0 0) 0x7f124c032440 con 0x7f1258101d90
2024-07-26T06:22:46.345 INFO:teuthology.orchestra.run.smithi077.stdout:/usr/bin/ceph: stderr
2024-07-26T06:22:45.491+0000 7f12567fc640 1 -- 172.21.15.77:0/2849145947 <== mon.0 v2:172.21.15.77:3300/0 2 ==== config(26 keys) v1 ==== 1070+0+0 (secure 0 0 0) 0x7f124c032a40 con 0x7f1258101d90
2024-07-26T06:22:46.345 INFO:teuthology.orchestra.run.smithi077.stdout:/usr/bin/ceph: stderr
2024-07-26T06:22:45.491+0000 7f12567fc640 1 -- 172.21.15.77:0/2849145947 <== mon.0 v2:172.21.15.77:3300/0 3 ==== mon_map magic: 0 v1 ==== 229+0+0 (secure 0 0 0) 0x7f124c031a70 con 0x7f1258101d90
2024-07-26T06:22:46.345 INFO:teuthology.orchestra.run.smithi077.stdout:/usr/bin/ceph: stderr
2024-07-26T06:22:45.492+0000 7f125deb6640 1 -- 172.21.15.77:0/2849145947 >> [v2:172.21.15.77:3300/0,v1:172.21.15.77:6789/0] conn(0x7f1258101d90 msgr2=0x7f12581021a0 secure :-1 s=STATE_CONNECTION_ESTABLISHED l=1).mark_down
2024-07-26T06:22:46.345 INFO:teuthology.orchestra.run.smithi077.stdout:/usr/bin/ceph: stderr
2024-07-26T06:22:45.492+0000 7f125deb6640 1 --2- 172.21.15.77:0/2849145947 >> [v2:172.21.15.77:3300/0,v1:172.21.15.77:6789/0] conn(0x7f1258101d90 0x7f12581021a0 secure :-1 s=READY pgs=86 cs=0 l=1 rev1=1 crypto rx=0x7f124c009840 tx=0x7f124c0091d0 comp rx=0 tx=0).stop
2024-07-26T06:22:46.345 INFO:teuthology.orchestra.run.smithi077.stdout:/usr/bin/ceph: stderr
2024-07-26T06:22:45.492+0000 7f125deb6640 1 -- 172.21.15.77:0/2849145947 shutdown_connections
2024-07-26T06:22:46.345 INFO:teuthology.orchestra.run.smithi077.stdout:/usr/bin/ceph: stderr
2024-07-26T06:22:45.492+0000 7f125deb6640 1 --2- 172.21.15.77:0/2849145947 >> [v2:172.21.15.77:3300/0,v1:172.21.15.77:6789/0] conn(0x7f1258101d90 0x7f12581021a0 unknown :-1 s=CLOSED pgs=86 cs=0 l=1 rev1=1 crypto rx=0 tx=0 comp rx=0 tx=0).stop
2024-07-26T06:22:46.345 INFO:teuthology.orchestra.run.smithi077.stdout:/usr/bin/ceph: stderr
2024-07-26T06:22:45.492+0000 7f125deb6640 1 -- 172.21.15.77:0/2849145947 >> 172.21.15.77:0/2849145947 conn(0x7f12580fd580 msgr2=0x7f12580ff980 unknown :-1 s=STATE_NONE l=0).mark_down
2024-07-26T06:22:46.345 INFO:teuthology.orchestra.run.smithi077.stdout:/usr/bin/ceph: stderr
2024-07-26T06:22:45.492+0000 7f125deb6640 1 -- 172.21.15.77:0/2849145947 shutdown_connections
2024-07-26T06:22:46.345 INFO:teuthology.orchestra.run.smithi077.stdout:/usr/bin/ceph: stderr
2024-07-26T06:22:45.492+0000 7f125deb6640 1 -- 172.21.15.77:0/2849145947 wait complete.
2024-07-26T06:22:46.345 INFO:teuthology.orchestra.run.smithi077.stdout:/usr/bin/ceph: stderr
2024-07-26T06:22:45.493+0000 7f125deb6640 1 Processor -- start
2024-07-26T06:22:46.345 INFO:teuthology.orchestra.run.smithi077.stdout:/usr/bin/ceph: stderr
2024-07-26T06:22:45.493+0000 7f125deb6640 1 -- start start
2024-07-26T06:22:46.345 INFO:teuthology.orchestra.run.smithi077.stdout:/usr/bin/ceph: stderr
2024-07-26T06:22:45.493+0000 7f125deb6640 1 --2- >> [v2:172.21.15.77:3300/0,v1:172.21.15.77:6789/0] conn(0x7f1258101d90 0x7f1258110ab0 unknown :-1 s=NONE pgs=0 cs=0 l=1 rev1=0 crypto rx=0 tx=0 comp rx=0 tx=0).connect
2024-07-26T06:22:46.345 INFO:teuthology.orchestra.run.smithi077.stdout:/usr/bin/ceph: stderr
