2024-07-29T00:07:04.149 INFO:teuthology.orchestra.run.smithi005.stdout:/usr/bin/ceph: stderr
2024-07-29T00:07:03.178+0000 7f9e92000640 1 -- --> [v2:172.21.15.5:3300/0,v1:172.21.15.5:6789/0] -- mon_getmap magic: 0 -- 0x7f9e8c107ed0 con 0x7f9e8c107590
2024-07-29T00:07:04.149 INFO:teuthology.orchestra.run.smithi005.stdout:/usr/bin/ceph: stderr
2024-07-29T00:07:03.178+0000 7f9e90c00640 1 --2- >> [v2:172.21.15.5:3300/0,v1:172.21.15.5:6789/0] conn(0x7f9e8c107590 0x7f9e8c107990 unknown :-1 s=BANNER_CONNECTING pgs=0 cs=0 l=0 rev1=0 crypto rx=0 tx=0 comp rx=0 tx=0)._handle_peer_banner_payload supported=3 required=0
2024-07-29T00:07:04.149 INFO:teuthology.orchestra.run.smithi005.stdout:/usr/bin/ceph: stderr
2024-07-29T00:07:03.178+0000 7f9e90c00640 1 --2- >> [v2:172.21.15.5:3300/0,v1:172.21.15.5:6789/0] conn(0x7f9e8c107590 0x7f9e8c107990 unknown :-1 s=HELLO_CONNECTING pgs=0 cs=0 l=0 rev1=1 crypto rx=0 tx=0 comp rx=0 tx=0).handle_hello peer v2:172.21.15.5:3300/0 says I am v2:172.21.15.5:56184/0 (socket says 172.21.15.5:56184)
2024-07-29T00:07:04.149 INFO:teuthology.orchestra.run.smithi005.stdout:/usr/bin/ceph: stderr
2024-07-29T00:07:03.178+0000 7f9e90c00640 1 -- 172.21.15.5:0/197802088 learned_addr learned my addr 172.21.15.5:0/197802088 (peer_addr_for_me v2:172.21.15.5:0/0)
2024-07-29T00:07:04.149 INFO:teuthology.orchestra.run.smithi005.stdout:/usr/bin/ceph: stderr
2024-07-29T00:07:03.179+0000 7f9e90c00640 1 -- 172.21.15.5:0/197802088 --> [v2:172.21.15.5:3300/0,v1:172.21.15.5:6789/0] -- mon_subscribe({config=0+,monmap=0+}) -- 0x7f9e8c108050 con 0x7f9e8c107590
2024-07-29T00:07:04.149 INFO:teuthology.orchestra.run.smithi005.stdout:/usr/bin/ceph: stderr
2024-07-29T00:07:03.180+0000 7f9e90c00640 1 --2- 172.21.15.5:0/197802088 >> [v2:172.21.15.5:3300/0,v1:172.21.15.5:6789/0] conn(0x7f9e8c107590 0x7f9e8c107990 secure :-1 s=READY pgs=16 cs=0 l=1 rev1=1 crypto rx=0x7f9e7c009820 tx=0x7f9e7c02a270 comp rx=0 tx=0).ready entity=mon.0 client_cookie=f97751932b3fe12a server_cookie=0 in_seq=0 out_seq=0
2024-07-29T00:07:04.149 INFO:teuthology.orchestra.run.smithi005.stdout:/usr/bin/ceph: stderr
2024-07-29T00:07:03.180+0000 7f9e8b400640 1 -- 172.21.15.5:0/197802088 <== mon.0 v2:172.21.15.5:3300/0 1 ==== mon_map magic: 0 ==== 205+0+0 (secure 0 0 0) 0x7f9e7c037070 con 0x7f9e8c107590
2024-07-29T00:07:04.149 INFO:teuthology.orchestra.run.smithi005.stdout:/usr/bin/ceph: stderr
2024-07-29T00:07:03.180+0000 7f9e8b400640 1 -- 172.21.15.5:0/197802088 <== mon.0 v2:172.21.15.5:3300/0 2 ==== config(29 keys) ==== 1178+0+0 (secure 0 0 0) 0x7f9e7c032940 con 0x7f9e8c107590
2024-07-29T00:07:04.149 INFO:teuthology.orchestra.run.smithi005.stdout:/usr/bin/ceph: stderr
2024-07-29T00:07:03.180+0000 7f9e8b400640 1 -- 172.21.15.5:0/197802088 <== mon.0 v2:172.21.15.5:3300/0 3 ==== mon_map magic: 0 ==== 205+0+0 (secure 0 0 0) 0x7f9e7c0309c0 con 0x7f9e8c107590
2024-07-29T00:07:04.149 INFO:teuthology.orchestra.run.smithi005.stdout:/usr/bin/ceph: stderr
2024-07-29T00:07:03.180+0000 7f9e92000640 1 -- 172.21.15.5:0/197802088 >> [v2:172.21.15.5:3300/0,v1:172.21.15.5:6789/0] conn(0x7f9e8c107590 msgr2=0x7f9e8c107990 secure :-1 s=STATE_CONNECTION_ESTABLISHED l=1).mark_down
2024-07-29T00:07:04.150 INFO:teuthology.orchestra.run.smithi005.stdout:/usr/bin/ceph: stderr
2024-07-29T00:07:03.180+0000 7f9e92000640 1 --2- 172.21.15.5:0/197802088 >> [v2:172.21.15.5:3300/0,v1:172.21.15.5:6789/0] conn(0x7f9e8c107590 0x7f9e8c107990 secure :-1 s=READY pgs=16 cs=0 l=1 rev1=1 crypto rx=0x7f9e7c009820 tx=0x7f9e7c02a270 comp rx=0 tx=0).stop
2024-07-29T00:07:04.150 INFO:teuthology.orchestra.run.smithi005.stdout:/usr/bin/ceph: stderr
2024-07-29T00:07:03.181+0000 7f9e92000640 1 -- 172.21.15.5:0/197802088 shutdown_connections
2024-07-29T00:07:04.150 INFO:teuthology.orchestra.run.smithi005.stdout:/usr/bin/ceph: stderr
2024-07-29T00:07:03.181+0000 7f9e92000640 1 --2- 172.21.15.5:0/197802088 >> [v2:172.21.15.5:3300/0,v1:172.21.15.5:6789/0] conn(0x7f9e8c107590 0x7f9e8c107990 unknown :-1 s=CLOSED pgs=16 cs=0 l=1 rev1=1 crypto rx=0 tx=0 comp rx=0 tx=0).stop
2024-07-29T00:07:04.150 INFO:teuthology.orchestra.run.smithi005.stdout:/usr/bin/ceph: stderr
2024-07-29T00:07:03.181+0000 7f9e92000640 1 -- 172.21.15.5:0/197802088 >> 172.21.15.5:0/197802088 conn(0x7f9e8c102de0 msgr2=0x7f9e8c105200 unknown :-1 s=STATE_NONE l=0).mark_down
2024-07-29T00:07:04.150 INFO:teuthology.orchestra.run.smithi005.stdout:/usr/bin/ceph: stderr
2024-07-29T00:07:03.181+0000 7f9e92000640 1 -- 172.21.15.5:0/197802088 shutdown_connections
2024-07-29T00:07:04.150 INFO:teuthology.orchestra.run.smithi005.stdout:/usr/bin/ceph: stderr
2024-07-29T00:07:03.181+0000 7f9e92000640 1 -- 172.21.15.5:0/197802088 wait complete.
2024-07-29T00:07:04.150 INFO:teuthology.orchestra.run.smithi005.stdout:/usr/bin/ceph: stderr
2024-07-29T00:07:03.182+0000 7f9e92000640 1 Processor -- start
2024-07-29T00:07:04.150 INFO:teuthology.orchestra.run.smithi005.stdout:/usr/bin/ceph: stderr
2024-07-29T00:07:03.182+0000 7f9e92000640 1 -- start start
2024-07-29T00:07:04.150 INFO:teuthology.orchestra.run.smithi005.stdout:/usr/bin/ceph: stderr
2024-07-29T00:07:03.182+0000 7f9e92000640 1 --2- >> [v2:172.21.15.5:3300/0,v1:172.21.15.5:6789/0] conn(0x7f9e8c107590 0x7f9e8c07dae0 unknown :-1 s=NONE pgs=0 cs=0 l=1 rev1=0 crypto rx=0 tx=0 comp rx=0 tx=0).connect
2024-07-29T00:07:04.150 INFO:teuthology.orchestra.run.smithi005.stdout:/usr/bin/ceph: stderr
2024-07-29T00:07:03.182+0000 7f9e92000640 1 -- --> [v2:172.21.15.5:3300/0,v1:172.21.15.5:6789/0] -- mon_getmap magic: 0 -- 0x7f9e8c10b9b0 con 0x7f9e8c107590
2024-07-29T00:07:04.150 INFO:teuthology.orchestra.run.smithi005.stdout:/usr/bin/ceph: stderr
2024-07-29T00:07:03.183+0000 7f9e90c00640 1 --2- >> [v2:172.21.15.5:3300/0,v1:172.21.15.5:6789/0] conn(0x7f9e8c107590 0x7f9e8c07dae0 unknown :-1 s=BANNER_CONNECTING pgs=0 cs=0 l=1 rev1=0 crypto rx=0 tx=0 comp rx=0 tx=0)._handle_peer_banner_payload supported=3 required=0
2024-07-29T00:07:04.150 INFO:teuthology.orchestra.run.smithi005.stdout:/usr/bin/ceph: stderr
2024-07-29T00:07:03.183+0000 7f9e90c00640 1 --2- >> [v2:172.21.15.5:3300/0,v1:172.21.15.5:6789/0] conn(0x7f9e8c107590 0x7f9e8c07dae0 unknown :-1 s=HELLO_CONNECTING pgs=0 cs=0 l=1 rev1=1 crypto rx=0 tx=0 comp rx=0 tx=0).handle_hello peer v2:172.21.15.5:3300/0 says I am v2:172.21.15.5:56190/0 (socket says 172.21.15.5:56190)
2024-07-29T00:07:04.151 INFO:teuthology.orchestra.run.smithi005.stdout:/usr/bin/ceph: stderr
2024-07-29T00:07:03.183+0000 7f9e90c00640 1 -- 172.21.15.5:0/1360736727 learned_addr learned my addr 172.21.15.5:0/1360736727 (peer_addr_for_me v2:172.21.15.5:0/0)
2024-07-29T00:07:04.151 INFO:teuthology.orchestra.run.smithi005.stdout:/usr/bin/ceph: stderr
2024-07-29T00:07:03.183+0000 7f9e90c00640 1 -- 172.21.15.5:0/1360736727 --> [v2:172.21.15.5:3300/0,v1:172.21.15.5:6789/0] -- mon_subscribe({config=0+,monmap=0+}) -- 0x7f9e8c07e020 con 0x7f9e8c107590
2024-07-29T00:07:04.151 INFO:teuthology.orchestra.run.smithi005.stdout:/usr/bin/ceph: stderr
2024-07-29T00:07:03.183+0000 7f9e90c00640 1 --2- 172.21.15.5:0/1360736727 >> [v2:172.21.15.5:3300/0,v1:172.21.15.5:6789/0] conn(0x7f9e8c107590 0x7f9e8c07dae0 secure :-1 s=READY pgs=17 cs=0 l=1 rev1=1 crypto rx=0x7f9e7c032d90 tx=0x7f9e7c032dc0 comp rx=0 tx=0).ready entity=mon.0 client_cookie=0 server_cookie=0 in_seq=0 out_seq=0
2024-07-29T00:07:04.151 INFO:teuthology.orchestra.run.smithi005.stdout:/usr/bin/ceph: stderr
2024-07-29T00:07:03.184+0000 7f9e89600640 1 -- 172.21.15.5:0/1360736727 <== mon.0 v2:172.21.15.5:3300/0 1 ==== mon_map magic: 0 ==== 205+0+0 (secure 0 0 0) 0x7f9e7c042070 con 0x7f9e8c107590
2024-07-29T00:07:04.151 INFO:teuthology.orchestra.run.smithi005.stdout:/usr/bin/ceph: stderr
2024-07-29T00:07:03.184+0000 7f9e89600640 1 -- 172.21.15.5:0/1360736727 <== mon.0 v2:172.21.15.5:3300/0 2 ==== config(29 keys) ==== 1178+0+0 (secure 0 0 0) 0x7f9e7c0325f0 con 0x7f9e8c107590
2024-07-29T00:07:04.151 INFO:teuthology.orchestra.run.smithi005.stdout:/usr/bin/ceph: stderr
2024-07-29T00:07:03.184+0000 7f9e89600640 1 -- 172.21.15.5:0/1360736727 <== mon.0 v2:172.21.15.5:3300/0 3 ==== mon_map magic: 0 ==== 205+0+0 (secure 0 0 0) 0x7f9e7c037040 con 0x7f9e8c107590
2024-07-29T00:07:04.151 INFO:teuthology.orchestra.run.smithi005.stdout:/usr/bin/ceph: stderr
2024-07-29T00:07:03.184+0000 7f9e92000640 1 -- 172.21.15.5:0/1360736727 --> [v2:172.21.15.5:3300/0,v1:172.21.15.5:6789/0] -- mon_subscribe({mgrmap=0+}) -- 0x7f9e8c07c210 con 0x7f9e8c107590
2024-07-29T00:07:04.151 INFO:teuthology.orchestra.run.smithi005.stdout:/usr/bin/ceph: stderr
2024-07-29T00:07:03.184+0000 7f9e92000640 1 -- 172.21.15.5:0/1360736727 --> [v2:172.21.15.5:3300/0,v1:172.21.15.5:6789/0] -- mon_subscribe({osdmap=0}) -- 0x7f9e8c07c750 con 0x7f9e8c107590
2024-07-29T00:07:04.151 INFO:teuthology.orchestra.run.smithi005.stdout:/usr/bin/ceph: stderr
2024-07-29T00:07:03.185+0000 7f9e89600640 1 -- 172.21.15.5:0/1360736727 <== mon.0 v2:172.21.15.5:3300/0 4 ==== mgrmap(e 3) ==== 46170+0+0 (secure 0 0 0) 0x7f9e7c045070 con 0x7f9e8c107590
2024-07-29T00:07:04.151 INFO:teuthology.orchestra.run.smithi005.stdout:/usr/bin/ceph: stderr
2024-07-29T00:07:03.185+0000 7f9e92000640 1 -- 172.21.15.5:0/1360736727 --> [v2:172.21.15.5:3300/0,v1:172.21.15.5:6789/0] -- mon_command({"prefix": "get_command_descriptions"} v 0) -- 0x7f9e8c107a10 con 0x7f9e8c107590
2024-07-29T00:07:04.151 INFO:teuthology.orchestra.run.smithi005.stdout:/usr/bin/ceph: stderr
2024-07-29T00:07:03.185+0000 7f9e89600640 1 --2- 172.21.15.5:0/1360736727 >> [v2:172.21.15.5:6800/3744778277,v1:172.21.15.5:6801/3744778277] conn(0x7f9e70038e60 0x7f9e7003b320 unknown :-1 s=NONE pgs=0 cs=0 l=1 rev1=0 crypto rx=0 tx=0 comp rx=0 tx=0).connect
2024-07-29T00:07:04.151 INFO:teuthology.orchestra.run.smithi005.stdout:/usr/bin/ceph: stderr
2024-07-29T00:07:03.185+0000 7f9e89600640 1 -- 172.21.15.5:0/1360736727 <== mon.0 v2:172.21.15.5:3300/0 5 ==== osd_map(1..1 src has 1..1) ==== 725+0+0 (secure 0 0 0) 0x7f9e7c06bc60 con 0x7f9e8c107590
2024-07-29T00:07:04.152 INFO:teuthology.orchestra.run.smithi005.stdout:/usr/bin/ceph: stderr
2024-07-29T00:07:03.186+0000 7f9e8be00640 1 --2- 172.21.15.5:0/1360736727 >> [v2:172.21.15.5:6800/3744778277,v1:172.21.15.5:6801/3744778277] conn(0x7f9e70038e60 0x7f9e7003b320 unknown :-1 s=BANNER_CONNECTING pgs=0 cs=0 l=1 rev1=0 crypto rx=0 tx=0 comp rx=0 tx=0)._handle_peer_banner_payload supported=3 required=0
2024-07-29T00:07:04.152 INFO:teuthology.orchestra.run.smithi005.stdout:/usr/bin/ceph: stderr
2024-07-29T00:07:03.186+0000 7f9e8be00640 1 --2- 172.21.15.5:0/1360736727 >> [v2:172.21.15.5:6800/3744778277,v1:172.21.15.5:6801/3744778277] conn(0x7f9e70038e60 0x7f9e7003b320 secure :-1 s=READY pgs=6 cs=0 l=1 rev1=1 crypto rx=0x7f9e780098c0 tx=0x7f9e78006db0 comp rx=0 tx=0).ready entity=mgr.14100 client_cookie=0 server_cookie=0 in_seq=0 out_seq=0
2024-07-29T00:07:04.152 INFO:teuthology.orchestra.run.smithi005.stdout:/usr/bin/ceph: stderr
2024-07-29T00:07:03.191+0000 7f9e89600640 1 -- 172.21.15.5:0/1360736727 <== mon.0 v2:172.21.15.5:3300/0 6 ==== mon_command_ack([{"prefix": "get_command_descriptions"}]=0 v0) ==== 72+0+187871 (secure 0 0 0) 0x7f9e7c045360 con 0x7f9e8c107590
2024-07-29T00:07:04.152 INFO:teuthology.orchestra.run.smithi005.stdout:/usr/bin/ceph: stderr
2024-07-29T00:07:03.444+0000 7f9e92000640 1 -- 172.21.15.5:0/1360736727 --> [v2:172.21.15.5:3300/0,v1:172.21.15.5:6789/0] -- mon_command({"prefix": "status", "format": "json-pretty"} v 0) -- 0x7f9e8c07d030 con 0x7f9e8c107590
2024-07-29T00:07:04.152 INFO:teuthology.orchestra.run.smithi005.stdout:/usr/bin/ceph: stderr
2024-07-29T00:07:03.445+0000 7f9e89600640 1 -- 172.21.15.5:0/1360736727 <== mon.0 v2:172.21.15.5:3300/0 7 ==== mon_command_ack([{"prefix": "status", "format": "json-pretty"}]=0 v0) ==== 79+0+1291 (secure 0 0 0) 0x7f9e7c03dcc0 con 0x7f9e8c107590
2024-07-29T00:07:04.152 INFO:teuthology.orchestra.run.smithi005.stdout:/usr/bin/ceph: stderr
2024-07-29T00:07:03.448+0000 7f9e92000640 1 -- 172.21.15.5:0/1360736727 >> [v2:172.21.15.5:6800/3744778277,v1:172.21.15.5:6801/3744778277] conn(0x7f9e70038e60 msgr2=0x7f9e7003b320 secure :-1 s=STATE_CONNECTION_ESTABLISHED l=1).mark_down
2024-07-29T00:07:04.152 INFO:teuthology.orchestra.run.smithi005.stdout:/usr/bin/ceph: stderr
2024-07-29T00:07:03.448+0000 7f9e92000640 1 --2- 172.21.15.5:0/1360736727 >> [v2:172.21.15.5:6800/3744778277,v1:172.21.15.5:6801/3744778277] conn(0x7f9e70038e60 0x7f9e7003b320 secure :-1 s=READY pgs=6 cs=0 l=1 rev1=1 crypto rx=0x7f9e780098c0 tx=0x7f9e78006db0 comp rx=0 tx=0).stop
2024-07-29T00:07:04.152 INFO:teuthology.orchestra.run.smithi005.stdout:/usr/bin/ceph: stderr
2024-07-29T00:07:03.448+0000 7f9e92000640 1 -- 172.21.15.5:0/1360736727 >> [v2:172.21.15.5:3300/0,v1:172.21.15.5:6789/0] conn(0x7f9e8c107590 msgr2=0x7f9e8c07dae0 secure :-1 s=STATE_CONNECTION_ESTABLISHED l=1).mark_down
2024-07-29T00:07:04.152 INFO:teuthology.orchestra.run.smithi005.stdout:/usr/bin/ceph: stderr
2024-07-29T00:07:03.448+0000 7f9e92000640 1 --2- 172.21.15.5:0/1360736727 >> [v2:172.21.15.5:3300/0,v1:172.21.15.5:6789/0] conn(0x7f9e8c107590 0x7f9e8c07dae0 secure :-1 s=READY pgs=17 cs=0 l=1 rev1=1 crypto rx=0x7f9e7c032d90 tx=0x7f9e7c032dc0 comp rx=0 tx=0).stop
2024-07-29T00:07:04.152 INFO:teuthology.orchestra.run.smithi005.stdout:/usr/bin/ceph: stderr
2024-07-29T00:07:03.448+0000 7f9e92000640 1 -- 172.21.15.5:0/1360736727 shutdown_connections
2024-07-29T00:07:04.152 INFO:teuthology.orchestra.run.smithi005.stdout:/usr/bin/ceph: stderr
2024-07-29T00:07:03.448+0000 7f9e92000640 1 --2- 172.21.15.5:0/1360736727 >> [v2:172.21.15.5:6800/3744778277,v1:172.21.15.5:6801/3744778277] conn(0x7f9e70038e60 0x7f9e7003b320 unknown :-1 s=CLOSED pgs=6 cs=0 l=1 rev1=1 crypto rx=0 tx=0 comp rx=0 tx=0).stop
2024-07-29T00:07:04.152 INFO:teuthology.orchestra.run.smithi005.stdout:/usr/bin/ceph: stderr
2024-07-29T00:07:03.448+0000 7f9e92000640 1 --2- 172.21.15.5:0/1360736727 >> [v2:172.21.15.5:3300/0,v1:172.21.15.5:6789/0] conn(0x7f9e8c107590 0x7f9e8c07dae0 unknown :-1 s=CLOSED pgs=17 cs=0 l=1 rev1=1 crypto rx=0 tx=0 comp rx=0 tx=0).stop
2024-07-29T00:07:04.152 INFO:teuthology.orchestra.run.smithi005.stdout:/usr/bin/ceph: stderr
2024-07-29T00:07:03.448+0000 7f9e92000640 1 -- 172.21.15.5:0/1360736727 >> 172.21.15.5:0/1360736727 conn(0x7f9e8c102de0 msgr2=0x7f9e8c103950 unknown :-1 s=STATE_NONE l=0).mark_down
2024-07-29T00:07:04.153 INFO:teuthology.orchestra.run.smithi005.stdout:/usr/bin/ceph: stderr
2024-07-29T00:07:03.448+0000 7f9e92000640 1 -- 172.21.15.5:0/1360736727 shutdown_connections
2024-07-29T00:07:04.153 INFO:teuthology.orchestra.run.smithi005.stdout:/usr/bin/ceph: stderr
2024-07-29T00:07:03.449+0000 7f9e92000640 1 -- 172.21.15.5:0/1360736727 wait complete.
2024-07-29T00:07:04.153 INFO:teuthology.orchestra.run.smithi005.stdout:mgr is available
2024-07-29T00:07:04.959 INFO:journalctl@ceph.mon.a.smithi005.stdout:Jul 29 00:07:04 smithi005 ceph-mon[32301]: mgrmap e4: x(active, since 2s)
2024-07-29T00:07:05.553 INFO:teuthology.orchestra.run.smithi005.stdout:/usr/bin/ceph: stdout
2024-07-29T00:07:05.554 INFO:teuthology.orchestra.run.smithi005.stdout:/usr/bin/ceph: stdout [global]
2024-07-29T00:07:05.554 INFO:teuthology.orchestra.run.smithi005.stdout:/usr/bin/ceph: stdout fsid = 4770c54c-4d3e-11ef-bcc8-c7b262605968
2024-07-29T00:07:05.554 INFO:teuthology.orchestra.run.smithi005.stdout:/usr/bin/ceph: stdout mon_host = [v2:172.21.15.5:3300,v1:172.21.15.5:6789]
2024-07-29T00:07:05.555 INFO:teuthology.orchestra.run.smithi005.stdout:/usr/bin/ceph: stdout mon_osd_allow_pg_remap = true
2024-07-29T00:07:05.555 INFO:teuthology.orchestra.run.smithi005.stdout:/usr/bin/ceph: stdout mon_osd_allow_primary_affinity = true
2024-07-29T00:07:05.555 INFO:teuthology.orchestra.run.smithi005.stdout:/usr/bin/ceph: stdout mon_warn_on_no_sortbitwise = false
2024-07-29T00:07:05.555 INFO:teuthology.orchestra.run.smithi005.stdout:/usr/bin/ceph: stdout osd_crush_chooseleaf_type = 0
2024-07-29T00:07:05.556 INFO:teuthology.orchestra.run.smithi005.stdout:/usr/bin/ceph: stdout
2024-07-29T00:07:05.556 INFO:teuthology.orchestra.run.smithi005.stdout:/usr/bin/ceph: stdout [mgr]
2024-07-29T00:07:05.556 INFO:teuthology.orchestra.run.smithi005.stdout:/usr/bin/ceph: stdout mgr/telemetry/nag = false
2024-07-29T00:07:05.556 INFO:teuthology.orchestra.run.smithi005.stdout:/usr/bin/ceph: stdout
2024-07-29T00:07:05.556 INFO:teuthology.orchestra.run.smithi005.stdout:/usr/bin/ceph: stdout [osd]
2024-07-29T00:07:05.556 INFO:teuthology.orchestra.run.smithi005.stdout:/usr/bin/ceph: stdout mon_osd_backfillfull_ratio = 0.85
2024-07-29T00:07:05.557 INFO:teuthology.orchestra.run.smithi005.stdout:/usr/bin/ceph: stdout mon_osd_full_ratio = 0.9
2024-07-29T00:07:05.557 INFO:teuthology.orchestra.run.smithi005.stdout:/usr/bin/ceph: stdout mon_osd_nearfull_ratio = 0.8
2024-07-29T00:07:05.557 INFO:teuthology.orchestra.run.smithi005.stdout:/usr/bin/ceph: stdout osd_map_max_advance = 10
2024-07-29T00:07:05.557 INFO:teuthology.orchestra.run.smithi005.stdout:/usr/bin/ceph: stdout osd_sloppy_crc = true
2024-07-29T00:07:05.558 INFO:teuthology.orchestra.run.smithi005.stdout:/usr/bin/ceph: stderr
2024-07-29T00:07:04.707+0000 7f23afe00640 1 Processor -- start
2024-07-29T00:07:05.558 INFO:teuthology.orchestra.run.smithi005.stdout:/usr/bin/ceph: stderr
2024-07-29T00:07:04.707+0000 7f23afe00640 1 -- start start
2024-07-29T00:07:05.558 INFO:teuthology.orchestra.run.smithi005.stdout:/usr/bin/ceph: stderr
2024-07-29T00:07:04.708+0000 7f23afe00640 1 --2- >> [v2:172.21.15.5:3300/0,v1:172.21.15.5:6789/0] conn(0x7f23b0107510 0x7f23b0107910 unknown :-1 s=NONE pgs=0 cs=0 l=0 rev1=0 crypto rx=0 tx=0 comp rx=0 tx=0).connect
2024-07-29T00:07:05.559 INFO:teuthology.orchestra.run.smithi005.stdout:/usr/bin/ceph: stderr
2024-07-29T00:07:04.708+0000 7f23afe00640 1 -- --> [v2:172.21.15.5:3300/0,v1:172.21.15.5:6789/0] -- mon_getmap magic: 0 -- 0x7f23b0107ee0 con 0x7f23b0107510
2024-07-29T00:07:05.559 INFO:teuthology.orchestra.run.smithi005.stdout:/usr/bin/ceph: stderr
2024-07-29T00:07:04.708+0000 7f23aea00640 1 --2- >> [v2:172.21.15.5:3300/0,v1:172.21.15.5:6789/0] conn(0x7f23b0107510 0x7f23b0107910 unknown :-1 s=BANNER_CONNECTING pgs=0 cs=0 l=0 rev1=0 crypto rx=0 tx=0 comp rx=0 tx=0)._handle_peer_banner_payload supported=3 required=0
2024-07-29T00:07:05.559 INFO:teuthology.orchestra.run.smithi005.stdout:/usr/bin/ceph: stderr
2024-07-29T00:07:04.709+0000 7f23aea00640 1 --2- >> [v2:172.21.15.5:3300/0,v1:172.21.15.5:6789/0] conn(0x7f23b0107510 0x7f23b0107910 unknown :-1 s=HELLO_CONNECTING pgs=0 cs=0 l=0 rev1=1 crypto rx=0 tx=0 comp rx=0 tx=0).handle_hello peer v2:172.21.15.5:3300/0 says I am v2:172.21.15.5:36170/0 (socket says 172.21.15.5:36170)
2024-07-29T00:07:05.559 INFO:teuthology.orchestra.run.smithi005.stdout:/usr/bin/ceph: stderr
2024-07-29T00:07:04.709+0000 7f23aea00640 1 -- 172.21.15.5:0/2883732309 learned_addr learned my addr 172.21.15.5:0/2883732309 (peer_addr_for_me v2:172.21.15.5:0/0)
2024-07-29T00:07:05.560 INFO:teuthology.orchestra.run.smithi005.stdout:/usr/bin/ceph: stderr
2024-07-29T00:07:04.709+0000 7f23aea00640 1 -- 172.21.15.5:0/2883732309 --> [v2:172.21.15.5:3300/0,v1:172.21.15.5:6789/0] -- mon_subscribe({config=0+,monmap=0+}) -- 0x7f23b0108710 con 0x7f23b0107510
2024-07-29T00:07:05.561 INFO:teuthology.orchestra.run.smithi005.stdout:/usr/bin/ceph: stderr
2024-07-29T00:07:04.710+0000 7f23aea00640 1 --2- 172.21.15.5:0/2883732309 >> [v2:172.21.15.5:3300/0,v1:172.21.15.5:6789/0] conn(0x7f23b0107510 0x7f23b0107910 secure :-1 s=READY pgs=18 cs=0 l=1 rev1=1 crypto rx=0x7f23a0009e80 tx=0x7f23a002a7a0 comp rx=0 tx=0).ready entity=mon.0 client_cookie=6857ed19a7c04925 server_cookie=0 in_seq=0 out_seq=0
2024-07-29T00:07:05.561 INFO:teuthology.orchestra.run.smithi005.stdout:/usr/bin/ceph: stderr
2024-07-29T00:07:04.711+0000 7f23ae000640 1 -- 172.21.15.5:0/2883732309 <== mon.0 v2:172.21.15.5:3300/0 1 ==== mon_map magic: 0 ==== 205+0+0 (secure 0 0 0) 0x7f23a0036070 con 0x7f23b0107510
2024-07-29T00:07:05.562 INFO:teuthology.orchestra.run.smithi005.stdout:/usr/bin/ceph: stderr
2024-07-29T00:07:04.711+0000 7f23ae000640 1 -- 172.21.15.5:0/2883732309 <== mon.0 v2:172.21.15.5:3300/0 2 ==== config(29 keys) ==== 1178+0+0 (secure 0 0 0) 0x7f23a0031900 con 0x7f23b0107510
2024-07-29T00:07:05.562 INFO:teuthology.orchestra.run.smithi005.stdout:/usr/bin/ceph: stderr
2024-07-29T00:07:04.711+0000 7f23ae000640 1 -- 172.21.15.5:0/2883732309 <== mon.0 v2:172.21.15.5:3300/0 3 ==== mon_map magic: 0 ==== 205+0+0 (secure 0 0 0) 0x7f23a0007bc0 con 0x7f23b0107510
2024-07-29T00:07:05.562 INFO:teuthology.orchestra.run.smithi005.stdout:/usr/bin/ceph: stderr
2024-07-29T00:07:04.711+0000 7f23afe00640 1 -- 172.21.15.5:0/2883732309 >> [v2:172.21.15.5:3300/0,v1:172.21.15.5:6789/0] conn(0x7f23b0107510 msgr2=0x7f23b0107910 secure :-1 s=STATE_CONNECTION_ESTABLISHED l=1).mark_down
2024-07-29T00:07:05.562 INFO:teuthology.orchestra.run.smithi005.stdout:/usr/bin/ceph: stderr
2024-07-29T00:07:04.711+0000 7f23afe00640 1 --2- 172.21.15.5:0/2883732309 >> [v2:172.21.15.5:3300/0,v1:172.21.15.5:6789/0] conn(0x7f23b0107510 0x7f23b0107910 secure :-1 s=READY pgs=18 cs=0 l=1 rev1=1 crypto rx=0x7f23a0009e80 tx=0x7f23a002a7a0 comp rx=0 tx=0).stop
2024-07-29T00:07:05.562 INFO:teuthology.orchestra.run.smithi005.stdout:/usr/bin/ceph: stderr
2024-07-29T00:07:04.711+0000 7f23afe00640 1 -- 172.21.15.5:0/2883732309 shutdown_connections
2024-07-29T00:07:05.562 INFO:teuthology.orchestra.run.smithi005.stdout:/usr/bin/ceph: stderr
2024-07-29T00:07:04.711+0000 7f23afe00640 1 --2- 172.21.15.5:0/2883732309 >> [v2:172.21.15.5:3300/0,v1:172.21.15.5:6789/0] conn(0x7f23b0107510 0x7f23b0107910 unknown :-1 s=CLOSED pgs=18 cs=0 l=1 rev1=1 crypto rx=0 tx=0 comp rx=0 tx=0).stop
2024-07-29T00:07:05.562 INFO:teuthology.orchestra.run.smithi005.stdout:/usr/bin/ceph: stderr
2024-07-29T00:07:04.711+0000 7f23afe00640 1 -- 172.21.15.5:0/2883732309 >> 172.21.15.5:0/2883732309 conn(0x7f23b0102d00 msgr2=0x7f23b0105120 unknown :-1 s=STATE_NONE l=0).mark_down
2024-07-29T00:07:05.562 INFO:teuthology.orchestra.run.smithi005.stdout:/usr/bin/ceph: stderr
2024-07-29T00:07:04.712+0000 7f23afe00640 1 -- 172.21.15.5:0/2883732309 shutdown_connections
2024-07-29T00:07:05.562 INFO:teuthology.orchestra.run.smithi005.stdout:/usr/bin/ceph: stderr
2024-07-29T00:07:04.712+0000 7f23afe00640 1 -- 172.21.15.5:0/2883732309 wait complete.
2024-07-29T00:07:05.563 INFO:teuthology.orchestra.run.smithi005.stdout:/usr/bin/ceph: stderr
2024-07-29T00:07:04.713+0000 7f23afe00640 1 Processor -- start
2024-07-29T00:07:05.564 INFO:teuthology.orchestra.run.smithi005.stdout:/usr/bin/ceph: stderr
2024-07-29T00:07:04.713+0000 7f23afe00640 1 -- start start
2024-07-29T00:07:05.564 INFO:teuthology.orchestra.run.smithi005.stdout:/usr/bin/ceph: stderr
2024-07-29T00:07:04.713+0000 7f23afe00640 1 --2- >> [v2:172.21.15.5:3300/0,v1:172.21.15.5:6789/0] conn(0x7f23b0107510 0x7f23b019d890 unknown :-1 s=NONE pgs=0 cs=0 l=1 rev1=0 crypto rx=0 tx=0 comp rx=0 tx=0).connect
2024-07-29T00:07:05.564 INFO:teuthology.orchestra.run.smithi005.stdout:/usr/bin/ceph: stderr
2024-07-29T00:07:04.713+0000 7f23afe00640 1 -- --> [v2:172.21.15.5:3300/0,v1:172.21.15.5:6789/0] -- mon_getmap magic: 0 -- 0x7f23b010bac0 con 0x7f23b0107510
2024-07-29T00:07:05.564 INFO:teuthology.orchestra.run.smithi005.stdout:/usr/bin/ceph: stderr
2024-07-29T00:07:04.714+0000 7f23aea00640 1 --2- >> [v2:172.21.15.5:3300/0,v1:172.21.15.5:6789/0] conn(0x7f23b0107510 0x7f23b019d890 unknown :-1 s=BANNER_CONNECTING pgs=0 cs=0 l=1 rev1=0 crypto rx=0 tx=0 comp rx=0 tx=0)._handle_peer_banner_payload supported=3 required=0
2024-07-29T00:07:05.564 INFO:teuthology.orchestra.run.smithi005.stdout:/usr/bin/ceph: stderr
2024-07-29T00:07:04.714+0000 7f23aea00640 1 --2- >> [v2:172.21.15.5:3300/0,v1:172.21.15.5:6789/0] conn(0x7f23b0107510 0x7f23b019d890 unknown :-1 s=HELLO_CONNECTING pgs=0 cs=0 l=1 rev1=1 crypto rx=0 tx=0 comp rx=0 tx=0).handle_hello peer v2:172.21.15.5:3300/0 says I am v2:172.21.15.5:36184/0 (socket says 172.21.15.5:36184)
2024-07-29T00:07:05.564 INFO:teuthology.orchestra.run.smithi005.stdout:/usr/bin/ceph: stderr
2024-07-29T00:07:04.714+0000 7f23aea00640 1 -- 172.21.15.5:0/379964726 learned_addr learned my addr 172.21.15.5:0/379964726 (peer_addr_for_me v2:172.21.15.5:0/0)
2024-07-29T00:07:05.564 INFO:teuthology.orchestra.run.smithi005.stdout:/usr/bin/ceph: stderr
2024-07-29T00:07:04.714+0000 7f23aea00640 1 -- 172.21.15.5:0/379964726 --> [v2:172.21.15.5:3300/0,v1:172.21.15.5:6789/0] -- mon_subscribe({config=0+,monmap=0+}) -- 0x7f23b019ddd0 con 0x7f23b0107510
2024-07-29T00:07:05.564 INFO:teuthology.orchestra.run.smithi005.stdout:/usr/bin/ceph: stderr
2024-07-29T00:07:04.715+0000 7f23aea00640 1 --2- 172.21.15.5:0/379964726 >> [v2:172.21.15.5:3300/0,v1:172.21.15.5:6789/0] conn(0x7f23b0107510 0x7f23b019d890 secure :-1 s=READY pgs=19 cs=0 l=1 rev1=1 crypto rx=0x7f23a002acc0 tx=0x7f23a0007620 comp rx=0 tx=0).ready entity=mon.0 client_cookie=0 server_cookie=0 in_seq=0 out_seq=0
2024-07-29T00:07:05.565 INFO:teuthology.orchestra.run.smithi005.stdout:/usr/bin/ceph: stderr
2024-07-29T00:07:04.715+0000 7f23a7e00640 1 -- 172.21.15.5:0/379964726 <== mon.0 v2:172.21.15.5:3300/0 1 ==== mon_map magic: 0 ==== 205+0+0 (secure 0 0 0) 0x7f23a0036050 con 0x7f23b0107510
2024-07-29T00:07:05.565 INFO:teuthology.orchestra.run.smithi005.stdout:/usr/bin/ceph: stderr
2024-07-29T00:07:04.715+0000 7f23a7e00640 1 -- 172.21.15.5:0/379964726 <== mon.0 v2:172.21.15.5:3300/0 2 ==== config(29 keys) ==== 1178+0+0 (secure 0 0 0) 0x7f23a0037040 con 0x7f23b0107510
2024-07-29T00:07:05.565 INFO:teuthology.orchestra.run.smithi005.stdout:/usr/bin/ceph: stderr
2024-07-29T00:07:04.715+0000 7f23a7e00640 1 -- 172.21.15.5:0/379964726 <== mon.0 v2:172.21.15.5:3300/0 3 ==== mon_map magic: 0 ==== 205+0+0 (secure 0 0 0) 0x7f23a003b7e0 con 0x7f23b0107510
2024-07-29T00:07:05.565 INFO:teuthology.orchestra.run.smithi005.stdout:/usr/bin/ceph: stderr
2024-07-29T00:07:04.715+0000 7f23afe00640 1 -- 172.21.15.5:0/379964726 --> [v2:172.21.15.5:3300/0,v1:172.21.15.5:6789/0] -- mon_subscribe({mgrmap=0+}) -- 0x7f23b019e060 con 0x7f23b0107510
2024-07-29T00:07:05.565 INFO:teuthology.orchestra.run.smithi005.stdout:/usr/bin/ceph: stderr
2024-07-29T00:07:04.715+0000 7f23afe00640 1 -- 172.21.15.5:0/379964726 --> [v2:172.21.15.5:3300/0,v1:172.21.15.5:6789/0] -- mon_subscribe({osdmap=0}) -- 0x7f23b01a0d50 con 0x7f23b0107510
2024-07-29T00:07:05.565 INFO:teuthology.orchestra.run.smithi005.stdout:/usr/bin/ceph: stderr
2024-07-29T00:07:04.717+0000 7f23afe00640 1 -- 172.21.15.5:0/379964726 --> [v2:172.21.15.5:3300/0,v1:172.21.15.5:6789/0] -- mon_command({"prefix": "get_command_descriptions"} v 0) -- 0x7f23b0107990 con 0x7f23b0107510
2024-07-29T00:07:05.566 INFO:teuthology.orchestra.run.smithi005.stdout:/usr/bin/ceph: stderr
2024-07-29T00:07:04.717+0000 7f23a7e00640 1 -- 172.21.15.5:0/379964726 <== mon.0 v2:172.21.15.5:3300/0 4 ==== mgrmap(e 4) ==== 46276+0+0 (secure 0 0 0) 0x7f23a0044020 con 0x7f23b0107510
2024-07-29T00:07:05.566 INFO:teuthology.orchestra.run.smithi005.stdout:/usr/bin/ceph: stderr
2024-07-29T00:07:04.717+0000 7f23a7e00640 1 --2- 172.21.15.5:0/379964726 >> [v2:172.21.15.5:6800/3744778277,v1:172.21.15.5:6801/3744778277] conn(0x7f2394038f70 0x7f239403b430 unknown :-1 s=NONE pgs=0 cs=0 l=1 rev1=0 crypto rx=0 tx=0 comp rx=0 tx=0).connect
2024-07-29T00:07:05.567 INFO:teuthology.orchestra.run.smithi005.stdout:/usr/bin/ceph: stderr
2024-07-29T00:07:04.717+0000 7f23a7e00640 1 -- 172.21.15.5:0/379964726 <== mon.0 v2:172.21.15.5:3300/0 5 ==== osd_map(1..1 src has 1..1) ==== 725+0+0 (secure 0 0 0) 0x7f23a0042020 con 0x7f23b0107510
2024-07-29T00:07:05.567 INFO:teuthology.orchestra.run.smithi005.stdout:/usr/bin/ceph: stderr
2024-07-29T00:07:04.718+0000 7f23a6000640 1 --2- 172.21.15.5:0/379964726 >> [v2:172.21.15.5:6800/3744778277,v1:172.21.15.5:6801/3744778277] conn(0x7f2394038f70 0x7f239403b430 unknown :-1 s=BANNER_CONNECTING pgs=0 cs=0 l=1 rev1=0 crypto rx=0 tx=0 comp rx=0 tx=0)._handle_peer_banner_payload supported=3 required=0
2024-07-29T00:07:05.567 INFO:teuthology.orchestra.run.smithi005.stdout:/usr/bin/ceph: stderr
2024-07-29T00:07:04.718+0000 7f23a6000640 1 --2- 172.21.15.5:0/379964726 >> [v2:172.21.15.5:6800/3744778277,v1:172.21.15.5:6801/3744778277] conn(0x7f2394038f70 0x7f239403b430 secure :-1 s=READY pgs=7 cs=0 l=1 rev1=1 crypto rx=0x7f23980098c0 tx=0x7f2398006db0 comp rx=0 tx=0).ready entity=mgr.14100 client_cookie=0 server_cookie=0 in_seq=0 out_seq=0
2024-07-29T00:07:05.567 INFO:teuthology.orchestra.run.smithi005.stdout:/usr/bin/ceph: stderr
2024-07-29T00:07:04.723+0000 7f23a7e00640 1 -- 172.21.15.5:0/379964726 <== mon.0 v2:172.21.15.5:3300/0 6 ==== mon_command_ack([{"prefix": "get_command_descriptions"}]=0 v0) ==== 72+0+187871 (secure 0 0 0) 0x7f23a004b020 con 0x7f23b0107510
2024-07-29T00:07:05.568 INFO:teuthology.orchestra.run.smithi005.stdout:/usr/bin/ceph: stderr
2024-07-29T00:07:04.917+0000 7f23afe00640 1 -- 172.21.15.5:0/379964726 --> [v2:172.21.15.5:3300/0,v1:172.21.15.5:6789/0] -- mon_command({"prefix": "config assimilate-conf"} v 0) -- 0x7f23b01a24e0 con 0x7f23b0107510
2024-07-29T00:07:05.568 INFO:teuthology.orchestra.run.smithi005.stdout:/usr/bin/ceph: stderr
2024-07-29T00:07:04.920+0000 7f23a7e00640 1 -- 172.21.15.5:0/379964726 <== mon.0 v2:172.21.15.5:3300/0 7 ==== mon_command_ack([{"prefix": "config assimilate-conf"}]=0 v3) ==== 70+0+427 (secure 0 0 0) 0x7f23a0031800 con 0x7f23b0107510
2024-07-29T00:07:05.568 INFO:teuthology.orchestra.run.smithi005.stdout:/usr/bin/ceph: stderr
2024-07-29T00:07:04.923+0000 7f23afe00640 1 -- 172.21.15.5:0/379964726 >> [v2:172.21.15.5:6800/3744778277,v1:172.21.15.5:6801/3744778277] conn(0x7f2394038f70 msgr2=0x7f239403b430 secure :-1 s=STATE_CONNECTION_ESTABLISHED l=1).mark_down
2024-07-29T00:07:05.568 INFO:teuthology.orchestra.run.smithi005.stdout:/usr/bin/ceph: stderr
2024-07-29T00:07:04.923+0000 7f23afe00640 1 --2- 172.21.15.5:0/379964726 >> [v2:172.21.15.5:6800/3744778277,v1:172.21.15.5:6801/3744778277] conn(0x7f2394038f70 0x7f239403b430 secure :-1 s=READY pgs=7 cs=0 l=1 rev1=1 crypto rx=0x7f23980098c0 tx=0x7f2398006db0 comp rx=0 tx=0).stop
2024-07-29T00:07:05.568 INFO:teuthology.orchestra.run.smithi005.stdout:/usr/bin/ceph: stderr
2024-07-29T00:07:04.923+0000 7f23afe00640 1 -- 172.21.15.5:0/379964726 >> [v2:172.21.15.5:3300/0,v1:172.21.15.5:6789/0] conn(0x7f23b0107510 msgr2=0x7f23b019d890 secure :-1 s=STATE_CONNECTION_ESTABLISHED l=1).mark_down
2024-07-29T00:07:05.569 INFO:teuthology.orchestra.run.smithi005.stdout:/usr/bin/ceph: stderr
2024-07-29T00:07:04.923+0000 7f23afe00640 1 --2- 172.21.15.5:0/379964726 >> [v2:172.21.15.5:3300/0,v1:172.21.15.5:6789/0] conn(0x7f23b0107510 0x7f23b019d890 secure :-1 s=READY pgs=19 cs=0 l=1 rev1=1 crypto rx=0x7f23a002acc0 tx=0x7f23a0007620 comp rx=0 tx=0).stop
2024-07-29T00:07:05.569 INFO:teuthology.orchestra.run.smithi005.stdout:/usr/bin/ceph: stderr
2024-07-29T00:07:04.923+0000 7f23afe00640 1 -- 172.21.15.5:0/379964726 shutdown_connections
2024-07-29T00:07:05.569 INFO:teuthology.orchestra.run.smithi005.stdout:/usr/bin/ceph: stderr
2024-07-29T00:07:04.923+0000 7f23afe00640 1 --2- 172.21.15.5:0/379964726 >> [v2:172.21.15.5:6800/3744778277,v1:172.21.15.5:6801/3744778277] conn(0x7f2394038f70 0x7f239403b430 unknown :-1 s=CLOSED pgs=7 cs=0 l=1 rev1=1 crypto rx=0 tx=0 comp rx=0 tx=0).stop
2024-07-29T00:07:05.569 INFO:teuthology.orchestra.run.smithi005.stdout:/usr/bin/ceph: stderr
2024-07-29T00:07:04.923+0000 7f23afe00640 1 --2- 172.21.15.5:0/379964726 >> [v2:172.21.15.5:3300/0,v1:172.21.15.5:6789/0] conn(0x7f23b0107510 0x7f23b019d890 unknown :-1 s=CLOSED pgs=19 cs=0 l=1 rev1=1 crypto rx=0 tx=0 comp rx=0 tx=0).stop
2024-07-29T00:07:05.569 INFO:teuthology.orchestra.run.smithi005.stdout:/usr/bin/ceph: stderr
2024-07-29T00:07:04.923+0000 7f23afe00640 1 -- 172.21.15.5:0/379964726 >> 172.21.15.5:0/379964726 conn(0x7f23b0102d00 msgr2=0x7f23b0103800 unknown :-1 s=STATE_NONE l=0).mark_down
2024-07-29T00:07:05.569 INFO:teuthology.orchestra.run.smithi005.stdout:/usr/bin/ceph: stderr
2024-07-29T00:07:04.924+0000 7f23afe00640 1 -- 172.21.15.5:0/379964726 shutdown_connections
2024-07-29T00:07:05.570 INFO:teuthology.orchestra.run.smithi005.stdout:/usr/bin/ceph: stderr
2024-07-29T00:07:04.924+0000 7f23afe00640 1 -- 172.21.15.5:0/379964726 wait complete.
2024-07-29T00:07:05.570 INFO:teuthology.orchestra.run.smithi005.stdout:Enabling cephadm module...
2024-07-29T00:07:06.105 INFO:journalctl@ceph.mon.a.smithi005.stdout:Jul 29 00:07:05 smithi005 ceph-mon[32301]: from='client.? 172.21.15.5:0/379964726' entity='client.admin' cmd=[{"prefix": "config assimilate-conf"}]: dispatch
2024-07-29T00:07:07.182 INFO:journalctl@ceph.mon.a.smithi005.stdout:Jul 29 00:07:06 smithi005 ceph-mon[32301]: from='client.? 172.21.15.5:0/2204884624' entity='client.admin' cmd=[{"prefix": "mgr module enable", "module": "cephadm"}]: dispatch
2024-07-29T00:07:07.183 INFO:journalctl@ceph.mgr.x.smithi005.stdout:Jul 29 00:07:07 smithi005 ceph-4770c54c-4d3e-11ef-bcc8-c7b262605968-mgr-x[32526]: ignoring --setuser ceph since I am not root
2024-07-29T00:07:07.183 INFO:journalctl@ceph.mgr.x.smithi005.stdout:Jul 29 00:07:07 smithi005 ceph-4770c54c-4d3e-11ef-bcc8-c7b262605968-mgr-x[32526]: ignoring --setgroup ceph since I am not root
2024-07-29T00:07:07.183 INFO:journalctl@ceph.mgr.x.smithi005.stdout:Jul 29 00:07:07 smithi005 ceph-4770c54c-4d3e-11ef-bcc8-c7b262605968-mgr-x[32526]:
2024-07-29T00:07:07.180+0000 7f6e95bda040 -1 mgr[py] Module balancer has missing NOTIFY_TYPES member
2024-07-29T00:07:07.445 INFO:journalctl@ceph.mgr.x.smithi005.stdout:Jul 29 00:07:07 smithi005 ceph-4770c54c-4d3e-11ef-bcc8-c7b262605968-mgr-x[32526]:
2024-07-29T00:07:07.361+0000 7f6e95bda040 -1 mgr[py] Module orchestrator has missing NOTIFY_TYPES member
2024-07-29T00:07:07.445 INFO:journalctl@ceph.mgr.x.smithi005.stdout:Jul 29 00:07:07 smithi005 ceph-4770c54c-4d3e-11ef-bcc8-c7b262605968-mgr-x[32526]:
2024-07-29T00:07:07.443+0000 7f6e95bda040 -1 mgr[py] Module snap_schedule has missing NOTIFY_TYPES member
2024-07-29T00:07:07.616 INFO:teuthology.orchestra.run.smithi005.stdout:/usr/bin/ceph: stderr
2024-07-29T00:07:06.104+0000 7f6482200640 1 Processor -- start
2024-07-29T00:07:07.617 INFO:teuthology.orchestra.run.smithi005.stdout:/usr/bin/ceph: stderr
2024-07-29T00:07:06.104+0000 7f6482200640 1 -- start start
2024-07-29T00:07:07.617 INFO:teuthology.orchestra.run.smithi005.stdout:/usr/bin/ceph: stderr
2024-07-29T00:07:06.105+0000 7f6482200640 1 --2- >> [v2:172.21.15.5:3300/0,v1:172.21.15.5:6789/0] conn(0x7f647c1097e0 0x7f647c109be0 unknown :-1 s=NONE pgs=0 cs=0 l=0 rev1=0 crypto rx=0 tx=0 comp rx=0 tx=0).connect
2024-07-29T00:07:07.617 INFO:teuthology.orchestra.run.smithi005.stdout:/usr/bin/ceph: stderr
2024-07-29T00:07:06.105+0000 7f6482200640 1 -- --> [v2:172.21.15.5:3300/0,v1:172.21.15.5:6789/0] -- mon_getmap magic: 0 -- 0x7f647c10a1b0 con 0x7f647c1097e0
2024-07-29T00:07:07.617 INFO:teuthology.orchestra.run.smithi005.stdout:/usr/bin/ceph: stderr
2024-07-29T00:07:06.106+0000 7f6480e00640 1 --2- >> [v2:172.21.15.5:3300/0,v1:172.21.15.5:6789/0] conn(0x7f647c1097e0 0x7f647c109be0 unknown :-1 s=BANNER_CONNECTING pgs=0 cs=0 l=0 rev1=0 crypto rx=0 tx=0 comp rx=0 tx=0)._handle_peer_banner_payload supported=3 required=0
2024-07-29T00:07:07.617 INFO:teuthology.orchestra.run.smithi005.stdout:/usr/bin/ceph: stderr
2024-07-29T00:07:06.106+0000 7f6480e00640 1 --2- >> [v2:172.21.15.5:3300/0,v1:172.21.15.5:6789/0] conn(0x7f647c1097e0 0x7f647c109be0 unknown :-1 s=HELLO_CONNECTING pgs=0 cs=0 l=0 rev1=1 crypto rx=0 tx=0 comp rx=0 tx=0).handle_hello peer v2:172.21.15.5:3300/0 says I am v2:172.21.15.5:36200/0 (socket says 172.21.15.5:36200)
2024-07-29T00:07:07.617 INFO:teuthology.orchestra.run.smithi005.stdout:/usr/bin/ceph: stderr
2024-07-29T00:07:06.106+0000 7f6480e00640 1 -- 172.21.15.5:0/2031065288 learned_addr learned my addr 172.21.15.5:0/2031065288 (peer_addr_for_me v2:172.21.15.5:0/0)
2024-07-29T00:07:07.617 INFO:teuthology.orchestra.run.smithi005.stdout:/usr/bin/ceph: stderr
2024-07-29T00:07:06.106+0000 7f6480e00640 1 -- 172.21.15.5:0/2031065288 --> [v2:172.21.15.5:3300/0,v1:172.21.15.5:6789/0] -- mon_subscribe({config=0+,monmap=0+}) -- 0x7f647c10a920 con 0x7f647c1097e0
2024-07-29T00:07:07.617 INFO:teuthology.orchestra.run.smithi005.stdout:/usr/bin/ceph: stderr
2024-07-29T00:07:06.107+0000 7f6480e00640 1 --2- 172.21.15.5:0/2031065288 >> [v2:172.21.15.5:3300/0,v1:172.21.15.5:6789/0] conn(0x7f647c1097e0 0x7f647c109be0 secure :-1 s=READY pgs=20 cs=0 l=1 rev1=1 crypto rx=0x7f646c009e80 tx=0x7f646c02a7a0 comp rx=0 tx=0).ready entity=mon.0 client_cookie=b67b70fdea836bcb server_cookie=0 in_seq=0 out_seq=0
2024-07-29T00:07:07.617 INFO:teuthology.orchestra.run.smithi005.stdout:/usr/bin/ceph: stderr
2024-07-29T00:07:06.108+0000 7f647be00640 1 -- 172.21.15.5:0/2031065288 <== mon.0 v2:172.21.15.5:3300/0 1 ==== mon_map magic: 0 ==== 205+0+0 (secure 0 0 0) 0x7f646c036070 con 0x7f647c1097e0
2024-07-29T00:07:07.617 INFO:teuthology.orchestra.run.smithi005.stdout:/usr/bin/ceph: stderr
2024-07-29T00:07:06.108+0000 7f647be00640 1 -- 172.21.15.5:0/2031065288 <== mon.0 v2:172.21.15.5:3300/0 2 ==== config(29 keys) ==== 1178+0+0 (secure 0 0 0) 0x7f646c031900 con 0x7f647c1097e0
2024-07-29T00:07:07.617 INFO:teuthology.orchestra.run.smithi005.stdout:/usr/bin/ceph: stderr
2024-07-29T00:07:06.108+0000 7f647be00640 1 -- 172.21.15.5:0/2031065288 <== mon.0 v2:172.21.15.5:3300/0 3 ==== mon_map magic: 0 ==== 205+0+0 (secure 0 0 0) 0x7f646c007bc0 con 0x7f647c1097e0
2024-07-29T00:07:07.618 INFO:teuthology.orchestra.run.smithi005.stdout:/usr/bin/ceph: stderr
2024-07-29T00:07:06.108+0000 7f6482200640 1 -- 172.21.15.5:0/2031065288 >> [v2:172.21.15.5:3300/0,v1:172.21.15.5:6789/0] conn(0x7f647c1097e0 msgr2=0x7f647c109be0 secure :-1 s=STATE_CONNECTION_ESTABLISHED l=1).mark_down
2024-07-29T00:07:07.618 INFO:teuthology.orchestra.run.smithi005.stdout:/usr/bin/ceph: stderr
2024-07-29T00:07:06.108+0000 7f6482200640 1 --2- 172.21.15.5:0/2031065288 >> [v2:172.21.15.5:3300/0,v1:172.21.15.5:6789/0] conn(0x7f647c1097e0 0x7f647c109be0 secure :-1 s=READY pgs=20 cs=0 l=1 rev1=1 crypto rx=0x7f646c009e80 tx=0x7f646c02a7a0 comp rx=0 tx=0).stop
2024-07-29T00:07:07.618 INFO:teuthology.orchestra.run.smithi005.stdout:/usr/bin/ceph: stderr
2024-07-29T00:07:06.109+0000 7f6482200640 1 -- 172.21.15.5:0/2031065288 shutdown_connections
2024-07-29T00:07:07.618 INFO:teuthology.orchestra.run.smithi005.stdout:/usr/bin/ceph: stderr
2024-07-29T00:07:06.109+0000 7f6482200640 1 --2- 172.21.15.5:0/2031065288 >> [v2:172.21.15.5:3300/0,v1:172.21.15.5:6789/0] conn(0x7f647c1097e0 0x7f647c109be0 unknown :-1 s=CLOSED pgs=20 cs=0 l=1 rev1=1 crypto rx=0 tx=0 comp rx=0 tx=0).stop
2024-07-29T00:07:07.618 INFO:teuthology.orchestra.run.smithi005.stdout:/usr/bin/ceph: stderr
2024-07-29T00:07:06.109+0000 7f6482200640 1 -- 172.21.15.5:0/2031065288 >> 172.21.15.5:0/2031065288 conn(0x7f647c07ce50 msgr2=0x7f647c07d260 unknown :-1 s=STATE_NONE l=0).mark_down
2024-07-29T00:07:07.618 INFO:teuthology.orchestra.run.smithi005.stdout:/usr/bin/ceph: stderr
2024-07-29T00:07:06.109+0000 7f6482200640 1 -- 172.21.15.5:0/2031065288 shutdown_connections
2024-07-29T00:07:07.618 INFO:teuthology.orchestra.run.smithi005.stdout:/usr/bin/ceph: stderr
2024-07-29T00:07:06.109+0000 7f6482200640 1 -- 172.21.15.5:0/2031065288 wait complete.
2024-07-29T00:07:07.618 INFO:teuthology.orchestra.run.smithi005.stdout:/usr/bin/ceph: stderr
2024-07-29T00:07:06.110+0000 7f6482200640 1 Processor -- start
2024-07-29T00:07:07.618 INFO:teuthology.orchestra.run.smithi005.stdout:/usr/bin/ceph: stderr
2024-07-29T00:07:06.110+0000 7f6482200640 1 -- start start
2024-07-29T00:07:07.618 INFO:teuthology.orchestra.run.smithi005.stdout:/usr/bin/ceph: stderr
2024-07-29T00:07:06.110+0000 7f6482200640 1 --2- >> [v2:172.21.15.5:3300/0,v1:172.21.15.5:6789/0] conn(0x7f647c1097e0 0x7f647c19d7c0 unknown :-1 s=NONE pgs=0 cs=0 l=1 rev1=0 crypto rx=0 tx=0 comp rx=0 tx=0).connect
2024-07-29T00:07:07.618 INFO:teuthology.orchestra.run.smithi005.stdout:/usr/bin/ceph: stderr
2024-07-29T00:07:06.110+0000 7f6482200640 1 -- --> [v2:172.21.15.5:3300/0,v1:172.21.15.5:6789/0] -- mon_getmap magic: 0 -- 0x7f647c10dcd0 con 0x7f647c1097e0
2024-07-29T00:07:07.618 INFO:teuthology.orchestra.run.smithi005.stdout:/usr/bin/ceph: stderr
2024-07-29T00:07:06.111+0000 7f6480e00640 1 --2- >> [v2:172.21.15.5:3300/0,v1:172.21.15.5:6789/0] conn(0x7f647c1097e0 0x7f647c19d7c0 unknown :-1 s=BANNER_CONNECTING pgs=0 cs=0 l=1 rev1=0 crypto rx=0 tx=0 comp rx=0 tx=0)._handle_peer_banner_payload supported=3 required=0
2024-07-29T00:07:07.619 INFO:teuthology.orchestra.run.smithi005.stdout:/usr/bin/ceph: stderr
2024-07-29T00:07:06.111+0000 7f6480e00640 1 --2- >> [v2:172.21.15.5:3300/0,v1:172.21.15.5:6789/0] conn(0x7f647c1097e0 0x7f647c19d7c0 unknown :-1 s=HELLO_CONNECTING pgs=0 cs=0 l=1 rev1=1 crypto rx=0 tx=0 comp rx=0 tx=0).handle_hello peer v2:172.21.15.5:3300/0 says I am v2:172.21.15.5:36208/0 (socket says 172.21.15.5:36208)
2024-07-29T00:07:07.619 INFO:teuthology.orchestra.run.smithi005.stdout:/usr/bin/ceph: stderr
2024-07-29T00:07:06.111+0000 7f6480e00640 1 -- 172.21.15.5:0/2204884624 learned_addr learned my addr 172.21.15.5:0/2204884624 (peer_addr_for_me v2:172.21.15.5:0/0)
2024-07-29T00:07:07.619 INFO:teuthology.orchestra.run.smithi005.stdout:/usr/bin/ceph: stderr
2024-07-29T00:07:06.111+0000 7f6480e00640 1 -- 172.21.15.5:0/2204884624 --> [v2:172.21.15.5:3300/0,v1:172.21.15.5:6789/0] -- mon_subscribe({config=0+,monmap=0+}) -- 0x7f647c19dd00 con 0x7f647c1097e0
2024-07-29T00:07:07.619 INFO:teuthology.orchestra.run.smithi005.stdout:/usr/bin/ceph: stderr
2024-07-29T00:07:06.112+0000 7f6480e00640 1 --2- 172.21.15.5:0/2204884624 >> [v2:172.21.15.5:3300/0,v1:172.21.15.5:6789/0] conn(0x7f647c1097e0 0x7f647c19d7c0 secure :-1 s=READY pgs=21 cs=0 l=1 rev1=1 crypto rx=0x7f646c009e50 tx=0x7f646c007620 comp rx=0 tx=0).ready entity=mon.0 client_cookie=0 server_cookie=0 in_seq=0 out_seq=0
2024-07-29T00:07:07.619 INFO:teuthology.orchestra.run.smithi005.stdout:/usr/bin/ceph: stderr
2024-07-29T00:07:06.112+0000 7f647a000640 1 -- 172.21.15.5:0/2204884624 <== mon.0 v2:172.21.15.5:3300/0 1 ==== mon_map magic: 0 ==== 205+0+0 (secure 0 0 0) 0x7f646c036050 con 0x7f647c1097e0
2024-07-29T00:07:07.619 INFO:teuthology.orchestra.run.smithi005.stdout:/usr/bin/ceph: stderr
2024-07-29T00:07:06.112+0000 7f647a000640 1 -- 172.21.15.5:0/2204884624 <== mon.0 v2:172.21.15.5:3300/0 2 ==== config(29 keys) ==== 1178+0+0 (secure 0 0 0) 0x7f646c042070 con 0x7f647c1097e0
2024-07-29T00:07:07.619 INFO:teuthology.orchestra.run.smithi005.stdout:/usr/bin/ceph: stderr
2024-07-29T00:07:06.112+0000 7f647a000640 1 -- 172.21.15.5:0/2204884624 <== mon.0 v2:172.21.15.5:3300/0 3 ==== mon_map magic: 0 ==== 205+0+0 (secure 0 0 0) 0x7f646c03b840 con 0x7f647c1097e0
2024-07-29T00:07:07.619 INFO:teuthology.orchestra.run.smithi005.stdout:/usr/bin/ceph: stderr
2024-07-29T00:07:06.112+0000 7f6482200640 1 -- 172.21.15.5:0/2204884624 --> [v2:172.21.15.5:3300/0,v1:172.21.15.5:6789/0] -- mon_subscribe({mgrmap=0+}) -- 0x7f647c19df90 con 0x7f647c1097e0
2024-07-29T00:07:07.619 INFO:teuthology.orchestra.run.smithi005.stdout:/usr/bin/ceph: stderr
2024-07-29T00:07:06.112+0000 7f6482200640 1 -- 172.21.15.5:0/2204884624 --> [v2:172.21.15.5:3300/0,v1:172.21.15.5:6789/0] -- mon_subscribe({osdmap=0}) -- 0x7f647c1a0c80 con 0x7f647c1097e0
2024-07-29T00:07:07.619 INFO:teuthology.orchestra.run.smithi005.stdout:/usr/bin/ceph: stderr
2024-07-29T00:07:06.113+0000 7f647a000640 1 -- 172.21.15.5:0/2204884624 <== mon.0 v2:172.21.15.5:3300/0 4 ==== mgrmap(e 4) ==== 46276+0+0 (secure 0 0 0) 0x7f646c03baf0 con 0x7f647c1097e0
2024-07-29T00:07:07.619 INFO:teuthology.orchestra.run.smithi005.stdout:/usr/bin/ceph: stderr
2024-07-29T00:07:06.113+0000 7f6482200640 1 -- 172.21.15.5:0/2204884624 --> [v2:172.21.15.5:3300/0,v1:172.21.15.5:6789/0] -- mon_command({"prefix": "get_command_descriptions"} v 0) -- 0x7f647c109c60 con 0x7f647c1097e0
2024-07-29T00:07:07.619 INFO:teuthology.orchestra.run.smithi005.stdout:/usr/bin/ceph: stderr
2024-07-29T00:07:06.114+0000 7f647a000640 1 --2- 172.21.15.5:0/2204884624 >> [v2:172.21.15.5:6800/3744778277,v1:172.21.15.5:6801/3744778277] conn(0x7f6460038f70 0x7f646003b430 unknown :-1 s=NONE pgs=0 cs=0 l=1 rev1=0 crypto rx=0 tx=0 comp rx=0 tx=0).connect
2024-07-29T00:07:07.620 INFO:teuthology.orchestra.run.smithi005.stdout:/usr/bin/ceph: stderr
2024-07-29T00:07:06.114+0000 7f647a000640 1 -- 172.21.15.5:0/2204884624 <== mon.0 v2:172.21.15.5:3300/0 5 ==== osd_map(1..1 src has 1..1) ==== 725+0+0 (secure 0 0 0) 0x7f646c06cce0 con 0x7f647c1097e0
2024-07-29T00:07:07.620 INFO:teuthology.orchestra.run.smithi005.stdout:/usr/bin/ceph: stderr
2024-07-29T00:07:06.114+0000 7f6473e00640 1 --2- 172.21.15.5:0/2204884624 >> [v2:172.21.15.5:6800/3744778277,v1:172.21.15.5:6801/3744778277] conn(0x7f6460038f70 0x7f646003b430 unknown :-1 s=BANNER_CONNECTING pgs=0 cs=0 l=1 rev1=0 crypto rx=0 tx=0 comp rx=0 tx=0)._handle_peer_banner_payload supported=3 required=0
2024-07-29T00:07:07.620 INFO:teuthology.orchestra.run.smithi005.stdout:/usr/bin/ceph: stderr
2024-07-29T00:07:06.115+0000 7f6473e00640 1 --2- 172.21.15.5:0/2204884624 >> [v2:172.21.15.5:6800/3744778277,v1:172.21.15.5:6801/3744778277] conn(0x7f6460038f70 0x7f646003b430 secure :-1 s=READY pgs=8 cs=0 l=1 rev1=1 crypto rx=0x7f64640098c0 tx=0x7f6464006db0 comp rx=0 tx=0).ready entity=mgr.14100 client_cookie=0 server_cookie=0 in_seq=0 out_seq=0
2024-07-29T00:07:07.620 INFO:teuthology.orchestra.run.smithi005.stdout:/usr/bin/ceph: stderr
2024-07-29T00:07:06.119+0000 7f647a000640 1 -- 172.21.15.5:0/2204884624 <== mon.0 v2:172.21.15.5:3300/0 6 ==== mon_command_ack([{"prefix": "get_command_descriptions"}]=0 v0) ==== 72+0+187871 (secure 0 0 0) 0x7f646c045360 con 0x7f647c1097e0
2024-07-29T00:07:07.620 INFO:teuthology.orchestra.run.smithi005.stdout:/usr/bin/ceph: stderr
2024-07-29T00:07:06.377+0000 7f6482200640 1 -- 172.21.15.5:0/2204884624 --> [v2:172.21.15.5:3300/0,v1:172.21.15.5:6789/0] -- mon_command({"prefix": "mgr module enable", "module": "cephadm"} v 0) -- 0x7f647c1a1300 con 0x7f647c1097e0
2024-07-29T00:07:07.620 INFO:teuthology.orchestra.run.smithi005.stdout:/usr/bin/ceph: stderr
2024-07-29T00:07:06.923+0000 7f647a000640 1 -- 172.21.15.5:0/2204884624 <== mon.0 v2:172.21.15.5:3300/0 7 ==== mon_command_ack([{"prefix": "mgr module enable", "module": "cephadm"}]=0 v5) ==== 86+0+0 (secure 0 0 0) 0x7f646c0371f0 con 0x7f647c1097e0
2024-07-29T00:07:07.620 INFO:teuthology.orchestra.run.smithi005.stdout:/usr/bin/ceph: stderr
2024-07-29T00:07:06.926+0000 7f647a000640 1 -- 172.21.15.5:0/2204884624 <== mon.0 v2:172.21.15.5:3300/0 8 ==== mgrmap(e 5) ==== 46287+0+0 (secure 0 0 0) 0x7f646c042d10 con 0x7f647c1097e0
2024-07-29T00:07:07.620 INFO:teuthology.orchestra.run.smithi005.stdout:/usr/bin/ceph: stderr
2024-07-29T00:07:06.928+0000 7f6482200640 1 -- 172.21.15.5:0/2204884624 >> [v2:172.21.15.5:6800/3744778277,v1:172.21.15.5:6801/3744778277] conn(0x7f6460038f70 msgr2=0x7f646003b430 secure :-1 s=STATE_CONNECTION_ESTABLISHED l=1).mark_down
2024-07-29T00:07:07.620 INFO:teuthology.orchestra.run.smithi005.stdout:/usr/bin/ceph: stderr
2024-07-29T00:07:06.928+0000 7f6482200640 1 --2- 172.21.15.5:0/2204884624 >> [v2:172.21.15.5:6800/3744778277,v1:172.21.15.5:6801/3744778277] conn(0x7f6460038f70 0x7f646003b430 secure :-1 s=READY pgs=8 cs=0 l=1 rev1=1 crypto rx=0x7f64640098c0 tx=0x7f6464006db0 comp rx=0 tx=0).stop
2024-07-29T00:07:07.621 INFO:teuthology.orchestra.run.smithi005.stdout:/usr/bin/ceph: stderr
2024-07-29T00:07:06.928+0000 7f6482200640 1 -- 172.21.15.5:0/2204884624 >> [v2:172.21.15.5:3300/0,v1:172.21.15.5:6789/0] conn(0x7f647c1097e0 msgr2=0x7f647c19d7c0 secure :-1 s=STATE_CONNECTION_ESTABLISHED l=1).mark_down
2024-07-29T00:07:07.621 INFO:teuthology.orchestra.run.smithi005.stdout:/usr/bin/ceph: stderr
2024-07-29T00:07:06.928+0000 7f6482200640 1 --2- 172.21.15.5:0/2204884624 >> [v2:172.21.15.5:3300/0,v1:172.21.15.5:6789/0] conn(0x7f647c1097e0 0x7f647c19d7c0 secure :-1 s=READY pgs=21 cs=0 l=1 rev1=1 crypto rx=0x7f646c009e50 tx=0x7f646c007620 comp rx=0 tx=0).stop
2024-07-29T00:07:07.621 INFO:teuthology.orchestra.run.smithi005.stdout:/usr/bin/ceph: stderr
2024-07-29T00:07:06.930+0000 7f6482200640 1 -- 172.21.15.5:0/2204884624 shutdown_connections
2024-07-29T00:07:07.621 INFO:teuthology.orchestra.run.smithi005.stdout:/usr/bin/ceph: stderr
2024-07-29T00:07:06.930+0000 7f6482200640 1 --2- 172.21.15.5:0/2204884624 >> [v2:172.21.15.5:6800/3744778277,v1:172.21.15.5:6801/3744778277] conn(0x7f6460038f70 0x7f646003b430 unknown :-1 s=CLOSED pgs=8 cs=0 l=1 rev1=1 crypto rx=0 tx=0 comp rx=0 tx=0).stop
2024-07-29T00:07:07.621 INFO:teuthology.orchestra.run.smithi005.stdout:/usr/bin/ceph: stderr
2024-07-29T00:07:06.930+0000 7f6482200640 1 --2- 172.21.15.5:0/2204884624 >> [v2:172.21.15.5:3300/0,v1:172.21.15.5:6789/0] conn(0x7f647c1097e0 0x7f647c19d7c0 unknown :-1 s=CLOSED pgs=21 cs=0 l=1 rev1=1 crypto rx=0 tx=0 comp rx=0 tx=0).stop
2024-07-29T00:07:07.621 INFO:teuthology.orchestra.run.smithi005.stdout:/usr/bin/ceph: stderr
2024-07-29T00:07:06.930+0000 7f6482200640 1 -- 172.21.15.5:0/2204884624 >> 172.21.15.5:0/2204884624 conn(0x7f647c07ce50 msgr2=0x7f647c107420 unknown :-1 s=STATE_NONE l=0).mark_down
2024-07-29T00:07:07.621 INFO:teuthology.orchestra.run.smithi005.stdout:/usr/bin/ceph: stderr
2024-07-29T00:07:06.930+0000 7f6482200640 1 -- 172.21.15.5:0/2204884624 shutdown_connections
2024-07-29T00:07:07.621 INFO:teuthology.orchestra.run.smithi005.stdout:/usr/bin/ceph: stderr
2024-07-29T00:07:06.930+0000 7f6482200640 1 -- 172.21.15.5:0/2204884624 wait complete.
2024-07-29T00:07:08.019 INFO:journalctl@ceph.mon.a.smithi005.stdout:Jul 29 00:07:07 smithi005 ceph-mon[32301]: from='client.? 172.21.15.5:0/2204884624' entity='client.admin' cmd='[{"prefix": "mgr module enable", "module": "cephadm"}]': finished
2024-07-29T00:07:08.019 INFO:journalctl@ceph.mon.a.smithi005.stdout:Jul 29 00:07:07 smithi005 ceph-mon[32301]: mgrmap e5: x(active, since 5s)
