2024-07-29T00:07:18.265+0000 7fc96ea00640 1 -- 172.21.15.5:0/4255780710 <== mon.0 v2:172.21.15.5:3300/0 3 ==== mon_map magic: 0 ==== 205+0+0 (secure 0 0 0) 0x7fc968037040 con 0x7fc978109980
2024-07-29T00:07:19.472 INFO:teuthology.orchestra.run.smithi005.stdout:/usr/bin/ceph: stderr
2024-07-29T00:07:18.265+0000 7fc97d000640 1 -- 172.21.15.5:0/4255780710 --> [v2:172.21.15.5:3300/0,v1:172.21.15.5:6789/0] -- mon_subscribe({osdmap=0}) -- 0x7fc9781a0ed0 con 0x7fc978109980
2024-07-29T00:07:19.472 INFO:teuthology.orchestra.run.smithi005.stdout:/usr/bin/ceph: stderr
2024-07-29T00:07:18.266+0000 7fc96ea00640 1 -- 172.21.15.5:0/4255780710 <== mon.0 v2:172.21.15.5:3300/0 4 ==== mgrmap(e 8) ==== 46287+0+0 (secure 0 0 0) 0x7fc968045070 con 0x7fc978109980
2024-07-29T00:07:19.472 INFO:teuthology.orchestra.run.smithi005.stdout:/usr/bin/ceph: stderr
2024-07-29T00:07:18.266+0000 7fc97d000640 1 -- 172.21.15.5:0/4255780710 --> [v2:172.21.15.5:3300/0,v1:172.21.15.5:6789/0] -- mon_command({"prefix": "get_command_descriptions"} v 0) -- 0x7fc978109e00 con 0x7fc978109980
2024-07-29T00:07:19.472 INFO:teuthology.orchestra.run.smithi005.stdout:/usr/bin/ceph: stderr
2024-07-29T00:07:18.267+0000 7fc96ea00640 1 --2- 172.21.15.5:0/4255780710 >> [v2:172.21.15.5:6800/1246422079,v1:172.21.15.5:6801/1246422079] conn(0x7fc958038fc0 0x7fc95803b480 unknown :-1 s=NONE pgs=0 cs=0 l=1 rev1=0 crypto rx=0 tx=0 comp rx=0 tx=0).connect
2024-07-29T00:07:19.472 INFO:teuthology.orchestra.run.smithi005.stdout:/usr/bin/ceph: stderr
2024-07-29T00:07:18.267+0000 7fc96ea00640 1 -- 172.21.15.5:0/4255780710 <== mon.0 v2:172.21.15.5:3300/0 5 ==== osd_map(2..2 src has 1..2) ==== 940+0+0 (secure 0 0 0) 0x7fc96806bfa0 con 0x7fc978109980
2024-07-29T00:07:19.472 INFO:teuthology.orchestra.run.smithi005.stdout:/usr/bin/ceph: stderr
2024-07-29T00:07:18.267+0000 7fc96fe00640 1 --2- 172.21.15.5:0/4255780710 >> [v2:172.21.15.5:6800/1246422079,v1:172.21.15.5:6801/1246422079] conn(0x7fc958038fc0 0x7fc95803b480 unknown :-1 s=BANNER_CONNECTING pgs=0 cs=0 l=1 rev1=0 crypto rx=0 tx=0 comp rx=0 tx=0)._handle_peer_banner_payload supported=3 required=0
2024-07-29T00:07:19.472 INFO:teuthology.orchestra.run.smithi005.stdout:/usr/bin/ceph: stderr
2024-07-29T00:07:18.268+0000 7fc96fe00640 1 --2- 172.21.15.5:0/4255780710 >> [v2:172.21.15.5:6800/1246422079,v1:172.21.15.5:6801/1246422079] conn(0x7fc958038fc0 0x7fc95803b480 secure :-1 s=READY pgs=9 cs=0 l=1 rev1=1 crypto rx=0x7fc9600098c0 tx=0x7fc960006db0 comp rx=0 tx=0).ready entity=mgr.14118 client_cookie=0 server_cookie=0 in_seq=0 out_seq=0
2024-07-29T00:07:19.472 INFO:teuthology.orchestra.run.smithi005.stdout:/usr/bin/ceph: stderr
2024-07-29T00:07:18.273+0000 7fc96ea00640 1 -- 172.21.15.5:0/4255780710 <== mon.0 v2:172.21.15.5:3300/0 6 ==== mon_command_ack([{"prefix": "get_command_descriptions"}]=0 v0) ==== 72+0+187871 (secure 0 0 0) 0x7fc96804b170 con 0x7fc978109980
2024-07-29T00:07:19.472 INFO:teuthology.orchestra.run.smithi005.stdout:/usr/bin/ceph: stderr
2024-07-29T00:07:18.467+0000 7fc97d000640 1 -- 172.21.15.5:0/4255780710 --> [v2:172.21.15.5:6800/1246422079,v1:172.21.15.5:6801/1246422079] -- mgr_command(tid 0: {"prefix": "cephadm generate-key", "target": ["mon-mgr", ""]}) -- 0x7fc978107be0 con 0x7fc958038fc0
2024-07-29T00:07:19.473 INFO:teuthology.orchestra.run.smithi005.stdout:/usr/bin/ceph: stderr
2024-07-29T00:07:18.826+0000 7fc96ea00640 1 -- 172.21.15.5:0/4255780710 <== mgr.14118 v2:172.21.15.5:6800/1246422079 1 ==== mgr_command_reply(tid 0: 0 ) ==== 8+0+0 (secure 0 0 0) 0x7fc978107be0 con 0x7fc958038fc0
2024-07-29T00:07:19.473 INFO:teuthology.orchestra.run.smithi005.stdout:/usr/bin/ceph: stderr
2024-07-29T00:07:18.829+0000 7fc97d000640 1 -- 172.21.15.5:0/4255780710 >> [v2:172.21.15.5:6800/1246422079,v1:172.21.15.5:6801/1246422079] conn(0x7fc958038fc0 msgr2=0x7fc95803b480 secure :-1 s=STATE_CONNECTION_ESTABLISHED l=1).mark_down
2024-07-29T00:07:19.473 INFO:teuthology.orchestra.run.smithi005.stdout:/usr/bin/ceph: stderr
2024-07-29T00:07:18.829+0000 7fc97d000640 1 --2- 172.21.15.5:0/4255780710 >> [v2:172.21.15.5:6800/1246422079,v1:172.21.15.5:6801/1246422079] conn(0x7fc958038fc0 0x7fc95803b480 secure :-1 s=READY pgs=9 cs=0 l=1 rev1=1 crypto rx=0x7fc9600098c0 tx=0x7fc960006db0 comp rx=0 tx=0).stop
2024-07-29T00:07:19.473 INFO:teuthology.orchestra.run.smithi005.stdout:/usr/bin/ceph: stderr
2024-07-29T00:07:18.829+0000 7fc97d000640 1 -- 172.21.15.5:0/4255780710 >> [v2:172.21.15.5:3300/0,v1:172.21.15.5:6789/0] conn(0x7fc978109980 msgr2=0x7fc97819da10 secure :-1 s=STATE_CONNECTION_ESTABLISHED l=1).mark_down
2024-07-29T00:07:19.473 INFO:teuthology.orchestra.run.smithi005.stdout:/usr/bin/ceph: stderr
2024-07-29T00:07:18.829+0000 7fc97d000640 1 --2- 172.21.15.5:0/4255780710 >> [v2:172.21.15.5:3300/0,v1:172.21.15.5:6789/0] conn(0x7fc978109980 0x7fc97819da10 secure :-1 s=READY pgs=40 cs=0 l=1 rev1=1 crypto rx=0x7fc968032e90 tx=0x7fc968032ec0 comp rx=0 tx=0).stop
2024-07-29T00:07:19.473 INFO:teuthology.orchestra.run.smithi005.stdout:/usr/bin/ceph: stderr
2024-07-29T00:07:18.829+0000 7fc97d000640 1 -- 172.21.15.5:0/4255780710 shutdown_connections
2024-07-29T00:07:19.473 INFO:teuthology.orchestra.run.smithi005.stdout:/usr/bin/ceph: stderr
2024-07-29T00:07:18.829+0000 7fc97d000640 1 --2- 172.21.15.5:0/4255780710 >> [v2:172.21.15.5:6800/1246422079,v1:172.21.15.5:6801/1246422079] conn(0x7fc958038fc0 0x7fc95803b480 unknown :-1 s=CLOSED pgs=9 cs=0 l=1 rev1=1 crypto rx=0 tx=0 comp rx=0 tx=0).stop
2024-07-29T00:07:19.473 INFO:teuthology.orchestra.run.smithi005.stdout:/usr/bin/ceph: stderr
2024-07-29T00:07:18.829+0000 7fc97d000640 1 --2- 172.21.15.5:0/4255780710 >> [v2:172.21.15.5:3300/0,v1:172.21.15.5:6789/0] conn(0x7fc978109980 0x7fc97819da10 unknown :-1 s=CLOSED pgs=40 cs=0 l=1 rev1=1 crypto rx=0 tx=0 comp rx=0 tx=0).stop
2024-07-29T00:07:19.473 INFO:teuthology.orchestra.run.smithi005.stdout:/usr/bin/ceph: stderr
2024-07-29T00:07:18.829+0000 7fc97d000640 1 -- 172.21.15.5:0/4255780710 >> 172.21.15.5:0/4255780710 conn(0x7fc97807cfb0 msgr2=0x7fc9781074d0 unknown :-1 s=STATE_NONE l=0).mark_down
2024-07-29T00:07:19.473 INFO:teuthology.orchestra.run.smithi005.stdout:/usr/bin/ceph: stderr
2024-07-29T00:07:18.829+0000 7fc97d000640 1 -- 172.21.15.5:0/4255780710 shutdown_connections
2024-07-29T00:07:19.473 INFO:teuthology.orchestra.run.smithi005.stdout:/usr/bin/ceph: stderr
2024-07-29T00:07:18.829+0000 7fc97d000640 1 -- 172.21.15.5:0/4255780710 wait complete.
2024-07-29T00:07:20.045 INFO:journalctl@ceph.mon.a.smithi005.stdout:Jul 29 00:07:19 smithi005 ceph-mon[32301]: from='client.14134 -' entity='client.admin' cmd=[{"prefix": "cephadm generate-key", "target": ["mon-mgr", ""]}]: dispatch
2024-07-29T00:07:20.045 INFO:journalctl@ceph.mon.a.smithi005.stdout:Jul 29 00:07:19 smithi005 ceph-mon[32301]: Generating ssh key...
2024-07-29T00:07:20.045 INFO:journalctl@ceph.mon.a.smithi005.stdout:Jul 29 00:07:19 smithi005 ceph-mon[32301]: from='mgr.14118 172.21.15.5:0/1470957390' entity='mgr.x'
2024-07-29T00:07:20.045 INFO:journalctl@ceph.mon.a.smithi005.stdout:Jul 29 00:07:19 smithi005 ceph-mon[32301]: from='mgr.14118 172.21.15.5:0/1470957390' entity='mgr.x'
2024-07-29T00:07:20.908 INFO:teuthology.orchestra.run.smithi005.stdout:/usr/bin/ceph: stdout ssh-rsa AAAAB3NzaC1yc2EAAAADAQABAAABgQC6F9wnmmwcjPR5LVZAgcGgh19MglzfQ9eS/U7rMLQnNqEEaaa0/U1O8zCvCNq8kEsog01X3uAKMOA1ZAELIoLXi4twBxwJB0V4fSQVm1WbOVfds++uBnI6Ld1R0eWfHEZO4f4Jc9NBfVwHsF2VfvCmvJOd/2khKlWpb/BBjhMupxzdf1SCEA/tXx1cuSeQt61SpBLDC7zcZQ74H5yiA9n1nR6Gx3goCjSLfSstFli6LWx9dW5t9qoiDrLusO33al7C9r6uAlOnzSNcp6ez4Ug+n/C/qVd4qBy2S4KOE4vW8hQ5oMAKzSjmg0eJzvQ6IbTkDe1yLPpm66t8MdtXMtEST5cAC/9C1Q+yqFtD0N143mZOsRNLvuVAdi0Ze84giIm46ixHYGghlvug8sI78ps+F+R3+U0OMKdUi1Ym00iyELNYA7iNMjsiAdy18eIdXMWmlIUJgFyna0yH+ih+SD1givBL5aipO7h5J1lPOSXLVbpYTgQqig6F1CtdFsfADWE= ceph-4770c54c-4d3e-11ef-bcc8-c7b262605968
2024-07-29T00:07:20.909 INFO:teuthology.orchestra.run.smithi005.stdout:/usr/bin/ceph: stderr
2024-07-29T00:07:20.044+0000 7f731d200640 1 Processor -- start
2024-07-29T00:07:20.909 INFO:teuthology.orchestra.run.smithi005.stdout:/usr/bin/ceph: stderr
2024-07-29T00:07:20.045+0000 7f731d200640 1 -- start start
2024-07-29T00:07:20.909 INFO:teuthology.orchestra.run.smithi005.stdout:/usr/bin/ceph: stderr
2024-07-29T00:07:20.045+0000 7f731d200640 1 --2- >> [v2:172.21.15.5:3300/0,v1:172.21.15.5:6789/0] conn(0x7f7318081530 0x7f7318081930 unknown :-1 s=NONE pgs=0 cs=0 l=0 rev1=0 crypto rx=0 tx=0 comp rx=0 tx=0).connect
2024-07-29T00:07:20.909 INFO:teuthology.orchestra.run.smithi005.stdout:/usr/bin/ceph: stderr
2024-07-29T00:07:20.045+0000 7f731d200640 1 -- --> [v2:172.21.15.5:3300/0,v1:172.21.15.5:6789/0] -- mon_getmap magic: 0 -- 0x7f7318081f00 con 0x7f7318081530
2024-07-29T00:07:20.909 INFO:teuthology.orchestra.run.smithi005.stdout:/usr/bin/ceph: stderr
2024-07-29T00:07:20.045+0000 7f7317400640 1 --2- >> [v2:172.21.15.5:3300/0,v1:172.21.15.5:6789/0] conn(0x7f7318081530 0x7f7318081930 unknown :-1 s=BANNER_CONNECTING pgs=0 cs=0 l=0 rev1=0 crypto rx=0 tx=0 comp rx=0 tx=0)._handle_peer_banner_payload supported=3 required=0
2024-07-29T00:07:20.909 INFO:teuthology.orchestra.run.smithi005.stdout:/usr/bin/ceph: stderr
2024-07-29T00:07:20.045+0000 7f7317400640 1 --2- >> [v2:172.21.15.5:3300/0,v1:172.21.15.5:6789/0] conn(0x7f7318081530 0x7f7318081930 unknown :-1 s=HELLO_CONNECTING pgs=0 cs=0 l=0 rev1=1 crypto rx=0 tx=0 comp rx=0 tx=0).handle_hello peer v2:172.21.15.5:3300/0 says I am v2:172.21.15.5:54368/0 (socket says 172.21.15.5:54368)
2024-07-29T00:07:20.909 INFO:teuthology.orchestra.run.smithi005.stdout:/usr/bin/ceph: stderr
2024-07-29T00:07:20.046+0000 7f7317400640 1 -- 172.21.15.5:0/2971727586 learned_addr learned my addr 172.21.15.5:0/2971727586 (peer_addr_for_me v2:172.21.15.5:0/0)
2024-07-29T00:07:20.909 INFO:teuthology.orchestra.run.smithi005.stdout:/usr/bin/ceph: stderr
2024-07-29T00:07:20.046+0000 7f7317400640 1 -- 172.21.15.5:0/2971727586 --> [v2:172.21.15.5:3300/0,v1:172.21.15.5:6789/0] -- mon_subscribe({config=0+,monmap=0+}) -- 0x7f731810ed40 con 0x7f7318081530
2024-07-29T00:07:20.909 INFO:teuthology.orchestra.run.smithi005.stdout:/usr/bin/ceph: stderr
2024-07-29T00:07:20.047+0000 7f7317400640 1 --2- 172.21.15.5:0/2971727586 >> [v2:172.21.15.5:3300/0,v1:172.21.15.5:6789/0] conn(0x7f7318081530 0x7f7318081930 secure :-1 s=READY pgs=41 cs=0 l=1 rev1=1 crypto rx=0x7f7308009820 tx=0x7f730802a270 comp rx=0 tx=0).ready entity=mon.0 client_cookie=cf3ab9f17423b95d server_cookie=0 in_seq=0 out_seq=0
2024-07-29T00:07:20.909 INFO:teuthology.orchestra.run.smithi005.stdout:/usr/bin/ceph: stderr
2024-07-29T00:07:20.047+0000 7f7316a00640 1 -- 172.21.15.5:0/2971727586 <== mon.0 v2:172.21.15.5:3300/0 1 ==== mon_map magic: 0 ==== 205+0+0 (secure 0 0 0) 0x7f7308037070 con 0x7f7318081530
2024-07-29T00:07:20.909 INFO:teuthology.orchestra.run.smithi005.stdout:/usr/bin/ceph: stderr
2024-07-29T00:07:20.047+0000 7f7316a00640 1 -- 172.21.15.5:0/2971727586 <== mon.0 v2:172.21.15.5:3300/0 2 ==== config(29 keys) ==== 1178+0+0 (secure 0 0 0) 0x7f7308032940 con 0x7f7318081530
2024-07-29T00:07:20.910 INFO:teuthology.orchestra.run.smithi005.stdout:/usr/bin/ceph: stderr
2024-07-29T00:07:20.047+0000 7f7316a00640 1 -- 172.21.15.5:0/2971727586 <== mon.0 v2:172.21.15.5:3300/0 3 ==== mon_map magic: 0 ==== 205+0+0 (secure 0 0 0) 0x7f73080309c0 con 0x7f7318081530
2024-07-29T00:07:20.910 INFO:teuthology.orchestra.run.smithi005.stdout:/usr/bin/ceph: stderr
2024-07-29T00:07:20.048+0000 7f731d200640 1 -- 172.21.15.5:0/2971727586 >> [v2:172.21.15.5:3300/0,v1:172.21.15.5:6789/0] conn(0x7f7318081530 msgr2=0x7f7318081930 secure :-1 s=STATE_CONNECTION_ESTABLISHED l=1).mark_down
2024-07-29T00:07:20.910 INFO:teuthology.orchestra.run.smithi005.stdout:/usr/bin/ceph: stderr
2024-07-29T00:07:20.048+0000 7f731d200640 1 --2- 172.21.15.5:0/2971727586 >> [v2:172.21.15.5:3300/0,v1:172.21.15.5:6789/0] conn(0x7f7318081530 0x7f7318081930 secure :-1 s=READY pgs=41 cs=0 l=1 rev1=1 crypto rx=0x7f7308009820 tx=0x7f730802a270 comp rx=0 tx=0).stop
2024-07-29T00:07:20.910 INFO:teuthology.orchestra.run.smithi005.stdout:/usr/bin/ceph: stderr
2024-07-29T00:07:20.048+0000 7f731d200640 1 -- 172.21.15.5:0/2971727586 shutdown_connections
2024-07-29T00:07:20.910 INFO:teuthology.orchestra.run.smithi005.stdout:/usr/bin/ceph: stderr
2024-07-29T00:07:20.048+0000 7f731d200640 1 --2- 172.21.15.5:0/2971727586 >> [v2:172.21.15.5:3300/0,v1:172.21.15.5:6789/0] conn(0x7f7318081530 0x7f7318081930 unknown :-1 s=CLOSED pgs=41 cs=0 l=1 rev1=1 crypto rx=0 tx=0 comp rx=0 tx=0).stop
2024-07-29T00:07:20.910 INFO:teuthology.orchestra.run.smithi005.stdout:/usr/bin/ceph: stderr
2024-07-29T00:07:20.048+0000 7f731d200640 1 -- 172.21.15.5:0/2971727586 >> 172.21.15.5:0/2971727586 conn(0x7f731807ce50 msgr2=0x7f731807f270 unknown :-1 s=STATE_NONE l=0).mark_down
2024-07-29T00:07:20.910 INFO:teuthology.orchestra.run.smithi005.stdout:/usr/bin/ceph: stderr
2024-07-29T00:07:20.048+0000 7f731d200640 1 -- 172.21.15.5:0/2971727586 shutdown_connections
2024-07-29T00:07:20.910 INFO:teuthology.orchestra.run.smithi005.stdout:/usr/bin/ceph: stderr
2024-07-29T00:07:20.048+0000 7f731d200640 1 -- 172.21.15.5:0/2971727586 wait complete.
2024-07-29T00:07:20.910 INFO:teuthology.orchestra.run.smithi005.stdout:/usr/bin/ceph: stderr
2024-07-29T00:07:20.049+0000 7f731d200640 1 Processor -- start
2024-07-29T00:07:20.910 INFO:teuthology.orchestra.run.smithi005.stdout:/usr/bin/ceph: stderr
2024-07-29T00:07:20.050+0000 7f731d200640 1 -- start start
2024-07-29T00:07:20.910 INFO:teuthology.orchestra.run.smithi005.stdout:/usr/bin/ceph: stderr
2024-07-29T00:07:20.050+0000 7f731d200640 1 --2- >> [v2:172.21.15.5:3300/0,v1:172.21.15.5:6789/0] conn(0x7f7318081530 0x7f73181a1c40 unknown :-1 s=NONE pgs=0 cs=0 l=1 rev1=0 crypto rx=0 tx=0 comp rx=0 tx=0).connect
2024-07-29T00:07:20.910 INFO:teuthology.orchestra.run.smithi005.stdout:/usr/bin/ceph: stderr
2024-07-29T00:07:20.050+0000 7f731d200640 1 -- --> [v2:172.21.15.5:3300/0,v1:172.21.15.5:6789/0] -- mon_getmap magic: 0 -- 0x7f73181120f0 con 0x7f7318081530
2024-07-29T00:07:20.910 INFO:teuthology.orchestra.run.smithi005.stdout:/usr/bin/ceph: stderr
2024-07-29T00:07:20.050+0000 7f7317400640 1 --2- >> [v2:172.21.15.5:3300/0,v1:172.21.15.5:6789/0] conn(0x7f7318081530 0x7f73181a1c40 unknown :-1 s=BANNER_CONNECTING pgs=0 cs=0 l=1 rev1=0 crypto rx=0 tx=0 comp rx=0 tx=0)._handle_peer_banner_payload supported=3 required=0
2024-07-29T00:07:20.911 INFO:teuthology.orchestra.run.smithi005.stdout:/usr/bin/ceph: stderr
2024-07-29T00:07:20.050+0000 7f7317400640 1 --2- >> [v2:172.21.15.5:3300/0,v1:172.21.15.5:6789/0] conn(0x7f7318081530 0x7f73181a1c40 unknown :-1 s=HELLO_CONNECTING pgs=0 cs=0 l=1 rev1=1 crypto rx=0 tx=0 comp rx=0 tx=0).handle_hello peer v2:172.21.15.5:3300/0 says I am v2:172.21.15.5:54372/0 (socket says 172.21.15.5:54372)
2024-07-29T00:07:20.911 INFO:teuthology.orchestra.run.smithi005.stdout:/usr/bin/ceph: stderr
2024-07-29T00:07:20.050+0000 7f7317400640 1 -- 172.21.15.5:0/1110085419 learned_addr learned my addr 172.21.15.5:0/1110085419 (peer_addr_for_me v2:172.21.15.5:0/0)
2024-07-29T00:07:20.911 INFO:teuthology.orchestra.run.smithi005.stdout:/usr/bin/ceph: stderr
2024-07-29T00:07:20.051+0000 7f7317400640 1 -- 172.21.15.5:0/1110085419 --> [v2:172.21.15.5:3300/0,v1:172.21.15.5:6789/0] -- mon_subscribe({config=0+,monmap=0+}) -- 0x7f73181a2180 con 0x7f7318081530
2024-07-29T00:07:20.911 INFO:teuthology.orchestra.run.smithi005.stdout:/usr/bin/ceph: stderr
2024-07-29T00:07:20.051+0000 7f7317400640 1 --2- 172.21.15.5:0/1110085419 >> [v2:172.21.15.5:3300/0,v1:172.21.15.5:6789/0] conn(0x7f7318081530 0x7f73181a1c40 secure :-1 s=READY pgs=42 cs=0 l=1 rev1=1 crypto rx=0x7f73080097f0 tx=0x7f7308032e60 comp rx=0 tx=0).ready entity=mon.0 client_cookie=0 server_cookie=0 in_seq=0 out_seq=0
2024-07-29T00:07:20.911 INFO:teuthology.orchestra.run.smithi005.stdout:/usr/bin/ceph: stderr
2024-07-29T00:07:20.051+0000 7f7314c00640 1 -- 172.21.15.5:0/1110085419 <== mon.0 v2:172.21.15.5:3300/0 1 ==== mon_map magic: 0 ==== 205+0+0 (secure 0 0 0) 0x7f7308042070 con 0x7f7318081530
2024-07-29T00:07:20.911 INFO:teuthology.orchestra.run.smithi005.stdout:/usr/bin/ceph: stderr
2024-07-29T00:07:20.051+0000 7f7314c00640 1 -- 172.21.15.5:0/1110085419 <== mon.0 v2:172.21.15.5:3300/0 2 ==== config(29 keys) ==== 1178+0+0 (secure 0 0 0) 0x7f73080325f0 con 0x7f7318081530
2024-07-29T00:07:20.911 INFO:teuthology.orchestra.run.smithi005.stdout:/usr/bin/ceph: stderr
2024-07-29T00:07:20.051+0000 7f7314c00640 1 -- 172.21.15.5:0/1110085419 <== mon.0 v2:172.21.15.5:3300/0 3 ==== mon_map magic: 0 ==== 205+0+0 (secure 0 0 0) 0x7f7308037040 con 0x7f7318081530
2024-07-29T00:07:20.911 INFO:teuthology.orchestra.run.smithi005.stdout:/usr/bin/ceph: stderr
2024-07-29T00:07:20.051+0000 7f731d200640 1 -- 172.21.15.5:0/1110085419 --> [v2:172.21.15.5:3300/0,v1:172.21.15.5:6789/0] -- mon_subscribe({mgrmap=0+}) -- 0x7f73181a2410 con 0x7f7318081530
2024-07-29T00:07:20.911 INFO:teuthology.orchestra.run.smithi005.stdout:/usr/bin/ceph: stderr
2024-07-29T00:07:20.052+0000 7f731d200640 1 -- 172.21.15.5:0/1110085419 --> [v2:172.21.15.5:3300/0,v1:172.21.15.5:6789/0] -- mon_subscribe({osdmap=0}) -- 0x7f73181a5100 con 0x7f7318081530
2024-07-29T00:07:20.911 INFO:teuthology.orchestra.run.smithi005.stdout:/usr/bin/ceph: stderr
2024-07-29T00:07:20.053+0000 7f7314c00640 1 -- 172.21.15.5:0/1110085419 <== mon.0 v2:172.21.15.5:3300/0 4 ==== mgrmap(e 8) ==== 46287+0+0 (secure 0 0 0) 0x7f7308045070 con 0x7f7318081530
2024-07-29T00:07:20.911 INFO:teuthology.orchestra.run.smithi005.stdout:/usr/bin/ceph: stderr
2024-07-29T00:07:20.053+0000 7f731d200640 1 -- 172.21.15.5:0/1110085419 --> [v2:172.21.15.5:3300/0,v1:172.21.15.5:6789/0] -- mon_command({"prefix": "get_command_descriptions"} v 0) -- 0x7f73180819b0 con 0x7f7318081530
2024-07-29T00:07:20.913 INFO:teuthology.orchestra.run.smithi005.stdout:/usr/bin/ceph: stderr
2024-07-29T00:07:20.053+0000 7f7314c00640 1 --2- 172.21.15.5:0/1110085419 >> [v2:172.21.15.5:6800/1246422079,v1:172.21.15.5:6801/1246422079] conn(0x7f72fc038f70 0x7f72fc03b430 unknown :-1 s=NONE pgs=0 cs=0 l=1 rev1=0 crypto rx=0 tx=0 comp rx=0 tx=0).connect
2024-07-29T00:07:20.914 INFO:teuthology.orchestra.run.smithi005.stdout:/usr/bin/ceph: stderr
2024-07-29T00:07:20.053+0000 7f7314c00640 1 -- 172.21.15.5:0/1110085419 <== mon.0 v2:172.21.15.5:3300/0 5 ==== osd_map(2..2 src has 1..2) ==== 940+0+0 (secure 0 0 0) 0x7f730806bfe0 con 0x7f7318081530
2024-07-29T00:07:20.914 INFO:teuthology.orchestra.run.smithi005.stdout:/usr/bin/ceph: stderr
2024-07-29T00:07:20.054+0000 7f730ea00640 1 --2- 172.21.15.5:0/1110085419 >> [v2:172.21.15.5:6800/1246422079,v1:172.21.15.5:6801/1246422079] conn(0x7f72fc038f70 0x7f72fc03b430 unknown :-1 s=BANNER_CONNECTING pgs=0 cs=0 l=1 rev1=0 crypto rx=0 tx=0 comp rx=0 tx=0)._handle_peer_banner_payload supported=3 required=0
2024-07-29T00:07:20.914 INFO:teuthology.orchestra.run.smithi005.stdout:/usr/bin/ceph: stderr
2024-07-29T00:07:20.054+0000 7f730ea00640 1 --2- 172.21.15.5:0/1110085419 >> [v2:172.21.15.5:6800/1246422079,v1:172.21.15.5:6801/1246422079] conn(0x7f72fc038f70 0x7f72fc03b430 secure :-1 s=READY pgs=10 cs=0 l=1 rev1=1 crypto rx=0x7f730000ad30 tx=0x7f73000093f0 comp rx=0 tx=0).ready entity=mgr.14118 client_cookie=0 server_cookie=0 in_seq=0 out_seq=0
2024-07-29T00:07:20.914 INFO:teuthology.orchestra.run.smithi005.stdout:/usr/bin/ceph: stderr
2024-07-29T00:07:20.060+0000 7f7314c00640 1 -- 172.21.15.5:0/1110085419 <== mon.0 v2:172.21.15.5:3300/0 6 ==== mon_command_ack([{"prefix": "get_command_descriptions"}]=0 v0) ==== 72+0+187871 (secure 0 0 0) 0x7f730804b170 con 0x7f7318081530
2024-07-29T00:07:20.914 INFO:teuthology.orchestra.run.smithi005.stdout:/usr/bin/ceph: stderr
2024-07-29T00:07:20.255+0000 7f731d200640 1 -- 172.21.15.5:0/1110085419 --> [v2:172.21.15.5:6800/1246422079,v1:172.21.15.5:6801/1246422079] -- mgr_command(tid 0: {"prefix": "cephadm get-pub-key", "target": ["mon-mgr", ""]}) -- 0x7f731807e170 con 0x7f72fc038f70
2024-07-29T00:07:20.914 INFO:teuthology.orchestra.run.smithi005.stdout:/usr/bin/ceph: stderr
2024-07-29T00:07:20.256+0000 7f7314c00640 1 -- 172.21.15.5:0/1110085419 <== mgr.14118 v2:172.21.15.5:6800/1246422079 1 ==== mgr_command_reply(tid 0: 0 ) ==== 8+0+595 (secure 0 0 0) 0x7f731807e170 con 0x7f72fc038f70
2024-07-29T00:07:20.914 INFO:teuthology.orchestra.run.smithi005.stdout:/usr/bin/ceph: stderr
2024-07-29T00:07:20.259+0000 7f731d200640 1 -- 172.21.15.5:0/1110085419 >> [v2:172.21.15.5:6800/1246422079,v1:172.21.15.5:6801/1246422079] conn(0x7f72fc038f70 msgr2=0x7f72fc03b430 secure :-1 s=STATE_CONNECTION_ESTABLISHED l=1).mark_down
2024-07-29T00:07:20.914 INFO:teuthology.orchestra.run.smithi005.stdout:/usr/bin/ceph: stderr
2024-07-29T00:07:20.259+0000 7f731d200640 1 --2- 172.21.15.5:0/1110085419 >> [v2:172.21.15.5:6800/1246422079,v1:172.21.15.5:6801/1246422079] conn(0x7f72fc038f70 0x7f72fc03b430 secure :-1 s=READY pgs=10 cs=0 l=1 rev1=1 crypto rx=0x7f730000ad30 tx=0x7f73000093f0 comp rx=0 tx=0).stop
2024-07-29T00:07:20.914 INFO:teuthology.orchestra.run.smithi005.stdout:/usr/bin/ceph: stderr
2024-07-29T00:07:20.259+0000 7f731d200640 1 -- 172.21.15.5:0/1110085419 >> [v2:172.21.15.5:3300/0,v1:172.21.15.5:6789/0] conn(0x7f7318081530 msgr2=0x7f73181a1c40 secure :-1 s=STATE_CONNECTION_ESTABLISHED l=1).mark_down
2024-07-29T00:07:20.914 INFO:teuthology.orchestra.run.smithi005.stdout:/usr/bin/ceph: stderr
2024-07-29T00:07:20.259+0000 7f731d200640 1 --2- 172.21.15.5:0/1110085419 >> [v2:172.21.15.5:3300/0,v1:172.21.15.5:6789/0] conn(0x7f7318081530 0x7f73181a1c40 secure :-1 s=READY pgs=42 cs=0 l=1 rev1=1 crypto rx=0x7f73080097f0 tx=0x7f7308032e60 comp rx=0 tx=0).stop
2024-07-29T00:07:20.914 INFO:teuthology.orchestra.run.smithi005.stdout:/usr/bin/ceph: stderr
2024-07-29T00:07:20.260+0000 7f731d200640 1 -- 172.21.15.5:0/1110085419 shutdown_connections
2024-07-29T00:07:20.915 INFO:teuthology.orchestra.run.smithi005.stdout:/usr/bin/ceph: stderr
2024-07-29T00:07:20.260+0000 7f731d200640 1 --2- 172.21.15.5:0/1110085419 >> [v2:172.21.15.5:6800/1246422079,v1:172.21.15.5:6801/1246422079] conn(0x7f72fc038f70 0x7f72fc03b430 unknown :-1 s=CLOSED pgs=10 cs=0 l=1 rev1=1 crypto rx=0 tx=0 comp rx=0 tx=0).stop
2024-07-29T00:07:20.915 INFO:teuthology.orchestra.run.smithi005.stdout:/usr/bin/ceph: stderr
2024-07-29T00:07:20.260+0000 7f731d200640 1 --2- 172.21.15.5:0/1110085419 >> [v2:172.21.15.5:3300/0,v1:172.21.15.5:6789/0] conn(0x7f7318081530 0x7f73181a1c40 unknown :-1 s=CLOSED pgs=42 cs=0 l=1 rev1=1 crypto rx=0 tx=0 comp rx=0 tx=0).stop
2024-07-29T00:07:20.915 INFO:teuthology.orchestra.run.smithi005.stdout:/usr/bin/ceph: stderr
2024-07-29T00:07:20.260+0000 7f731d200640 1 -- 172.21.15.5:0/1110085419 >> 172.21.15.5:0/1110085419 conn(0x7f731807ce50 msgr2=0x7f731807da60 unknown :-1 s=STATE_NONE l=0).mark_down
2024-07-29T00:07:20.915 INFO:teuthology.orchestra.run.smithi005.stdout:/usr/bin/ceph: stderr
2024-07-29T00:07:20.260+0000 7f731d200640 1 -- 172.21.15.5:0/1110085419 shutdown_connections
2024-07-29T00:07:20.915 INFO:teuthology.orchestra.run.smithi005.stdout:/usr/bin/ceph: stderr
2024-07-29T00:07:20.260+0000 7f731d200640 1 -- 172.21.15.5:0/1110085419 wait complete.
2024-07-29T00:07:20.915 INFO:teuthology.orchestra.run.smithi005.stdout:Wrote public SSH key to /home/ubuntu/cephtest/ceph.pub
2024-07-29T00:07:20.915 INFO:teuthology.orchestra.run.smithi005.stdout:Adding key to root@localhost authorized_keys...
2024-07-29T00:07:20.915 INFO:teuthology.orchestra.run.smithi005.stdout:Adding host smithi005...
2024-07-29T00:07:21.209 INFO:journalctl@ceph.mon.a.smithi005.stdout:Jul 29 00:07:21 smithi005 ceph-mon[32301]: from='client.14136 -' entity='client.admin' cmd=[{"prefix": "cephadm get-pub-key", "target": ["mon-mgr", ""]}]: dispatch
2024-07-29T00:07:22.250 INFO:journalctl@ceph.mon.a.smithi005.stdout:Jul 29 00:07:22 smithi005 ceph-mon[32301]: from='client.14138 -' entity='client.admin' cmd=[{"prefix": "orch host add", "hostname": "smithi005", "addr": "172.21.15.5", "target": ["mon-mgr", ""]}]: dispatch
2024-07-29T00:07:24.460 INFO:journalctl@ceph.mon.a.smithi005.stdout:Jul 29 00:07:24 smithi005 ceph-mon[32301]: Deploying cephadm binary to smithi005
2024-07-29T00:07:28.114 INFO:teuthology.orchestra.run.smithi005.stdout:/usr/bin/ceph: stdout Added host 'smithi005' with addr '172.21.15.5'
2024-07-29T00:07:28.115 INFO:teuthology.orchestra.run.smithi005.stdout:/usr/bin/ceph: stderr
2024-07-29T00:07:21.545+0000 7f1bdf200640 1 Processor -- start
2024-07-29T00:07:28.115 INFO:teuthology.orchestra.run.smithi005.stdout:/usr/bin/ceph: stderr
2024-07-29T00:07:21.546+0000 7f1bdf200640 1 -- start start
2024-07-29T00:07:28.115 INFO:teuthology.orchestra.run.smithi005.stdout:/usr/bin/ceph: stderr
2024-07-29T00:07:21.546+0000 7f1bdf200640 1 --2- >> [v2:172.21.15.5:3300/0,v1:172.21.15.5:6789/0] conn(0x7f1be0081530 0x7f1be0081930 unknown :-1 s=NONE pgs=0 cs=0 l=0 rev1=0 crypto rx=0 tx=0 comp rx=0 tx=0).connect
2024-07-29T00:07:28.115 INFO:teuthology.orchestra.run.smithi005.stdout:/usr/bin/ceph: stderr
2024-07-29T00:07:21.546+0000 7f1bdf200640 1 -- --> [v2:172.21.15.5:3300/0,v1:172.21.15.5:6789/0] -- mon_getmap magic: 0 -- 0x7f1be0081f00 con 0x7f1be0081530
2024-07-29T00:07:28.115 INFO:teuthology.orchestra.run.smithi005.stdout:/usr/bin/ceph: stderr
2024-07-29T00:07:21.547+0000 7f1bdde00640 1 --2- >> [v2:172.21.15.5:3300/0,v1:172.21.15.5:6789/0] conn(0x7f1be0081530 0x7f1be0081930 unknown :-1 s=BANNER_CONNECTING pgs=0 cs=0 l=0 rev1=0 crypto rx=0 tx=0 comp rx=0 tx=0)._handle_peer_banner_payload supported=3 required=0
2024-07-29T00:07:28.115 INFO:teuthology.orchestra.run.smithi005.stdout:/usr/bin/ceph: stderr
2024-07-29T00:07:21.547+0000 7f1bdde00640 1 --2- >> [v2:172.21.15.5:3300/0,v1:172.21.15.5:6789/0] conn(0x7f1be0081530 0x7f1be0081930 unknown :-1 s=HELLO_CONNECTING pgs=0 cs=0 l=0 rev1=1 crypto rx=0 tx=0 comp rx=0 tx=0).handle_hello peer v2:172.21.15.5:3300/0 says I am v2:172.21.15.5:54380/0 (socket says 172.21.15.5:54380)
2024-07-29T00:07:28.115 INFO:teuthology.orchestra.run.smithi005.stdout:/usr/bin/ceph: stderr
2024-07-29T00:07:21.547+0000 7f1bdde00640 1 -- 172.21.15.5:0/4106474523 learned_addr learned my addr 172.21.15.5:0/4106474523 (peer_addr_for_me v2:172.21.15.5:0/0)
2024-07-29T00:07:28.115 INFO:teuthology.orchestra.run.smithi005.stdout:/usr/bin/ceph: stderr
2024-07-29T00:07:21.547+0000 7f1bdde00640 1 -- 172.21.15.5:0/4106474523 --> [v2:172.21.15.5:3300/0,v1:172.21.15.5:6789/0] -- mon_subscribe({config=0+,monmap=0+}) -- 0x7f1be010ed40 con 0x7f1be0081530
2024-07-29T00:07:28.115 INFO:teuthology.orchestra.run.smithi005.stdout:/usr/bin/ceph: stderr
2024-07-29T00:07:21.549+0000 7f1bdde00640 1 --2- 172.21.15.5:0/4106474523 >> [v2:172.21.15.5:3300/0,v1:172.21.15.5:6789/0] conn(0x7f1be0081530 0x7f1be0081930 secure :-1 s=READY pgs=43 cs=0 l=1 rev1=1 crypto rx=0x7f1bd0009820 tx=0x7f1bd002a270 comp rx=0 tx=0).ready entity=mon.0 client_cookie=ac42c95af85a8331 server_cookie=0 in_seq=0 out_seq=0
2024-07-29T00:07:28.115 INFO:teuthology.orchestra.run.smithi005.stdout:/usr/bin/ceph: stderr
2024-07-29T00:07:21.549+0000 7f1bdd400640 1 -- 172.21.15.5:0/4106474523 <== mon.0 v2:172.21.15.5:3300/0 1 ==== mon_map magic: 0 ==== 205+0+0 (secure 0 0 0) 0x7f1bd0037070 con 0x7f1be0081530
2024-07-29T00:07:28.116 INFO:teuthology.orchestra.run.smithi005.stdout:/usr/bin/ceph: stderr
2024-07-29T00:07:21.550+0000 7f1bdd400640 1 -- 172.21.15.5:0/4106474523 <== mon.0 v2:172.21.15.5:3300/0 2 ==== config(29 keys) ==== 1178+0+0 (secure 0 0 0) 0x7f1bd0032940 con 0x7f1be0081530
2024-07-29T00:07:28.116 INFO:teuthology.orchestra.run.smithi005.stdout:/usr/bin/ceph: stderr
2024-07-29T00:07:21.550+0000 7f1bdd400640 1 -- 172.21.15.5:0/4106474523 <== mon.0 v2:172.21.15.5:3300/0 3 ==== mon_map magic: 0 ==== 205+0+0 (secure 0 0 0) 0x7f1bd00309c0 con 0x7f1be0081530
2024-07-29T00:07:28.116 INFO:teuthology.orchestra.run.smithi005.stdout:/usr/bin/ceph: stderr
2024-07-29T00:07:21.550+0000 7f1bdf200640 1 -- 172.21.15.5:0/4106474523 >> [v2:172.21.15.5:3300/0,v1:172.21.15.5:6789/0] conn(0x7f1be0081530 msgr2=0x7f1be0081930 secure :-1 s=STATE_CONNECTION_ESTABLISHED l=1).mark_down
2024-07-29T00:07:28.116 INFO:teuthology.orchestra.run.smithi005.stdout:/usr/bin/ceph: stderr
2024-07-29T00:07:21.550+0000 7f1bdf200640 1 --2- 172.21.15.5:0/4106474523 >> [v2:172.21.15.5:3300/0,v1:172.21.15.5:6789/0] conn(0x7f1be0081530 0x7f1be0081930 secure :-1 s=READY pgs=43 cs=0 l=1 rev1=1 crypto rx=0x7f1bd0009820 tx=0x7f1bd002a270 comp rx=0 tx=0).stop
2024-07-29T00:07:28.116 INFO:teuthology.orchestra.run.smithi005.stdout:/usr/bin/ceph: stderr
2024-07-29T00:07:21.550+0000 7f1bdf200640 1 -- 172.21.15.5:0/4106474523 shutdown_connections
2024-07-29T00:07:28.116 INFO:teuthology.orchestra.run.smithi005.stdout:/usr/bin/ceph: stderr
2024-07-29T00:07:21.550+0000 7f1bdf200640 1 --2- 172.21.15.5:0/4106474523 >> [v2:172.21.15.5:3300/0,v1:172.21.15.5:6789/0] conn(0x7f1be0081530 0x7f1be0081930 unknown :-1 s=CLOSED pgs=43 cs=0 l=1 rev1=1 crypto rx=0 tx=0 comp rx=0 tx=0).stop
2024-07-29T00:07:28.116 INFO:teuthology.orchestra.run.smithi005.stdout:/usr/bin/ceph: stderr
2024-07-29T00:07:21.550+0000 7f1bdf200640 1 -- 172.21.15.5:0/4106474523 >> 172.21.15.5:0/4106474523 conn(0x7f1be007ce50 msgr2=0x7f1be007f270 unknown :-1 s=STATE_NONE l=0).mark_down
2024-07-29T00:07:28.116 INFO:teuthology.orchestra.run.smithi005.stdout:/usr/bin/ceph: stderr
2024-07-29T00:07:21.550+0000 7f1bdf200640 1 -- 172.21.15.5:0/4106474523 shutdown_connections
2024-07-29T00:07:28.116 INFO:teuthology.orchestra.run.smithi005.stdout:/usr/bin/ceph: stderr
2024-07-29T00:07:21.551+0000 7f1bdf200640 1 -- 172.21.15.5:0/4106474523 wait complete.
2024-07-29T00:07:28.116 INFO:teuthology.orchestra.run.smithi005.stdout:/usr/bin/ceph: stderr
2024-07-29T00:07:21.552+0000 7f1bdf200640 1 Processor -- start
2024-07-29T00:07:28.116 INFO:teuthology.orchestra.run.smithi005.stdout:/usr/bin/ceph: stderr
2024-07-29T00:07:21.552+0000 7f1bdf200640 1 -- start start
2024-07-29T00:07:28.116 INFO:teuthology.orchestra.run.smithi005.stdout:/usr/bin/ceph: stderr
2024-07-29T00:07:21.552+0000 7f1bdf200640 1 --2- >> [v2:172.21.15.5:3300/0,v1:172.21.15.5:6789/0] conn(0x7f1be01a1de0 0x7f1be01a2200 unknown :-1 s=NONE pgs=0 cs=0 l=1 rev1=0 crypto rx=0 tx=0 comp rx=0 tx=0).connect
2024-07-29T00:07:28.117 INFO:teuthology.orchestra.run.smithi005.stdout:/usr/bin/ceph: stderr
2024-07-29T00:07:21.552+0000 7f1bdf200640 1 -- --> [v2:172.21.15.5:3300/0,v1:172.21.15.5:6789/0] -- mon_getmap magic: 0 -- 0x7f1be01120f0 con 0x7f1be01a1de0
2024-07-29T00:07:28.117 INFO:teuthology.orchestra.run.smithi005.stdout:/usr/bin/ceph: stderr
2024-07-29T00:07:21.552+0000 7f1bdde00640 1 --2- >> [v2:172.21.15.5:3300/0,v1:172.21.15.5:6789/0] conn(0x7f1be01a1de0 0x7f1be01a2200 unknown :-1 s=BANNER_CONNECTING pgs=0 cs=0 l=1 rev1=0 crypto rx=0 tx=0 comp rx=0 tx=0)._handle_peer_banner_payload supported=3 required=0
2024-07-29T00:07:28.117 INFO:teuthology.orchestra.run.smithi005.stdout:/usr/bin/ceph: stderr
2024-07-29T00:07:21.552+0000 7f1bdde00640 1 --2- >> [v2:172.21.15.5:3300/0,v1:172.21.15.5:6789/0] conn(0x7f1be01a1de0 0x7f1be01a2200 unknown :-1 s=HELLO_CONNECTING pgs=0 cs=0 l=1 rev1=1 crypto rx=0 tx=0 comp rx=0 tx=0).handle_hello peer v2:172.21.15.5:3300/0 says I am v2:172.21.15.5:54386/0 (socket says 172.21.15.5:54386)
2024-07-29T00:07:28.117 INFO:teuthology.orchestra.run.smithi005.stdout:/usr/bin/ceph: stderr
2024-07-29T00:07:21.552+0000 7f1bdde00640 1 -- 172.21.15.5:0/2082729548 learned_addr learned my addr 172.21.15.5:0/2082729548 (peer_addr_for_me v2:172.21.15.5:0/0)
2024-07-29T00:07:28.117 INFO:teuthology.orchestra.run.smithi005.stdout:/usr/bin/ceph: stderr
2024-07-29T00:07:21.553+0000 7f1bdde00640 1 -- 172.21.15.5:0/2082729548 --> [v2:172.21.15.5:3300/0,v1:172.21.15.5:6789/0] -- mon_subscribe({config=0+,monmap=0+}) -- 0x7f1be01a2740 con 0x7f1be01a1de0
2024-07-29T00:07:28.117 INFO:teuthology.orchestra.run.smithi005.stdout:/usr/bin/ceph: stderr
2024-07-29T00:07:21.553+0000 7f1bdde00640 1 --2- 172.21.15.5:0/2082729548 >> [v2:172.21.15.5:3300/0,v1:172.21.15.5:6789/0] conn(0x7f1be01a1de0 0x7f1be01a2200 secure :-1 s=READY pgs=44 cs=0 l=1 rev1=1 crypto rx=0x7f1bd002a860 tx=0x7f1bd0032e40 comp rx=0 tx=0).ready entity=mon.0 client_cookie=0 server_cookie=0 in_seq=0 out_seq=0
2024-07-29T00:07:28.117 INFO:teuthology.orchestra.run.smithi005.stdout:/usr/bin/ceph: stderr
2024-07-29T00:07:21.553+0000 7f1bd6a00640 1 -- 172.21.15.5:0/2082729548 <== mon.0 v2:172.21.15.5:3300/0 1 ==== mon_map magic: 0 ==== 205+0+0 (secure 0 0 0) 0x7f1bd0037050 con 0x7f1be01a1de0
2024-07-29T00:07:28.117 INFO:teuthology.orchestra.run.smithi005.stdout:/usr/bin/ceph: stderr
2024-07-29T00:07:21.554+0000 7f1bd6a00640 1 -- 172.21.15.5:0/2082729548 <== mon.0 v2:172.21.15.5:3300/0 2 ==== config(29 keys) ==== 1178+0+0 (secure 0 0 0) 0x7f1bd0043070 con 0x7f1be01a1de0
2024-07-29T00:07:28.117 INFO:teuthology.orchestra.run.smithi005.stdout:/usr/bin/ceph: stderr
2024-07-29T00:07:21.554+0000 7f1bd6a00640 1 -- 172.21.15.5:0/2082729548 <== mon.0 v2:172.21.15.5:3300/0 3 ==== mon_map magic: 0 ==== 205+0+0 (secure 0 0 0) 0x7f1bd003c790 con 0x7f1be01a1de0
2024-07-29T00:07:28.117 INFO:teuthology.orchestra.run.smithi005.stdout:/usr/bin/ceph: stderr
2024-07-29T00:07:21.554+0000 7f1bdf200640 1 -- 172.21.15.5:0/2082729548 --> [v2:172.21.15.5:3300/0,v1:172.21.15.5:6789/0] -- mon_subscribe({mgrmap=0+}) -- 0x7f1be01a29d0 con 0x7f1be01a1de0
2024-07-29T00:07:28.117 INFO:teuthology.orchestra.run.smithi005.stdout:/usr/bin/ceph: stderr
2024-07-29T00:07:21.554+0000 7f1bdf200640 1 -- 172.21.15.5:0/2082729548 --> [v2:172.21.15.5:3300/0,v1:172.21.15.5:6789/0] -- mon_subscribe({osdmap=0}) -- 0x7f1be01a54b0 con 0x7f1be01a1de0
2024-07-29T00:07:28.117 INFO:teuthology.orchestra.run.smithi005.stdout:/usr/bin/ceph: stderr
2024-07-29T00:07:21.555+0000 7f1bd6a00640 1 -- 172.21.15.5:0/2082729548 <== mon.0 v2:172.21.15.5:3300/0 4 ==== mgrmap(e 8) ==== 46287+0+0 (secure 0 0 0) 0x7f1bd003e450 con 0x7f1be01a1de0
2024-07-29T00:07:28.118 INFO:teuthology.orchestra.run.smithi005.stdout:/usr/bin/ceph: stderr
2024-07-29T00:07:21.555+0000 7f1bdf200640 1 -- 172.21.15.5:0/2082729548 --> [v2:172.21.15.5:3300/0,v1:172.21.15.5:6789/0] -- mon_command({"prefix": "get_command_descriptions"} v 0) -- 0x7f1be0081930 con 0x7f1be01a1de0
2024-07-29T00:07:28.118 INFO:teuthology.orchestra.run.smithi005.stdout:/usr/bin/ceph: stderr
2024-07-29T00:07:21.555+0000 7f1bd6a00640 1 --2- 172.21.15.5:0/2082729548 >> [v2:172.21.15.5:6800/1246422079,v1:172.21.15.5:6801/1246422079] conn(0x7f1bc4038fc0 0x7f1bc403b480 unknown :-1 s=NONE pgs=0 cs=0 l=1 rev1=0 crypto rx=0 tx=0 comp rx=0 tx=0).connect
2024-07-29T00:07:28.118 INFO:teuthology.orchestra.run.smithi005.stdout:/usr/bin/ceph: stderr
2024-07-29T00:07:21.555+0000 7f1bd6a00640 1 -- 172.21.15.5:0/2082729548 <== mon.0 v2:172.21.15.5:3300/0 5 ==== osd_map(2..2 src has 1..2) ==== 940+0+0 (secure 0 0 0) 0x7f1bd006ce40 con 0x7f1be01a1de0
2024-07-29T00:07:28.118 INFO:teuthology.orchestra.run.smithi005.stdout:/usr/bin/ceph: stderr
2024-07-29T00:07:21.556+0000 7f1bd7e00640 1 --2- 172.21.15.5:0/2082729548 >> [v2:172.21.15.5:6800/1246422079,v1:172.21.15.5:6801/1246422079] conn(0x7f1bc4038fc0 0x7f1bc403b480 unknown :-1 s=BANNER_CONNECTING pgs=0 cs=0 l=1 rev1=0 crypto rx=0 tx=0 comp rx=0 tx=0)._handle_peer_banner_payload supported=3 required=0
2024-07-29T00:07:28.118 INFO:teuthology.orchestra.run.smithi005.stdout:/usr/bin/ceph: stderr
2024-07-29T00:07:21.556+0000 7f1bd7e00640 1 --2- 172.21.15.5:0/2082729548 >> [v2:172.21.15.5:6800/1246422079,v1:172.21.15.5:6801/1246422079] conn(0x7f1bc4038fc0 0x7f1bc403b480 secure :-1 s=READY pgs=11 cs=0 l=1 rev1=1 crypto rx=0x7f1bc80098c0 tx=0x7f1bc8006db0 comp rx=0 tx=0).ready entity=mgr.14118 client_cookie=0 server_cookie=0 in_seq=0 out_seq=0
2024-07-29T00:07:28.118 INFO:teuthology.orchestra.run.smithi005.stdout:/usr/bin/ceph: stderr
2024-07-29T00:07:21.561+0000 7f1bd6a00640 1 -- 172.21.15.5:0/2082729548 <== mon.0 v2:172.21.15.5:3300/0 6 ==== mon_command_ack([{"prefix": "get_command_descriptions"}]=0 v0) ==== 72+0+187871 (secure 0 0 0) 0x7f1bd0046360 con 0x7f1be01a1de0
2024-07-29T00:07:28.118 INFO:teuthology.orchestra.run.smithi005.stdout:/usr/bin/ceph: stderr
2024-07-29T00:07:21.759+0000 7f1bdf200640 1 -- 172.21.15.5:0/2082729548 --> [v2:172.21.15.5:6800/1246422079,v1:172.21.15.5:6801/1246422079] -- mgr_command(tid 0: {"prefix": "orch host add", "hostname": "smithi005", "addr": "172.21.15.5", "target": ["mon-mgr", ""]}) -- 0x7f1be007e1f0 con 0x7f1bc4038fc0
2024-07-29T00:07:28.118 INFO:teuthology.orchestra.run.smithi005.stdout:/usr/bin/ceph: stderr
2024-07-29T00:07:27.432+0000 7f1bd6a00640 1 -- 172.21.15.5:0/2082729548 <== mgr.14118 v2:172.21.15.5:6800/1246422079 1 ==== mgr_command_reply(tid 0: 0 ) ==== 8+0+47 (secure 0 0 0) 0x7f1be007e1f0 con 0x7f1bc4038fc0
2024-07-29T00:07:28.118 INFO:teuthology.orchestra.run.smithi005.stdout:/usr/bin/ceph: stderr
2024-07-29T00:07:27.436+0000 7f1bdf200640 1 -- 172.21.15.5:0/2082729548 >> [v2:172.21.15.5:6800/1246422079,v1:172.21.15.5:6801/1246422079] conn(0x7f1bc4038fc0 msgr2=0x7f1bc403b480 secure :-1 s=STATE_CONNECTION_ESTABLISHED l=1).mark_down
2024-07-29T00:07:28.118 INFO:teuthology.orchestra.run.smithi005.stdout:/usr/bin/ceph: stderr
2024-07-29T00:07:27.436+0000 7f1bdf200640 1 --2- 172.21.15.5:0/2082729548 >> [v2:172.21.15.5:6800/1246422079,v1:172.21.15.5:6801/1246422079] conn(0x7f1bc4038fc0 0x7f1bc403b480 secure :-1 s=READY pgs=11 cs=0 l=1 rev1=1 crypto rx=0x7f1bc80098c0 tx=0x7f1bc8006db0 comp rx=0 tx=0).stop
2024-07-29T00:07:28.118 INFO:teuthology.orchestra.run.smithi005.stdout:/usr/bin/ceph: stderr
2024-07-29T00:07:27.436+0000 7f1bdf200640 1 -- 172.21.15.5:0/2082729548 >> [v2:172.21.15.5:3300/0,v1:172.21.15.5:6789/0] conn(0x7f1be01a1de0 msgr2=0x7f1be01a2200 secure :-1 s=STATE_CONNECTION_ESTABLISHED l=1).mark_down
2024-07-29T00:07:28.119 INFO:teuthology.orchestra.run.smithi005.stdout:/usr/bin/ceph: stderr
2024-07-29T00:07:27.436+0000 7f1bdf200640 1 --2- 172.21.15.5:0/2082729548 >> [v2:172.21.15.5:3300/0,v1:172.21.15.5:6789/0] conn(0x7f1be01a1de0 0x7f1be01a2200 secure :-1 s=READY pgs=44 cs=0 l=1 rev1=1 crypto rx=0x7f1bd002a860 tx=0x7f1bd0032e40 comp rx=0 tx=0).stop
2024-07-29T00:07:28.119 INFO:teuthology.orchestra.run.smithi005.stdout:/usr/bin/ceph: stderr
2024-07-29T00:07:27.436+0000 7f1bdf200640 1 -- 172.21.15.5:0/2082729548 shutdown_connections
2024-07-29T00:07:28.119 INFO:teuthology.orchestra.run.smithi005.stdout:/usr/bin/ceph: stderr
2024-07-29T00:07:27.436+0000 7f1bdf200640 1 --2- 172.21.15.5:0/2082729548 >> [v2:172.21.15.5:6800/1246422079,v1:172.21.15.5:6801/1246422079] conn(0x7f1bc4038fc0 0x7f1bc403b480 unknown :-1 s=CLOSED pgs=11 cs=0 l=1 rev1=1 crypto rx=0 tx=0 comp rx=0 tx=0).stop
2024-07-29T00:07:28.119 INFO:teuthology.orchestra.run.smithi005.stdout:/usr/bin/ceph: stderr
2024-07-29T00:07:27.436+0000 7f1bdf200640 1 --2- 172.21.15.5:0/2082729548 >> [v2:172.21.15.5:3300/0,v1:172.21.15.5:6789/0] conn(0x7f1be01a1de0 0x7f1be01a2200 unknown :-1 s=CLOSED pgs=44 cs=0 l=1 rev1=1 crypto rx=0 tx=0 comp rx=0 tx=0).stop
2024-07-29T00:07:28.119 INFO:teuthology.orchestra.run.smithi005.stdout:/usr/bin/ceph: stderr
2024-07-29T00:07:27.436+0000 7f1bdf200640 1 -- 172.21.15.5:0/2082729548 >> 172.21.15.5:0/2082729548 conn(0x7f1be007ce50 msgr2=0x7f1be007dae0 unknown :-1 s=STATE_NONE l=0).mark_down
2024-07-29T00:07:28.119 INFO:teuthology.orchestra.run.smithi005.stdout:/usr/bin/ceph: stderr
2024-07-29T00:07:27.437+0000 7f1bdf200640 1 -- 172.21.15.5:0/2082729548 shutdown_connections
2024-07-29T00:07:28.119 INFO:teuthology.orchestra.run.smithi005.stdout:/usr/bin/ceph: stderr
2024-07-29T00:07:27.437+0000 7f1bdf200640 1 -- 172.21.15.5:0/2082729548 wait complete.
2024-07-29T00:07:28.119 INFO:teuthology.orchestra.run.smithi005.stdout:Deploying unmanaged mon service...
2024-07-29T00:07:28.689 INFO:journalctl@ceph.mon.a.smithi005.stdout:Jul 29 00:07:28 smithi005 ceph-mon[32301]: from='mgr.14118 172.21.15.5:0/1470957390' entity='mgr.x'
2024-07-29T00:07:28.690 INFO:journalctl@ceph.mon.a.smithi005.stdout:Jul 29 00:07:28 smithi005 ceph-mon[32301]: Added host smithi005
2024-07-29T00:07:28.690 INFO:journalctl@ceph.mon.a.smithi005.stdout:Jul 29 00:07:28 smithi005 ceph-mon[32301]: from='mgr.14118 172.21.15.5:0/1470957390' entity='mgr.x' cmd=[{"prefix": "config dump", "format": "json"}]: dispatch
2024-07-29T00:07:29.670 INFO:teuthology.orchestra.run.smithi005.stdout:/usr/bin/ceph: stdout Scheduled mon update...
2024-07-29T00:07:29.670 INFO:teuthology.orchestra.run.smithi005.stdout:/usr/bin/ceph: stderr
2024-07-29T00:07:28.689+0000 7f1f5b200640 1 Processor -- start
2024-07-29T00:07:29.671 INFO:teuthology.orchestra.run.smithi005.stdout:/usr/bin/ceph: stderr
2024-07-29T00:07:28.690+0000 7f1f5b200640 1 -- start start
2024-07-29T00:07:29.671 INFO:teuthology.orchestra.run.smithi005.stdout:/usr/bin/ceph: stderr
2024-07-29T00:07:28.690+0000 7f1f5b200640 1 --2- >> [v2:172.21.15.5:3300/0,v1:172.21.15.5:6789/0] conn(0x7f1f5c1097e0 0x7f1f5c109be0 unknown :-1 s=NONE pgs=0 cs=0 l=0 rev1=0 crypto rx=0 tx=0 comp rx=0 tx=0).connect
2024-07-29T00:07:29.671 INFO:teuthology.orchestra.run.smithi005.stdout:/usr/bin/ceph: stderr
2024-07-29T00:07:28.690+0000 7f1f5b200640 1 -- --> [v2:172.21.15.5:3300/0,v1:172.21.15.5:6789/0] -- mon_getmap magic: 0 -- 0x7f1f5c10a1b0 con 0x7f1f5c1097e0
2024-07-29T00:07:29.671 INFO:teuthology.orchestra.run.smithi005.stdout:/usr/bin/ceph: stderr
2024-07-29T00:07:28.690+0000 7f1f59e00640 1 --2- >> [v2:172.21.15.5:3300/0,v1:172.21.15.5:6789/0] conn(0x7f1f5c1097e0 0x7f1f5c109be0 unknown :-1 s=BANNER_CONNECTING pgs=0 cs=0 l=0 rev1=0 crypto rx=0 tx=0 comp rx=0 tx=0)._handle_peer_banner_payload supported=3 required=0
2024-07-29T00:07:29.671 INFO:teuthology.orchestra.run.smithi005.stdout:/usr/bin/ceph: stderr
2024-07-29T00:07:28.690+0000 7f1f59e00640 1 --2- >> [v2:172.21.15.5:3300/0,v1:172.21.15.5:6789/0] conn(0x7f1f5c1097e0 0x7f1f5c109be0 unknown :-1 s=HELLO_CONNECTING pgs=0 cs=0 l=0 rev1=1 crypto rx=0 tx=0 comp rx=0 tx=0).handle_hello peer v2:172.21.15.5:3300/0 says I am v2:172.21.15.5:38328/0 (socket says 172.21.15.5:38328)
2024-07-29T00:07:29.672 INFO:teuthology.orchestra.run.smithi005.stdout:/usr/bin/ceph: stderr
2024-07-29T00:07:28.690+0000 7f1f59e00640 1 -- 172.21.15.5:0/3080927541 learned_addr learned my addr 172.21.15.5:0/3080927541 (peer_addr_for_me v2:172.21.15.5:0/0)
2024-07-29T00:07:29.672 INFO:teuthology.orchestra.run.smithi005.stdout:/usr/bin/ceph: stderr
2024-07-29T00:07:28.691+0000 7f1f59e00640 1 -- 172.21.15.5:0/3080927541 --> [v2:172.21.15.5:3300/0,v1:172.21.15.5:6789/0] -- mon_subscribe({config=0+,monmap=0+}) -- 0x7f1f5c10a920 con 0x7f1f5c1097e0
2024-07-29T00:07:29.672 INFO:teuthology.orchestra.run.smithi005.stdout:/usr/bin/ceph: stderr
2024-07-29T00:07:28.692+0000 7f1f59e00640 1 --2- 172.21.15.5:0/3080927541 >> [v2:172.21.15.5:3300/0,v1:172.21.15.5:6789/0] conn(0x7f1f5c1097e0 0x7f1f5c109be0 secure :-1 s=READY pgs=45 cs=0 l=1 rev1=1 crypto rx=0x7f1f4c009820 tx=0x7f1f4c02a270 comp rx=0 tx=0).ready entity=mon.0 client_cookie=6a157221a39bd73e server_cookie=0 in_seq=0 out_seq=0
2024-07-29T00:07:29.672 INFO:teuthology.orchestra.run.smithi005.stdout:/usr/bin/ceph: stderr
2024-07-29T00:07:28.693+0000 7f1f58a00640 1 -- 172.21.15.5:0/3080927541 <== mon.0 v2:172.21.15.5:3300/0 1 ==== mon_map magic: 0 ==== 205+0+0 (secure 0 0 0) 0x7f1f4c037070 con 0x7f1f5c1097e0
2024-07-29T00:07:29.672 INFO:teuthology.orchestra.run.smithi005.stdout:/usr/bin/ceph: stderr
2024-07-29T00:07:28.693+0000 7f1f58a00640 1 -- 172.21.15.5:0/3080927541 <== mon.0 v2:172.21.15.5:3300/0 2 ==== config(29 keys) ==== 1178+0+0 (secure 0 0 0) 0x7f1f4c032940 con 0x7f1f5c1097e0
2024-07-29T00:07:29.672 INFO:teuthology.orchestra.run.smithi005.stdout:/usr/bin/ceph: stderr
2024-07-29T00:07:28.693+0000 7f1f58a00640 1 -- 172.21.15.5:0/3080927541 <== mon.0 v2:172.21.15.5:3300/0 3 ==== mon_map magic: 0 ==== 205+0+0 (secure 0 0 0) 0x7f1f4c0309c0 con 0x7f1f5c1097e0
2024-07-29T00:07:29.673 INFO:teuthology.orchestra.run.smithi005.stdout:/usr/bin/ceph: stderr
2024-07-29T00:07:28.693+0000 7f1f5b200640 1 -- 172.21.15.5:0/3080927541 >> [v2:172.21.15.5:3300/0,v1:172.21.15.5:6789/0] conn(0x7f1f5c1097e0 msgr2=0x7f1f5c109be0 secure :-1 s=STATE_CONNECTION_ESTABLISHED l=1).mark_down
2024-07-29T00:07:29.673 INFO:teuthology.orchestra.run.smithi005.stdout:/usr/bin/ceph: stderr
2024-07-29T00:07:28.693+0000 7f1f5b200640 1 --2- 172.21.15.5:0/3080927541 >> [v2:172.21.15.5:3300/0,v1:172.21.15.5:6789/0] conn(0x7f1f5c1097e0 0x7f1f5c109be0 secure :-1 s=READY pgs=45 cs=0 l=1 rev1=1 crypto rx=0x7f1f4c009820 tx=0x7f1f4c02a270 comp rx=0 tx=0).stop
2024-07-29T00:07:29.673 INFO:teuthology.orchestra.run.smithi005.stdout:/usr/bin/ceph: stderr
2024-07-29T00:07:28.693+0000 7f1f5b200640 1 -- 172.21.15.5:0/3080927541 shutdown_connections
2024-07-29T00:07:29.674 INFO:teuthology.orchestra.run.smithi005.stdout:/usr/bin/ceph: stderr
2024-07-29T00:07:28.693+0000 7f1f5b200640 1 --2- 172.21.15.5:0/3080927541 >> [v2:172.21.15.5:3300/0,v1:172.21.15.5:6789/0] conn(0x7f1f5c1097e0 0x7f1f5c109be0 unknown :-1 s=CLOSED pgs=45 cs=0 l=1 rev1=1 crypto rx=0 tx=0 comp rx=0 tx=0).stop
2024-07-29T00:07:29.674 INFO:teuthology.orchestra.run.smithi005.stdout:/usr/bin/ceph: stderr
2024-07-29T00:07:28.693+0000 7f1f5b200640 1 -- 172.21.15.5:0/3080927541 >> 172.21.15.5:0/3080927541 conn(0x7f1f5c07ce50 msgr2=0x7f1f5c07d260 unknown :-1 s=STATE_NONE l=0).mark_down
2024-07-29T00:07:29.674 INFO:teuthology.orchestra.run.smithi005.stdout:/usr/bin/ceph: stderr
2024-07-29T00:07:28.694+0000 7f1f5b200640 1 -- 172.21.15.5:0/3080927541 shutdown_connections
2024-07-29T00:07:29.674 INFO:teuthology.orchestra.run.smithi005.stdout:/usr/bin/ceph: stderr
2024-07-29T00:07:28.694+0000 7f1f5b200640 1 -- 172.21.15.5:0/3080927541 wait complete.
2024-07-29T00:07:29.674 INFO:teuthology.orchestra.run.smithi005.stdout:/usr/bin/ceph: stderr
2024-07-29T00:07:28.695+0000 7f1f5b200640 1 Processor -- start
2024-07-29T00:07:29.674 INFO:teuthology.orchestra.run.smithi005.stdout:/usr/bin/ceph: stderr
2024-07-29T00:07:28.695+0000 7f1f5b200640 1 -- start start
2024-07-29T00:07:29.676 INFO:teuthology.orchestra.run.smithi005.stdout:/usr/bin/ceph: stderr
2024-07-29T00:07:28.695+0000 7f1f5b200640 1 --2- >> [v2:172.21.15.5:3300/0,v1:172.21.15.5:6789/0] conn(0x7f1f5c1097e0 0x7f1f5c19d7c0 unknown :-1 s=NONE pgs=0 cs=0 l=1 rev1=0 crypto rx=0 tx=0 comp rx=0 tx=0).connect
2024-07-29T00:07:29.676 INFO:teuthology.orchestra.run.smithi005.stdout:/usr/bin/ceph: stderr
2024-07-29T00:07:28.695+0000 7f1f5b200640 1 -- --> [v2:172.21.15.5:3300/0,v1:172.21.15.5:6789/0] -- mon_getmap magic: 0 -- 0x7f1f5c10dcd0 con 0x7f1f5c1097e0
2024-07-29T00:07:29.676 INFO:teuthology.orchestra.run.smithi005.stdout:/usr/bin/ceph: stderr
2024-07-29T00:07:28.695+0000 7f1f59e00640 1 --2- >> [v2:172.21.15.5:3300/0,v1:172.21.15.5:6789/0] conn(0x7f1f5c1097e0 0x7f1f5c19d7c0 unknown :-1 s=BANNER_CONNECTING pgs=0 cs=0 l=1 rev1=0 crypto rx=0 tx=0 comp rx=0 tx=0)._handle_peer_banner_payload supported=3 required=0
2024-07-29T00:07:29.676 INFO:teuthology.orchestra.run.smithi005.stdout:/usr/bin/ceph: stderr
2024-07-29T00:07:28.695+0000 7f1f59e00640 1 --2- >> [v2:172.21.15.5:3300/0,v1:172.21.15.5:6789/0] conn(0x7f1f5c1097e0 0x7f1f5c19d7c0 unknown :-1 s=HELLO_CONNECTING pgs=0 cs=0 l=1 rev1=1 crypto rx=0 tx=0 comp rx=0 tx=0).handle_hello peer v2:172.21.15.5:3300/0 says I am v2:172.21.15.5:38334/0 (socket says 172.21.15.5:38334)
2024-07-29T00:07:29.676 INFO:teuthology.orchestra.run.smithi005.stdout:/usr/bin/ceph: stderr
2024-07-29T00:07:28.695+0000 7f1f59e00640 1 -- 172.21.15.5:0/1596062496 learned_addr learned my addr 172.21.15.5:0/1596062496 (peer_addr_for_me v2:172.21.15.5:0/0)
2024-07-29T00:07:29.676 INFO:teuthology.orchestra.run.smithi005.stdout:/usr/bin/ceph: stderr
2024-07-29T00:07:28.696+0000 7f1f59e00640 1 -- 172.21.15.5:0/1596062496 --> [v2:172.21.15.5:3300/0,v1:172.21.15.5:6789/0] -- mon_subscribe({config=0+,monmap=0+}) -- 0x7f1f5c19dd00 con 0x7f1f5c1097e0
2024-07-29T00:07:29.676 INFO:teuthology.orchestra.run.smithi005.stdout:/usr/bin/ceph: stderr
2024-07-29T00:07:28.696+0000 7f1f59e00640 1 --2- 172.21.15.5:0/1596062496 >> [v2:172.21.15.5:3300/0,v1:172.21.15.5:6789/0] conn(0x7f1f5c1097e0 0x7f1f5c19d7c0 secure :-1 s=READY pgs=46 cs=0 l=1 rev1=1 crypto rx=0x7f1f4c032e60 tx=0x7f1f4c032e90 comp rx=0 tx=0).ready entity=mon.0 client_cookie=0 server_cookie=0 in_seq=0 out_seq=0
2024-07-29T00:07:29.676 INFO:teuthology.orchestra.run.smithi005.stdout:/usr/bin/ceph: stderr
2024-07-29T00:07:28.697+0000 7f1f52a00640 1 -- 172.21.15.5:0/1596062496 <== mon.0 v2:172.21.15.5:3300/0 1 ==== mon_map magic: 0 ==== 205+0+0 (secure 0 0 0) 0x7f1f4c042070 con 0x7f1f5c1097e0
2024-07-29T00:07:29.676 INFO:teuthology.orchestra.run.smithi005.stdout:/usr/bin/ceph: stderr
2024-07-29T00:07:28.697+0000 7f1f52a00640 1 -- 172.21.15.5:0/1596062496 <== mon.0 v2:172.21.15.5:3300/0 2 ==== config(29 keys) ==== 1178+0+0 (secure 0 0 0) 0x7f1f4c0325f0 con 0x7f1f5c1097e0
2024-07-29T00:07:29.676 INFO:teuthology.orchestra.run.smithi005.stdout:/usr/bin/ceph: stderr
2024-07-29T00:07:28.697+0000 7f1f5b200640 1 -- 172.21.15.5:0/1596062496 --> [v2:172.21.15.5:3300/0,v1:172.21.15.5:6789/0] -- mon_subscribe({mgrmap=0+}) -- 0x7f1f5c19df90 con 0x7f1f5c1097e0
2024-07-29T00:07:29.676 INFO:teuthology.orchestra.run.smithi005.stdout:/usr/bin/ceph: stderr
2024-07-29T00:07:28.697+0000 7f1f52a00640 1 -- 172.21.15.5:0/1596062496 <== mon.0 v2:172.21.15.5:3300/0 3 ==== mon_map magic: 0 ==== 205+0+0 (secure 0 0 0) 0x7f1f4c037040 con 0x7f1f5c1097e0
2024-07-29T00:07:29.676 INFO:teuthology.orchestra.run.smithi005.stdout:/usr/bin/ceph: stderr
2024-07-29T00:07:28.697+0000 7f1f5b200640 1 -- 172.21.15.5:0/1596062496 --> [v2:172.21.15.5:3300/0,v1:172.21.15.5:6789/0] -- mon_subscribe({osdmap=0}) -- 0x7f1f5c1a0c80 con 0x7f1f5c1097e0
2024-07-29T00:07:29.677 INFO:teuthology.orchestra.run.smithi005.stdout:/usr/bin/ceph: stderr
