2024-07-29T00:07:28.698+0000 7f1f5b200640 1 -- 172.21.15.5:0/1596062496 --> [v2:172.21.15.5:3300/0,v1:172.21.15.5:6789/0] -- mon_command({"prefix": "get_command_descriptions"} v 0) -- 0x7f1f5c109c60 con 0x7f1f5c1097e0
2024-07-29T00:07:29.677 INFO:teuthology.orchestra.run.smithi005.stdout:/usr/bin/ceph: stderr
2024-07-29T00:07:28.698+0000 7f1f52a00640 1 -- 172.21.15.5:0/1596062496 <== mon.0 v2:172.21.15.5:3300/0 4 ==== mgrmap(e 8) ==== 46287+0+0 (secure 0 0 0) 0x7f1f4c045070 con 0x7f1f5c1097e0
2024-07-29T00:07:29.679 INFO:teuthology.orchestra.run.smithi005.stdout:/usr/bin/ceph: stderr
2024-07-29T00:07:28.699+0000 7f1f52a00640 1 --2- 172.21.15.5:0/1596062496 >> [v2:172.21.15.5:6800/1246422079,v1:172.21.15.5:6801/1246422079] conn(0x7f1f40038f70 0x7f1f4003b430 unknown :-1 s=NONE pgs=0 cs=0 l=1 rev1=0 crypto rx=0 tx=0 comp rx=0 tx=0).connect
2024-07-29T00:07:29.679 INFO:teuthology.orchestra.run.smithi005.stdout:/usr/bin/ceph: stderr
2024-07-29T00:07:28.699+0000 7f1f52a00640 1 -- 172.21.15.5:0/1596062496 <== mon.0 v2:172.21.15.5:3300/0 5 ==== osd_map(2..2 src has 1..2) ==== 940+0+0 (secure 0 0 0) 0x7f1f4c06bff0 con 0x7f1f5c1097e0
2024-07-29T00:07:29.679 INFO:teuthology.orchestra.run.smithi005.stdout:/usr/bin/ceph: stderr
2024-07-29T00:07:28.699+0000 7f1f59400640 1 --2- 172.21.15.5:0/1596062496 >> [v2:172.21.15.5:6800/1246422079,v1:172.21.15.5:6801/1246422079] conn(0x7f1f40038f70 0x7f1f4003b430 unknown :-1 s=BANNER_CONNECTING pgs=0 cs=0 l=1 rev1=0 crypto rx=0 tx=0 comp rx=0 tx=0)._handle_peer_banner_payload supported=3 required=0
2024-07-29T00:07:29.679 INFO:teuthology.orchestra.run.smithi005.stdout:/usr/bin/ceph: stderr
2024-07-29T00:07:28.700+0000 7f1f59400640 1 --2- 172.21.15.5:0/1596062496 >> [v2:172.21.15.5:6800/1246422079,v1:172.21.15.5:6801/1246422079] conn(0x7f1f40038f70 0x7f1f4003b430 secure :-1 s=READY pgs=12 cs=0 l=1 rev1=1 crypto rx=0x7f1f480098c0 tx=0x7f1f48006db0 comp rx=0 tx=0).ready entity=mgr.14118 client_cookie=0 server_cookie=0 in_seq=0 out_seq=0
2024-07-29T00:07:29.679 INFO:teuthology.orchestra.run.smithi005.stdout:/usr/bin/ceph: stderr
2024-07-29T00:07:28.705+0000 7f1f52a00640 1 -- 172.21.15.5:0/1596062496 <== mon.0 v2:172.21.15.5:3300/0 6 ==== mon_command_ack([{"prefix": "get_command_descriptions"}]=0 v0) ==== 72+0+187871 (secure 0 0 0) 0x7f1f4c04b170 con 0x7f1f5c1097e0
2024-07-29T00:07:29.679 INFO:teuthology.orchestra.run.smithi005.stdout:/usr/bin/ceph: stderr
2024-07-29T00:07:28.916+0000 7f1f5b200640 1 -- 172.21.15.5:0/1596062496 --> [v2:172.21.15.5:6800/1246422079,v1:172.21.15.5:6801/1246422079] -- mgr_command(tid 0: {"prefix": "orch apply", "service_type": "mon", "unmanaged": true, "target": ["mon-mgr", ""]}) -- 0x7f1f5c107b30 con 0x7f1f40038f70
2024-07-29T00:07:29.679 INFO:teuthology.orchestra.run.smithi005.stdout:/usr/bin/ceph: stderr
2024-07-29T00:07:28.926+0000 7f1f52a00640 1 -- 172.21.15.5:0/1596062496 <== mgr.14118 v2:172.21.15.5:6800/1246422079 1 ==== mgr_command_reply(tid 0: 0 ) ==== 8+0+24 (secure 0 0 0) 0x7f1f5c107b30 con 0x7f1f40038f70
2024-07-29T00:07:29.680 INFO:teuthology.orchestra.run.smithi005.stdout:/usr/bin/ceph: stderr
2024-07-29T00:07:28.928+0000 7f1f5b200640 1 -- 172.21.15.5:0/1596062496 >> [v2:172.21.15.5:6800/1246422079,v1:172.21.15.5:6801/1246422079] conn(0x7f1f40038f70 msgr2=0x7f1f4003b430 secure :-1 s=STATE_CONNECTION_ESTABLISHED l=1).mark_down
2024-07-29T00:07:29.680 INFO:teuthology.orchestra.run.smithi005.stdout:/usr/bin/ceph: stderr
2024-07-29T00:07:28.928+0000 7f1f5b200640 1 --2- 172.21.15.5:0/1596062496 >> [v2:172.21.15.5:6800/1246422079,v1:172.21.15.5:6801/1246422079] conn(0x7f1f40038f70 0x7f1f4003b430 secure :-1 s=READY pgs=12 cs=0 l=1 rev1=1 crypto rx=0x7f1f480098c0 tx=0x7f1f48006db0 comp rx=0 tx=0).stop
2024-07-29T00:07:29.680 INFO:teuthology.orchestra.run.smithi005.stdout:/usr/bin/ceph: stderr
2024-07-29T00:07:28.928+0000 7f1f5b200640 1 -- 172.21.15.5:0/1596062496 >> [v2:172.21.15.5:3300/0,v1:172.21.15.5:6789/0] conn(0x7f1f5c1097e0 msgr2=0x7f1f5c19d7c0 secure :-1 s=STATE_CONNECTION_ESTABLISHED l=1).mark_down
2024-07-29T00:07:29.680 INFO:teuthology.orchestra.run.smithi005.stdout:/usr/bin/ceph: stderr
2024-07-29T00:07:28.928+0000 7f1f5b200640 1 --2- 172.21.15.5:0/1596062496 >> [v2:172.21.15.5:3300/0,v1:172.21.15.5:6789/0] conn(0x7f1f5c1097e0 0x7f1f5c19d7c0 secure :-1 s=READY pgs=46 cs=0 l=1 rev1=1 crypto rx=0x7f1f4c032e60 tx=0x7f1f4c032e90 comp rx=0 tx=0).stop
2024-07-29T00:07:29.680 INFO:teuthology.orchestra.run.smithi005.stdout:/usr/bin/ceph: stderr
2024-07-29T00:07:28.928+0000 7f1f5b200640 1 -- 172.21.15.5:0/1596062496 shutdown_connections
2024-07-29T00:07:29.680 INFO:teuthology.orchestra.run.smithi005.stdout:/usr/bin/ceph: stderr
2024-07-29T00:07:28.928+0000 7f1f5b200640 1 --2- 172.21.15.5:0/1596062496 >> [v2:172.21.15.5:6800/1246422079,v1:172.21.15.5:6801/1246422079] conn(0x7f1f40038f70 0x7f1f4003b430 unknown :-1 s=CLOSED pgs=12 cs=0 l=1 rev1=1 crypto rx=0 tx=0 comp rx=0 tx=0).stop
2024-07-29T00:07:29.680 INFO:teuthology.orchestra.run.smithi005.stdout:/usr/bin/ceph: stderr
2024-07-29T00:07:28.928+0000 7f1f5b200640 1 --2- 172.21.15.5:0/1596062496 >> [v2:172.21.15.5:3300/0,v1:172.21.15.5:6789/0] conn(0x7f1f5c1097e0 0x7f1f5c19d7c0 unknown :-1 s=CLOSED pgs=46 cs=0 l=1 rev1=1 crypto rx=0 tx=0 comp rx=0 tx=0).stop
2024-07-29T00:07:29.680 INFO:teuthology.orchestra.run.smithi005.stdout:/usr/bin/ceph: stderr
2024-07-29T00:07:28.928+0000 7f1f5b200640 1 -- 172.21.15.5:0/1596062496 >> 172.21.15.5:0/1596062496 conn(0x7f1f5c07ce50 msgr2=0x7f1f5c107420 unknown :-1 s=STATE_NONE l=0).mark_down
2024-07-29T00:07:29.680 INFO:teuthology.orchestra.run.smithi005.stdout:/usr/bin/ceph: stderr
2024-07-29T00:07:28.929+0000 7f1f5b200640 1 -- 172.21.15.5:0/1596062496 shutdown_connections
2024-07-29T00:07:29.680 INFO:teuthology.orchestra.run.smithi005.stdout:/usr/bin/ceph: stderr
2024-07-29T00:07:28.929+0000 7f1f5b200640 1 -- 172.21.15.5:0/1596062496 wait complete.
2024-07-29T00:07:29.680 INFO:teuthology.orchestra.run.smithi005.stdout:Deploying unmanaged mgr service...
2024-07-29T00:07:30.206 INFO:journalctl@ceph.mon.a.smithi005.stdout:Jul 29 00:07:29 smithi005 ceph-mon[32301]: from='client.14140 -' entity='client.admin' cmd=[{"prefix": "orch apply", "service_type": "mon", "unmanaged": true, "target": ["mon-mgr", ""]}]: dispatch
2024-07-29T00:07:30.207 INFO:journalctl@ceph.mon.a.smithi005.stdout:Jul 29 00:07:29 smithi005 ceph-mon[32301]: Saving service mon spec with placement count:5
2024-07-29T00:07:30.207 INFO:journalctl@ceph.mon.a.smithi005.stdout:Jul 29 00:07:29 smithi005 ceph-mon[32301]: from='mgr.14118 172.21.15.5:0/1470957390' entity='mgr.x'
2024-07-29T00:07:31.500 INFO:teuthology.orchestra.run.smithi005.stdout:/usr/bin/ceph: stdout Scheduled mgr update...
2024-07-29T00:07:31.501 INFO:teuthology.orchestra.run.smithi005.stdout:/usr/bin/ceph: stderr
2024-07-29T00:07:30.432+0000 7f32ff200640 1 Processor -- start
2024-07-29T00:07:31.501 INFO:teuthology.orchestra.run.smithi005.stdout:/usr/bin/ceph: stderr
2024-07-29T00:07:30.433+0000 7f32ff200640 1 -- start start
2024-07-29T00:07:31.502 INFO:teuthology.orchestra.run.smithi005.stdout:/usr/bin/ceph: stderr
2024-07-29T00:07:30.433+0000 7f32ff200640 1 --2- >> [v2:172.21.15.5:3300/0,v1:172.21.15.5:6789/0] conn(0x7f3300107f70 0x7f330010a360 unknown :-1 s=NONE pgs=0 cs=0 l=0 rev1=0 crypto rx=0 tx=0 comp rx=0 tx=0).connect
2024-07-29T00:07:31.502 INFO:teuthology.orchestra.run.smithi005.stdout:/usr/bin/ceph: stderr
2024-07-29T00:07:30.433+0000 7f32ff200640 1 -- --> [v2:172.21.15.5:3300/0,v1:172.21.15.5:6789/0] -- mon_getmap magic: 0 -- 0x7f3300063200 con 0x7f3300107f70
2024-07-29T00:07:31.502 INFO:teuthology.orchestra.run.smithi005.stdout:/usr/bin/ceph: stderr
2024-07-29T00:07:30.434+0000 7f32fde00640 1 --2- >> [v2:172.21.15.5:3300/0,v1:172.21.15.5:6789/0] conn(0x7f3300107f70 0x7f330010a360 unknown :-1 s=BANNER_CONNECTING pgs=0 cs=0 l=0 rev1=0 crypto rx=0 tx=0 comp rx=0 tx=0)._handle_peer_banner_payload supported=3 required=0
2024-07-29T00:07:31.503 INFO:teuthology.orchestra.run.smithi005.stdout:/usr/bin/ceph: stderr
2024-07-29T00:07:30.434+0000 7f32fde00640 1 --2- >> [v2:172.21.15.5:3300/0,v1:172.21.15.5:6789/0] conn(0x7f3300107f70 0x7f330010a360 unknown :-1 s=HELLO_CONNECTING pgs=0 cs=0 l=0 rev1=1 crypto rx=0 tx=0 comp rx=0 tx=0).handle_hello peer v2:172.21.15.5:3300/0 says I am v2:172.21.15.5:38344/0 (socket says 172.21.15.5:38344)
2024-07-29T00:07:31.503 INFO:teuthology.orchestra.run.smithi005.stdout:/usr/bin/ceph: stderr
2024-07-29T00:07:30.434+0000 7f32fde00640 1 -- 172.21.15.5:0/3314428006 learned_addr learned my addr 172.21.15.5:0/3314428006 (peer_addr_for_me v2:172.21.15.5:0/0)
2024-07-29T00:07:31.503 INFO:teuthology.orchestra.run.smithi005.stdout:/usr/bin/ceph: stderr
2024-07-29T00:07:30.434+0000 7f32fde00640 1 -- 172.21.15.5:0/3314428006 --> [v2:172.21.15.5:3300/0,v1:172.21.15.5:6789/0] -- mon_subscribe({config=0+,monmap=0+}) -- 0x7f330010a8a0 con 0x7f3300107f70
2024-07-29T00:07:31.504 INFO:teuthology.orchestra.run.smithi005.stdout:/usr/bin/ceph: stderr
2024-07-29T00:07:30.436+0000 7f32fde00640 1 --2- 172.21.15.5:0/3314428006 >> [v2:172.21.15.5:3300/0,v1:172.21.15.5:6789/0] conn(0x7f3300107f70 0x7f330010a360 secure :-1 s=READY pgs=47 cs=0 l=1 rev1=1 crypto rx=0x7f32f0009820 tx=0x7f32f002a270 comp rx=0 tx=0).ready entity=mon.0 client_cookie=1297108dad23861f server_cookie=0 in_seq=0 out_seq=0
2024-07-29T00:07:31.504 INFO:teuthology.orchestra.run.smithi005.stdout:/usr/bin/ceph: stderr
2024-07-29T00:07:30.436+0000 7f32fca00640 1 -- 172.21.15.5:0/3314428006 <== mon.0 v2:172.21.15.5:3300/0 1 ==== mon_map magic: 0 ==== 205+0+0 (secure 0 0 0) 0x7f32f0037070 con 0x7f3300107f70
2024-07-29T00:07:31.504 INFO:teuthology.orchestra.run.smithi005.stdout:/usr/bin/ceph: stderr
2024-07-29T00:07:30.436+0000 7f32fca00640 1 -- 172.21.15.5:0/3314428006 <== mon.0 v2:172.21.15.5:3300/0 2 ==== config(29 keys) ==== 1178+0+0 (secure 0 0 0) 0x7f32f0032940 con 0x7f3300107f70
2024-07-29T00:07:31.504 INFO:teuthology.orchestra.run.smithi005.stdout:/usr/bin/ceph: stderr
2024-07-29T00:07:30.436+0000 7f32fca00640 1 -- 172.21.15.5:0/3314428006 <== mon.0 v2:172.21.15.5:3300/0 3 ==== mon_map magic: 0 ==== 205+0+0 (secure 0 0 0) 0x7f32f00309c0 con 0x7f3300107f70
2024-07-29T00:07:31.504 INFO:teuthology.orchestra.run.smithi005.stdout:/usr/bin/ceph: stderr
2024-07-29T00:07:30.437+0000 7f32ff200640 1 -- 172.21.15.5:0/3314428006 >> [v2:172.21.15.5:3300/0,v1:172.21.15.5:6789/0] conn(0x7f3300107f70 msgr2=0x7f330010a360 secure :-1 s=STATE_CONNECTION_ESTABLISHED l=1).mark_down
2024-07-29T00:07:31.504 INFO:teuthology.orchestra.run.smithi005.stdout:/usr/bin/ceph: stderr
2024-07-29T00:07:30.437+0000 7f32ff200640 1 --2- 172.21.15.5:0/3314428006 >> [v2:172.21.15.5:3300/0,v1:172.21.15.5:6789/0] conn(0x7f3300107f70 0x7f330010a360 secure :-1 s=READY pgs=47 cs=0 l=1 rev1=1 crypto rx=0x7f32f0009820 tx=0x7f32f002a270 comp rx=0 tx=0).stop
2024-07-29T00:07:31.504 INFO:teuthology.orchestra.run.smithi005.stdout:/usr/bin/ceph: stderr
2024-07-29T00:07:30.437+0000 7f32ff200640 1 -- 172.21.15.5:0/3314428006 shutdown_connections
2024-07-29T00:07:31.508 INFO:teuthology.orchestra.run.smithi005.stdout:/usr/bin/ceph: stderr
2024-07-29T00:07:30.437+0000 7f32ff200640 1 --2- 172.21.15.5:0/3314428006 >> [v2:172.21.15.5:3300/0,v1:172.21.15.5:6789/0] conn(0x7f3300107f70 0x7f330010a360 unknown :-1 s=CLOSED pgs=47 cs=0 l=1 rev1=1 crypto rx=0 tx=0 comp rx=0 tx=0).stop
2024-07-29T00:07:31.509 INFO:teuthology.orchestra.run.smithi005.stdout:/usr/bin/ceph: stderr
2024-07-29T00:07:30.437+0000 7f32ff200640 1 -- 172.21.15.5:0/3314428006 >> 172.21.15.5:0/3314428006 conn(0x7f3300101bd0 msgr2=0x7f3300103ff0 unknown :-1 s=STATE_NONE l=0).mark_down
2024-07-29T00:07:31.509 INFO:teuthology.orchestra.run.smithi005.stdout:/usr/bin/ceph: stderr
2024-07-29T00:07:30.437+0000 7f32ff200640 1 -- 172.21.15.5:0/3314428006 shutdown_connections
2024-07-29T00:07:31.509 INFO:teuthology.orchestra.run.smithi005.stdout:/usr/bin/ceph: stderr
2024-07-29T00:07:30.437+0000 7f32ff200640 1 -- 172.21.15.5:0/3314428006 wait complete.
2024-07-29T00:07:31.509 INFO:teuthology.orchestra.run.smithi005.stdout:/usr/bin/ceph: stderr
2024-07-29T00:07:30.438+0000 7f32ff200640 1 Processor -- start
2024-07-29T00:07:31.509 INFO:teuthology.orchestra.run.smithi005.stdout:/usr/bin/ceph: stderr
2024-07-29T00:07:30.438+0000 7f32ff200640 1 -- start start
2024-07-29T00:07:31.509 INFO:teuthology.orchestra.run.smithi005.stdout:/usr/bin/ceph: stderr
2024-07-29T00:07:30.439+0000 7f32ff200640 1 --2- >> [v2:172.21.15.5:3300/0,v1:172.21.15.5:6789/0] conn(0x7f3300107f70 0x7f330019d7e0 unknown :-1 s=NONE pgs=0 cs=0 l=1 rev1=0 crypto rx=0 tx=0 comp rx=0 tx=0).connect
2024-07-29T00:07:31.509 INFO:teuthology.orchestra.run.smithi005.stdout:/usr/bin/ceph: stderr
2024-07-29T00:07:30.439+0000 7f32ff200640 1 -- --> [v2:172.21.15.5:3300/0,v1:172.21.15.5:6789/0] -- mon_getmap magic: 0 -- 0x7f330010ba00 con 0x7f3300107f70
2024-07-29T00:07:31.509 INFO:teuthology.orchestra.run.smithi005.stdout:/usr/bin/ceph: stderr
2024-07-29T00:07:30.439+0000 7f32fde00640 1 --2- >> [v2:172.21.15.5:3300/0,v1:172.21.15.5:6789/0] conn(0x7f3300107f70 0x7f330019d7e0 unknown :-1 s=BANNER_CONNECTING pgs=0 cs=0 l=1 rev1=0 crypto rx=0 tx=0 comp rx=0 tx=0)._handle_peer_banner_payload supported=3 required=0
2024-07-29T00:07:31.509 INFO:teuthology.orchestra.run.smithi005.stdout:/usr/bin/ceph: stderr
2024-07-29T00:07:30.439+0000 7f32fde00640 1 --2- >> [v2:172.21.15.5:3300/0,v1:172.21.15.5:6789/0] conn(0x7f3300107f70 0x7f330019d7e0 unknown :-1 s=HELLO_CONNECTING pgs=0 cs=0 l=1 rev1=1 crypto rx=0 tx=0 comp rx=0 tx=0).handle_hello peer v2:172.21.15.5:3300/0 says I am v2:172.21.15.5:38346/0 (socket says 172.21.15.5:38346)
2024-07-29T00:07:31.509 INFO:teuthology.orchestra.run.smithi005.stdout:/usr/bin/ceph: stderr
2024-07-29T00:07:30.439+0000 7f32fde00640 1 -- 172.21.15.5:0/1690922220 learned_addr learned my addr 172.21.15.5:0/1690922220 (peer_addr_for_me v2:172.21.15.5:0/0)
2024-07-29T00:07:31.510 INFO:teuthology.orchestra.run.smithi005.stdout:/usr/bin/ceph: stderr
2024-07-29T00:07:30.439+0000 7f32fde00640 1 -- 172.21.15.5:0/1690922220 --> [v2:172.21.15.5:3300/0,v1:172.21.15.5:6789/0] -- mon_subscribe({config=0+,monmap=0+}) -- 0x7f330019dd20 con 0x7f3300107f70
2024-07-29T00:07:31.510 INFO:teuthology.orchestra.run.smithi005.stdout:/usr/bin/ceph: stderr
2024-07-29T00:07:30.440+0000 7f32fde00640 1 --2- 172.21.15.5:0/1690922220 >> [v2:172.21.15.5:3300/0,v1:172.21.15.5:6789/0] conn(0x7f3300107f70 0x7f330019d7e0 secure :-1 s=READY pgs=48 cs=0 l=1 rev1=1 crypto rx=0x7f32f0009940 tx=0x7f32f0032e60 comp rx=0 tx=0).ready entity=mon.0 client_cookie=0 server_cookie=0 in_seq=0 out_seq=0
2024-07-29T00:07:31.510 INFO:teuthology.orchestra.run.smithi005.stdout:/usr/bin/ceph: stderr
2024-07-29T00:07:30.440+0000 7f32f6a00640 1 -- 172.21.15.5:0/1690922220 <== mon.0 v2:172.21.15.5:3300/0 1 ==== mon_map magic: 0 ==== 205+0+0 (secure 0 0 0) 0x7f32f0042070 con 0x7f3300107f70
2024-07-29T00:07:31.510 INFO:teuthology.orchestra.run.smithi005.stdout:/usr/bin/ceph: stderr
2024-07-29T00:07:30.440+0000 7f32f6a00640 1 -- 172.21.15.5:0/1690922220 <== mon.0 v2:172.21.15.5:3300/0 2 ==== config(29 keys) ==== 1178+0+0 (secure 0 0 0) 0x7f32f00326b0 con 0x7f3300107f70
2024-07-29T00:07:31.510 INFO:teuthology.orchestra.run.smithi005.stdout:/usr/bin/ceph: stderr
2024-07-29T00:07:30.440+0000 7f32f6a00640 1 -- 172.21.15.5:0/1690922220 <== mon.0 v2:172.21.15.5:3300/0 3 ==== mon_map magic: 0 ==== 205+0+0 (secure 0 0 0) 0x7f32f0037040 con 0x7f3300107f70
2024-07-29T00:07:31.510 INFO:teuthology.orchestra.run.smithi005.stdout:/usr/bin/ceph: stderr
2024-07-29T00:07:30.440+0000 7f32ff200640 1 -- 172.21.15.5:0/1690922220 --> [v2:172.21.15.5:3300/0,v1:172.21.15.5:6789/0] -- mon_subscribe({mgrmap=0+}) -- 0x7f330019dfb0 con 0x7f3300107f70
2024-07-29T00:07:31.510 INFO:teuthology.orchestra.run.smithi005.stdout:/usr/bin/ceph: stderr
2024-07-29T00:07:30.440+0000 7f32ff200640 1 -- 172.21.15.5:0/1690922220 --> [v2:172.21.15.5:3300/0,v1:172.21.15.5:6789/0] -- mon_subscribe({osdmap=0}) -- 0x7f33001a0ca0 con 0x7f3300107f70
2024-07-29T00:07:31.510 INFO:teuthology.orchestra.run.smithi005.stdout:/usr/bin/ceph: stderr
2024-07-29T00:07:30.441+0000 7f32ff200640 1 -- 172.21.15.5:0/1690922220 --> [v2:172.21.15.5:3300/0,v1:172.21.15.5:6789/0] -- mon_command({"prefix": "get_command_descriptions"} v 0) -- 0x7f33001083d0 con 0x7f3300107f70
2024-07-29T00:07:31.510 INFO:teuthology.orchestra.run.smithi005.stdout:/usr/bin/ceph: stderr
2024-07-29T00:07:30.442+0000 7f32f6a00640 1 -- 172.21.15.5:0/1690922220 <== mon.0 v2:172.21.15.5:3300/0 4 ==== mgrmap(e 8) ==== 46287+0+0 (secure 0 0 0) 0x7f32f0045070 con 0x7f3300107f70
2024-07-29T00:07:31.510 INFO:teuthology.orchestra.run.smithi005.stdout:/usr/bin/ceph: stderr
2024-07-29T00:07:30.442+0000 7f32f6a00640 1 --2- 172.21.15.5:0/1690922220 >> [v2:172.21.15.5:6800/1246422079,v1:172.21.15.5:6801/1246422079] conn(0x7f32e4038fc0 0x7f32e403b480 unknown :-1 s=NONE pgs=0 cs=0 l=1 rev1=0 crypto rx=0 tx=0 comp rx=0 tx=0).connect
2024-07-29T00:07:31.510 INFO:teuthology.orchestra.run.smithi005.stdout:/usr/bin/ceph: stderr
2024-07-29T00:07:30.442+0000 7f32f6a00640 1 -- 172.21.15.5:0/1690922220 <== mon.0 v2:172.21.15.5:3300/0 5 ==== osd_map(2..2 src has 1..2) ==== 940+0+0 (secure 0 0 0) 0x7f32f006bfa0 con 0x7f3300107f70
2024-07-29T00:07:31.511 INFO:teuthology.orchestra.run.smithi005.stdout:/usr/bin/ceph: stderr
2024-07-29T00:07:30.443+0000 7f32fd400640 1 --2- 172.21.15.5:0/1690922220 >> [v2:172.21.15.5:6800/1246422079,v1:172.21.15.5:6801/1246422079] conn(0x7f32e4038fc0 0x7f32e403b480 unknown :-1 s=BANNER_CONNECTING pgs=0 cs=0 l=1 rev1=0 crypto rx=0 tx=0 comp rx=0 tx=0)._handle_peer_banner_payload supported=3 required=0
2024-07-29T00:07:31.511 INFO:teuthology.orchestra.run.smithi005.stdout:/usr/bin/ceph: stderr
2024-07-29T00:07:30.443+0000 7f32fd400640 1 --2- 172.21.15.5:0/1690922220 >> [v2:172.21.15.5:6800/1246422079,v1:172.21.15.5:6801/1246422079] conn(0x7f32e4038fc0 0x7f32e403b480 secure :-1 s=READY pgs=13 cs=0 l=1 rev1=1 crypto rx=0x7f32e80098c0 tx=0x7f32e8006db0 comp rx=0 tx=0).ready entity=mgr.14118 client_cookie=0 server_cookie=0 in_seq=0 out_seq=0
2024-07-29T00:07:31.511 INFO:teuthology.orchestra.run.smithi005.stdout:/usr/bin/ceph: stderr
2024-07-29T00:07:30.448+0000 7f32f6a00640 1 -- 172.21.15.5:0/1690922220 <== mon.0 v2:172.21.15.5:3300/0 6 ==== mon_command_ack([{"prefix": "get_command_descriptions"}]=0 v0) ==== 72+0+187871 (secure 0 0 0) 0x7f32f00371e0 con 0x7f3300107f70
2024-07-29T00:07:31.511 INFO:teuthology.orchestra.run.smithi005.stdout:/usr/bin/ceph: stderr
2024-07-29T00:07:30.658+0000 7f32ff200640 1 -- 172.21.15.5:0/1690922220 --> [v2:172.21.15.5:6800/1246422079,v1:172.21.15.5:6801/1246422079] -- mgr_command(tid 0: {"prefix": "orch apply", "service_type": "mgr", "unmanaged": true, "target": ["mon-mgr", ""]}) -- 0x7f3300102e00 con 0x7f32e4038fc0
2024-07-29T00:07:31.511 INFO:teuthology.orchestra.run.smithi005.stdout:/usr/bin/ceph: stderr
2024-07-29T00:07:30.663+0000 7f32f6a00640 1 -- 172.21.15.5:0/1690922220 <== mgr.14118 v2:172.21.15.5:6800/1246422079 1 ==== mgr_command_reply(tid 0: 0 ) ==== 8+0+24 (secure 0 0 0) 0x7f3300102e00 con 0x7f32e4038fc0
2024-07-29T00:07:31.511 INFO:teuthology.orchestra.run.smithi005.stdout:/usr/bin/ceph: stderr
2024-07-29T00:07:30.665+0000 7f32ff200640 1 -- 172.21.15.5:0/1690922220 >> [v2:172.21.15.5:6800/1246422079,v1:172.21.15.5:6801/1246422079] conn(0x7f32e4038fc0 msgr2=0x7f32e403b480 secure :-1 s=STATE_CONNECTION_ESTABLISHED l=1).mark_down
2024-07-29T00:07:31.511 INFO:teuthology.orchestra.run.smithi005.stdout:/usr/bin/ceph: stderr
2024-07-29T00:07:30.665+0000 7f32ff200640 1 --2- 172.21.15.5:0/1690922220 >> [v2:172.21.15.5:6800/1246422079,v1:172.21.15.5:6801/1246422079] conn(0x7f32e4038fc0 0x7f32e403b480 secure :-1 s=READY pgs=13 cs=0 l=1 rev1=1 crypto rx=0x7f32e80098c0 tx=0x7f32e8006db0 comp rx=0 tx=0).stop
2024-07-29T00:07:31.511 INFO:teuthology.orchestra.run.smithi005.stdout:/usr/bin/ceph: stderr
2024-07-29T00:07:30.665+0000 7f32ff200640 1 -- 172.21.15.5:0/1690922220 >> [v2:172.21.15.5:3300/0,v1:172.21.15.5:6789/0] conn(0x7f3300107f70 msgr2=0x7f330019d7e0 secure :-1 s=STATE_CONNECTION_ESTABLISHED l=1).mark_down
2024-07-29T00:07:31.511 INFO:teuthology.orchestra.run.smithi005.stdout:/usr/bin/ceph: stderr
2024-07-29T00:07:30.665+0000 7f32ff200640 1 --2- 172.21.15.5:0/1690922220 >> [v2:172.21.15.5:3300/0,v1:172.21.15.5:6789/0] conn(0x7f3300107f70 0x7f330019d7e0 secure :-1 s=READY pgs=48 cs=0 l=1 rev1=1 crypto rx=0x7f32f0009940 tx=0x7f32f0032e60 comp rx=0 tx=0).stop
2024-07-29T00:07:31.511 INFO:teuthology.orchestra.run.smithi005.stdout:/usr/bin/ceph: stderr
2024-07-29T00:07:30.666+0000 7f32ff200640 1 -- 172.21.15.5:0/1690922220 shutdown_connections
2024-07-29T00:07:31.511 INFO:teuthology.orchestra.run.smithi005.stdout:/usr/bin/ceph: stderr
2024-07-29T00:07:30.666+0000 7f32ff200640 1 --2- 172.21.15.5:0/1690922220 >> [v2:172.21.15.5:6800/1246422079,v1:172.21.15.5:6801/1246422079] conn(0x7f32e4038fc0 0x7f32e403b480 unknown :-1 s=CLOSED pgs=13 cs=0 l=1 rev1=1 crypto rx=0 tx=0 comp rx=0 tx=0).stop
2024-07-29T00:07:31.511 INFO:teuthology.orchestra.run.smithi005.stdout:/usr/bin/ceph: stderr
2024-07-29T00:07:30.666+0000 7f32ff200640 1 --2- 172.21.15.5:0/1690922220 >> [v2:172.21.15.5:3300/0,v1:172.21.15.5:6789/0] conn(0x7f3300107f70 0x7f330019d7e0 unknown :-1 s=CLOSED pgs=48 cs=0 l=1 rev1=1 crypto rx=0 tx=0 comp rx=0 tx=0).stop
2024-07-29T00:07:31.511 INFO:teuthology.orchestra.run.smithi005.stdout:/usr/bin/ceph: stderr
2024-07-29T00:07:30.666+0000 7f32ff200640 1 -- 172.21.15.5:0/1690922220 >> 172.21.15.5:0/1690922220 conn(0x7f3300101bd0 msgr2=0x7f33001026f0 unknown :-1 s=STATE_NONE l=0).mark_down
2024-07-29T00:07:31.512 INFO:teuthology.orchestra.run.smithi005.stdout:/usr/bin/ceph: stderr
2024-07-29T00:07:30.666+0000 7f32ff200640 1 -- 172.21.15.5:0/1690922220 shutdown_connections
2024-07-29T00:07:31.512 INFO:teuthology.orchestra.run.smithi005.stdout:/usr/bin/ceph: stderr
2024-07-29T00:07:30.666+0000 7f32ff200640 1 -- 172.21.15.5:0/1690922220 wait complete.
2024-07-29T00:07:31.767 INFO:journalctl@ceph.mon.a.smithi005.stdout:Jul 29 00:07:31 smithi005 ceph-mon[32301]: from='client.14142 -' entity='client.admin' cmd=[{"prefix": "orch apply", "service_type": "mgr", "unmanaged": true, "target": ["mon-mgr", ""]}]: dispatch
2024-07-29T00:07:31.767 INFO:journalctl@ceph.mon.a.smithi005.stdout:Jul 29 00:07:31 smithi005 ceph-mon[32301]: Saving service mgr spec with placement count:2
2024-07-29T00:07:31.767 INFO:journalctl@ceph.mon.a.smithi005.stdout:Jul 29 00:07:31 smithi005 ceph-mon[32301]: from='mgr.14118 172.21.15.5:0/1470957390' entity='mgr.x'
2024-07-29T00:07:33.424 INFO:journalctl@ceph.mon.a.smithi005.stdout:Jul 29 00:07:33 smithi005 ceph-mon[32301]: from='mgr.14118 172.21.15.5:0/1470957390' entity='mgr.x'
2024-07-29T00:07:33.424 INFO:journalctl@ceph.mon.a.smithi005.stdout:Jul 29 00:07:33 smithi005 ceph-mon[32301]: from='mgr.14118 172.21.15.5:0/1470957390' entity='mgr.x'
2024-07-29T00:07:33.424 INFO:journalctl@ceph.mon.a.smithi005.stdout:Jul 29 00:07:33 smithi005 ceph-mon[32301]: from='client.? 172.21.15.5:0/1182111532' entity='client.admin'
2024-07-29T00:07:33.445 INFO:teuthology.orchestra.run.smithi005.stdout:/usr/bin/ceph: stderr
2024-07-29T00:07:32.574+0000 7f87ee600640 1 Processor -- start
2024-07-29T00:07:33.445 INFO:teuthology.orchestra.run.smithi005.stdout:/usr/bin/ceph: stderr
2024-07-29T00:07:32.574+0000 7f87ee600640 1 -- start start
2024-07-29T00:07:33.445 INFO:teuthology.orchestra.run.smithi005.stdout:/usr/bin/ceph: stderr
2024-07-29T00:07:32.575+0000 7f87ee600640 1 --2- >> [v2:172.21.15.5:3300/0,v1:172.21.15.5:6789/0] conn(0x7f87e8107700 0x7f87e8107b00 unknown :-1 s=NONE pgs=0 cs=0 l=0 rev1=0 crypto rx=0 tx=0 comp rx=0 tx=0).connect
2024-07-29T00:07:33.445 INFO:teuthology.orchestra.run.smithi005.stdout:/usr/bin/ceph: stderr
2024-07-29T00:07:32.575+0000 7f87ee600640 1 -- --> [v2:172.21.15.5:3300/0,v1:172.21.15.5:6789/0] -- mon_getmap magic: 0 -- 0x7f87e81080d0 con 0x7f87e8107700
2024-07-29T00:07:33.445 INFO:teuthology.orchestra.run.smithi005.stdout:/usr/bin/ceph: stderr
2024-07-29T00:07:32.575+0000 7f87e7400640 1 --2- >> [v2:172.21.15.5:3300/0,v1:172.21.15.5:6789/0] conn(0x7f87e8107700 0x7f87e8107b00 unknown :-1 s=BANNER_CONNECTING pgs=0 cs=0 l=0 rev1=0 crypto rx=0 tx=0 comp rx=0 tx=0)._handle_peer_banner_payload supported=3 required=0
2024-07-29T00:07:33.445 INFO:teuthology.orchestra.run.smithi005.stdout:/usr/bin/ceph: stderr
2024-07-29T00:07:32.575+0000 7f87e7400640 1 --2- >> [v2:172.21.15.5:3300/0,v1:172.21.15.5:6789/0] conn(0x7f87e8107700 0x7f87e8107b00 unknown :-1 s=HELLO_CONNECTING pgs=0 cs=0 l=0 rev1=1 crypto rx=0 tx=0 comp rx=0 tx=0).handle_hello peer v2:172.21.15.5:3300/0 says I am v2:172.21.15.5:38356/0 (socket says 172.21.15.5:38356)
2024-07-29T00:07:33.446 INFO:teuthology.orchestra.run.smithi005.stdout:/usr/bin/ceph: stderr
2024-07-29T00:07:32.575+0000 7f87e7400640 1 -- 172.21.15.5:0/85072519 learned_addr learned my addr 172.21.15.5:0/85072519 (peer_addr_for_me v2:172.21.15.5:0/0)
2024-07-29T00:07:33.446 INFO:teuthology.orchestra.run.smithi005.stdout:/usr/bin/ceph: stderr
2024-07-29T00:07:32.576+0000 7f87e7400640 1 -- 172.21.15.5:0/85072519 --> [v2:172.21.15.5:3300/0,v1:172.21.15.5:6789/0] -- mon_subscribe({config=0+,monmap=0+}) -- 0x7f87e8108900 con 0x7f87e8107700
2024-07-29T00:07:33.446 INFO:teuthology.orchestra.run.smithi005.stdout:/usr/bin/ceph: stderr
2024-07-29T00:07:32.577+0000 7f87e7400640 1 --2- 172.21.15.5:0/85072519 >> [v2:172.21.15.5:3300/0,v1:172.21.15.5:6789/0] conn(0x7f87e8107700 0x7f87e8107b00 secure :-1 s=READY pgs=49 cs=0 l=1 rev1=1 crypto rx=0x7f87d8009820 tx=0x7f87d802a270 comp rx=0 tx=0).ready entity=mon.0 client_cookie=35453515d02c544d server_cookie=0 in_seq=0 out_seq=0
2024-07-29T00:07:33.446 INFO:teuthology.orchestra.run.smithi005.stdout:/usr/bin/ceph: stderr
2024-07-29T00:07:32.577+0000 7f87e6000640 1 -- 172.21.15.5:0/85072519 <== mon.0 v2:172.21.15.5:3300/0 1 ==== mon_map magic: 0 ==== 205+0+0 (secure 0 0 0) 0x7f87d8037070 con 0x7f87e8107700
2024-07-29T00:07:33.446 INFO:teuthology.orchestra.run.smithi005.stdout:/usr/bin/ceph: stderr
2024-07-29T00:07:32.577+0000 7f87e6000640 1 -- 172.21.15.5:0/85072519 <== mon.0 v2:172.21.15.5:3300/0 2 ==== config(29 keys) ==== 1209+0+0 (secure 0 0 0) 0x7f87d8032960 con 0x7f87e8107700
2024-07-29T00:07:33.446 INFO:teuthology.orchestra.run.smithi005.stdout:/usr/bin/ceph: stderr
2024-07-29T00:07:32.577+0000 7f87e6000640 1 -- 172.21.15.5:0/85072519 <== mon.0 v2:172.21.15.5:3300/0 3 ==== mon_map magic: 0 ==== 205+0+0 (secure 0 0 0) 0x7f87d8030980 con 0x7f87e8107700
2024-07-29T00:07:33.446 INFO:teuthology.orchestra.run.smithi005.stdout:/usr/bin/ceph: stderr
2024-07-29T00:07:32.578+0000 7f87ee600640 1 -- 172.21.15.5:0/85072519 >> [v2:172.21.15.5:3300/0,v1:172.21.15.5:6789/0] conn(0x7f87e8107700 msgr2=0x7f87e8107b00 secure :-1 s=STATE_CONNECTION_ESTABLISHED l=1).mark_down
2024-07-29T00:07:33.446 INFO:teuthology.orchestra.run.smithi005.stdout:/usr/bin/ceph: stderr
2024-07-29T00:07:32.578+0000 7f87ee600640 1 --2- 172.21.15.5:0/85072519 >> [v2:172.21.15.5:3300/0,v1:172.21.15.5:6789/0] conn(0x7f87e8107700 0x7f87e8107b00 secure :-1 s=READY pgs=49 cs=0 l=1 rev1=1 crypto rx=0x7f87d8009820 tx=0x7f87d802a270 comp rx=0 tx=0).stop
2024-07-29T00:07:33.446 INFO:teuthology.orchestra.run.smithi005.stdout:/usr/bin/ceph: stderr
2024-07-29T00:07:32.578+0000 7f87ee600640 1 -- 172.21.15.5:0/85072519 shutdown_connections
2024-07-29T00:07:33.446 INFO:teuthology.orchestra.run.smithi005.stdout:/usr/bin/ceph: stderr
2024-07-29T00:07:32.578+0000 7f87ee600640 1 --2- 172.21.15.5:0/85072519 >> [v2:172.21.15.5:3300/0,v1:172.21.15.5:6789/0] conn(0x7f87e8107700 0x7f87e8107b00 unknown :-1 s=CLOSED pgs=49 cs=0 l=1 rev1=1 crypto rx=0 tx=0 comp rx=0 tx=0).stop
2024-07-29T00:07:33.446 INFO:teuthology.orchestra.run.smithi005.stdout:/usr/bin/ceph: stderr
2024-07-29T00:07:32.578+0000 7f87ee600640 1 -- 172.21.15.5:0/85072519 >> 172.21.15.5:0/85072519 conn(0x7f87e8102f10 msgr2=0x7f87e8105330 unknown :-1 s=STATE_NONE l=0).mark_down
2024-07-29T00:07:33.447 INFO:teuthology.orchestra.run.smithi005.stdout:/usr/bin/ceph: stderr
2024-07-29T00:07:32.578+0000 7f87ee600640 1 -- 172.21.15.5:0/85072519 shutdown_connections
2024-07-29T00:07:33.447 INFO:teuthology.orchestra.run.smithi005.stdout:/usr/bin/ceph: stderr
2024-07-29T00:07:32.578+0000 7f87ee600640 1 -- 172.21.15.5:0/85072519 wait complete.
2024-07-29T00:07:33.447 INFO:teuthology.orchestra.run.smithi005.stdout:/usr/bin/ceph: stderr
2024-07-29T00:07:32.579+0000 7f87ee600640 1 Processor -- start
2024-07-29T00:07:33.447 INFO:teuthology.orchestra.run.smithi005.stdout:/usr/bin/ceph: stderr
2024-07-29T00:07:32.579+0000 7f87ee600640 1 -- start start
2024-07-29T00:07:33.447 INFO:teuthology.orchestra.run.smithi005.stdout:/usr/bin/ceph: stderr
2024-07-29T00:07:32.579+0000 7f87ee600640 1 --2- >> [v2:172.21.15.5:3300/0,v1:172.21.15.5:6789/0] conn(0x7f87e8107700 0x7f87e819d960 unknown :-1 s=NONE pgs=0 cs=0 l=1 rev1=0 crypto rx=0 tx=0 comp rx=0 tx=0).connect
2024-07-29T00:07:33.447 INFO:teuthology.orchestra.run.smithi005.stdout:/usr/bin/ceph: stderr
2024-07-29T00:07:32.579+0000 7f87ee600640 1 -- --> [v2:172.21.15.5:3300/0,v1:172.21.15.5:6789/0] -- mon_getmap magic: 0 -- 0x7f87e810bcb0 con 0x7f87e8107700
2024-07-29T00:07:33.447 INFO:teuthology.orchestra.run.smithi005.stdout:/usr/bin/ceph: stderr
2024-07-29T00:07:32.580+0000 7f87e7400640 1 --2- >> [v2:172.21.15.5:3300/0,v1:172.21.15.5:6789/0] conn(0x7f87e8107700 0x7f87e819d960 unknown :-1 s=BANNER_CONNECTING pgs=0 cs=0 l=1 rev1=0 crypto rx=0 tx=0 comp rx=0 tx=0)._handle_peer_banner_payload supported=3 required=0
2024-07-29T00:07:33.447 INFO:teuthology.orchestra.run.smithi005.stdout:/usr/bin/ceph: stderr
2024-07-29T00:07:32.580+0000 7f87e7400640 1 --2- >> [v2:172.21.15.5:3300/0,v1:172.21.15.5:6789/0] conn(0x7f87e8107700 0x7f87e819d960 unknown :-1 s=HELLO_CONNECTING pgs=0 cs=0 l=1 rev1=1 crypto rx=0 tx=0 comp rx=0 tx=0).handle_hello peer v2:172.21.15.5:3300/0 says I am v2:172.21.15.5:38364/0 (socket says 172.21.15.5:38364)
2024-07-29T00:07:33.447 INFO:teuthology.orchestra.run.smithi005.stdout:/usr/bin/ceph: stderr
2024-07-29T00:07:32.580+0000 7f87e7400640 1 -- 172.21.15.5:0/1182111532 learned_addr learned my addr 172.21.15.5:0/1182111532 (peer_addr_for_me v2:172.21.15.5:0/0)
2024-07-29T00:07:33.447 INFO:teuthology.orchestra.run.smithi005.stdout:/usr/bin/ceph: stderr
2024-07-29T00:07:32.580+0000 7f87e7400640 1 -- 172.21.15.5:0/1182111532 --> [v2:172.21.15.5:3300/0,v1:172.21.15.5:6789/0] -- mon_subscribe({config=0+,monmap=0+}) -- 0x7f87e819dea0 con 0x7f87e8107700
2024-07-29T00:07:33.447 INFO:teuthology.orchestra.run.smithi005.stdout:/usr/bin/ceph: stderr
2024-07-29T00:07:32.581+0000 7f87e7400640 1 --2- 172.21.15.5:0/1182111532 >> [v2:172.21.15.5:3300/0,v1:172.21.15.5:6789/0] conn(0x7f87e8107700 0x7f87e819d960 secure :-1 s=READY pgs=50 cs=0 l=1 rev1=1 crypto rx=0x7f87d80097f0 tx=0x7f87d8032e80 comp rx=0 tx=0).ready entity=mon.0 client_cookie=0 server_cookie=0 in_seq=0 out_seq=0
2024-07-29T00:07:33.447 INFO:teuthology.orchestra.run.smithi005.stdout:/usr/bin/ceph: stderr
2024-07-29T00:07:32.581+0000 7f87dfe00640 1 -- 172.21.15.5:0/1182111532 <== mon.0 v2:172.21.15.5:3300/0 1 ==== mon_map magic: 0 ==== 205+0+0 (secure 0 0 0) 0x7f87d8042070 con 0x7f87e8107700
2024-07-29T00:07:33.448 INFO:teuthology.orchestra.run.smithi005.stdout:/usr/bin/ceph: stderr
2024-07-29T00:07:32.581+0000 7f87dfe00640 1 -- 172.21.15.5:0/1182111532 <== mon.0 v2:172.21.15.5:3300/0 2 ==== config(29 keys) ==== 1209+0+0 (secure 0 0 0) 0x7f87d80326c0 con 0x7f87e8107700
2024-07-29T00:07:33.448 INFO:teuthology.orchestra.run.smithi005.stdout:/usr/bin/ceph: stderr
2024-07-29T00:07:32.581+0000 7f87dfe00640 1 -- 172.21.15.5:0/1182111532 <== mon.0 v2:172.21.15.5:3300/0 3 ==== mon_map magic: 0 ==== 205+0+0 (secure 0 0 0) 0x7f87d8037040 con 0x7f87e8107700
2024-07-29T00:07:33.448 INFO:teuthology.orchestra.run.smithi005.stdout:/usr/bin/ceph: stderr
2024-07-29T00:07:32.581+0000 7f87ee600640 1 -- 172.21.15.5:0/1182111532 --> [v2:172.21.15.5:3300/0,v1:172.21.15.5:6789/0] -- mon_subscribe({mgrmap=0+}) -- 0x7f87e819e130 con 0x7f87e8107700
2024-07-29T00:07:33.448 INFO:teuthology.orchestra.run.smithi005.stdout:/usr/bin/ceph: stderr
2024-07-29T00:07:32.581+0000 7f87ee600640 1 -- 172.21.15.5:0/1182111532 --> [v2:172.21.15.5:3300/0,v1:172.21.15.5:6789/0] -- mon_subscribe({osdmap=0}) -- 0x7f87e81a0e20 con 0x7f87e8107700
2024-07-29T00:07:33.448 INFO:teuthology.orchestra.run.smithi005.stdout:/usr/bin/ceph: stderr
2024-07-29T00:07:32.583+0000 7f87dfe00640 1 -- 172.21.15.5:0/1182111532 <== mon.0 v2:172.21.15.5:3300/0 4 ==== mgrmap(e 8) ==== 46287+0+0 (secure 0 0 0) 0x7f87d8045070 con 0x7f87e8107700
2024-07-29T00:07:33.448 INFO:teuthology.orchestra.run.smithi005.stdout:/usr/bin/ceph: stderr
2024-07-29T00:07:32.583+0000 7f87ee600640 1 -- 172.21.15.5:0/1182111532 --> [v2:172.21.15.5:3300/0,v1:172.21.15.5:6789/0] -- mon_command({"prefix": "get_command_descriptions"} v 0) -- 0x7f87e8107b00 con 0x7f87e8107700
2024-07-29T00:07:33.448 INFO:teuthology.orchestra.run.smithi005.stdout:/usr/bin/ceph: stderr
2024-07-29T00:07:32.583+0000 7f87dfe00640 1 --2- 172.21.15.5:0/1182111532 >> [v2:172.21.15.5:6800/1246422079,v1:172.21.15.5:6801/1246422079] conn(0x7f87cc038f70 0x7f87cc03b430 unknown :-1 s=NONE pgs=0 cs=0 l=1 rev1=0 crypto rx=0 tx=0 comp rx=0 tx=0).connect
2024-07-29T00:07:33.448 INFO:teuthology.orchestra.run.smithi005.stdout:/usr/bin/ceph: stderr
2024-07-29T00:07:32.583+0000 7f87dfe00640 1 -- 172.21.15.5:0/1182111532 <== mon.0 v2:172.21.15.5:3300/0 5 ==== osd_map(2..2 src has 1..2) ==== 940+0+0 (secure 0 0 0) 0x7f87d806c0f0 con 0x7f87e8107700
2024-07-29T00:07:33.448 INFO:teuthology.orchestra.run.smithi005.stdout:/usr/bin/ceph: stderr
2024-07-29T00:07:32.584+0000 7f87e6a00640 1 --2- 172.21.15.5:0/1182111532 >> [v2:172.21.15.5:6800/1246422079,v1:172.21.15.5:6801/1246422079] conn(0x7f87cc038f70 0x7f87cc03b430 unknown :-1 s=BANNER_CONNECTING pgs=0 cs=0 l=1 rev1=0 crypto rx=0 tx=0 comp rx=0 tx=0)._handle_peer_banner_payload supported=3 required=0
2024-07-29T00:07:33.448 INFO:teuthology.orchestra.run.smithi005.stdout:/usr/bin/ceph: stderr
2024-07-29T00:07:32.585+0000 7f87e6a00640 1 --2- 172.21.15.5:0/1182111532 >> [v2:172.21.15.5:6800/1246422079,v1:172.21.15.5:6801/1246422079] conn(0x7f87cc038f70 0x7f87cc03b430 secure :-1 s=READY pgs=14 cs=0 l=1 rev1=1 crypto rx=0x7f87d40098c0 tx=0x7f87d4006db0 comp rx=0 tx=0).ready entity=mgr.14118 client_cookie=0 server_cookie=0 in_seq=0 out_seq=0
2024-07-29T00:07:33.448 INFO:teuthology.orchestra.run.smithi005.stdout:/usr/bin/ceph: stderr
2024-07-29T00:07:32.589+0000 7f87dfe00640 1 -- 172.21.15.5:0/1182111532 <== mon.0 v2:172.21.15.5:3300/0 6 ==== mon_command_ack([{"prefix": "get_command_descriptions"}]=0 v0) ==== 72+0+187871 (secure 0 0 0) 0x7f87d804b170 con 0x7f87e8107700
2024-07-29T00:07:33.448 INFO:teuthology.orchestra.run.smithi005.stdout:/usr/bin/ceph: stderr
2024-07-29T00:07:32.785+0000 7f87ee600640 1 -- 172.21.15.5:0/1182111532 --> [v2:172.21.15.5:3300/0,v1:172.21.15.5:6789/0] -- mon_command([{prefix=config set, name=mgr/cephadm/container_init}] v 0) -- 0x7f87e81a1410 con 0x7f87e8107700
2024-07-29T00:07:33.449 INFO:teuthology.orchestra.run.smithi005.stdout:/usr/bin/ceph: stderr
2024-07-29T00:07:32.788+0000 7f87dfe00640 1 -- 172.21.15.5:0/1182111532 <== mon.0 v2:172.21.15.5:3300/0 7 ==== mon_command_ack([{prefix=config set, name=mgr/cephadm/container_init}]=0 v7)=0 v7) ==== 142+0+0 (secure 0 0 0) 0x7f87d803c970 con 0x7f87e8107700
2024-07-29T00:07:33.449 INFO:teuthology.orchestra.run.smithi005.stdout:/usr/bin/ceph: stderr
2024-07-29T00:07:32.791+0000 7f87ee600640 1 -- 172.21.15.5:0/1182111532 >> [v2:172.21.15.5:6800/1246422079,v1:172.21.15.5:6801/1246422079] conn(0x7f87cc038f70 msgr2=0x7f87cc03b430 secure :-1 s=STATE_CONNECTION_ESTABLISHED l=1).mark_down
2024-07-29T00:07:33.449 INFO:teuthology.orchestra.run.smithi005.stdout:/usr/bin/ceph: stderr
2024-07-29T00:07:32.791+0000 7f87ee600640 1 --2- 172.21.15.5:0/1182111532 >> [v2:172.21.15.5:6800/1246422079,v1:172.21.15.5:6801/1246422079] conn(0x7f87cc038f70 0x7f87cc03b430 secure :-1 s=READY pgs=14 cs=0 l=1 rev1=1 crypto rx=0x7f87d40098c0 tx=0x7f87d4006db0 comp rx=0 tx=0).stop
2024-07-29T00:07:33.449 INFO:teuthology.orchestra.run.smithi005.stdout:/usr/bin/ceph: stderr
2024-07-29T00:07:32.791+0000 7f87ee600640 1 -- 172.21.15.5:0/1182111532 >> [v2:172.21.15.5:3300/0,v1:172.21.15.5:6789/0] conn(0x7f87e8107700 msgr2=0x7f87e819d960 secure :-1 s=STATE_CONNECTION_ESTABLISHED l=1).mark_down
2024-07-29T00:07:33.449 INFO:teuthology.orchestra.run.smithi005.stdout:/usr/bin/ceph: stderr
2024-07-29T00:07:32.791+0000 7f87ee600640 1 --2- 172.21.15.5:0/1182111532 >> [v2:172.21.15.5:3300/0,v1:172.21.15.5:6789/0] conn(0x7f87e8107700 0x7f87e819d960 secure :-1 s=READY pgs=50 cs=0 l=1 rev1=1 crypto rx=0x7f87d80097f0 tx=0x7f87d8032e80 comp rx=0 tx=0).stop
2024-07-29T00:07:33.449 INFO:teuthology.orchestra.run.smithi005.stdout:/usr/bin/ceph: stderr
2024-07-29T00:07:32.791+0000 7f87ee600640 1 -- 172.21.15.5:0/1182111532 shutdown_connections
2024-07-29T00:07:33.449 INFO:teuthology.orchestra.run.smithi005.stdout:/usr/bin/ceph: stderr
2024-07-29T00:07:32.791+0000 7f87ee600640 1 --2- 172.21.15.5:0/1182111532 >> [v2:172.21.15.5:6800/1246422079,v1:172.21.15.5:6801/1246422079] conn(0x7f87cc038f70 0x7f87cc03b430 unknown :-1 s=CLOSED pgs=14 cs=0 l=1 rev1=1 crypto rx=0 tx=0 comp rx=0 tx=0).stop
2024-07-29T00:07:33.449 INFO:teuthology.orchestra.run.smithi005.stdout:/usr/bin/ceph: stderr
2024-07-29T00:07:32.791+0000 7f87ee600640 1 --2- 172.21.15.5:0/1182111532 >> [v2:172.21.15.5:3300/0,v1:172.21.15.5:6789/0] conn(0x7f87e8107700 0x7f87e819d960 unknown :-1 s=CLOSED pgs=50 cs=0 l=1 rev1=1 crypto rx=0 tx=0 comp rx=0 tx=0).stop
2024-07-29T00:07:33.449 INFO:teuthology.orchestra.run.smithi005.stdout:/usr/bin/ceph: stderr
2024-07-29T00:07:32.791+0000 7f87ee600640 1 -- 172.21.15.5:0/1182111532 >> 172.21.15.5:0/1182111532 conn(0x7f87e8102f10 msgr2=0x7f87e8103970 unknown :-1 s=STATE_NONE l=0).mark_down
2024-07-29T00:07:33.449 INFO:teuthology.orchestra.run.smithi005.stdout:/usr/bin/ceph: stderr
2024-07-29T00:07:32.791+0000 7f87ee600640 1 -- 172.21.15.5:0/1182111532 shutdown_connections
2024-07-29T00:07:33.449 INFO:teuthology.orchestra.run.smithi005.stdout:/usr/bin/ceph: stderr
2024-07-29T00:07:32.792+0000 7f87ee600640 1 -- 172.21.15.5:0/1182111532 wait complete.
2024-07-29T00:07:34.459 INFO:journalctl@ceph.mon.a.smithi005.stdout:Jul 29 00:07:34 smithi005 ceph-mon[32301]: pgmap v3: 0 pgs: ; 0 B data, 0 B used, 0 B / 0 B avail
2024-07-29T00:07:35.365 INFO:teuthology.orchestra.run.smithi005.stdout:/usr/bin/ceph: stderr
2024-07-29T00:07:34.025+0000 7f08a9200640 1 Processor -- start
2024-07-29T00:07:35.365 INFO:teuthology.orchestra.run.smithi005.stdout:/usr/bin/ceph: stderr
2024-07-29T00:07:34.025+0000 7f08a9200640 1 -- start start
2024-07-29T00:07:35.365 INFO:teuthology.orchestra.run.smithi005.stdout:/usr/bin/ceph: stderr
2024-07-29T00:07:34.026+0000 7f08a9200640 1 --2- >> [v2:172.21.15.5:3300/0,v1:172.21.15.5:6789/0] conn(0x7f08a407ccc0 0x7f08a407b120 unknown :-1 s=NONE pgs=0 cs=0 l=0 rev1=0 crypto rx=0 tx=0 comp rx=0 tx=0).connect
2024-07-29T00:07:35.365 INFO:teuthology.orchestra.run.smithi005.stdout:/usr/bin/ceph: stderr
2024-07-29T00:07:34.026+0000 7f08a9200640 1 -- --> [v2:172.21.15.5:3300/0,v1:172.21.15.5:6789/0] -- mon_getmap magic: 0 -- 0x7f08a407b660 con 0x7f08a407ccc0
2024-07-29T00:07:35.365 INFO:teuthology.orchestra.run.smithi005.stdout:/usr/bin/ceph: stderr
2024-07-29T00:07:34.026+0000 7f08a3400640 1 --2- >> [v2:172.21.15.5:3300/0,v1:172.21.15.5:6789/0] conn(0x7f08a407ccc0 0x7f08a407b120 unknown :-1 s=BANNER_CONNECTING pgs=0 cs=0 l=0 rev1=0 crypto rx=0 tx=0 comp rx=0 tx=0)._handle_peer_banner_payload supported=3 required=0
2024-07-29T00:07:35.365 INFO:teuthology.orchestra.run.smithi005.stdout:/usr/bin/ceph: stderr
2024-07-29T00:07:34.026+0000 7f08a3400640 1 --2- >> [v2:172.21.15.5:3300/0,v1:172.21.15.5:6789/0] conn(0x7f08a407ccc0 0x7f08a407b120 unknown :-1 s=HELLO_CONNECTING pgs=0 cs=0 l=0 rev1=1 crypto rx=0 tx=0 comp rx=0 tx=0).handle_hello peer v2:172.21.15.5:3300/0 says I am v2:172.21.15.5:38374/0 (socket says 172.21.15.5:38374)
2024-07-29T00:07:35.367 INFO:teuthology.orchestra.run.smithi005.stdout:/usr/bin/ceph: stderr
2024-07-29T00:07:34.026+0000 7f08a3400640 1 -- 172.21.15.5:0/2893195662 learned_addr learned my addr 172.21.15.5:0/2893195662 (peer_addr_for_me v2:172.21.15.5:0/0)
2024-07-29T00:07:35.367 INFO:teuthology.orchestra.run.smithi005.stdout:/usr/bin/ceph: stderr
2024-07-29T00:07:34.027+0000 7f08a3400640 1 -- 172.21.15.5:0/2893195662 --> [v2:172.21.15.5:3300/0,v1:172.21.15.5:6789/0] -- mon_subscribe({config=0+,monmap=0+}) -- 0x7f08a407b7e0 con 0x7f08a407ccc0
2024-07-29T00:07:35.367 INFO:teuthology.orchestra.run.smithi005.stdout:/usr/bin/ceph: stderr
2024-07-29T00:07:34.029+0000 7f08a3400640 1 --2- 172.21.15.5:0/2893195662 >> [v2:172.21.15.5:3300/0,v1:172.21.15.5:6789/0] conn(0x7f08a407ccc0 0x7f08a407b120 secure :-1 s=READY pgs=51 cs=0 l=1 rev1=1 crypto rx=0x7f0894009820 tx=0x7f089402a270 comp rx=0 tx=0).ready entity=mon.0 client_cookie=218629b95825740 server_cookie=0 in_seq=0 out_seq=0
2024-07-29T00:07:35.367 INFO:teuthology.orchestra.run.smithi005.stdout:/usr/bin/ceph: stderr
2024-07-29T00:07:34.029+0000 7f08a2000640 1 -- 172.21.15.5:0/2893195662 <== mon.0 v2:172.21.15.5:3300/0 1 ==== mon_map magic: 0 ==== 205+0+0 (secure 0 0 0) 0x7f0894037070 con 0x7f08a407ccc0
2024-07-29T00:07:35.367 INFO:teuthology.orchestra.run.smithi005.stdout:/usr/bin/ceph: stderr
2024-07-29T00:07:34.029+0000 7f08a2000640 1 -- 172.21.15.5:0/2893195662 <== mon.0 v2:172.21.15.5:3300/0 2 ==== config(29 keys) ==== 1209+0+0 (secure 0 0 0) 0x7f0894032960 con 0x7f08a407ccc0
2024-07-29T00:07:35.367 INFO:teuthology.orchestra.run.smithi005.stdout:/usr/bin/ceph: stderr
2024-07-29T00:07:34.029+0000 7f08a2000640 1 -- 172.21.15.5:0/2893195662 <== mon.0 v2:172.21.15.5:3300/0 3 ==== mon_map magic: 0 ==== 205+0+0 (secure 0 0 0) 0x7f0894030980 con 0x7f08a407ccc0
2024-07-29T00:07:35.367 INFO:teuthology.orchestra.run.smithi005.stdout:/usr/bin/ceph: stderr
2024-07-29T00:07:34.030+0000 7f08a9200640 1 -- 172.21.15.5:0/2893195662 >> [v2:172.21.15.5:3300/0,v1:172.21.15.5:6789/0] conn(0x7f08a407ccc0 msgr2=0x7f08a407b120 secure :-1 s=STATE_CONNECTION_ESTABLISHED l=1).mark_down
2024-07-29T00:07:35.367 INFO:teuthology.orchestra.run.smithi005.stdout:/usr/bin/ceph: stderr
2024-07-29T00:07:34.030+0000 7f08a9200640 1 --2- 172.21.15.5:0/2893195662 >> [v2:172.21.15.5:3300/0,v1:172.21.15.5:6789/0] conn(0x7f08a407ccc0 0x7f08a407b120 secure :-1 s=READY pgs=51 cs=0 l=1 rev1=1 crypto rx=0x7f0894009820 tx=0x7f089402a270 comp rx=0 tx=0).stop
2024-07-29T00:07:35.368 INFO:teuthology.orchestra.run.smithi005.stdout:/usr/bin/ceph: stderr
2024-07-29T00:07:34.030+0000 7f08a9200640 1 -- 172.21.15.5:0/2893195662 shutdown_connections
2024-07-29T00:07:35.368 INFO:teuthology.orchestra.run.smithi005.stdout:/usr/bin/ceph: stderr
2024-07-29T00:07:34.030+0000 7f08a9200640 1 --2- 172.21.15.5:0/2893195662 >> [v2:172.21.15.5:3300/0,v1:172.21.15.5:6789/0] conn(0x7f08a407ccc0 0x7f08a407b120 unknown :-1 s=CLOSED pgs=51 cs=0 l=1 rev1=1 crypto rx=0 tx=0 comp rx=0 tx=0).stop
2024-07-29T00:07:35.368 INFO:teuthology.orchestra.run.smithi005.stdout:/usr/bin/ceph: stderr
2024-07-29T00:07:34.030+0000 7f08a9200640 1 -- 172.21.15.5:0/2893195662 >> 172.21.15.5:0/2893195662 conn(0x7f08a4102d00 msgr2=0x7f08a4105120 unknown :-1 s=STATE_NONE l=0).mark_down
2024-07-29T00:07:35.368 INFO:teuthology.orchestra.run.smithi005.stdout:/usr/bin/ceph: stderr
2024-07-29T00:07:34.030+0000 7f08a9200640 1 -- 172.21.15.5:0/2893195662 shutdown_connections
2024-07-29T00:07:35.371 INFO:teuthology.orchestra.run.smithi005.stdout:/usr/bin/ceph: stderr
2024-07-29T00:07:34.031+0000 7f08a9200640 1 -- 172.21.15.5:0/2893195662 wait complete.
2024-07-29T00:07:35.371 INFO:teuthology.orchestra.run.smithi005.stdout:/usr/bin/ceph: stderr
2024-07-29T00:07:34.031+0000 7f08a9200640 1 Processor -- start
2024-07-29T00:07:35.371 INFO:teuthology.orchestra.run.smithi005.stdout:/usr/bin/ceph: stderr
2024-07-29T00:07:34.032+0000 7f08a9200640 1 -- start start
2024-07-29T00:07:35.371 INFO:teuthology.orchestra.run.smithi005.stdout:/usr/bin/ceph: stderr
2024-07-29T00:07:34.032+0000 7f08a9200640 1 --2- >> [v2:172.21.15.5:3300/0,v1:172.21.15.5:6789/0] conn(0x7f08a407ccc0 0x7f08a419d730 unknown :-1 s=NONE pgs=0 cs=0 l=1 rev1=0 crypto rx=0 tx=0 comp rx=0 tx=0).connect
2024-07-29T00:07:35.371 INFO:teuthology.orchestra.run.smithi005.stdout:/usr/bin/ceph: stderr
2024-07-29T00:07:34.032+0000 7f08a9200640 1 -- --> [v2:172.21.15.5:3300/0,v1:172.21.15.5:6789/0] -- mon_getmap magic: 0 -- 0x7f08a410dc20 con 0x7f08a407ccc0
2024-07-29T00:07:35.371 INFO:teuthology.orchestra.run.smithi005.stdout:/usr/bin/ceph: stderr
2024-07-29T00:07:34.032+0000 7f08a3400640 1 --2- >> [v2:172.21.15.5:3300/0,v1:172.21.15.5:6789/0] conn(0x7f08a407ccc0 0x7f08a419d730 unknown :-1 s=BANNER_CONNECTING pgs=0 cs=0 l=1 rev1=0 crypto rx=0 tx=0 comp rx=0 tx=0)._handle_peer_banner_payload supported=3 required=0
2024-07-29T00:07:35.371 INFO:teuthology.orchestra.run.smithi005.stdout:/usr/bin/ceph: stderr
2024-07-29T00:07:34.032+0000 7f08a3400640 1 --2- >> [v2:172.21.15.5:3300/0,v1:172.21.15.5:6789/0] conn(0x7f08a407ccc0 0x7f08a419d730 unknown :-1 s=HELLO_CONNECTING pgs=0 cs=0 l=1 rev1=1 crypto rx=0 tx=0 comp rx=0 tx=0).handle_hello peer v2:172.21.15.5:3300/0 says I am v2:172.21.15.5:38388/0 (socket says 172.21.15.5:38388)
2024-07-29T00:07:35.371 INFO:teuthology.orchestra.run.smithi005.stdout:/usr/bin/ceph: stderr
2024-07-29T00:07:34.032+0000 7f08a3400640 1 -- 172.21.15.5:0/2459091123 learned_addr learned my addr 172.21.15.5:0/2459091123 (peer_addr_for_me v2:172.21.15.5:0/0)
2024-07-29T00:07:35.371 INFO:teuthology.orchestra.run.smithi005.stdout:/usr/bin/ceph: stderr
2024-07-29T00:07:34.033+0000 7f08a3400640 1 -- 172.21.15.5:0/2459091123 --> [v2:172.21.15.5:3300/0,v1:172.21.15.5:6789/0] -- mon_subscribe({config=0+,monmap=0+}) -- 0x7f08a419dc70 con 0x7f08a407ccc0
2024-07-29T00:07:35.371 INFO:teuthology.orchestra.run.smithi005.stdout:/usr/bin/ceph: stderr
2024-07-29T00:07:34.033+0000 7f08a3400640 1 --2- 172.21.15.5:0/2459091123 >> [v2:172.21.15.5:3300/0,v1:172.21.15.5:6789/0] conn(0x7f08a407ccc0 0x7f08a419d730 secure :-1 s=READY pgs=52 cs=0 l=1 rev1=1 crypto rx=0x7f0894032e80 tx=0x7f0894032eb0 comp rx=0 tx=0).ready entity=mon.0 client_cookie=0 server_cookie=0 in_seq=0 out_seq=0
2024-07-29T00:07:35.372 INFO:teuthology.orchestra.run.smithi005.stdout:/usr/bin/ceph: stderr
2024-07-29T00:07:34.033+0000 7f089be00640 1 -- 172.21.15.5:0/2459091123 <== mon.0 v2:172.21.15.5:3300/0 1 ==== mon_map magic: 0 ==== 205+0+0 (secure 0 0 0) 0x7f0894042070 con 0x7f08a407ccc0
2024-07-29T00:07:35.372 INFO:teuthology.orchestra.run.smithi005.stdout:/usr/bin/ceph: stderr
2024-07-29T00:07:34.033+0000 7f089be00640 1 -- 172.21.15.5:0/2459091123 <== mon.0 v2:172.21.15.5:3300/0 2 ==== config(29 keys) ==== 1209+0+0 (secure 0 0 0) 0x7f08940326c0 con 0x7f08a407ccc0
2024-07-29T00:07:35.372 INFO:teuthology.orchestra.run.smithi005.stdout:/usr/bin/ceph: stderr
2024-07-29T00:07:34.033+0000 7f089be00640 1 -- 172.21.15.5:0/2459091123 <== mon.0 v2:172.21.15.5:3300/0 3 ==== mon_map magic: 0 ==== 205+0+0 (secure 0 0 0) 0x7f0894037040 con 0x7f08a407ccc0
2024-07-29T00:07:35.372 INFO:teuthology.orchestra.run.smithi005.stdout:/usr/bin/ceph: stderr
2024-07-29T00:07:34.033+0000 7f08a9200640 1 -- 172.21.15.5:0/2459091123 --> [v2:172.21.15.5:3300/0,v1:172.21.15.5:6789/0] -- mon_subscribe({mgrmap=0+}) -- 0x7f08a419df00 con 0x7f08a407ccc0
2024-07-29T00:07:35.372 INFO:teuthology.orchestra.run.smithi005.stdout:/usr/bin/ceph: stderr
2024-07-29T00:07:34.034+0000 7f08a9200640 1 -- 172.21.15.5:0/2459091123 --> [v2:172.21.15.5:3300/0,v1:172.21.15.5:6789/0] -- mon_subscribe({osdmap=0}) -- 0x7f08a41a0bf0 con 0x7f08a407ccc0
2024-07-29T00:07:35.372 INFO:teuthology.orchestra.run.smithi005.stdout:/usr/bin/ceph: stderr
2024-07-29T00:07:34.035+0000 7f089be00640 1 -- 172.21.15.5:0/2459091123 <== mon.0 v2:172.21.15.5:3300/0 4 ==== mgrmap(e 8) ==== 46287+0+0 (secure 0 0 0) 0x7f0894045070 con 0x7f08a407ccc0
2024-07-29T00:07:35.372 INFO:teuthology.orchestra.run.smithi005.stdout:/usr/bin/ceph: stderr
2024-07-29T00:07:34.035+0000 7f08a9200640 1 -- 172.21.15.5:0/2459091123 --> [v2:172.21.15.5:3300/0,v1:172.21.15.5:6789/0] -- mon_command({"prefix": "get_command_descriptions"} v 0) -- 0x7f08a407b120 con 0x7f08a407ccc0
2024-07-29T00:07:35.372 INFO:teuthology.orchestra.run.smithi005.stdout:/usr/bin/ceph: stderr
2024-07-29T00:07:34.035+0000 7f089be00640 1 --2- 172.21.15.5:0/2459091123 >> [v2:172.21.15.5:6800/1246422079,v1:172.21.15.5:6801/1246422079] conn(0x7f0884038fc0 0x7f088403b480 unknown :-1 s=NONE pgs=0 cs=0 l=1 rev1=0 crypto rx=0 tx=0 comp rx=0 tx=0).connect
2024-07-29T00:07:35.372 INFO:teuthology.orchestra.run.smithi005.stdout:/usr/bin/ceph: stderr
2024-07-29T00:07:34.035+0000 7f089be00640 1 -- 172.21.15.5:0/2459091123 <== mon.0 v2:172.21.15.5:3300/0 5 ==== osd_map(2..2 src has 1..2) ==== 940+0+0 (secure 0 0 0) 0x7f089406c100 con 0x7f08a407ccc0
2024-07-29T00:07:35.372 INFO:teuthology.orchestra.run.smithi005.stdout:/usr/bin/ceph: stderr
2024-07-29T00:07:34.035+0000 7f08a2a00640 1 --2- 172.21.15.5:0/2459091123 >> [v2:172.21.15.5:6800/1246422079,v1:172.21.15.5:6801/1246422079] conn(0x7f0884038fc0 0x7f088403b480 unknown :-1 s=BANNER_CONNECTING pgs=0 cs=0 l=1 rev1=0 crypto rx=0 tx=0 comp rx=0 tx=0)._handle_peer_banner_payload supported=3 required=0
2024-07-29T00:07:35.372 INFO:teuthology.orchestra.run.smithi005.stdout:/usr/bin/ceph: stderr
