2024-07-29T00:07:08.020 INFO:journalctl@ceph.mgr.x.smithi005.stdout:Jul 29 00:07:07 smithi005 ceph-4770c54c-4d3e-11ef-bcc8-c7b262605968-mgr-x[32526]:
2024-07-29T00:07:07.757+0000 7f6e95bda040 -1 mgr[py] Module progress has missing NOTIFY_TYPES member
2024-07-29T00:07:08.020 INFO:journalctl@ceph.mgr.x.smithi005.stdout:Jul 29 00:07:07 smithi005 ceph-4770c54c-4d3e-11ef-bcc8-c7b262605968-mgr-x[32526]:
2024-07-29T00:07:07.831+0000 7f6e95bda040 -1 mgr[py] Module influx has missing NOTIFY_TYPES member
2024-07-29T00:07:09.120 INFO:journalctl@ceph.mon.a.smithi005.stdout:Jul 29 00:07:08 smithi005 ceph-mon[32301]: from='client.? 172.21.15.5:0/2991491491' entity='client.admin' cmd=[{"prefix": "mgr stat"}]: dispatch
2024-07-29T00:07:09.150 INFO:teuthology.orchestra.run.smithi005.stdout:/usr/bin/ceph: stdout {
2024-07-29T00:07:09.150 INFO:teuthology.orchestra.run.smithi005.stdout:/usr/bin/ceph: stdout "epoch": 5,
2024-07-29T00:07:09.156 INFO:teuthology.orchestra.run.smithi005.stdout:/usr/bin/ceph: stdout "available": true,
2024-07-29T00:07:09.156 INFO:teuthology.orchestra.run.smithi005.stdout:/usr/bin/ceph: stdout "active_name": "x",
2024-07-29T00:07:09.156 INFO:teuthology.orchestra.run.smithi005.stdout:/usr/bin/ceph: stdout "num_standby": 0
2024-07-29T00:07:09.156 INFO:teuthology.orchestra.run.smithi005.stdout:/usr/bin/ceph: stdout }
2024-07-29T00:07:09.156 INFO:teuthology.orchestra.run.smithi005.stdout:/usr/bin/ceph: stderr
2024-07-29T00:07:08.233+0000 7fb07b200640 1 Processor -- start
2024-07-29T00:07:09.156 INFO:teuthology.orchestra.run.smithi005.stdout:/usr/bin/ceph: stderr
2024-07-29T00:07:08.233+0000 7fb07b200640 1 -- start start
2024-07-29T00:07:09.156 INFO:teuthology.orchestra.run.smithi005.stdout:/usr/bin/ceph: stderr
2024-07-29T00:07:08.234+0000 7fb07b200640 1 --2- >> [v2:172.21.15.5:3300/0,v1:172.21.15.5:6789/0] conn(0x7fb07c07cd40 0x7fb07c07b1a0 unknown :-1 s=NONE pgs=0 cs=0 l=0 rev1=0 crypto rx=0 tx=0 comp rx=0 tx=0).connect
2024-07-29T00:07:09.156 INFO:teuthology.orchestra.run.smithi005.stdout:/usr/bin/ceph: stderr
2024-07-29T00:07:08.234+0000 7fb07b200640 1 -- --> [v2:172.21.15.5:3300/0,v1:172.21.15.5:6789/0] -- mon_getmap magic: 0 -- 0x7fb07c07b770 con 0x7fb07c07cd40
2024-07-29T00:07:09.156 INFO:teuthology.orchestra.run.smithi005.stdout:/usr/bin/ceph: stderr
2024-07-29T00:07:08.234+0000 7fb079e00640 1 --2- >> [v2:172.21.15.5:3300/0,v1:172.21.15.5:6789/0] conn(0x7fb07c07cd40 0x7fb07c07b1a0 unknown :-1 s=BANNER_CONNECTING pgs=0 cs=0 l=0 rev1=0 crypto rx=0 tx=0 comp rx=0 tx=0)._handle_peer_banner_payload supported=3 required=0
2024-07-29T00:07:09.157 INFO:teuthology.orchestra.run.smithi005.stdout:/usr/bin/ceph: stderr
2024-07-29T00:07:08.234+0000 7fb079e00640 1 --2- >> [v2:172.21.15.5:3300/0,v1:172.21.15.5:6789/0] conn(0x7fb07c07cd40 0x7fb07c07b1a0 unknown :-1 s=HELLO_CONNECTING pgs=0 cs=0 l=0 rev1=1 crypto rx=0 tx=0 comp rx=0 tx=0).handle_hello peer v2:172.21.15.5:3300/0 says I am v2:172.21.15.5:36238/0 (socket says 172.21.15.5:36238)
2024-07-29T00:07:09.157 INFO:teuthology.orchestra.run.smithi005.stdout:/usr/bin/ceph: stderr
2024-07-29T00:07:08.234+0000 7fb079e00640 1 -- 172.21.15.5:0/1971928159 learned_addr learned my addr 172.21.15.5:0/1971928159 (peer_addr_for_me v2:172.21.15.5:0/0)
2024-07-29T00:07:09.157 INFO:teuthology.orchestra.run.smithi005.stdout:/usr/bin/ceph: stderr
2024-07-29T00:07:08.234+0000 7fb079e00640 1 -- 172.21.15.5:0/1971928159 --> [v2:172.21.15.5:3300/0,v1:172.21.15.5:6789/0] -- mon_subscribe({config=0+,monmap=0+}) -- 0x7fb07c07b8f0 con 0x7fb07c07cd40
2024-07-29T00:07:09.157 INFO:teuthology.orchestra.run.smithi005.stdout:/usr/bin/ceph: stderr
2024-07-29T00:07:08.235+0000 7fb079e00640 1 --2- 172.21.15.5:0/1971928159 >> [v2:172.21.15.5:3300/0,v1:172.21.15.5:6789/0] conn(0x7fb07c07cd40 0x7fb07c07b1a0 secure :-1 s=READY pgs=24 cs=0 l=1 rev1=1 crypto rx=0x7fb06c009820 tx=0x7fb06c02a270 comp rx=0 tx=0).ready entity=mon.0 client_cookie=c73c9f959d32fe92 server_cookie=0 in_seq=0 out_seq=0
2024-07-29T00:07:09.157 INFO:teuthology.orchestra.run.smithi005.stdout:/usr/bin/ceph: stderr
2024-07-29T00:07:08.236+0000 7fb078a00640 1 -- 172.21.15.5:0/1971928159 <== mon.0 v2:172.21.15.5:3300/0 1 ==== mon_map magic: 0 ==== 205+0+0 (secure 0 0 0) 0x7fb06c037070 con 0x7fb07c07cd40
2024-07-29T00:07:09.157 INFO:teuthology.orchestra.run.smithi005.stdout:/usr/bin/ceph: stderr
2024-07-29T00:07:08.236+0000 7fb078a00640 1 -- 172.21.15.5:0/1971928159 <== mon.0 v2:172.21.15.5:3300/0 2 ==== config(29 keys) ==== 1178+0+0 (secure 0 0 0) 0x7fb06c032940 con 0x7fb07c07cd40
2024-07-29T00:07:09.157 INFO:teuthology.orchestra.run.smithi005.stdout:/usr/bin/ceph: stderr
2024-07-29T00:07:08.236+0000 7fb078a00640 1 -- 172.21.15.5:0/1971928159 <== mon.0 v2:172.21.15.5:3300/0 3 ==== mon_map magic: 0 ==== 205+0+0 (secure 0 0 0) 0x7fb06c0309c0 con 0x7fb07c07cd40
2024-07-29T00:07:09.157 INFO:teuthology.orchestra.run.smithi005.stdout:/usr/bin/ceph: stderr
2024-07-29T00:07:08.236+0000 7fb07b200640 1 -- 172.21.15.5:0/1971928159 >> [v2:172.21.15.5:3300/0,v1:172.21.15.5:6789/0] conn(0x7fb07c07cd40 msgr2=0x7fb07c07b1a0 secure :-1 s=STATE_CONNECTION_ESTABLISHED l=1).mark_down
2024-07-29T00:07:09.157 INFO:teuthology.orchestra.run.smithi005.stdout:/usr/bin/ceph: stderr
2024-07-29T00:07:08.236+0000 7fb07b200640 1 --2- 172.21.15.5:0/1971928159 >> [v2:172.21.15.5:3300/0,v1:172.21.15.5:6789/0] conn(0x7fb07c07cd40 0x7fb07c07b1a0 secure :-1 s=READY pgs=24 cs=0 l=1 rev1=1 crypto rx=0x7fb06c009820 tx=0x7fb06c02a270 comp rx=0 tx=0).stop
2024-07-29T00:07:09.157 INFO:teuthology.orchestra.run.smithi005.stdout:/usr/bin/ceph: stderr
2024-07-29T00:07:08.237+0000 7fb07b200640 1 -- 172.21.15.5:0/1971928159 shutdown_connections
2024-07-29T00:07:09.157 INFO:teuthology.orchestra.run.smithi005.stdout:/usr/bin/ceph: stderr
2024-07-29T00:07:08.237+0000 7fb07b200640 1 --2- 172.21.15.5:0/1971928159 >> [v2:172.21.15.5:3300/0,v1:172.21.15.5:6789/0] conn(0x7fb07c07cd40 0x7fb07c07b1a0 unknown :-1 s=CLOSED pgs=24 cs=0 l=1 rev1=1 crypto rx=0 tx=0 comp rx=0 tx=0).stop
2024-07-29T00:07:09.157 INFO:teuthology.orchestra.run.smithi005.stdout:/usr/bin/ceph: stderr
2024-07-29T00:07:08.237+0000 7fb07b200640 1 -- 172.21.15.5:0/1971928159 >> 172.21.15.5:0/1971928159 conn(0x7fb07c102d00 msgr2=0x7fb07c105120 unknown :-1 s=STATE_NONE l=0).mark_down
2024-07-29T00:07:09.157 INFO:teuthology.orchestra.run.smithi005.stdout:/usr/bin/ceph: stderr
2024-07-29T00:07:08.237+0000 7fb07b200640 1 -- 172.21.15.5:0/1971928159 shutdown_connections
2024-07-29T00:07:09.158 INFO:teuthology.orchestra.run.smithi005.stdout:/usr/bin/ceph: stderr
2024-07-29T00:07:08.237+0000 7fb07b200640 1 -- 172.21.15.5:0/1971928159 wait complete.
2024-07-29T00:07:09.158 INFO:teuthology.orchestra.run.smithi005.stdout:/usr/bin/ceph: stderr
2024-07-29T00:07:08.238+0000 7fb07b200640 1 Processor -- start
2024-07-29T00:07:09.158 INFO:teuthology.orchestra.run.smithi005.stdout:/usr/bin/ceph: stderr
2024-07-29T00:07:08.238+0000 7fb07b200640 1 -- start start
2024-07-29T00:07:09.158 INFO:teuthology.orchestra.run.smithi005.stdout:/usr/bin/ceph: stderr
2024-07-29T00:07:08.238+0000 7fb07b200640 1 --2- >> [v2:172.21.15.5:3300/0,v1:172.21.15.5:6789/0] conn(0x7fb07c07cd40 0x7fb07c1a1bf0 unknown :-1 s=NONE pgs=0 cs=0 l=1 rev1=0 crypto rx=0 tx=0 comp rx=0 tx=0).connect
2024-07-29T00:07:09.158 INFO:teuthology.orchestra.run.smithi005.stdout:/usr/bin/ceph: stderr
2024-07-29T00:07:08.238+0000 7fb07b200640 1 -- --> [v2:172.21.15.5:3300/0,v1:172.21.15.5:6789/0] -- mon_getmap magic: 0 -- 0x7fb07c1097f0 con 0x7fb07c07cd40
2024-07-29T00:07:09.158 INFO:teuthology.orchestra.run.smithi005.stdout:/usr/bin/ceph: stderr
2024-07-29T00:07:08.239+0000 7fb079e00640 1 --2- >> [v2:172.21.15.5:3300/0,v1:172.21.15.5:6789/0] conn(0x7fb07c07cd40 0x7fb07c1a1bf0 unknown :-1 s=BANNER_CONNECTING pgs=0 cs=0 l=1 rev1=0 crypto rx=0 tx=0 comp rx=0 tx=0)._handle_peer_banner_payload supported=3 required=0
2024-07-29T00:07:09.158 INFO:teuthology.orchestra.run.smithi005.stdout:/usr/bin/ceph: stderr
2024-07-29T00:07:08.239+0000 7fb079e00640 1 --2- >> [v2:172.21.15.5:3300/0,v1:172.21.15.5:6789/0] conn(0x7fb07c07cd40 0x7fb07c1a1bf0 unknown :-1 s=HELLO_CONNECTING pgs=0 cs=0 l=1 rev1=1 crypto rx=0 tx=0 comp rx=0 tx=0).handle_hello peer v2:172.21.15.5:3300/0 says I am v2:172.21.15.5:36240/0 (socket says 172.21.15.5:36240)
2024-07-29T00:07:09.158 INFO:teuthology.orchestra.run.smithi005.stdout:/usr/bin/ceph: stderr
2024-07-29T00:07:08.239+0000 7fb079e00640 1 -- 172.21.15.5:0/2991491491 learned_addr learned my addr 172.21.15.5:0/2991491491 (peer_addr_for_me v2:172.21.15.5:0/0)
2024-07-29T00:07:09.158 INFO:teuthology.orchestra.run.smithi005.stdout:/usr/bin/ceph: stderr
2024-07-29T00:07:08.239+0000 7fb079e00640 1 -- 172.21.15.5:0/2991491491 --> [v2:172.21.15.5:3300/0,v1:172.21.15.5:6789/0] -- mon_subscribe({config=0+,monmap=0+}) -- 0x7fb07c1a2130 con 0x7fb07c07cd40
2024-07-29T00:07:09.158 INFO:teuthology.orchestra.run.smithi005.stdout:/usr/bin/ceph: stderr
2024-07-29T00:07:08.239+0000 7fb079e00640 1 --2- 172.21.15.5:0/2991491491 >> [v2:172.21.15.5:3300/0,v1:172.21.15.5:6789/0] conn(0x7fb07c07cd40 0x7fb07c1a1bf0 secure :-1 s=READY pgs=25 cs=0 l=1 rev1=1 crypto rx=0x7fb06c0097f0 tx=0x7fb06c032e60 comp rx=0 tx=0).ready entity=mon.0 client_cookie=0 server_cookie=0 in_seq=0 out_seq=0
2024-07-29T00:07:09.158 INFO:teuthology.orchestra.run.smithi005.stdout:/usr/bin/ceph: stderr
2024-07-29T00:07:08.240+0000 7fb072a00640 1 -- 172.21.15.5:0/2991491491 <== mon.0 v2:172.21.15.5:3300/0 1 ==== mon_map magic: 0 ==== 205+0+0 (secure 0 0 0) 0x7fb06c042070 con 0x7fb07c07cd40
2024-07-29T00:07:09.158 INFO:teuthology.orchestra.run.smithi005.stdout:/usr/bin/ceph: stderr
2024-07-29T00:07:08.240+0000 7fb072a00640 1 -- 172.21.15.5:0/2991491491 <== mon.0 v2:172.21.15.5:3300/0 2 ==== config(29 keys) ==== 1178+0+0 (secure 0 0 0) 0x7fb06c0325f0 con 0x7fb07c07cd40
2024-07-29T00:07:09.158 INFO:teuthology.orchestra.run.smithi005.stdout:/usr/bin/ceph: stderr
2024-07-29T00:07:08.240+0000 7fb07b200640 1 -- 172.21.15.5:0/2991491491 --> [v2:172.21.15.5:3300/0,v1:172.21.15.5:6789/0] -- mon_subscribe({mgrmap=0+}) -- 0x7fb07c1a23c0 con 0x7fb07c07cd40
2024-07-29T00:07:09.159 INFO:teuthology.orchestra.run.smithi005.stdout:/usr/bin/ceph: stderr
2024-07-29T00:07:08.240+0000 7fb072a00640 1 -- 172.21.15.5:0/2991491491 <== mon.0 v2:172.21.15.5:3300/0 3 ==== mon_map magic: 0 ==== 205+0+0 (secure 0 0 0) 0x7fb06c037040 con 0x7fb07c07cd40
2024-07-29T00:07:09.159 INFO:teuthology.orchestra.run.smithi005.stdout:/usr/bin/ceph: stderr
2024-07-29T00:07:08.240+0000 7fb07b200640 1 -- 172.21.15.5:0/2991491491 --> [v2:172.21.15.5:3300/0,v1:172.21.15.5:6789/0] -- mon_subscribe({osdmap=0}) -- 0x7fb07c1a50b0 con 0x7fb07c07cd40
2024-07-29T00:07:09.159 INFO:teuthology.orchestra.run.smithi005.stdout:/usr/bin/ceph: stderr
2024-07-29T00:07:08.241+0000 7fb072a00640 1 -- 172.21.15.5:0/2991491491 <== mon.0 v2:172.21.15.5:3300/0 4 ==== mgrmap(e 5) ==== 46287+0+0 (secure 0 0 0) 0x7fb06c045070 con 0x7fb07c07cd40
2024-07-29T00:07:09.159 INFO:teuthology.orchestra.run.smithi005.stdout:/usr/bin/ceph: stderr
2024-07-29T00:07:08.241+0000 7fb07b200640 1 -- 172.21.15.5:0/2991491491 --> [v2:172.21.15.5:3300/0,v1:172.21.15.5:6789/0] -- mon_command({"prefix": "get_command_descriptions"} v 0) -- 0x7fb07c07b220 con 0x7fb07c07cd40
2024-07-29T00:07:09.159 INFO:teuthology.orchestra.run.smithi005.stdout:/usr/bin/ceph: stderr
2024-07-29T00:07:08.241+0000 7fb072a00640 1 --2- 172.21.15.5:0/2991491491 >> [v2:172.21.15.5:6800/3744778277,v1:172.21.15.5:6801/3744778277] conn(0x7fb05c038fc0 0x7fb05c03b480 unknown :-1 s=NONE pgs=0 cs=0 l=1 rev1=0 crypto rx=0 tx=0 comp rx=0 tx=0).connect
2024-07-29T00:07:09.159 INFO:teuthology.orchestra.run.smithi005.stdout:/usr/bin/ceph: stderr
2024-07-29T00:07:08.241+0000 7fb072a00640 1 -- 172.21.15.5:0/2991491491 <== mon.0 v2:172.21.15.5:3300/0 5 ==== osd_map(1..1 src has 1..1) ==== 725+0+0 (secure 0 0 0) 0x7fb06c06bf20 con 0x7fb07c07cd40
2024-07-29T00:07:09.159 INFO:teuthology.orchestra.run.smithi005.stdout:/usr/bin/ceph: stderr
2024-07-29T00:07:08.242+0000 7fb079400640 1 -- 172.21.15.5:0/2991491491 >> [v2:172.21.15.5:6800/3744778277,v1:172.21.15.5:6801/3744778277] conn(0x7fb05c038fc0 msgr2=0x7fb05c03b480 unknown :-1 s=STATE_CONNECTING_RE l=1).process reconnect failed to v2:172.21.15.5:6800/3744778277
2024-07-29T00:07:09.159 INFO:teuthology.orchestra.run.smithi005.stdout:/usr/bin/ceph: stderr
2024-07-29T00:07:08.242+0000 7fb079400640 1 --2- 172.21.15.5:0/2991491491 >> [v2:172.21.15.5:6800/3744778277,v1:172.21.15.5:6801/3744778277] conn(0x7fb05c038fc0 0x7fb05c03b480 unknown :-1 s=START_CONNECT pgs=0 cs=0 l=1 rev1=0 crypto rx=0 tx=0 comp rx=0 tx=0)._fault waiting 0.200000
2024-07-29T00:07:09.159 INFO:teuthology.orchestra.run.smithi005.stdout:/usr/bin/ceph: stderr
2024-07-29T00:07:08.246+0000 7fb072a00640 1 -- 172.21.15.5:0/2991491491 <== mon.0 v2:172.21.15.5:3300/0 6 ==== mon_command_ack([{"prefix": "get_command_descriptions"}]=0 v0) ==== 72+0+187871 (secure 0 0 0) 0x7fb06c03ce10 con 0x7fb07c07cd40
2024-07-29T00:07:09.159 INFO:teuthology.orchestra.run.smithi005.stdout:/usr/bin/ceph: stderr
2024-07-29T00:07:08.443+0000 7fb079400640 1 -- 172.21.15.5:0/2991491491 >> [v2:172.21.15.5:6800/3744778277,v1:172.21.15.5:6801/3744778277] conn(0x7fb05c038fc0 msgr2=0x7fb05c03b480 unknown :-1 s=STATE_CONNECTING_RE l=1).process reconnect failed to v2:172.21.15.5:6800/3744778277
2024-07-29T00:07:09.159 INFO:teuthology.orchestra.run.smithi005.stdout:/usr/bin/ceph: stderr
2024-07-29T00:07:08.443+0000 7fb079400640 1 --2- 172.21.15.5:0/2991491491 >> [v2:172.21.15.5:6800/3744778277,v1:172.21.15.5:6801/3744778277] conn(0x7fb05c038fc0 0x7fb05c03b480 unknown :-1 s=START_CONNECT pgs=0 cs=0 l=1 rev1=0 crypto rx=0 tx=0 comp rx=0 tx=0)._fault waiting 0.400000
2024-07-29T00:07:09.159 INFO:teuthology.orchestra.run.smithi005.stdout:/usr/bin/ceph: stderr
2024-07-29T00:07:08.486+0000 7fb07b200640 1 -- 172.21.15.5:0/2991491491 --> [v2:172.21.15.5:3300/0,v1:172.21.15.5:6789/0] -- mon_command({"prefix": "mgr stat"} v 0) -- 0x7fb07c02d820 con 0x7fb07c07cd40
2024-07-29T00:07:09.159 INFO:teuthology.orchestra.run.smithi005.stdout:/usr/bin/ceph: stderr
2024-07-29T00:07:08.487+0000 7fb072a00640 1 -- 172.21.15.5:0/2991491491 <== mon.0 v2:172.21.15.5:3300/0 7 ==== mon_command_ack([{"prefix": "mgr stat"}]=0 v5) ==== 56+0+88 (secure 0 0 0) 0x7fb06c06b940 con 0x7fb07c07cd40
2024-07-29T00:07:09.160 INFO:teuthology.orchestra.run.smithi005.stdout:/usr/bin/ceph: stderr
2024-07-29T00:07:08.489+0000 7fb07b200640 1 -- 172.21.15.5:0/2991491491 >> [v2:172.21.15.5:6800/3744778277,v1:172.21.15.5:6801/3744778277] conn(0x7fb05c038fc0 msgr2=0x7fb05c03b480 unknown :-1 s=STATE_CONNECTING l=1).mark_down
2024-07-29T00:07:09.160 INFO:teuthology.orchestra.run.smithi005.stdout:/usr/bin/ceph: stderr
2024-07-29T00:07:08.489+0000 7fb07b200640 1 --2- 172.21.15.5:0/2991491491 >> [v2:172.21.15.5:6800/3744778277,v1:172.21.15.5:6801/3744778277] conn(0x7fb05c038fc0 0x7fb05c03b480 unknown :-1 s=START_CONNECT pgs=0 cs=0 l=1 rev1=0 crypto rx=0 tx=0 comp rx=0 tx=0).stop
2024-07-29T00:07:09.160 INFO:teuthology.orchestra.run.smithi005.stdout:/usr/bin/ceph: stderr
2024-07-29T00:07:08.489+0000 7fb07b200640 1 -- 172.21.15.5:0/2991491491 >> [v2:172.21.15.5:3300/0,v1:172.21.15.5:6789/0] conn(0x7fb07c07cd40 msgr2=0x7fb07c1a1bf0 secure :-1 s=STATE_CONNECTION_ESTABLISHED l=1).mark_down
2024-07-29T00:07:09.160 INFO:teuthology.orchestra.run.smithi005.stdout:/usr/bin/ceph: stderr
2024-07-29T00:07:08.489+0000 7fb07b200640 1 --2- 172.21.15.5:0/2991491491 >> [v2:172.21.15.5:3300/0,v1:172.21.15.5:6789/0] conn(0x7fb07c07cd40 0x7fb07c1a1bf0 secure :-1 s=READY pgs=25 cs=0 l=1 rev1=1 crypto rx=0x7fb06c0097f0 tx=0x7fb06c032e60 comp rx=0 tx=0).stop
2024-07-29T00:07:09.160 INFO:teuthology.orchestra.run.smithi005.stdout:/usr/bin/ceph: stderr
2024-07-29T00:07:08.490+0000 7fb07b200640 1 -- 172.21.15.5:0/2991491491 shutdown_connections
2024-07-29T00:07:09.160 INFO:teuthology.orchestra.run.smithi005.stdout:/usr/bin/ceph: stderr
2024-07-29T00:07:08.490+0000 7fb07b200640 1 --2- 172.21.15.5:0/2991491491 >> [v2:172.21.15.5:6800/3744778277,v1:172.21.15.5:6801/3744778277] conn(0x7fb05c038fc0 0x7fb05c03b480 unknown :-1 s=CLOSED pgs=0 cs=0 l=1 rev1=0 crypto rx=0 tx=0 comp rx=0 tx=0).stop
2024-07-29T00:07:09.160 INFO:teuthology.orchestra.run.smithi005.stdout:/usr/bin/ceph: stderr
2024-07-29T00:07:08.490+0000 7fb07b200640 1 --2- 172.21.15.5:0/2991491491 >> [v2:172.21.15.5:3300/0,v1:172.21.15.5:6789/0] conn(0x7fb07c07cd40 0x7fb07c1a1bf0 unknown :-1 s=CLOSED pgs=25 cs=0 l=1 rev1=1 crypto rx=0 tx=0 comp rx=0 tx=0).stop
2024-07-29T00:07:09.160 INFO:teuthology.orchestra.run.smithi005.stdout:/usr/bin/ceph: stderr
2024-07-29T00:07:08.490+0000 7fb07b200640 1 -- 172.21.15.5:0/2991491491 >> 172.21.15.5:0/2991491491 conn(0x7fb07c102d00 msgr2=0x7fb07c198800 unknown :-1 s=STATE_NONE l=0).mark_down
2024-07-29T00:07:09.160 INFO:teuthology.orchestra.run.smithi005.stdout:/usr/bin/ceph: stderr
2024-07-29T00:07:08.490+0000 7fb07b200640 1 -- 172.21.15.5:0/2991491491 shutdown_connections
2024-07-29T00:07:09.160 INFO:teuthology.orchestra.run.smithi005.stdout:/usr/bin/ceph: stderr
2024-07-29T00:07:08.490+0000 7fb07b200640 1 -- 172.21.15.5:0/2991491491 wait complete.
2024-07-29T00:07:09.160 INFO:teuthology.orchestra.run.smithi005.stdout:Waiting for the mgr to restart...
2024-07-29T00:07:09.160 INFO:teuthology.orchestra.run.smithi005.stdout:Waiting for mgr epoch 5...
2024-07-29T00:07:09.420 INFO:journalctl@ceph.mgr.x.smithi005.stdout:Jul 29 00:07:09 smithi005 ceph-4770c54c-4d3e-11ef-bcc8-c7b262605968-mgr-x[32526]:
2024-07-29T00:07:09.119+0000 7f6e95bda040 -1 mgr[py] Module telegraf has missing NOTIFY_TYPES member
2024-07-29T00:07:09.421 INFO:journalctl@ceph.mgr.x.smithi005.stdout:Jul 29 00:07:09 smithi005 ceph-4770c54c-4d3e-11ef-bcc8-c7b262605968-mgr-x[32526]:
2024-07-29T00:07:09.269+0000 7f6e95bda040 -1 mgr[py] Module osd_support has missing NOTIFY_TYPES member
2024-07-29T00:07:09.421 INFO:journalctl@ceph.mgr.x.smithi005.stdout:Jul 29 00:07:09 smithi005 ceph-4770c54c-4d3e-11ef-bcc8-c7b262605968-mgr-x[32526]:
2024-07-29T00:07:09.342+0000 7f6e95bda040 -1 mgr[py] Module iostat has missing NOTIFY_TYPES member
2024-07-29T00:07:09.672 INFO:journalctl@ceph.mgr.x.smithi005.stdout:Jul 29 00:07:09 smithi005 ceph-4770c54c-4d3e-11ef-bcc8-c7b262605968-mgr-x[32526]:
2024-07-29T00:07:09.609+0000 7f6e95bda040 -1 mgr[py] Module alerts has missing NOTIFY_TYPES member
2024-07-29T00:07:09.952 INFO:journalctl@ceph.mgr.x.smithi005.stdout:Jul 29 00:07:09 smithi005 ceph-4770c54c-4d3e-11ef-bcc8-c7b262605968-mgr-x[32526]:
2024-07-29T00:07:09.689+0000 7f6e95bda040 -1 mgr[py] Module selftest has missing NOTIFY_TYPES member
2024-07-29T00:07:09.952 INFO:journalctl@ceph.mgr.x.smithi005.stdout:Jul 29 00:07:09 smithi005 ceph-4770c54c-4d3e-11ef-bcc8-c7b262605968-mgr-x[32526]:
2024-07-29T00:07:09.771+0000 7f6e95bda040 -1 mgr[py] Module pg_autoscaler has missing NOTIFY_TYPES member
2024-07-29T00:07:09.952 INFO:journalctl@ceph.mgr.x.smithi005.stdout:Jul 29 00:07:09 smithi005 ceph-4770c54c-4d3e-11ef-bcc8-c7b262605968-mgr-x[32526]:
2024-07-29T00:07:09.951+0000 7f6e95bda040 -1 mgr[py] Module test_orchestrator has missing NOTIFY_TYPES member
2024-07-29T00:07:10.709 INFO:journalctl@ceph.mgr.x.smithi005.stdout:Jul 29 00:07:10 smithi005 ceph-4770c54c-4d3e-11ef-bcc8-c7b262605968-mgr-x[32526]:
2024-07-29T00:07:10.502+0000 7f6e95bda040 -1 mgr[py] Module rook has missing NOTIFY_TYPES member
2024-07-29T00:07:11.143 INFO:journalctl@ceph.mgr.x.smithi005.stdout:Jul 29 00:07:10 smithi005 ceph-4770c54c-4d3e-11ef-bcc8-c7b262605968-mgr-x[32526]:
2024-07-29T00:07:10.880+0000 7f6e95bda040 -1 mgr[py] Module volumes has missing NOTIFY_TYPES member
2024-07-29T00:07:11.143 INFO:journalctl@ceph.mgr.x.smithi005.stdout:Jul 29 00:07:10 smithi005 ceph-4770c54c-4d3e-11ef-bcc8-c7b262605968-mgr-x[32526]:
2024-07-29T00:07:10.962+0000 7f6e95bda040 -1 mgr[py] Module crash has missing NOTIFY_TYPES member
2024-07-29T00:07:11.144 INFO:journalctl@ceph.mgr.x.smithi005.stdout:Jul 29 00:07:11 smithi005 ceph-4770c54c-4d3e-11ef-bcc8-c7b262605968-mgr-x[32526]:
2024-07-29T00:07:11.143+0000 7f6e95bda040 -1 mgr[py] Module rgw has missing NOTIFY_TYPES member
2024-07-29T00:07:11.830 INFO:journalctl@ceph.mgr.x.smithi005.stdout:Jul 29 00:07:11 smithi005 ceph-4770c54c-4d3e-11ef-bcc8-c7b262605968-mgr-x[32526]:
2024-07-29T00:07:11.523+0000 7f6e95bda040 -1 mgr[py] Module prometheus has missing NOTIFY_TYPES member
2024-07-29T00:07:11.830 INFO:journalctl@ceph.mgr.x.smithi005.stdout:Jul 29 00:07:11 smithi005 ceph-4770c54c-4d3e-11ef-bcc8-c7b262605968-mgr-x[32526]:
2024-07-29T00:07:11.599+0000 7f6e95bda040 -1 mgr[py] Module devicehealth has missing NOTIFY_TYPES member
2024-07-29T00:07:11.830 INFO:journalctl@ceph.mgr.x.smithi005.stdout:Jul 29 00:07:11 smithi005 ceph-4770c54c-4d3e-11ef-bcc8-c7b262605968-mgr-x[32526]:
2024-07-29T00:07:11.829+0000 7f6e95bda040 -1 mgr[py] Module telemetry has missing NOTIFY_TYPES member
2024-07-29T00:07:12.101 INFO:journalctl@ceph.mgr.x.smithi005.stdout:Jul 29 00:07:12 smithi005 ceph-4770c54c-4d3e-11ef-bcc8-c7b262605968-mgr-x[32526]:
2024-07-29T00:07:12.021+0000 7f6e95bda040 -1 mgr[py] Module diskprediction_local has missing NOTIFY_TYPES member
2024-07-29T00:07:12.459 INFO:journalctl@ceph.mgr.x.smithi005.stdout:Jul 29 00:07:12 smithi005 ceph-4770c54c-4d3e-11ef-bcc8-c7b262605968-mgr-x[32526]:
2024-07-29T00:07:12.101+0000 7f6e95bda040 -1 mgr[py] Module osd_perf_query has missing NOTIFY_TYPES member
2024-07-29T00:07:12.460 INFO:journalctl@ceph.mgr.x.smithi005.stdout:Jul 29 00:07:12 smithi005 ceph-4770c54c-4d3e-11ef-bcc8-c7b262605968-mgr-x[32526]:
2024-07-29T00:07:12.203+0000 7f6e95bda040 -1 mgr[py] Module rbd_support has missing NOTIFY_TYPES member
2024-07-29T00:07:12.460 INFO:journalctl@ceph.mgr.x.smithi005.stdout:Jul 29 00:07:12 smithi005 ceph-4770c54c-4d3e-11ef-bcc8-c7b262605968-mgr-x[32526]:
2024-07-29T00:07:12.276+0000 7f6e95bda040 -1 mgr[py] Module zabbix has missing NOTIFY_TYPES member
2024-07-29T00:07:12.960 INFO:journalctl@ceph.mgr.x.smithi005.stdout:Jul 29 00:07:12 smithi005 ceph-4770c54c-4d3e-11ef-bcc8-c7b262605968-mgr-x[32526]:
2024-07-29T00:07:12.923+0000 7f6e95bda040 -1 mgr[py] Module status has missing NOTIFY_TYPES member
2024-07-29T00:07:13.459 INFO:journalctl@ceph.mon.a.smithi005.stdout:Jul 29 00:07:13 smithi005 ceph-mon[32301]: Active manager daemon x restarted
2024-07-29T00:07:13.460 INFO:journalctl@ceph.mon.a.smithi005.stdout:Jul 29 00:07:13 smithi005 ceph-mon[32301]: Activating manager daemon x
2024-07-29T00:07:13.460 INFO:journalctl@ceph.mon.a.smithi005.stdout:Jul 29 00:07:13 smithi005 ceph-mon[32301]: osdmap e2: 0 total, 0 up, 0 in
2024-07-29T00:07:13.460 INFO:journalctl@ceph.mon.a.smithi005.stdout:Jul 29 00:07:13 smithi005 ceph-mon[32301]: mgrmap e6: x(active, starting, since 0.00564861s)
2024-07-29T00:07:13.460 INFO:journalctl@ceph.mon.a.smithi005.stdout:Jul 29 00:07:13 smithi005 ceph-mon[32301]: from='mgr.14118 172.21.15.5:0/1470957390' entity='mgr.x' cmd=[{"prefix": "mon metadata", "id": "a"}]: dispatch
2024-07-29T00:07:13.460 INFO:journalctl@ceph.mon.a.smithi005.stdout:Jul 29 00:07:13 smithi005 ceph-mon[32301]: from='mgr.14118 172.21.15.5:0/1470957390' entity='mgr.x' cmd=[{"prefix": "mgr metadata", "who": "x", "id": "x"}]: dispatch
2024-07-29T00:07:13.460 INFO:journalctl@ceph.mon.a.smithi005.stdout:Jul 29 00:07:13 smithi005 ceph-mon[32301]: from='mgr.14118 172.21.15.5:0/1470957390' entity='mgr.x' cmd=[{"prefix": "mds metadata"}]: dispatch
2024-07-29T00:07:13.460 INFO:journalctl@ceph.mon.a.smithi005.stdout:Jul 29 00:07:13 smithi005 ceph-mon[32301]: from='mgr.14118 172.21.15.5:0/1470957390' entity='mgr.x' cmd=[{"prefix": "osd metadata"}]: dispatch
2024-07-29T00:07:13.460 INFO:journalctl@ceph.mon.a.smithi005.stdout:Jul 29 00:07:13 smithi005 ceph-mon[32301]: from='mgr.14118 172.21.15.5:0/1470957390' entity='mgr.x' cmd=[{"prefix": "mon metadata"}]: dispatch
2024-07-29T00:07:13.460 INFO:journalctl@ceph.mon.a.smithi005.stdout:Jul 29 00:07:13 smithi005 ceph-mon[32301]: Manager daemon x is now available
2024-07-29T00:07:13.460 INFO:journalctl@ceph.mon.a.smithi005.stdout:Jul 29 00:07:13 smithi005 ceph-mon[32301]: from='mgr.14118 172.21.15.5:0/1470957390' entity='mgr.x'
2024-07-29T00:07:13.460 INFO:journalctl@ceph.mon.a.smithi005.stdout:Jul 29 00:07:13 smithi005 ceph-mon[32301]: from='mgr.14118 172.21.15.5:0/1470957390' entity='mgr.x'
2024-07-29T00:07:13.460 INFO:journalctl@ceph.mon.a.smithi005.stdout:Jul 29 00:07:13 smithi005 ceph-mon[32301]: from='mgr.14118 172.21.15.5:0/1470957390' entity='mgr.x' cmd=[{"prefix": "config dump", "format": "json"}]: dispatch
2024-07-29T00:07:13.461 INFO:journalctl@ceph.mon.a.smithi005.stdout:Jul 29 00:07:13 smithi005 ceph-mon[32301]: from='mgr.14118 172.21.15.5:0/1470957390' entity='mgr.x' cmd=[{"prefix": "config dump", "format": "json"}]: dispatch
2024-07-29T00:07:13.461 INFO:journalctl@ceph.mgr.x.smithi005.stdout:Jul 29 00:07:13 smithi005 ceph-4770c54c-4d3e-11ef-bcc8-c7b262605968-mgr-x[32526]:
2024-07-29T00:07:13.113+0000 7f6e95bda040 -1 mgr[py] Module nfs has missing NOTIFY_TYPES member
2024-07-29T00:07:14.459 INFO:journalctl@ceph.mon.a.smithi005.stdout:Jul 29 00:07:14 smithi005 ceph-mon[32301]: Found migration_current of "None". Setting to last migration.
2024-07-29T00:07:14.459 INFO:journalctl@ceph.mon.a.smithi005.stdout:Jul 29 00:07:14 smithi005 ceph-mon[32301]: from='mgr.14118 172.21.15.5:0/1470957390' entity='mgr.x' cmd=[{"prefix":"config rm","who":"mgr","name":"mgr/rbd_support/x/mirror_snapshot_schedule"}]: dispatch
2024-07-29T00:07:14.459 INFO:journalctl@ceph.mon.a.smithi005.stdout:Jul 29 00:07:14 smithi005 ceph-mon[32301]: from='mgr.14118 172.21.15.5:0/1470957390' entity='mgr.x' cmd=[{"prefix":"config rm","who":"mgr","name":"mgr/rbd_support/x/trash_purge_schedule"}]: dispatch
2024-07-29T00:07:14.460 INFO:journalctl@ceph.mon.a.smithi005.stdout:Jul 29 00:07:14 smithi005 ceph-mon[32301]: mgrmap e7: x(active, since 1.01669s)
2024-07-29T00:07:14.778 INFO:teuthology.orchestra.run.smithi005.stdout:/usr/bin/ceph: stdout {
2024-07-29T00:07:14.778 INFO:teuthology.orchestra.run.smithi005.stdout:/usr/bin/ceph: stdout "mgrmap_epoch": 7,
2024-07-29T00:07:14.778 INFO:teuthology.orchestra.run.smithi005.stdout:/usr/bin/ceph: stdout "initialized": true
2024-07-29T00:07:14.778 INFO:teuthology.orchestra.run.smithi005.stdout:/usr/bin/ceph: stdout }
2024-07-29T00:07:14.778 INFO:teuthology.orchestra.run.smithi005.stdout:/usr/bin/ceph: stderr
2024-07-29T00:07:09.671+0000 7f952de00640 1 Processor -- start
2024-07-29T00:07:14.778 INFO:teuthology.orchestra.run.smithi005.stdout:/usr/bin/ceph: stderr
2024-07-29T00:07:09.671+0000 7f952de00640 1 -- start start
2024-07-29T00:07:14.778 INFO:teuthology.orchestra.run.smithi005.stdout:/usr/bin/ceph: stderr
2024-07-29T00:07:09.672+0000 7f952de00640 1 --2- >> [v2:172.21.15.5:3300/0,v1:172.21.15.5:6789/0] conn(0x7f9528105d60 0x7f9528108170 unknown :-1 s=NONE pgs=0 cs=0 l=0 rev1=0 crypto rx=0 tx=0 comp rx=0 tx=0).connect
2024-07-29T00:07:14.778 INFO:teuthology.orchestra.run.smithi005.stdout:/usr/bin/ceph: stderr
2024-07-29T00:07:09.672+0000 7f952de00640 1 -- --> [v2:172.21.15.5:3300/0,v1:172.21.15.5:6789/0] -- mon_getmap magic: 0 -- 0x7f9528063200 con 0x7f9528105d60
2024-07-29T00:07:14.778 INFO:teuthology.orchestra.run.smithi005.stdout:/usr/bin/ceph: stderr
2024-07-29T00:07:09.672+0000 7f952ca00640 1 --2- >> [v2:172.21.15.5:3300/0,v1:172.21.15.5:6789/0] conn(0x7f9528105d60 0x7f9528108170 unknown :-1 s=BANNER_CONNECTING pgs=0 cs=0 l=0 rev1=0 crypto rx=0 tx=0 comp rx=0 tx=0)._handle_peer_banner_payload supported=3 required=0
2024-07-29T00:07:14.779 INFO:teuthology.orchestra.run.smithi005.stdout:/usr/bin/ceph: stderr
2024-07-29T00:07:09.672+0000 7f952ca00640 1 --2- >> [v2:172.21.15.5:3300/0,v1:172.21.15.5:6789/0] conn(0x7f9528105d60 0x7f9528108170 unknown :-1 s=HELLO_CONNECTING pgs=0 cs=0 l=0 rev1=1 crypto rx=0 tx=0 comp rx=0 tx=0).handle_hello peer v2:172.21.15.5:3300/0 says I am v2:172.21.15.5:36246/0 (socket says 172.21.15.5:36246)
2024-07-29T00:07:14.779 INFO:teuthology.orchestra.run.smithi005.stdout:/usr/bin/ceph: stderr
2024-07-29T00:07:09.672+0000 7f952ca00640 1 -- 172.21.15.5:0/1610898388 learned_addr learned my addr 172.21.15.5:0/1610898388 (peer_addr_for_me v2:172.21.15.5:0/0)
2024-07-29T00:07:14.779 INFO:teuthology.orchestra.run.smithi005.stdout:/usr/bin/ceph: stderr
2024-07-29T00:07:09.673+0000 7f952ca00640 1 -- 172.21.15.5:0/1610898388 --> [v2:172.21.15.5:3300/0,v1:172.21.15.5:6789/0] -- mon_subscribe({config=0+,monmap=0+}) -- 0x7f95281086b0 con 0x7f9528105d60
2024-07-29T00:07:14.779 INFO:teuthology.orchestra.run.smithi005.stdout:/usr/bin/ceph: stderr
2024-07-29T00:07:09.674+0000 7f952ca00640 1 --2- 172.21.15.5:0/1610898388 >> [v2:172.21.15.5:3300/0,v1:172.21.15.5:6789/0] conn(0x7f9528105d60 0x7f9528108170 secure :-1 s=READY pgs=26 cs=0 l=1 rev1=1 crypto rx=0x7f9518009e80 tx=0x7f951802a7a0 comp rx=0 tx=0).ready entity=mon.0 client_cookie=588a47e5dac4dbe7 server_cookie=0 in_seq=0 out_seq=0
2024-07-29T00:07:14.779 INFO:teuthology.orchestra.run.smithi005.stdout:/usr/bin/ceph: stderr
2024-07-29T00:07:09.675+0000 7f9527e00640 1 -- 172.21.15.5:0/1610898388 <== mon.0 v2:172.21.15.5:3300/0 1 ==== mon_map magic: 0 ==== 205+0+0 (secure 0 0 0) 0x7f9518036070 con 0x7f9528105d60
2024-07-29T00:07:14.779 INFO:teuthology.orchestra.run.smithi005.stdout:/usr/bin/ceph: stderr
2024-07-29T00:07:09.675+0000 7f9527e00640 1 -- 172.21.15.5:0/1610898388 <== mon.0 v2:172.21.15.5:3300/0 2 ==== config(29 keys) ==== 1178+0+0 (secure 0 0 0) 0x7f9518031900 con 0x7f9528105d60
2024-07-29T00:07:14.779 INFO:teuthology.orchestra.run.smithi005.stdout:/usr/bin/ceph: stderr
2024-07-29T00:07:09.675+0000 7f9527e00640 1 -- 172.21.15.5:0/1610898388 <== mon.0 v2:172.21.15.5:3300/0 3 ==== mon_map magic: 0 ==== 205+0+0 (secure 0 0 0) 0x7f9518007bc0 con 0x7f9528105d60
2024-07-29T00:07:14.779 INFO:teuthology.orchestra.run.smithi005.stdout:/usr/bin/ceph: stderr
2024-07-29T00:07:09.675+0000 7f952de00640 1 -- 172.21.15.5:0/1610898388 >> [v2:172.21.15.5:3300/0,v1:172.21.15.5:6789/0] conn(0x7f9528105d60 msgr2=0x7f9528108170 secure :-1 s=STATE_CONNECTION_ESTABLISHED l=1).mark_down
2024-07-29T00:07:14.779 INFO:teuthology.orchestra.run.smithi005.stdout:/usr/bin/ceph: stderr
2024-07-29T00:07:09.675+0000 7f952de00640 1 --2- 172.21.15.5:0/1610898388 >> [v2:172.21.15.5:3300/0,v1:172.21.15.5:6789/0] conn(0x7f9528105d60 0x7f9528108170 secure :-1 s=READY pgs=26 cs=0 l=1 rev1=1 crypto rx=0x7f9518009e80 tx=0x7f951802a7a0 comp rx=0 tx=0).stop
2024-07-29T00:07:14.779 INFO:teuthology.orchestra.run.smithi005.stdout:/usr/bin/ceph: stderr
2024-07-29T00:07:09.676+0000 7f952de00640 1 -- 172.21.15.5:0/1610898388 shutdown_connections
2024-07-29T00:07:14.779 INFO:teuthology.orchestra.run.smithi005.stdout:/usr/bin/ceph: stderr
2024-07-29T00:07:09.676+0000 7f952de00640 1 --2- 172.21.15.5:0/1610898388 >> [v2:172.21.15.5:3300/0,v1:172.21.15.5:6789/0] conn(0x7f9528105d60 0x7f9528108170 unknown :-1 s=CLOSED pgs=26 cs=0 l=1 rev1=1 crypto rx=0 tx=0 comp rx=0 tx=0).stop
2024-07-29T00:07:14.780 INFO:teuthology.orchestra.run.smithi005.stdout:/usr/bin/ceph: stderr
2024-07-29T00:07:09.676+0000 7f952de00640 1 -- 172.21.15.5:0/1610898388 >> 172.21.15.5:0/1610898388 conn(0x7f9528101bd0 msgr2=0x7f9528103ff0 unknown :-1 s=STATE_NONE l=0).mark_down
2024-07-29T00:07:14.780 INFO:teuthology.orchestra.run.smithi005.stdout:/usr/bin/ceph: stderr
2024-07-29T00:07:09.676+0000 7f952de00640 1 -- 172.21.15.5:0/1610898388 shutdown_connections
2024-07-29T00:07:14.780 INFO:teuthology.orchestra.run.smithi005.stdout:/usr/bin/ceph: stderr
2024-07-29T00:07:09.676+0000 7f952de00640 1 -- 172.21.15.5:0/1610898388 wait complete.
2024-07-29T00:07:14.780 INFO:teuthology.orchestra.run.smithi005.stdout:/usr/bin/ceph: stderr
2024-07-29T00:07:09.677+0000 7f952de00640 1 Processor -- start
2024-07-29T00:07:14.780 INFO:teuthology.orchestra.run.smithi005.stdout:/usr/bin/ceph: stderr
2024-07-29T00:07:09.677+0000 7f952de00640 1 -- start start
2024-07-29T00:07:14.780 INFO:teuthology.orchestra.run.smithi005.stdout:/usr/bin/ceph: stderr
2024-07-29T00:07:09.677+0000 7f952de00640 1 --2- >> [v2:172.21.15.5:3300/0,v1:172.21.15.5:6789/0] conn(0x7f9528105d60 0x7f95281a1b80 unknown :-1 s=NONE pgs=0 cs=0 l=1 rev1=0 crypto rx=0 tx=0 comp rx=0 tx=0).connect
2024-07-29T00:07:14.780 INFO:teuthology.orchestra.run.smithi005.stdout:/usr/bin/ceph: stderr
2024-07-29T00:07:09.677+0000 7f952de00640 1 -- --> [v2:172.21.15.5:3300/0,v1:172.21.15.5:6789/0] -- mon_getmap magic: 0 -- 0x7f9528109870 con 0x7f9528105d60
2024-07-29T00:07:14.780 INFO:teuthology.orchestra.run.smithi005.stdout:/usr/bin/ceph: stderr
2024-07-29T00:07:09.678+0000 7f952ca00640 1 --2- >> [v2:172.21.15.5:3300/0,v1:172.21.15.5:6789/0] conn(0x7f9528105d60 0x7f95281a1b80 unknown :-1 s=BANNER_CONNECTING pgs=0 cs=0 l=1 rev1=0 crypto rx=0 tx=0 comp rx=0 tx=0)._handle_peer_banner_payload supported=3 required=0
2024-07-29T00:07:14.780 INFO:teuthology.orchestra.run.smithi005.stdout:/usr/bin/ceph: stderr
2024-07-29T00:07:09.678+0000 7f952ca00640 1 --2- >> [v2:172.21.15.5:3300/0,v1:172.21.15.5:6789/0] conn(0x7f9528105d60 0x7f95281a1b80 unknown :-1 s=HELLO_CONNECTING pgs=0 cs=0 l=1 rev1=1 crypto rx=0 tx=0 comp rx=0 tx=0).handle_hello peer v2:172.21.15.5:3300/0 says I am v2:172.21.15.5:36262/0 (socket says 172.21.15.5:36262)
2024-07-29T00:07:14.780 INFO:teuthology.orchestra.run.smithi005.stdout:/usr/bin/ceph: stderr
2024-07-29T00:07:09.678+0000 7f952ca00640 1 -- 172.21.15.5:0/2852234057 learned_addr learned my addr 172.21.15.5:0/2852234057 (peer_addr_for_me v2:172.21.15.5:0/0)
2024-07-29T00:07:14.780 INFO:teuthology.orchestra.run.smithi005.stdout:/usr/bin/ceph: stderr
2024-07-29T00:07:09.678+0000 7f952ca00640 1 -- 172.21.15.5:0/2852234057 --> [v2:172.21.15.5:3300/0,v1:172.21.15.5:6789/0] -- mon_subscribe({config=0+,monmap=0+}) -- 0x7f95281a20c0 con 0x7f9528105d60
2024-07-29T00:07:14.780 INFO:teuthology.orchestra.run.smithi005.stdout:/usr/bin/ceph: stderr
2024-07-29T00:07:09.678+0000 7f952ca00640 1 --2- 172.21.15.5:0/2852234057 >> [v2:172.21.15.5:3300/0,v1:172.21.15.5:6789/0] conn(0x7f9528105d60 0x7f95281a1b80 secure :-1 s=READY pgs=27 cs=0 l=1 rev1=1 crypto rx=0x7f9518009e50 tx=0x7f9518031630 comp rx=0 tx=0).ready entity=mon.0 client_cookie=0 server_cookie=0 in_seq=0 out_seq=0
2024-07-29T00:07:14.780 INFO:teuthology.orchestra.run.smithi005.stdout:/usr/bin/ceph: stderr
2024-07-29T00:07:09.679+0000 7f9526000640 1 -- 172.21.15.5:0/2852234057 <== mon.0 v2:172.21.15.5:3300/0 1 ==== mon_map magic: 0 ==== 205+0+0 (secure 0 0 0) 0x7f9518036050 con 0x7f9528105d60
2024-07-29T00:07:14.781 INFO:teuthology.orchestra.run.smithi005.stdout:/usr/bin/ceph: stderr
2024-07-29T00:07:09.679+0000 7f9526000640 1 -- 172.21.15.5:0/2852234057 <== mon.0 v2:172.21.15.5:3300/0 2 ==== config(29 keys) ==== 1178+0+0 (secure 0 0 0) 0x7f9518042070 con 0x7f9528105d60
2024-07-29T00:07:14.781 INFO:teuthology.orchestra.run.smithi005.stdout:/usr/bin/ceph: stderr
2024-07-29T00:07:09.679+0000 7f9526000640 1 -- 172.21.15.5:0/2852234057 <== mon.0 v2:172.21.15.5:3300/0 3 ==== mon_map magic: 0 ==== 205+0+0 (secure 0 0 0) 0x7f951803ba10 con 0x7f9528105d60
2024-07-29T00:07:14.781 INFO:teuthology.orchestra.run.smithi005.stdout:/usr/bin/ceph: stderr
2024-07-29T00:07:09.679+0000 7f952de00640 1 -- 172.21.15.5:0/2852234057 --> [v2:172.21.15.5:3300/0,v1:172.21.15.5:6789/0] -- mon_subscribe({mgrmap=0+}) -- 0x7f95281a2350 con 0x7f9528105d60
2024-07-29T00:07:14.781 INFO:teuthology.orchestra.run.smithi005.stdout:/usr/bin/ceph: stderr
2024-07-29T00:07:09.679+0000 7f952de00640 1 -- 172.21.15.5:0/2852234057 --> [v2:172.21.15.5:3300/0,v1:172.21.15.5:6789/0] -- mon_subscribe({osdmap=0}) -- 0x7f95281a5040 con 0x7f9528105d60
2024-07-29T00:07:14.781 INFO:teuthology.orchestra.run.smithi005.stdout:/usr/bin/ceph: stderr
2024-07-29T00:07:09.680+0000 7f9526000640 1 -- 172.21.15.5:0/2852234057 <== mon.0 v2:172.21.15.5:3300/0 4 ==== mgrmap(e 5) ==== 46287+0+0 (secure 0 0 0) 0x7f951803bbb0 con 0x7f9528105d60
2024-07-29T00:07:14.781 INFO:teuthology.orchestra.run.smithi005.stdout:/usr/bin/ceph: stderr
2024-07-29T00:07:09.680+0000 7f9526000640 1 --2- 172.21.15.5:0/2852234057 >> [v2:172.21.15.5:6800/3744778277,v1:172.21.15.5:6801/3744778277] conn(0x7f950c038fc0 0x7f950c03b480 unknown :-1 s=NONE pgs=0 cs=0 l=1 rev1=0 crypto rx=0 tx=0 comp rx=0 tx=0).connect
2024-07-29T00:07:14.781 INFO:teuthology.orchestra.run.smithi005.stdout:/usr/bin/ceph: stderr
2024-07-29T00:07:09.680+0000 7f9526000640 1 -- 172.21.15.5:0/2852234057 --> [v2:172.21.15.5:6800/3744778277,v1:172.21.15.5:6801/3744778277] -- command(tid 0: {"prefix": "get_command_descriptions"}) -- 0x7f950c03bb90 con 0x7f950c038fc0
2024-07-29T00:07:14.781 INFO:teuthology.orchestra.run.smithi005.stdout:/usr/bin/ceph: stderr
2024-07-29T00:07:09.680+0000 7f9526000640 1 -- 172.21.15.5:0/2852234057 <== mon.0 v2:172.21.15.5:3300/0 5 ==== osd_map(1..1 src has 1..1) ==== 725+0+0 (secure 0 0 0) 0x7f951806cde0 con 0x7f9528105d60
2024-07-29T00:07:14.781 INFO:teuthology.orchestra.run.smithi005.stdout:/usr/bin/ceph: stderr
2024-07-29T00:07:09.681+0000 7f951fe00640 1 -- 172.21.15.5:0/2852234057 >> [v2:172.21.15.5:6800/3744778277,v1:172.21.15.5:6801/3744778277] conn(0x7f950c038fc0 msgr2=0x7f950c03b480 unknown :-1 s=STATE_CONNECTING_RE l=1).process reconnect failed to v2:172.21.15.5:6800/3744778277
2024-07-29T00:07:14.781 INFO:teuthology.orchestra.run.smithi005.stdout:/usr/bin/ceph: stderr
2024-07-29T00:07:09.681+0000 7f951fe00640 1 --2- 172.21.15.5:0/2852234057 >> [v2:172.21.15.5:6800/3744778277,v1:172.21.15.5:6801/3744778277] conn(0x7f950c038fc0 0x7f950c03b480 unknown :-1 s=START_CONNECT pgs=0 cs=0 l=1 rev1=0 crypto rx=0 tx=0 comp rx=0 tx=0)._fault waiting 0.200000
2024-07-29T00:07:14.781 INFO:teuthology.orchestra.run.smithi005.stdout:/usr/bin/ceph: stderr
2024-07-29T00:07:09.882+0000 7f951fe00640 1 -- 172.21.15.5:0/2852234057 >> [v2:172.21.15.5:6800/3744778277,v1:172.21.15.5:6801/3744778277] conn(0x7f950c038fc0 msgr2=0x7f950c03b480 unknown :-1 s=STATE_CONNECTING_RE l=1).process reconnect failed to v2:172.21.15.5:6800/3744778277
2024-07-29T00:07:14.781 INFO:teuthology.orchestra.run.smithi005.stdout:/usr/bin/ceph: stderr
2024-07-29T00:07:09.882+0000 7f951fe00640 1 --2- 172.21.15.5:0/2852234057 >> [v2:172.21.15.5:6800/3744778277,v1:172.21.15.5:6801/3744778277] conn(0x7f950c038fc0 0x7f950c03b480 unknown :-1 s=START_CONNECT pgs=0 cs=0 l=1 rev1=0 crypto rx=0 tx=0 comp rx=0 tx=0)._fault waiting 0.400000
2024-07-29T00:07:14.781 INFO:teuthology.orchestra.run.smithi005.stdout:/usr/bin/ceph: stderr
2024-07-29T00:07:10.283+0000 7f951fe00640 1 -- 172.21.15.5:0/2852234057 >> [v2:172.21.15.5:6800/3744778277,v1:172.21.15.5:6801/3744778277] conn(0x7f950c038fc0 msgr2=0x7f950c03b480 unknown :-1 s=STATE_CONNECTING_RE l=1).process reconnect failed to v2:172.21.15.5:6800/3744778277
2024-07-29T00:07:14.782 INFO:teuthology.orchestra.run.smithi005.stdout:/usr/bin/ceph: stderr
2024-07-29T00:07:10.283+0000 7f951fe00640 1 --2- 172.21.15.5:0/2852234057 >> [v2:172.21.15.5:6800/3744778277,v1:172.21.15.5:6801/3744778277] conn(0x7f950c038fc0 0x7f950c03b480 unknown :-1 s=START_CONNECT pgs=0 cs=0 l=1 rev1=0 crypto rx=0 tx=0 comp rx=0 tx=0)._fault waiting 0.800000
2024-07-29T00:07:14.782 INFO:teuthology.orchestra.run.smithi005.stdout:/usr/bin/ceph: stderr
2024-07-29T00:07:11.084+0000 7f951fe00640 1 -- 172.21.15.5:0/2852234057 >> [v2:172.21.15.5:6800/3744778277,v1:172.21.15.5:6801/3744778277] conn(0x7f950c038fc0 msgr2=0x7f950c03b480 unknown :-1 s=STATE_CONNECTING_RE l=1).process reconnect failed to v2:172.21.15.5:6800/3744778277
2024-07-29T00:07:14.782 INFO:teuthology.orchestra.run.smithi005.stdout:/usr/bin/ceph: stderr
2024-07-29T00:07:11.084+0000 7f951fe00640 1 --2- 172.21.15.5:0/2852234057 >> [v2:172.21.15.5:6800/3744778277,v1:172.21.15.5:6801/3744778277] conn(0x7f950c038fc0 0x7f950c03b480 unknown :-1 s=START_CONNECT pgs=0 cs=0 l=1 rev1=0 crypto rx=0 tx=0 comp rx=0 tx=0)._fault waiting 1.600000
2024-07-29T00:07:14.782 INFO:teuthology.orchestra.run.smithi005.stdout:/usr/bin/ceph: stderr
2024-07-29T00:07:12.686+0000 7f951fe00640 1 -- 172.21.15.5:0/2852234057 >> [v2:172.21.15.5:6800/3744778277,v1:172.21.15.5:6801/3744778277] conn(0x7f950c038fc0 msgr2=0x7f950c03b480 unknown :-1 s=STATE_CONNECTING_RE l=1).process reconnect failed to v2:172.21.15.5:6800/3744778277
2024-07-29T00:07:14.782 INFO:teuthology.orchestra.run.smithi005.stdout:/usr/bin/ceph: stderr
2024-07-29T00:07:12.686+0000 7f951fe00640 1 --2- 172.21.15.5:0/2852234057 >> [v2:172.21.15.5:6800/3744778277,v1:172.21.15.5:6801/3744778277] conn(0x7f950c038fc0 0x7f950c03b480 unknown :-1 s=START_CONNECT pgs=0 cs=0 l=1 rev1=0 crypto rx=0 tx=0 comp rx=0 tx=0)._fault waiting 3.200000
2024-07-29T00:07:14.782 INFO:teuthology.orchestra.run.smithi005.stdout:/usr/bin/ceph: stderr
2024-07-29T00:07:13.122+0000 7f9526000640 1 -- 172.21.15.5:0/2852234057 <== mon.0 v2:172.21.15.5:3300/0 6 ==== mgrmap(e 6) ==== 46054+0+0 (secure 0 0 0) 0x7f951803dc70 con 0x7f9528105d60
2024-07-29T00:07:14.782 INFO:teuthology.orchestra.run.smithi005.stdout:/usr/bin/ceph: stderr
2024-07-29T00:07:13.122+0000 7f9526000640 1 -- 172.21.15.5:0/2852234057 >> [v2:172.21.15.5:6800/3744778277,v1:172.21.15.5:6801/3744778277] conn(0x7f950c038fc0 msgr2=0x7f950c03b480 unknown :-1 s=STATE_CONNECTING l=1).mark_down
2024-07-29T00:07:14.782 INFO:teuthology.orchestra.run.smithi005.stdout:/usr/bin/ceph: stderr
2024-07-29T00:07:13.122+0000 7f9526000640 1 --2- 172.21.15.5:0/2852234057 >> [v2:172.21.15.5:6800/3744778277,v1:172.21.15.5:6801/3744778277] conn(0x7f950c038fc0 0x7f950c03b480 unknown :-1 s=START_CONNECT pgs=0 cs=0 l=1 rev1=0 crypto rx=0 tx=0 comp rx=0 tx=0).stop
2024-07-29T00:07:14.782 INFO:teuthology.orchestra.run.smithi005.stdout:/usr/bin/ceph: stderr
2024-07-29T00:07:14.128+0000 7f9526000640 1 -- 172.21.15.5:0/2852234057 <== mon.0 v2:172.21.15.5:3300/0 7 ==== mgrmap(e 7) ==== 46181+0+0 (secure 0 0 0) 0x7f9518045360 con 0x7f9528105d60
2024-07-29T00:07:14.782 INFO:teuthology.orchestra.run.smithi005.stdout:/usr/bin/ceph: stderr
2024-07-29T00:07:14.129+0000 7f9526000640 1 --2- 172.21.15.5:0/2852234057 >> [v2:172.21.15.5:6800/1246422079,v1:172.21.15.5:6801/1246422079] conn(0x7f950c03c8f0 0x7f950c03ece0 unknown :-1 s=NONE pgs=0 cs=0 l=1 rev1=0 crypto rx=0 tx=0 comp rx=0 tx=0).connect
2024-07-29T00:07:14.782 INFO:teuthology.orchestra.run.smithi005.stdout:/usr/bin/ceph: stderr
2024-07-29T00:07:14.129+0000 7f9526000640 1 -- 172.21.15.5:0/2852234057 --> [v2:172.21.15.5:6800/1246422079,v1:172.21.15.5:6801/1246422079] -- command(tid 0: {"prefix": "get_command_descriptions"}) -- 0x7f9518006b90 con 0x7f950c03c8f0
2024-07-29T00:07:14.782 INFO:teuthology.orchestra.run.smithi005.stdout:/usr/bin/ceph: stderr
2024-07-29T00:07:14.130+0000 7f951fe00640 1 --2- 172.21.15.5:0/2852234057 >> [v2:172.21.15.5:6800/1246422079,v1:172.21.15.5:6801/1246422079] conn(0x7f950c03c8f0 0x7f950c03ece0 unknown :-1 s=BANNER_CONNECTING pgs=0 cs=0 l=1 rev1=0 crypto rx=0 tx=0 comp rx=0 tx=0)._handle_peer_banner_payload supported=3 required=0
2024-07-29T00:07:14.782 INFO:teuthology.orchestra.run.smithi005.stdout:/usr/bin/ceph: stderr
2024-07-29T00:07:14.132+0000 7f951fe00640 1 --2- 172.21.15.5:0/2852234057 >> [v2:172.21.15.5:6800/1246422079,v1:172.21.15.5:6801/1246422079] conn(0x7f950c03c8f0 0x7f950c03ece0 secure :-1 s=READY pgs=1 cs=0 l=1 rev1=1 crypto rx=0x7f9510003980 tx=0x7f95100092b0 comp rx=0 tx=0).ready entity=mgr.14118 client_cookie=0 server_cookie=0 in_seq=0 out_seq=0
2024-07-29T00:07:14.783 INFO:teuthology.orchestra.run.smithi005.stdout:/usr/bin/ceph: stderr
2024-07-29T00:07:14.135+0000 7f9526000640 1 -- 172.21.15.5:0/2852234057 <== mgr.14118 v2:172.21.15.5:6800/1246422079 1 ==== command_reply(tid 0: 0 ) ==== 8+0+9564 (secure 0 0 0) 0x7f9518006b90 con 0x7f950c03c8f0
2024-07-29T00:07:14.783 INFO:teuthology.orchestra.run.smithi005.stdout:/usr/bin/ceph: stderr
2024-07-29T00:07:14.145+0000 7f952de00640 1 -- 172.21.15.5:0/2852234057 --> [v2:172.21.15.5:6800/1246422079,v1:172.21.15.5:6801/1246422079] -- command(tid 1: {"prefix": "mgr_status"}) -- 0x7f9528109ec0 con 0x7f950c03c8f0
2024-07-29T00:07:14.783 INFO:teuthology.orchestra.run.smithi005.stdout:/usr/bin/ceph: stderr
2024-07-29T00:07:14.146+0000 7f9526000640 1 -- 172.21.15.5:0/2852234057 <== mgr.14118 v2:172.21.15.5:6800/1246422079 2 ==== command_reply(tid 1: 0 ) ==== 8+0+51 (secure 0 0 0) 0x7f9528109ec0 con 0x7f950c03c8f0
2024-07-29T00:07:14.783 INFO:teuthology.orchestra.run.smithi005.stdout:/usr/bin/ceph: stderr
2024-07-29T00:07:14.146+0000 7f952de00640 1 -- 172.21.15.5:0/2852234057 >> [v2:172.21.15.5:6800/1246422079,v1:172.21.15.5:6801/1246422079] conn(0x7f950c03c8f0 msgr2=0x7f950c03ece0 secure :-1 s=STATE_CONNECTION_ESTABLISHED l=1).mark_down
2024-07-29T00:07:14.783 INFO:teuthology.orchestra.run.smithi005.stdout:/usr/bin/ceph: stderr
2024-07-29T00:07:14.147+0000 7f952de00640 1 --2- 172.21.15.5:0/2852234057 >> [v2:172.21.15.5:6800/1246422079,v1:172.21.15.5:6801/1246422079] conn(0x7f950c03c8f0 0x7f950c03ece0 secure :-1 s=READY pgs=1 cs=0 l=1 rev1=1 crypto rx=0x7f9510003980 tx=0x7f95100092b0 comp rx=0 tx=0).stop
2024-07-29T00:07:14.783 INFO:teuthology.orchestra.run.smithi005.stdout:/usr/bin/ceph: stderr
2024-07-29T00:07:14.147+0000 7f952de00640 1 -- 172.21.15.5:0/2852234057 >> [v2:172.21.15.5:3300/0,v1:172.21.15.5:6789/0] conn(0x7f9528105d60 msgr2=0x7f95281a1b80 secure :-1 s=STATE_CONNECTION_ESTABLISHED l=1).mark_down
2024-07-29T00:07:14.783 INFO:teuthology.orchestra.run.smithi005.stdout:/usr/bin/ceph: stderr
2024-07-29T00:07:14.147+0000 7f952de00640 1 --2- 172.21.15.5:0/2852234057 >> [v2:172.21.15.5:3300/0,v1:172.21.15.5:6789/0] conn(0x7f9528105d60 0x7f95281a1b80 secure :-1 s=READY pgs=27 cs=0 l=1 rev1=1 crypto rx=0x7f9518009e50 tx=0x7f9518031630 comp rx=0 tx=0).stop
2024-07-29T00:07:14.783 INFO:teuthology.orchestra.run.smithi005.stdout:/usr/bin/ceph: stderr
2024-07-29T00:07:14.147+0000 7f952de00640 1 -- 172.21.15.5:0/2852234057 shutdown_connections
2024-07-29T00:07:14.783 INFO:teuthology.orchestra.run.smithi005.stdout:/usr/bin/ceph: stderr
2024-07-29T00:07:14.147+0000 7f952de00640 1 --2- 172.21.15.5:0/2852234057 >> [v2:172.21.15.5:6800/1246422079,v1:172.21.15.5:6801/1246422079] conn(0x7f950c03c8f0 0x7f950c03ece0 unknown :-1 s=CLOSED pgs=1 cs=0 l=1 rev1=1 crypto rx=0 tx=0 comp rx=0 tx=0).stop
2024-07-29T00:07:14.783 INFO:teuthology.orchestra.run.smithi005.stdout:/usr/bin/ceph: stderr
2024-07-29T00:07:14.147+0000 7f952de00640 1 --2- 172.21.15.5:0/2852234057 >> [v2:172.21.15.5:6800/3744778277,v1:172.21.15.5:6801/3744778277] conn(0x7f950c038fc0 0x7f950c03b480 unknown :-1 s=CLOSED pgs=0 cs=0 l=1 rev1=0 crypto rx=0 tx=0 comp rx=0 tx=0).stop
2024-07-29T00:07:14.783 INFO:teuthology.orchestra.run.smithi005.stdout:/usr/bin/ceph: stderr
2024-07-29T00:07:14.147+0000 7f952de00640 1 --2- 172.21.15.5:0/2852234057 >> [v2:172.21.15.5:3300/0,v1:172.21.15.5:6789/0] conn(0x7f9528105d60 0x7f95281a1b80 unknown :-1 s=CLOSED pgs=27 cs=0 l=1 rev1=1 crypto rx=0 tx=0 comp rx=0 tx=0).stop
2024-07-29T00:07:14.783 INFO:teuthology.orchestra.run.smithi005.stdout:/usr/bin/ceph: stderr
2024-07-29T00:07:14.147+0000 7f952de00640 1 -- 172.21.15.5:0/2852234057 >> 172.21.15.5:0/2852234057 conn(0x7f9528101bd0 msgr2=0x7f9528103fc0 unknown :-1 s=STATE_NONE l=0).mark_down
2024-07-29T00:07:14.783 INFO:teuthology.orchestra.run.smithi005.stdout:/usr/bin/ceph: stderr
2024-07-29T00:07:14.147+0000 7f952de00640 1 -- 172.21.15.5:0/2852234057 shutdown_connections
2024-07-29T00:07:14.784 INFO:teuthology.orchestra.run.smithi005.stdout:/usr/bin/ceph: stderr
2024-07-29T00:07:14.147+0000 7f952de00640 1 -- 172.21.15.5:0/2852234057 wait complete.
2024-07-29T00:07:14.784 INFO:teuthology.orchestra.run.smithi005.stdout:mgr epoch 5 is available
2024-07-29T00:07:14.784 INFO:teuthology.orchestra.run.smithi005.stdout:Setting orchestrator backend to cephadm...
2024-07-29T00:07:15.567 INFO:journalctl@ceph.mon.a.smithi005.stdout:Jul 29 00:07:15 smithi005 ceph-mon[32301]: from='client.14122 -' entity='client.admin' cmd=[{"prefix": "get_command_descriptions"}]: dispatch
2024-07-29T00:07:15.567 INFO:journalctl@ceph.mon.a.smithi005.stdout:Jul 29 00:07:15 smithi005 ceph-mon[32301]: from='client.14122 -' entity='client.admin' cmd=[{"prefix": "mgr_status"}]: dispatch
2024-07-29T00:07:15.567 INFO:journalctl@ceph.mon.a.smithi005.stdout:Jul 29 00:07:15 smithi005 ceph-mon[32301]: from='mgr.14118 172.21.15.5:0/1470957390' entity='mgr.x'
2024-07-29T00:07:15.567 INFO:journalctl@ceph.mon.a.smithi005.stdout:Jul 29 00:07:15 smithi005 ceph-mon[32301]: from='mgr.14118 172.21.15.5:0/1470957390' entity='mgr.x'
2024-07-29T00:07:16.171 INFO:journalctl@ceph.mgr.x.smithi005.stdout:Jul 29 00:07:16 smithi005 ceph-4770c54c-4d3e-11ef-bcc8-c7b262605968-mgr-x[32526]:
2024-07-29T00:07:16.037+0000 7f6df4600640 -1 log_channel(cephadm) log [ERR] : [29/Jul/2024:00:07:16] ENGINE Error in HTTPServer.serve
2024-07-29T00:07:16.171 INFO:journalctl@ceph.mgr.x.smithi005.stdout:Jul 29 00:07:16 smithi005 ceph-4770c54c-4d3e-11ef-bcc8-c7b262605968-mgr-x[32526]: Traceback (most recent call last):
2024-07-29T00:07:16.172 INFO:journalctl@ceph.mgr.x.smithi005.stdout:Jul 29 00:07:16 smithi005 ceph-4770c54c-4d3e-11ef-bcc8-c7b262605968-mgr-x[32526]: File "/lib/python3.9/site-packages/cheroot/server.py", line 1823, in serve
2024-07-29T00:07:16.172 INFO:journalctl@ceph.mgr.x.smithi005.stdout:Jul 29 00:07:16 smithi005 ceph-4770c54c-4d3e-11ef-bcc8-c7b262605968-mgr-x[32526]: self._connections.run(self.expiration_interval)
2024-07-29T00:07:16.172 INFO:journalctl@ceph.mgr.x.smithi005.stdout:Jul 29 00:07:16 smithi005 ceph-4770c54c-4d3e-11ef-bcc8-c7b262605968-mgr-x[32526]: File "/lib/python3.9/site-packages/cheroot/connections.py", line 203, in run
2024-07-29T00:07:16.172 INFO:journalctl@ceph.mgr.x.smithi005.stdout:Jul 29 00:07:16 smithi005 ceph-4770c54c-4d3e-11ef-bcc8-c7b262605968-mgr-x[32526]: self._run(expiration_interval)
