2024-08-16T19:01:48.444+0000 7f30dd129640 1 -- 172.21.15.62:0/1603051358 wait complete.
2024-08-16T19:01:49.862 INFO:teuthology.orchestra.run.smithi062.stdout:/usr/bin/ceph: stderr
2024-08-16T19:01:48.445+0000 7f30dd129640 1 Processor -- start
2024-08-16T19:01:49.862 INFO:teuthology.orchestra.run.smithi062.stdout:/usr/bin/ceph: stderr
2024-08-16T19:01:48.445+0000 7f30dd129640 1 -- start start
2024-08-16T19:01:49.862 INFO:teuthology.orchestra.run.smithi062.stdout:/usr/bin/ceph: stderr
2024-08-16T19:01:48.445+0000 7f30dd129640 1 --2- >> [v2:172.21.15.62:3300/0,v1:172.21.15.62:6789/0] conn(0x7f30d807dcc0 0x7f30d819d4f0 unknown :-1 s=NONE pgs=0 cs=0 l=1 rev1=0 crypto rx=0 tx=0 comp rx=0 tx=0).connect
2024-08-16T19:01:49.862 INFO:teuthology.orchestra.run.smithi062.stdout:/usr/bin/ceph: stderr
2024-08-16T19:01:48.445+0000 7f30dd129640 1 -- --> [v2:172.21.15.62:3300/0,v1:172.21.15.62:6789/0] -- mon_getmap magic: 0 -- 0x7f30d810d900 con 0x7f30d807dcc0
2024-08-16T19:01:49.863 INFO:teuthology.orchestra.run.smithi062.stdout:/usr/bin/ceph: stderr
2024-08-16T19:01:48.445+0000 7f30d6d9d640 1 --2- >> [v2:172.21.15.62:3300/0,v1:172.21.15.62:6789/0] conn(0x7f30d807dcc0 0x7f30d819d4f0 unknown :-1 s=BANNER_CONNECTING pgs=0 cs=0 l=1 rev1=0 crypto rx=0 tx=0 comp rx=0 tx=0)._handle_peer_banner_payload supported=3 required=0
2024-08-16T19:01:49.863 INFO:teuthology.orchestra.run.smithi062.stdout:/usr/bin/ceph: stderr
2024-08-16T19:01:48.446+0000 7f30d6d9d640 1 --2- >> [v2:172.21.15.62:3300/0,v1:172.21.15.62:6789/0] conn(0x7f30d807dcc0 0x7f30d819d4f0 unknown :-1 s=HELLO_CONNECTING pgs=0 cs=0 l=1 rev1=1 crypto rx=0 tx=0 comp rx=0 tx=0).handle_hello peer v2:172.21.15.62:3300/0 says I am v2:172.21.15.62:43268/0 (socket says 172.21.15.62:43268)
2024-08-16T19:01:49.863 INFO:teuthology.orchestra.run.smithi062.stdout:/usr/bin/ceph: stderr
2024-08-16T19:01:48.446+0000 7f30d6d9d640 1 -- 172.21.15.62:0/120962733 learned_addr learned my addr 172.21.15.62:0/120962733 (peer_addr_for_me v2:172.21.15.62:0/0)
2024-08-16T19:01:49.863 INFO:teuthology.orchestra.run.smithi062.stdout:/usr/bin/ceph: stderr
2024-08-16T19:01:48.446+0000 7f30d6d9d640 1 -- 172.21.15.62:0/120962733 --> [v2:172.21.15.62:3300/0,v1:172.21.15.62:6789/0] -- mon_subscribe({config=0+,monmap=0+}) -- 0x7f30d819da30 con 0x7f30d807dcc0
2024-08-16T19:01:49.863 INFO:teuthology.orchestra.run.smithi062.stdout:/usr/bin/ceph: stderr
2024-08-16T19:01:48.446+0000 7f30d6d9d640 1 --2- 172.21.15.62:0/120962733 >> [v2:172.21.15.62:3300/0,v1:172.21.15.62:6789/0] conn(0x7f30d807dcc0 0x7f30d819d4f0 secure :-1 s=READY pgs=50 cs=0 l=1 rev1=1 crypto rx=0x7f30c80097f0 tx=0x7f30c80327b0 comp rx=0 tx=0).ready entity=mon.0 client_cookie=0 server_cookie=0 in_seq=0 out_seq=0
2024-08-16T19:01:49.863 INFO:teuthology.orchestra.run.smithi062.stdout:/usr/bin/ceph: stderr
2024-08-16T19:01:48.446+0000 7f30d4d99640 1 -- 172.21.15.62:0/120962733 <== mon.0 v2:172.21.15.62:3300/0 1 ==== mon_map magic: 0 ==== 205+0+0 (secure 0 0 0) 0x7f30c8037040 con 0x7f30d807dcc0
2024-08-16T19:01:49.864 INFO:teuthology.orchestra.run.smithi062.stdout:/usr/bin/ceph: stderr
2024-08-16T19:01:48.446+0000 7f30d4d99640 1 -- 172.21.15.62:0/120962733 <== mon.0 v2:172.21.15.62:3300/0 2 ==== config(27 keys) ==== 1140+0+0 (secure 0 0 0) 0x7f30c8030cc0 con 0x7f30d807dcc0
2024-08-16T19:01:49.864 INFO:teuthology.orchestra.run.smithi062.stdout:/usr/bin/ceph: stderr
2024-08-16T19:01:48.446+0000 7f30dd129640 1 -- 172.21.15.62:0/120962733 --> [v2:172.21.15.62:3300/0,v1:172.21.15.62:6789/0] -- mon_subscribe({mgrmap=0+}) -- 0x7f30d819dcc0 con 0x7f30d807dcc0
2024-08-16T19:01:49.864 INFO:teuthology.orchestra.run.smithi062.stdout:/usr/bin/ceph: stderr
2024-08-16T19:01:48.446+0000 7f30d4d99640 1 -- 172.21.15.62:0/120962733 <== mon.0 v2:172.21.15.62:3300/0 3 ==== mon_map magic: 0 ==== 205+0+0 (secure 0 0 0) 0x7f30c803a6b0 con 0x7f30d807dcc0
2024-08-16T19:01:49.864 INFO:teuthology.orchestra.run.smithi062.stdout:/usr/bin/ceph: stderr
2024-08-16T19:01:48.446+0000 7f30dd129640 1 -- 172.21.15.62:0/120962733 --> [v2:172.21.15.62:3300/0,v1:172.21.15.62:6789/0] -- mon_subscribe({osdmap=0}) -- 0x7f30d81a09b0 con 0x7f30d807dcc0
2024-08-16T19:01:49.864 INFO:teuthology.orchestra.run.smithi062.stdout:/usr/bin/ceph: stderr
2024-08-16T19:01:48.447+0000 7f30d4d99640 1 -- 172.21.15.62:0/120962733 <== mon.0 v2:172.21.15.62:3300/0 4 ==== mgrmap(e 8) ==== 46287+0+0 (secure 0 0 0) 0x7f30c803b3f0 con 0x7f30d807dcc0
2024-08-16T19:01:49.864 INFO:teuthology.orchestra.run.smithi062.stdout:/usr/bin/ceph: stderr
2024-08-16T19:01:48.447+0000 7f30d4d99640 1 --2- 172.21.15.62:0/120962733 >> [v2:172.21.15.62:6800/3198450894,v1:172.21.15.62:6801/3198450894] conn(0x7f30c4038fc0 0x7f30c403b480 unknown :-1 s=NONE pgs=0 cs=0 l=1 rev1=0 crypto rx=0 tx=0 comp rx=0 tx=0).connect
2024-08-16T19:01:49.865 INFO:teuthology.orchestra.run.smithi062.stdout:/usr/bin/ceph: stderr
2024-08-16T19:01:48.447+0000 7f30dd129640 1 -- 172.21.15.62:0/120962733 --> [v2:172.21.15.62:3300/0,v1:172.21.15.62:6789/0] -- mon_command({"prefix": "get_command_descriptions"} v 0) -- 0x7f30d807c300 con 0x7f30d807dcc0
2024-08-16T19:01:49.865 INFO:teuthology.orchestra.run.smithi062.stdout:/usr/bin/ceph: stderr
2024-08-16T19:01:48.447+0000 7f30d4d99640 1 -- 172.21.15.62:0/120962733 <== mon.0 v2:172.21.15.62:3300/0 5 ==== osd_map(2..2 src has 1..2) ==== 940+0+0 (secure 0 0 0) 0x7f30c806c510 con 0x7f30d807dcc0
2024-08-16T19:01:49.865 INFO:teuthology.orchestra.run.smithi062.stdout:/usr/bin/ceph: stderr
2024-08-16T19:01:48.447+0000 7f30cffff640 1 --2- 172.21.15.62:0/120962733 >> [v2:172.21.15.62:6800/3198450894,v1:172.21.15.62:6801/3198450894] conn(0x7f30c4038fc0 0x7f30c403b480 unknown :-1 s=BANNER_CONNECTING pgs=0 cs=0 l=1 rev1=0 crypto rx=0 tx=0 comp rx=0 tx=0)._handle_peer_banner_payload supported=3 required=0
2024-08-16T19:01:49.865 INFO:teuthology.orchestra.run.smithi062.stdout:/usr/bin/ceph: stderr
2024-08-16T19:01:48.448+0000 7f30cffff640 1 --2- 172.21.15.62:0/120962733 >> [v2:172.21.15.62:6800/3198450894,v1:172.21.15.62:6801/3198450894] conn(0x7f30c4038fc0 0x7f30c403b480 secure :-1 s=READY pgs=14 cs=0 l=1 rev1=1 crypto rx=0x7f30c00098c0 tx=0x7f30c0006db0 comp rx=0 tx=0).ready entity=mgr.14118 client_cookie=0 server_cookie=0 in_seq=0 out_seq=0
2024-08-16T19:01:49.866 INFO:teuthology.orchestra.run.smithi062.stdout:/usr/bin/ceph: stderr
2024-08-16T19:01:48.453+0000 7f30d4d99640 1 -- 172.21.15.62:0/120962733 <== mon.0 v2:172.21.15.62:3300/0 6 ==== mon_command_ack([{"prefix": "get_command_descriptions"}]=0 v0) ==== 72+0+187871 (secure 0 0 0) 0x7f30c80371e0 con 0x7f30d807dcc0
2024-08-16T19:01:49.866 INFO:teuthology.orchestra.run.smithi062.stdout:/usr/bin/ceph: stderr
2024-08-16T19:01:48.635+0000 7f30dd129640 1 -- 172.21.15.62:0/120962733 --> [v2:172.21.15.62:3300/0,v1:172.21.15.62:6789/0] -- mon_command([{prefix=config set, name=mgr/cephadm/container_init}] v 0) -- 0x7f30d81a0f90 con 0x7f30d807dcc0
2024-08-16T19:01:49.866 INFO:teuthology.orchestra.run.smithi062.stdout:/usr/bin/ceph: stderr
2024-08-16T19:01:48.638+0000 7f30d4d99640 1 -- 172.21.15.62:0/120962733 <== mon.0 v2:172.21.15.62:3300/0 7 ==== mon_command_ack([{prefix=config set, name=mgr/cephadm/container_init}]=0 v7)=0 v7) ==== 142+0+0 (secure 0 0 0) 0x7f30c806bea0 con 0x7f30d807dcc0
2024-08-16T19:01:49.866 INFO:teuthology.orchestra.run.smithi062.stdout:/usr/bin/ceph: stderr
2024-08-16T19:01:48.640+0000 7f30dd129640 1 -- 172.21.15.62:0/120962733 >> [v2:172.21.15.62:6800/3198450894,v1:172.21.15.62:6801/3198450894] conn(0x7f30c4038fc0 msgr2=0x7f30c403b480 secure :-1 s=STATE_CONNECTION_ESTABLISHED l=1).mark_down
2024-08-16T19:01:49.866 INFO:teuthology.orchestra.run.smithi062.stdout:/usr/bin/ceph: stderr
2024-08-16T19:01:48.640+0000 7f30dd129640 1 --2- 172.21.15.62:0/120962733 >> [v2:172.21.15.62:6800/3198450894,v1:172.21.15.62:6801/3198450894] conn(0x7f30c4038fc0 0x7f30c403b480 secure :-1 s=READY pgs=14 cs=0 l=1 rev1=1 crypto rx=0x7f30c00098c0 tx=0x7f30c0006db0 comp rx=0 tx=0).stop
2024-08-16T19:01:49.867 INFO:teuthology.orchestra.run.smithi062.stdout:/usr/bin/ceph: stderr
2024-08-16T19:01:48.640+0000 7f30dd129640 1 -- 172.21.15.62:0/120962733 >> [v2:172.21.15.62:3300/0,v1:172.21.15.62:6789/0] conn(0x7f30d807dcc0 msgr2=0x7f30d819d4f0 secure :-1 s=STATE_CONNECTION_ESTABLISHED l=1).mark_down
2024-08-16T19:01:49.867 INFO:teuthology.orchestra.run.smithi062.stdout:/usr/bin/ceph: stderr
2024-08-16T19:01:48.640+0000 7f30dd129640 1 --2- 172.21.15.62:0/120962733 >> [v2:172.21.15.62:3300/0,v1:172.21.15.62:6789/0] conn(0x7f30d807dcc0 0x7f30d819d4f0 secure :-1 s=READY pgs=50 cs=0 l=1 rev1=1 crypto rx=0x7f30c80097f0 tx=0x7f30c80327b0 comp rx=0 tx=0).stop
2024-08-16T19:01:49.867 INFO:teuthology.orchestra.run.smithi062.stdout:/usr/bin/ceph: stderr
2024-08-16T19:01:48.640+0000 7f30dd129640 1 -- 172.21.15.62:0/120962733 shutdown_connections
2024-08-16T19:01:49.867 INFO:teuthology.orchestra.run.smithi062.stdout:/usr/bin/ceph: stderr
2024-08-16T19:01:48.640+0000 7f30dd129640 1 --2- 172.21.15.62:0/120962733 >> [v2:172.21.15.62:6800/3198450894,v1:172.21.15.62:6801/3198450894] conn(0x7f30c4038fc0 0x7f30c403b480 unknown :-1 s=CLOSED pgs=14 cs=0 l=1 rev1=1 crypto rx=0 tx=0 comp rx=0 tx=0).stop
2024-08-16T19:01:49.867 INFO:teuthology.orchestra.run.smithi062.stdout:/usr/bin/ceph: stderr
2024-08-16T19:01:48.640+0000 7f30dd129640 1 --2- 172.21.15.62:0/120962733 >> [v2:172.21.15.62:3300/0,v1:172.21.15.62:6789/0] conn(0x7f30d807dcc0 0x7f30d819d4f0 unknown :-1 s=CLOSED pgs=50 cs=0 l=1 rev1=1 crypto rx=0 tx=0 comp rx=0 tx=0).stop
2024-08-16T19:01:49.867 INFO:teuthology.orchestra.run.smithi062.stdout:/usr/bin/ceph: stderr
2024-08-16T19:01:48.640+0000 7f30dd129640 1 -- 172.21.15.62:0/120962733 >> 172.21.15.62:0/120962733 conn(0x7f30d8102c50 msgr2=0x7f30d81037a0 unknown :-1 s=STATE_NONE l=0).mark_down
2024-08-16T19:01:49.868 INFO:teuthology.orchestra.run.smithi062.stdout:/usr/bin/ceph: stderr
2024-08-16T19:01:48.640+0000 7f30dd129640 1 -- 172.21.15.62:0/120962733 shutdown_connections
2024-08-16T19:01:49.868 INFO:teuthology.orchestra.run.smithi062.stdout:/usr/bin/ceph: stderr
2024-08-16T19:01:48.640+0000 7f30dd129640 1 -- 172.21.15.62:0/120962733 wait complete.
2024-08-16T19:01:51.056 INFO:teuthology.orchestra.run.smithi062.stdout:/usr/bin/ceph: stderr
2024-08-16T19:01:50.262+0000 7f69a2ec0640 1 Processor -- start
2024-08-16T19:01:51.056 INFO:teuthology.orchestra.run.smithi062.stdout:/usr/bin/ceph: stderr
2024-08-16T19:01:50.262+0000 7f69a2ec0640 1 -- start start
2024-08-16T19:01:51.056 INFO:teuthology.orchestra.run.smithi062.stdout:/usr/bin/ceph: stderr
2024-08-16T19:01:50.262+0000 7f69a2ec0640 1 --2- >> [v2:172.21.15.62:3300/0,v1:172.21.15.62:6789/0] conn(0x7f699c1061f0 0x7f699c1065f0 unknown :-1 s=NONE pgs=0 cs=0 l=0 rev1=0 crypto rx=0 tx=0 comp rx=0 tx=0).connect
2024-08-16T19:01:51.056 INFO:teuthology.orchestra.run.smithi062.stdout:/usr/bin/ceph: stderr
2024-08-16T19:01:50.262+0000 7f69a2ec0640 1 -- --> [v2:172.21.15.62:3300/0,v1:172.21.15.62:6789/0] -- mon_getmap magic: 0 -- 0x7f699c106bc0 con 0x7f699c1061f0
2024-08-16T19:01:51.057 INFO:teuthology.orchestra.run.smithi062.stdout:/usr/bin/ceph: stderr
2024-08-16T19:01:50.262+0000 7f69a0c5c640 1 --2- >> [v2:172.21.15.62:3300/0,v1:172.21.15.62:6789/0] conn(0x7f699c1061f0 0x7f699c1065f0 unknown :-1 s=BANNER_CONNECTING pgs=0 cs=0 l=0 rev1=0 crypto rx=0 tx=0 comp rx=0 tx=0)._handle_peer_banner_payload supported=3 required=0
2024-08-16T19:01:51.057 INFO:teuthology.orchestra.run.smithi062.stdout:/usr/bin/ceph: stderr
2024-08-16T19:01:50.262+0000 7f69a0c5c640 1 --2- >> [v2:172.21.15.62:3300/0,v1:172.21.15.62:6789/0] conn(0x7f699c1061f0 0x7f699c1065f0 unknown :-1 s=HELLO_CONNECTING pgs=0 cs=0 l=0 rev1=1 crypto rx=0 tx=0 comp rx=0 tx=0).handle_hello peer v2:172.21.15.62:3300/0 says I am v2:172.21.15.62:43274/0 (socket says 172.21.15.62:43274)
2024-08-16T19:01:51.057 INFO:teuthology.orchestra.run.smithi062.stdout:/usr/bin/ceph: stderr
2024-08-16T19:01:50.262+0000 7f69a0c5c640 1 -- 172.21.15.62:0/3813548598 learned_addr learned my addr 172.21.15.62:0/3813548598 (peer_addr_for_me v2:172.21.15.62:0/0)
2024-08-16T19:01:51.057 INFO:teuthology.orchestra.run.smithi062.stdout:/usr/bin/ceph: stderr
2024-08-16T19:01:50.262+0000 7f69a0c5c640 1 -- 172.21.15.62:0/3813548598 --> [v2:172.21.15.62:3300/0,v1:172.21.15.62:6789/0] -- mon_subscribe({config=0+,monmap=0+}) -- 0x7f699c1073f0 con 0x7f699c1061f0
2024-08-16T19:01:51.057 INFO:teuthology.orchestra.run.smithi062.stdout:/usr/bin/ceph: stderr
2024-08-16T19:01:50.263+0000 7f69a0c5c640 1 --2- 172.21.15.62:0/3813548598 >> [v2:172.21.15.62:3300/0,v1:172.21.15.62:6789/0] conn(0x7f699c1061f0 0x7f699c1065f0 secure :-1 s=READY pgs=51 cs=0 l=1 rev1=1 crypto rx=0x7f6990009820 tx=0x7f699002a270 comp rx=0 tx=0).ready entity=mon.0 client_cookie=f6a6edd2b7f78722 server_cookie=0 in_seq=0 out_seq=0
2024-08-16T19:01:51.057 INFO:teuthology.orchestra.run.smithi062.stdout:/usr/bin/ceph: stderr
2024-08-16T19:01:50.263+0000 7f699b7fe640 1 -- 172.21.15.62:0/3813548598 <== mon.0 v2:172.21.15.62:3300/0 1 ==== mon_map magic: 0 ==== 205+0+0 (secure 0 0 0) 0x7f6990037070 con 0x7f699c1061f0
2024-08-16T19:01:51.057 INFO:teuthology.orchestra.run.smithi062.stdout:/usr/bin/ceph: stderr
2024-08-16T19:01:50.263+0000 7f699b7fe640 1 -- 172.21.15.62:0/3813548598 <== mon.0 v2:172.21.15.62:3300/0 2 ==== config(27 keys) ==== 1140+0+0 (secure 0 0 0) 0x7f6990032920 con 0x7f699c1061f0
2024-08-16T19:01:51.057 INFO:teuthology.orchestra.run.smithi062.stdout:/usr/bin/ceph: stderr
2024-08-16T19:01:50.263+0000 7f699b7fe640 1 -- 172.21.15.62:0/3813548598 <== mon.0 v2:172.21.15.62:3300/0 3 ==== mon_map magic: 0 ==== 205+0+0 (secure 0 0 0) 0x7f6990030810 con 0x7f699c1061f0
2024-08-16T19:01:51.057 INFO:teuthology.orchestra.run.smithi062.stdout:/usr/bin/ceph: stderr
2024-08-16T19:01:50.264+0000 7f69a2ec0640 1 -- 172.21.15.62:0/3813548598 >> [v2:172.21.15.62:3300/0,v1:172.21.15.62:6789/0] conn(0x7f699c1061f0 msgr2=0x7f699c1065f0 secure :-1 s=STATE_CONNECTION_ESTABLISHED l=1).mark_down
2024-08-16T19:01:51.057 INFO:teuthology.orchestra.run.smithi062.stdout:/usr/bin/ceph: stderr
2024-08-16T19:01:50.264+0000 7f69a2ec0640 1 --2- 172.21.15.62:0/3813548598 >> [v2:172.21.15.62:3300/0,v1:172.21.15.62:6789/0] conn(0x7f699c1061f0 0x7f699c1065f0 secure :-1 s=READY pgs=51 cs=0 l=1 rev1=1 crypto rx=0x7f6990009820 tx=0x7f699002a270 comp rx=0 tx=0).stop
2024-08-16T19:01:51.057 INFO:teuthology.orchestra.run.smithi062.stdout:/usr/bin/ceph: stderr
2024-08-16T19:01:50.264+0000 7f69a2ec0640 1 -- 172.21.15.62:0/3813548598 shutdown_connections
2024-08-16T19:01:51.058 INFO:teuthology.orchestra.run.smithi062.stdout:/usr/bin/ceph: stderr
2024-08-16T19:01:50.264+0000 7f69a2ec0640 1 --2- 172.21.15.62:0/3813548598 >> [v2:172.21.15.62:3300/0,v1:172.21.15.62:6789/0] conn(0x7f699c1061f0 0x7f699c1065f0 unknown :-1 s=CLOSED pgs=51 cs=0 l=1 rev1=1 crypto rx=0 tx=0 comp rx=0 tx=0).stop
2024-08-16T19:01:51.058 INFO:teuthology.orchestra.run.smithi062.stdout:/usr/bin/ceph: stderr
2024-08-16T19:01:50.264+0000 7f69a2ec0640 1 -- 172.21.15.62:0/3813548598 >> 172.21.15.62:0/3813548598 conn(0x7f699c101a00 msgr2=0x7f699c103e20 unknown :-1 s=STATE_NONE l=0).mark_down
2024-08-16T19:01:51.058 INFO:teuthology.orchestra.run.smithi062.stdout:/usr/bin/ceph: stderr
2024-08-16T19:01:50.264+0000 7f69a2ec0640 1 -- 172.21.15.62:0/3813548598 shutdown_connections
2024-08-16T19:01:51.058 INFO:teuthology.orchestra.run.smithi062.stdout:/usr/bin/ceph: stderr
2024-08-16T19:01:50.264+0000 7f69a2ec0640 1 -- 172.21.15.62:0/3813548598 wait complete.
2024-08-16T19:01:51.058 INFO:teuthology.orchestra.run.smithi062.stdout:/usr/bin/ceph: stderr
2024-08-16T19:01:50.265+0000 7f69a2ec0640 1 Processor -- start
2024-08-16T19:01:51.058 INFO:teuthology.orchestra.run.smithi062.stdout:/usr/bin/ceph: stderr
2024-08-16T19:01:50.265+0000 7f69a2ec0640 1 -- start start
2024-08-16T19:01:51.058 INFO:teuthology.orchestra.run.smithi062.stdout:/usr/bin/ceph: stderr
2024-08-16T19:01:50.265+0000 7f69a2ec0640 1 --2- >> [v2:172.21.15.62:3300/0,v1:172.21.15.62:6789/0] conn(0x7f699c1061f0 0x7f699c19b380 unknown :-1 s=NONE pgs=0 cs=0 l=1 rev1=0 crypto rx=0 tx=0 comp rx=0 tx=0).connect
2024-08-16T19:01:51.058 INFO:teuthology.orchestra.run.smithi062.stdout:/usr/bin/ceph: stderr
2024-08-16T19:01:50.265+0000 7f69a2ec0640 1 -- --> [v2:172.21.15.62:3300/0,v1:172.21.15.62:6789/0] -- mon_getmap magic: 0 -- 0x7f699c10a7a0 con 0x7f699c1061f0
2024-08-16T19:01:51.058 INFO:teuthology.orchestra.run.smithi062.stdout:/usr/bin/ceph: stderr
2024-08-16T19:01:50.265+0000 7f69a0c5c640 1 --2- >> [v2:172.21.15.62:3300/0,v1:172.21.15.62:6789/0] conn(0x7f699c1061f0 0x7f699c19b380 unknown :-1 s=BANNER_CONNECTING pgs=0 cs=0 l=1 rev1=0 crypto rx=0 tx=0 comp rx=0 tx=0)._handle_peer_banner_payload supported=3 required=0
2024-08-16T19:01:51.058 INFO:teuthology.orchestra.run.smithi062.stdout:/usr/bin/ceph: stderr
2024-08-16T19:01:50.265+0000 7f69a0c5c640 1 --2- >> [v2:172.21.15.62:3300/0,v1:172.21.15.62:6789/0] conn(0x7f699c1061f0 0x7f699c19b380 unknown :-1 s=HELLO_CONNECTING pgs=0 cs=0 l=1 rev1=1 crypto rx=0 tx=0 comp rx=0 tx=0).handle_hello peer v2:172.21.15.62:3300/0 says I am v2:172.21.15.62:43288/0 (socket says 172.21.15.62:43288)
2024-08-16T19:01:51.058 INFO:teuthology.orchestra.run.smithi062.stdout:/usr/bin/ceph: stderr
2024-08-16T19:01:50.265+0000 7f69a0c5c640 1 -- 172.21.15.62:0/3358965979 learned_addr learned my addr 172.21.15.62:0/3358965979 (peer_addr_for_me v2:172.21.15.62:0/0)
2024-08-16T19:01:51.058 INFO:teuthology.orchestra.run.smithi062.stdout:/usr/bin/ceph: stderr
2024-08-16T19:01:50.265+0000 7f69a0c5c640 1 -- 172.21.15.62:0/3358965979 --> [v2:172.21.15.62:3300/0,v1:172.21.15.62:6789/0] -- mon_subscribe({config=0+,monmap=0+}) -- 0x7f699c19b8c0 con 0x7f699c1061f0
2024-08-16T19:01:51.058 INFO:teuthology.orchestra.run.smithi062.stdout:/usr/bin/ceph: stderr
2024-08-16T19:01:50.265+0000 7f69a0c5c640 1 --2- 172.21.15.62:0/3358965979 >> [v2:172.21.15.62:3300/0,v1:172.21.15.62:6789/0] conn(0x7f699c1061f0 0x7f699c19b380 secure :-1 s=READY pgs=52 cs=0 l=1 rev1=1 crypto rx=0x7f6990030560 tx=0x7f6990032670 comp rx=0 tx=0).ready entity=mon.0 client_cookie=0 server_cookie=0 in_seq=0 out_seq=0
2024-08-16T19:01:51.059 INFO:teuthology.orchestra.run.smithi062.stdout:/usr/bin/ceph: stderr
2024-08-16T19:01:50.266+0000 7f6999ffb640 1 -- 172.21.15.62:0/3358965979 <== mon.0 v2:172.21.15.62:3300/0 1 ==== mon_map magic: 0 ==== 205+0+0 (secure 0 0 0) 0x7f6990037040 con 0x7f699c1061f0
2024-08-16T19:01:51.059 INFO:teuthology.orchestra.run.smithi062.stdout:/usr/bin/ceph: stderr
2024-08-16T19:01:50.266+0000 7f69a2ec0640 1 -- 172.21.15.62:0/3358965979 --> [v2:172.21.15.62:3300/0,v1:172.21.15.62:6789/0] -- mon_subscribe({mgrmap=0+}) -- 0x7f699c19bb50 con 0x7f699c1061f0
2024-08-16T19:01:51.059 INFO:teuthology.orchestra.run.smithi062.stdout:/usr/bin/ceph: stderr
2024-08-16T19:01:50.266+0000 7f6999ffb640 1 -- 172.21.15.62:0/3358965979 <== mon.0 v2:172.21.15.62:3300/0 2 ==== config(27 keys) ==== 1140+0+0 (secure 0 0 0) 0x7f6990040070 con 0x7f699c1061f0
2024-08-16T19:01:51.059 INFO:teuthology.orchestra.run.smithi062.stdout:/usr/bin/ceph: stderr
2024-08-16T19:01:50.266+0000 7f6999ffb640 1 -- 172.21.15.62:0/3358965979 <== mon.0 v2:172.21.15.62:3300/0 3 ==== mon_map magic: 0 ==== 205+0+0 (secure 0 0 0) 0x7f699003a740 con 0x7f699c1061f0
2024-08-16T19:01:51.059 INFO:teuthology.orchestra.run.smithi062.stdout:/usr/bin/ceph: stderr
2024-08-16T19:01:50.266+0000 7f69a2ec0640 1 -- 172.21.15.62:0/3358965979 --> [v2:172.21.15.62:3300/0,v1:172.21.15.62:6789/0] -- mon_subscribe({osdmap=0}) -- 0x7f699c19e840 con 0x7f699c1061f0
2024-08-16T19:01:51.059 INFO:teuthology.orchestra.run.smithi062.stdout:/usr/bin/ceph: stderr
2024-08-16T19:01:50.267+0000 7f6999ffb640 1 -- 172.21.15.62:0/3358965979 <== mon.0 v2:172.21.15.62:3300/0 4 ==== mgrmap(e 8) ==== 46287+0+0 (secure 0 0 0) 0x7f699003a9b0 con 0x7f699c1061f0
2024-08-16T19:01:51.059 INFO:teuthology.orchestra.run.smithi062.stdout:/usr/bin/ceph: stderr
2024-08-16T19:01:50.267+0000 7f6999ffb640 1 --2- 172.21.15.62:0/3358965979 >> [v2:172.21.15.62:6800/3198450894,v1:172.21.15.62:6801/3198450894] conn(0x7f698c038f70 0x7f698c03b430 unknown :-1 s=NONE pgs=0 cs=0 l=1 rev1=0 crypto rx=0 tx=0 comp rx=0 tx=0).connect
2024-08-16T19:01:51.059 INFO:teuthology.orchestra.run.smithi062.stdout:/usr/bin/ceph: stderr
2024-08-16T19:01:50.267+0000 7f6999ffb640 1 -- 172.21.15.62:0/3358965979 <== mon.0 v2:172.21.15.62:3300/0 5 ==== osd_map(2..2 src has 1..2) ==== 940+0+0 (secure 0 0 0) 0x7f699006c5e0 con 0x7f699c1061f0
2024-08-16T19:01:51.059 INFO:teuthology.orchestra.run.smithi062.stdout:/usr/bin/ceph: stderr
2024-08-16T19:01:50.267+0000 7f699bfff640 1 --2- 172.21.15.62:0/3358965979 >> [v2:172.21.15.62:6800/3198450894,v1:172.21.15.62:6801/3198450894] conn(0x7f698c038f70 0x7f698c03b430 unknown :-1 s=BANNER_CONNECTING pgs=0 cs=0 l=1 rev1=0 crypto rx=0 tx=0 comp rx=0 tx=0)._handle_peer_banner_payload supported=3 required=0
2024-08-16T19:01:51.059 INFO:teuthology.orchestra.run.smithi062.stdout:/usr/bin/ceph: stderr
2024-08-16T19:01:50.267+0000 7f69a2ec0640 1 -- 172.21.15.62:0/3358965979 --> [v2:172.21.15.62:3300/0,v1:172.21.15.62:6789/0] -- mon_command({"prefix": "get_command_descriptions"} v 0) -- 0x7f699c10a920 con 0x7f699c1061f0
2024-08-16T19:01:51.059 INFO:teuthology.orchestra.run.smithi062.stdout:/usr/bin/ceph: stderr
2024-08-16T19:01:50.268+0000 7f699bfff640 1 --2- 172.21.15.62:0/3358965979 >> [v2:172.21.15.62:6800/3198450894,v1:172.21.15.62:6801/3198450894] conn(0x7f698c038f70 0x7f698c03b430 secure :-1 s=READY pgs=15 cs=0 l=1 rev1=1 crypto rx=0x7f69880098c0 tx=0x7f6988006db0 comp rx=0 tx=0).ready entity=mgr.14118 client_cookie=0 server_cookie=0 in_seq=0 out_seq=0
2024-08-16T19:01:51.059 INFO:teuthology.orchestra.run.smithi062.stdout:/usr/bin/ceph: stderr
2024-08-16T19:01:50.272+0000 7f6999ffb640 1 -- 172.21.15.62:0/3358965979 <== mon.0 v2:172.21.15.62:3300/0 6 ==== mon_command_ack([{"prefix": "get_command_descriptions"}]=0 v0) ==== 72+0+187871 (secure 0 0 0) 0x7f6990041270 con 0x7f699c1061f0
2024-08-16T19:01:51.060 INFO:teuthology.orchestra.run.smithi062.stdout:/usr/bin/ceph: stderr
2024-08-16T19:01:50.465+0000 7f69a2ec0640 1 -- 172.21.15.62:0/3358965979 --> [v2:172.21.15.62:3300/0,v1:172.21.15.62:6789/0] -- mon_command([{prefix=config set, name=mgr/dashboard/ssl_server_port}] v 0) -- 0x7f699c02d6c0 con 0x7f699c1061f0
2024-08-16T19:01:51.060 INFO:teuthology.orchestra.run.smithi062.stdout:/usr/bin/ceph: stderr
2024-08-16T19:01:50.468+0000 7f6999ffb640 1 -- 172.21.15.62:0/3358965979 <== mon.0 v2:172.21.15.62:3300/0 7 ==== mon_command_ack([{prefix=config set, name=mgr/dashboard/ssl_server_port}]=0 v8)=0 v8) ==== 130+0+0 (secure 0 0 0) 0x7f69900328f0 con 0x7f699c1061f0
2024-08-16T19:01:51.060 INFO:teuthology.orchestra.run.smithi062.stdout:/usr/bin/ceph: stderr
2024-08-16T19:01:50.470+0000 7f69a2ec0640 1 -- 172.21.15.62:0/3358965979 >> [v2:172.21.15.62:6800/3198450894,v1:172.21.15.62:6801/3198450894] conn(0x7f698c038f70 msgr2=0x7f698c03b430 secure :-1 s=STATE_CONNECTION_ESTABLISHED l=1).mark_down
2024-08-16T19:01:51.060 INFO:teuthology.orchestra.run.smithi062.stdout:/usr/bin/ceph: stderr
2024-08-16T19:01:50.470+0000 7f69a2ec0640 1 --2- 172.21.15.62:0/3358965979 >> [v2:172.21.15.62:6800/3198450894,v1:172.21.15.62:6801/3198450894] conn(0x7f698c038f70 0x7f698c03b430 secure :-1 s=READY pgs=15 cs=0 l=1 rev1=1 crypto rx=0x7f69880098c0 tx=0x7f6988006db0 comp rx=0 tx=0).stop
2024-08-16T19:01:51.060 INFO:teuthology.orchestra.run.smithi062.stdout:/usr/bin/ceph: stderr
2024-08-16T19:01:50.470+0000 7f69a2ec0640 1 -- 172.21.15.62:0/3358965979 >> [v2:172.21.15.62:3300/0,v1:172.21.15.62:6789/0] conn(0x7f699c1061f0 msgr2=0x7f699c19b380 secure :-1 s=STATE_CONNECTION_ESTABLISHED l=1).mark_down
2024-08-16T19:01:51.060 INFO:teuthology.orchestra.run.smithi062.stdout:/usr/bin/ceph: stderr
2024-08-16T19:01:50.470+0000 7f69a2ec0640 1 --2- 172.21.15.62:0/3358965979 >> [v2:172.21.15.62:3300/0,v1:172.21.15.62:6789/0] conn(0x7f699c1061f0 0x7f699c19b380 secure :-1 s=READY pgs=52 cs=0 l=1 rev1=1 crypto rx=0x7f6990030560 tx=0x7f6990032670 comp rx=0 tx=0).stop
2024-08-16T19:01:51.060 INFO:teuthology.orchestra.run.smithi062.stdout:/usr/bin/ceph: stderr
2024-08-16T19:01:50.470+0000 7f69a2ec0640 1 -- 172.21.15.62:0/3358965979 shutdown_connections
2024-08-16T19:01:51.060 INFO:teuthology.orchestra.run.smithi062.stdout:/usr/bin/ceph: stderr
2024-08-16T19:01:50.470+0000 7f69a2ec0640 1 --2- 172.21.15.62:0/3358965979 >> [v2:172.21.15.62:6800/3198450894,v1:172.21.15.62:6801/3198450894] conn(0x7f698c038f70 0x7f698c03b430 unknown :-1 s=CLOSED pgs=15 cs=0 l=1 rev1=1 crypto rx=0 tx=0 comp rx=0 tx=0).stop
2024-08-16T19:01:51.060 INFO:teuthology.orchestra.run.smithi062.stdout:/usr/bin/ceph: stderr
2024-08-16T19:01:50.470+0000 7f69a2ec0640 1 --2- 172.21.15.62:0/3358965979 >> [v2:172.21.15.62:3300/0,v1:172.21.15.62:6789/0] conn(0x7f699c1061f0 0x7f699c19b380 unknown :-1 s=CLOSED pgs=52 cs=0 l=1 rev1=1 crypto rx=0 tx=0 comp rx=0 tx=0).stop
2024-08-16T19:01:51.060 INFO:teuthology.orchestra.run.smithi062.stdout:/usr/bin/ceph: stderr
2024-08-16T19:01:50.470+0000 7f69a2ec0640 1 -- 172.21.15.62:0/3358965979 >> 172.21.15.62:0/3358965979 conn(0x7f699c101a00 msgr2=0x7f699c102980 unknown :-1 s=STATE_NONE l=0).mark_down
2024-08-16T19:01:51.060 INFO:teuthology.orchestra.run.smithi062.stdout:/usr/bin/ceph: stderr
2024-08-16T19:01:50.471+0000 7f69a2ec0640 1 -- 172.21.15.62:0/3358965979 shutdown_connections
2024-08-16T19:01:51.060 INFO:teuthology.orchestra.run.smithi062.stdout:/usr/bin/ceph: stderr
2024-08-16T19:01:50.471+0000 7f69a2ec0640 1 -- 172.21.15.62:0/3358965979 wait complete.
2024-08-16T19:01:51.060 INFO:teuthology.orchestra.run.smithi062.stdout:Enabling the dashboard module...
2024-08-16T19:01:51.709 INFO:journalctl@ceph.mon.a.smithi062.stdout:Aug 16 19:01:51 smithi062 ceph-mon[32993]: from='client.? 172.21.15.62:0/3358965979' entity='client.admin'
2024-08-16T19:01:51.709 INFO:journalctl@ceph.mon.a.smithi062.stdout:Aug 16 19:01:51 smithi062 ceph-mon[32993]: from='mgr.14118 172.21.15.62:0/138251514' entity='mgr.x'
2024-08-16T19:01:52.746 INFO:journalctl@ceph.mon.a.smithi062.stdout:Aug 16 19:01:52 smithi062 ceph-mon[32993]: from='client.? 172.21.15.62:0/126894104' entity='client.admin' cmd=[{"prefix": "mgr module enable", "module": "dashboard"}]: dispatch
2024-08-16T19:01:52.746 INFO:journalctl@ceph.mgr.x.smithi062.stdout:Aug 16 19:01:52 smithi062 ceph-bd001ebc-5c01-11ef-bccf-c7b262605968-mgr-x[33218]: ignoring --setuser ceph since I am not root
2024-08-16T19:01:52.746 INFO:journalctl@ceph.mgr.x.smithi062.stdout:Aug 16 19:01:52 smithi062 ceph-bd001ebc-5c01-11ef-bccf-c7b262605968-mgr-x[33218]: ignoring --setgroup ceph since I am not root
2024-08-16T19:01:52.747 INFO:journalctl@ceph.mgr.x.smithi062.stdout:Aug 16 19:01:52 smithi062 ceph-bd001ebc-5c01-11ef-bccf-c7b262605968-mgr-x[33218]:
2024-08-16T19:01:52.638+0000 7fae922ee040 -1 mgr[py] Module balancer has missing NOTIFY_TYPES member
2024-08-16T19:01:53.119 INFO:journalctl@ceph.mgr.x.smithi062.stdout:Aug 16 19:01:52 smithi062 ceph-bd001ebc-5c01-11ef-bccf-c7b262605968-mgr-x[33218]:
2024-08-16T19:01:52.791+0000 7fae922ee040 -1 mgr[py] Module orchestrator has missing NOTIFY_TYPES member
2024-08-16T19:01:53.119 INFO:journalctl@ceph.mgr.x.smithi062.stdout:Aug 16 19:01:52 smithi062 ceph-bd001ebc-5c01-11ef-bccf-c7b262605968-mgr-x[33218]:
2024-08-16T19:01:52.865+0000 7fae922ee040 -1 mgr[py] Module snap_schedule has missing NOTIFY_TYPES member
2024-08-16T19:01:53.119 INFO:journalctl@ceph.mgr.x.smithi062.stdout:Aug 16 19:01:53 smithi062 ceph-bd001ebc-5c01-11ef-bccf-c7b262605968-mgr-x[33218]:
2024-08-16T19:01:53.118+0000 7fae922ee040 -1 mgr[py] Module progress has missing NOTIFY_TYPES member
2024-08-16T19:01:53.167 INFO:teuthology.orchestra.run.smithi062.stdout:/usr/bin/ceph: stderr
2024-08-16T19:01:51.460+0000 7fa6ff615640 1 Processor -- start
2024-08-16T19:01:53.167 INFO:teuthology.orchestra.run.smithi062.stdout:/usr/bin/ceph: stderr
2024-08-16T19:01:51.461+0000 7fa6ff615640 1 -- start start
2024-08-16T19:01:53.167 INFO:teuthology.orchestra.run.smithi062.stdout:/usr/bin/ceph: stderr
2024-08-16T19:01:51.461+0000 7fa6ff615640 1 --2- >> [v2:172.21.15.62:3300/0,v1:172.21.15.62:6789/0] conn(0x7fa6f81073e0 0x7fa6f81077e0 unknown :-1 s=NONE pgs=0 cs=0 l=0 rev1=0 crypto rx=0 tx=0 comp rx=0 tx=0).connect
2024-08-16T19:01:53.167 INFO:teuthology.orchestra.run.smithi062.stdout:/usr/bin/ceph: stderr
2024-08-16T19:01:51.461+0000 7fa6ff615640 1 -- --> [v2:172.21.15.62:3300/0,v1:172.21.15.62:6789/0] -- mon_getmap magic: 0 -- 0x7fa6f8107d20 con 0x7fa6f81073e0
2024-08-16T19:01:53.167 INFO:teuthology.orchestra.run.smithi062.stdout:/usr/bin/ceph: stderr
2024-08-16T19:01:51.461+0000 7fa6fd3b1640 1 --2- >> [v2:172.21.15.62:3300/0,v1:172.21.15.62:6789/0] conn(0x7fa6f81073e0 0x7fa6f81077e0 unknown :-1 s=BANNER_CONNECTING pgs=0 cs=0 l=0 rev1=0 crypto rx=0 tx=0 comp rx=0 tx=0)._handle_peer_banner_payload supported=3 required=0
2024-08-16T19:01:53.167 INFO:teuthology.orchestra.run.smithi062.stdout:/usr/bin/ceph: stderr
2024-08-16T19:01:51.461+0000 7fa6fd3b1640 1 --2- >> [v2:172.21.15.62:3300/0,v1:172.21.15.62:6789/0] conn(0x7fa6f81073e0 0x7fa6f81077e0 unknown :-1 s=HELLO_CONNECTING pgs=0 cs=0 l=0 rev1=1 crypto rx=0 tx=0 comp rx=0 tx=0).handle_hello peer v2:172.21.15.62:3300/0 says I am v2:172.21.15.62:43662/0 (socket says 172.21.15.62:43662)
2024-08-16T19:01:53.167 INFO:teuthology.orchestra.run.smithi062.stdout:/usr/bin/ceph: stderr
2024-08-16T19:01:51.461+0000 7fa6fd3b1640 1 -- 172.21.15.62:0/1082112085 learned_addr learned my addr 172.21.15.62:0/1082112085 (peer_addr_for_me v2:172.21.15.62:0/0)
2024-08-16T19:01:53.167 INFO:teuthology.orchestra.run.smithi062.stdout:/usr/bin/ceph: stderr
2024-08-16T19:01:51.462+0000 7fa6fd3b1640 1 -- 172.21.15.62:0/1082112085 --> [v2:172.21.15.62:3300/0,v1:172.21.15.62:6789/0] -- mon_subscribe({config=0+,monmap=0+}) -- 0x7fa6f8107ea0 con 0x7fa6f81073e0
2024-08-16T19:01:53.167 INFO:teuthology.orchestra.run.smithi062.stdout:/usr/bin/ceph: stderr
2024-08-16T19:01:51.462+0000 7fa6fd3b1640 1 --2- 172.21.15.62:0/1082112085 >> [v2:172.21.15.62:3300/0,v1:172.21.15.62:6789/0] conn(0x7fa6f81073e0 0x7fa6f81077e0 secure :-1 s=READY pgs=53 cs=0 l=1 rev1=1 crypto rx=0x7fa6e8009e80 tx=0x7fa6e802a7a0 comp rx=0 tx=0).ready entity=mon.0 client_cookie=c8ad744644a6cc91 server_cookie=0 in_seq=0 out_seq=0
2024-08-16T19:01:53.167 INFO:teuthology.orchestra.run.smithi062.stdout:/usr/bin/ceph: stderr
2024-08-16T19:01:51.462+0000 7fa6f7fff640 1 -- 172.21.15.62:0/1082112085 <== mon.0 v2:172.21.15.62:3300/0 1 ==== mon_map magic: 0 ==== 205+0+0 (secure 0 0 0) 0x7fa6e8036070 con 0x7fa6f81073e0
2024-08-16T19:01:53.167 INFO:teuthology.orchestra.run.smithi062.stdout:/usr/bin/ceph: stderr
2024-08-16T19:01:51.462+0000 7fa6f7fff640 1 -- 172.21.15.62:0/1082112085 <== mon.0 v2:172.21.15.62:3300/0 2 ==== config(27 keys) ==== 1140+0+0 (secure 0 0 0) 0x7fa6e80318e0 con 0x7fa6f81073e0
2024-08-16T19:01:53.168 INFO:teuthology.orchestra.run.smithi062.stdout:/usr/bin/ceph: stderr
2024-08-16T19:01:51.462+0000 7fa6f7fff640 1 -- 172.21.15.62:0/1082112085 <== mon.0 v2:172.21.15.62:3300/0 3 ==== mon_map magic: 0 ==== 205+0+0 (secure 0 0 0) 0x7fa6e8007a00 con 0x7fa6f81073e0
2024-08-16T19:01:53.168 INFO:teuthology.orchestra.run.smithi062.stdout:/usr/bin/ceph: stderr
2024-08-16T19:01:51.463+0000 7fa6ff615640 1 -- 172.21.15.62:0/1082112085 >> [v2:172.21.15.62:3300/0,v1:172.21.15.62:6789/0] conn(0x7fa6f81073e0 msgr2=0x7fa6f81077e0 secure :-1 s=STATE_CONNECTION_ESTABLISHED l=1).mark_down
2024-08-16T19:01:53.168 INFO:teuthology.orchestra.run.smithi062.stdout:/usr/bin/ceph: stderr
2024-08-16T19:01:51.463+0000 7fa6ff615640 1 --2- 172.21.15.62:0/1082112085 >> [v2:172.21.15.62:3300/0,v1:172.21.15.62:6789/0] conn(0x7fa6f81073e0 0x7fa6f81077e0 secure :-1 s=READY pgs=53 cs=0 l=1 rev1=1 crypto rx=0x7fa6e8009e80 tx=0x7fa6e802a7a0 comp rx=0 tx=0).stop
2024-08-16T19:01:53.168 INFO:teuthology.orchestra.run.smithi062.stdout:/usr/bin/ceph: stderr
2024-08-16T19:01:51.463+0000 7fa6ff615640 1 -- 172.21.15.62:0/1082112085 shutdown_connections
2024-08-16T19:01:53.168 INFO:teuthology.orchestra.run.smithi062.stdout:/usr/bin/ceph: stderr
2024-08-16T19:01:51.463+0000 7fa6ff615640 1 --2- 172.21.15.62:0/1082112085 >> [v2:172.21.15.62:3300/0,v1:172.21.15.62:6789/0] conn(0x7fa6f81073e0 0x7fa6f81077e0 unknown :-1 s=CLOSED pgs=53 cs=0 l=1 rev1=1 crypto rx=0 tx=0 comp rx=0 tx=0).stop
2024-08-16T19:01:53.168 INFO:teuthology.orchestra.run.smithi062.stdout:/usr/bin/ceph: stderr
2024-08-16T19:01:51.463+0000 7fa6ff615640 1 -- 172.21.15.62:0/1082112085 >> 172.21.15.62:0/1082112085 conn(0x7fa6f8102c50 msgr2=0x7fa6f8105070 unknown :-1 s=STATE_NONE l=0).mark_down
2024-08-16T19:01:53.168 INFO:teuthology.orchestra.run.smithi062.stdout:/usr/bin/ceph: stderr
2024-08-16T19:01:51.463+0000 7fa6ff615640 1 -- 172.21.15.62:0/1082112085 shutdown_connections
2024-08-16T19:01:53.168 INFO:teuthology.orchestra.run.smithi062.stdout:/usr/bin/ceph: stderr
2024-08-16T19:01:51.463+0000 7fa6ff615640 1 -- 172.21.15.62:0/1082112085 wait complete.
2024-08-16T19:01:53.168 INFO:teuthology.orchestra.run.smithi062.stdout:/usr/bin/ceph: stderr
2024-08-16T19:01:51.464+0000 7fa6ff615640 1 Processor -- start
2024-08-16T19:01:53.168 INFO:teuthology.orchestra.run.smithi062.stdout:/usr/bin/ceph: stderr
2024-08-16T19:01:51.464+0000 7fa6ff615640 1 -- start start
2024-08-16T19:01:53.168 INFO:teuthology.orchestra.run.smithi062.stdout:/usr/bin/ceph: stderr
2024-08-16T19:01:51.464+0000 7fa6ff615640 1 --2- >> [v2:172.21.15.62:3300/0,v1:172.21.15.62:6789/0] conn(0x7fa6f81073e0 0x7fa6f819b300 unknown :-1 s=NONE pgs=0 cs=0 l=1 rev1=0 crypto rx=0 tx=0 comp rx=0 tx=0).connect
2024-08-16T19:01:53.168 INFO:teuthology.orchestra.run.smithi062.stdout:/usr/bin/ceph: stderr
2024-08-16T19:01:51.464+0000 7fa6ff615640 1 -- --> [v2:172.21.15.62:3300/0,v1:172.21.15.62:6789/0] -- mon_getmap magic: 0 -- 0x7fa6f810b800 con 0x7fa6f81073e0
2024-08-16T19:01:53.168 INFO:teuthology.orchestra.run.smithi062.stdout:/usr/bin/ceph: stderr
2024-08-16T19:01:51.464+0000 7fa6fd3b1640 1 --2- >> [v2:172.21.15.62:3300/0,v1:172.21.15.62:6789/0] conn(0x7fa6f81073e0 0x7fa6f819b300 unknown :-1 s=BANNER_CONNECTING pgs=0 cs=0 l=1 rev1=0 crypto rx=0 tx=0 comp rx=0 tx=0)._handle_peer_banner_payload supported=3 required=0
2024-08-16T19:01:53.168 INFO:teuthology.orchestra.run.smithi062.stdout:/usr/bin/ceph: stderr
2024-08-16T19:01:51.464+0000 7fa6fd3b1640 1 --2- >> [v2:172.21.15.62:3300/0,v1:172.21.15.62:6789/0] conn(0x7fa6f81073e0 0x7fa6f819b300 unknown :-1 s=HELLO_CONNECTING pgs=0 cs=0 l=1 rev1=1 crypto rx=0 tx=0 comp rx=0 tx=0).handle_hello peer v2:172.21.15.62:3300/0 says I am v2:172.21.15.62:43674/0 (socket says 172.21.15.62:43674)
2024-08-16T19:01:53.169 INFO:teuthology.orchestra.run.smithi062.stdout:/usr/bin/ceph: stderr
2024-08-16T19:01:51.464+0000 7fa6fd3b1640 1 -- 172.21.15.62:0/126894104 learned_addr learned my addr 172.21.15.62:0/126894104 (peer_addr_for_me v2:172.21.15.62:0/0)
2024-08-16T19:01:53.169 INFO:teuthology.orchestra.run.smithi062.stdout:/usr/bin/ceph: stderr
2024-08-16T19:01:51.464+0000 7fa6fd3b1640 1 -- 172.21.15.62:0/126894104 --> [v2:172.21.15.62:3300/0,v1:172.21.15.62:6789/0] -- mon_subscribe({config=0+,monmap=0+}) -- 0x7fa6f819b840 con 0x7fa6f81073e0
2024-08-16T19:01:53.169 INFO:teuthology.orchestra.run.smithi062.stdout:/usr/bin/ceph: stderr
2024-08-16T19:01:51.464+0000 7fa6fd3b1640 1 --2- 172.21.15.62:0/126894104 >> [v2:172.21.15.62:3300/0,v1:172.21.15.62:6789/0] conn(0x7fa6f81073e0 0x7fa6f819b300 secure :-1 s=READY pgs=54 cs=0 l=1 rev1=1 crypto rx=0x7fa6e8031cf0 tx=0x7fa6e8031d20 comp rx=0 tx=0).ready entity=mon.0 client_cookie=0 server_cookie=0 in_seq=0 out_seq=0
2024-08-16T19:01:53.169 INFO:teuthology.orchestra.run.smithi062.stdout:/usr/bin/ceph: stderr
2024-08-16T19:01:51.465+0000 7fa6f67fc640 1 -- 172.21.15.62:0/126894104 <== mon.0 v2:172.21.15.62:3300/0 1 ==== mon_map magic: 0 ==== 205+0+0 (secure 0 0 0) 0x7fa6e8036050 con 0x7fa6f81073e0
2024-08-16T19:01:53.169 INFO:teuthology.orchestra.run.smithi062.stdout:/usr/bin/ceph: stderr
2024-08-16T19:01:51.465+0000 7fa6f67fc640 1 -- 172.21.15.62:0/126894104 <== mon.0 v2:172.21.15.62:3300/0 2 ==== config(27 keys) ==== 1140+0+0 (secure 0 0 0) 0x7fa6e8042070 con 0x7fa6f81073e0
2024-08-16T19:01:53.169 INFO:teuthology.orchestra.run.smithi062.stdout:/usr/bin/ceph: stderr
2024-08-16T19:01:51.465+0000 7fa6ff615640 1 -- 172.21.15.62:0/126894104 --> [v2:172.21.15.62:3300/0,v1:172.21.15.62:6789/0] -- mon_subscribe({mgrmap=0+}) -- 0x7fa6f819bad0 con 0x7fa6f81073e0
2024-08-16T19:01:53.169 INFO:teuthology.orchestra.run.smithi062.stdout:/usr/bin/ceph: stderr
2024-08-16T19:01:51.465+0000 7fa6f67fc640 1 -- 172.21.15.62:0/126894104 <== mon.0 v2:172.21.15.62:3300/0 3 ==== mon_map magic: 0 ==== 205+0+0 (secure 0 0 0) 0x7fa6e803d9b0 con 0x7fa6f81073e0
2024-08-16T19:01:53.169 INFO:teuthology.orchestra.run.smithi062.stdout:/usr/bin/ceph: stderr
2024-08-16T19:01:51.465+0000 7fa6ff615640 1 -- 172.21.15.62:0/126894104 --> [v2:172.21.15.62:3300/0,v1:172.21.15.62:6789/0] -- mon_subscribe({osdmap=0}) -- 0x7fa6f819e7c0 con 0x7fa6f81073e0
2024-08-16T19:01:53.169 INFO:teuthology.orchestra.run.smithi062.stdout:/usr/bin/ceph: stderr
2024-08-16T19:01:51.466+0000 7fa6f67fc640 1 -- 172.21.15.62:0/126894104 <== mon.0 v2:172.21.15.62:3300/0 4 ==== mgrmap(e 8) ==== 46287+0+0 (secure 0 0 0) 0x7fa6e803db50 con 0x7fa6f81073e0
2024-08-16T19:01:53.169 INFO:teuthology.orchestra.run.smithi062.stdout:/usr/bin/ceph: stderr
2024-08-16T19:01:51.466+0000 7fa6f67fc640 1 --2- 172.21.15.62:0/126894104 >> [v2:172.21.15.62:6800/3198450894,v1:172.21.15.62:6801/3198450894] conn(0x7fa6e0038fc0 0x7fa6e003b480 unknown :-1 s=NONE pgs=0 cs=0 l=1 rev1=0 crypto rx=0 tx=0 comp rx=0 tx=0).connect
2024-08-16T19:01:53.169 INFO:teuthology.orchestra.run.smithi062.stdout:/usr/bin/ceph: stderr
2024-08-16T19:01:51.466+0000 7fa6f67fc640 1 -- 172.21.15.62:0/126894104 <== mon.0 v2:172.21.15.62:3300/0 5 ==== osd_map(2..2 src has 1..2) ==== 940+0+0 (secure 0 0 0) 0x7fa6e806d340 con 0x7fa6f81073e0
2024-08-16T19:01:53.169 INFO:teuthology.orchestra.run.smithi062.stdout:/usr/bin/ceph: stderr
2024-08-16T19:01:51.466+0000 7fa6ff615640 1 -- 172.21.15.62:0/126894104 --> [v2:172.21.15.62:3300/0,v1:172.21.15.62:6789/0] -- mon_command({"prefix": "get_command_descriptions"} v 0) -- 0x7fa6f8107860 con 0x7fa6f81073e0
2024-08-16T19:01:53.169 INFO:teuthology.orchestra.run.smithi062.stdout:/usr/bin/ceph: stderr
2024-08-16T19:01:51.466+0000 7fa6fcbb0640 1 --2- 172.21.15.62:0/126894104 >> [v2:172.21.15.62:6800/3198450894,v1:172.21.15.62:6801/3198450894] conn(0x7fa6e0038fc0 0x7fa6e003b480 unknown :-1 s=BANNER_CONNECTING pgs=0 cs=0 l=1 rev1=0 crypto rx=0 tx=0 comp rx=0 tx=0)._handle_peer_banner_payload supported=3 required=0
2024-08-16T19:01:53.169 INFO:teuthology.orchestra.run.smithi062.stdout:/usr/bin/ceph: stderr
2024-08-16T19:01:51.466+0000 7fa6fcbb0640 1 --2- 172.21.15.62:0/126894104 >> [v2:172.21.15.62:6800/3198450894,v1:172.21.15.62:6801/3198450894] conn(0x7fa6e0038fc0 0x7fa6e003b480 secure :-1 s=READY pgs=16 cs=0 l=1 rev1=1 crypto rx=0x7fa6ec0098c0 tx=0x7fa6ec006db0 comp rx=0 tx=0).ready entity=mgr.14118 client_cookie=0 server_cookie=0 in_seq=0 out_seq=0
2024-08-16T19:01:53.170 INFO:teuthology.orchestra.run.smithi062.stdout:/usr/bin/ceph: stderr
2024-08-16T19:01:51.471+0000 7fa6f67fc640 1 -- 172.21.15.62:0/126894104 <== mon.0 v2:172.21.15.62:3300/0 6 ==== mon_command_ack([{"prefix": "get_command_descriptions"}]=0 v0) ==== 72+0+187871 (secure 0 0 0) 0x7fa6e8044310 con 0x7fa6f81073e0
2024-08-16T19:01:53.170 INFO:teuthology.orchestra.run.smithi062.stdout:/usr/bin/ceph: stderr
2024-08-16T19:01:51.708+0000 7fa6ff615640 1 -- 172.21.15.62:0/126894104 --> [v2:172.21.15.62:3300/0,v1:172.21.15.62:6789/0] -- mon_command({"prefix": "mgr module enable", "module": "dashboard"} v 0) -- 0x7fa6f819ec80 con 0x7fa6f81073e0
2024-08-16T19:01:53.170 INFO:teuthology.orchestra.run.smithi062.stdout:/usr/bin/ceph: stderr
2024-08-16T19:01:52.475+0000 7fa6f67fc640 1 -- 172.21.15.62:0/126894104 <== mon.0 v2:172.21.15.62:3300/0 7 ==== mon_command_ack([{"prefix": "mgr module enable", "module": "dashboard"}]=0 v9) ==== 88+0+0 (secure 0 0 0) 0x7fa6e8045520 con 0x7fa6f81073e0
2024-08-16T19:01:53.170 INFO:teuthology.orchestra.run.smithi062.stdout:/usr/bin/ceph: stderr
2024-08-16T19:01:52.476+0000 7fa6f67fc640 1 -- 172.21.15.62:0/126894104 <== mon.0 v2:172.21.15.62:3300/0 8 ==== mgrmap(e 9) ==== 46300+0+0 (secure 0 0 0) 0x7fa6e8039300 con 0x7fa6f81073e0
2024-08-16T19:01:53.170 INFO:teuthology.orchestra.run.smithi062.stdout:/usr/bin/ceph: stderr
2024-08-16T19:01:52.478+0000 7fa6ff615640 1 -- 172.21.15.62:0/126894104 >> [v2:172.21.15.62:6800/3198450894,v1:172.21.15.62:6801/3198450894] conn(0x7fa6e0038fc0 msgr2=0x7fa6e003b480 secure :-1 s=STATE_CONNECTION_ESTABLISHED l=1).mark_down
2024-08-16T19:01:53.170 INFO:teuthology.orchestra.run.smithi062.stdout:/usr/bin/ceph: stderr
2024-08-16T19:01:52.478+0000 7fa6ff615640 1 --2- 172.21.15.62:0/126894104 >> [v2:172.21.15.62:6800/3198450894,v1:172.21.15.62:6801/3198450894] conn(0x7fa6e0038fc0 0x7fa6e003b480 secure :-1 s=READY pgs=16 cs=0 l=1 rev1=1 crypto rx=0x7fa6ec0098c0 tx=0x7fa6ec006db0 comp rx=0 tx=0).stop
2024-08-16T19:01:53.170 INFO:teuthology.orchestra.run.smithi062.stdout:/usr/bin/ceph: stderr
2024-08-16T19:01:52.478+0000 7fa6ff615640 1 -- 172.21.15.62:0/126894104 >> [v2:172.21.15.62:3300/0,v1:172.21.15.62:6789/0] conn(0x7fa6f81073e0 msgr2=0x7fa6f819b300 secure :-1 s=STATE_CONNECTION_ESTABLISHED l=1).mark_down
2024-08-16T19:01:53.170 INFO:teuthology.orchestra.run.smithi062.stdout:/usr/bin/ceph: stderr
2024-08-16T19:01:52.478+0000 7fa6ff615640 1 --2- 172.21.15.62:0/126894104 >> [v2:172.21.15.62:3300/0,v1:172.21.15.62:6789/0] conn(0x7fa6f81073e0 0x7fa6f819b300 secure :-1 s=READY pgs=54 cs=0 l=1 rev1=1 crypto rx=0x7fa6e8031cf0 tx=0x7fa6e8031d20 comp rx=0 tx=0).stop
2024-08-16T19:01:53.170 INFO:teuthology.orchestra.run.smithi062.stdout:/usr/bin/ceph: stderr
2024-08-16T19:01:52.478+0000 7fa6ff615640 1 -- 172.21.15.62:0/126894104 shutdown_connections
2024-08-16T19:01:53.170 INFO:teuthology.orchestra.run.smithi062.stdout:/usr/bin/ceph: stderr
2024-08-16T19:01:52.478+0000 7fa6ff615640 1 --2- 172.21.15.62:0/126894104 >> [v2:172.21.15.62:6800/3198450894,v1:172.21.15.62:6801/3198450894] conn(0x7fa6e0038fc0 0x7fa6e003b480 unknown :-1 s=CLOSED pgs=16 cs=0 l=1 rev1=1 crypto rx=0 tx=0 comp rx=0 tx=0).stop
2024-08-16T19:01:53.170 INFO:teuthology.orchestra.run.smithi062.stdout:/usr/bin/ceph: stderr
2024-08-16T19:01:52.478+0000 7fa6ff615640 1 --2- 172.21.15.62:0/126894104 >> [v2:172.21.15.62:3300/0,v1:172.21.15.62:6789/0] conn(0x7fa6f81073e0 0x7fa6f819b300 unknown :-1 s=CLOSED pgs=54 cs=0 l=1 rev1=1 crypto rx=0 tx=0 comp rx=0 tx=0).stop
2024-08-16T19:01:53.170 INFO:teuthology.orchestra.run.smithi062.stdout:/usr/bin/ceph: stderr
2024-08-16T19:01:52.478+0000 7fa6ff615640 1 -- 172.21.15.62:0/126894104 >> 172.21.15.62:0/126894104 conn(0x7fa6f8102c50 msgr2=0x7fa6f8103750 unknown :-1 s=STATE_NONE l=0).mark_down
2024-08-16T19:01:53.171 INFO:teuthology.orchestra.run.smithi062.stdout:/usr/bin/ceph: stderr
2024-08-16T19:01:52.478+0000 7fa6ff615640 1 -- 172.21.15.62:0/126894104 shutdown_connections
2024-08-16T19:01:53.171 INFO:teuthology.orchestra.run.smithi062.stdout:/usr/bin/ceph: stderr
2024-08-16T19:01:52.478+0000 7fa6ff615640 1 -- 172.21.15.62:0/126894104 wait complete.
2024-08-16T19:01:53.400 INFO:journalctl@ceph.mgr.x.smithi062.stdout:Aug 16 19:01:53 smithi062 ceph-bd001ebc-5c01-11ef-bccf-c7b262605968-mgr-x[33218]:
2024-08-16T19:01:53.184+0000 7fae922ee040 -1 mgr[py] Module influx has missing NOTIFY_TYPES member
2024-08-16T19:01:53.746 INFO:journalctl@ceph.mon.a.smithi062.stdout:Aug 16 19:01:53 smithi062 ceph-mon[32993]: from='client.? 172.21.15.62:0/126894104' entity='client.admin' cmd='[{"prefix": "mgr module enable", "module": "dashboard"}]': finished
2024-08-16T19:01:53.746 INFO:journalctl@ceph.mon.a.smithi062.stdout:Aug 16 19:01:53 smithi062 ceph-mon[32993]: mgrmap e9: x(active, since 19s)
2024-08-16T19:01:54.369 INFO:journalctl@ceph.mgr.x.smithi062.stdout:Aug 16 19:01:54 smithi062 ceph-bd001ebc-5c01-11ef-bccf-c7b262605968-mgr-x[33218]:
2024-08-16T19:01:54.187+0000 7fae922ee040 -1 mgr[py] Module telegraf has missing NOTIFY_TYPES member
2024-08-16T19:01:54.369 INFO:journalctl@ceph.mgr.x.smithi062.stdout:Aug 16 19:01:54 smithi062 ceph-bd001ebc-5c01-11ef-bccf-c7b262605968-mgr-x[33218]:
2024-08-16T19:01:54.308+0000 7fae922ee040 -1 mgr[py] Module osd_support has missing NOTIFY_TYPES member
2024-08-16T19:01:54.369 INFO:journalctl@ceph.mgr.x.smithi062.stdout:Aug 16 19:01:54 smithi062 ceph-bd001ebc-5c01-11ef-bccf-c7b262605968-mgr-x[33218]:
2024-08-16T19:01:54.368+0000 7fae922ee040 -1 mgr[py] Module iostat has missing NOTIFY_TYPES member
2024-08-16T19:01:54.418 INFO:teuthology.orchestra.run.smithi062.stdout:/usr/bin/ceph: stdout {
2024-08-16T19:01:54.418 INFO:teuthology.orchestra.run.smithi062.stdout:/usr/bin/ceph: stdout "epoch": 9,
2024-08-16T19:01:54.418 INFO:teuthology.orchestra.run.smithi062.stdout:/usr/bin/ceph: stdout "available": true,
2024-08-16T19:01:54.419 INFO:teuthology.orchestra.run.smithi062.stdout:/usr/bin/ceph: stdout "active_name": "x",
2024-08-16T19:01:54.419 INFO:teuthology.orchestra.run.smithi062.stdout:/usr/bin/ceph: stdout "num_standby": 0
2024-08-16T19:01:54.419 INFO:teuthology.orchestra.run.smithi062.stdout:/usr/bin/ceph: stdout }
2024-08-16T19:01:54.419 INFO:teuthology.orchestra.run.smithi062.stdout:/usr/bin/ceph: stderr
2024-08-16T19:01:53.570+0000 7f5016e5a640 1 Processor -- start
2024-08-16T19:01:54.419 INFO:teuthology.orchestra.run.smithi062.stdout:/usr/bin/ceph: stderr
2024-08-16T19:01:53.570+0000 7f5016e5a640 1 -- start start
2024-08-16T19:01:54.419 INFO:teuthology.orchestra.run.smithi062.stdout:/usr/bin/ceph: stderr
2024-08-16T19:01:53.570+0000 7f5016e5a640 1 --2- >> [v2:172.21.15.62:3300/0,v1:172.21.15.62:6789/0] conn(0x7f5010107d60 0x7f501010a150 unknown :-1 s=NONE pgs=0 cs=0 l=0 rev1=0 crypto rx=0 tx=0 comp rx=0 tx=0).connect
2024-08-16T19:01:54.419 INFO:teuthology.orchestra.run.smithi062.stdout:/usr/bin/ceph: stderr
2024-08-16T19:01:53.570+0000 7f5016e5a640 1 -- --> [v2:172.21.15.62:3300/0,v1:172.21.15.62:6789/0] -- mon_getmap magic: 0 -- 0x7f501007be30 con 0x7f5010107d60
2024-08-16T19:01:54.419 INFO:teuthology.orchestra.run.smithi062.stdout:/usr/bin/ceph: stderr
2024-08-16T19:01:53.570+0000 7f5014bf6640 1 --2- >> [v2:172.21.15.62:3300/0,v1:172.21.15.62:6789/0] conn(0x7f5010107d60 0x7f501010a150 unknown :-1 s=BANNER_CONNECTING pgs=0 cs=0 l=0 rev1=0 crypto rx=0 tx=0 comp rx=0 tx=0)._handle_peer_banner_payload supported=3 required=0
2024-08-16T19:01:54.419 INFO:teuthology.orchestra.run.smithi062.stdout:/usr/bin/ceph: stderr
2024-08-16T19:01:53.570+0000 7f5014bf6640 1 --2- >> [v2:172.21.15.62:3300/0,v1:172.21.15.62:6789/0] conn(0x7f5010107d60 0x7f501010a150 unknown :-1 s=HELLO_CONNECTING pgs=0 cs=0 l=0 rev1=1 crypto rx=0 tx=0 comp rx=0 tx=0).handle_hello peer v2:172.21.15.62:3300/0 says I am v2:172.21.15.62:43700/0 (socket says 172.21.15.62:43700)
2024-08-16T19:01:54.419 INFO:teuthology.orchestra.run.smithi062.stdout:/usr/bin/ceph: stderr
2024-08-16T19:01:53.570+0000 7f5014bf6640 1 -- 172.21.15.62:0/3217140821 learned_addr learned my addr 172.21.15.62:0/3217140821 (peer_addr_for_me v2:172.21.15.62:0/0)
2024-08-16T19:01:54.419 INFO:teuthology.orchestra.run.smithi062.stdout:/usr/bin/ceph: stderr
2024-08-16T19:01:53.571+0000 7f5014bf6640 1 -- 172.21.15.62:0/3217140821 --> [v2:172.21.15.62:3300/0,v1:172.21.15.62:6789/0] -- mon_subscribe({config=0+,monmap=0+}) -- 0x7f501010a690 con 0x7f5010107d60
2024-08-16T19:01:54.419 INFO:teuthology.orchestra.run.smithi062.stdout:/usr/bin/ceph: stderr
2024-08-16T19:01:53.571+0000 7f5014bf6640 1 --2- 172.21.15.62:0/3217140821 >> [v2:172.21.15.62:3300/0,v1:172.21.15.62:6789/0] conn(0x7f5010107d60 0x7f501010a150 secure :-1 s=READY pgs=57 cs=0 l=1 rev1=1 crypto rx=0x7f5004009820 tx=0x7f500402a270 comp rx=0 tx=0).ready entity=mon.0 client_cookie=f8bff403215e24ce server_cookie=0 in_seq=0 out_seq=0
2024-08-16T19:01:54.420 INFO:teuthology.orchestra.run.smithi062.stdout:/usr/bin/ceph: stderr
2024-08-16T19:01:53.572+0000 7f500f7fe640 1 -- 172.21.15.62:0/3217140821 <== mon.0 v2:172.21.15.62:3300/0 1 ==== mon_map magic: 0 ==== 205+0+0 (secure 0 0 0) 0x7f5004037070 con 0x7f5010107d60
2024-08-16T19:01:54.420 INFO:teuthology.orchestra.run.smithi062.stdout:/usr/bin/ceph: stderr
2024-08-16T19:01:53.572+0000 7f500f7fe640 1 -- 172.21.15.62:0/3217140821 <== mon.0 v2:172.21.15.62:3300/0 2 ==== config(27 keys) ==== 1140+0+0 (secure 0 0 0) 0x7f5004032920 con 0x7f5010107d60
2024-08-16T19:01:54.420 INFO:teuthology.orchestra.run.smithi062.stdout:/usr/bin/ceph: stderr
2024-08-16T19:01:53.572+0000 7f500f7fe640 1 -- 172.21.15.62:0/3217140821 <== mon.0 v2:172.21.15.62:3300/0 3 ==== mon_map magic: 0 ==== 205+0+0 (secure 0 0 0) 0x7f5004030810 con 0x7f5010107d60
2024-08-16T19:01:54.420 INFO:teuthology.orchestra.run.smithi062.stdout:/usr/bin/ceph: stderr
2024-08-16T19:01:53.572+0000 7f5016e5a640 1 -- 172.21.15.62:0/3217140821 >> [v2:172.21.15.62:3300/0,v1:172.21.15.62:6789/0] conn(0x7f5010107d60 msgr2=0x7f501010a150 secure :-1 s=STATE_CONNECTION_ESTABLISHED l=1).mark_down
2024-08-16T19:01:54.420 INFO:teuthology.orchestra.run.smithi062.stdout:/usr/bin/ceph: stderr
2024-08-16T19:01:53.572+0000 7f5016e5a640 1 --2- 172.21.15.62:0/3217140821 >> [v2:172.21.15.62:3300/0,v1:172.21.15.62:6789/0] conn(0x7f5010107d60 0x7f501010a150 secure :-1 s=READY pgs=57 cs=0 l=1 rev1=1 crypto rx=0x7f5004009820 tx=0x7f500402a270 comp rx=0 tx=0).stop
2024-08-16T19:01:54.420 INFO:teuthology.orchestra.run.smithi062.stdout:/usr/bin/ceph: stderr
2024-08-16T19:01:53.572+0000 7f5016e5a640 1 -- 172.21.15.62:0/3217140821 shutdown_connections
2024-08-16T19:01:54.420 INFO:teuthology.orchestra.run.smithi062.stdout:/usr/bin/ceph: stderr
