2024-08-16T19:01:53.572+0000 7f5016e5a640 1 --2- 172.21.15.62:0/3217140821 >> [v2:172.21.15.62:3300/0,v1:172.21.15.62:6789/0] conn(0x7f5010107d60 0x7f501010a150 unknown :-1 s=CLOSED pgs=57 cs=0 l=1 rev1=1 crypto rx=0 tx=0 comp rx=0 tx=0).stop
2024-08-16T19:01:54.420 INFO:teuthology.orchestra.run.smithi062.stdout:/usr/bin/ceph: stderr
2024-08-16T19:01:53.572+0000 7f5016e5a640 1 -- 172.21.15.62:0/3217140821 >> 172.21.15.62:0/3217140821 conn(0x7f5010101a00 msgr2=0x7f5010103e20 unknown :-1 s=STATE_NONE l=0).mark_down
2024-08-16T19:01:54.420 INFO:teuthology.orchestra.run.smithi062.stdout:/usr/bin/ceph: stderr
2024-08-16T19:01:53.572+0000 7f5016e5a640 1 -- 172.21.15.62:0/3217140821 shutdown_connections
2024-08-16T19:01:54.420 INFO:teuthology.orchestra.run.smithi062.stdout:/usr/bin/ceph: stderr
2024-08-16T19:01:53.572+0000 7f5016e5a640 1 -- 172.21.15.62:0/3217140821 wait complete.
2024-08-16T19:01:54.420 INFO:teuthology.orchestra.run.smithi062.stdout:/usr/bin/ceph: stderr
2024-08-16T19:01:53.573+0000 7f5016e5a640 1 Processor -- start
2024-08-16T19:01:54.420 INFO:teuthology.orchestra.run.smithi062.stdout:/usr/bin/ceph: stderr
2024-08-16T19:01:53.573+0000 7f5016e5a640 1 -- start start
2024-08-16T19:01:54.420 INFO:teuthology.orchestra.run.smithi062.stdout:/usr/bin/ceph: stderr
2024-08-16T19:01:53.573+0000 7f5016e5a640 1 --2- >> [v2:172.21.15.62:3300/0,v1:172.21.15.62:6789/0] conn(0x7f5010107d60 0x7f50101075e0 unknown :-1 s=NONE pgs=0 cs=0 l=1 rev1=0 crypto rx=0 tx=0 comp rx=0 tx=0).connect
2024-08-16T19:01:54.421 INFO:teuthology.orchestra.run.smithi062.stdout:/usr/bin/ceph: stderr
2024-08-16T19:01:53.573+0000 7f5016e5a640 1 -- --> [v2:172.21.15.62:3300/0,v1:172.21.15.62:6789/0] -- mon_getmap magic: 0 -- 0x7f501010b770 con 0x7f5010107d60
2024-08-16T19:01:54.421 INFO:teuthology.orchestra.run.smithi062.stdout:/usr/bin/ceph: stderr
2024-08-16T19:01:53.573+0000 7f5014bf6640 1 --2- >> [v2:172.21.15.62:3300/0,v1:172.21.15.62:6789/0] conn(0x7f5010107d60 0x7f50101075e0 unknown :-1 s=BANNER_CONNECTING pgs=0 cs=0 l=1 rev1=0 crypto rx=0 tx=0 comp rx=0 tx=0)._handle_peer_banner_payload supported=3 required=0
2024-08-16T19:01:54.421 INFO:teuthology.orchestra.run.smithi062.stdout:/usr/bin/ceph: stderr
2024-08-16T19:01:53.573+0000 7f5014bf6640 1 --2- >> [v2:172.21.15.62:3300/0,v1:172.21.15.62:6789/0] conn(0x7f5010107d60 0x7f50101075e0 unknown :-1 s=HELLO_CONNECTING pgs=0 cs=0 l=1 rev1=1 crypto rx=0 tx=0 comp rx=0 tx=0).handle_hello peer v2:172.21.15.62:3300/0 says I am v2:172.21.15.62:43714/0 (socket says 172.21.15.62:43714)
2024-08-16T19:01:54.421 INFO:teuthology.orchestra.run.smithi062.stdout:/usr/bin/ceph: stderr
2024-08-16T19:01:53.573+0000 7f5014bf6640 1 -- 172.21.15.62:0/2668067246 learned_addr learned my addr 172.21.15.62:0/2668067246 (peer_addr_for_me v2:172.21.15.62:0/0)
2024-08-16T19:01:54.421 INFO:teuthology.orchestra.run.smithi062.stdout:/usr/bin/ceph: stderr
2024-08-16T19:01:53.574+0000 7f5014bf6640 1 -- 172.21.15.62:0/2668067246 --> [v2:172.21.15.62:3300/0,v1:172.21.15.62:6789/0] -- mon_subscribe({config=0+,monmap=0+}) -- 0x7f5010107b20 con 0x7f5010107d60
2024-08-16T19:01:54.421 INFO:teuthology.orchestra.run.smithi062.stdout:/usr/bin/ceph: stderr
2024-08-16T19:01:53.574+0000 7f5014bf6640 1 --2- 172.21.15.62:0/2668067246 >> [v2:172.21.15.62:3300/0,v1:172.21.15.62:6789/0] conn(0x7f5010107d60 0x7f50101075e0 secure :-1 s=READY pgs=58 cs=0 l=1 rev1=1 crypto rx=0x7f5004030380 tx=0x7f5004032670 comp rx=0 tx=0).ready entity=mon.0 client_cookie=0 server_cookie=0 in_seq=0 out_seq=0
2024-08-16T19:01:54.421 INFO:teuthology.orchestra.run.smithi062.stdout:/usr/bin/ceph: stderr
2024-08-16T19:01:53.574+0000 7f500dffb640 1 -- 172.21.15.62:0/2668067246 <== mon.0 v2:172.21.15.62:3300/0 1 ==== mon_map magic: 0 ==== 205+0+0 (secure 0 0 0) 0x7f5004037040 con 0x7f5010107d60
2024-08-16T19:01:54.421 INFO:teuthology.orchestra.run.smithi062.stdout:/usr/bin/ceph: stderr
2024-08-16T19:01:53.574+0000 7f500dffb640 1 -- 172.21.15.62:0/2668067246 <== mon.0 v2:172.21.15.62:3300/0 2 ==== config(27 keys) ==== 1140+0+0 (secure 0 0 0) 0x7f5004040070 con 0x7f5010107d60
2024-08-16T19:01:54.421 INFO:teuthology.orchestra.run.smithi062.stdout:/usr/bin/ceph: stderr
2024-08-16T19:01:53.574+0000 7f5016e5a640 1 -- 172.21.15.62:0/2668067246 --> [v2:172.21.15.62:3300/0,v1:172.21.15.62:6789/0] -- mon_subscribe({mgrmap=0+}) -- 0x7f5010105d10 con 0x7f5010107d60
2024-08-16T19:01:54.421 INFO:teuthology.orchestra.run.smithi062.stdout:/usr/bin/ceph: stderr
2024-08-16T19:01:53.574+0000 7f500dffb640 1 -- 172.21.15.62:0/2668067246 <== mon.0 v2:172.21.15.62:3300/0 3 ==== mon_map magic: 0 ==== 205+0+0 (secure 0 0 0) 0x7f500403a7b0 con 0x7f5010107d60
2024-08-16T19:01:54.421 INFO:teuthology.orchestra.run.smithi062.stdout:/usr/bin/ceph: stderr
2024-08-16T19:01:53.574+0000 7f5016e5a640 1 -- 172.21.15.62:0/2668067246 --> [v2:172.21.15.62:3300/0,v1:172.21.15.62:6789/0] -- mon_subscribe({osdmap=0}) -- 0x7f5010106250 con 0x7f5010107d60
2024-08-16T19:01:54.421 INFO:teuthology.orchestra.run.smithi062.stdout:/usr/bin/ceph: stderr
2024-08-16T19:01:53.575+0000 7f500dffb640 1 -- 172.21.15.62:0/2668067246 <== mon.0 v2:172.21.15.62:3300/0 4 ==== mgrmap(e 9) ==== 46300+0+0 (secure 0 0 0) 0x7f500403aa30 con 0x7f5010107d60
2024-08-16T19:01:54.422 INFO:teuthology.orchestra.run.smithi062.stdout:/usr/bin/ceph: stderr
2024-08-16T19:01:53.575+0000 7f5016e5a640 1 -- 172.21.15.62:0/2668067246 --> [v2:172.21.15.62:3300/0,v1:172.21.15.62:6789/0] -- mon_command({"prefix": "get_command_descriptions"} v 0) -- 0x7f50101081c0 con 0x7f5010107d60
2024-08-16T19:01:54.422 INFO:teuthology.orchestra.run.smithi062.stdout:/usr/bin/ceph: stderr
2024-08-16T19:01:53.575+0000 7f500dffb640 1 --2- 172.21.15.62:0/2668067246 >> [v2:172.21.15.62:6800/3198450894,v1:172.21.15.62:6801/3198450894] conn(0x7f5000038fc0 0x7f500003b480 unknown :-1 s=NONE pgs=0 cs=0 l=1 rev1=0 crypto rx=0 tx=0 comp rx=0 tx=0).connect
2024-08-16T19:01:54.422 INFO:teuthology.orchestra.run.smithi062.stdout:/usr/bin/ceph: stderr
2024-08-16T19:01:53.576+0000 7f500dffb640 1 -- 172.21.15.62:0/2668067246 <== mon.0 v2:172.21.15.62:3300/0 5 ==== osd_map(2..2 src has 1..2) ==== 940+0+0 (secure 0 0 0) 0x7f500406d6a0 con 0x7f5010107d60
2024-08-16T19:01:54.422 INFO:teuthology.orchestra.run.smithi062.stdout:/usr/bin/ceph: stderr
2024-08-16T19:01:53.576+0000 7f500ffff640 1 -- 172.21.15.62:0/2668067246 >> [v2:172.21.15.62:6800/3198450894,v1:172.21.15.62:6801/3198450894] conn(0x7f5000038fc0 msgr2=0x7f500003b480 unknown :-1 s=STATE_CONNECTING_RE l=1).process reconnect failed to v2:172.21.15.62:6800/3198450894
2024-08-16T19:01:54.422 INFO:teuthology.orchestra.run.smithi062.stdout:/usr/bin/ceph: stderr
2024-08-16T19:01:53.576+0000 7f500ffff640 1 --2- 172.21.15.62:0/2668067246 >> [v2:172.21.15.62:6800/3198450894,v1:172.21.15.62:6801/3198450894] conn(0x7f5000038fc0 0x7f500003b480 unknown :-1 s=START_CONNECT pgs=0 cs=0 l=1 rev1=0 crypto rx=0 tx=0 comp rx=0 tx=0)._fault waiting 0.200000
2024-08-16T19:01:54.422 INFO:teuthology.orchestra.run.smithi062.stdout:/usr/bin/ceph: stderr
2024-08-16T19:01:53.580+0000 7f500dffb640 1 -- 172.21.15.62:0/2668067246 <== mon.0 v2:172.21.15.62:3300/0 6 ==== mon_command_ack([{"prefix": "get_command_descriptions"}]=0 v0) ==== 72+0+187871 (secure 0 0 0) 0x7f5004044c70 con 0x7f5010107d60
2024-08-16T19:01:54.422 INFO:teuthology.orchestra.run.smithi062.stdout:/usr/bin/ceph: stderr
2024-08-16T19:01:53.777+0000 7f500ffff640 1 -- 172.21.15.62:0/2668067246 >> [v2:172.21.15.62:6800/3198450894,v1:172.21.15.62:6801/3198450894] conn(0x7f5000038fc0 msgr2=0x7f500003b480 unknown :-1 s=STATE_CONNECTING_RE l=1).process reconnect failed to v2:172.21.15.62:6800/3198450894
2024-08-16T19:01:54.422 INFO:teuthology.orchestra.run.smithi062.stdout:/usr/bin/ceph: stderr
2024-08-16T19:01:53.777+0000 7f500ffff640 1 --2- 172.21.15.62:0/2668067246 >> [v2:172.21.15.62:6800/3198450894,v1:172.21.15.62:6801/3198450894] conn(0x7f5000038fc0 0x7f500003b480 unknown :-1 s=START_CONNECT pgs=0 cs=0 l=1 rev1=0 crypto rx=0 tx=0 comp rx=0 tx=0)._fault waiting 0.400000
2024-08-16T19:01:54.422 INFO:teuthology.orchestra.run.smithi062.stdout:/usr/bin/ceph: stderr
2024-08-16T19:01:53.806+0000 7f5016e5a640 1 -- 172.21.15.62:0/2668067246 --> [v2:172.21.15.62:3300/0,v1:172.21.15.62:6789/0] -- mon_command({"prefix": "mgr stat"} v 0) -- 0x7f5010106b50 con 0x7f5010107d60
2024-08-16T19:01:54.422 INFO:teuthology.orchestra.run.smithi062.stdout:/usr/bin/ceph: stderr
2024-08-16T19:01:53.806+0000 7f500dffb640 1 -- 172.21.15.62:0/2668067246 <== mon.0 v2:172.21.15.62:3300/0 7 ==== mon_command_ack([{"prefix": "mgr stat"}]=0 v9) ==== 56+0+88 (secure 0 0 0) 0x7f5004041270 con 0x7f5010107d60
2024-08-16T19:01:54.422 INFO:teuthology.orchestra.run.smithi062.stdout:/usr/bin/ceph: stderr
2024-08-16T19:01:53.808+0000 7f5016e5a640 1 -- 172.21.15.62:0/2668067246 >> [v2:172.21.15.62:6800/3198450894,v1:172.21.15.62:6801/3198450894] conn(0x7f5000038fc0 msgr2=0x7f500003b480 unknown :-1 s=STATE_CONNECTING l=1).mark_down
2024-08-16T19:01:54.422 INFO:teuthology.orchestra.run.smithi062.stdout:/usr/bin/ceph: stderr
2024-08-16T19:01:53.808+0000 7f5016e5a640 1 --2- 172.21.15.62:0/2668067246 >> [v2:172.21.15.62:6800/3198450894,v1:172.21.15.62:6801/3198450894] conn(0x7f5000038fc0 0x7f500003b480 unknown :-1 s=START_CONNECT pgs=0 cs=0 l=1 rev1=0 crypto rx=0 tx=0 comp rx=0 tx=0).stop
2024-08-16T19:01:54.423 INFO:teuthology.orchestra.run.smithi062.stdout:/usr/bin/ceph: stderr
2024-08-16T19:01:53.808+0000 7f5016e5a640 1 -- 172.21.15.62:0/2668067246 >> [v2:172.21.15.62:3300/0,v1:172.21.15.62:6789/0] conn(0x7f5010107d60 msgr2=0x7f50101075e0 secure :-1 s=STATE_CONNECTION_ESTABLISHED l=1).mark_down
2024-08-16T19:01:54.423 INFO:teuthology.orchestra.run.smithi062.stdout:/usr/bin/ceph: stderr
2024-08-16T19:01:53.808+0000 7f5016e5a640 1 --2- 172.21.15.62:0/2668067246 >> [v2:172.21.15.62:3300/0,v1:172.21.15.62:6789/0] conn(0x7f5010107d60 0x7f50101075e0 secure :-1 s=READY pgs=58 cs=0 l=1 rev1=1 crypto rx=0x7f5004030380 tx=0x7f5004032670 comp rx=0 tx=0).stop
2024-08-16T19:01:54.423 INFO:teuthology.orchestra.run.smithi062.stdout:/usr/bin/ceph: stderr
2024-08-16T19:01:53.808+0000 7f5016e5a640 1 -- 172.21.15.62:0/2668067246 shutdown_connections
2024-08-16T19:01:54.423 INFO:teuthology.orchestra.run.smithi062.stdout:/usr/bin/ceph: stderr
2024-08-16T19:01:53.808+0000 7f5016e5a640 1 --2- 172.21.15.62:0/2668067246 >> [v2:172.21.15.62:6800/3198450894,v1:172.21.15.62:6801/3198450894] conn(0x7f5000038fc0 0x7f500003b480 unknown :-1 s=CLOSED pgs=0 cs=0 l=1 rev1=0 crypto rx=0 tx=0 comp rx=0 tx=0).stop
2024-08-16T19:01:54.423 INFO:teuthology.orchestra.run.smithi062.stdout:/usr/bin/ceph: stderr
2024-08-16T19:01:53.808+0000 7f5016e5a640 1 --2- 172.21.15.62:0/2668067246 >> [v2:172.21.15.62:3300/0,v1:172.21.15.62:6789/0] conn(0x7f5010107d60 0x7f50101075e0 unknown :-1 s=CLOSED pgs=58 cs=0 l=1 rev1=1 crypto rx=0 tx=0 comp rx=0 tx=0).stop
2024-08-16T19:01:54.423 INFO:teuthology.orchestra.run.smithi062.stdout:/usr/bin/ceph: stderr
2024-08-16T19:01:53.808+0000 7f5016e5a640 1 -- 172.21.15.62:0/2668067246 >> 172.21.15.62:0/2668067246 conn(0x7f5010101a00 msgr2=0x7f50101025b0 unknown :-1 s=STATE_NONE l=0).mark_down
2024-08-16T19:01:54.423 INFO:teuthology.orchestra.run.smithi062.stdout:/usr/bin/ceph: stderr
2024-08-16T19:01:53.808+0000 7f5016e5a640 1 -- 172.21.15.62:0/2668067246 shutdown_connections
2024-08-16T19:01:54.423 INFO:teuthology.orchestra.run.smithi062.stdout:/usr/bin/ceph: stderr
2024-08-16T19:01:53.808+0000 7f5016e5a640 1 -- 172.21.15.62:0/2668067246 wait complete.
2024-08-16T19:01:54.423 INFO:teuthology.orchestra.run.smithi062.stdout:Waiting for the mgr to restart...
2024-08-16T19:01:54.423 INFO:teuthology.orchestra.run.smithi062.stdout:Waiting for mgr epoch 9...
2024-08-16T19:01:54.640 INFO:journalctl@ceph.mon.a.smithi062.stdout:Aug 16 19:01:54 smithi062 ceph-mon[32993]: from='client.? 172.21.15.62:0/2668067246' entity='client.admin' cmd=[{"prefix": "mgr stat"}]: dispatch
2024-08-16T19:01:54.641 INFO:journalctl@ceph.mgr.x.smithi062.stdout:Aug 16 19:01:54 smithi062 ceph-bd001ebc-5c01-11ef-bccf-c7b262605968-mgr-x[33218]:
2024-08-16T19:01:54.602+0000 7fae922ee040 -1 mgr[py] Module alerts has missing NOTIFY_TYPES member
2024-08-16T19:01:54.894 INFO:journalctl@ceph.mgr.x.smithi062.stdout:Aug 16 19:01:54 smithi062 ceph-bd001ebc-5c01-11ef-bccf-c7b262605968-mgr-x[33218]:
2024-08-16T19:01:54.672+0000 7fae922ee040 -1 mgr[py] Module selftest has missing NOTIFY_TYPES member
2024-08-16T19:01:54.894 INFO:journalctl@ceph.mgr.x.smithi062.stdout:Aug 16 19:01:54 smithi062 ceph-bd001ebc-5c01-11ef-bccf-c7b262605968-mgr-x[33218]:
2024-08-16T19:01:54.741+0000 7fae922ee040 -1 mgr[py] Module pg_autoscaler has missing NOTIFY_TYPES member
2024-08-16T19:01:54.894 INFO:journalctl@ceph.mgr.x.smithi062.stdout:Aug 16 19:01:54 smithi062 ceph-bd001ebc-5c01-11ef-bccf-c7b262605968-mgr-x[33218]:
2024-08-16T19:01:54.893+0000 7fae922ee040 -1 mgr[py] Module test_orchestrator has missing NOTIFY_TYPES member
2024-08-16T19:01:55.496 INFO:journalctl@ceph.mgr.x.smithi062.stdout:Aug 16 19:01:55 smithi062 ceph-bd001ebc-5c01-11ef-bccf-c7b262605968-mgr-x[33218]:
2024-08-16T19:01:55.336+0000 7fae922ee040 -1 mgr[py] Module rook has missing NOTIFY_TYPES member
2024-08-16T19:01:55.892 INFO:journalctl@ceph.mgr.x.smithi062.stdout:Aug 16 19:01:55 smithi062 ceph-bd001ebc-5c01-11ef-bccf-c7b262605968-mgr-x[33218]:
2024-08-16T19:01:55.666+0000 7fae922ee040 -1 mgr[py] Module volumes has missing NOTIFY_TYPES member
2024-08-16T19:01:55.892 INFO:journalctl@ceph.mgr.x.smithi062.stdout:Aug 16 19:01:55 smithi062 ceph-bd001ebc-5c01-11ef-bccf-c7b262605968-mgr-x[33218]:
2024-08-16T19:01:55.735+0000 7fae922ee040 -1 mgr[py] Module crash has missing NOTIFY_TYPES member
2024-08-16T19:01:55.892 INFO:journalctl@ceph.mgr.x.smithi062.stdout:Aug 16 19:01:55 smithi062 ceph-bd001ebc-5c01-11ef-bccf-c7b262605968-mgr-x[33218]:
2024-08-16T19:01:55.891+0000 7fae922ee040 -1 mgr[py] Module rgw has missing NOTIFY_TYPES member
2024-08-16T19:01:56.476 INFO:journalctl@ceph.mgr.x.smithi062.stdout:Aug 16 19:01:56 smithi062 ceph-bd001ebc-5c01-11ef-bccf-c7b262605968-mgr-x[33218]:
2024-08-16T19:01:56.217+0000 7fae922ee040 -1 mgr[py] Module prometheus has missing NOTIFY_TYPES member
2024-08-16T19:01:56.476 INFO:journalctl@ceph.mgr.x.smithi062.stdout:Aug 16 19:01:56 smithi062 ceph-bd001ebc-5c01-11ef-bccf-c7b262605968-mgr-x[33218]:
2024-08-16T19:01:56.281+0000 7fae922ee040 -1 mgr[py] Module devicehealth has missing NOTIFY_TYPES member
2024-08-16T19:01:56.746 INFO:journalctl@ceph.mgr.x.smithi062.stdout:Aug 16 19:01:56 smithi062 ceph-bd001ebc-5c01-11ef-bccf-c7b262605968-mgr-x[33218]:
2024-08-16T19:01:56.475+0000 7fae922ee040 -1 mgr[py] Module telemetry has missing NOTIFY_TYPES member
2024-08-16T19:01:56.746 INFO:journalctl@ceph.mgr.x.smithi062.stdout:Aug 16 19:01:56 smithi062 ceph-bd001ebc-5c01-11ef-bccf-c7b262605968-mgr-x[33218]:
2024-08-16T19:01:56.630+0000 7fae922ee040 -1 mgr[py] Module diskprediction_local has missing NOTIFY_TYPES member
2024-08-16T19:01:56.746 INFO:journalctl@ceph.mgr.x.smithi062.stdout:Aug 16 19:01:56 smithi062 ceph-bd001ebc-5c01-11ef-bccf-c7b262605968-mgr-x[33218]:
2024-08-16T19:01:56.697+0000 7fae922ee040 -1 mgr[py] Module osd_perf_query has missing NOTIFY_TYPES member
2024-08-16T19:01:57.246 INFO:journalctl@ceph.mgr.x.smithi062.stdout:Aug 16 19:01:56 smithi062 ceph-bd001ebc-5c01-11ef-bccf-c7b262605968-mgr-x[33218]:
2024-08-16T19:01:56.783+0000 7fae922ee040 -1 mgr[py] Module rbd_support has missing NOTIFY_TYPES member
2024-08-16T19:01:57.246 INFO:journalctl@ceph.mgr.x.smithi062.stdout:Aug 16 19:01:56 smithi062 ceph-bd001ebc-5c01-11ef-bccf-c7b262605968-mgr-x[33218]:
2024-08-16T19:01:56.845+0000 7fae922ee040 -1 mgr[py] Module zabbix has missing NOTIFY_TYPES member
2024-08-16T19:01:57.746 INFO:journalctl@ceph.mgr.x.smithi062.stdout:Aug 16 19:01:57 smithi062 ceph-bd001ebc-5c01-11ef-bccf-c7b262605968-mgr-x[33218]:
2024-08-16T19:01:57.405+0000 7fae922ee040 -1 mgr[py] Module status has missing NOTIFY_TYPES member
2024-08-16T19:01:57.746 INFO:journalctl@ceph.mgr.x.smithi062.stdout:Aug 16 19:01:57 smithi062 ceph-bd001ebc-5c01-11ef-bccf-c7b262605968-mgr-x[33218]:
2024-08-16T19:01:57.571+0000 7fae922ee040 -1 mgr[py] Module nfs has missing NOTIFY_TYPES member
2024-08-16T19:01:57.747 INFO:journalctl@ceph.mon.a.smithi062.stdout:Aug 16 19:01:57 smithi062 ceph-mon[32993]: Active manager daemon x restarted
2024-08-16T19:01:57.747 INFO:journalctl@ceph.mon.a.smithi062.stdout:Aug 16 19:01:57 smithi062 ceph-mon[32993]: Activating manager daemon x
2024-08-16T19:01:57.747 INFO:journalctl@ceph.mon.a.smithi062.stdout:Aug 16 19:01:57 smithi062 ceph-mon[32993]: osdmap e3: 0 total, 0 up, 0 in
2024-08-16T19:01:57.747 INFO:journalctl@ceph.mon.a.smithi062.stdout:Aug 16 19:01:57 smithi062 ceph-mon[32993]: mgrmap e10: x(active, starting, since 0.00315408s)
2024-08-16T19:01:57.747 INFO:journalctl@ceph.mon.a.smithi062.stdout:Aug 16 19:01:57 smithi062 ceph-mon[32993]: from='mgr.14150 172.21.15.62:0/4171088316' entity='mgr.x' cmd=[{"prefix": "mon metadata", "id": "a"}]: dispatch
2024-08-16T19:01:57.747 INFO:journalctl@ceph.mon.a.smithi062.stdout:Aug 16 19:01:57 smithi062 ceph-mon[32993]: from='mgr.14150 172.21.15.62:0/4171088316' entity='mgr.x' cmd=[{"prefix": "mgr metadata", "who": "x", "id": "x"}]: dispatch
2024-08-16T19:01:57.747 INFO:journalctl@ceph.mon.a.smithi062.stdout:Aug 16 19:01:57 smithi062 ceph-mon[32993]: from='mgr.14150 172.21.15.62:0/4171088316' entity='mgr.x' cmd=[{"prefix": "mds metadata"}]: dispatch
2024-08-16T19:01:57.747 INFO:journalctl@ceph.mon.a.smithi062.stdout:Aug 16 19:01:57 smithi062 ceph-mon[32993]: from='mgr.14150 172.21.15.62:0/4171088316' entity='mgr.x' cmd=[{"prefix": "osd metadata"}]: dispatch
2024-08-16T19:01:57.747 INFO:journalctl@ceph.mon.a.smithi062.stdout:Aug 16 19:01:57 smithi062 ceph-mon[32993]: from='mgr.14150 172.21.15.62:0/4171088316' entity='mgr.x' cmd=[{"prefix": "mon metadata"}]: dispatch
2024-08-16T19:01:57.747 INFO:journalctl@ceph.mon.a.smithi062.stdout:Aug 16 19:01:57 smithi062 ceph-mon[32993]: Manager daemon x is now available
2024-08-16T19:01:57.747 INFO:journalctl@ceph.mon.a.smithi062.stdout:Aug 16 19:01:57 smithi062 ceph-mon[32993]: from='mgr.14150 172.21.15.62:0/4171088316' entity='mgr.x' cmd=[{"prefix": "config dump", "format": "json"}]: dispatch
2024-08-16T19:01:57.747 INFO:journalctl@ceph.mon.a.smithi062.stdout:Aug 16 19:01:57 smithi062 ceph-mon[32993]: from='mgr.14150 172.21.15.62:0/4171088316' entity='mgr.x' cmd=[{"prefix":"config rm","who":"mgr","name":"mgr/rbd_support/x/mirror_snapshot_schedule"}]: dispatch
2024-08-16T19:01:57.748 INFO:journalctl@ceph.mon.a.smithi062.stdout:Aug 16 19:01:57 smithi062 ceph-mon[32993]: from='mgr.14150 172.21.15.62:0/4171088316' entity='mgr.x' cmd=[{"prefix":"config rm","who":"mgr","name":"mgr/rbd_support/x/trash_purge_schedule"}]: dispatch
2024-08-16T19:01:59.256 INFO:teuthology.orchestra.run.smithi062.stdout:/usr/bin/ceph: stdout {
2024-08-16T19:01:59.256 INFO:teuthology.orchestra.run.smithi062.stdout:/usr/bin/ceph: stdout "mgrmap_epoch": 11,
2024-08-16T19:01:59.256 INFO:teuthology.orchestra.run.smithi062.stdout:/usr/bin/ceph: stdout "initialized": true
2024-08-16T19:01:59.256 INFO:teuthology.orchestra.run.smithi062.stdout:/usr/bin/ceph: stdout }
2024-08-16T19:01:59.256 INFO:teuthology.orchestra.run.smithi062.stdout:/usr/bin/ceph: stderr
2024-08-16T19:01:54.990+0000 7f184188b640 1 Processor -- start
2024-08-16T19:01:59.256 INFO:teuthology.orchestra.run.smithi062.stdout:/usr/bin/ceph: stderr
2024-08-16T19:01:54.990+0000 7f184188b640 1 -- start start
2024-08-16T19:01:59.256 INFO:teuthology.orchestra.run.smithi062.stdout:/usr/bin/ceph: stderr
2024-08-16T19:01:54.990+0000 7f184188b640 1 --2- >> [v2:172.21.15.62:3300/0,v1:172.21.15.62:6789/0] conn(0x7f183c1062b0 0x7f183c1066b0 unknown :-1 s=NONE pgs=0 cs=0 l=0 rev1=0 crypto rx=0 tx=0 comp rx=0 tx=0).connect
2024-08-16T19:01:59.256 INFO:teuthology.orchestra.run.smithi062.stdout:/usr/bin/ceph: stderr
2024-08-16T19:01:54.990+0000 7f184188b640 1 -- --> [v2:172.21.15.62:3300/0,v1:172.21.15.62:6789/0] -- mon_getmap magic: 0 -- 0x7f183c106c80 con 0x7f183c1062b0
2024-08-16T19:01:59.257 INFO:teuthology.orchestra.run.smithi062.stdout:/usr/bin/ceph: stderr
2024-08-16T19:01:54.990+0000 7f183affd640 1 --2- >> [v2:172.21.15.62:3300/0,v1:172.21.15.62:6789/0] conn(0x7f183c1062b0 0x7f183c1066b0 unknown :-1 s=BANNER_CONNECTING pgs=0 cs=0 l=0 rev1=0 crypto rx=0 tx=0 comp rx=0 tx=0)._handle_peer_banner_payload supported=3 required=0
2024-08-16T19:01:59.257 INFO:teuthology.orchestra.run.smithi062.stdout:/usr/bin/ceph: stderr
2024-08-16T19:01:54.990+0000 7f183affd640 1 --2- >> [v2:172.21.15.62:3300/0,v1:172.21.15.62:6789/0] conn(0x7f183c1062b0 0x7f183c1066b0 unknown :-1 s=HELLO_CONNECTING pgs=0 cs=0 l=0 rev1=1 crypto rx=0 tx=0 comp rx=0 tx=0).handle_hello peer v2:172.21.15.62:3300/0 says I am v2:172.21.15.62:43730/0 (socket says 172.21.15.62:43730)
2024-08-16T19:01:59.257 INFO:teuthology.orchestra.run.smithi062.stdout:/usr/bin/ceph: stderr
2024-08-16T19:01:54.990+0000 7f183affd640 1 -- 172.21.15.62:0/3075202465 learned_addr learned my addr 172.21.15.62:0/3075202465 (peer_addr_for_me v2:172.21.15.62:0/0)
2024-08-16T19:01:59.257 INFO:teuthology.orchestra.run.smithi062.stdout:/usr/bin/ceph: stderr
2024-08-16T19:01:54.991+0000 7f183affd640 1 -- 172.21.15.62:0/3075202465 --> [v2:172.21.15.62:3300/0,v1:172.21.15.62:6789/0] -- mon_subscribe({config=0+,monmap=0+}) -- 0x7f183c1074b0 con 0x7f183c1062b0
2024-08-16T19:01:59.257 INFO:teuthology.orchestra.run.smithi062.stdout:/usr/bin/ceph: stderr
2024-08-16T19:01:54.991+0000 7f183affd640 1 --2- 172.21.15.62:0/3075202465 >> [v2:172.21.15.62:3300/0,v1:172.21.15.62:6789/0] conn(0x7f183c1062b0 0x7f183c1066b0 secure :-1 s=READY pgs=59 cs=0 l=1 rev1=1 crypto rx=0x7f182c009820 tx=0x7f182c02a270 comp rx=0 tx=0).ready entity=mon.0 client_cookie=d89c810733479159 server_cookie=0 in_seq=0 out_seq=0
2024-08-16T19:01:59.257 INFO:teuthology.orchestra.run.smithi062.stdout:/usr/bin/ceph: stderr
2024-08-16T19:01:54.992+0000 7f183a7fc640 1 -- 172.21.15.62:0/3075202465 <== mon.0 v2:172.21.15.62:3300/0 1 ==== mon_map magic: 0 ==== 205+0+0 (secure 0 0 0) 0x7f182c037070 con 0x7f183c1062b0
2024-08-16T19:01:59.257 INFO:teuthology.orchestra.run.smithi062.stdout:/usr/bin/ceph: stderr
2024-08-16T19:01:54.992+0000 7f183a7fc640 1 -- 172.21.15.62:0/3075202465 <== mon.0 v2:172.21.15.62:3300/0 2 ==== config(27 keys) ==== 1140+0+0 (secure 0 0 0) 0x7f182c032920 con 0x7f183c1062b0
2024-08-16T19:01:59.257 INFO:teuthology.orchestra.run.smithi062.stdout:/usr/bin/ceph: stderr
2024-08-16T19:01:54.992+0000 7f183a7fc640 1 -- 172.21.15.62:0/3075202465 <== mon.0 v2:172.21.15.62:3300/0 3 ==== mon_map magic: 0 ==== 205+0+0 (secure 0 0 0) 0x7f182c030810 con 0x7f183c1062b0
2024-08-16T19:01:59.257 INFO:teuthology.orchestra.run.smithi062.stdout:/usr/bin/ceph: stderr
2024-08-16T19:01:54.992+0000 7f184188b640 1 -- 172.21.15.62:0/3075202465 >> [v2:172.21.15.62:3300/0,v1:172.21.15.62:6789/0] conn(0x7f183c1062b0 msgr2=0x7f183c1066b0 secure :-1 s=STATE_CONNECTION_ESTABLISHED l=1).mark_down
2024-08-16T19:01:59.257 INFO:teuthology.orchestra.run.smithi062.stdout:/usr/bin/ceph: stderr
2024-08-16T19:01:54.992+0000 7f184188b640 1 --2- 172.21.15.62:0/3075202465 >> [v2:172.21.15.62:3300/0,v1:172.21.15.62:6789/0] conn(0x7f183c1062b0 0x7f183c1066b0 secure :-1 s=READY pgs=59 cs=0 l=1 rev1=1 crypto rx=0x7f182c009820 tx=0x7f182c02a270 comp rx=0 tx=0).stop
2024-08-16T19:01:59.257 INFO:teuthology.orchestra.run.smithi062.stdout:/usr/bin/ceph: stderr
2024-08-16T19:01:54.992+0000 7f184188b640 1 -- 172.21.15.62:0/3075202465 shutdown_connections
2024-08-16T19:01:59.257 INFO:teuthology.orchestra.run.smithi062.stdout:/usr/bin/ceph: stderr
2024-08-16T19:01:54.992+0000 7f184188b640 1 --2- 172.21.15.62:0/3075202465 >> [v2:172.21.15.62:3300/0,v1:172.21.15.62:6789/0] conn(0x7f183c1062b0 0x7f183c1066b0 unknown :-1 s=CLOSED pgs=59 cs=0 l=1 rev1=1 crypto rx=0 tx=0 comp rx=0 tx=0).stop
2024-08-16T19:01:59.258 INFO:teuthology.orchestra.run.smithi062.stdout:/usr/bin/ceph: stderr
2024-08-16T19:01:54.992+0000 7f184188b640 1 -- 172.21.15.62:0/3075202465 >> 172.21.15.62:0/3075202465 conn(0x7f183c101b00 msgr2=0x7f183c103f20 unknown :-1 s=STATE_NONE l=0).mark_down
2024-08-16T19:01:59.258 INFO:teuthology.orchestra.run.smithi062.stdout:/usr/bin/ceph: stderr
2024-08-16T19:01:54.992+0000 7f184188b640 1 -- 172.21.15.62:0/3075202465 shutdown_connections
2024-08-16T19:01:59.258 INFO:teuthology.orchestra.run.smithi062.stdout:/usr/bin/ceph: stderr
2024-08-16T19:01:54.992+0000 7f184188b640 1 -- 172.21.15.62:0/3075202465 wait complete.
2024-08-16T19:01:59.258 INFO:teuthology.orchestra.run.smithi062.stdout:/usr/bin/ceph: stderr
2024-08-16T19:01:54.993+0000 7f184188b640 1 Processor -- start
2024-08-16T19:01:59.258 INFO:teuthology.orchestra.run.smithi062.stdout:/usr/bin/ceph: stderr
2024-08-16T19:01:54.993+0000 7f184188b640 1 -- start start
2024-08-16T19:01:59.258 INFO:teuthology.orchestra.run.smithi062.stdout:/usr/bin/ceph: stderr
2024-08-16T19:01:54.993+0000 7f184188b640 1 --2- >> [v2:172.21.15.62:3300/0,v1:172.21.15.62:6789/0] conn(0x7f183c1062b0 0x7f183c191470 unknown :-1 s=NONE pgs=0 cs=0 l=1 rev1=0 crypto rx=0 tx=0 comp rx=0 tx=0).connect
2024-08-16T19:01:59.258 INFO:teuthology.orchestra.run.smithi062.stdout:/usr/bin/ceph: stderr
2024-08-16T19:01:54.993+0000 7f184188b640 1 -- --> [v2:172.21.15.62:3300/0,v1:172.21.15.62:6789/0] -- mon_getmap magic: 0 -- 0x7f183c10a860 con 0x7f183c1062b0
2024-08-16T19:01:59.258 INFO:teuthology.orchestra.run.smithi062.stdout:/usr/bin/ceph: stderr
2024-08-16T19:01:54.993+0000 7f183affd640 1 --2- >> [v2:172.21.15.62:3300/0,v1:172.21.15.62:6789/0] conn(0x7f183c1062b0 0x7f183c191470 unknown :-1 s=BANNER_CONNECTING pgs=0 cs=0 l=1 rev1=0 crypto rx=0 tx=0 comp rx=0 tx=0)._handle_peer_banner_payload supported=3 required=0
2024-08-16T19:01:59.258 INFO:teuthology.orchestra.run.smithi062.stdout:/usr/bin/ceph: stderr
2024-08-16T19:01:54.993+0000 7f183affd640 1 --2- >> [v2:172.21.15.62:3300/0,v1:172.21.15.62:6789/0] conn(0x7f183c1062b0 0x7f183c191470 unknown :-1 s=HELLO_CONNECTING pgs=0 cs=0 l=1 rev1=1 crypto rx=0 tx=0 comp rx=0 tx=0).handle_hello peer v2:172.21.15.62:3300/0 says I am v2:172.21.15.62:43732/0 (socket says 172.21.15.62:43732)
2024-08-16T19:01:59.258 INFO:teuthology.orchestra.run.smithi062.stdout:/usr/bin/ceph: stderr
2024-08-16T19:01:54.993+0000 7f183affd640 1 -- 172.21.15.62:0/2773690392 learned_addr learned my addr 172.21.15.62:0/2773690392 (peer_addr_for_me v2:172.21.15.62:0/0)
2024-08-16T19:01:59.258 INFO:teuthology.orchestra.run.smithi062.stdout:/usr/bin/ceph: stderr
2024-08-16T19:01:54.994+0000 7f183affd640 1 -- 172.21.15.62:0/2773690392 --> [v2:172.21.15.62:3300/0,v1:172.21.15.62:6789/0] -- mon_subscribe({config=0+,monmap=0+}) -- 0x7f183c1919b0 con 0x7f183c1062b0
2024-08-16T19:01:59.258 INFO:teuthology.orchestra.run.smithi062.stdout:/usr/bin/ceph: stderr
2024-08-16T19:01:54.994+0000 7f183affd640 1 --2- 172.21.15.62:0/2773690392 >> [v2:172.21.15.62:3300/0,v1:172.21.15.62:6789/0] conn(0x7f183c1062b0 0x7f183c191470 secure :-1 s=READY pgs=60 cs=0 l=1 rev1=1 crypto rx=0x7f182c030560 tx=0x7f182c032670 comp rx=0 tx=0).ready entity=mon.0 client_cookie=0 server_cookie=0 in_seq=0 out_seq=0
2024-08-16T19:01:59.258 INFO:teuthology.orchestra.run.smithi062.stdout:/usr/bin/ceph: stderr
2024-08-16T19:01:54.994+0000 7f1840889640 1 -- 172.21.15.62:0/2773690392 <== mon.0 v2:172.21.15.62:3300/0 1 ==== mon_map magic: 0 ==== 205+0+0 (secure 0 0 0) 0x7f182c037040 con 0x7f183c1062b0
2024-08-16T19:01:59.259 INFO:teuthology.orchestra.run.smithi062.stdout:/usr/bin/ceph: stderr
2024-08-16T19:01:54.994+0000 7f1840889640 1 -- 172.21.15.62:0/2773690392 <== mon.0 v2:172.21.15.62:3300/0 2 ==== config(27 keys) ==== 1140+0+0 (secure 0 0 0) 0x7f182c040070 con 0x7f183c1062b0
2024-08-16T19:01:59.259 INFO:teuthology.orchestra.run.smithi062.stdout:/usr/bin/ceph: stderr
2024-08-16T19:01:54.994+0000 7f184188b640 1 -- 172.21.15.62:0/2773690392 --> [v2:172.21.15.62:3300/0,v1:172.21.15.62:6789/0] -- mon_subscribe({mgrmap=0+}) -- 0x7f183c18fba0 con 0x7f183c1062b0
2024-08-16T19:01:59.259 INFO:teuthology.orchestra.run.smithi062.stdout:/usr/bin/ceph: stderr
2024-08-16T19:01:54.994+0000 7f1840889640 1 -- 172.21.15.62:0/2773690392 <== mon.0 v2:172.21.15.62:3300/0 3 ==== mon_map magic: 0 ==== 205+0+0 (secure 0 0 0) 0x7f182c03a740 con 0x7f183c1062b0
2024-08-16T19:01:59.259 INFO:teuthology.orchestra.run.smithi062.stdout:/usr/bin/ceph: stderr
2024-08-16T19:01:54.994+0000 7f184188b640 1 -- 172.21.15.62:0/2773690392 --> [v2:172.21.15.62:3300/0,v1:172.21.15.62:6789/0] -- mon_subscribe({osdmap=0}) -- 0x7f183c1900e0 con 0x7f183c1062b0
2024-08-16T19:01:59.259 INFO:teuthology.orchestra.run.smithi062.stdout:/usr/bin/ceph: stderr
2024-08-16T19:01:54.995+0000 7f1840889640 1 -- 172.21.15.62:0/2773690392 <== mon.0 v2:172.21.15.62:3300/0 4 ==== mgrmap(e 9) ==== 46300+0+0 (secure 0 0 0) 0x7f182c03bb90 con 0x7f183c1062b0
2024-08-16T19:01:59.259 INFO:teuthology.orchestra.run.smithi062.stdout:/usr/bin/ceph: stderr
2024-08-16T19:01:54.995+0000 7f1840889640 1 --2- 172.21.15.62:0/2773690392 >> [v2:172.21.15.62:6800/3198450894,v1:172.21.15.62:6801/3198450894] conn(0x7f1828039020 0x7f182803b4e0 unknown :-1 s=NONE pgs=0 cs=0 l=1 rev1=0 crypto rx=0 tx=0 comp rx=0 tx=0).connect
2024-08-16T19:01:59.259 INFO:teuthology.orchestra.run.smithi062.stdout:/usr/bin/ceph: stderr
2024-08-16T19:01:54.995+0000 7f1840889640 1 -- 172.21.15.62:0/2773690392 --> [v2:172.21.15.62:6800/3198450894,v1:172.21.15.62:6801/3198450894] -- command(tid 0: {"prefix": "get_command_descriptions"}) -- 0x7f182803bbf0 con 0x7f1828039020
2024-08-16T19:01:59.259 INFO:teuthology.orchestra.run.smithi062.stdout:/usr/bin/ceph: stderr
2024-08-16T19:01:54.995+0000 7f1840889640 1 -- 172.21.15.62:0/2773690392 <== mon.0 v2:172.21.15.62:3300/0 5 ==== osd_map(2..2 src has 1..2) ==== 940+0+0 (secure 0 0 0) 0x7f182c06c580 con 0x7f183c1062b0
2024-08-16T19:01:59.259 INFO:teuthology.orchestra.run.smithi062.stdout:/usr/bin/ceph: stderr
2024-08-16T19:01:54.995+0000 7f1833fff640 1 -- 172.21.15.62:0/2773690392 >> [v2:172.21.15.62:6800/3198450894,v1:172.21.15.62:6801/3198450894] conn(0x7f1828039020 msgr2=0x7f182803b4e0 unknown :-1 s=STATE_CONNECTING_RE l=1).process reconnect failed to v2:172.21.15.62:6800/3198450894
2024-08-16T19:01:59.259 INFO:teuthology.orchestra.run.smithi062.stdout:/usr/bin/ceph: stderr
2024-08-16T19:01:54.995+0000 7f1833fff640 1 --2- 172.21.15.62:0/2773690392 >> [v2:172.21.15.62:6800/3198450894,v1:172.21.15.62:6801/3198450894] conn(0x7f1828039020 0x7f182803b4e0 unknown :-1 s=START_CONNECT pgs=0 cs=0 l=1 rev1=0 crypto rx=0 tx=0 comp rx=0 tx=0)._fault waiting 0.200000
2024-08-16T19:01:59.259 INFO:teuthology.orchestra.run.smithi062.stdout:/usr/bin/ceph: stderr
2024-08-16T19:01:55.196+0000 7f1833fff640 1 -- 172.21.15.62:0/2773690392 >> [v2:172.21.15.62:6800/3198450894,v1:172.21.15.62:6801/3198450894] conn(0x7f1828039020 msgr2=0x7f182803b4e0 unknown :-1 s=STATE_CONNECTING_RE l=1).process reconnect failed to v2:172.21.15.62:6800/3198450894
2024-08-16T19:01:59.259 INFO:teuthology.orchestra.run.smithi062.stdout:/usr/bin/ceph: stderr
2024-08-16T19:01:55.196+0000 7f1833fff640 1 --2- 172.21.15.62:0/2773690392 >> [v2:172.21.15.62:6800/3198450894,v1:172.21.15.62:6801/3198450894] conn(0x7f1828039020 0x7f182803b4e0 unknown :-1 s=START_CONNECT pgs=0 cs=0 l=1 rev1=0 crypto rx=0 tx=0 comp rx=0 tx=0)._fault waiting 0.400000
2024-08-16T19:01:59.259 INFO:teuthology.orchestra.run.smithi062.stdout:/usr/bin/ceph: stderr
2024-08-16T19:01:55.597+0000 7f1833fff640 1 -- 172.21.15.62:0/2773690392 >> [v2:172.21.15.62:6800/3198450894,v1:172.21.15.62:6801/3198450894] conn(0x7f1828039020 msgr2=0x7f182803b4e0 unknown :-1 s=STATE_CONNECTING_RE l=1).process reconnect failed to v2:172.21.15.62:6800/3198450894
2024-08-16T19:01:59.260 INFO:teuthology.orchestra.run.smithi062.stdout:/usr/bin/ceph: stderr
2024-08-16T19:01:55.597+0000 7f1833fff640 1 --2- 172.21.15.62:0/2773690392 >> [v2:172.21.15.62:6800/3198450894,v1:172.21.15.62:6801/3198450894] conn(0x7f1828039020 0x7f182803b4e0 unknown :-1 s=START_CONNECT pgs=0 cs=0 l=1 rev1=0 crypto rx=0 tx=0 comp rx=0 tx=0)._fault waiting 0.800000
2024-08-16T19:01:59.260 INFO:teuthology.orchestra.run.smithi062.stdout:/usr/bin/ceph: stderr
2024-08-16T19:01:56.398+0000 7f1833fff640 1 -- 172.21.15.62:0/2773690392 >> [v2:172.21.15.62:6800/3198450894,v1:172.21.15.62:6801/3198450894] conn(0x7f1828039020 msgr2=0x7f182803b4e0 unknown :-1 s=STATE_CONNECTING_RE l=1).process reconnect failed to v2:172.21.15.62:6800/3198450894
2024-08-16T19:01:59.260 INFO:teuthology.orchestra.run.smithi062.stdout:/usr/bin/ceph: stderr
2024-08-16T19:01:56.398+0000 7f1833fff640 1 --2- 172.21.15.62:0/2773690392 >> [v2:172.21.15.62:6800/3198450894,v1:172.21.15.62:6801/3198450894] conn(0x7f1828039020 0x7f182803b4e0 unknown :-1 s=START_CONNECT pgs=0 cs=0 l=1 rev1=0 crypto rx=0 tx=0 comp rx=0 tx=0)._fault waiting 1.600000
2024-08-16T19:01:59.260 INFO:teuthology.orchestra.run.smithi062.stdout:/usr/bin/ceph: stderr
2024-08-16T19:01:57.574+0000 7f1840889640 1 -- 172.21.15.62:0/2773690392 <== mon.0 v2:172.21.15.62:3300/0 6 ==== mgrmap(e 10) ==== 46067+0+0 (secure 0 0 0) 0x7f182c06b030 con 0x7f183c1062b0
2024-08-16T19:01:59.260 INFO:teuthology.orchestra.run.smithi062.stdout:/usr/bin/ceph: stderr
2024-08-16T19:01:57.575+0000 7f1840889640 1 -- 172.21.15.62:0/2773690392 >> [v2:172.21.15.62:6800/3198450894,v1:172.21.15.62:6801/3198450894] conn(0x7f1828039020 msgr2=0x7f182803b4e0 unknown :-1 s=STATE_CONNECTING l=1).mark_down
2024-08-16T19:01:59.260 INFO:teuthology.orchestra.run.smithi062.stdout:/usr/bin/ceph: stderr
2024-08-16T19:01:57.575+0000 7f1840889640 1 --2- 172.21.15.62:0/2773690392 >> [v2:172.21.15.62:6800/3198450894,v1:172.21.15.62:6801/3198450894] conn(0x7f1828039020 0x7f182803b4e0 unknown :-1 s=START_CONNECT pgs=0 cs=0 l=1 rev1=0 crypto rx=0 tx=0 comp rx=0 tx=0).stop
2024-08-16T19:01:59.260 INFO:teuthology.orchestra.run.smithi062.stdout:/usr/bin/ceph: stderr
2024-08-16T19:01:58.577+0000 7f1840889640 1 -- 172.21.15.62:0/2773690392 <== mon.0 v2:172.21.15.62:3300/0 7 ==== mgrmap(e 11) ==== 46194+0+0 (secure 0 0 0) 0x7f182c03b420 con 0x7f183c1062b0
2024-08-16T19:01:59.260 INFO:teuthology.orchestra.run.smithi062.stdout:/usr/bin/ceph: stderr
2024-08-16T19:01:58.577+0000 7f1840889640 1 --2- 172.21.15.62:0/2773690392 >> [v2:172.21.15.62:6800/727495888,v1:172.21.15.62:6801/727495888] conn(0x7f182803cae0 0x7f182803eed0 unknown :-1 s=NONE pgs=0 cs=0 l=1 rev1=0 crypto rx=0 tx=0 comp rx=0 tx=0).connect
2024-08-16T19:01:59.260 INFO:teuthology.orchestra.run.smithi062.stdout:/usr/bin/ceph: stderr
2024-08-16T19:01:58.577+0000 7f1840889640 1 -- 172.21.15.62:0/2773690392 --> [v2:172.21.15.62:6800/727495888,v1:172.21.15.62:6801/727495888] -- command(tid 0: {"prefix": "get_command_descriptions"}) -- 0x7f182c03de70 con 0x7f182803cae0
2024-08-16T19:01:59.260 INFO:teuthology.orchestra.run.smithi062.stdout:/usr/bin/ceph: stderr
2024-08-16T19:01:58.577+0000 7f1833fff640 1 --2- 172.21.15.62:0/2773690392 >> [v2:172.21.15.62:6800/727495888,v1:172.21.15.62:6801/727495888] conn(0x7f182803cae0 0x7f182803eed0 unknown :-1 s=BANNER_CONNECTING pgs=0 cs=0 l=1 rev1=0 crypto rx=0 tx=0 comp rx=0 tx=0)._handle_peer_banner_payload supported=3 required=0
2024-08-16T19:01:59.260 INFO:teuthology.orchestra.run.smithi062.stdout:/usr/bin/ceph: stderr
2024-08-16T19:01:58.578+0000 7f1833fff640 1 --2- 172.21.15.62:0/2773690392 >> [v2:172.21.15.62:6800/727495888,v1:172.21.15.62:6801/727495888] conn(0x7f182803cae0 0x7f182803eed0 secure :-1 s=READY pgs=4 cs=0 l=1 rev1=1 crypto rx=0x7f1824003980 tx=0x7f18240092b0 comp rx=0 tx=0).ready entity=mgr.14150 client_cookie=0 server_cookie=0 in_seq=0 out_seq=0
2024-08-16T19:01:59.260 INFO:teuthology.orchestra.run.smithi062.stdout:/usr/bin/ceph: stderr
2024-08-16T19:01:58.579+0000 7f1840889640 1 -- 172.21.15.62:0/2773690392 <== mgr.14150 v2:172.21.15.62:6800/727495888 1 ==== command_reply(tid 0: 0 ) ==== 8+0+9564 (secure 0 0 0) 0x7f182c03de70 con 0x7f182803cae0
2024-08-16T19:01:59.260 INFO:teuthology.orchestra.run.smithi062.stdout:/usr/bin/ceph: stderr
2024-08-16T19:01:58.586+0000 7f184188b640 1 -- 172.21.15.62:0/2773690392 --> [v2:172.21.15.62:6800/727495888,v1:172.21.15.62:6801/727495888] -- command(tid 1: {"prefix": "mgr_status"}) -- 0x7f183c106730 con 0x7f182803cae0
2024-08-16T19:01:59.261 INFO:teuthology.orchestra.run.smithi062.stdout:/usr/bin/ceph: stderr
2024-08-16T19:01:58.586+0000 7f1840889640 1 -- 172.21.15.62:0/2773690392 <== mgr.14150 v2:172.21.15.62:6800/727495888 2 ==== command_reply(tid 1: 0 ) ==== 8+0+52 (secure 0 0 0) 0x7f183c106730 con 0x7f182803cae0
2024-08-16T19:01:59.261 INFO:teuthology.orchestra.run.smithi062.stdout:/usr/bin/ceph: stderr
2024-08-16T19:01:58.586+0000 7f184188b640 1 -- 172.21.15.62:0/2773690392 >> [v2:172.21.15.62:6800/727495888,v1:172.21.15.62:6801/727495888] conn(0x7f182803cae0 msgr2=0x7f182803eed0 secure :-1 s=STATE_CONNECTION_ESTABLISHED l=1).mark_down
2024-08-16T19:01:59.261 INFO:teuthology.orchestra.run.smithi062.stdout:/usr/bin/ceph: stderr
2024-08-16T19:01:58.586+0000 7f184188b640 1 --2- 172.21.15.62:0/2773690392 >> [v2:172.21.15.62:6800/727495888,v1:172.21.15.62:6801/727495888] conn(0x7f182803cae0 0x7f182803eed0 secure :-1 s=READY pgs=4 cs=0 l=1 rev1=1 crypto rx=0x7f1824003980 tx=0x7f18240092b0 comp rx=0 tx=0).stop
2024-08-16T19:01:59.261 INFO:teuthology.orchestra.run.smithi062.stdout:/usr/bin/ceph: stderr
2024-08-16T19:01:58.586+0000 7f184188b640 1 -- 172.21.15.62:0/2773690392 >> [v2:172.21.15.62:3300/0,v1:172.21.15.62:6789/0] conn(0x7f183c1062b0 msgr2=0x7f183c191470 secure :-1 s=STATE_CONNECTION_ESTABLISHED l=1).mark_down
2024-08-16T19:01:59.261 INFO:teuthology.orchestra.run.smithi062.stdout:/usr/bin/ceph: stderr
2024-08-16T19:01:58.586+0000 7f184188b640 1 --2- 172.21.15.62:0/2773690392 >> [v2:172.21.15.62:3300/0,v1:172.21.15.62:6789/0] conn(0x7f183c1062b0 0x7f183c191470 secure :-1 s=READY pgs=60 cs=0 l=1 rev1=1 crypto rx=0x7f182c030560 tx=0x7f182c032670 comp rx=0 tx=0).stop
2024-08-16T19:01:59.261 INFO:teuthology.orchestra.run.smithi062.stdout:/usr/bin/ceph: stderr
2024-08-16T19:01:58.586+0000 7f184188b640 1 -- 172.21.15.62:0/2773690392 shutdown_connections
2024-08-16T19:01:59.261 INFO:teuthology.orchestra.run.smithi062.stdout:/usr/bin/ceph: stderr
2024-08-16T19:01:58.586+0000 7f184188b640 1 --2- 172.21.15.62:0/2773690392 >> [v2:172.21.15.62:6800/727495888,v1:172.21.15.62:6801/727495888] conn(0x7f182803cae0 0x7f182803eed0 unknown :-1 s=CLOSED pgs=4 cs=0 l=1 rev1=1 crypto rx=0 tx=0 comp rx=0 tx=0).stop
2024-08-16T19:01:59.261 INFO:teuthology.orchestra.run.smithi062.stdout:/usr/bin/ceph: stderr
2024-08-16T19:01:58.586+0000 7f184188b640 1 --2- 172.21.15.62:0/2773690392 >> [v2:172.21.15.62:6800/3198450894,v1:172.21.15.62:6801/3198450894] conn(0x7f1828039020 0x7f182803b4e0 unknown :-1 s=CLOSED pgs=0 cs=0 l=1 rev1=0 crypto rx=0 tx=0 comp rx=0 tx=0).stop
2024-08-16T19:01:59.261 INFO:teuthology.orchestra.run.smithi062.stdout:/usr/bin/ceph: stderr
2024-08-16T19:01:58.586+0000 7f184188b640 1 --2- 172.21.15.62:0/2773690392 >> [v2:172.21.15.62:3300/0,v1:172.21.15.62:6789/0] conn(0x7f183c1062b0 0x7f183c191470 unknown :-1 s=CLOSED pgs=60 cs=0 l=1 rev1=1 crypto rx=0 tx=0 comp rx=0 tx=0).stop
2024-08-16T19:01:59.261 INFO:teuthology.orchestra.run.smithi062.stdout:/usr/bin/ceph: stderr
2024-08-16T19:01:58.586+0000 7f184188b640 1 -- 172.21.15.62:0/2773690392 >> 172.21.15.62:0/2773690392 conn(0x7f183c101b00 msgr2=0x7f183c102a70 unknown :-1 s=STATE_NONE l=0).mark_down
2024-08-16T19:01:59.261 INFO:teuthology.orchestra.run.smithi062.stdout:/usr/bin/ceph: stderr
2024-08-16T19:01:58.586+0000 7f184188b640 1 -- 172.21.15.62:0/2773690392 shutdown_connections
2024-08-16T19:01:59.261 INFO:teuthology.orchestra.run.smithi062.stdout:/usr/bin/ceph: stderr
2024-08-16T19:01:58.586+0000 7f184188b640 1 -- 172.21.15.62:0/2773690392 wait complete.
2024-08-16T19:01:59.261 INFO:teuthology.orchestra.run.smithi062.stdout:mgr epoch 9 is available
2024-08-16T19:01:59.262 INFO:teuthology.orchestra.run.smithi062.stdout:Generating a dashboard self-signed certificate...
2024-08-16T19:01:59.818 INFO:journalctl@ceph.mon.a.smithi062.stdout:Aug 16 19:01:59 smithi062 ceph-mon[32993]: from='client.14154 -' entity='client.admin' cmd=[{"prefix": "get_command_descriptions"}]: dispatch
2024-08-16T19:01:59.818 INFO:journalctl@ceph.mon.a.smithi062.stdout:Aug 16 19:01:59 smithi062 ceph-mon[32993]: mgrmap e11: x(active, since 1.00636s)
2024-08-16T19:01:59.818 INFO:journalctl@ceph.mon.a.smithi062.stdout:Aug 16 19:01:59 smithi062 ceph-mon[32993]: from='client.14154 -' entity='client.admin' cmd=[{"prefix": "mgr_status"}]: dispatch
2024-08-16T19:02:00.497 INFO:journalctl@ceph.mgr.x.smithi062.stdout:Aug 16 19:02:00 smithi062 ceph-bd001ebc-5c01-11ef-bccf-c7b262605968-mgr-x[33218]:
2024-08-16T19:02:00.089+0000 7fadf7dea640 -1 log_channel(cephadm) log [ERR] : [16/Aug/2024:19:02:00] ENGINE Error in HTTPServer.serve
2024-08-16T19:02:00.497 INFO:journalctl@ceph.mgr.x.smithi062.stdout:Aug 16 19:02:00 smithi062 ceph-bd001ebc-5c01-11ef-bccf-c7b262605968-mgr-x[33218]: Traceback (most recent call last):
2024-08-16T19:02:00.497 INFO:journalctl@ceph.mgr.x.smithi062.stdout:Aug 16 19:02:00 smithi062 ceph-bd001ebc-5c01-11ef-bccf-c7b262605968-mgr-x[33218]: File "/lib/python3.9/site-packages/cheroot/server.py", line 1823, in serve
2024-08-16T19:02:00.497 INFO:journalctl@ceph.mgr.x.smithi062.stdout:Aug 16 19:02:00 smithi062 ceph-bd001ebc-5c01-11ef-bccf-c7b262605968-mgr-x[33218]: self._connections.run(self.expiration_interval)
2024-08-16T19:02:00.497 INFO:journalctl@ceph.mgr.x.smithi062.stdout:Aug 16 19:02:00 smithi062 ceph-bd001ebc-5c01-11ef-bccf-c7b262605968-mgr-x[33218]: File "/lib/python3.9/site-packages/cheroot/connections.py", line 203, in run
2024-08-16T19:02:00.497 INFO:journalctl@ceph.mgr.x.smithi062.stdout:Aug 16 19:02:00 smithi062 ceph-bd001ebc-5c01-11ef-bccf-c7b262605968-mgr-x[33218]: self._run(expiration_interval)
2024-08-16T19:02:00.497 INFO:journalctl@ceph.mgr.x.smithi062.stdout:Aug 16 19:02:00 smithi062 ceph-bd001ebc-5c01-11ef-bccf-c7b262605968-mgr-x[33218]: File "/lib/python3.9/site-packages/cheroot/connections.py", line 246, in _run
2024-08-16T19:02:00.497 INFO:journalctl@ceph.mgr.x.smithi062.stdout:Aug 16 19:02:00 smithi062 ceph-bd001ebc-5c01-11ef-bccf-c7b262605968-mgr-x[33218]: new_conn = self._from_server_socket(self.server.socket)
2024-08-16T19:02:00.497 INFO:journalctl@ceph.mgr.x.smithi062.stdout:Aug 16 19:02:00 smithi062 ceph-bd001ebc-5c01-11ef-bccf-c7b262605968-mgr-x[33218]: File "/lib/python3.9/site-packages/cheroot/connections.py", line 300, in _from_server_socket
2024-08-16T19:02:00.497 INFO:journalctl@ceph.mgr.x.smithi062.stdout:Aug 16 19:02:00 smithi062 ceph-bd001ebc-5c01-11ef-bccf-c7b262605968-mgr-x[33218]: s, ssl_env = self.server.ssl_adapter.wrap(s)
2024-08-16T19:02:00.498 INFO:journalctl@ceph.mgr.x.smithi062.stdout:Aug 16 19:02:00 smithi062 ceph-bd001ebc-5c01-11ef-bccf-c7b262605968-mgr-x[33218]: File "/lib/python3.9/site-packages/cheroot/ssl/builtin.py", line 277, in wrap
2024-08-16T19:02:00.498 INFO:journalctl@ceph.mgr.x.smithi062.stdout:Aug 16 19:02:00 smithi062 ceph-bd001ebc-5c01-11ef-bccf-c7b262605968-mgr-x[33218]: s = self.context.wrap_socket(
2024-08-16T19:02:00.498 INFO:journalctl@ceph.mgr.x.smithi062.stdout:Aug 16 19:02:00 smithi062 ceph-bd001ebc-5c01-11ef-bccf-c7b262605968-mgr-x[33218]: File "/lib64/python3.9/ssl.py", line 501, in wrap_socket
2024-08-16T19:02:00.498 INFO:journalctl@ceph.mgr.x.smithi062.stdout:Aug 16 19:02:00 smithi062 ceph-bd001ebc-5c01-11ef-bccf-c7b262605968-mgr-x[33218]: return self.sslsocket_class._create(
2024-08-16T19:02:00.498 INFO:journalctl@ceph.mgr.x.smithi062.stdout:Aug 16 19:02:00 smithi062 ceph-bd001ebc-5c01-11ef-bccf-c7b262605968-mgr-x[33218]: File "/lib64/python3.9/ssl.py", line 1074, in _create
2024-08-16T19:02:00.498 INFO:journalctl@ceph.mgr.x.smithi062.stdout:Aug 16 19:02:00 smithi062 ceph-bd001ebc-5c01-11ef-bccf-c7b262605968-mgr-x[33218]: self.do_handshake()
2024-08-16T19:02:00.498 INFO:journalctl@ceph.mgr.x.smithi062.stdout:Aug 16 19:02:00 smithi062 ceph-bd001ebc-5c01-11ef-bccf-c7b262605968-mgr-x[33218]: File "/lib64/python3.9/ssl.py", line 1343, in do_handshake
2024-08-16T19:02:00.498 INFO:journalctl@ceph.mgr.x.smithi062.stdout:Aug 16 19:02:00 smithi062 ceph-bd001ebc-5c01-11ef-bccf-c7b262605968-mgr-x[33218]: self._sslobj.do_handshake()
2024-08-16T19:02:00.498 INFO:journalctl@ceph.mgr.x.smithi062.stdout:Aug 16 19:02:00 smithi062 ceph-bd001ebc-5c01-11ef-bccf-c7b262605968-mgr-x[33218]: ssl.SSLZeroReturnError: TLS/SSL connection has been closed (EOF) (_ssl.c:1133)
2024-08-16T19:02:00.498 INFO:journalctl@ceph.mgr.x.smithi062.stdout:Aug 16 19:02:00 smithi062 ceph-bd001ebc-5c01-11ef-bccf-c7b262605968-mgr-x[33218]:
2024-08-16T19:02:00.553 INFO:teuthology.orchestra.run.smithi062.stdout:/usr/bin/ceph: stdout Self-signed certificate created
2024-08-16T19:02:00.553 INFO:teuthology.orchestra.run.smithi062.stdout:/usr/bin/ceph: stderr
2024-08-16T19:01:59.611+0000 7f627c2cf640 1 Processor -- start
2024-08-16T19:02:00.553 INFO:teuthology.orchestra.run.smithi062.stdout:/usr/bin/ceph: stderr
2024-08-16T19:01:59.612+0000 7f627c2cf640 1 -- start start
2024-08-16T19:02:00.554 INFO:teuthology.orchestra.run.smithi062.stdout:/usr/bin/ceph: stderr
2024-08-16T19:01:59.612+0000 7f627c2cf640 1 --2- >> [v2:172.21.15.62:3300/0,v1:172.21.15.62:6789/0] conn(0x7f6274107da0 0x7f627410a190 unknown :-1 s=NONE pgs=0 cs=0 l=0 rev1=0 crypto rx=0 tx=0 comp rx=0 tx=0).connect
2024-08-16T19:02:00.554 INFO:teuthology.orchestra.run.smithi062.stdout:/usr/bin/ceph: stderr
2024-08-16T19:01:59.612+0000 7f627c2cf640 1 -- --> [v2:172.21.15.62:3300/0,v1:172.21.15.62:6789/0] -- mon_getmap magic: 0 -- 0x7f627407bdf0 con 0x7f6274107da0
2024-08-16T19:02:00.554 INFO:teuthology.orchestra.run.smithi062.stdout:/usr/bin/ceph: stderr
2024-08-16T19:01:59.612+0000 7f627a06b640 1 --2- >> [v2:172.21.15.62:3300/0,v1:172.21.15.62:6789/0] conn(0x7f6274107da0 0x7f627410a190 unknown :-1 s=BANNER_CONNECTING pgs=0 cs=0 l=0 rev1=0 crypto rx=0 tx=0 comp rx=0 tx=0)._handle_peer_banner_payload supported=3 required=0
2024-08-16T19:02:00.554 INFO:teuthology.orchestra.run.smithi062.stdout:/usr/bin/ceph: stderr
2024-08-16T19:01:59.612+0000 7f627a06b640 1 --2- >> [v2:172.21.15.62:3300/0,v1:172.21.15.62:6789/0] conn(0x7f6274107da0 0x7f627410a190 unknown :-1 s=HELLO_CONNECTING pgs=0 cs=0 l=0 rev1=1 crypto rx=0 tx=0 comp rx=0 tx=0).handle_hello peer v2:172.21.15.62:3300/0 says I am v2:172.21.15.62:43790/0 (socket says 172.21.15.62:43790)
2024-08-16T19:02:00.554 INFO:teuthology.orchestra.run.smithi062.stdout:/usr/bin/ceph: stderr
2024-08-16T19:01:59.612+0000 7f627a06b640 1 -- 172.21.15.62:0/1593046438 learned_addr learned my addr 172.21.15.62:0/1593046438 (peer_addr_for_me v2:172.21.15.62:0/0)
2024-08-16T19:02:00.554 INFO:teuthology.orchestra.run.smithi062.stdout:/usr/bin/ceph: stderr
2024-08-16T19:01:59.612+0000 7f627a06b640 1 -- 172.21.15.62:0/1593046438 --> [v2:172.21.15.62:3300/0,v1:172.21.15.62:6789/0] -- mon_subscribe({config=0+,monmap=0+}) -- 0x7f627410a6d0 con 0x7f6274107da0
2024-08-16T19:02:00.554 INFO:teuthology.orchestra.run.smithi062.stdout:/usr/bin/ceph: stderr
2024-08-16T19:01:59.613+0000 7f627a06b640 1 --2- 172.21.15.62:0/1593046438 >> [v2:172.21.15.62:3300/0,v1:172.21.15.62:6789/0] conn(0x7f6274107da0 0x7f627410a190 secure :-1 s=READY pgs=68 cs=0 l=1 rev1=1 crypto rx=0x7f6270009820 tx=0x7f627002a270 comp rx=0 tx=0).ready entity=mon.0 client_cookie=3627a7c2724fc092 server_cookie=0 in_seq=0 out_seq=0
2024-08-16T19:02:00.554 INFO:teuthology.orchestra.run.smithi062.stdout:/usr/bin/ceph: stderr
2024-08-16T19:01:59.613+0000 7f6279069640 1 -- 172.21.15.62:0/1593046438 <== mon.0 v2:172.21.15.62:3300/0 1 ==== mon_map magic: 0 ==== 205+0+0 (secure 0 0 0) 0x7f6270037070 con 0x7f6274107da0
2024-08-16T19:02:00.554 INFO:teuthology.orchestra.run.smithi062.stdout:/usr/bin/ceph: stderr
2024-08-16T19:01:59.613+0000 7f6279069640 1 -- 172.21.15.62:0/1593046438 <== mon.0 v2:172.21.15.62:3300/0 2 ==== config(27 keys) ==== 1140+0+0 (secure 0 0 0) 0x7f6270032920 con 0x7f6274107da0
2024-08-16T19:02:00.554 INFO:teuthology.orchestra.run.smithi062.stdout:/usr/bin/ceph: stderr
2024-08-16T19:01:59.613+0000 7f6279069640 1 -- 172.21.15.62:0/1593046438 <== mon.0 v2:172.21.15.62:3300/0 3 ==== mon_map magic: 0 ==== 205+0+0 (secure 0 0 0) 0x7f6270030810 con 0x7f6274107da0
2024-08-16T19:02:00.554 INFO:teuthology.orchestra.run.smithi062.stdout:/usr/bin/ceph: stderr
2024-08-16T19:01:59.614+0000 7f627c2cf640 1 -- 172.21.15.62:0/1593046438 >> [v2:172.21.15.62:3300/0,v1:172.21.15.62:6789/0] conn(0x7f6274107da0 msgr2=0x7f627410a190 secure :-1 s=STATE_CONNECTION_ESTABLISHED l=1).mark_down
2024-08-16T19:02:00.555 INFO:teuthology.orchestra.run.smithi062.stdout:/usr/bin/ceph: stderr
2024-08-16T19:01:59.614+0000 7f627c2cf640 1 --2- 172.21.15.62:0/1593046438 >> [v2:172.21.15.62:3300/0,v1:172.21.15.62:6789/0] conn(0x7f6274107da0 0x7f627410a190 secure :-1 s=READY pgs=68 cs=0 l=1 rev1=1 crypto rx=0x7f6270009820 tx=0x7f627002a270 comp rx=0 tx=0).stop
2024-08-16T19:02:00.555 INFO:teuthology.orchestra.run.smithi062.stdout:/usr/bin/ceph: stderr
2024-08-16T19:01:59.614+0000 7f627c2cf640 1 -- 172.21.15.62:0/1593046438 shutdown_connections
2024-08-16T19:02:00.555 INFO:teuthology.orchestra.run.smithi062.stdout:/usr/bin/ceph: stderr
2024-08-16T19:01:59.614+0000 7f627c2cf640 1 --2- 172.21.15.62:0/1593046438 >> [v2:172.21.15.62:3300/0,v1:172.21.15.62:6789/0] conn(0x7f6274107da0 0x7f627410a190 unknown :-1 s=CLOSED pgs=68 cs=0 l=1 rev1=1 crypto rx=0 tx=0 comp rx=0 tx=0).stop
2024-08-16T19:02:00.555 INFO:teuthology.orchestra.run.smithi062.stdout:/usr/bin/ceph: stderr
2024-08-16T19:01:59.614+0000 7f627c2cf640 1 -- 172.21.15.62:0/1593046438 >> 172.21.15.62:0/1593046438 conn(0x7f6274101a00 msgr2=0x7f6274103e20 unknown :-1 s=STATE_NONE l=0).mark_down
2024-08-16T19:02:00.555 INFO:teuthology.orchestra.run.smithi062.stdout:/usr/bin/ceph: stderr
