2024-08-16T19:01:23.414 INFO:teuthology.orchestra.run.smithi062.stdout:/usr/bin/ceph: stderr
2024-08-16T19:01:22.771+0000 7f1a18195640 1 --2- 172.21.15.62:0/3175070064 >> [v2:172.21.15.62:3300/0,v1:172.21.15.62:6789/0] conn(0x7f1a101062b0 0x7f1a101066b0 secure :-1 s=READY pgs=7 cs=0 l=1 rev1=1 crypto rx=0x7f1a0c009820 tx=0x7f1a0c02a270 comp rx=0 tx=0).stop
2024-08-16T19:01:23.414 INFO:teuthology.orchestra.run.smithi062.stdout:/usr/bin/ceph: stderr
2024-08-16T19:01:22.772+0000 7f1a18195640 1 -- 172.21.15.62:0/3175070064 shutdown_connections
2024-08-16T19:01:23.414 INFO:teuthology.orchestra.run.smithi062.stdout:/usr/bin/ceph: stderr
2024-08-16T19:01:22.772+0000 7f1a18195640 1 --2- 172.21.15.62:0/3175070064 >> [v2:172.21.15.62:3300/0,v1:172.21.15.62:6789/0] conn(0x7f1a101062b0 0x7f1a101066b0 unknown :-1 s=CLOSED pgs=7 cs=0 l=1 rev1=1 crypto rx=0 tx=0 comp rx=0 tx=0).stop
2024-08-16T19:01:23.414 INFO:teuthology.orchestra.run.smithi062.stdout:/usr/bin/ceph: stderr
2024-08-16T19:01:22.772+0000 7f1a18195640 1 -- 172.21.15.62:0/3175070064 >> 172.21.15.62:0/3175070064 conn(0x7f1a10101b00 msgr2=0x7f1a10103f20 unknown :-1 s=STATE_NONE l=0).mark_down
2024-08-16T19:01:23.414 INFO:teuthology.orchestra.run.smithi062.stdout:/usr/bin/ceph: stderr
2024-08-16T19:01:22.772+0000 7f1a18195640 1 -- 172.21.15.62:0/3175070064 shutdown_connections
2024-08-16T19:01:23.414 INFO:teuthology.orchestra.run.smithi062.stdout:/usr/bin/ceph: stderr
2024-08-16T19:01:22.772+0000 7f1a18195640 1 -- 172.21.15.62:0/3175070064 wait complete.
2024-08-16T19:01:23.414 INFO:teuthology.orchestra.run.smithi062.stdout:/usr/bin/ceph: stderr
2024-08-16T19:01:22.772+0000 7f1a18195640 1 Processor -- start
2024-08-16T19:01:23.414 INFO:teuthology.orchestra.run.smithi062.stdout:/usr/bin/ceph: stderr
2024-08-16T19:01:22.772+0000 7f1a18195640 1 -- start start
2024-08-16T19:01:23.414 INFO:teuthology.orchestra.run.smithi062.stdout:/usr/bin/ceph: stderr
2024-08-16T19:01:22.773+0000 7f1a18195640 1 --2- >> [v2:172.21.15.62:3300/0,v1:172.21.15.62:6789/0] conn(0x7f1a101062b0 0x7f1a1019b380 unknown :-1 s=NONE pgs=0 cs=0 l=1 rev1=0 crypto rx=0 tx=0 comp rx=0 tx=0).connect
2024-08-16T19:01:23.415 INFO:teuthology.orchestra.run.smithi062.stdout:/usr/bin/ceph: stderr
2024-08-16T19:01:22.773+0000 7f1a18195640 1 -- --> [v2:172.21.15.62:3300/0,v1:172.21.15.62:6789/0] -- mon_getmap magic: 0 -- 0x7f1a1010a860 con 0x7f1a101062b0
2024-08-16T19:01:23.415 INFO:teuthology.orchestra.run.smithi062.stdout:/usr/bin/ceph: stderr
2024-08-16T19:01:22.773+0000 7f1a15f31640 1 --2- >> [v2:172.21.15.62:3300/0,v1:172.21.15.62:6789/0] conn(0x7f1a101062b0 0x7f1a1019b380 unknown :-1 s=BANNER_CONNECTING pgs=0 cs=0 l=1 rev1=0 crypto rx=0 tx=0 comp rx=0 tx=0)._handle_peer_banner_payload supported=3 required=0
2024-08-16T19:01:23.415 INFO:teuthology.orchestra.run.smithi062.stdout:/usr/bin/ceph: stderr
2024-08-16T19:01:22.773+0000 7f1a15f31640 1 --2- >> [v2:172.21.15.62:3300/0,v1:172.21.15.62:6789/0] conn(0x7f1a101062b0 0x7f1a1019b380 unknown :-1 s=HELLO_CONNECTING pgs=0 cs=0 l=1 rev1=1 crypto rx=0 tx=0 comp rx=0 tx=0).handle_hello peer v2:172.21.15.62:3300/0 says I am v2:172.21.15.62:40698/0 (socket says 172.21.15.62:40698)
2024-08-16T19:01:23.415 INFO:teuthology.orchestra.run.smithi062.stdout:/usr/bin/ceph: stderr
2024-08-16T19:01:22.773+0000 7f1a15f31640 1 -- 172.21.15.62:0/3708531841 learned_addr learned my addr 172.21.15.62:0/3708531841 (peer_addr_for_me v2:172.21.15.62:0/0)
2024-08-16T19:01:23.415 INFO:teuthology.orchestra.run.smithi062.stdout:/usr/bin/ceph: stderr
2024-08-16T19:01:22.773+0000 7f1a15f31640 1 -- 172.21.15.62:0/3708531841 --> [v2:172.21.15.62:3300/0,v1:172.21.15.62:6789/0] -- mon_subscribe({config=0+,monmap=0+}) -- 0x7f1a1019b8c0 con 0x7f1a101062b0
2024-08-16T19:01:23.415 INFO:teuthology.orchestra.run.smithi062.stdout:/usr/bin/ceph: stderr
2024-08-16T19:01:22.773+0000 7f1a15f31640 1 --2- 172.21.15.62:0/3708531841 >> [v2:172.21.15.62:3300/0,v1:172.21.15.62:6789/0] conn(0x7f1a101062b0 0x7f1a1019b380 secure :-1 s=READY pgs=8 cs=0 l=1 rev1=1 crypto rx=0x7f1a0c0097f0 tx=0x7f1a0c030d80 comp rx=0 tx=0).ready entity=mon.0 client_cookie=0 server_cookie=0 in_seq=0 out_seq=0
2024-08-16T19:01:23.415 INFO:teuthology.orchestra.run.smithi062.stdout:/usr/bin/ceph: stderr
2024-08-16T19:01:22.773+0000 7f1a06ffd640 1 -- 172.21.15.62:0/3708531841 <== mon.0 v2:172.21.15.62:3300/0 1 ==== mon_map magic: 0 ==== 205+0+0 (secure 0 0 0) 0x7f1a0c037040 con 0x7f1a101062b0
2024-08-16T19:01:23.415 INFO:teuthology.orchestra.run.smithi062.stdout:/usr/bin/ceph: stderr
2024-08-16T19:01:22.773+0000 7f1a06ffd640 1 -- 172.21.15.62:0/3708531841 <== mon.0 v2:172.21.15.62:3300/0 2 ==== config(27 keys) ==== 1109+0+0 (secure 0 0 0) 0x7f1a0c040070 con 0x7f1a101062b0
2024-08-16T19:01:23.415 INFO:teuthology.orchestra.run.smithi062.stdout:/usr/bin/ceph: stderr
2024-08-16T19:01:22.773+0000 7f1a18195640 1 -- 172.21.15.62:0/3708531841 --> [v2:172.21.15.62:3300/0,v1:172.21.15.62:6789/0] -- mon_subscribe({mgrmap=0+}) -- 0x7f1a1019bb50 con 0x7f1a101062b0
2024-08-16T19:01:23.415 INFO:teuthology.orchestra.run.smithi062.stdout:/usr/bin/ceph: stderr
2024-08-16T19:01:22.773+0000 7f1a06ffd640 1 -- 172.21.15.62:0/3708531841 <== mon.0 v2:172.21.15.62:3300/0 3 ==== mon_map magic: 0 ==== 205+0+0 (secure 0 0 0) 0x7f1a0c03a390 con 0x7f1a101062b0
2024-08-16T19:01:23.415 INFO:teuthology.orchestra.run.smithi062.stdout:/usr/bin/ceph: stderr
2024-08-16T19:01:22.773+0000 7f1a18195640 1 -- 172.21.15.62:0/3708531841 --> [v2:172.21.15.62:3300/0,v1:172.21.15.62:6789/0] -- mon_subscribe({osdmap=0}) -- 0x7f1a1019e840 con 0x7f1a101062b0
2024-08-16T19:01:23.415 INFO:teuthology.orchestra.run.smithi062.stdout:/usr/bin/ceph: stderr
2024-08-16T19:01:22.774+0000 7f1a06ffd640 1 -- 172.21.15.62:0/3708531841 <== mon.0 v2:172.21.15.62:3300/0 4 ==== mgrmap(e 1) ==== 807+0+0 (secure 0 0 0) 0x7f1a0c03a630 con 0x7f1a101062b0
2024-08-16T19:01:23.415 INFO:teuthology.orchestra.run.smithi062.stdout:/usr/bin/ceph: stderr
2024-08-16T19:01:22.774+0000 7f1a06ffd640 1 -- 172.21.15.62:0/3708531841 <== mon.0 v2:172.21.15.62:3300/0 5 ==== osd_map(1..1 src has 1..1) ==== 725+0+0 (secure 0 0 0) 0x7f1a0c0459a0 con 0x7f1a101062b0
2024-08-16T19:01:23.415 INFO:teuthology.orchestra.run.smithi062.stdout:/usr/bin/ceph: stderr
2024-08-16T19:01:22.774+0000 7f1a18195640 1 -- 172.21.15.62:0/3708531841 --> [v2:172.21.15.62:3300/0,v1:172.21.15.62:6789/0] -- mon_command({"prefix": "get_command_descriptions"} v 0) -- 0x7f1a10106730 con 0x7f1a101062b0
2024-08-16T19:01:23.416 INFO:teuthology.orchestra.run.smithi062.stdout:/usr/bin/ceph: stderr
2024-08-16T19:01:22.776+0000 7f1a06ffd640 1 -- 172.21.15.62:0/3708531841 <== mon.0 v2:172.21.15.62:3300/0 6 ==== mon_command_ack([{"prefix": "get_command_descriptions"}]=0 v0) ==== 72+0+73482 (secure 0 0 0) 0x7f1a0c045460 con 0x7f1a101062b0
2024-08-16T19:01:23.416 INFO:teuthology.orchestra.run.smithi062.stdout:/usr/bin/ceph: stderr
2024-08-16T19:01:22.838+0000 7f1a18195640 1 -- 172.21.15.62:0/3708531841 --> [v2:172.21.15.62:3300/0,v1:172.21.15.62:6789/0] -- mon_command({"prefix": "status", "format": "json-pretty"} v 0) -- 0x7f1a10195310 con 0x7f1a101062b0
2024-08-16T19:01:23.416 INFO:teuthology.orchestra.run.smithi062.stdout:/usr/bin/ceph: stderr
2024-08-16T19:01:22.839+0000 7f1a06ffd640 1 -- 172.21.15.62:0/3708531841 <== mon.0 v2:172.21.15.62:3300/0 7 ==== mon_command_ack([{"prefix": "status", "format": "json-pretty"}]=0 v0) ==== 79+0+1291 (secure 0 0 0) 0x7f1a0c03b430 con 0x7f1a101062b0
2024-08-16T19:01:23.416 INFO:teuthology.orchestra.run.smithi062.stdout:/usr/bin/ceph: stderr
2024-08-16T19:01:22.840+0000 7f1a18195640 1 -- 172.21.15.62:0/3708531841 >> [v2:172.21.15.62:3300/0,v1:172.21.15.62:6789/0] conn(0x7f1a101062b0 msgr2=0x7f1a1019b380 secure :-1 s=STATE_CONNECTION_ESTABLISHED l=1).mark_down
2024-08-16T19:01:23.416 INFO:teuthology.orchestra.run.smithi062.stdout:/usr/bin/ceph: stderr
2024-08-16T19:01:22.840+0000 7f1a18195640 1 --2- 172.21.15.62:0/3708531841 >> [v2:172.21.15.62:3300/0,v1:172.21.15.62:6789/0] conn(0x7f1a101062b0 0x7f1a1019b380 secure :-1 s=READY pgs=8 cs=0 l=1 rev1=1 crypto rx=0x7f1a0c0097f0 tx=0x7f1a0c030d80 comp rx=0 tx=0).stop
2024-08-16T19:01:23.416 INFO:teuthology.orchestra.run.smithi062.stdout:/usr/bin/ceph: stderr
2024-08-16T19:01:22.840+0000 7f1a18195640 1 -- 172.21.15.62:0/3708531841 shutdown_connections
2024-08-16T19:01:23.416 INFO:teuthology.orchestra.run.smithi062.stdout:/usr/bin/ceph: stderr
2024-08-16T19:01:22.840+0000 7f1a18195640 1 --2- 172.21.15.62:0/3708531841 >> [v2:172.21.15.62:3300/0,v1:172.21.15.62:6789/0] conn(0x7f1a101062b0 0x7f1a1019b380 unknown :-1 s=CLOSED pgs=8 cs=0 l=1 rev1=1 crypto rx=0 tx=0 comp rx=0 tx=0).stop
2024-08-16T19:01:23.416 INFO:teuthology.orchestra.run.smithi062.stdout:/usr/bin/ceph: stderr
2024-08-16T19:01:22.840+0000 7f1a18195640 1 -- 172.21.15.62:0/3708531841 >> 172.21.15.62:0/3708531841 conn(0x7f1a10101b00 msgr2=0x7f1a10102a20 unknown :-1 s=STATE_NONE l=0).mark_down
2024-08-16T19:01:23.416 INFO:teuthology.orchestra.run.smithi062.stdout:/usr/bin/ceph: stderr
2024-08-16T19:01:22.840+0000 7f1a18195640 1 -- 172.21.15.62:0/3708531841 shutdown_connections
2024-08-16T19:01:23.416 INFO:teuthology.orchestra.run.smithi062.stdout:/usr/bin/ceph: stderr
2024-08-16T19:01:22.840+0000 7f1a18195640 1 -- 172.21.15.62:0/3708531841 wait complete.
2024-08-16T19:01:23.416 INFO:teuthology.orchestra.run.smithi062.stdout:mgr not available, waiting (2/15)...
2024-08-16T19:01:23.493 INFO:journalctl@ceph.mgr.x.smithi062.stdout:Aug 16 19:01:23 smithi062 ceph-bd001ebc-5c01-11ef-bccf-c7b262605968-mgr-x[33218]:
2024-08-16T19:01:23.302+0000 7f0380059040 -1 mgr[py] Module osd_perf_query has missing NOTIFY_TYPES member
2024-08-16T19:01:23.493 INFO:journalctl@ceph.mgr.x.smithi062.stdout:Aug 16 19:01:23 smithi062 ceph-bd001ebc-5c01-11ef-bccf-c7b262605968-mgr-x[33218]:
2024-08-16T19:01:23.390+0000 7f0380059040 -1 mgr[py] Module rbd_support has missing NOTIFY_TYPES member
2024-08-16T19:01:23.493 INFO:journalctl@ceph.mgr.x.smithi062.stdout:Aug 16 19:01:23 smithi062 ceph-bd001ebc-5c01-11ef-bccf-c7b262605968-mgr-x[33218]:
2024-08-16T19:01:23.453+0000 7f0380059040 -1 mgr[py] Module zabbix has missing NOTIFY_TYPES member
2024-08-16T19:01:24.496 INFO:journalctl@ceph.mgr.x.smithi062.stdout:Aug 16 19:01:24 smithi062 ceph-bd001ebc-5c01-11ef-bccf-c7b262605968-mgr-x[33218]:
2024-08-16T19:01:24.015+0000 7f0380059040 -1 mgr[py] Module status has missing NOTIFY_TYPES member
2024-08-16T19:01:24.497 INFO:journalctl@ceph.mgr.x.smithi062.stdout:Aug 16 19:01:24 smithi062 ceph-bd001ebc-5c01-11ef-bccf-c7b262605968-mgr-x[33218]:
2024-08-16T19:01:24.181+0000 7f0380059040 -1 mgr[py] Module nfs has missing NOTIFY_TYPES member
2024-08-16T19:01:24.497 INFO:journalctl@ceph.mon.a.smithi062.stdout:Aug 16 19:01:24 smithi062 ceph-mon[32993]: Activating manager daemon x
2024-08-16T19:01:24.497 INFO:journalctl@ceph.mon.a.smithi062.stdout:Aug 16 19:01:24 smithi062 ceph-mon[32993]: mgrmap e2: x(active, starting, since 0.00304973s)
2024-08-16T19:01:24.497 INFO:journalctl@ceph.mon.a.smithi062.stdout:Aug 16 19:01:24 smithi062 ceph-mon[32993]: from='mgr.14100 172.21.15.62:0/1081248464' entity='mgr.x' cmd=[{"prefix": "mds metadata"}]: dispatch
2024-08-16T19:01:24.497 INFO:journalctl@ceph.mon.a.smithi062.stdout:Aug 16 19:01:24 smithi062 ceph-mon[32993]: from='mgr.14100 172.21.15.62:0/1081248464' entity='mgr.x' cmd=[{"prefix": "osd metadata"}]: dispatch
2024-08-16T19:01:24.497 INFO:journalctl@ceph.mon.a.smithi062.stdout:Aug 16 19:01:24 smithi062 ceph-mon[32993]: from='mgr.14100 172.21.15.62:0/1081248464' entity='mgr.x' cmd=[{"prefix": "mon metadata"}]: dispatch
2024-08-16T19:01:24.497 INFO:journalctl@ceph.mon.a.smithi062.stdout:Aug 16 19:01:24 smithi062 ceph-mon[32993]: from='mgr.14100 172.21.15.62:0/1081248464' entity='mgr.x' cmd=[{"prefix": "mon metadata", "id": "a"}]: dispatch
2024-08-16T19:01:24.497 INFO:journalctl@ceph.mon.a.smithi062.stdout:Aug 16 19:01:24 smithi062 ceph-mon[32993]: from='mgr.14100 172.21.15.62:0/1081248464' entity='mgr.x' cmd=[{"prefix": "mgr metadata", "who": "x", "id": "x"}]: dispatch
2024-08-16T19:01:24.497 INFO:journalctl@ceph.mon.a.smithi062.stdout:Aug 16 19:01:24 smithi062 ceph-mon[32993]: Manager daemon x is now available
2024-08-16T19:01:24.497 INFO:journalctl@ceph.mon.a.smithi062.stdout:Aug 16 19:01:24 smithi062 ceph-mon[32993]: from='mgr.14100 172.21.15.62:0/1081248464' entity='mgr.x' cmd=[{"prefix":"config rm","who":"mgr","name":"mgr/rbd_support/x/mirror_snapshot_schedule"}]: dispatch
2024-08-16T19:01:24.498 INFO:journalctl@ceph.mon.a.smithi062.stdout:Aug 16 19:01:24 smithi062 ceph-mon[32993]: from='mgr.14100 172.21.15.62:0/1081248464' entity='mgr.x'
2024-08-16T19:01:24.498 INFO:journalctl@ceph.mon.a.smithi062.stdout:Aug 16 19:01:24 smithi062 ceph-mon[32993]: from='mgr.14100 172.21.15.62:0/1081248464' entity='mgr.x' cmd=[{"prefix":"config rm","who":"mgr","name":"mgr/rbd_support/x/trash_purge_schedule"}]: dispatch
2024-08-16T19:01:24.498 INFO:journalctl@ceph.mon.a.smithi062.stdout:Aug 16 19:01:24 smithi062 ceph-mon[32993]: from='mgr.14100 172.21.15.62:0/1081248464' entity='mgr.x'
2024-08-16T19:01:24.498 INFO:journalctl@ceph.mon.a.smithi062.stdout:Aug 16 19:01:24 smithi062 ceph-mon[32993]: from='mgr.14100 172.21.15.62:0/1081248464' entity='mgr.x'
2024-08-16T19:01:26.496 INFO:journalctl@ceph.mon.a.smithi062.stdout:Aug 16 19:01:26 smithi062 ceph-mon[32993]: mgrmap e3: x(active, since 1.00729s)
2024-08-16T19:01:26.496 INFO:journalctl@ceph.mon.a.smithi062.stdout:Aug 16 19:01:26 smithi062 ceph-mon[32993]: from='client.? 172.21.15.62:0/1946310547' entity='client.admin' cmd=[{"prefix": "status", "format": "json-pretty"}]: dispatch
2024-08-16T19:01:26.611 INFO:teuthology.orchestra.run.smithi062.stdout:/usr/bin/ceph: stdout
2024-08-16T19:01:26.612 INFO:teuthology.orchestra.run.smithi062.stdout:/usr/bin/ceph: stdout {
2024-08-16T19:01:26.612 INFO:teuthology.orchestra.run.smithi062.stdout:/usr/bin/ceph: stdout "fsid": "bd001ebc-5c01-11ef-bccf-c7b262605968",
2024-08-16T19:01:26.612 INFO:teuthology.orchestra.run.smithi062.stdout:/usr/bin/ceph: stdout "health": {
2024-08-16T19:01:26.612 INFO:teuthology.orchestra.run.smithi062.stdout:/usr/bin/ceph: stdout "status": "HEALTH_OK",
2024-08-16T19:01:26.612 INFO:teuthology.orchestra.run.smithi062.stdout:/usr/bin/ceph: stdout "checks": {},
2024-08-16T19:01:26.612 INFO:teuthology.orchestra.run.smithi062.stdout:/usr/bin/ceph: stdout "mutes": []
2024-08-16T19:01:26.612 INFO:teuthology.orchestra.run.smithi062.stdout:/usr/bin/ceph: stdout },
2024-08-16T19:01:26.612 INFO:teuthology.orchestra.run.smithi062.stdout:/usr/bin/ceph: stdout "election_epoch": 5,
2024-08-16T19:01:26.612 INFO:teuthology.orchestra.run.smithi062.stdout:/usr/bin/ceph: stdout "quorum": [
2024-08-16T19:01:26.612 INFO:teuthology.orchestra.run.smithi062.stdout:/usr/bin/ceph: stdout 0
2024-08-16T19:01:26.612 INFO:teuthology.orchestra.run.smithi062.stdout:/usr/bin/ceph: stdout ],
2024-08-16T19:01:26.612 INFO:teuthology.orchestra.run.smithi062.stdout:/usr/bin/ceph: stdout "quorum_names": [
2024-08-16T19:01:26.612 INFO:teuthology.orchestra.run.smithi062.stdout:/usr/bin/ceph: stdout "a"
2024-08-16T19:01:26.613 INFO:teuthology.orchestra.run.smithi062.stdout:/usr/bin/ceph: stdout ],
2024-08-16T19:01:26.613 INFO:teuthology.orchestra.run.smithi062.stdout:/usr/bin/ceph: stdout "quorum_age": 10,
2024-08-16T19:01:26.613 INFO:teuthology.orchestra.run.smithi062.stdout:/usr/bin/ceph: stdout "monmap": {
2024-08-16T19:01:26.613 INFO:teuthology.orchestra.run.smithi062.stdout:/usr/bin/ceph: stdout "epoch": 1,
2024-08-16T19:01:26.613 INFO:teuthology.orchestra.run.smithi062.stdout:/usr/bin/ceph: stdout "min_mon_release_name": "squid",
2024-08-16T19:01:26.613 INFO:teuthology.orchestra.run.smithi062.stdout:/usr/bin/ceph: stdout "num_mons": 1
2024-08-16T19:01:26.613 INFO:teuthology.orchestra.run.smithi062.stdout:/usr/bin/ceph: stdout },
2024-08-16T19:01:26.613 INFO:teuthology.orchestra.run.smithi062.stdout:/usr/bin/ceph: stdout "osdmap": {
2024-08-16T19:01:26.613 INFO:teuthology.orchestra.run.smithi062.stdout:/usr/bin/ceph: stdout "epoch": 1,
2024-08-16T19:01:26.613 INFO:teuthology.orchestra.run.smithi062.stdout:/usr/bin/ceph: stdout "num_osds": 0,
2024-08-16T19:01:26.613 INFO:teuthology.orchestra.run.smithi062.stdout:/usr/bin/ceph: stdout "num_up_osds": 0,
2024-08-16T19:01:26.613 INFO:teuthology.orchestra.run.smithi062.stdout:/usr/bin/ceph: stdout "osd_up_since": 0,
2024-08-16T19:01:26.614 INFO:teuthology.orchestra.run.smithi062.stdout:/usr/bin/ceph: stdout "num_in_osds": 0,
2024-08-16T19:01:26.614 INFO:teuthology.orchestra.run.smithi062.stdout:/usr/bin/ceph: stdout "osd_in_since": 0,
2024-08-16T19:01:26.614 INFO:teuthology.orchestra.run.smithi062.stdout:/usr/bin/ceph: stdout "num_remapped_pgs": 0
2024-08-16T19:01:26.614 INFO:teuthology.orchestra.run.smithi062.stdout:/usr/bin/ceph: stdout },
2024-08-16T19:01:26.614 INFO:teuthology.orchestra.run.smithi062.stdout:/usr/bin/ceph: stdout "pgmap": {
2024-08-16T19:01:26.614 INFO:teuthology.orchestra.run.smithi062.stdout:/usr/bin/ceph: stdout "pgs_by_state": [],
2024-08-16T19:01:26.614 INFO:teuthology.orchestra.run.smithi062.stdout:/usr/bin/ceph: stdout "num_pgs": 0,
2024-08-16T19:01:26.614 INFO:teuthology.orchestra.run.smithi062.stdout:/usr/bin/ceph: stdout "num_pools": 0,
2024-08-16T19:01:26.614 INFO:teuthology.orchestra.run.smithi062.stdout:/usr/bin/ceph: stdout "num_objects": 0,
2024-08-16T19:01:26.614 INFO:teuthology.orchestra.run.smithi062.stdout:/usr/bin/ceph: stdout "data_bytes": 0,
2024-08-16T19:01:26.614 INFO:teuthology.orchestra.run.smithi062.stdout:/usr/bin/ceph: stdout "bytes_used": 0,
2024-08-16T19:01:26.614 INFO:teuthology.orchestra.run.smithi062.stdout:/usr/bin/ceph: stdout "bytes_avail": 0,
2024-08-16T19:01:26.615 INFO:teuthology.orchestra.run.smithi062.stdout:/usr/bin/ceph: stdout "bytes_total": 0
2024-08-16T19:01:26.615 INFO:teuthology.orchestra.run.smithi062.stdout:/usr/bin/ceph: stdout },
2024-08-16T19:01:26.615 INFO:teuthology.orchestra.run.smithi062.stdout:/usr/bin/ceph: stdout "fsmap": {
2024-08-16T19:01:26.615 INFO:teuthology.orchestra.run.smithi062.stdout:/usr/bin/ceph: stdout "epoch": 1,
2024-08-16T19:01:26.615 INFO:teuthology.orchestra.run.smithi062.stdout:/usr/bin/ceph: stdout "btime": "2024-08-16T19:01:02:785450+0000",
2024-08-16T19:01:26.615 INFO:teuthology.orchestra.run.smithi062.stdout:/usr/bin/ceph: stdout "by_rank": [],
2024-08-16T19:01:26.615 INFO:teuthology.orchestra.run.smithi062.stdout:/usr/bin/ceph: stdout "up:standby": 0
2024-08-16T19:01:26.615 INFO:teuthology.orchestra.run.smithi062.stdout:/usr/bin/ceph: stdout },
2024-08-16T19:01:26.615 INFO:teuthology.orchestra.run.smithi062.stdout:/usr/bin/ceph: stdout "mgrmap": {
2024-08-16T19:01:26.615 INFO:teuthology.orchestra.run.smithi062.stdout:/usr/bin/ceph: stdout "available": true,
2024-08-16T19:01:26.615 INFO:teuthology.orchestra.run.smithi062.stdout:/usr/bin/ceph: stdout "num_standbys": 0,
2024-08-16T19:01:26.615 INFO:teuthology.orchestra.run.smithi062.stdout:/usr/bin/ceph: stdout "modules": [
2024-08-16T19:01:26.615 INFO:teuthology.orchestra.run.smithi062.stdout:/usr/bin/ceph: stdout "iostat",
2024-08-16T19:01:26.616 INFO:teuthology.orchestra.run.smithi062.stdout:/usr/bin/ceph: stdout "nfs",
2024-08-16T19:01:26.616 INFO:teuthology.orchestra.run.smithi062.stdout:/usr/bin/ceph: stdout "restful"
2024-08-16T19:01:26.616 INFO:teuthology.orchestra.run.smithi062.stdout:/usr/bin/ceph: stdout ],
2024-08-16T19:01:26.616 INFO:teuthology.orchestra.run.smithi062.stdout:/usr/bin/ceph: stdout "services": {}
2024-08-16T19:01:26.616 INFO:teuthology.orchestra.run.smithi062.stdout:/usr/bin/ceph: stdout },
2024-08-16T19:01:26.616 INFO:teuthology.orchestra.run.smithi062.stdout:/usr/bin/ceph: stdout "servicemap": {
2024-08-16T19:01:26.616 INFO:teuthology.orchestra.run.smithi062.stdout:/usr/bin/ceph: stdout "epoch": 1,
2024-08-16T19:01:26.616 INFO:teuthology.orchestra.run.smithi062.stdout:/usr/bin/ceph: stdout "modified": "2024-08-16T19:01:02.786113+0000",
2024-08-16T19:01:26.616 INFO:teuthology.orchestra.run.smithi062.stdout:/usr/bin/ceph: stdout "services": {}
2024-08-16T19:01:26.616 INFO:teuthology.orchestra.run.smithi062.stdout:/usr/bin/ceph: stdout },
2024-08-16T19:01:26.616 INFO:teuthology.orchestra.run.smithi062.stdout:/usr/bin/ceph: stdout "progress_events": {}
2024-08-16T19:01:26.616 INFO:teuthology.orchestra.run.smithi062.stdout:/usr/bin/ceph: stdout }
2024-08-16T19:01:26.616 INFO:teuthology.orchestra.run.smithi062.stdout:/usr/bin/ceph: stderr
2024-08-16T19:01:25.816+0000 7f4857b94640 1 Processor -- start
2024-08-16T19:01:26.617 INFO:teuthology.orchestra.run.smithi062.stdout:/usr/bin/ceph: stderr
2024-08-16T19:01:25.817+0000 7f4857b94640 1 -- start start
2024-08-16T19:01:26.617 INFO:teuthology.orchestra.run.smithi062.stdout:/usr/bin/ceph: stderr
2024-08-16T19:01:25.817+0000 7f4857b94640 1 --2- >> [v2:172.21.15.62:3300/0,v1:172.21.15.62:6789/0] conn(0x7f4850105c90 0x7f4850106090 unknown :-1 s=NONE pgs=0 cs=0 l=0 rev1=0 crypto rx=0 tx=0 comp rx=0 tx=0).connect
2024-08-16T19:01:26.617 INFO:teuthology.orchestra.run.smithi062.stdout:/usr/bin/ceph: stderr
2024-08-16T19:01:25.817+0000 7f4857b94640 1 -- --> [v2:172.21.15.62:3300/0,v1:172.21.15.62:6789/0] -- mon_getmap magic: 0 -- 0x7f485007bd40 con 0x7f4850105c90
2024-08-16T19:01:26.617 INFO:teuthology.orchestra.run.smithi062.stdout:/usr/bin/ceph: stderr
2024-08-16T19:01:25.817+0000 7f4855930640 1 --2- >> [v2:172.21.15.62:3300/0,v1:172.21.15.62:6789/0] conn(0x7f4850105c90 0x7f4850106090 unknown :-1 s=BANNER_CONNECTING pgs=0 cs=0 l=0 rev1=0 crypto rx=0 tx=0 comp rx=0 tx=0)._handle_peer_banner_payload supported=3 required=0
2024-08-16T19:01:26.617 INFO:teuthology.orchestra.run.smithi062.stdout:/usr/bin/ceph: stderr
2024-08-16T19:01:25.817+0000 7f4855930640 1 --2- >> [v2:172.21.15.62:3300/0,v1:172.21.15.62:6789/0] conn(0x7f4850105c90 0x7f4850106090 unknown :-1 s=HELLO_CONNECTING pgs=0 cs=0 l=0 rev1=1 crypto rx=0 tx=0 comp rx=0 tx=0).handle_hello peer v2:172.21.15.62:3300/0 says I am v2:172.21.15.62:40766/0 (socket says 172.21.15.62:40766)
2024-08-16T19:01:26.617 INFO:teuthology.orchestra.run.smithi062.stdout:/usr/bin/ceph: stderr
2024-08-16T19:01:25.817+0000 7f4855930640 1 -- 172.21.15.62:0/1185801401 learned_addr learned my addr 172.21.15.62:0/1185801401 (peer_addr_for_me v2:172.21.15.62:0/0)
2024-08-16T19:01:26.617 INFO:teuthology.orchestra.run.smithi062.stdout:/usr/bin/ceph: stderr
2024-08-16T19:01:25.817+0000 7f4855930640 1 -- 172.21.15.62:0/1185801401 --> [v2:172.21.15.62:3300/0,v1:172.21.15.62:6789/0] -- mon_subscribe({config=0+,monmap=0+}) -- 0x7f48501065d0 con 0x7f4850105c90
2024-08-16T19:01:26.617 INFO:teuthology.orchestra.run.smithi062.stdout:/usr/bin/ceph: stderr
2024-08-16T19:01:25.818+0000 7f4855930640 1 --2- 172.21.15.62:0/1185801401 >> [v2:172.21.15.62:3300/0,v1:172.21.15.62:6789/0] conn(0x7f4850105c90 0x7f4850106090 secure :-1 s=READY pgs=16 cs=0 l=1 rev1=1 crypto rx=0x7f4844009820 tx=0x7f484402a270 comp rx=0 tx=0).ready entity=mon.0 client_cookie=4f84ff200b038b4 server_cookie=0 in_seq=0 out_seq=0
2024-08-16T19:01:26.617 INFO:teuthology.orchestra.run.smithi062.stdout:/usr/bin/ceph: stderr
2024-08-16T19:01:25.818+0000 7f485492e640 1 -- 172.21.15.62:0/1185801401 <== mon.0 v2:172.21.15.62:3300/0 1 ==== mon_map magic: 0 ==== 205+0+0 (secure 0 0 0) 0x7f4844037070 con 0x7f4850105c90
2024-08-16T19:01:26.617 INFO:teuthology.orchestra.run.smithi062.stdout:/usr/bin/ceph: stderr
2024-08-16T19:01:25.818+0000 7f485492e640 1 -- 172.21.15.62:0/1185801401 <== mon.0 v2:172.21.15.62:3300/0 2 ==== config(27 keys) ==== 1109+0+0 (secure 0 0 0) 0x7f4844032900 con 0x7f4850105c90
2024-08-16T19:01:26.617 INFO:teuthology.orchestra.run.smithi062.stdout:/usr/bin/ceph: stderr
2024-08-16T19:01:25.818+0000 7f485492e640 1 -- 172.21.15.62:0/1185801401 <== mon.0 v2:172.21.15.62:3300/0 3 ==== mon_map magic: 0 ==== 205+0+0 (secure 0 0 0) 0x7f4844030850 con 0x7f4850105c90
2024-08-16T19:01:26.617 INFO:teuthology.orchestra.run.smithi062.stdout:/usr/bin/ceph: stderr
2024-08-16T19:01:25.819+0000 7f4857b94640 1 -- 172.21.15.62:0/1185801401 >> [v2:172.21.15.62:3300/0,v1:172.21.15.62:6789/0] conn(0x7f4850105c90 msgr2=0x7f4850106090 secure :-1 s=STATE_CONNECTION_ESTABLISHED l=1).mark_down
2024-08-16T19:01:26.617 INFO:teuthology.orchestra.run.smithi062.stdout:/usr/bin/ceph: stderr
2024-08-16T19:01:25.819+0000 7f4857b94640 1 --2- 172.21.15.62:0/1185801401 >> [v2:172.21.15.62:3300/0,v1:172.21.15.62:6789/0] conn(0x7f4850105c90 0x7f4850106090 secure :-1 s=READY pgs=16 cs=0 l=1 rev1=1 crypto rx=0x7f4844009820 tx=0x7f484402a270 comp rx=0 tx=0).stop
2024-08-16T19:01:26.618 INFO:teuthology.orchestra.run.smithi062.stdout:/usr/bin/ceph: stderr
2024-08-16T19:01:25.819+0000 7f4857b94640 1 -- 172.21.15.62:0/1185801401 shutdown_connections
2024-08-16T19:01:26.618 INFO:teuthology.orchestra.run.smithi062.stdout:/usr/bin/ceph: stderr
2024-08-16T19:01:25.819+0000 7f4857b94640 1 --2- 172.21.15.62:0/1185801401 >> [v2:172.21.15.62:3300/0,v1:172.21.15.62:6789/0] conn(0x7f4850105c90 0x7f4850106090 unknown :-1 s=CLOSED pgs=16 cs=0 l=1 rev1=1 crypto rx=0 tx=0 comp rx=0 tx=0).stop
2024-08-16T19:01:26.618 INFO:teuthology.orchestra.run.smithi062.stdout:/usr/bin/ceph: stderr
2024-08-16T19:01:25.819+0000 7f4857b94640 1 -- 172.21.15.62:0/1185801401 >> 172.21.15.62:0/1185801401 conn(0x7f4850101ac0 msgr2=0x7f4850103ee0 unknown :-1 s=STATE_NONE l=0).mark_down
2024-08-16T19:01:26.618 INFO:teuthology.orchestra.run.smithi062.stdout:/usr/bin/ceph: stderr
2024-08-16T19:01:25.819+0000 7f4857b94640 1 -- 172.21.15.62:0/1185801401 shutdown_connections
2024-08-16T19:01:26.618 INFO:teuthology.orchestra.run.smithi062.stdout:/usr/bin/ceph: stderr
2024-08-16T19:01:25.819+0000 7f4857b94640 1 -- 172.21.15.62:0/1185801401 wait complete.
2024-08-16T19:01:26.618 INFO:teuthology.orchestra.run.smithi062.stdout:/usr/bin/ceph: stderr
2024-08-16T19:01:25.820+0000 7f4857b94640 1 Processor -- start
2024-08-16T19:01:26.618 INFO:teuthology.orchestra.run.smithi062.stdout:/usr/bin/ceph: stderr
2024-08-16T19:01:25.820+0000 7f4857b94640 1 -- start start
2024-08-16T19:01:26.618 INFO:teuthology.orchestra.run.smithi062.stdout:/usr/bin/ceph: stderr
2024-08-16T19:01:25.820+0000 7f4857b94640 1 --2- >> [v2:172.21.15.62:3300/0,v1:172.21.15.62:6789/0] conn(0x7f4850105c90 0x7f485019d530 unknown :-1 s=NONE pgs=0 cs=0 l=1 rev1=0 crypto rx=0 tx=0 comp rx=0 tx=0).connect
2024-08-16T19:01:26.618 INFO:teuthology.orchestra.run.smithi062.stdout:/usr/bin/ceph: stderr
2024-08-16T19:01:25.820+0000 7f4857b94640 1 -- --> [v2:172.21.15.62:3300/0,v1:172.21.15.62:6789/0] -- mon_getmap magic: 0 -- 0x7f48501076d0 con 0x7f4850105c90
2024-08-16T19:01:26.618 INFO:teuthology.orchestra.run.smithi062.stdout:/usr/bin/ceph: stderr
2024-08-16T19:01:25.820+0000 7f4855930640 1 --2- >> [v2:172.21.15.62:3300/0,v1:172.21.15.62:6789/0] conn(0x7f4850105c90 0x7f485019d530 unknown :-1 s=BANNER_CONNECTING pgs=0 cs=0 l=1 rev1=0 crypto rx=0 tx=0 comp rx=0 tx=0)._handle_peer_banner_payload supported=3 required=0
2024-08-16T19:01:26.618 INFO:teuthology.orchestra.run.smithi062.stdout:/usr/bin/ceph: stderr
2024-08-16T19:01:25.820+0000 7f4855930640 1 --2- >> [v2:172.21.15.62:3300/0,v1:172.21.15.62:6789/0] conn(0x7f4850105c90 0x7f485019d530 unknown :-1 s=HELLO_CONNECTING pgs=0 cs=0 l=1 rev1=1 crypto rx=0 tx=0 comp rx=0 tx=0).handle_hello peer v2:172.21.15.62:3300/0 says I am v2:172.21.15.62:40768/0 (socket says 172.21.15.62:40768)
2024-08-16T19:01:26.618 INFO:teuthology.orchestra.run.smithi062.stdout:/usr/bin/ceph: stderr
2024-08-16T19:01:25.820+0000 7f4855930640 1 -- 172.21.15.62:0/1946310547 learned_addr learned my addr 172.21.15.62:0/1946310547 (peer_addr_for_me v2:172.21.15.62:0/0)
2024-08-16T19:01:26.619 INFO:teuthology.orchestra.run.smithi062.stdout:/usr/bin/ceph: stderr
2024-08-16T19:01:25.820+0000 7f4855930640 1 -- 172.21.15.62:0/1946310547 --> [v2:172.21.15.62:3300/0,v1:172.21.15.62:6789/0] -- mon_subscribe({config=0+,monmap=0+}) -- 0x7f485019da70 con 0x7f4850105c90
2024-08-16T19:01:26.619 INFO:teuthology.orchestra.run.smithi062.stdout:/usr/bin/ceph: stderr
2024-08-16T19:01:25.820+0000 7f4855930640 1 --2- 172.21.15.62:0/1946310547 >> [v2:172.21.15.62:3300/0,v1:172.21.15.62:6789/0] conn(0x7f4850105c90 0x7f485019d530 secure :-1 s=READY pgs=17 cs=0 l=1 rev1=1 crypto rx=0x7f4844032ce0 tx=0x7f4844032d10 comp rx=0 tx=0).ready entity=mon.0 client_cookie=0 server_cookie=0 in_seq=0 out_seq=0
2024-08-16T19:01:26.619 INFO:teuthology.orchestra.run.smithi062.stdout:/usr/bin/ceph: stderr
2024-08-16T19:01:25.821+0000 7f4842ffd640 1 -- 172.21.15.62:0/1946310547 <== mon.0 v2:172.21.15.62:3300/0 1 ==== mon_map magic: 0 ==== 205+0+0 (secure 0 0 0) 0x7f4844042070 con 0x7f4850105c90
2024-08-16T19:01:26.619 INFO:teuthology.orchestra.run.smithi062.stdout:/usr/bin/ceph: stderr
2024-08-16T19:01:25.821+0000 7f4842ffd640 1 -- 172.21.15.62:0/1946310547 <== mon.0 v2:172.21.15.62:3300/0 2 ==== config(27 keys) ==== 1109+0+0 (secure 0 0 0) 0x7f48440308c0 con 0x7f4850105c90
2024-08-16T19:01:26.619 INFO:teuthology.orchestra.run.smithi062.stdout:/usr/bin/ceph: stderr
2024-08-16T19:01:25.821+0000 7f4857b94640 1 -- 172.21.15.62:0/1946310547 --> [v2:172.21.15.62:3300/0,v1:172.21.15.62:6789/0] -- mon_subscribe({mgrmap=0+}) -- 0x7f485019dd00 con 0x7f4850105c90
2024-08-16T19:01:26.619 INFO:teuthology.orchestra.run.smithi062.stdout:/usr/bin/ceph: stderr
2024-08-16T19:01:25.821+0000 7f4842ffd640 1 -- 172.21.15.62:0/1946310547 <== mon.0 v2:172.21.15.62:3300/0 3 ==== mon_map magic: 0 ==== 205+0+0 (secure 0 0 0) 0x7f4844037040 con 0x7f4850105c90
2024-08-16T19:01:26.619 INFO:teuthology.orchestra.run.smithi062.stdout:/usr/bin/ceph: stderr
2024-08-16T19:01:25.821+0000 7f4857b94640 1 -- 172.21.15.62:0/1946310547 --> [v2:172.21.15.62:3300/0,v1:172.21.15.62:6789/0] -- mon_subscribe({osdmap=0}) -- 0x7f48501a09f0 con 0x7f4850105c90
2024-08-16T19:01:26.619 INFO:teuthology.orchestra.run.smithi062.stdout:/usr/bin/ceph: stderr
2024-08-16T19:01:25.822+0000 7f4842ffd640 1 -- 172.21.15.62:0/1946310547 <== mon.0 v2:172.21.15.62:3300/0 4 ==== mgrmap(e 3) ==== 46170+0+0 (secure 0 0 0) 0x7f4844045070 con 0x7f4850105c90
2024-08-16T19:01:26.619 INFO:teuthology.orchestra.run.smithi062.stdout:/usr/bin/ceph: stderr
2024-08-16T19:01:25.822+0000 7f4857b94640 1 -- 172.21.15.62:0/1946310547 --> [v2:172.21.15.62:3300/0,v1:172.21.15.62:6789/0] -- mon_command({"prefix": "get_command_descriptions"} v 0) -- 0x7f4850106090 con 0x7f4850105c90
2024-08-16T19:01:26.619 INFO:teuthology.orchestra.run.smithi062.stdout:/usr/bin/ceph: stderr
2024-08-16T19:01:25.822+0000 7f4842ffd640 1 --2- 172.21.15.62:0/1946310547 >> [v2:172.21.15.62:6800/572676055,v1:172.21.15.62:6801/572676055] conn(0x7f483c038e60 0x7f483c03b320 unknown :-1 s=NONE pgs=0 cs=0 l=1 rev1=0 crypto rx=0 tx=0 comp rx=0 tx=0).connect
2024-08-16T19:01:26.619 INFO:teuthology.orchestra.run.smithi062.stdout:/usr/bin/ceph: stderr
2024-08-16T19:01:25.822+0000 7f4842ffd640 1 -- 172.21.15.62:0/1946310547 <== mon.0 v2:172.21.15.62:3300/0 5 ==== osd_map(1..1 src has 1..1) ==== 725+0+0 (secure 0 0 0) 0x7f484406bd70 con 0x7f4850105c90
2024-08-16T19:01:26.619 INFO:teuthology.orchestra.run.smithi062.stdout:/usr/bin/ceph: stderr
2024-08-16T19:01:25.822+0000 7f485512f640 1 --2- 172.21.15.62:0/1946310547 >> [v2:172.21.15.62:6800/572676055,v1:172.21.15.62:6801/572676055] conn(0x7f483c038e60 0x7f483c03b320 unknown :-1 s=BANNER_CONNECTING pgs=0 cs=0 l=1 rev1=0 crypto rx=0 tx=0 comp rx=0 tx=0)._handle_peer_banner_payload supported=3 required=0
2024-08-16T19:01:26.620 INFO:teuthology.orchestra.run.smithi062.stdout:/usr/bin/ceph: stderr
2024-08-16T19:01:25.822+0000 7f485512f640 1 --2- 172.21.15.62:0/1946310547 >> [v2:172.21.15.62:6800/572676055,v1:172.21.15.62:6801/572676055] conn(0x7f483c038e60 0x7f483c03b320 secure :-1 s=READY pgs=6 cs=0 l=1 rev1=1 crypto rx=0x7f484c0098c0 tx=0x7f484c006db0 comp rx=0 tx=0).ready entity=mgr.14100 client_cookie=0 server_cookie=0 in_seq=0 out_seq=0
2024-08-16T19:01:26.620 INFO:teuthology.orchestra.run.smithi062.stdout:/usr/bin/ceph: stderr
2024-08-16T19:01:25.827+0000 7f4842ffd640 1 -- 172.21.15.62:0/1946310547 <== mon.0 v2:172.21.15.62:3300/0 6 ==== mon_command_ack([{"prefix": "get_command_descriptions"}]=0 v0) ==== 72+0+187871 (secure 0 0 0) 0x7f484404b170 con 0x7f4850105c90
2024-08-16T19:01:26.620 INFO:teuthology.orchestra.run.smithi062.stdout:/usr/bin/ceph: stderr
2024-08-16T19:01:26.070+0000 7f4857b94640 1 -- 172.21.15.62:0/1946310547 --> [v2:172.21.15.62:3300/0,v1:172.21.15.62:6789/0] -- mon_command({"prefix": "status", "format": "json-pretty"} v 0) -- 0x7f485002d860 con 0x7f4850105c90
2024-08-16T19:01:26.620 INFO:teuthology.orchestra.run.smithi062.stdout:/usr/bin/ceph: stderr
2024-08-16T19:01:26.070+0000 7f4842ffd640 1 -- 172.21.15.62:0/1946310547 <== mon.0 v2:172.21.15.62:3300/0 7 ==== mon_command_ack([{"prefix": "status", "format": "json-pretty"}]=0 v0) ==== 79+0+1291 (secure 0 0 0) 0x7f484402fd90 con 0x7f4850105c90
2024-08-16T19:01:26.620 INFO:teuthology.orchestra.run.smithi062.stdout:/usr/bin/ceph: stderr
2024-08-16T19:01:26.072+0000 7f4857b94640 1 -- 172.21.15.62:0/1946310547 >> [v2:172.21.15.62:6800/572676055,v1:172.21.15.62:6801/572676055] conn(0x7f483c038e60 msgr2=0x7f483c03b320 secure :-1 s=STATE_CONNECTION_ESTABLISHED l=1).mark_down
2024-08-16T19:01:26.620 INFO:teuthology.orchestra.run.smithi062.stdout:/usr/bin/ceph: stderr
2024-08-16T19:01:26.072+0000 7f4857b94640 1 --2- 172.21.15.62:0/1946310547 >> [v2:172.21.15.62:6800/572676055,v1:172.21.15.62:6801/572676055] conn(0x7f483c038e60 0x7f483c03b320 secure :-1 s=READY pgs=6 cs=0 l=1 rev1=1 crypto rx=0x7f484c0098c0 tx=0x7f484c006db0 comp rx=0 tx=0).stop
2024-08-16T19:01:26.620 INFO:teuthology.orchestra.run.smithi062.stdout:/usr/bin/ceph: stderr
2024-08-16T19:01:26.072+0000 7f4857b94640 1 -- 172.21.15.62:0/1946310547 >> [v2:172.21.15.62:3300/0,v1:172.21.15.62:6789/0] conn(0x7f4850105c90 msgr2=0x7f485019d530 secure :-1 s=STATE_CONNECTION_ESTABLISHED l=1).mark_down
2024-08-16T19:01:26.620 INFO:teuthology.orchestra.run.smithi062.stdout:/usr/bin/ceph: stderr
2024-08-16T19:01:26.072+0000 7f4857b94640 1 --2- 172.21.15.62:0/1946310547 >> [v2:172.21.15.62:3300/0,v1:172.21.15.62:6789/0] conn(0x7f4850105c90 0x7f485019d530 secure :-1 s=READY pgs=17 cs=0 l=1 rev1=1 crypto rx=0x7f4844032ce0 tx=0x7f4844032d10 comp rx=0 tx=0).stop
2024-08-16T19:01:26.620 INFO:teuthology.orchestra.run.smithi062.stdout:/usr/bin/ceph: stderr
2024-08-16T19:01:26.072+0000 7f4857b94640 1 -- 172.21.15.62:0/1946310547 shutdown_connections
2024-08-16T19:01:26.620 INFO:teuthology.orchestra.run.smithi062.stdout:/usr/bin/ceph: stderr
2024-08-16T19:01:26.072+0000 7f4857b94640 1 --2- 172.21.15.62:0/1946310547 >> [v2:172.21.15.62:6800/572676055,v1:172.21.15.62:6801/572676055] conn(0x7f483c038e60 0x7f483c03b320 unknown :-1 s=CLOSED pgs=6 cs=0 l=1 rev1=1 crypto rx=0 tx=0 comp rx=0 tx=0).stop
2024-08-16T19:01:26.620 INFO:teuthology.orchestra.run.smithi062.stdout:/usr/bin/ceph: stderr
2024-08-16T19:01:26.072+0000 7f4857b94640 1 --2- 172.21.15.62:0/1946310547 >> [v2:172.21.15.62:3300/0,v1:172.21.15.62:6789/0] conn(0x7f4850105c90 0x7f485019d530 unknown :-1 s=CLOSED pgs=17 cs=0 l=1 rev1=1 crypto rx=0 tx=0 comp rx=0 tx=0).stop
2024-08-16T19:01:26.620 INFO:teuthology.orchestra.run.smithi062.stdout:/usr/bin/ceph: stderr
2024-08-16T19:01:26.072+0000 7f4857b94640 1 -- 172.21.15.62:0/1946310547 >> 172.21.15.62:0/1946310547 conn(0x7f4850101ac0 msgr2=0x7f48501941f0 unknown :-1 s=STATE_NONE l=0).mark_down
2024-08-16T19:01:26.621 INFO:teuthology.orchestra.run.smithi062.stdout:/usr/bin/ceph: stderr
2024-08-16T19:01:26.073+0000 7f4857b94640 1 -- 172.21.15.62:0/1946310547 shutdown_connections
2024-08-16T19:01:26.621 INFO:teuthology.orchestra.run.smithi062.stdout:/usr/bin/ceph: stderr
2024-08-16T19:01:26.073+0000 7f4857b94640 1 -- 172.21.15.62:0/1946310547 wait complete.
2024-08-16T19:01:26.621 INFO:teuthology.orchestra.run.smithi062.stdout:mgr is available
2024-08-16T19:01:27.496 INFO:journalctl@ceph.mon.a.smithi062.stdout:Aug 16 19:01:27 smithi062 ceph-mon[32993]: mgrmap e4: x(active, since 2s)
2024-08-16T19:01:27.497 INFO:journalctl@ceph.mon.a.smithi062.stdout:Aug 16 19:01:27 smithi062 ceph-mon[32993]: from='client.? 172.21.15.62:0/3214769874' entity='client.admin' cmd=[{"prefix": "config assimilate-conf"}]: dispatch
2024-08-16T19:01:27.628 INFO:teuthology.orchestra.run.smithi062.stdout:/usr/bin/ceph: stdout
2024-08-16T19:01:27.628 INFO:teuthology.orchestra.run.smithi062.stdout:/usr/bin/ceph: stdout [global]
2024-08-16T19:01:27.629 INFO:teuthology.orchestra.run.smithi062.stdout:/usr/bin/ceph: stdout fsid = bd001ebc-5c01-11ef-bccf-c7b262605968
2024-08-16T19:01:27.629 INFO:teuthology.orchestra.run.smithi062.stdout:/usr/bin/ceph: stdout mon_host = [v2:172.21.15.62:3300,v1:172.21.15.62:6789]
2024-08-16T19:01:27.629 INFO:teuthology.orchestra.run.smithi062.stdout:/usr/bin/ceph: stdout mon_osd_allow_pg_remap = true
2024-08-16T19:01:27.629 INFO:teuthology.orchestra.run.smithi062.stdout:/usr/bin/ceph: stdout mon_osd_allow_primary_affinity = true
2024-08-16T19:01:27.629 INFO:teuthology.orchestra.run.smithi062.stdout:/usr/bin/ceph: stdout mon_warn_on_no_sortbitwise = false
2024-08-16T19:01:27.629 INFO:teuthology.orchestra.run.smithi062.stdout:/usr/bin/ceph: stdout osd_crush_chooseleaf_type = 0
2024-08-16T19:01:27.629 INFO:teuthology.orchestra.run.smithi062.stdout:/usr/bin/ceph: stdout
2024-08-16T19:01:27.629 INFO:teuthology.orchestra.run.smithi062.stdout:/usr/bin/ceph: stdout [mgr]
2024-08-16T19:01:27.629 INFO:teuthology.orchestra.run.smithi062.stdout:/usr/bin/ceph: stdout mgr/telemetry/nag = false
2024-08-16T19:01:27.629 INFO:teuthology.orchestra.run.smithi062.stdout:/usr/bin/ceph: stdout
2024-08-16T19:01:27.629 INFO:teuthology.orchestra.run.smithi062.stdout:/usr/bin/ceph: stdout [osd]
2024-08-16T19:01:27.629 INFO:teuthology.orchestra.run.smithi062.stdout:/usr/bin/ceph: stdout mon_osd_backfillfull_ratio = 0.85
2024-08-16T19:01:27.629 INFO:teuthology.orchestra.run.smithi062.stdout:/usr/bin/ceph: stdout mon_osd_full_ratio = 0.9
2024-08-16T19:01:27.630 INFO:teuthology.orchestra.run.smithi062.stdout:/usr/bin/ceph: stdout mon_osd_nearfull_ratio = 0.8
2024-08-16T19:01:27.630 INFO:teuthology.orchestra.run.smithi062.stdout:/usr/bin/ceph: stdout osd_map_max_advance = 10
2024-08-16T19:01:27.630 INFO:teuthology.orchestra.run.smithi062.stdout:/usr/bin/ceph: stdout osd_sloppy_crc = true
2024-08-16T19:01:27.630 INFO:teuthology.orchestra.run.smithi062.stdout:/usr/bin/ceph: stderr
2024-08-16T19:01:26.942+0000 7fb135e6c640 1 Processor -- start
2024-08-16T19:01:27.630 INFO:teuthology.orchestra.run.smithi062.stdout:/usr/bin/ceph: stderr
2024-08-16T19:01:26.942+0000 7fb135e6c640 1 -- start start
2024-08-16T19:01:27.630 INFO:teuthology.orchestra.run.smithi062.stdout:/usr/bin/ceph: stderr
2024-08-16T19:01:26.942+0000 7fb135e6c640 1 --2- >> [v2:172.21.15.62:3300/0,v1:172.21.15.62:6789/0] conn(0x7fb13007dca0 0x7fb13007c260 unknown :-1 s=NONE pgs=0 cs=0 l=0 rev1=0 crypto rx=0 tx=0 comp rx=0 tx=0).connect
2024-08-16T19:01:27.630 INFO:teuthology.orchestra.run.smithi062.stdout:/usr/bin/ceph: stderr
2024-08-16T19:01:26.942+0000 7fb135e6c640 1 -- --> [v2:172.21.15.62:3300/0,v1:172.21.15.62:6789/0] -- mon_getmap magic: 0 -- 0x7fb13007e0a0 con 0x7fb13007dca0
2024-08-16T19:01:27.630 INFO:teuthology.orchestra.run.smithi062.stdout:/usr/bin/ceph: stderr
2024-08-16T19:01:26.942+0000 7fb12f7fe640 1 --2- >> [v2:172.21.15.62:3300/0,v1:172.21.15.62:6789/0] conn(0x7fb13007dca0 0x7fb13007c260 unknown :-1 s=BANNER_CONNECTING pgs=0 cs=0 l=0 rev1=0 crypto rx=0 tx=0 comp rx=0 tx=0)._handle_peer_banner_payload supported=3 required=0
2024-08-16T19:01:27.630 INFO:teuthology.orchestra.run.smithi062.stdout:/usr/bin/ceph: stderr
2024-08-16T19:01:26.942+0000 7fb12f7fe640 1 --2- >> [v2:172.21.15.62:3300/0,v1:172.21.15.62:6789/0] conn(0x7fb13007dca0 0x7fb13007c260 unknown :-1 s=HELLO_CONNECTING pgs=0 cs=0 l=0 rev1=1 crypto rx=0 tx=0 comp rx=0 tx=0).handle_hello peer v2:172.21.15.62:3300/0 says I am v2:172.21.15.62:40780/0 (socket says 172.21.15.62:40780)
2024-08-16T19:01:27.630 INFO:teuthology.orchestra.run.smithi062.stdout:/usr/bin/ceph: stderr
2024-08-16T19:01:26.942+0000 7fb12f7fe640 1 -- 172.21.15.62:0/3952065745 learned_addr learned my addr 172.21.15.62:0/3952065745 (peer_addr_for_me v2:172.21.15.62:0/0)
2024-08-16T19:01:27.630 INFO:teuthology.orchestra.run.smithi062.stdout:/usr/bin/ceph: stderr
2024-08-16T19:01:26.943+0000 7fb12f7fe640 1 -- 172.21.15.62:0/3952065745 --> [v2:172.21.15.62:3300/0,v1:172.21.15.62:6789/0] -- mon_subscribe({config=0+,monmap=0+}) -- 0x7fb13007c7a0 con 0x7fb13007dca0
2024-08-16T19:01:27.630 INFO:teuthology.orchestra.run.smithi062.stdout:/usr/bin/ceph: stderr
2024-08-16T19:01:26.943+0000 7fb12f7fe640 1 --2- 172.21.15.62:0/3952065745 >> [v2:172.21.15.62:3300/0,v1:172.21.15.62:6789/0] conn(0x7fb13007dca0 0x7fb13007c260 secure :-1 s=READY pgs=18 cs=0 l=1 rev1=1 crypto rx=0x7fb120009820 tx=0x7fb12002a270 comp rx=0 tx=0).ready entity=mon.0 client_cookie=d5636c200f150c9f server_cookie=0 in_seq=0 out_seq=0
2024-08-16T19:01:27.630 INFO:teuthology.orchestra.run.smithi062.stdout:/usr/bin/ceph: stderr
2024-08-16T19:01:26.943+0000 7fb12e7fc640 1 -- 172.21.15.62:0/3952065745 <== mon.0 v2:172.21.15.62:3300/0 1 ==== mon_map magic: 0 ==== 205+0+0 (secure 0 0 0) 0x7fb120037070 con 0x7fb13007dca0
2024-08-16T19:01:27.631 INFO:teuthology.orchestra.run.smithi062.stdout:/usr/bin/ceph: stderr
2024-08-16T19:01:26.943+0000 7fb12e7fc640 1 -- 172.21.15.62:0/3952065745 <== mon.0 v2:172.21.15.62:3300/0 2 ==== config(27 keys) ==== 1109+0+0 (secure 0 0 0) 0x7fb120032900 con 0x7fb13007dca0
2024-08-16T19:01:27.631 INFO:teuthology.orchestra.run.smithi062.stdout:/usr/bin/ceph: stderr
2024-08-16T19:01:26.944+0000 7fb12e7fc640 1 -- 172.21.15.62:0/3952065745 <== mon.0 v2:172.21.15.62:3300/0 3 ==== mon_map magic: 0 ==== 205+0+0 (secure 0 0 0) 0x7fb120030850 con 0x7fb13007dca0
2024-08-16T19:01:27.631 INFO:teuthology.orchestra.run.smithi062.stdout:/usr/bin/ceph: stderr
2024-08-16T19:01:26.944+0000 7fb135e6c640 1 -- 172.21.15.62:0/3952065745 >> [v2:172.21.15.62:3300/0,v1:172.21.15.62:6789/0] conn(0x7fb13007dca0 msgr2=0x7fb13007c260 secure :-1 s=STATE_CONNECTION_ESTABLISHED l=1).mark_down
2024-08-16T19:01:27.631 INFO:teuthology.orchestra.run.smithi062.stdout:/usr/bin/ceph: stderr
2024-08-16T19:01:26.944+0000 7fb135e6c640 1 --2- 172.21.15.62:0/3952065745 >> [v2:172.21.15.62:3300/0,v1:172.21.15.62:6789/0] conn(0x7fb13007dca0 0x7fb13007c260 secure :-1 s=READY pgs=18 cs=0 l=1 rev1=1 crypto rx=0x7fb120009820 tx=0x7fb12002a270 comp rx=0 tx=0).stop
2024-08-16T19:01:27.631 INFO:teuthology.orchestra.run.smithi062.stdout:/usr/bin/ceph: stderr
2024-08-16T19:01:26.944+0000 7fb135e6c640 1 -- 172.21.15.62:0/3952065745 shutdown_connections
2024-08-16T19:01:27.631 INFO:teuthology.orchestra.run.smithi062.stdout:/usr/bin/ceph: stderr
2024-08-16T19:01:26.944+0000 7fb135e6c640 1 --2- 172.21.15.62:0/3952065745 >> [v2:172.21.15.62:3300/0,v1:172.21.15.62:6789/0] conn(0x7fb13007dca0 0x7fb13007c260 unknown :-1 s=CLOSED pgs=18 cs=0 l=1 rev1=1 crypto rx=0 tx=0 comp rx=0 tx=0).stop
2024-08-16T19:01:27.631 INFO:teuthology.orchestra.run.smithi062.stdout:/usr/bin/ceph: stderr
2024-08-16T19:01:26.944+0000 7fb135e6c640 1 -- 172.21.15.62:0/3952065745 >> 172.21.15.62:0/3952065745 conn(0x7fb130102c50 msgr2=0x7fb130105070 unknown :-1 s=STATE_NONE l=0).mark_down
2024-08-16T19:01:27.631 INFO:teuthology.orchestra.run.smithi062.stdout:/usr/bin/ceph: stderr
2024-08-16T19:01:26.944+0000 7fb135e6c640 1 -- 172.21.15.62:0/3952065745 shutdown_connections
2024-08-16T19:01:27.631 INFO:teuthology.orchestra.run.smithi062.stdout:/usr/bin/ceph: stderr
2024-08-16T19:01:26.944+0000 7fb135e6c640 1 -- 172.21.15.62:0/3952065745 wait complete.
2024-08-16T19:01:27.631 INFO:teuthology.orchestra.run.smithi062.stdout:/usr/bin/ceph: stderr
2024-08-16T19:01:26.945+0000 7fb135e6c640 1 Processor -- start
2024-08-16T19:01:27.631 INFO:teuthology.orchestra.run.smithi062.stdout:/usr/bin/ceph: stderr
2024-08-16T19:01:26.945+0000 7fb135e6c640 1 -- start start
2024-08-16T19:01:27.631 INFO:teuthology.orchestra.run.smithi062.stdout:/usr/bin/ceph: stderr
2024-08-16T19:01:26.945+0000 7fb135e6c640 1 --2- >> [v2:172.21.15.62:3300/0,v1:172.21.15.62:6789/0] conn(0x7fb13007dca0 0x7fb13019d4f0 unknown :-1 s=NONE pgs=0 cs=0 l=1 rev1=0 crypto rx=0 tx=0 comp rx=0 tx=0).connect
2024-08-16T19:01:27.631 INFO:teuthology.orchestra.run.smithi062.stdout:/usr/bin/ceph: stderr
2024-08-16T19:01:26.945+0000 7fb135e6c640 1 -- --> [v2:172.21.15.62:3300/0,v1:172.21.15.62:6789/0] -- mon_getmap magic: 0 -- 0x7fb13010d8d0 con 0x7fb13007dca0
2024-08-16T19:01:27.631 INFO:teuthology.orchestra.run.smithi062.stdout:/usr/bin/ceph: stderr
2024-08-16T19:01:26.945+0000 7fb12f7fe640 1 --2- >> [v2:172.21.15.62:3300/0,v1:172.21.15.62:6789/0] conn(0x7fb13007dca0 0x7fb13019d4f0 unknown :-1 s=BANNER_CONNECTING pgs=0 cs=0 l=1 rev1=0 crypto rx=0 tx=0 comp rx=0 tx=0)._handle_peer_banner_payload supported=3 required=0
2024-08-16T19:01:27.632 INFO:teuthology.orchestra.run.smithi062.stdout:/usr/bin/ceph: stderr
2024-08-16T19:01:26.945+0000 7fb12f7fe640 1 --2- >> [v2:172.21.15.62:3300/0,v1:172.21.15.62:6789/0] conn(0x7fb13007dca0 0x7fb13019d4f0 unknown :-1 s=HELLO_CONNECTING pgs=0 cs=0 l=1 rev1=1 crypto rx=0 tx=0 comp rx=0 tx=0).handle_hello peer v2:172.21.15.62:3300/0 says I am v2:172.21.15.62:40786/0 (socket says 172.21.15.62:40786)
2024-08-16T19:01:27.632 INFO:teuthology.orchestra.run.smithi062.stdout:/usr/bin/ceph: stderr
2024-08-16T19:01:26.945+0000 7fb12f7fe640 1 -- 172.21.15.62:0/3214769874 learned_addr learned my addr 172.21.15.62:0/3214769874 (peer_addr_for_me v2:172.21.15.62:0/0)
2024-08-16T19:01:27.632 INFO:teuthology.orchestra.run.smithi062.stdout:/usr/bin/ceph: stderr
2024-08-16T19:01:26.946+0000 7fb12f7fe640 1 -- 172.21.15.62:0/3214769874 --> [v2:172.21.15.62:3300/0,v1:172.21.15.62:6789/0] -- mon_subscribe({config=0+,monmap=0+}) -- 0x7fb13019da30 con 0x7fb13007dca0
2024-08-16T19:01:27.632 INFO:teuthology.orchestra.run.smithi062.stdout:/usr/bin/ceph: stderr
2024-08-16T19:01:26.946+0000 7fb12f7fe640 1 --2- 172.21.15.62:0/3214769874 >> [v2:172.21.15.62:3300/0,v1:172.21.15.62:6789/0] conn(0x7fb13007dca0 0x7fb13019d4f0 secure :-1 s=READY pgs=19 cs=0 l=1 rev1=1 crypto rx=0x7fb1200097f0 tx=0x7fb120030d80 comp rx=0 tx=0).ready entity=mon.0 client_cookie=0 server_cookie=0 in_seq=0 out_seq=0
2024-08-16T19:01:27.632 INFO:teuthology.orchestra.run.smithi062.stdout:/usr/bin/ceph: stderr
2024-08-16T19:01:26.946+0000 7fb12cff9640 1 -- 172.21.15.62:0/3214769874 <== mon.0 v2:172.21.15.62:3300/0 1 ==== mon_map magic: 0 ==== 205+0+0 (secure 0 0 0) 0x7fb120037040 con 0x7fb13007dca0
2024-08-16T19:01:27.632 INFO:teuthology.orchestra.run.smithi062.stdout:/usr/bin/ceph: stderr
2024-08-16T19:01:26.946+0000 7fb12cff9640 1 -- 172.21.15.62:0/3214769874 <== mon.0 v2:172.21.15.62:3300/0 2 ==== config(27 keys) ==== 1109+0+0 (secure 0 0 0) 0x7fb120040070 con 0x7fb13007dca0
2024-08-16T19:01:27.632 INFO:teuthology.orchestra.run.smithi062.stdout:/usr/bin/ceph: stderr
2024-08-16T19:01:26.946+0000 7fb135e6c640 1 -- 172.21.15.62:0/3214769874 --> [v2:172.21.15.62:3300/0,v1:172.21.15.62:6789/0] -- mon_subscribe({mgrmap=0+}) -- 0x7fb13019dcc0 con 0x7fb13007dca0
2024-08-16T19:01:27.632 INFO:teuthology.orchestra.run.smithi062.stdout:/usr/bin/ceph: stderr
2024-08-16T19:01:26.946+0000 7fb12cff9640 1 -- 172.21.15.62:0/3214769874 <== mon.0 v2:172.21.15.62:3300/0 3 ==== mon_map magic: 0 ==== 205+0+0 (secure 0 0 0) 0x7fb12003a390 con 0x7fb13007dca0
2024-08-16T19:01:27.632 INFO:teuthology.orchestra.run.smithi062.stdout:/usr/bin/ceph: stderr
2024-08-16T19:01:26.946+0000 7fb135e6c640 1 -- 172.21.15.62:0/3214769874 --> [v2:172.21.15.62:3300/0,v1:172.21.15.62:6789/0] -- mon_subscribe({osdmap=0}) -- 0x7fb1301a09b0 con 0x7fb13007dca0
2024-08-16T19:01:27.632 INFO:teuthology.orchestra.run.smithi062.stdout:/usr/bin/ceph: stderr
2024-08-16T19:01:26.947+0000 7fb12cff9640 1 -- 172.21.15.62:0/3214769874 <== mon.0 v2:172.21.15.62:3300/0 4 ==== mgrmap(e 4) ==== 46276+0+0 (secure 0 0 0) 0x7fb12003a5e0 con 0x7fb13007dca0
2024-08-16T19:01:27.632 INFO:teuthology.orchestra.run.smithi062.stdout:/usr/bin/ceph: stderr
2024-08-16T19:01:26.947+0000 7fb12cff9640 1 --2- 172.21.15.62:0/3214769874 >> [v2:172.21.15.62:6800/572676055,v1:172.21.15.62:6801/572676055] conn(0x7fb118038f70 0x7fb11803b430 unknown :-1 s=NONE pgs=0 cs=0 l=1 rev1=0 crypto rx=0 tx=0 comp rx=0 tx=0).connect
2024-08-16T19:01:27.632 INFO:teuthology.orchestra.run.smithi062.stdout:/usr/bin/ceph: stderr
2024-08-16T19:01:26.947+0000 7fb135e6c640 1 -- 172.21.15.62:0/3214769874 --> [v2:172.21.15.62:3300/0,v1:172.21.15.62:6789/0] -- mon_command({"prefix": "get_command_descriptions"} v 0) -- 0x7fb13007c2e0 con 0x7fb13007dca0
2024-08-16T19:01:27.632 INFO:teuthology.orchestra.run.smithi062.stdout:/usr/bin/ceph: stderr
2024-08-16T19:01:26.947+0000 7fb12cff9640 1 -- 172.21.15.62:0/3214769874 <== mon.0 v2:172.21.15.62:3300/0 5 ==== osd_map(1..1 src has 1..1) ==== 725+0+0 (secure 0 0 0) 0x7fb12006c0b0 con 0x7fb13007dca0
2024-08-16T19:01:27.632 INFO:teuthology.orchestra.run.smithi062.stdout:/usr/bin/ceph: stderr
2024-08-16T19:01:26.947+0000 7fb12effd640 1 --2- 172.21.15.62:0/3214769874 >> [v2:172.21.15.62:6800/572676055,v1:172.21.15.62:6801/572676055] conn(0x7fb118038f70 0x7fb11803b430 unknown :-1 s=BANNER_CONNECTING pgs=0 cs=0 l=1 rev1=0 crypto rx=0 tx=0 comp rx=0 tx=0)._handle_peer_banner_payload supported=3 required=0
2024-08-16T19:01:27.633 INFO:teuthology.orchestra.run.smithi062.stdout:/usr/bin/ceph: stderr
2024-08-16T19:01:26.947+0000 7fb12effd640 1 --2- 172.21.15.62:0/3214769874 >> [v2:172.21.15.62:6800/572676055,v1:172.21.15.62:6801/572676055] conn(0x7fb118038f70 0x7fb11803b430 secure :-1 s=READY pgs=7 cs=0 l=1 rev1=1 crypto rx=0x7fb12400ad30 tx=0x7fb1240093f0 comp rx=0 tx=0).ready entity=mgr.14100 client_cookie=0 server_cookie=0 in_seq=0 out_seq=0
2024-08-16T19:01:27.633 INFO:teuthology.orchestra.run.smithi062.stdout:/usr/bin/ceph: stderr
