2024-08-18T21:59:11.117 INFO:teuthology.orchestra.run.smithi123.stdout:/usr/bin/ceph: stderr
2024-08-18T21:59:09.244+0000 7fbcf0ff9640 1 -- 172.21.15.123:0/1559546088 >> [v2:172.21.15.123:6800/4048905381,v1:172.21.15.123:6801/4048905381] conn(0x7fbcdc038fc0 msgr2=0x7fbcdc03b480 unknown :-1 s=STATE_CONNECTING l=1).mark_down
2024-08-18T21:59:11.117 INFO:teuthology.orchestra.run.smithi123.stdout:/usr/bin/ceph: stderr
2024-08-18T21:59:09.244+0000 7fbcf0ff9640 1 --2- 172.21.15.123:0/1559546088 >> [v2:172.21.15.123:6800/4048905381,v1:172.21.15.123:6801/4048905381] conn(0x7fbcdc038fc0 0x7fbcdc03b480 unknown :-1 s=START_CONNECT pgs=0 cs=0 l=1 rev1=0 crypto rx=0 tx=0 comp rx=0 tx=0).stop
2024-08-18T21:59:11.117 INFO:teuthology.orchestra.run.smithi123.stdout:/usr/bin/ceph: stderr
2024-08-18T21:59:10.245+0000 7fbcf0ff9640 1 -- 172.21.15.123:0/1559546088 <== mon.0 v2:172.21.15.123:3300/0 7 ==== mgrmap(e 11) ==== 46194+0+0 (secure 0 0 0) 0x7fbce4044920 con 0x7fbcf4107de0
2024-08-18T21:59:11.117 INFO:teuthology.orchestra.run.smithi123.stdout:/usr/bin/ceph: stderr
2024-08-18T21:59:10.246+0000 7fbcf0ff9640 1 --2- 172.21.15.123:0/1559546088 >> [v2:172.21.15.123:6800/22123895,v1:172.21.15.123:6801/22123895] conn(0x7fbcdc03ca80 0x7fbcdc03ee70 unknown :-1 s=NONE pgs=0 cs=0 l=1 rev1=0 crypto rx=0 tx=0 comp rx=0 tx=0).connect
2024-08-18T21:59:11.117 INFO:teuthology.orchestra.run.smithi123.stdout:/usr/bin/ceph: stderr
2024-08-18T21:59:10.246+0000 7fbcf0ff9640 1 -- 172.21.15.123:0/1559546088 --> [v2:172.21.15.123:6800/22123895,v1:172.21.15.123:6801/22123895] -- command(tid 0: {"prefix": "get_command_descriptions"}) -- 0x7fbce40665f0 con 0x7fbcdc03ca80
2024-08-18T21:59:11.117 INFO:teuthology.orchestra.run.smithi123.stdout:/usr/bin/ceph: stderr
2024-08-18T21:59:10.246+0000 7fbcf2ffd640 1 --2- 172.21.15.123:0/1559546088 >> [v2:172.21.15.123:6800/22123895,v1:172.21.15.123:6801/22123895] conn(0x7fbcdc03ca80 0x7fbcdc03ee70 unknown :-1 s=BANNER_CONNECTING pgs=0 cs=0 l=1 rev1=0 crypto rx=0 tx=0 comp rx=0 tx=0)._handle_peer_banner_payload supported=3 required=0
2024-08-18T21:59:11.117 INFO:teuthology.orchestra.run.smithi123.stdout:/usr/bin/ceph: stderr
2024-08-18T21:59:10.248+0000 7fbcf2ffd640 1 --2- 172.21.15.123:0/1559546088 >> [v2:172.21.15.123:6800/22123895,v1:172.21.15.123:6801/22123895] conn(0x7fbcdc03ca80 0x7fbcdc03ee70 secure :-1 s=READY pgs=5 cs=0 l=1 rev1=1 crypto rx=0x7fbce8003980 tx=0x7fbce8006e10 comp rx=0 tx=0).ready entity=mgr.14150 client_cookie=0 server_cookie=0 in_seq=0 out_seq=0
2024-08-18T21:59:11.117 INFO:teuthology.orchestra.run.smithi123.stdout:/usr/bin/ceph: stderr
2024-08-18T21:59:10.249+0000 7fbcf0ff9640 1 -- 172.21.15.123:0/1559546088 <== mgr.14150 v2:172.21.15.123:6800/22123895 1 ==== command_reply(tid 0: 0 ) ==== 8+0+9564 (secure 0 0 0) 0x7fbce40665f0 con 0x7fbcdc03ca80
2024-08-18T21:59:11.117 INFO:teuthology.orchestra.run.smithi123.stdout:/usr/bin/ceph: stderr
2024-08-18T21:59:10.255+0000 7fbcf9f73640 1 -- 172.21.15.123:0/1559546088 --> [v2:172.21.15.123:6800/22123895,v1:172.21.15.123:6801/22123895] -- command(tid 1: {"prefix": "mgr_status"}) -- 0x7fbcf4108240 con 0x7fbcdc03ca80
2024-08-18T21:59:11.118 INFO:teuthology.orchestra.run.smithi123.stdout:/usr/bin/ceph: stderr
2024-08-18T21:59:10.256+0000 7fbcf0ff9640 1 -- 172.21.15.123:0/1559546088 <== mgr.14150 v2:172.21.15.123:6800/22123895 2 ==== command_reply(tid 1: 0 ) ==== 8+0+52 (secure 0 0 0) 0x7fbcf4108240 con 0x7fbcdc03ca80
2024-08-18T21:59:11.118 INFO:teuthology.orchestra.run.smithi123.stdout:/usr/bin/ceph: stderr
2024-08-18T21:59:10.256+0000 7fbcf9f73640 1 -- 172.21.15.123:0/1559546088 >> [v2:172.21.15.123:6800/22123895,v1:172.21.15.123:6801/22123895] conn(0x7fbcdc03ca80 msgr2=0x7fbcdc03ee70 secure :-1 s=STATE_CONNECTION_ESTABLISHED l=1).mark_down
2024-08-18T21:59:11.118 INFO:teuthology.orchestra.run.smithi123.stdout:/usr/bin/ceph: stderr
2024-08-18T21:59:10.256+0000 7fbcf9f73640 1 --2- 172.21.15.123:0/1559546088 >> [v2:172.21.15.123:6800/22123895,v1:172.21.15.123:6801/22123895] conn(0x7fbcdc03ca80 0x7fbcdc03ee70 secure :-1 s=READY pgs=5 cs=0 l=1 rev1=1 crypto rx=0x7fbce8003980 tx=0x7fbce8006e10 comp rx=0 tx=0).stop
2024-08-18T21:59:11.118 INFO:teuthology.orchestra.run.smithi123.stdout:/usr/bin/ceph: stderr
2024-08-18T21:59:10.256+0000 7fbcf9f73640 1 -- 172.21.15.123:0/1559546088 >> [v2:172.21.15.123:3300/0,v1:172.21.15.123:6789/0] conn(0x7fbcf4107de0 msgr2=0x7fbcf4107660 secure :-1 s=STATE_CONNECTION_ESTABLISHED l=1).mark_down
2024-08-18T21:59:11.118 INFO:teuthology.orchestra.run.smithi123.stdout:/usr/bin/ceph: stderr
2024-08-18T21:59:10.256+0000 7fbcf9f73640 1 --2- 172.21.15.123:0/1559546088 >> [v2:172.21.15.123:3300/0,v1:172.21.15.123:6789/0] conn(0x7fbcf4107de0 0x7fbcf4107660 secure :-1 s=READY pgs=60 cs=0 l=1 rev1=1 crypto rx=0x7fbce40097f0 tx=0x7fbce40327b0 comp rx=0 tx=0).stop
2024-08-18T21:59:11.118 INFO:teuthology.orchestra.run.smithi123.stdout:/usr/bin/ceph: stderr
2024-08-18T21:59:10.256+0000 7fbcf9f73640 1 -- 172.21.15.123:0/1559546088 shutdown_connections
2024-08-18T21:59:11.118 INFO:teuthology.orchestra.run.smithi123.stdout:/usr/bin/ceph: stderr
2024-08-18T21:59:10.256+0000 7fbcf9f73640 1 --2- 172.21.15.123:0/1559546088 >> [v2:172.21.15.123:6800/22123895,v1:172.21.15.123:6801/22123895] conn(0x7fbcdc03ca80 0x7fbcdc03ee70 unknown :-1 s=CLOSED pgs=5 cs=0 l=1 rev1=1 crypto rx=0 tx=0 comp rx=0 tx=0).stop
2024-08-18T21:59:11.118 INFO:teuthology.orchestra.run.smithi123.stdout:/usr/bin/ceph: stderr
2024-08-18T21:59:10.256+0000 7fbcf9f73640 1 --2- 172.21.15.123:0/1559546088 >> [v2:172.21.15.123:6800/4048905381,v1:172.21.15.123:6801/4048905381] conn(0x7fbcdc038fc0 0x7fbcdc03b480 unknown :-1 s=CLOSED pgs=0 cs=0 l=1 rev1=0 crypto rx=0 tx=0 comp rx=0 tx=0).stop
2024-08-18T21:59:11.118 INFO:teuthology.orchestra.run.smithi123.stdout:/usr/bin/ceph: stderr
2024-08-18T21:59:10.256+0000 7fbcf9f73640 1 --2- 172.21.15.123:0/1559546088 >> [v2:172.21.15.123:3300/0,v1:172.21.15.123:6789/0] conn(0x7fbcf4107de0 0x7fbcf4107660 unknown :-1 s=CLOSED pgs=60 cs=0 l=1 rev1=1 crypto rx=0 tx=0 comp rx=0 tx=0).stop
2024-08-18T21:59:11.118 INFO:teuthology.orchestra.run.smithi123.stdout:/usr/bin/ceph: stderr
2024-08-18T21:59:10.256+0000 7fbcf9f73640 1 -- 172.21.15.123:0/1559546088 >> 172.21.15.123:0/1559546088 conn(0x7fbcf41019e0 msgr2=0x7fbcf4102640 unknown :-1 s=STATE_NONE l=0).mark_down
2024-08-18T21:59:11.118 INFO:teuthology.orchestra.run.smithi123.stdout:/usr/bin/ceph: stderr
2024-08-18T21:59:10.256+0000 7fbcf9f73640 1 -- 172.21.15.123:0/1559546088 shutdown_connections
2024-08-18T21:59:11.118 INFO:teuthology.orchestra.run.smithi123.stdout:/usr/bin/ceph: stderr
2024-08-18T21:59:10.256+0000 7fbcf9f73640 1 -- 172.21.15.123:0/1559546088 wait complete.
2024-08-18T21:59:11.118 INFO:teuthology.orchestra.run.smithi123.stdout:mgr epoch 9 is available
2024-08-18T21:59:11.119 INFO:teuthology.orchestra.run.smithi123.stdout:Generating a dashboard self-signed certificate...
2024-08-18T21:59:11.395 INFO:journalctl@ceph.mon.a.smithi123.stdout:Aug 18 21:59:11 smithi123 ceph-mon[18462]: [18/Aug/2024:21:59:10] ENGINE Bus STARTING
2024-08-18T21:59:11.395 INFO:journalctl@ceph.mon.a.smithi123.stdout:Aug 18 21:59:11 smithi123 ceph-mon[18462]: from='client.14154 -' entity='client.admin' cmd=[{"prefix": "get_command_descriptions"}]: dispatch
2024-08-18T21:59:11.395 INFO:journalctl@ceph.mon.a.smithi123.stdout:Aug 18 21:59:11 smithi123 ceph-mon[18462]: mgrmap e11: x(active, since 1.00624s)
2024-08-18T21:59:11.395 INFO:journalctl@ceph.mon.a.smithi123.stdout:Aug 18 21:59:11 smithi123 ceph-mon[18462]: from='client.14154 -' entity='client.admin' cmd=[{"prefix": "mgr_status"}]: dispatch
2024-08-18T21:59:11.395 INFO:journalctl@ceph.mon.a.smithi123.stdout:Aug 18 21:59:11 smithi123 ceph-mon[18462]: [18/Aug/2024:21:59:10] ENGINE Serving on http://172.21.15.123:8765
2024-08-18T21:59:11.395 INFO:journalctl@ceph.mon.a.smithi123.stdout:Aug 18 21:59:11 smithi123 ceph-mon[18462]: [18/Aug/2024:21:59:10] ENGINE Serving on https://172.21.15.123:7150
2024-08-18T21:59:11.396 INFO:journalctl@ceph.mon.a.smithi123.stdout:Aug 18 21:59:11 smithi123 ceph-mon[18462]: [18/Aug/2024:21:59:10] ENGINE Bus STARTED
2024-08-18T21:59:11.396 INFO:journalctl@ceph.mon.a.smithi123.stdout:Aug 18 21:59:11 smithi123 ceph-mon[18462]: from='mgr.14150 172.21.15.123:0/3483124108' entity='mgr.x'
2024-08-18T21:59:12.305 INFO:teuthology.orchestra.run.smithi123.stdout:/usr/bin/ceph: stdout Self-signed certificate created
2024-08-18T21:59:12.306 INFO:teuthology.orchestra.run.smithi123.stdout:/usr/bin/ceph: stderr
2024-08-18T21:59:11.470+0000 7ff3acbd6640 1 Processor -- start
2024-08-18T21:59:12.306 INFO:teuthology.orchestra.run.smithi123.stdout:/usr/bin/ceph: stderr
2024-08-18T21:59:11.471+0000 7ff3acbd6640 1 -- start start
2024-08-18T21:59:12.306 INFO:teuthology.orchestra.run.smithi123.stdout:/usr/bin/ceph: stderr
2024-08-18T21:59:11.471+0000 7ff3acbd6640 1 --2- >> [v2:172.21.15.123:3300/0,v1:172.21.15.123:6789/0] conn(0x7ff3a81072e0 0x7ff3a81076e0 unknown :-1 s=NONE pgs=0 cs=0 l=0 rev1=0 crypto rx=0 tx=0 comp rx=0 tx=0).connect
2024-08-18T21:59:12.306 INFO:teuthology.orchestra.run.smithi123.stdout:/usr/bin/ceph: stderr
2024-08-18T21:59:11.471+0000 7ff3acbd6640 1 -- --> [v2:172.21.15.123:3300/0,v1:172.21.15.123:6789/0] -- mon_getmap magic: 0 -- 0x7ff3a8107c20 con 0x7ff3a81072e0
2024-08-18T21:59:12.306 INFO:teuthology.orchestra.run.smithi123.stdout:/usr/bin/ceph: stderr
2024-08-18T21:59:11.471+0000 7ff3a659c640 1 --2- >> [v2:172.21.15.123:3300/0,v1:172.21.15.123:6789/0] conn(0x7ff3a81072e0 0x7ff3a81076e0 unknown :-1 s=BANNER_CONNECTING pgs=0 cs=0 l=0 rev1=0 crypto rx=0 tx=0 comp rx=0 tx=0)._handle_peer_banner_payload supported=3 required=0
2024-08-18T21:59:12.306 INFO:teuthology.orchestra.run.smithi123.stdout:/usr/bin/ceph: stderr
2024-08-18T21:59:11.471+0000 7ff3a659c640 1 --2- >> [v2:172.21.15.123:3300/0,v1:172.21.15.123:6789/0] conn(0x7ff3a81072e0 0x7ff3a81076e0 unknown :-1 s=HELLO_CONNECTING pgs=0 cs=0 l=0 rev1=1 crypto rx=0 tx=0 comp rx=0 tx=0).handle_hello peer v2:172.21.15.123:3300/0 says I am v2:172.21.15.123:46146/0 (socket says 172.21.15.123:46146)
2024-08-18T21:59:12.306 INFO:teuthology.orchestra.run.smithi123.stdout:/usr/bin/ceph: stderr
2024-08-18T21:59:11.471+0000 7ff3a659c640 1 -- 172.21.15.123:0/1226512833 learned_addr learned my addr 172.21.15.123:0/1226512833 (peer_addr_for_me v2:172.21.15.123:0/0)
2024-08-18T21:59:12.306 INFO:teuthology.orchestra.run.smithi123.stdout:/usr/bin/ceph: stderr
2024-08-18T21:59:11.471+0000 7ff3a659c640 1 -- 172.21.15.123:0/1226512833 --> [v2:172.21.15.123:3300/0,v1:172.21.15.123:6789/0] -- mon_subscribe({config=0+,monmap=0+}) -- 0x7ff3a8107da0 con 0x7ff3a81072e0
2024-08-18T21:59:12.306 INFO:teuthology.orchestra.run.smithi123.stdout:/usr/bin/ceph: stderr
2024-08-18T21:59:11.472+0000 7ff3a659c640 1 --2- 172.21.15.123:0/1226512833 >> [v2:172.21.15.123:3300/0,v1:172.21.15.123:6789/0] conn(0x7ff3a81072e0 0x7ff3a81076e0 secure :-1 s=READY pgs=68 cs=0 l=1 rev1=1 crypto rx=0x7ff390009820 tx=0x7ff39002a270 comp rx=0 tx=0).ready entity=mon.0 client_cookie=103ac6d444bc893a server_cookie=0 in_seq=0 out_seq=0
2024-08-18T21:59:12.306 INFO:teuthology.orchestra.run.smithi123.stdout:/usr/bin/ceph: stderr
2024-08-18T21:59:11.472+0000 7ff3a559a640 1 -- 172.21.15.123:0/1226512833 <== mon.0 v2:172.21.15.123:3300/0 1 ==== mon_map magic: 0 ==== 205+0+0 (secure 0 0 0) 0x7ff390037070 con 0x7ff3a81072e0
2024-08-18T21:59:12.306 INFO:teuthology.orchestra.run.smithi123.stdout:/usr/bin/ceph: stderr
2024-08-18T21:59:11.472+0000 7ff3a559a640 1 -- 172.21.15.123:0/1226512833 <== mon.0 v2:172.21.15.123:3300/0 2 ==== config(27 keys) ==== 1140+0+0 (secure 0 0 0) 0x7ff390032920 con 0x7ff3a81072e0
2024-08-18T21:59:12.306 INFO:teuthology.orchestra.run.smithi123.stdout:/usr/bin/ceph: stderr
2024-08-18T21:59:11.472+0000 7ff3a559a640 1 -- 172.21.15.123:0/1226512833 <== mon.0 v2:172.21.15.123:3300/0 3 ==== mon_map magic: 0 ==== 205+0+0 (secure 0 0 0) 0x7ff390030810 con 0x7ff3a81072e0
2024-08-18T21:59:12.307 INFO:teuthology.orchestra.run.smithi123.stdout:/usr/bin/ceph: stderr
2024-08-18T21:59:11.473+0000 7ff3acbd6640 1 -- 172.21.15.123:0/1226512833 >> [v2:172.21.15.123:3300/0,v1:172.21.15.123:6789/0] conn(0x7ff3a81072e0 msgr2=0x7ff3a81076e0 secure :-1 s=STATE_CONNECTION_ESTABLISHED l=1).mark_down
2024-08-18T21:59:12.307 INFO:teuthology.orchestra.run.smithi123.stdout:/usr/bin/ceph: stderr
2024-08-18T21:59:11.473+0000 7ff3acbd6640 1 --2- 172.21.15.123:0/1226512833 >> [v2:172.21.15.123:3300/0,v1:172.21.15.123:6789/0] conn(0x7ff3a81072e0 0x7ff3a81076e0 secure :-1 s=READY pgs=68 cs=0 l=1 rev1=1 crypto rx=0x7ff390009820 tx=0x7ff39002a270 comp rx=0 tx=0).stop
2024-08-18T21:59:12.307 INFO:teuthology.orchestra.run.smithi123.stdout:/usr/bin/ceph: stderr
2024-08-18T21:59:11.473+0000 7ff3acbd6640 1 -- 172.21.15.123:0/1226512833 shutdown_connections
2024-08-18T21:59:12.307 INFO:teuthology.orchestra.run.smithi123.stdout:/usr/bin/ceph: stderr
2024-08-18T21:59:11.473+0000 7ff3acbd6640 1 --2- 172.21.15.123:0/1226512833 >> [v2:172.21.15.123:3300/0,v1:172.21.15.123:6789/0] conn(0x7ff3a81072e0 0x7ff3a81076e0 unknown :-1 s=CLOSED pgs=68 cs=0 l=1 rev1=1 crypto rx=0 tx=0 comp rx=0 tx=0).stop
2024-08-18T21:59:12.307 INFO:teuthology.orchestra.run.smithi123.stdout:/usr/bin/ceph: stderr
2024-08-18T21:59:11.473+0000 7ff3acbd6640 1 -- 172.21.15.123:0/1226512833 >> 172.21.15.123:0/1226512833 conn(0x7ff3a8102b30 msgr2=0x7ff3a8104f50 unknown :-1 s=STATE_NONE l=0).mark_down
2024-08-18T21:59:12.307 INFO:teuthology.orchestra.run.smithi123.stdout:/usr/bin/ceph: stderr
2024-08-18T21:59:11.473+0000 7ff3acbd6640 1 -- 172.21.15.123:0/1226512833 shutdown_connections
2024-08-18T21:59:12.307 INFO:teuthology.orchestra.run.smithi123.stdout:/usr/bin/ceph: stderr
2024-08-18T21:59:11.473+0000 7ff3acbd6640 1 -- 172.21.15.123:0/1226512833 wait complete.
2024-08-18T21:59:12.307 INFO:teuthology.orchestra.run.smithi123.stdout:/usr/bin/ceph: stderr
2024-08-18T21:59:11.474+0000 7ff3acbd6640 1 Processor -- start
2024-08-18T21:59:12.307 INFO:teuthology.orchestra.run.smithi123.stdout:/usr/bin/ceph: stderr
2024-08-18T21:59:11.474+0000 7ff3acbd6640 1 -- start start
2024-08-18T21:59:12.307 INFO:teuthology.orchestra.run.smithi123.stdout:/usr/bin/ceph: stderr
2024-08-18T21:59:11.474+0000 7ff3acbd6640 1 --2- >> [v2:172.21.15.123:3300/0,v1:172.21.15.123:6789/0] conn(0x7ff3a81072e0 0x7ff3a819b290 unknown :-1 s=NONE pgs=0 cs=0 l=1 rev1=0 crypto rx=0 tx=0 comp rx=0 tx=0).connect
2024-08-18T21:59:12.307 INFO:teuthology.orchestra.run.smithi123.stdout:/usr/bin/ceph: stderr
2024-08-18T21:59:11.474+0000 7ff3acbd6640 1 -- --> [v2:172.21.15.123:3300/0,v1:172.21.15.123:6789/0] -- mon_getmap magic: 0 -- 0x7ff3a810b750 con 0x7ff3a81072e0
2024-08-18T21:59:12.307 INFO:teuthology.orchestra.run.smithi123.stdout:/usr/bin/ceph: stderr
2024-08-18T21:59:11.474+0000 7ff3a659c640 1 --2- >> [v2:172.21.15.123:3300/0,v1:172.21.15.123:6789/0] conn(0x7ff3a81072e0 0x7ff3a819b290 unknown :-1 s=BANNER_CONNECTING pgs=0 cs=0 l=1 rev1=0 crypto rx=0 tx=0 comp rx=0 tx=0)._handle_peer_banner_payload supported=3 required=0
2024-08-18T21:59:12.308 INFO:teuthology.orchestra.run.smithi123.stdout:/usr/bin/ceph: stderr
2024-08-18T21:59:11.474+0000 7ff3a659c640 1 --2- >> [v2:172.21.15.123:3300/0,v1:172.21.15.123:6789/0] conn(0x7ff3a81072e0 0x7ff3a819b290 unknown :-1 s=HELLO_CONNECTING pgs=0 cs=0 l=1 rev1=1 crypto rx=0 tx=0 comp rx=0 tx=0).handle_hello peer v2:172.21.15.123:3300/0 says I am v2:172.21.15.123:46160/0 (socket says 172.21.15.123:46160)
2024-08-18T21:59:12.308 INFO:teuthology.orchestra.run.smithi123.stdout:/usr/bin/ceph: stderr
2024-08-18T21:59:11.474+0000 7ff3a659c640 1 -- 172.21.15.123:0/3960168884 learned_addr learned my addr 172.21.15.123:0/3960168884 (peer_addr_for_me v2:172.21.15.123:0/0)
2024-08-18T21:59:12.308 INFO:teuthology.orchestra.run.smithi123.stdout:/usr/bin/ceph: stderr
2024-08-18T21:59:11.474+0000 7ff3a659c640 1 -- 172.21.15.123:0/3960168884 --> [v2:172.21.15.123:3300/0,v1:172.21.15.123:6789/0] -- mon_subscribe({config=0+,monmap=0+}) -- 0x7ff3a819b7d0 con 0x7ff3a81072e0
2024-08-18T21:59:12.308 INFO:teuthology.orchestra.run.smithi123.stdout:/usr/bin/ceph: stderr
2024-08-18T21:59:11.474+0000 7ff3a659c640 1 --2- 172.21.15.123:0/3960168884 >> [v2:172.21.15.123:3300/0,v1:172.21.15.123:6789/0] conn(0x7ff3a81072e0 0x7ff3a819b290 secure :-1 s=READY pgs=69 cs=0 l=1 rev1=1 crypto rx=0x7ff390030380 tx=0x7ff390032670 comp rx=0 tx=0).ready entity=mon.0 client_cookie=0 server_cookie=0 in_seq=0 out_seq=0
2024-08-18T21:59:12.308 INFO:teuthology.orchestra.run.smithi123.stdout:/usr/bin/ceph: stderr
2024-08-18T21:59:11.474+0000 7ff39f7fe640 1 -- 172.21.15.123:0/3960168884 <== mon.0 v2:172.21.15.123:3300/0 1 ==== mon_map magic: 0 ==== 205+0+0 (secure 0 0 0) 0x7ff390037040 con 0x7ff3a81072e0
2024-08-18T21:59:12.308 INFO:teuthology.orchestra.run.smithi123.stdout:/usr/bin/ceph: stderr
2024-08-18T21:59:11.474+0000 7ff3acbd6640 1 -- 172.21.15.123:0/3960168884 --> [v2:172.21.15.123:3300/0,v1:172.21.15.123:6789/0] -- mon_subscribe({mgrmap=0+}) -- 0x7ff3a819ba60 con 0x7ff3a81072e0
2024-08-18T21:59:12.308 INFO:teuthology.orchestra.run.smithi123.stdout:/usr/bin/ceph: stderr
2024-08-18T21:59:11.474+0000 7ff39f7fe640 1 -- 172.21.15.123:0/3960168884 <== mon.0 v2:172.21.15.123:3300/0 2 ==== config(27 keys) ==== 1140+0+0 (secure 0 0 0) 0x7ff390040070 con 0x7ff3a81072e0
2024-08-18T21:59:12.308 INFO:teuthology.orchestra.run.smithi123.stdout:/usr/bin/ceph: stderr
2024-08-18T21:59:11.474+0000 7ff39f7fe640 1 -- 172.21.15.123:0/3960168884 <== mon.0 v2:172.21.15.123:3300/0 3 ==== mon_map magic: 0 ==== 205+0+0 (secure 0 0 0) 0x7ff39003a7b0 con 0x7ff3a81072e0
2024-08-18T21:59:12.308 INFO:teuthology.orchestra.run.smithi123.stdout:/usr/bin/ceph: stderr
2024-08-18T21:59:11.475+0000 7ff3acbd6640 1 -- 172.21.15.123:0/3960168884 --> [v2:172.21.15.123:3300/0,v1:172.21.15.123:6789/0] -- mon_subscribe({osdmap=0}) -- 0x7ff3a819e750 con 0x7ff3a81072e0
2024-08-18T21:59:12.308 INFO:teuthology.orchestra.run.smithi123.stdout:/usr/bin/ceph: stderr
2024-08-18T21:59:11.476+0000 7ff39f7fe640 1 -- 172.21.15.123:0/3960168884 <== mon.0 v2:172.21.15.123:3300/0 4 ==== mgrmap(e 11) ==== 46194+0+0 (secure 0 0 0) 0x7ff39003b420 con 0x7ff3a81072e0
2024-08-18T21:59:12.308 INFO:teuthology.orchestra.run.smithi123.stdout:/usr/bin/ceph: stderr
2024-08-18T21:59:11.476+0000 7ff3acbd6640 1 -- 172.21.15.123:0/3960168884 --> [v2:172.21.15.123:3300/0,v1:172.21.15.123:6789/0] -- mon_command({"prefix": "get_command_descriptions"} v 0) -- 0x7ff3a8107760 con 0x7ff3a81072e0
2024-08-18T21:59:12.308 INFO:teuthology.orchestra.run.smithi123.stdout:/usr/bin/ceph: stderr
2024-08-18T21:59:11.476+0000 7ff39f7fe640 1 --2- 172.21.15.123:0/3960168884 >> [v2:172.21.15.123:6800/22123895,v1:172.21.15.123:6801/22123895] conn(0x7ff394038eb0 0x7ff39403b370 unknown :-1 s=NONE pgs=0 cs=0 l=1 rev1=0 crypto rx=0 tx=0 comp rx=0 tx=0).connect
2024-08-18T21:59:12.308 INFO:teuthology.orchestra.run.smithi123.stdout:/usr/bin/ceph: stderr
2024-08-18T21:59:11.476+0000 7ff39f7fe640 1 -- 172.21.15.123:0/3960168884 <== mon.0 v2:172.21.15.123:3300/0 5 ==== osd_map(3..3 src has 1..3) ==== 1155+0+0 (secure 0 0 0) 0x7ff39006c550 con 0x7ff3a81072e0
2024-08-18T21:59:12.309 INFO:teuthology.orchestra.run.smithi123.stdout:/usr/bin/ceph: stderr
2024-08-18T21:59:11.476+0000 7ff3a5d9b640 1 --2- 172.21.15.123:0/3960168884 >> [v2:172.21.15.123:6800/22123895,v1:172.21.15.123:6801/22123895] conn(0x7ff394038eb0 0x7ff39403b370 unknown :-1 s=BANNER_CONNECTING pgs=0 cs=0 l=1 rev1=0 crypto rx=0 tx=0 comp rx=0 tx=0)._handle_peer_banner_payload supported=3 required=0
2024-08-18T21:59:12.309 INFO:teuthology.orchestra.run.smithi123.stdout:/usr/bin/ceph: stderr
2024-08-18T21:59:11.476+0000 7ff3a5d9b640 1 --2- 172.21.15.123:0/3960168884 >> [v2:172.21.15.123:6800/22123895,v1:172.21.15.123:6801/22123895] conn(0x7ff394038eb0 0x7ff39403b370 secure :-1 s=READY pgs=7 cs=0 l=1 rev1=1 crypto rx=0x7ff3980098c0 tx=0x7ff398006db0 comp rx=0 tx=0).ready entity=mgr.14150 client_cookie=0 server_cookie=0 in_seq=0 out_seq=0
2024-08-18T21:59:12.309 INFO:teuthology.orchestra.run.smithi123.stdout:/usr/bin/ceph: stderr
2024-08-18T21:59:11.480+0000 7ff39f7fe640 1 -- 172.21.15.123:0/3960168884 <== mon.0 v2:172.21.15.123:3300/0 6 ==== mon_command_ack([{"prefix": "get_command_descriptions"}]=0 v0) ==== 72+0+187871 (secure 0 0 0) 0x7ff390043360 con 0x7ff3a81072e0
2024-08-18T21:59:12.309 INFO:teuthology.orchestra.run.smithi123.stdout:/usr/bin/ceph: stderr
2024-08-18T21:59:11.522+0000 7ff39f7fe640 1 -- 172.21.15.123:0/3960168884 <== mon.0 v2:172.21.15.123:3300/0 7 ==== mgrmap(e 12) ==== 46300+0+0 (secure 0 0 0) 0x7ff39003aa30 con 0x7ff3a81072e0
2024-08-18T21:59:12.309 INFO:teuthology.orchestra.run.smithi123.stdout:/usr/bin/ceph: stderr
2024-08-18T21:59:11.655+0000 7ff3acbd6640 1 -- 172.21.15.123:0/3960168884 --> [v2:172.21.15.123:6800/22123895,v1:172.21.15.123:6801/22123895] -- mgr_command(tid 0: {"prefix": "dashboard create-self-signed-cert", "target": ["mon-mgr", ""]}) -- 0x7ff3a8103d50 con 0x7ff394038eb0
2024-08-18T21:59:12.309 INFO:teuthology.orchestra.run.smithi123.stdout:/usr/bin/ceph: stderr
2024-08-18T21:59:11.750+0000 7ff39f7fe640 1 -- 172.21.15.123:0/3960168884 <== mgr.14150 v2:172.21.15.123:6800/22123895 1 ==== mgr_command_reply(tid 0: 0 ) ==== 8+0+32 (secure 0 0 0) 0x7ff3a8103d50 con 0x7ff394038eb0
2024-08-18T21:59:12.309 INFO:teuthology.orchestra.run.smithi123.stdout:/usr/bin/ceph: stderr
2024-08-18T21:59:11.752+0000 7ff3acbd6640 1 -- 172.21.15.123:0/3960168884 >> [v2:172.21.15.123:6800/22123895,v1:172.21.15.123:6801/22123895] conn(0x7ff394038eb0 msgr2=0x7ff39403b370 secure :-1 s=STATE_CONNECTION_ESTABLISHED l=1).mark_down
2024-08-18T21:59:12.309 INFO:teuthology.orchestra.run.smithi123.stdout:/usr/bin/ceph: stderr
2024-08-18T21:59:11.752+0000 7ff3acbd6640 1 --2- 172.21.15.123:0/3960168884 >> [v2:172.21.15.123:6800/22123895,v1:172.21.15.123:6801/22123895] conn(0x7ff394038eb0 0x7ff39403b370 secure :-1 s=READY pgs=7 cs=0 l=1 rev1=1 crypto rx=0x7ff3980098c0 tx=0x7ff398006db0 comp rx=0 tx=0).stop
2024-08-18T21:59:12.309 INFO:teuthology.orchestra.run.smithi123.stdout:/usr/bin/ceph: stderr
2024-08-18T21:59:11.752+0000 7ff3acbd6640 1 -- 172.21.15.123:0/3960168884 >> [v2:172.21.15.123:3300/0,v1:172.21.15.123:6789/0] conn(0x7ff3a81072e0 msgr2=0x7ff3a819b290 secure :-1 s=STATE_CONNECTION_ESTABLISHED l=1).mark_down
2024-08-18T21:59:12.309 INFO:teuthology.orchestra.run.smithi123.stdout:/usr/bin/ceph: stderr
2024-08-18T21:59:11.752+0000 7ff3acbd6640 1 --2- 172.21.15.123:0/3960168884 >> [v2:172.21.15.123:3300/0,v1:172.21.15.123:6789/0] conn(0x7ff3a81072e0 0x7ff3a819b290 secure :-1 s=READY pgs=69 cs=0 l=1 rev1=1 crypto rx=0x7ff390030380 tx=0x7ff390032670 comp rx=0 tx=0).stop
2024-08-18T21:59:12.309 INFO:teuthology.orchestra.run.smithi123.stdout:/usr/bin/ceph: stderr
2024-08-18T21:59:11.752+0000 7ff3acbd6640 1 -- 172.21.15.123:0/3960168884 shutdown_connections
2024-08-18T21:59:12.309 INFO:teuthology.orchestra.run.smithi123.stdout:/usr/bin/ceph: stderr
2024-08-18T21:59:11.752+0000 7ff3acbd6640 1 --2- 172.21.15.123:0/3960168884 >> [v2:172.21.15.123:6800/22123895,v1:172.21.15.123:6801/22123895] conn(0x7ff394038eb0 0x7ff39403b370 unknown :-1 s=CLOSED pgs=7 cs=0 l=1 rev1=1 crypto rx=0 tx=0 comp rx=0 tx=0).stop
2024-08-18T21:59:12.310 INFO:teuthology.orchestra.run.smithi123.stdout:/usr/bin/ceph: stderr
2024-08-18T21:59:11.752+0000 7ff3acbd6640 1 --2- 172.21.15.123:0/3960168884 >> [v2:172.21.15.123:3300/0,v1:172.21.15.123:6789/0] conn(0x7ff3a81072e0 0x7ff3a819b290 unknown :-1 s=CLOSED pgs=69 cs=0 l=1 rev1=1 crypto rx=0 tx=0 comp rx=0 tx=0).stop
2024-08-18T21:59:12.310 INFO:teuthology.orchestra.run.smithi123.stdout:/usr/bin/ceph: stderr
2024-08-18T21:59:11.752+0000 7ff3acbd6640 1 -- 172.21.15.123:0/3960168884 >> 172.21.15.123:0/3960168884 conn(0x7ff3a8102b30 msgr2=0x7ff3a8103640 unknown :-1 s=STATE_NONE l=0).mark_down
2024-08-18T21:59:12.310 INFO:teuthology.orchestra.run.smithi123.stdout:/usr/bin/ceph: stderr
2024-08-18T21:59:11.752+0000 7ff3acbd6640 1 -- 172.21.15.123:0/3960168884 shutdown_connections
2024-08-18T21:59:12.310 INFO:teuthology.orchestra.run.smithi123.stdout:/usr/bin/ceph: stderr
2024-08-18T21:59:11.752+0000 7ff3acbd6640 1 -- 172.21.15.123:0/3960168884 wait complete.
2024-08-18T21:59:12.310 INFO:teuthology.orchestra.run.smithi123.stdout:Creating initial admin user...
2024-08-18T21:59:12.510 INFO:journalctl@ceph.mon.a.smithi123.stdout:Aug 18 21:59:12 smithi123 ceph-mon[18462]: [18/Aug/2024:21:59:10] ENGINE Error in HTTPServer.serve
2024-08-18T21:59:12.510 INFO:journalctl@ceph.mon.a.smithi123.stdout: Traceback (most recent call last):
2024-08-18T21:59:12.510 INFO:journalctl@ceph.mon.a.smithi123.stdout: File "/lib/python3.9/site-packages/cheroot/server.py", line 1823, in serve
2024-08-18T21:59:12.510 INFO:journalctl@ceph.mon.a.smithi123.stdout: self._connections.run(self.expiration_interval)
2024-08-18T21:59:12.510 INFO:journalctl@ceph.mon.a.smithi123.stdout: File "/lib/python3.9/site-packages/cheroot/connections.py", line 203, in run
2024-08-18T21:59:12.510 INFO:journalctl@ceph.mon.a.smithi123.stdout: self._run(expiration_interval)
2024-08-18T21:59:12.510 INFO:journalctl@ceph.mon.a.smithi123.stdout: File "/lib/python3.9/site-packages/cheroot/connections.py", line 246, in _run
2024-08-18T21:59:12.510 INFO:journalctl@ceph.mon.a.smithi123.stdout: new_conn = self._from_server_socket(self.server.socket)
2024-08-18T21:59:12.510 INFO:journalctl@ceph.mon.a.smithi123.stdout: File "/lib/python3.9/site-packages/cheroot/connections.py", line 300, in _from_server_socket
2024-08-18T21:59:12.510 INFO:journalctl@ceph.mon.a.smithi123.stdout: s, ssl_env = self.server.ssl_adapter.wrap(s)
2024-08-18T21:59:12.510 INFO:journalctl@ceph.mon.a.smithi123.stdout: File "/lib/python3.9/site-packages/cheroot/ssl/builtin.py", line 277, in wrap
2024-08-18T21:59:12.511 INFO:journalctl@ceph.mon.a.smithi123.stdout: s = self.context.wrap_socket(
2024-08-18T21:59:12.511 INFO:journalctl@ceph.mon.a.smithi123.stdout: File "/lib64/python3.9/ssl.py", line 501, in wrap_socket
2024-08-18T21:59:12.511 INFO:journalctl@ceph.mon.a.smithi123.stdout: return self.sslsocket_class._create(
2024-08-18T21:59:12.511 INFO:journalctl@ceph.mon.a.smithi123.stdout: File "/lib64/python3.9/ssl.py", line 1074, in _create
2024-08-18T21:59:12.511 INFO:journalctl@ceph.mon.a.smithi123.stdout: self.do_handshake()
2024-08-18T21:59:12.511 INFO:journalctl@ceph.mon.a.smithi123.stdout: File "/lib64/python3.9/ssl.py", line 1343, in do_handshake
2024-08-18T21:59:12.511 INFO:journalctl@ceph.mon.a.smithi123.stdout: self._sslobj.do_handshake()
2024-08-18T21:59:12.511 INFO:journalctl@ceph.mon.a.smithi123.stdout: ssl.SSLZeroReturnError: TLS/SSL connection has been closed (EOF) (_ssl.c:1133)
2024-08-18T21:59:12.511 INFO:journalctl@ceph.mon.a.smithi123.stdout:Aug 18 21:59:12 smithi123 ceph-mon[18462]: mgrmap e12: x(active, since 2s)
2024-08-18T21:59:12.511 INFO:journalctl@ceph.mon.a.smithi123.stdout:Aug 18 21:59:12 smithi123 ceph-mon[18462]: from='mgr.14150 172.21.15.123:0/3483124108' entity='mgr.x'
2024-08-18T21:59:12.511 INFO:journalctl@ceph.mon.a.smithi123.stdout:Aug 18 21:59:12 smithi123 ceph-mon[18462]: from='mgr.14150 172.21.15.123:0/3483124108' entity='mgr.x'
2024-08-18T21:59:13.510 INFO:journalctl@ceph.mon.a.smithi123.stdout:Aug 18 21:59:13 smithi123 ceph-mon[18462]: from='client.14162 -' entity='client.admin' cmd=[{"prefix": "dashboard create-self-signed-cert", "target": ["mon-mgr", ""]}]: dispatch
2024-08-18T21:59:13.510 INFO:journalctl@ceph.mon.a.smithi123.stdout:Aug 18 21:59:13 smithi123 ceph-mon[18462]: from='mgr.14150 172.21.15.123:0/3483124108' entity='mgr.x'
2024-08-18T21:59:13.510 INFO:journalctl@ceph.mon.a.smithi123.stdout:Aug 18 21:59:13 smithi123 ceph-mon[18462]: from='mgr.14150 172.21.15.123:0/3483124108' entity='mgr.x'
2024-08-18T21:59:14.443 INFO:teuthology.orchestra.run.smithi123.stdout:/usr/bin/ceph: stdout {"username": "admin", "password": "$2b$12$5b7ZsX/tg5BgxTTgjbFDN.jcVRZ3WBffqII5TVWWFnAO6dYr7WB8C", "roles": ["administrator"], "name": null, "email": null, "lastUpdate": 1724018353, "enabled": true, "pwdExpirationDate": null, "pwdUpdateRequired": true}
2024-08-18T21:59:14.443 INFO:teuthology.orchestra.run.smithi123.stdout:/usr/bin/ceph: stderr
2024-08-18T21:59:12.784+0000 7ff6b148e640 1 Processor -- start
2024-08-18T21:59:14.443 INFO:teuthology.orchestra.run.smithi123.stdout:/usr/bin/ceph: stderr
2024-08-18T21:59:12.784+0000 7ff6b148e640 1 -- start start
2024-08-18T21:59:14.443 INFO:teuthology.orchestra.run.smithi123.stdout:/usr/bin/ceph: stderr
2024-08-18T21:59:12.784+0000 7ff6b148e640 1 --2- >> [v2:172.21.15.123:3300/0,v1:172.21.15.123:6789/0] conn(0x7ff6ac1077a0 0x7ff6ac107ba0 unknown :-1 s=NONE pgs=0 cs=0 l=0 rev1=0 crypto rx=0 tx=0 comp rx=0 tx=0).connect
2024-08-18T21:59:14.443 INFO:teuthology.orchestra.run.smithi123.stdout:/usr/bin/ceph: stderr
2024-08-18T21:59:12.784+0000 7ff6b148e640 1 -- --> [v2:172.21.15.123:3300/0,v1:172.21.15.123:6789/0] -- mon_getmap magic: 0 -- 0x7ff6ac108170 con 0x7ff6ac1077a0
2024-08-18T21:59:14.443 INFO:teuthology.orchestra.run.smithi123.stdout:/usr/bin/ceph: stderr
2024-08-18T21:59:12.785+0000 7ff6aaffd640 1 --2- >> [v2:172.21.15.123:3300/0,v1:172.21.15.123:6789/0] conn(0x7ff6ac1077a0 0x7ff6ac107ba0 unknown :-1 s=BANNER_CONNECTING pgs=0 cs=0 l=0 rev1=0 crypto rx=0 tx=0 comp rx=0 tx=0)._handle_peer_banner_payload supported=3 required=0
2024-08-18T21:59:14.443 INFO:teuthology.orchestra.run.smithi123.stdout:/usr/bin/ceph: stderr
2024-08-18T21:59:12.785+0000 7ff6aaffd640 1 --2- >> [v2:172.21.15.123:3300/0,v1:172.21.15.123:6789/0] conn(0x7ff6ac1077a0 0x7ff6ac107ba0 unknown :-1 s=HELLO_CONNECTING pgs=0 cs=0 l=0 rev1=1 crypto rx=0 tx=0 comp rx=0 tx=0).handle_hello peer v2:172.21.15.123:3300/0 says I am v2:172.21.15.123:33124/0 (socket says 172.21.15.123:33124)
2024-08-18T21:59:14.443 INFO:teuthology.orchestra.run.smithi123.stdout:/usr/bin/ceph: stderr
2024-08-18T21:59:12.785+0000 7ff6aaffd640 1 -- 172.21.15.123:0/4149977043 learned_addr learned my addr 172.21.15.123:0/4149977043 (peer_addr_for_me v2:172.21.15.123:0/0)
2024-08-18T21:59:14.443 INFO:teuthology.orchestra.run.smithi123.stdout:/usr/bin/ceph: stderr
2024-08-18T21:59:12.785+0000 7ff6aaffd640 1 -- 172.21.15.123:0/4149977043 --> [v2:172.21.15.123:3300/0,v1:172.21.15.123:6789/0] -- mon_subscribe({config=0+,monmap=0+}) -- 0x7ff6ac106400 con 0x7ff6ac1077a0
2024-08-18T21:59:14.443 INFO:teuthology.orchestra.run.smithi123.stdout:/usr/bin/ceph: stderr
2024-08-18T21:59:12.786+0000 7ff6aaffd640 1 --2- 172.21.15.123:0/4149977043 >> [v2:172.21.15.123:3300/0,v1:172.21.15.123:6789/0] conn(0x7ff6ac1077a0 0x7ff6ac107ba0 secure :-1 s=READY pgs=70 cs=0 l=1 rev1=1 crypto rx=0x7ff694009820 tx=0x7ff69402a270 comp rx=0 tx=0).ready entity=mon.0 client_cookie=cafd1754b01c5ca1 server_cookie=0 in_seq=0 out_seq=0
2024-08-18T21:59:14.443 INFO:teuthology.orchestra.run.smithi123.stdout:/usr/bin/ceph: stderr
2024-08-18T21:59:12.786+0000 7ff6a9ffb640 1 -- 172.21.15.123:0/4149977043 <== mon.0 v2:172.21.15.123:3300/0 1 ==== mon_map magic: 0 ==== 205+0+0 (secure 0 0 0) 0x7ff694037070 con 0x7ff6ac1077a0
2024-08-18T21:59:14.443 INFO:teuthology.orchestra.run.smithi123.stdout:/usr/bin/ceph: stderr
2024-08-18T21:59:12.786+0000 7ff6a9ffb640 1 -- 172.21.15.123:0/4149977043 <== mon.0 v2:172.21.15.123:3300/0 2 ==== config(27 keys) ==== 1140+0+0 (secure 0 0 0) 0x7ff694032920 con 0x7ff6ac1077a0
2024-08-18T21:59:14.443 INFO:teuthology.orchestra.run.smithi123.stdout:/usr/bin/ceph: stderr
2024-08-18T21:59:12.786+0000 7ff6a9ffb640 1 -- 172.21.15.123:0/4149977043 <== mon.0 v2:172.21.15.123:3300/0 3 ==== mon_map magic: 0 ==== 205+0+0 (secure 0 0 0) 0x7ff694030810 con 0x7ff6ac1077a0
2024-08-18T21:59:14.444 INFO:teuthology.orchestra.run.smithi123.stdout:/usr/bin/ceph: stderr
2024-08-18T21:59:12.787+0000 7ff6b148e640 1 -- 172.21.15.123:0/4149977043 >> [v2:172.21.15.123:3300/0,v1:172.21.15.123:6789/0] conn(0x7ff6ac1077a0 msgr2=0x7ff6ac107ba0 secure :-1 s=STATE_CONNECTION_ESTABLISHED l=1).mark_down
2024-08-18T21:59:14.444 INFO:teuthology.orchestra.run.smithi123.stdout:/usr/bin/ceph: stderr
2024-08-18T21:59:12.787+0000 7ff6b148e640 1 --2- 172.21.15.123:0/4149977043 >> [v2:172.21.15.123:3300/0,v1:172.21.15.123:6789/0] conn(0x7ff6ac1077a0 0x7ff6ac107ba0 secure :-1 s=READY pgs=70 cs=0 l=1 rev1=1 crypto rx=0x7ff694009820 tx=0x7ff69402a270 comp rx=0 tx=0).stop
2024-08-18T21:59:14.444 INFO:teuthology.orchestra.run.smithi123.stdout:/usr/bin/ceph: stderr
2024-08-18T21:59:12.787+0000 7ff6b148e640 1 -- 172.21.15.123:0/4149977043 shutdown_connections
2024-08-18T21:59:14.444 INFO:teuthology.orchestra.run.smithi123.stdout:/usr/bin/ceph: stderr
2024-08-18T21:59:12.787+0000 7ff6b148e640 1 --2- 172.21.15.123:0/4149977043 >> [v2:172.21.15.123:3300/0,v1:172.21.15.123:6789/0] conn(0x7ff6ac1077a0 0x7ff6ac107ba0 unknown :-1 s=CLOSED pgs=70 cs=0 l=1 rev1=1 crypto rx=0 tx=0 comp rx=0 tx=0).stop
2024-08-18T21:59:14.444 INFO:teuthology.orchestra.run.smithi123.stdout:/usr/bin/ceph: stderr
2024-08-18T21:59:12.787+0000 7ff6b148e640 1 -- 172.21.15.123:0/4149977043 >> 172.21.15.123:0/4149977043 conn(0x7ff6ac101100 msgr2=0x7ff6ac103540 unknown :-1 s=STATE_NONE l=0).mark_down
2024-08-18T21:59:14.444 INFO:teuthology.orchestra.run.smithi123.stdout:/usr/bin/ceph: stderr
2024-08-18T21:59:12.787+0000 7ff6b148e640 1 -- 172.21.15.123:0/4149977043 shutdown_connections
2024-08-18T21:59:14.444 INFO:teuthology.orchestra.run.smithi123.stdout:/usr/bin/ceph: stderr
2024-08-18T21:59:12.787+0000 7ff6b148e640 1 -- 172.21.15.123:0/4149977043 wait complete.
2024-08-18T21:59:14.444 INFO:teuthology.orchestra.run.smithi123.stdout:/usr/bin/ceph: stderr
2024-08-18T21:59:12.787+0000 7ff6b148e640 1 Processor -- start
2024-08-18T21:59:14.444 INFO:teuthology.orchestra.run.smithi123.stdout:/usr/bin/ceph: stderr
2024-08-18T21:59:12.788+0000 7ff6b148e640 1 -- start start
2024-08-18T21:59:14.444 INFO:teuthology.orchestra.run.smithi123.stdout:/usr/bin/ceph: stderr
2024-08-18T21:59:12.788+0000 7ff6b148e640 1 --2- >> [v2:172.21.15.123:3300/0,v1:172.21.15.123:6789/0] conn(0x7ff6ac1077a0 0x7ff6ac191410 unknown :-1 s=NONE pgs=0 cs=0 l=1 rev1=0 crypto rx=0 tx=0 comp rx=0 tx=0).connect
2024-08-18T21:59:14.444 INFO:teuthology.orchestra.run.smithi123.stdout:/usr/bin/ceph: stderr
2024-08-18T21:59:12.788+0000 7ff6b148e640 1 -- --> [v2:172.21.15.123:3300/0,v1:172.21.15.123:6789/0] -- mon_getmap magic: 0 -- 0x7ff6ac10a7c0 con 0x7ff6ac1077a0
2024-08-18T21:59:14.444 INFO:teuthology.orchestra.run.smithi123.stdout:/usr/bin/ceph: stderr
2024-08-18T21:59:12.788+0000 7ff6aaffd640 1 --2- >> [v2:172.21.15.123:3300/0,v1:172.21.15.123:6789/0] conn(0x7ff6ac1077a0 0x7ff6ac191410 unknown :-1 s=BANNER_CONNECTING pgs=0 cs=0 l=1 rev1=0 crypto rx=0 tx=0 comp rx=0 tx=0)._handle_peer_banner_payload supported=3 required=0
2024-08-18T21:59:14.445 INFO:teuthology.orchestra.run.smithi123.stdout:/usr/bin/ceph: stderr
2024-08-18T21:59:12.788+0000 7ff6aaffd640 1 --2- >> [v2:172.21.15.123:3300/0,v1:172.21.15.123:6789/0] conn(0x7ff6ac1077a0 0x7ff6ac191410 unknown :-1 s=HELLO_CONNECTING pgs=0 cs=0 l=1 rev1=1 crypto rx=0 tx=0 comp rx=0 tx=0).handle_hello peer v2:172.21.15.123:3300/0 says I am v2:172.21.15.123:33138/0 (socket says 172.21.15.123:33138)
2024-08-18T21:59:14.445 INFO:teuthology.orchestra.run.smithi123.stdout:/usr/bin/ceph: stderr
2024-08-18T21:59:12.788+0000 7ff6aaffd640 1 -- 172.21.15.123:0/834875092 learned_addr learned my addr 172.21.15.123:0/834875092 (peer_addr_for_me v2:172.21.15.123:0/0)
2024-08-18T21:59:14.445 INFO:teuthology.orchestra.run.smithi123.stdout:/usr/bin/ceph: stderr
2024-08-18T21:59:12.788+0000 7ff6aaffd640 1 -- 172.21.15.123:0/834875092 --> [v2:172.21.15.123:3300/0,v1:172.21.15.123:6789/0] -- mon_subscribe({config=0+,monmap=0+}) -- 0x7ff6ac191950 con 0x7ff6ac1077a0
2024-08-18T21:59:14.445 INFO:teuthology.orchestra.run.smithi123.stdout:/usr/bin/ceph: stderr
2024-08-18T21:59:12.788+0000 7ff6aaffd640 1 --2- 172.21.15.123:0/834875092 >> [v2:172.21.15.123:3300/0,v1:172.21.15.123:6789/0] conn(0x7ff6ac1077a0 0x7ff6ac191410 secure :-1 s=READY pgs=71 cs=0 l=1 rev1=1 crypto rx=0x7ff694030380 tx=0x7ff694032670 comp rx=0 tx=0).ready entity=mon.0 client_cookie=0 server_cookie=0 in_seq=0 out_seq=0
2024-08-18T21:59:14.445 INFO:teuthology.orchestra.run.smithi123.stdout:/usr/bin/ceph: stderr
2024-08-18T21:59:12.789+0000 7ff6a3fff640 1 -- 172.21.15.123:0/834875092 <== mon.0 v2:172.21.15.123:3300/0 1 ==== mon_map magic: 0 ==== 205+0+0 (secure 0 0 0) 0x7ff694037040 con 0x7ff6ac1077a0
2024-08-18T21:59:14.445 INFO:teuthology.orchestra.run.smithi123.stdout:/usr/bin/ceph: stderr
2024-08-18T21:59:12.789+0000 7ff6b148e640 1 -- 172.21.15.123:0/834875092 --> [v2:172.21.15.123:3300/0,v1:172.21.15.123:6789/0] -- mon_subscribe({mgrmap=0+}) -- 0x7ff6ac18fb40 con 0x7ff6ac1077a0
2024-08-18T21:59:14.445 INFO:teuthology.orchestra.run.smithi123.stdout:/usr/bin/ceph: stderr
2024-08-18T21:59:12.789+0000 7ff6a3fff640 1 -- 172.21.15.123:0/834875092 <== mon.0 v2:172.21.15.123:3300/0 2 ==== config(27 keys) ==== 1140+0+0 (secure 0 0 0) 0x7ff694040070 con 0x7ff6ac1077a0
2024-08-18T21:59:14.445 INFO:teuthology.orchestra.run.smithi123.stdout:/usr/bin/ceph: stderr
2024-08-18T21:59:12.789+0000 7ff6a3fff640 1 -- 172.21.15.123:0/834875092 <== mon.0 v2:172.21.15.123:3300/0 3 ==== mon_map magic: 0 ==== 205+0+0 (secure 0 0 0) 0x7ff69403a7b0 con 0x7ff6ac1077a0
2024-08-18T21:59:14.445 INFO:teuthology.orchestra.run.smithi123.stdout:/usr/bin/ceph: stderr
2024-08-18T21:59:12.789+0000 7ff6b148e640 1 -- 172.21.15.123:0/834875092 --> [v2:172.21.15.123:3300/0,v1:172.21.15.123:6789/0] -- mon_subscribe({osdmap=0}) -- 0x7ff6ac190080 con 0x7ff6ac1077a0
2024-08-18T21:59:14.445 INFO:teuthology.orchestra.run.smithi123.stdout:/usr/bin/ceph: stderr
2024-08-18T21:59:12.789+0000 7ff6a3fff640 1 -- 172.21.15.123:0/834875092 <== mon.0 v2:172.21.15.123:3300/0 4 ==== mgrmap(e 12) ==== 46300+0+0 (secure 0 0 0) 0x7ff69403a9e0 con 0x7ff6ac1077a0
2024-08-18T21:59:14.445 INFO:teuthology.orchestra.run.smithi123.stdout:/usr/bin/ceph: stderr
2024-08-18T21:59:12.790+0000 7ff6a3fff640 1 --2- 172.21.15.123:0/834875092 >> [v2:172.21.15.123:6800/22123895,v1:172.21.15.123:6801/22123895] conn(0x7ff698039020 0x7ff69803b4e0 unknown :-1 s=NONE pgs=0 cs=0 l=1 rev1=0 crypto rx=0 tx=0 comp rx=0 tx=0).connect
2024-08-18T21:59:14.445 INFO:teuthology.orchestra.run.smithi123.stdout:/usr/bin/ceph: stderr
2024-08-18T21:59:12.790+0000 7ff6a3fff640 1 -- 172.21.15.123:0/834875092 <== mon.0 v2:172.21.15.123:3300/0 5 ==== osd_map(3..3 src has 1..3) ==== 1155+0+0 (secure 0 0 0) 0x7ff69406db20 con 0x7ff6ac1077a0
2024-08-18T21:59:14.445 INFO:teuthology.orchestra.run.smithi123.stdout:/usr/bin/ceph: stderr
2024-08-18T21:59:12.790+0000 7ff6aa7fc640 1 --2- 172.21.15.123:0/834875092 >> [v2:172.21.15.123:6800/22123895,v1:172.21.15.123:6801/22123895] conn(0x7ff698039020 0x7ff69803b4e0 unknown :-1 s=BANNER_CONNECTING pgs=0 cs=0 l=1 rev1=0 crypto rx=0 tx=0 comp rx=0 tx=0)._handle_peer_banner_payload supported=3 required=0
2024-08-18T21:59:14.445 INFO:teuthology.orchestra.run.smithi123.stdout:/usr/bin/ceph: stderr
2024-08-18T21:59:12.790+0000 7ff6b148e640 1 -- 172.21.15.123:0/834875092 --> [v2:172.21.15.123:3300/0,v1:172.21.15.123:6789/0] -- mon_command({"prefix": "get_command_descriptions"} v 0) -- 0x7ff6ac107c20 con 0x7ff6ac1077a0
2024-08-18T21:59:14.446 INFO:teuthology.orchestra.run.smithi123.stdout:/usr/bin/ceph: stderr
2024-08-18T21:59:12.790+0000 7ff6aa7fc640 1 --2- 172.21.15.123:0/834875092 >> [v2:172.21.15.123:6800/22123895,v1:172.21.15.123:6801/22123895] conn(0x7ff698039020 0x7ff69803b4e0 secure :-1 s=READY pgs=8 cs=0 l=1 rev1=1 crypto rx=0x7ff69c0098c0 tx=0x7ff69c006db0 comp rx=0 tx=0).ready entity=mgr.14150 client_cookie=0 server_cookie=0 in_seq=0 out_seq=0
2024-08-18T21:59:14.446 INFO:teuthology.orchestra.run.smithi123.stdout:/usr/bin/ceph: stderr
2024-08-18T21:59:12.795+0000 7ff6a3fff640 1 -- 172.21.15.123:0/834875092 <== mon.0 v2:172.21.15.123:3300/0 6 ==== mon_command_ack([{"prefix": "get_command_descriptions"}]=0 v0) ==== 72+0+187871 (secure 0 0 0) 0x7ff694031560 con 0x7ff6ac1077a0
2024-08-18T21:59:14.446 INFO:teuthology.orchestra.run.smithi123.stdout:/usr/bin/ceph: stderr
2024-08-18T21:59:12.983+0000 7ff6b148e640 1 -- 172.21.15.123:0/834875092 --> [v2:172.21.15.123:6800/22123895,v1:172.21.15.123:6801/22123895] -- mgr_command(tid 0: {"prefix": "dashboard ac-user-create", "username": "admin", "rolename": "administrator", "force_password": true, "pwd_update_required": true, "target": ["mon-mgr", ""]}) -- 0x7ff6ac195000 con 0x7ff698039020
2024-08-18T21:59:14.446 INFO:teuthology.orchestra.run.smithi123.stdout:/usr/bin/ceph: stderr
2024-08-18T21:59:13.208+0000 7ff6a3fff640 1 -- 172.21.15.123:0/834875092 <== mgr.14150 v2:172.21.15.123:6800/22123895 1 ==== mgr_command_reply(tid 0: 0 ) ==== 8+0+252 (secure 0 0 0) 0x7ff6ac195000 con 0x7ff698039020
2024-08-18T21:59:14.446 INFO:teuthology.orchestra.run.smithi123.stdout:/usr/bin/ceph: stderr
2024-08-18T21:59:13.210+0000 7ff6b148e640 1 -- 172.21.15.123:0/834875092 >> [v2:172.21.15.123:6800/22123895,v1:172.21.15.123:6801/22123895] conn(0x7ff698039020 msgr2=0x7ff69803b4e0 secure :-1 s=STATE_CONNECTION_ESTABLISHED l=1).mark_down
2024-08-18T21:59:14.446 INFO:teuthology.orchestra.run.smithi123.stdout:/usr/bin/ceph: stderr
2024-08-18T21:59:13.210+0000 7ff6b148e640 1 --2- 172.21.15.123:0/834875092 >> [v2:172.21.15.123:6800/22123895,v1:172.21.15.123:6801/22123895] conn(0x7ff698039020 0x7ff69803b4e0 secure :-1 s=READY pgs=8 cs=0 l=1 rev1=1 crypto rx=0x7ff69c0098c0 tx=0x7ff69c006db0 comp rx=0 tx=0).stop
2024-08-18T21:59:14.446 INFO:teuthology.orchestra.run.smithi123.stdout:/usr/bin/ceph: stderr
2024-08-18T21:59:13.210+0000 7ff6b148e640 1 -- 172.21.15.123:0/834875092 >> [v2:172.21.15.123:3300/0,v1:172.21.15.123:6789/0] conn(0x7ff6ac1077a0 msgr2=0x7ff6ac191410 secure :-1 s=STATE_CONNECTION_ESTABLISHED l=1).mark_down
2024-08-18T21:59:14.446 INFO:teuthology.orchestra.run.smithi123.stdout:/usr/bin/ceph: stderr
2024-08-18T21:59:13.210+0000 7ff6b148e640 1 --2- 172.21.15.123:0/834875092 >> [v2:172.21.15.123:3300/0,v1:172.21.15.123:6789/0] conn(0x7ff6ac1077a0 0x7ff6ac191410 secure :-1 s=READY pgs=71 cs=0 l=1 rev1=1 crypto rx=0x7ff694030380 tx=0x7ff694032670 comp rx=0 tx=0).stop
2024-08-18T21:59:14.446 INFO:teuthology.orchestra.run.smithi123.stdout:/usr/bin/ceph: stderr
2024-08-18T21:59:13.210+0000 7ff6b148e640 1 -- 172.21.15.123:0/834875092 shutdown_connections
2024-08-18T21:59:14.446 INFO:teuthology.orchestra.run.smithi123.stdout:/usr/bin/ceph: stderr
2024-08-18T21:59:13.210+0000 7ff6b148e640 1 --2- 172.21.15.123:0/834875092 >> [v2:172.21.15.123:6800/22123895,v1:172.21.15.123:6801/22123895] conn(0x7ff698039020 0x7ff69803b4e0 unknown :-1 s=CLOSED pgs=8 cs=0 l=1 rev1=1 crypto rx=0 tx=0 comp rx=0 tx=0).stop
2024-08-18T21:59:14.446 INFO:teuthology.orchestra.run.smithi123.stdout:/usr/bin/ceph: stderr
2024-08-18T21:59:13.210+0000 7ff6b148e640 1 --2- 172.21.15.123:0/834875092 >> [v2:172.21.15.123:3300/0,v1:172.21.15.123:6789/0] conn(0x7ff6ac1077a0 0x7ff6ac191410 unknown :-1 s=CLOSED pgs=71 cs=0 l=1 rev1=1 crypto rx=0 tx=0 comp rx=0 tx=0).stop
2024-08-18T21:59:14.446 INFO:teuthology.orchestra.run.smithi123.stdout:/usr/bin/ceph: stderr
2024-08-18T21:59:13.211+0000 7ff6b148e640 1 -- 172.21.15.123:0/834875092 >> 172.21.15.123:0/834875092 conn(0x7ff6ac101100 msgr2=0x7ff6ac102020 unknown :-1 s=STATE_NONE l=0).mark_down
2024-08-18T21:59:14.446 INFO:teuthology.orchestra.run.smithi123.stdout:/usr/bin/ceph: stderr
2024-08-18T21:59:13.211+0000 7ff6b148e640 1 -- 172.21.15.123:0/834875092 shutdown_connections
2024-08-18T21:59:14.447 INFO:teuthology.orchestra.run.smithi123.stdout:/usr/bin/ceph: stderr
2024-08-18T21:59:13.211+0000 7ff6b148e640 1 -- 172.21.15.123:0/834875092 wait complete.
2024-08-18T21:59:14.447 INFO:teuthology.orchestra.run.smithi123.stdout:Fetching dashboard port number...
2024-08-18T21:59:14.510 INFO:journalctl@ceph.mon.a.smithi123.stdout:Aug 18 21:59:14 smithi123 ceph-mon[18462]: from='client.14164 -' entity='client.admin' cmd=[{"prefix": "dashboard ac-user-create", "username": "admin", "rolename": "administrator", "force_password": true, "pwd_update_required": true, "target": ["mon-mgr", ""]}]: dispatch
2024-08-18T21:59:15.510 INFO:journalctl@ceph.mon.a.smithi123.stdout:Aug 18 21:59:15 smithi123 ceph-mon[18462]: from='client.? 172.21.15.123:0/1352723268' entity='client.admin' cmd=[{"prefix": "config get", "who": "mgr", "key": "mgr/dashboard/ssl_server_port"}]: dispatch
2024-08-18T21:59:15.598 INFO:teuthology.orchestra.run.smithi123.stdout:/usr/bin/ceph: stdout 8443
2024-08-18T21:59:15.599 INFO:teuthology.orchestra.run.smithi123.stdout:/usr/bin/ceph: stderr
2024-08-18T21:59:14.865+0000 7f7dbad74640 1 Processor -- start
2024-08-18T21:59:15.599 INFO:teuthology.orchestra.run.smithi123.stdout:/usr/bin/ceph: stderr
2024-08-18T21:59:14.865+0000 7f7dbad74640 1 -- start start
2024-08-18T21:59:15.599 INFO:teuthology.orchestra.run.smithi123.stdout:/usr/bin/ceph: stderr
2024-08-18T21:59:14.865+0000 7f7dbad74640 1 --2- >> [v2:172.21.15.123:3300/0,v1:172.21.15.123:6789/0] conn(0x7f7db41072e0 0x7f7db41076e0 unknown :-1 s=NONE pgs=0 cs=0 l=0 rev1=0 crypto rx=0 tx=0 comp rx=0 tx=0).connect
2024-08-18T21:59:15.599 INFO:teuthology.orchestra.run.smithi123.stdout:/usr/bin/ceph: stderr
2024-08-18T21:59:14.865+0000 7f7dbad74640 1 -- --> [v2:172.21.15.123:3300/0,v1:172.21.15.123:6789/0] -- mon_getmap magic: 0 -- 0x7f7db4107c20 con 0x7f7db41072e0
2024-08-18T21:59:15.599 INFO:teuthology.orchestra.run.smithi123.stdout:/usr/bin/ceph: stderr
2024-08-18T21:59:14.865+0000 7f7db8b10640 1 --2- >> [v2:172.21.15.123:3300/0,v1:172.21.15.123:6789/0] conn(0x7f7db41072e0 0x7f7db41076e0 unknown :-1 s=BANNER_CONNECTING pgs=0 cs=0 l=0 rev1=0 crypto rx=0 tx=0 comp rx=0 tx=0)._handle_peer_banner_payload supported=3 required=0
2024-08-18T21:59:15.599 INFO:teuthology.orchestra.run.smithi123.stdout:/usr/bin/ceph: stderr
2024-08-18T21:59:14.865+0000 7f7db8b10640 1 --2- >> [v2:172.21.15.123:3300/0,v1:172.21.15.123:6789/0] conn(0x7f7db41072e0 0x7f7db41076e0 unknown :-1 s=HELLO_CONNECTING pgs=0 cs=0 l=0 rev1=1 crypto rx=0 tx=0 comp rx=0 tx=0).handle_hello peer v2:172.21.15.123:3300/0 says I am v2:172.21.15.123:33140/0 (socket says 172.21.15.123:33140)
2024-08-18T21:59:15.599 INFO:teuthology.orchestra.run.smithi123.stdout:/usr/bin/ceph: stderr
2024-08-18T21:59:14.865+0000 7f7db8b10640 1 -- 172.21.15.123:0/2927874050 learned_addr learned my addr 172.21.15.123:0/2927874050 (peer_addr_for_me v2:172.21.15.123:0/0)
2024-08-18T21:59:15.599 INFO:teuthology.orchestra.run.smithi123.stdout:/usr/bin/ceph: stderr
2024-08-18T21:59:14.865+0000 7f7db8b10640 1 -- 172.21.15.123:0/2927874050 --> [v2:172.21.15.123:3300/0,v1:172.21.15.123:6789/0] -- mon_subscribe({config=0+,monmap=0+}) -- 0x7f7db4107da0 con 0x7f7db41072e0
2024-08-18T21:59:15.599 INFO:teuthology.orchestra.run.smithi123.stdout:/usr/bin/ceph: stderr
2024-08-18T21:59:14.866+0000 7f7db8b10640 1 --2- 172.21.15.123:0/2927874050 >> [v2:172.21.15.123:3300/0,v1:172.21.15.123:6789/0] conn(0x7f7db41072e0 0x7f7db41076e0 secure :-1 s=READY pgs=72 cs=0 l=1 rev1=1 crypto rx=0x7f7da8009820 tx=0x7f7da802a270 comp rx=0 tx=0).ready entity=mon.0 client_cookie=1989855340faa07c server_cookie=0 in_seq=0 out_seq=0
2024-08-18T21:59:15.599 INFO:teuthology.orchestra.run.smithi123.stdout:/usr/bin/ceph: stderr
2024-08-18T21:59:14.866+0000 7f7db37fe640 1 -- 172.21.15.123:0/2927874050 <== mon.0 v2:172.21.15.123:3300/0 1 ==== mon_map magic: 0 ==== 205+0+0 (secure 0 0 0) 0x7f7da8037070 con 0x7f7db41072e0
2024-08-18T21:59:15.599 INFO:teuthology.orchestra.run.smithi123.stdout:/usr/bin/ceph: stderr
2024-08-18T21:59:14.866+0000 7f7db37fe640 1 -- 172.21.15.123:0/2927874050 <== mon.0 v2:172.21.15.123:3300/0 2 ==== config(27 keys) ==== 1140+0+0 (secure 0 0 0) 0x7f7da8032920 con 0x7f7db41072e0
2024-08-18T21:59:15.600 INFO:teuthology.orchestra.run.smithi123.stdout:/usr/bin/ceph: stderr
2024-08-18T21:59:14.866+0000 7f7db37fe640 1 -- 172.21.15.123:0/2927874050 <== mon.0 v2:172.21.15.123:3300/0 3 ==== mon_map magic: 0 ==== 205+0+0 (secure 0 0 0) 0x7f7da8030810 con 0x7f7db41072e0
2024-08-18T21:59:15.600 INFO:teuthology.orchestra.run.smithi123.stdout:/usr/bin/ceph: stderr
2024-08-18T21:59:14.867+0000 7f7dbad74640 1 -- 172.21.15.123:0/2927874050 >> [v2:172.21.15.123:3300/0,v1:172.21.15.123:6789/0] conn(0x7f7db41072e0 msgr2=0x7f7db41076e0 secure :-1 s=STATE_CONNECTION_ESTABLISHED l=1).mark_down
2024-08-18T21:59:15.600 INFO:teuthology.orchestra.run.smithi123.stdout:/usr/bin/ceph: stderr
2024-08-18T21:59:14.867+0000 7f7dbad74640 1 --2- 172.21.15.123:0/2927874050 >> [v2:172.21.15.123:3300/0,v1:172.21.15.123:6789/0] conn(0x7f7db41072e0 0x7f7db41076e0 secure :-1 s=READY pgs=72 cs=0 l=1 rev1=1 crypto rx=0x7f7da8009820 tx=0x7f7da802a270 comp rx=0 tx=0).stop
2024-08-18T21:59:15.600 INFO:teuthology.orchestra.run.smithi123.stdout:/usr/bin/ceph: stderr
2024-08-18T21:59:14.867+0000 7f7dbad74640 1 -- 172.21.15.123:0/2927874050 shutdown_connections
2024-08-18T21:59:15.600 INFO:teuthology.orchestra.run.smithi123.stdout:/usr/bin/ceph: stderr
2024-08-18T21:59:14.867+0000 7f7dbad74640 1 --2- 172.21.15.123:0/2927874050 >> [v2:172.21.15.123:3300/0,v1:172.21.15.123:6789/0] conn(0x7f7db41072e0 0x7f7db41076e0 unknown :-1 s=CLOSED pgs=72 cs=0 l=1 rev1=1 crypto rx=0 tx=0 comp rx=0 tx=0).stop
2024-08-18T21:59:15.600 INFO:teuthology.orchestra.run.smithi123.stdout:/usr/bin/ceph: stderr
2024-08-18T21:59:14.867+0000 7f7dbad74640 1 -- 172.21.15.123:0/2927874050 >> 172.21.15.123:0/2927874050 conn(0x7f7db4102b30 msgr2=0x7f7db4104f50 unknown :-1 s=STATE_NONE l=0).mark_down
2024-08-18T21:59:15.600 INFO:teuthology.orchestra.run.smithi123.stdout:/usr/bin/ceph: stderr
2024-08-18T21:59:14.867+0000 7f7dbad74640 1 -- 172.21.15.123:0/2927874050 shutdown_connections
2024-08-18T21:59:15.600 INFO:teuthology.orchestra.run.smithi123.stdout:/usr/bin/ceph: stderr
2024-08-18T21:59:14.867+0000 7f7dbad74640 1 -- 172.21.15.123:0/2927874050 wait complete.
