2024-08-18T21:58:40.033+0000 7f119659c640 1 --2- >> [v2:172.21.15.123:3300/0,v1:172.21.15.123:6789/0] conn(0x7f1198105bb0 0x7f1198105fb0 unknown :-1 s=HELLO_CONNECTING pgs=0 cs=0 l=0 rev1=1 crypto rx=0 tx=0 comp rx=0 tx=0).handle_hello peer v2:172.21.15.123:3300/0 says I am v2:172.21.15.123:39938/0 (socket says 172.21.15.123:39938)
2024-08-18T21:58:40.884 INFO:teuthology.orchestra.run.smithi123.stdout:/usr/bin/ceph: stderr
2024-08-18T21:58:40.033+0000 7f119659c640 1 -- 172.21.15.123:0/4059347146 learned_addr learned my addr 172.21.15.123:0/4059347146 (peer_addr_for_me v2:172.21.15.123:0/0)
2024-08-18T21:58:40.884 INFO:teuthology.orchestra.run.smithi123.stdout:/usr/bin/ceph: stderr
2024-08-18T21:58:40.033+0000 7f119659c640 1 -- 172.21.15.123:0/4059347146 --> [v2:172.21.15.123:3300/0,v1:172.21.15.123:6789/0] -- mon_subscribe({config=0+,monmap=0+}) -- 0x7f11981064f0 con 0x7f1198105bb0
2024-08-18T21:58:40.884 INFO:teuthology.orchestra.run.smithi123.stdout:/usr/bin/ceph: stderr
2024-08-18T21:58:40.034+0000 7f119659c640 1 --2- 172.21.15.123:0/4059347146 >> [v2:172.21.15.123:3300/0,v1:172.21.15.123:6789/0] conn(0x7f1198105bb0 0x7f1198105fb0 secure :-1 s=READY pgs=18 cs=0 l=1 rev1=1 crypto rx=0x7f1188009820 tx=0x7f118802a270 comp rx=0 tx=0).ready entity=mon.0 client_cookie=36853eb17199af08 server_cookie=0 in_seq=0 out_seq=0
2024-08-18T21:58:40.885 INFO:teuthology.orchestra.run.smithi123.stdout:/usr/bin/ceph: stderr
2024-08-18T21:58:40.034+0000 7f119559a640 1 -- 172.21.15.123:0/4059347146 <== mon.0 v2:172.21.15.123:3300/0 1 ==== mon_map magic: 0 ==== 205+0+0 (secure 0 0 0) 0x7f1188037070 con 0x7f1198105bb0
2024-08-18T21:58:40.885 INFO:teuthology.orchestra.run.smithi123.stdout:/usr/bin/ceph: stderr
2024-08-18T21:58:40.034+0000 7f119559a640 1 -- 172.21.15.123:0/4059347146 <== mon.0 v2:172.21.15.123:3300/0 2 ==== config(27 keys) ==== 1109+0+0 (secure 0 0 0) 0x7f1188032900 con 0x7f1198105bb0
2024-08-18T21:58:40.885 INFO:teuthology.orchestra.run.smithi123.stdout:/usr/bin/ceph: stderr
2024-08-18T21:58:40.034+0000 7f119559a640 1 -- 172.21.15.123:0/4059347146 <== mon.0 v2:172.21.15.123:3300/0 3 ==== mon_map magic: 0 ==== 205+0+0 (secure 0 0 0) 0x7f1188030850 con 0x7f1198105bb0
2024-08-18T21:58:40.885 INFO:teuthology.orchestra.run.smithi123.stdout:/usr/bin/ceph: stderr
2024-08-18T21:58:40.034+0000 7f119ce1c640 1 -- 172.21.15.123:0/4059347146 >> [v2:172.21.15.123:3300/0,v1:172.21.15.123:6789/0] conn(0x7f1198105bb0 msgr2=0x7f1198105fb0 secure :-1 s=STATE_CONNECTION_ESTABLISHED l=1).mark_down
2024-08-18T21:58:40.885 INFO:teuthology.orchestra.run.smithi123.stdout:/usr/bin/ceph: stderr
2024-08-18T21:58:40.034+0000 7f119ce1c640 1 --2- 172.21.15.123:0/4059347146 >> [v2:172.21.15.123:3300/0,v1:172.21.15.123:6789/0] conn(0x7f1198105bb0 0x7f1198105fb0 secure :-1 s=READY pgs=18 cs=0 l=1 rev1=1 crypto rx=0x7f1188009820 tx=0x7f118802a270 comp rx=0 tx=0).stop
2024-08-18T21:58:40.885 INFO:teuthology.orchestra.run.smithi123.stdout:/usr/bin/ceph: stderr
2024-08-18T21:58:40.035+0000 7f119ce1c640 1 -- 172.21.15.123:0/4059347146 shutdown_connections
2024-08-18T21:58:40.886 INFO:teuthology.orchestra.run.smithi123.stdout:/usr/bin/ceph: stderr
2024-08-18T21:58:40.035+0000 7f119ce1c640 1 --2- 172.21.15.123:0/4059347146 >> [v2:172.21.15.123:3300/0,v1:172.21.15.123:6789/0] conn(0x7f1198105bb0 0x7f1198105fb0 unknown :-1 s=CLOSED pgs=18 cs=0 l=1 rev1=1 crypto rx=0 tx=0 comp rx=0 tx=0).stop
2024-08-18T21:58:40.886 INFO:teuthology.orchestra.run.smithi123.stdout:/usr/bin/ceph: stderr
2024-08-18T21:58:40.035+0000 7f119ce1c640 1 -- 172.21.15.123:0/4059347146 >> 172.21.15.123:0/4059347146 conn(0x7f1198101980 msgr2=0x7f1198103da0 unknown :-1 s=STATE_NONE l=0).mark_down
2024-08-18T21:58:40.886 INFO:teuthology.orchestra.run.smithi123.stdout:/usr/bin/ceph: stderr
2024-08-18T21:58:40.035+0000 7f119ce1c640 1 -- 172.21.15.123:0/4059347146 shutdown_connections
2024-08-18T21:58:40.886 INFO:teuthology.orchestra.run.smithi123.stdout:/usr/bin/ceph: stderr
2024-08-18T21:58:40.035+0000 7f119ce1c640 1 -- 172.21.15.123:0/4059347146 wait complete.
2024-08-18T21:58:40.886 INFO:teuthology.orchestra.run.smithi123.stdout:/usr/bin/ceph: stderr
2024-08-18T21:58:40.035+0000 7f119ce1c640 1 Processor -- start
2024-08-18T21:58:40.887 INFO:teuthology.orchestra.run.smithi123.stdout:/usr/bin/ceph: stderr
2024-08-18T21:58:40.035+0000 7f119ce1c640 1 -- start start
2024-08-18T21:58:40.887 INFO:teuthology.orchestra.run.smithi123.stdout:/usr/bin/ceph: stderr
2024-08-18T21:58:40.036+0000 7f119ce1c640 1 --2- >> [v2:172.21.15.123:3300/0,v1:172.21.15.123:6789/0] conn(0x7f1198105bb0 0x7f119819d4b0 unknown :-1 s=NONE pgs=0 cs=0 l=1 rev1=0 crypto rx=0 tx=0 comp rx=0 tx=0).connect
2024-08-18T21:58:40.887 INFO:teuthology.orchestra.run.smithi123.stdout:/usr/bin/ceph: stderr
2024-08-18T21:58:40.036+0000 7f119ce1c640 1 -- --> [v2:172.21.15.123:3300/0,v1:172.21.15.123:6789/0] -- mon_getmap magic: 0 -- 0x7f11981075f0 con 0x7f1198105bb0
2024-08-18T21:58:40.887 INFO:teuthology.orchestra.run.smithi123.stdout:/usr/bin/ceph: stderr
2024-08-18T21:58:40.036+0000 7f119659c640 1 --2- >> [v2:172.21.15.123:3300/0,v1:172.21.15.123:6789/0] conn(0x7f1198105bb0 0x7f119819d4b0 unknown :-1 s=BANNER_CONNECTING pgs=0 cs=0 l=1 rev1=0 crypto rx=0 tx=0 comp rx=0 tx=0)._handle_peer_banner_payload supported=3 required=0
2024-08-18T21:58:40.887 INFO:teuthology.orchestra.run.smithi123.stdout:/usr/bin/ceph: stderr
2024-08-18T21:58:40.036+0000 7f119659c640 1 --2- >> [v2:172.21.15.123:3300/0,v1:172.21.15.123:6789/0] conn(0x7f1198105bb0 0x7f119819d4b0 unknown :-1 s=HELLO_CONNECTING pgs=0 cs=0 l=1 rev1=1 crypto rx=0 tx=0 comp rx=0 tx=0).handle_hello peer v2:172.21.15.123:3300/0 says I am v2:172.21.15.123:39940/0 (socket says 172.21.15.123:39940)
2024-08-18T21:58:40.888 INFO:teuthology.orchestra.run.smithi123.stdout:/usr/bin/ceph: stderr
2024-08-18T21:58:40.036+0000 7f119659c640 1 -- 172.21.15.123:0/3958156056 learned_addr learned my addr 172.21.15.123:0/3958156056 (peer_addr_for_me v2:172.21.15.123:0/0)
2024-08-18T21:58:40.888 INFO:teuthology.orchestra.run.smithi123.stdout:/usr/bin/ceph: stderr
2024-08-18T21:58:40.036+0000 7f119659c640 1 -- 172.21.15.123:0/3958156056 --> [v2:172.21.15.123:3300/0,v1:172.21.15.123:6789/0] -- mon_subscribe({config=0+,monmap=0+}) -- 0x7f119819d9f0 con 0x7f1198105bb0
2024-08-18T21:58:40.888 INFO:teuthology.orchestra.run.smithi123.stdout:/usr/bin/ceph: stderr
2024-08-18T21:58:40.036+0000 7f119659c640 1 --2- 172.21.15.123:0/3958156056 >> [v2:172.21.15.123:3300/0,v1:172.21.15.123:6789/0] conn(0x7f1198105bb0 0x7f119819d4b0 secure :-1 s=READY pgs=19 cs=0 l=1 rev1=1 crypto rx=0x7f11880097f0 tx=0x7f1188030d80 comp rx=0 tx=0).ready entity=mon.0 client_cookie=0 server_cookie=0 in_seq=0 out_seq=0
2024-08-18T21:58:40.888 INFO:teuthology.orchestra.run.smithi123.stdout:/usr/bin/ceph: stderr
2024-08-18T21:58:40.036+0000 7f118f7fe640 1 -- 172.21.15.123:0/3958156056 <== mon.0 v2:172.21.15.123:3300/0 1 ==== mon_map magic: 0 ==== 205+0+0 (secure 0 0 0) 0x7f1188037040 con 0x7f1198105bb0
2024-08-18T21:58:40.888 INFO:teuthology.orchestra.run.smithi123.stdout:/usr/bin/ceph: stderr
2024-08-18T21:58:40.036+0000 7f118f7fe640 1 -- 172.21.15.123:0/3958156056 <== mon.0 v2:172.21.15.123:3300/0 2 ==== config(27 keys) ==== 1109+0+0 (secure 0 0 0) 0x7f1188040070 con 0x7f1198105bb0
2024-08-18T21:58:40.888 INFO:teuthology.orchestra.run.smithi123.stdout:/usr/bin/ceph: stderr
2024-08-18T21:58:40.036+0000 7f119ce1c640 1 -- 172.21.15.123:0/3958156056 --> [v2:172.21.15.123:3300/0,v1:172.21.15.123:6789/0] -- mon_subscribe({mgrmap=0+}) -- 0x7f119819dc80 con 0x7f1198105bb0
2024-08-18T21:58:40.889 INFO:teuthology.orchestra.run.smithi123.stdout:/usr/bin/ceph: stderr
2024-08-18T21:58:40.036+0000 7f118f7fe640 1 -- 172.21.15.123:0/3958156056 <== mon.0 v2:172.21.15.123:3300/0 3 ==== mon_map magic: 0 ==== 205+0+0 (secure 0 0 0) 0x7f118803a390 con 0x7f1198105bb0
2024-08-18T21:58:40.889 INFO:teuthology.orchestra.run.smithi123.stdout:/usr/bin/ceph: stderr
2024-08-18T21:58:40.036+0000 7f119ce1c640 1 -- 172.21.15.123:0/3958156056 --> [v2:172.21.15.123:3300/0,v1:172.21.15.123:6789/0] -- mon_subscribe({osdmap=0}) -- 0x7f11981a0970 con 0x7f1198105bb0
2024-08-18T21:58:40.889 INFO:teuthology.orchestra.run.smithi123.stdout:/usr/bin/ceph: stderr
2024-08-18T21:58:40.037+0000 7f118f7fe640 1 -- 172.21.15.123:0/3958156056 <== mon.0 v2:172.21.15.123:3300/0 4 ==== mgrmap(e 4) ==== 46276+0+0 (secure 0 0 0) 0x7f118803a5e0 con 0x7f1198105bb0
2024-08-18T21:58:40.889 INFO:teuthology.orchestra.run.smithi123.stdout:/usr/bin/ceph: stderr
2024-08-18T21:58:40.037+0000 7f118f7fe640 1 --2- 172.21.15.123:0/3958156056 >> [v2:172.21.15.123:6800/1909168969,v1:172.21.15.123:6801/1909168969] conn(0x7f1184038f70 0x7f118403b430 unknown :-1 s=NONE pgs=0 cs=0 l=1 rev1=0 crypto rx=0 tx=0 comp rx=0 tx=0).connect
2024-08-18T21:58:40.889 INFO:teuthology.orchestra.run.smithi123.stdout:/usr/bin/ceph: stderr
2024-08-18T21:58:40.037+0000 7f118f7fe640 1 -- 172.21.15.123:0/3958156056 <== mon.0 v2:172.21.15.123:3300/0 5 ==== osd_map(1..1 src has 1..1) ==== 725+0+0 (secure 0 0 0) 0x7f1188032ab0 con 0x7f1198105bb0
2024-08-18T21:58:40.890 INFO:teuthology.orchestra.run.smithi123.stdout:/usr/bin/ceph: stderr
2024-08-18T21:58:40.037+0000 7f1195d9b640 1 --2- 172.21.15.123:0/3958156056 >> [v2:172.21.15.123:6800/1909168969,v1:172.21.15.123:6801/1909168969] conn(0x7f1184038f70 0x7f118403b430 unknown :-1 s=BANNER_CONNECTING pgs=0 cs=0 l=1 rev1=0 crypto rx=0 tx=0 comp rx=0 tx=0)._handle_peer_banner_payload supported=3 required=0
2024-08-18T21:58:40.890 INFO:teuthology.orchestra.run.smithi123.stdout:/usr/bin/ceph: stderr
2024-08-18T21:58:40.038+0000 7f119ce1c640 1 -- 172.21.15.123:0/3958156056 --> [v2:172.21.15.123:3300/0,v1:172.21.15.123:6789/0] -- mon_command({"prefix": "get_command_descriptions"} v 0) -- 0x7f1198105fb0 con 0x7f1198105bb0
2024-08-18T21:58:40.890 INFO:teuthology.orchestra.run.smithi123.stdout:/usr/bin/ceph: stderr
2024-08-18T21:58:40.038+0000 7f1195d9b640 1 --2- 172.21.15.123:0/3958156056 >> [v2:172.21.15.123:6800/1909168969,v1:172.21.15.123:6801/1909168969] conn(0x7f1184038f70 0x7f118403b430 secure :-1 s=READY pgs=7 cs=0 l=1 rev1=1 crypto rx=0x7f11800098c0 tx=0x7f1180006db0 comp rx=0 tx=0).ready entity=mgr.14100 client_cookie=0 server_cookie=0 in_seq=0 out_seq=0
2024-08-18T21:58:40.890 INFO:teuthology.orchestra.run.smithi123.stdout:/usr/bin/ceph: stderr
2024-08-18T21:58:40.042+0000 7f118f7fe640 1 -- 172.21.15.123:0/3958156056 <== mon.0 v2:172.21.15.123:3300/0 6 ==== mon_command_ack([{"prefix": "get_command_descriptions"}]=0 v0) ==== 72+0+187871 (secure 0 0 0) 0x7f118803a8d0 con 0x7f1198105bb0
2024-08-18T21:58:40.890 INFO:teuthology.orchestra.run.smithi123.stdout:/usr/bin/ceph: stderr
2024-08-18T21:58:40.209+0000 7f119ce1c640 1 -- 172.21.15.123:0/3958156056 --> [v2:172.21.15.123:3300/0,v1:172.21.15.123:6789/0] -- mon_command({"prefix": "config assimilate-conf"} v 0) -- 0x7f11981a1fe0 con 0x7f1198105bb0
2024-08-18T21:58:40.891 INFO:teuthology.orchestra.run.smithi123.stdout:/usr/bin/ceph: stderr
2024-08-18T21:58:40.210+0000 7f118f7fe640 1 -- 172.21.15.123:0/3958156056 <== mon.0 v2:172.21.15.123:3300/0 7 ==== mon_command_ack([{"prefix": "config assimilate-conf"}]=0 v3) ==== 70+0+431 (secure 0 0 0) 0x7f118802fd60 con 0x7f1198105bb0
2024-08-18T21:58:40.891 INFO:teuthology.orchestra.run.smithi123.stdout:/usr/bin/ceph: stderr
2024-08-18T21:58:40.212+0000 7f119ce1c640 1 -- 172.21.15.123:0/3958156056 >> [v2:172.21.15.123:6800/1909168969,v1:172.21.15.123:6801/1909168969] conn(0x7f1184038f70 msgr2=0x7f118403b430 secure :-1 s=STATE_CONNECTION_ESTABLISHED l=1).mark_down
2024-08-18T21:58:40.891 INFO:teuthology.orchestra.run.smithi123.stdout:/usr/bin/ceph: stderr
2024-08-18T21:58:40.212+0000 7f119ce1c640 1 --2- 172.21.15.123:0/3958156056 >> [v2:172.21.15.123:6800/1909168969,v1:172.21.15.123:6801/1909168969] conn(0x7f1184038f70 0x7f118403b430 secure :-1 s=READY pgs=7 cs=0 l=1 rev1=1 crypto rx=0x7f11800098c0 tx=0x7f1180006db0 comp rx=0 tx=0).stop
2024-08-18T21:58:40.891 INFO:teuthology.orchestra.run.smithi123.stdout:/usr/bin/ceph: stderr
2024-08-18T21:58:40.212+0000 7f119ce1c640 1 -- 172.21.15.123:0/3958156056 >> [v2:172.21.15.123:3300/0,v1:172.21.15.123:6789/0] conn(0x7f1198105bb0 msgr2=0x7f119819d4b0 secure :-1 s=STATE_CONNECTION_ESTABLISHED l=1).mark_down
2024-08-18T21:58:40.891 INFO:teuthology.orchestra.run.smithi123.stdout:/usr/bin/ceph: stderr
2024-08-18T21:58:40.212+0000 7f119ce1c640 1 --2- 172.21.15.123:0/3958156056 >> [v2:172.21.15.123:3300/0,v1:172.21.15.123:6789/0] conn(0x7f1198105bb0 0x7f119819d4b0 secure :-1 s=READY pgs=19 cs=0 l=1 rev1=1 crypto rx=0x7f11880097f0 tx=0x7f1188030d80 comp rx=0 tx=0).stop
2024-08-18T21:58:40.892 INFO:teuthology.orchestra.run.smithi123.stdout:/usr/bin/ceph: stderr
2024-08-18T21:58:40.212+0000 7f119ce1c640 1 -- 172.21.15.123:0/3958156056 shutdown_connections
2024-08-18T21:58:40.892 INFO:teuthology.orchestra.run.smithi123.stdout:/usr/bin/ceph: stderr
2024-08-18T21:58:40.212+0000 7f119ce1c640 1 --2- 172.21.15.123:0/3958156056 >> [v2:172.21.15.123:6800/1909168969,v1:172.21.15.123:6801/1909168969] conn(0x7f1184038f70 0x7f118403b430 unknown :-1 s=CLOSED pgs=7 cs=0 l=1 rev1=1 crypto rx=0 tx=0 comp rx=0 tx=0).stop
2024-08-18T21:58:40.892 INFO:teuthology.orchestra.run.smithi123.stdout:/usr/bin/ceph: stderr
2024-08-18T21:58:40.212+0000 7f119ce1c640 1 --2- 172.21.15.123:0/3958156056 >> [v2:172.21.15.123:3300/0,v1:172.21.15.123:6789/0] conn(0x7f1198105bb0 0x7f119819d4b0 unknown :-1 s=CLOSED pgs=19 cs=0 l=1 rev1=1 crypto rx=0 tx=0 comp rx=0 tx=0).stop
2024-08-18T21:58:40.892 INFO:teuthology.orchestra.run.smithi123.stdout:/usr/bin/ceph: stderr
2024-08-18T21:58:40.212+0000 7f119ce1c640 1 -- 172.21.15.123:0/3958156056 >> 172.21.15.123:0/3958156056 conn(0x7f1198101980 msgr2=0x7f11981917d0 unknown :-1 s=STATE_NONE l=0).mark_down
2024-08-18T21:58:40.892 INFO:teuthology.orchestra.run.smithi123.stdout:/usr/bin/ceph: stderr
2024-08-18T21:58:40.212+0000 7f119ce1c640 1 -- 172.21.15.123:0/3958156056 shutdown_connections
2024-08-18T21:58:40.892 INFO:teuthology.orchestra.run.smithi123.stdout:/usr/bin/ceph: stderr
2024-08-18T21:58:40.212+0000 7f119ce1c640 1 -- 172.21.15.123:0/3958156056 wait complete.
2024-08-18T21:58:40.893 INFO:teuthology.orchestra.run.smithi123.stdout:Enabling cephadm module...
2024-08-18T21:58:41.183 INFO:journalctl@ceph.mon.a.smithi123.stdout:Aug 18 21:58:40 smithi123 ceph-mon[18462]: from='client.? 172.21.15.123:0/3958156056' entity='client.admin' cmd=[{"prefix": "config assimilate-conf"}]: dispatch
2024-08-18T21:58:42.224 INFO:journalctl@ceph.mon.a.smithi123.stdout:Aug 18 21:58:41 smithi123 ceph-mon[18462]: from='client.? 172.21.15.123:0/2414883227' entity='client.admin' cmd=[{"prefix": "mgr module enable", "module": "cephadm"}]: dispatch
2024-08-18T21:58:42.224 INFO:journalctl@ceph.mgr.x.smithi123.stdout:Aug 18 21:58:41 smithi123 ceph-dfa1db70-5dac-11ef-bccf-c7b262605968-mgr-x[18689]: ignoring --setuser ceph since I am not root
2024-08-18T21:58:42.224 INFO:journalctl@ceph.mgr.x.smithi123.stdout:Aug 18 21:58:41 smithi123 ceph-dfa1db70-5dac-11ef-bccf-c7b262605968-mgr-x[18689]: ignoring --setgroup ceph since I am not root
2024-08-18T21:58:42.224 INFO:journalctl@ceph.mgr.x.smithi123.stdout:Aug 18 21:58:42 smithi123 ceph-dfa1db70-5dac-11ef-bccf-c7b262605968-mgr-x[18689]:
2024-08-18T21:58:42.157+0000 7fe4f7439040 -1 mgr[py] Module rgw has missing NOTIFY_TYPES member
2024-08-18T21:58:42.224 INFO:journalctl@ceph.mgr.x.smithi123.stdout:Aug 18 21:58:42 smithi123 ceph-dfa1db70-5dac-11ef-bccf-c7b262605968-mgr-x[18689]:
2024-08-18T21:58:42.223+0000 7fe4f7439040 -1 mgr[py] Module pg_autoscaler has missing NOTIFY_TYPES member
2024-08-18T21:58:42.510 INFO:journalctl@ceph.mgr.x.smithi123.stdout:Aug 18 21:58:42 smithi123 ceph-dfa1db70-5dac-11ef-bccf-c7b262605968-mgr-x[18689]:
2024-08-18T21:58:42.367+0000 7fe4f7439040 -1 mgr[py] Module orchestrator has missing NOTIFY_TYPES member
2024-08-18T21:58:42.544 INFO:teuthology.orchestra.run.smithi123.stdout:/usr/bin/ceph: stderr
2024-08-18T21:58:41.259+0000 7f4142d11640 1 Processor -- start
2024-08-18T21:58:42.544 INFO:teuthology.orchestra.run.smithi123.stdout:/usr/bin/ceph: stderr
2024-08-18T21:58:41.259+0000 7f4142d11640 1 -- start start
2024-08-18T21:58:42.545 INFO:teuthology.orchestra.run.smithi123.stdout:/usr/bin/ceph: stderr
2024-08-18T21:58:41.259+0000 7f4142d11640 1 --2- >> [v2:172.21.15.123:3300/0,v1:172.21.15.123:6789/0] conn(0x7f413c1072e0 0x7f413c1076e0 unknown :-1 s=NONE pgs=0 cs=0 l=0 rev1=0 crypto rx=0 tx=0 comp rx=0 tx=0).connect
2024-08-18T21:58:42.545 INFO:teuthology.orchestra.run.smithi123.stdout:/usr/bin/ceph: stderr
2024-08-18T21:58:41.259+0000 7f4142d11640 1 -- --> [v2:172.21.15.123:3300/0,v1:172.21.15.123:6789/0] -- mon_getmap magic: 0 -- 0x7f413c107c20 con 0x7f413c1072e0
2024-08-18T21:58:42.545 INFO:teuthology.orchestra.run.smithi123.stdout:/usr/bin/ceph: stderr
2024-08-18T21:58:41.259+0000 7f4140aad640 1 --2- >> [v2:172.21.15.123:3300/0,v1:172.21.15.123:6789/0] conn(0x7f413c1072e0 0x7f413c1076e0 unknown :-1 s=BANNER_CONNECTING pgs=0 cs=0 l=0 rev1=0 crypto rx=0 tx=0 comp rx=0 tx=0)._handle_peer_banner_payload supported=3 required=0
2024-08-18T21:58:42.545 INFO:teuthology.orchestra.run.smithi123.stdout:/usr/bin/ceph: stderr
2024-08-18T21:58:41.259+0000 7f4140aad640 1 --2- >> [v2:172.21.15.123:3300/0,v1:172.21.15.123:6789/0] conn(0x7f413c1072e0 0x7f413c1076e0 unknown :-1 s=HELLO_CONNECTING pgs=0 cs=0 l=0 rev1=1 crypto rx=0 tx=0 comp rx=0 tx=0).handle_hello peer v2:172.21.15.123:3300/0 says I am v2:172.21.15.123:39952/0 (socket says 172.21.15.123:39952)
2024-08-18T21:58:42.545 INFO:teuthology.orchestra.run.smithi123.stdout:/usr/bin/ceph: stderr
2024-08-18T21:58:41.259+0000 7f4140aad640 1 -- 172.21.15.123:0/1653185823 learned_addr learned my addr 172.21.15.123:0/1653185823 (peer_addr_for_me v2:172.21.15.123:0/0)
2024-08-18T21:58:42.545 INFO:teuthology.orchestra.run.smithi123.stdout:/usr/bin/ceph: stderr
2024-08-18T21:58:41.259+0000 7f4140aad640 1 -- 172.21.15.123:0/1653185823 --> [v2:172.21.15.123:3300/0,v1:172.21.15.123:6789/0] -- mon_subscribe({config=0+,monmap=0+}) -- 0x7f413c107da0 con 0x7f413c1072e0
2024-08-18T21:58:42.545 INFO:teuthology.orchestra.run.smithi123.stdout:/usr/bin/ceph: stderr
2024-08-18T21:58:41.260+0000 7f4140aad640 1 --2- 172.21.15.123:0/1653185823 >> [v2:172.21.15.123:3300/0,v1:172.21.15.123:6789/0] conn(0x7f413c1072e0 0x7f413c1076e0 secure :-1 s=READY pgs=20 cs=0 l=1 rev1=1 crypto rx=0x7f4130009820 tx=0x7f413002a270 comp rx=0 tx=0).ready entity=mon.0 client_cookie=affd5cf985d34e55 server_cookie=0 in_seq=0 out_seq=0
2024-08-18T21:58:42.545 INFO:teuthology.orchestra.run.smithi123.stdout:/usr/bin/ceph: stderr
2024-08-18T21:58:41.260+0000 7f413b7fe640 1 -- 172.21.15.123:0/1653185823 <== mon.0 v2:172.21.15.123:3300/0 1 ==== mon_map magic: 0 ==== 205+0+0 (secure 0 0 0) 0x7f4130037070 con 0x7f413c1072e0
2024-08-18T21:58:42.545 INFO:teuthology.orchestra.run.smithi123.stdout:/usr/bin/ceph: stderr
2024-08-18T21:58:41.260+0000 7f413b7fe640 1 -- 172.21.15.123:0/1653185823 <== mon.0 v2:172.21.15.123:3300/0 2 ==== config(27 keys) ==== 1109+0+0 (secure 0 0 0) 0x7f4130032900 con 0x7f413c1072e0
2024-08-18T21:58:42.545 INFO:teuthology.orchestra.run.smithi123.stdout:/usr/bin/ceph: stderr
2024-08-18T21:58:41.260+0000 7f413b7fe640 1 -- 172.21.15.123:0/1653185823 <== mon.0 v2:172.21.15.123:3300/0 3 ==== mon_map magic: 0 ==== 205+0+0 (secure 0 0 0) 0x7f4130030850 con 0x7f413c1072e0
2024-08-18T21:58:42.545 INFO:teuthology.orchestra.run.smithi123.stdout:/usr/bin/ceph: stderr
2024-08-18T21:58:41.261+0000 7f4142d11640 1 -- 172.21.15.123:0/1653185823 >> [v2:172.21.15.123:3300/0,v1:172.21.15.123:6789/0] conn(0x7f413c1072e0 msgr2=0x7f413c1076e0 secure :-1 s=STATE_CONNECTION_ESTABLISHED l=1).mark_down
2024-08-18T21:58:42.545 INFO:teuthology.orchestra.run.smithi123.stdout:/usr/bin/ceph: stderr
2024-08-18T21:58:41.261+0000 7f4142d11640 1 --2- 172.21.15.123:0/1653185823 >> [v2:172.21.15.123:3300/0,v1:172.21.15.123:6789/0] conn(0x7f413c1072e0 0x7f413c1076e0 secure :-1 s=READY pgs=20 cs=0 l=1 rev1=1 crypto rx=0x7f4130009820 tx=0x7f413002a270 comp rx=0 tx=0).stop
2024-08-18T21:58:42.545 INFO:teuthology.orchestra.run.smithi123.stdout:/usr/bin/ceph: stderr
2024-08-18T21:58:41.261+0000 7f4142d11640 1 -- 172.21.15.123:0/1653185823 shutdown_connections
2024-08-18T21:58:42.546 INFO:teuthology.orchestra.run.smithi123.stdout:/usr/bin/ceph: stderr
2024-08-18T21:58:41.261+0000 7f4142d11640 1 --2- 172.21.15.123:0/1653185823 >> [v2:172.21.15.123:3300/0,v1:172.21.15.123:6789/0] conn(0x7f413c1072e0 0x7f413c1076e0 unknown :-1 s=CLOSED pgs=20 cs=0 l=1 rev1=1 crypto rx=0 tx=0 comp rx=0 tx=0).stop
2024-08-18T21:58:42.546 INFO:teuthology.orchestra.run.smithi123.stdout:/usr/bin/ceph: stderr
2024-08-18T21:58:41.261+0000 7f4142d11640 1 -- 172.21.15.123:0/1653185823 >> 172.21.15.123:0/1653185823 conn(0x7f413c102b30 msgr2=0x7f413c104f50 unknown :-1 s=STATE_NONE l=0).mark_down
2024-08-18T21:58:42.546 INFO:teuthology.orchestra.run.smithi123.stdout:/usr/bin/ceph: stderr
2024-08-18T21:58:41.261+0000 7f4142d11640 1 -- 172.21.15.123:0/1653185823 shutdown_connections
2024-08-18T21:58:42.546 INFO:teuthology.orchestra.run.smithi123.stdout:/usr/bin/ceph: stderr
2024-08-18T21:58:41.261+0000 7f4142d11640 1 -- 172.21.15.123:0/1653185823 wait complete.
2024-08-18T21:58:42.546 INFO:teuthology.orchestra.run.smithi123.stdout:/usr/bin/ceph: stderr
2024-08-18T21:58:41.261+0000 7f4142d11640 1 Processor -- start
2024-08-18T21:58:42.546 INFO:teuthology.orchestra.run.smithi123.stdout:/usr/bin/ceph: stderr
2024-08-18T21:58:41.261+0000 7f4142d11640 1 -- start start
2024-08-18T21:58:42.546 INFO:teuthology.orchestra.run.smithi123.stdout:/usr/bin/ceph: stderr
2024-08-18T21:58:41.262+0000 7f4142d11640 1 --2- >> [v2:172.21.15.123:3300/0,v1:172.21.15.123:6789/0] conn(0x7f413c1072e0 0x7f413c19b290 unknown :-1 s=NONE pgs=0 cs=0 l=1 rev1=0 crypto rx=0 tx=0 comp rx=0 tx=0).connect
2024-08-18T21:58:42.546 INFO:teuthology.orchestra.run.smithi123.stdout:/usr/bin/ceph: stderr
2024-08-18T21:58:41.262+0000 7f4142d11640 1 -- --> [v2:172.21.15.123:3300/0,v1:172.21.15.123:6789/0] -- mon_getmap magic: 0 -- 0x7f413c10b750 con 0x7f413c1072e0
2024-08-18T21:58:42.546 INFO:teuthology.orchestra.run.smithi123.stdout:/usr/bin/ceph: stderr
2024-08-18T21:58:41.262+0000 7f4140aad640 1 --2- >> [v2:172.21.15.123:3300/0,v1:172.21.15.123:6789/0] conn(0x7f413c1072e0 0x7f413c19b290 unknown :-1 s=BANNER_CONNECTING pgs=0 cs=0 l=1 rev1=0 crypto rx=0 tx=0 comp rx=0 tx=0)._handle_peer_banner_payload supported=3 required=0
2024-08-18T21:58:42.546 INFO:teuthology.orchestra.run.smithi123.stdout:/usr/bin/ceph: stderr
2024-08-18T21:58:41.262+0000 7f4140aad640 1 --2- >> [v2:172.21.15.123:3300/0,v1:172.21.15.123:6789/0] conn(0x7f413c1072e0 0x7f413c19b290 unknown :-1 s=HELLO_CONNECTING pgs=0 cs=0 l=1 rev1=1 crypto rx=0 tx=0 comp rx=0 tx=0).handle_hello peer v2:172.21.15.123:3300/0 says I am v2:172.21.15.123:39968/0 (socket says 172.21.15.123:39968)
2024-08-18T21:58:42.546 INFO:teuthology.orchestra.run.smithi123.stdout:/usr/bin/ceph: stderr
2024-08-18T21:58:41.262+0000 7f4140aad640 1 -- 172.21.15.123:0/2414883227 learned_addr learned my addr 172.21.15.123:0/2414883227 (peer_addr_for_me v2:172.21.15.123:0/0)
2024-08-18T21:58:42.546 INFO:teuthology.orchestra.run.smithi123.stdout:/usr/bin/ceph: stderr
2024-08-18T21:58:41.262+0000 7f4140aad640 1 -- 172.21.15.123:0/2414883227 --> [v2:172.21.15.123:3300/0,v1:172.21.15.123:6789/0] -- mon_subscribe({config=0+,monmap=0+}) -- 0x7f413c19b7d0 con 0x7f413c1072e0
2024-08-18T21:58:42.547 INFO:teuthology.orchestra.run.smithi123.stdout:/usr/bin/ceph: stderr
2024-08-18T21:58:41.262+0000 7f4140aad640 1 --2- 172.21.15.123:0/2414883227 >> [v2:172.21.15.123:3300/0,v1:172.21.15.123:6789/0] conn(0x7f413c1072e0 0x7f413c19b290 secure :-1 s=READY pgs=21 cs=0 l=1 rev1=1 crypto rx=0x7f4130032ce0 tx=0x7f4130032d10 comp rx=0 tx=0).ready entity=mon.0 client_cookie=0 server_cookie=0 in_seq=0 out_seq=0
2024-08-18T21:58:42.547 INFO:teuthology.orchestra.run.smithi123.stdout:/usr/bin/ceph: stderr
2024-08-18T21:58:41.262+0000 7f4139ffb640 1 -- 172.21.15.123:0/2414883227 <== mon.0 v2:172.21.15.123:3300/0 1 ==== mon_map magic: 0 ==== 205+0+0 (secure 0 0 0) 0x7f4130042070 con 0x7f413c1072e0
2024-08-18T21:58:42.547 INFO:teuthology.orchestra.run.smithi123.stdout:/usr/bin/ceph: stderr
2024-08-18T21:58:41.262+0000 7f4139ffb640 1 -- 172.21.15.123:0/2414883227 <== mon.0 v2:172.21.15.123:3300/0 2 ==== config(27 keys) ==== 1109+0+0 (secure 0 0 0) 0x7f41300308c0 con 0x7f413c1072e0
2024-08-18T21:58:42.547 INFO:teuthology.orchestra.run.smithi123.stdout:/usr/bin/ceph: stderr
2024-08-18T21:58:41.262+0000 7f4142d11640 1 -- 172.21.15.123:0/2414883227 --> [v2:172.21.15.123:3300/0,v1:172.21.15.123:6789/0] -- mon_subscribe({mgrmap=0+}) -- 0x7f413c19ba60 con 0x7f413c1072e0
2024-08-18T21:58:42.547 INFO:teuthology.orchestra.run.smithi123.stdout:/usr/bin/ceph: stderr
2024-08-18T21:58:41.262+0000 7f4139ffb640 1 -- 172.21.15.123:0/2414883227 <== mon.0 v2:172.21.15.123:3300/0 3 ==== mon_map magic: 0 ==== 205+0+0 (secure 0 0 0) 0x7f4130037040 con 0x7f413c1072e0
2024-08-18T21:58:42.547 INFO:teuthology.orchestra.run.smithi123.stdout:/usr/bin/ceph: stderr
2024-08-18T21:58:41.263+0000 7f4142d11640 1 -- 172.21.15.123:0/2414883227 --> [v2:172.21.15.123:3300/0,v1:172.21.15.123:6789/0] -- mon_subscribe({osdmap=0}) -- 0x7f413c19e750 con 0x7f413c1072e0
2024-08-18T21:58:42.547 INFO:teuthology.orchestra.run.smithi123.stdout:/usr/bin/ceph: stderr
2024-08-18T21:58:41.263+0000 7f4139ffb640 1 -- 172.21.15.123:0/2414883227 <== mon.0 v2:172.21.15.123:3300/0 4 ==== mgrmap(e 4) ==== 46276+0+0 (secure 0 0 0) 0x7f4130045070 con 0x7f413c1072e0
2024-08-18T21:58:42.547 INFO:teuthology.orchestra.run.smithi123.stdout:/usr/bin/ceph: stderr
2024-08-18T21:58:41.263+0000 7f4142d11640 1 -- 172.21.15.123:0/2414883227 --> [v2:172.21.15.123:3300/0,v1:172.21.15.123:6789/0] -- mon_command({"prefix": "get_command_descriptions"} v 0) -- 0x7f413c107760 con 0x7f413c1072e0
2024-08-18T21:58:42.547 INFO:teuthology.orchestra.run.smithi123.stdout:/usr/bin/ceph: stderr
2024-08-18T21:58:41.264+0000 7f4139ffb640 1 --2- 172.21.15.123:0/2414883227 >> [v2:172.21.15.123:6800/1909168969,v1:172.21.15.123:6801/1909168969] conn(0x7f412c038f20 0x7f412c03b3e0 unknown :-1 s=NONE pgs=0 cs=0 l=1 rev1=0 crypto rx=0 tx=0 comp rx=0 tx=0).connect
2024-08-18T21:58:42.547 INFO:teuthology.orchestra.run.smithi123.stdout:/usr/bin/ceph: stderr
2024-08-18T21:58:41.264+0000 7f4139ffb640 1 -- 172.21.15.123:0/2414883227 <== mon.0 v2:172.21.15.123:3300/0 5 ==== osd_map(1..1 src has 1..1) ==== 725+0+0 (secure 0 0 0) 0x7f413006bfe0 con 0x7f413c1072e0
2024-08-18T21:58:42.547 INFO:teuthology.orchestra.run.smithi123.stdout:/usr/bin/ceph: stderr
2024-08-18T21:58:41.264+0000 7f413bfff640 1 --2- 172.21.15.123:0/2414883227 >> [v2:172.21.15.123:6800/1909168969,v1:172.21.15.123:6801/1909168969] conn(0x7f412c038f20 0x7f412c03b3e0 unknown :-1 s=BANNER_CONNECTING pgs=0 cs=0 l=1 rev1=0 crypto rx=0 tx=0 comp rx=0 tx=0)._handle_peer_banner_payload supported=3 required=0
2024-08-18T21:58:42.547 INFO:teuthology.orchestra.run.smithi123.stdout:/usr/bin/ceph: stderr
2024-08-18T21:58:41.264+0000 7f413bfff640 1 --2- 172.21.15.123:0/2414883227 >> [v2:172.21.15.123:6800/1909168969,v1:172.21.15.123:6801/1909168969] conn(0x7f412c038f20 0x7f412c03b3e0 secure :-1 s=READY pgs=8 cs=0 l=1 rev1=1 crypto rx=0x7f41280098c0 tx=0x7f4128006db0 comp rx=0 tx=0).ready entity=mgr.14100 client_cookie=0 server_cookie=0 in_seq=0 out_seq=0
2024-08-18T21:58:42.547 INFO:teuthology.orchestra.run.smithi123.stdout:/usr/bin/ceph: stderr
2024-08-18T21:58:41.268+0000 7f4139ffb640 1 -- 172.21.15.123:0/2414883227 <== mon.0 v2:172.21.15.123:3300/0 6 ==== mon_command_ack([{"prefix": "get_command_descriptions"}]=0 v0) ==== 72+0+187871 (secure 0 0 0) 0x7f413006ba00 con 0x7f413c1072e0
2024-08-18T21:58:42.547 INFO:teuthology.orchestra.run.smithi123.stdout:/usr/bin/ceph: stderr
2024-08-18T21:58:41.480+0000 7f4142d11640 1 -- 172.21.15.123:0/2414883227 --> [v2:172.21.15.123:3300/0,v1:172.21.15.123:6789/0] -- mon_command({"prefix": "mgr module enable", "module": "cephadm"} v 0) -- 0x7f413c19edd0 con 0x7f413c1072e0
2024-08-18T21:58:42.548 INFO:teuthology.orchestra.run.smithi123.stdout:/usr/bin/ceph: stderr
2024-08-18T21:58:41.929+0000 7f4139ffb640 1 -- 172.21.15.123:0/2414883227 <== mon.0 v2:172.21.15.123:3300/0 7 ==== mon_command_ack([{"prefix": "mgr module enable", "module": "cephadm"}]=0 v5) ==== 86+0+0 (secure 0 0 0) 0x7f413003cd50 con 0x7f413c1072e0
2024-08-18T21:58:42.548 INFO:teuthology.orchestra.run.smithi123.stdout:/usr/bin/ceph: stderr
2024-08-18T21:58:41.931+0000 7f4139ffb640 1 -- 172.21.15.123:0/2414883227 <== mon.0 v2:172.21.15.123:3300/0 8 ==== mgrmap(e 5) ==== 46287+0+0 (secure 0 0 0) 0x7f413003c830 con 0x7f413c1072e0
2024-08-18T21:58:42.548 INFO:teuthology.orchestra.run.smithi123.stdout:/usr/bin/ceph: stderr
2024-08-18T21:58:41.932+0000 7f4142d11640 1 -- 172.21.15.123:0/2414883227 >> [v2:172.21.15.123:6800/1909168969,v1:172.21.15.123:6801/1909168969] conn(0x7f412c038f20 msgr2=0x7f412c03b3e0 secure :-1 s=STATE_CONNECTION_ESTABLISHED l=1).mark_down
2024-08-18T21:58:42.548 INFO:teuthology.orchestra.run.smithi123.stdout:/usr/bin/ceph: stderr
2024-08-18T21:58:41.932+0000 7f4142d11640 1 --2- 172.21.15.123:0/2414883227 >> [v2:172.21.15.123:6800/1909168969,v1:172.21.15.123:6801/1909168969] conn(0x7f412c038f20 0x7f412c03b3e0 secure :-1 s=READY pgs=8 cs=0 l=1 rev1=1 crypto rx=0x7f41280098c0 tx=0x7f4128006db0 comp rx=0 tx=0).stop
2024-08-18T21:58:42.548 INFO:teuthology.orchestra.run.smithi123.stdout:/usr/bin/ceph: stderr
2024-08-18T21:58:41.932+0000 7f4142d11640 1 -- 172.21.15.123:0/2414883227 >> [v2:172.21.15.123:3300/0,v1:172.21.15.123:6789/0] conn(0x7f413c1072e0 msgr2=0x7f413c19b290 secure :-1 s=STATE_CONNECTION_ESTABLISHED l=1).mark_down
2024-08-18T21:58:42.548 INFO:teuthology.orchestra.run.smithi123.stdout:/usr/bin/ceph: stderr
2024-08-18T21:58:41.932+0000 7f4142d11640 1 --2- 172.21.15.123:0/2414883227 >> [v2:172.21.15.123:3300/0,v1:172.21.15.123:6789/0] conn(0x7f413c1072e0 0x7f413c19b290 secure :-1 s=READY pgs=21 cs=0 l=1 rev1=1 crypto rx=0x7f4130032ce0 tx=0x7f4130032d10 comp rx=0 tx=0).stop
2024-08-18T21:58:42.548 INFO:teuthology.orchestra.run.smithi123.stdout:/usr/bin/ceph: stderr
2024-08-18T21:58:41.933+0000 7f4142d11640 1 -- 172.21.15.123:0/2414883227 shutdown_connections
2024-08-18T21:58:42.548 INFO:teuthology.orchestra.run.smithi123.stdout:/usr/bin/ceph: stderr
2024-08-18T21:58:41.933+0000 7f4142d11640 1 --2- 172.21.15.123:0/2414883227 >> [v2:172.21.15.123:6800/1909168969,v1:172.21.15.123:6801/1909168969] conn(0x7f412c038f20 0x7f412c03b3e0 unknown :-1 s=CLOSED pgs=8 cs=0 l=1 rev1=1 crypto rx=0 tx=0 comp rx=0 tx=0).stop
2024-08-18T21:58:42.548 INFO:teuthology.orchestra.run.smithi123.stdout:/usr/bin/ceph: stderr
2024-08-18T21:58:41.933+0000 7f4142d11640 1 --2- 172.21.15.123:0/2414883227 >> [v2:172.21.15.123:3300/0,v1:172.21.15.123:6789/0] conn(0x7f413c1072e0 0x7f413c19b290 unknown :-1 s=CLOSED pgs=21 cs=0 l=1 rev1=1 crypto rx=0 tx=0 comp rx=0 tx=0).stop
2024-08-18T21:58:42.548 INFO:teuthology.orchestra.run.smithi123.stdout:/usr/bin/ceph: stderr
2024-08-18T21:58:41.933+0000 7f4142d11640 1 -- 172.21.15.123:0/2414883227 >> 172.21.15.123:0/2414883227 conn(0x7f413c102b30 msgr2=0x7f413c103660 unknown :-1 s=STATE_NONE l=0).mark_down
2024-08-18T21:58:42.548 INFO:teuthology.orchestra.run.smithi123.stdout:/usr/bin/ceph: stderr
2024-08-18T21:58:41.933+0000 7f4142d11640 1 -- 172.21.15.123:0/2414883227 shutdown_connections
2024-08-18T21:58:42.548 INFO:teuthology.orchestra.run.smithi123.stdout:/usr/bin/ceph: stderr
2024-08-18T21:58:41.933+0000 7f4142d11640 1 -- 172.21.15.123:0/2414883227 wait complete.
2024-08-18T21:58:42.795 INFO:journalctl@ceph.mgr.x.smithi123.stdout:Aug 18 21:58:42 smithi123 ceph-dfa1db70-5dac-11ef-bccf-c7b262605968-mgr-x[18689]:
2024-08-18T21:58:42.525+0000 7fe4f7439040 -1 mgr[py] Module nfs has missing NOTIFY_TYPES member
2024-08-18T21:58:42.795 INFO:journalctl@ceph.mgr.x.smithi123.stdout:Aug 18 21:58:42 smithi123 ceph-dfa1db70-5dac-11ef-bccf-c7b262605968-mgr-x[18689]:
2024-08-18T21:58:42.674+0000 7fe4f7439040 -1 mgr[py] Module rbd_support has missing NOTIFY_TYPES member
2024-08-18T21:58:43.208 INFO:journalctl@ceph.mon.a.smithi123.stdout:Aug 18 21:58:42 smithi123 ceph-mon[18462]: from='client.? 172.21.15.123:0/2414883227' entity='client.admin' cmd='[{"prefix": "mgr module enable", "module": "cephadm"}]': finished
2024-08-18T21:58:43.208 INFO:journalctl@ceph.mon.a.smithi123.stdout:Aug 18 21:58:42 smithi123 ceph-mon[18462]: mgrmap e5: x(active, since 5s)
2024-08-18T21:58:43.208 INFO:journalctl@ceph.mgr.x.smithi123.stdout:Aug 18 21:58:42 smithi123 ceph-dfa1db70-5dac-11ef-bccf-c7b262605968-mgr-x[18689]:
2024-08-18T21:58:42.800+0000 7fe4f7439040 -1 mgr[py] Module status has missing NOTIFY_TYPES member
2024-08-18T21:58:43.208 INFO:journalctl@ceph.mgr.x.smithi123.stdout:Aug 18 21:58:42 smithi123 ceph-dfa1db70-5dac-11ef-bccf-c7b262605968-mgr-x[18689]:
2024-08-18T21:58:42.925+0000 7fe4f7439040 -1 mgr[py] Module telemetry has missing NOTIFY_TYPES member
2024-08-18T21:58:43.208 INFO:journalctl@ceph.mgr.x.smithi123.stdout:Aug 18 21:58:42 smithi123 ceph-dfa1db70-5dac-11ef-bccf-c7b262605968-mgr-x[18689]:
2024-08-18T21:58:42.984+0000 7fe4f7439040 -1 mgr[py] Module iostat has missing NOTIFY_TYPES member
2024-08-18T21:58:43.510 INFO:journalctl@ceph.mgr.x.smithi123.stdout:Aug 18 21:58:43 smithi123 ceph-dfa1db70-5dac-11ef-bccf-c7b262605968-mgr-x[18689]:
2024-08-18T21:58:43.301+0000 7fe4f7439040 -1 mgr[py] Module osd_perf_query has missing NOTIFY_TYPES member
2024-08-18T21:58:43.510 INFO:journalctl@ceph.mgr.x.smithi123.stdout:Aug 18 21:58:43 smithi123 ceph-dfa1db70-5dac-11ef-bccf-c7b262605968-mgr-x[18689]:
2024-08-18T21:58:43.363+0000 7fe4f7439040 -1 mgr[py] Module devicehealth has missing NOTIFY_TYPES member
2024-08-18T21:58:43.510 INFO:journalctl@ceph.mgr.x.smithi123.stdout:Aug 18 21:58:43 smithi123 ceph-dfa1db70-5dac-11ef-bccf-c7b262605968-mgr-x[18689]:
2024-08-18T21:58:43.434+0000 7fe4f7439040 -1 mgr[py] Module balancer has missing NOTIFY_TYPES member
2024-08-18T21:58:43.813 INFO:teuthology.orchestra.run.smithi123.stdout:/usr/bin/ceph: stdout {
2024-08-18T21:58:43.813 INFO:teuthology.orchestra.run.smithi123.stdout:/usr/bin/ceph: stdout "epoch": 5,
2024-08-18T21:58:43.813 INFO:teuthology.orchestra.run.smithi123.stdout:/usr/bin/ceph: stdout "available": true,
2024-08-18T21:58:43.813 INFO:teuthology.orchestra.run.smithi123.stdout:/usr/bin/ceph: stdout "active_name": "x",
2024-08-18T21:58:43.813 INFO:teuthology.orchestra.run.smithi123.stdout:/usr/bin/ceph: stdout "num_standby": 0
2024-08-18T21:58:43.813 INFO:teuthology.orchestra.run.smithi123.stdout:/usr/bin/ceph: stdout }
2024-08-18T21:58:43.813 INFO:teuthology.orchestra.run.smithi123.stdout:/usr/bin/ceph: stderr
2024-08-18T21:58:43.001+0000 7fbbac867640 1 Processor -- start
2024-08-18T21:58:43.813 INFO:teuthology.orchestra.run.smithi123.stdout:/usr/bin/ceph: stderr
2024-08-18T21:58:43.001+0000 7fbbac867640 1 -- start start
2024-08-18T21:58:43.813 INFO:teuthology.orchestra.run.smithi123.stdout:/usr/bin/ceph: stderr
2024-08-18T21:58:43.001+0000 7fbbac867640 1 --2- >> [v2:172.21.15.123:3300/0,v1:172.21.15.123:6789/0] conn(0x7fbba8107d40 0x7fbba810a130 unknown :-1 s=NONE pgs=0 cs=0 l=0 rev1=0 crypto rx=0 tx=0 comp rx=0 tx=0).connect
2024-08-18T21:58:43.814 INFO:teuthology.orchestra.run.smithi123.stdout:/usr/bin/ceph: stderr
2024-08-18T21:58:43.001+0000 7fbbac867640 1 -- --> [v2:172.21.15.123:3300/0,v1:172.21.15.123:6789/0] -- mon_getmap magic: 0 -- 0x7fbba80755b0 con 0x7fbba8107d40
2024-08-18T21:58:43.814 INFO:teuthology.orchestra.run.smithi123.stdout:/usr/bin/ceph: stderr
2024-08-18T21:58:43.001+0000 7fbba659c640 1 --2- >> [v2:172.21.15.123:3300/0,v1:172.21.15.123:6789/0] conn(0x7fbba8107d40 0x7fbba810a130 unknown :-1 s=BANNER_CONNECTING pgs=0 cs=0 l=0 rev1=0 crypto rx=0 tx=0 comp rx=0 tx=0)._handle_peer_banner_payload supported=3 required=0
2024-08-18T21:58:43.814 INFO:teuthology.orchestra.run.smithi123.stdout:/usr/bin/ceph: stderr
2024-08-18T21:58:43.001+0000 7fbba659c640 1 --2- >> [v2:172.21.15.123:3300/0,v1:172.21.15.123:6789/0] conn(0x7fbba8107d40 0x7fbba810a130 unknown :-1 s=HELLO_CONNECTING pgs=0 cs=0 l=0 rev1=1 crypto rx=0 tx=0 comp rx=0 tx=0).handle_hello peer v2:172.21.15.123:3300/0 says I am v2:172.21.15.123:45642/0 (socket says 172.21.15.123:45642)
2024-08-18T21:58:43.814 INFO:teuthology.orchestra.run.smithi123.stdout:/usr/bin/ceph: stderr
2024-08-18T21:58:43.001+0000 7fbba659c640 1 -- 172.21.15.123:0/2757207181 learned_addr learned my addr 172.21.15.123:0/2757207181 (peer_addr_for_me v2:172.21.15.123:0/0)
2024-08-18T21:58:43.814 INFO:teuthology.orchestra.run.smithi123.stdout:/usr/bin/ceph: stderr
2024-08-18T21:58:43.001+0000 7fbba659c640 1 -- 172.21.15.123:0/2757207181 --> [v2:172.21.15.123:3300/0,v1:172.21.15.123:6789/0] -- mon_subscribe({config=0+,monmap=0+}) -- 0x7fbba810a670 con 0x7fbba8107d40
2024-08-18T21:58:43.814 INFO:teuthology.orchestra.run.smithi123.stdout:/usr/bin/ceph: stderr
2024-08-18T21:58:43.002+0000 7fbba659c640 1 --2- 172.21.15.123:0/2757207181 >> [v2:172.21.15.123:3300/0,v1:172.21.15.123:6789/0] conn(0x7fbba8107d40 0x7fbba810a130 secure :-1 s=READY pgs=24 cs=0 l=1 rev1=1 crypto rx=0x7fbb98009820 tx=0x7fbb9802a270 comp rx=0 tx=0).ready entity=mon.0 client_cookie=47268012c4abcc6d server_cookie=0 in_seq=0 out_seq=0
2024-08-18T21:58:43.814 INFO:teuthology.orchestra.run.smithi123.stdout:/usr/bin/ceph: stderr
2024-08-18T21:58:43.002+0000 7fbba559a640 1 -- 172.21.15.123:0/2757207181 <== mon.0 v2:172.21.15.123:3300/0 1 ==== mon_map magic: 0 ==== 205+0+0 (secure 0 0 0) 0x7fbb98037070 con 0x7fbba8107d40
2024-08-18T21:58:43.814 INFO:teuthology.orchestra.run.smithi123.stdout:/usr/bin/ceph: stderr
2024-08-18T21:58:43.002+0000 7fbba559a640 1 -- 172.21.15.123:0/2757207181 <== mon.0 v2:172.21.15.123:3300/0 2 ==== config(27 keys) ==== 1109+0+0 (secure 0 0 0) 0x7fbb98032900 con 0x7fbba8107d40
2024-08-18T21:58:43.814 INFO:teuthology.orchestra.run.smithi123.stdout:/usr/bin/ceph: stderr
2024-08-18T21:58:43.002+0000 7fbba559a640 1 -- 172.21.15.123:0/2757207181 <== mon.0 v2:172.21.15.123:3300/0 3 ==== mon_map magic: 0 ==== 205+0+0 (secure 0 0 0) 0x7fbb98030850 con 0x7fbba8107d40
2024-08-18T21:58:43.814 INFO:teuthology.orchestra.run.smithi123.stdout:/usr/bin/ceph: stderr
2024-08-18T21:58:43.003+0000 7fbbac867640 1 -- 172.21.15.123:0/2757207181 >> [v2:172.21.15.123:3300/0,v1:172.21.15.123:6789/0] conn(0x7fbba8107d40 msgr2=0x7fbba810a130 secure :-1 s=STATE_CONNECTION_ESTABLISHED l=1).mark_down
2024-08-18T21:58:43.814 INFO:teuthology.orchestra.run.smithi123.stdout:/usr/bin/ceph: stderr
2024-08-18T21:58:43.003+0000 7fbbac867640 1 --2- 172.21.15.123:0/2757207181 >> [v2:172.21.15.123:3300/0,v1:172.21.15.123:6789/0] conn(0x7fbba8107d40 0x7fbba810a130 secure :-1 s=READY pgs=24 cs=0 l=1 rev1=1 crypto rx=0x7fbb98009820 tx=0x7fbb9802a270 comp rx=0 tx=0).stop
2024-08-18T21:58:43.814 INFO:teuthology.orchestra.run.smithi123.stdout:/usr/bin/ceph: stderr
2024-08-18T21:58:43.003+0000 7fbbac867640 1 -- 172.21.15.123:0/2757207181 shutdown_connections
2024-08-18T21:58:43.814 INFO:teuthology.orchestra.run.smithi123.stdout:/usr/bin/ceph: stderr
2024-08-18T21:58:43.003+0000 7fbbac867640 1 --2- 172.21.15.123:0/2757207181 >> [v2:172.21.15.123:3300/0,v1:172.21.15.123:6789/0] conn(0x7fbba8107d40 0x7fbba810a130 unknown :-1 s=CLOSED pgs=24 cs=0 l=1 rev1=1 crypto rx=0 tx=0 comp rx=0 tx=0).stop
2024-08-18T21:58:43.815 INFO:teuthology.orchestra.run.smithi123.stdout:/usr/bin/ceph: stderr
2024-08-18T21:58:43.003+0000 7fbbac867640 1 -- 172.21.15.123:0/2757207181 >> 172.21.15.123:0/2757207181 conn(0x7fbba8101980 msgr2=0x7fbba8103da0 unknown :-1 s=STATE_NONE l=0).mark_down
2024-08-18T21:58:43.815 INFO:teuthology.orchestra.run.smithi123.stdout:/usr/bin/ceph: stderr
2024-08-18T21:58:43.003+0000 7fbbac867640 1 -- 172.21.15.123:0/2757207181 shutdown_connections
2024-08-18T21:58:43.815 INFO:teuthology.orchestra.run.smithi123.stdout:/usr/bin/ceph: stderr
2024-08-18T21:58:43.003+0000 7fbbac867640 1 -- 172.21.15.123:0/2757207181 wait complete.
2024-08-18T21:58:43.815 INFO:teuthology.orchestra.run.smithi123.stdout:/usr/bin/ceph: stderr
2024-08-18T21:58:43.004+0000 7fbbac867640 1 Processor -- start
2024-08-18T21:58:43.815 INFO:teuthology.orchestra.run.smithi123.stdout:/usr/bin/ceph: stderr
2024-08-18T21:58:43.004+0000 7fbbac867640 1 -- start start
2024-08-18T21:58:43.815 INFO:teuthology.orchestra.run.smithi123.stdout:/usr/bin/ceph: stderr
2024-08-18T21:58:43.004+0000 7fbbac867640 1 --2- >> [v2:172.21.15.123:3300/0,v1:172.21.15.123:6789/0] conn(0x7fbba8107d40 0x7fbba819b2d0 unknown :-1 s=NONE pgs=0 cs=0 l=1 rev1=0 crypto rx=0 tx=0 comp rx=0 tx=0).connect
2024-08-18T21:58:43.815 INFO:teuthology.orchestra.run.smithi123.stdout:/usr/bin/ceph: stderr
2024-08-18T21:58:43.004+0000 7fbbac867640 1 -- --> [v2:172.21.15.123:3300/0,v1:172.21.15.123:6789/0] -- mon_getmap magic: 0 -- 0x7fbba810b710 con 0x7fbba8107d40
2024-08-18T21:58:43.815 INFO:teuthology.orchestra.run.smithi123.stdout:/usr/bin/ceph: stderr
2024-08-18T21:58:43.004+0000 7fbba659c640 1 --2- >> [v2:172.21.15.123:3300/0,v1:172.21.15.123:6789/0] conn(0x7fbba8107d40 0x7fbba819b2d0 unknown :-1 s=BANNER_CONNECTING pgs=0 cs=0 l=1 rev1=0 crypto rx=0 tx=0 comp rx=0 tx=0)._handle_peer_banner_payload supported=3 required=0
2024-08-18T21:58:43.815 INFO:teuthology.orchestra.run.smithi123.stdout:/usr/bin/ceph: stderr
2024-08-18T21:58:43.004+0000 7fbba659c640 1 --2- >> [v2:172.21.15.123:3300/0,v1:172.21.15.123:6789/0] conn(0x7fbba8107d40 0x7fbba819b2d0 unknown :-1 s=HELLO_CONNECTING pgs=0 cs=0 l=1 rev1=1 crypto rx=0 tx=0 comp rx=0 tx=0).handle_hello peer v2:172.21.15.123:3300/0 says I am v2:172.21.15.123:45644/0 (socket says 172.21.15.123:45644)
2024-08-18T21:58:43.816 INFO:teuthology.orchestra.run.smithi123.stdout:/usr/bin/ceph: stderr
2024-08-18T21:58:43.004+0000 7fbba659c640 1 -- 172.21.15.123:0/2198775144 learned_addr learned my addr 172.21.15.123:0/2198775144 (peer_addr_for_me v2:172.21.15.123:0/0)
2024-08-18T21:58:43.816 INFO:teuthology.orchestra.run.smithi123.stdout:/usr/bin/ceph: stderr
2024-08-18T21:58:43.004+0000 7fbba659c640 1 -- 172.21.15.123:0/2198775144 --> [v2:172.21.15.123:3300/0,v1:172.21.15.123:6789/0] -- mon_subscribe({config=0+,monmap=0+}) -- 0x7fbba819b810 con 0x7fbba8107d40
2024-08-18T21:58:43.816 INFO:teuthology.orchestra.run.smithi123.stdout:/usr/bin/ceph: stderr
2024-08-18T21:58:43.005+0000 7fbba659c640 1 --2- 172.21.15.123:0/2198775144 >> [v2:172.21.15.123:3300/0,v1:172.21.15.123:6789/0] conn(0x7fbba8107d40 0x7fbba819b2d0 secure :-1 s=READY pgs=25 cs=0 l=1 rev1=1 crypto rx=0x7fbb98032ce0 tx=0x7fbb98032d10 comp rx=0 tx=0).ready entity=mon.0 client_cookie=0 server_cookie=0 in_seq=0 out_seq=0
2024-08-18T21:58:43.816 INFO:teuthology.orchestra.run.smithi123.stdout:/usr/bin/ceph: stderr
2024-08-18T21:58:43.005+0000 7fbb977fe640 1 -- 172.21.15.123:0/2198775144 <== mon.0 v2:172.21.15.123:3300/0 1 ==== mon_map magic: 0 ==== 205+0+0 (secure 0 0 0) 0x7fbb98042070 con 0x7fbba8107d40
2024-08-18T21:58:43.816 INFO:teuthology.orchestra.run.smithi123.stdout:/usr/bin/ceph: stderr
2024-08-18T21:58:43.005+0000 7fbbac867640 1 -- 172.21.15.123:0/2198775144 --> [v2:172.21.15.123:3300/0,v1:172.21.15.123:6789/0] -- mon_subscribe({mgrmap=0+}) -- 0x7fbba819baa0 con 0x7fbba8107d40
2024-08-18T21:58:43.816 INFO:teuthology.orchestra.run.smithi123.stdout:/usr/bin/ceph: stderr
2024-08-18T21:58:43.005+0000 7fbb977fe640 1 -- 172.21.15.123:0/2198775144 <== mon.0 v2:172.21.15.123:3300/0 2 ==== config(27 keys) ==== 1109+0+0 (secure 0 0 0) 0x7fbb980308c0 con 0x7fbba8107d40
2024-08-18T21:58:43.816 INFO:teuthology.orchestra.run.smithi123.stdout:/usr/bin/ceph: stderr
2024-08-18T21:58:43.005+0000 7fbbac867640 1 -- 172.21.15.123:0/2198775144 --> [v2:172.21.15.123:3300/0,v1:172.21.15.123:6789/0] -- mon_subscribe({osdmap=0}) -- 0x7fbba819e790 con 0x7fbba8107d40
2024-08-18T21:58:43.816 INFO:teuthology.orchestra.run.smithi123.stdout:/usr/bin/ceph: stderr
2024-08-18T21:58:43.005+0000 7fbb977fe640 1 -- 172.21.15.123:0/2198775144 <== mon.0 v2:172.21.15.123:3300/0 3 ==== mon_map magic: 0 ==== 205+0+0 (secure 0 0 0) 0x7fbb98037040 con 0x7fbba8107d40
2024-08-18T21:58:43.816 INFO:teuthology.orchestra.run.smithi123.stdout:/usr/bin/ceph: stderr
2024-08-18T21:58:43.006+0000 7fbbac867640 1 -- 172.21.15.123:0/2198775144 --> [v2:172.21.15.123:3300/0,v1:172.21.15.123:6789/0] -- mon_command({"prefix": "get_command_descriptions"} v 0) -- 0x7fbba81081a0 con 0x7fbba8107d40
2024-08-18T21:58:43.816 INFO:teuthology.orchestra.run.smithi123.stdout:/usr/bin/ceph: stderr
2024-08-18T21:58:43.006+0000 7fbb977fe640 1 -- 172.21.15.123:0/2198775144 <== mon.0 v2:172.21.15.123:3300/0 4 ==== mgrmap(e 5) ==== 46287+0+0 (secure 0 0 0) 0x7fbb98045070 con 0x7fbba8107d40
2024-08-18T21:58:43.816 INFO:teuthology.orchestra.run.smithi123.stdout:/usr/bin/ceph: stderr
2024-08-18T21:58:43.006+0000 7fbb977fe640 1 --2- 172.21.15.123:0/2198775144 >> [v2:172.21.15.123:6800/1909168969,v1:172.21.15.123:6801/1909168969] conn(0x7fbb90039150 0x7fbb9003b610 unknown :-1 s=NONE pgs=0 cs=0 l=1 rev1=0 crypto rx=0 tx=0 comp rx=0 tx=0).connect
2024-08-18T21:58:43.816 INFO:teuthology.orchestra.run.smithi123.stdout:/usr/bin/ceph: stderr
2024-08-18T21:58:43.006+0000 7fbb977fe640 1 -- 172.21.15.123:0/2198775144 <== mon.0 v2:172.21.15.123:3300/0 5 ==== osd_map(1..1 src has 1..1) ==== 725+0+0 (secure 0 0 0) 0x7fbb9806bee0 con 0x7fbba8107d40
2024-08-18T21:58:43.817 INFO:teuthology.orchestra.run.smithi123.stdout:/usr/bin/ceph: stderr
2024-08-18T21:58:43.006+0000 7fbba5d9b640 1 -- 172.21.15.123:0/2198775144 >> [v2:172.21.15.123:6800/1909168969,v1:172.21.15.123:6801/1909168969] conn(0x7fbb90039150 msgr2=0x7fbb9003b610 unknown :-1 s=STATE_CONNECTING_RE l=1).process reconnect failed to v2:172.21.15.123:6800/1909168969
2024-08-18T21:58:43.817 INFO:teuthology.orchestra.run.smithi123.stdout:/usr/bin/ceph: stderr
2024-08-18T21:58:43.006+0000 7fbba5d9b640 1 --2- 172.21.15.123:0/2198775144 >> [v2:172.21.15.123:6800/1909168969,v1:172.21.15.123:6801/1909168969] conn(0x7fbb90039150 0x7fbb9003b610 unknown :-1 s=START_CONNECT pgs=0 cs=0 l=1 rev1=0 crypto rx=0 tx=0 comp rx=0 tx=0)._fault waiting 0.200000
2024-08-18T21:58:43.817 INFO:teuthology.orchestra.run.smithi123.stdout:/usr/bin/ceph: stderr
2024-08-18T21:58:43.011+0000 7fbb977fe640 1 -- 172.21.15.123:0/2198775144 <== mon.0 v2:172.21.15.123:3300/0 6 ==== mon_command_ack([{"prefix": "get_command_descriptions"}]=0 v0) ==== 72+0+187871 (secure 0 0 0) 0x7fbb9806b900 con 0x7fbba8107d40
2024-08-18T21:58:43.817 INFO:teuthology.orchestra.run.smithi123.stdout:/usr/bin/ceph: stderr
2024-08-18T21:58:43.207+0000 7fbba5d9b640 1 -- 172.21.15.123:0/2198775144 >> [v2:172.21.15.123:6800/1909168969,v1:172.21.15.123:6801/1909168969] conn(0x7fbb90039150 msgr2=0x7fbb9003b610 unknown :-1 s=STATE_CONNECTING_RE l=1).process reconnect failed to v2:172.21.15.123:6800/1909168969
2024-08-18T21:58:43.817 INFO:teuthology.orchestra.run.smithi123.stdout:/usr/bin/ceph: stderr
2024-08-18T21:58:43.207+0000 7fbba5d9b640 1 --2- 172.21.15.123:0/2198775144 >> [v2:172.21.15.123:6800/1909168969,v1:172.21.15.123:6801/1909168969] conn(0x7fbb90039150 0x7fbb9003b610 unknown :-1 s=START_CONNECT pgs=0 cs=0 l=1 rev1=0 crypto rx=0 tx=0 comp rx=0 tx=0)._fault waiting 0.400000
2024-08-18T21:58:43.817 INFO:teuthology.orchestra.run.smithi123.stdout:/usr/bin/ceph: stderr
2024-08-18T21:58:43.230+0000 7fbbac867640 1 -- 172.21.15.123:0/2198775144 --> [v2:172.21.15.123:3300/0,v1:172.21.15.123:6789/0] -- mon_command({"prefix": "mgr stat"} v 0) -- 0x7fbba819e960 con 0x7fbba8107d40
2024-08-18T21:58:43.817 INFO:teuthology.orchestra.run.smithi123.stdout:/usr/bin/ceph: stderr
2024-08-18T21:58:43.230+0000 7fbb977fe640 1 -- 172.21.15.123:0/2198775144 <== mon.0 v2:172.21.15.123:3300/0 7 ==== mon_command_ack([{"prefix": "mgr stat"}]=0 v5) ==== 56+0+88 (secure 0 0 0) 0x7fbba819e960 con 0x7fbba8107d40
2024-08-18T21:58:43.817 INFO:teuthology.orchestra.run.smithi123.stdout:/usr/bin/ceph: stderr
2024-08-18T21:58:43.232+0000 7fbbac867640 1 -- 172.21.15.123:0/2198775144 >> [v2:172.21.15.123:6800/1909168969,v1:172.21.15.123:6801/1909168969] conn(0x7fbb90039150 msgr2=0x7fbb9003b610 unknown :-1 s=STATE_CONNECTING l=1).mark_down
2024-08-18T21:58:43.817 INFO:teuthology.orchestra.run.smithi123.stdout:/usr/bin/ceph: stderr
2024-08-18T21:58:43.232+0000 7fbbac867640 1 --2- 172.21.15.123:0/2198775144 >> [v2:172.21.15.123:6800/1909168969,v1:172.21.15.123:6801/1909168969] conn(0x7fbb90039150 0x7fbb9003b610 unknown :-1 s=START_CONNECT pgs=0 cs=0 l=1 rev1=0 crypto rx=0 tx=0 comp rx=0 tx=0).stop
2024-08-18T21:58:43.817 INFO:teuthology.orchestra.run.smithi123.stdout:/usr/bin/ceph: stderr
2024-08-18T21:58:43.232+0000 7fbbac867640 1 -- 172.21.15.123:0/2198775144 >> [v2:172.21.15.123:3300/0,v1:172.21.15.123:6789/0] conn(0x7fbba8107d40 msgr2=0x7fbba819b2d0 secure :-1 s=STATE_CONNECTION_ESTABLISHED l=1).mark_down
2024-08-18T21:58:43.817 INFO:teuthology.orchestra.run.smithi123.stdout:/usr/bin/ceph: stderr
2024-08-18T21:58:43.232+0000 7fbbac867640 1 --2- 172.21.15.123:0/2198775144 >> [v2:172.21.15.123:3300/0,v1:172.21.15.123:6789/0] conn(0x7fbba8107d40 0x7fbba819b2d0 secure :-1 s=READY pgs=25 cs=0 l=1 rev1=1 crypto rx=0x7fbb98032ce0 tx=0x7fbb98032d10 comp rx=0 tx=0).stop
2024-08-18T21:58:43.817 INFO:teuthology.orchestra.run.smithi123.stdout:/usr/bin/ceph: stderr
2024-08-18T21:58:43.232+0000 7fbbac867640 1 -- 172.21.15.123:0/2198775144 shutdown_connections
2024-08-18T21:58:43.817 INFO:teuthology.orchestra.run.smithi123.stdout:/usr/bin/ceph: stderr
2024-08-18T21:58:43.232+0000 7fbbac867640 1 --2- 172.21.15.123:0/2198775144 >> [v2:172.21.15.123:6800/1909168969,v1:172.21.15.123:6801/1909168969] conn(0x7fbb90039150 0x7fbb9003b610 unknown :-1 s=CLOSED pgs=0 cs=0 l=1 rev1=0 crypto rx=0 tx=0 comp rx=0 tx=0).stop
2024-08-18T21:58:43.818 INFO:teuthology.orchestra.run.smithi123.stdout:/usr/bin/ceph: stderr
