2024-08-18T21:58:43.232+0000 7fbbac867640 1 --2- 172.21.15.123:0/2198775144 >> [v2:172.21.15.123:3300/0,v1:172.21.15.123:6789/0] conn(0x7fbba8107d40 0x7fbba819b2d0 unknown :-1 s=CLOSED pgs=25 cs=0 l=1 rev1=1 crypto rx=0 tx=0 comp rx=0 tx=0).stop
2024-08-18T21:58:43.818 INFO:teuthology.orchestra.run.smithi123.stdout:/usr/bin/ceph: stderr
2024-08-18T21:58:43.232+0000 7fbbac867640 1 -- 172.21.15.123:0/2198775144 >> 172.21.15.123:0/2198775144 conn(0x7fbba8101980 msgr2=0x7fbba81024c0 unknown :-1 s=STATE_NONE l=0).mark_down
2024-08-18T21:58:43.818 INFO:teuthology.orchestra.run.smithi123.stdout:/usr/bin/ceph: stderr
2024-08-18T21:58:43.232+0000 7fbbac867640 1 -- 172.21.15.123:0/2198775144 shutdown_connections
2024-08-18T21:58:43.818 INFO:teuthology.orchestra.run.smithi123.stdout:/usr/bin/ceph: stderr
2024-08-18T21:58:43.232+0000 7fbbac867640 1 -- 172.21.15.123:0/2198775144 wait complete.
2024-08-18T21:58:43.818 INFO:teuthology.orchestra.run.smithi123.stdout:Waiting for the mgr to restart...
2024-08-18T21:58:43.818 INFO:teuthology.orchestra.run.smithi123.stdout:Waiting for mgr epoch 5...
2024-08-18T21:58:43.901 INFO:journalctl@ceph.mgr.x.smithi123.stdout:Aug 18 21:58:43 smithi123 ceph-dfa1db70-5dac-11ef-bccf-c7b262605968-mgr-x[18689]:
2024-08-18T21:58:43.582+0000 7fe4f7439040 -1 mgr[py] Module diskprediction_local has missing NOTIFY_TYPES member
2024-08-18T21:58:43.901 INFO:journalctl@ceph.mgr.x.smithi123.stdout:Aug 18 21:58:43 smithi123 ceph-dfa1db70-5dac-11ef-bccf-c7b262605968-mgr-x[18689]:
2024-08-18T21:58:43.640+0000 7fe4f7439040 -1 mgr[py] Module telegraf has missing NOTIFY_TYPES member
2024-08-18T21:58:43.901 INFO:journalctl@ceph.mgr.x.smithi123.stdout:Aug 18 21:58:43 smithi123 ceph-dfa1db70-5dac-11ef-bccf-c7b262605968-mgr-x[18689]:
2024-08-18T21:58:43.707+0000 7fe4f7439040 -1 mgr[py] Module crash has missing NOTIFY_TYPES member
2024-08-18T21:58:43.901 INFO:journalctl@ceph.mgr.x.smithi123.stdout:Aug 18 21:58:43 smithi123 ceph-dfa1db70-5dac-11ef-bccf-c7b262605968-mgr-x[18689]:
2024-08-18T21:58:43.900+0000 7fe4f7439040 -1 mgr[py] Module volumes has missing NOTIFY_TYPES member
2024-08-18T21:58:44.179 INFO:journalctl@ceph.mon.a.smithi123.stdout:Aug 18 21:58:43 smithi123 ceph-mon[18462]: from='client.? 172.21.15.123:0/2198775144' entity='client.admin' cmd=[{"prefix": "mgr stat"}]: dispatch
2024-08-18T21:58:44.179 INFO:journalctl@ceph.mgr.x.smithi123.stdout:Aug 18 21:58:43 smithi123 ceph-dfa1db70-5dac-11ef-bccf-c7b262605968-mgr-x[18689]:
2024-08-18T21:58:43.962+0000 7fe4f7439040 -1 mgr[py] Module selftest has missing NOTIFY_TYPES member
2024-08-18T21:58:44.179 INFO:journalctl@ceph.mgr.x.smithi123.stdout:Aug 18 21:58:44 smithi123 ceph-dfa1db70-5dac-11ef-bccf-c7b262605968-mgr-x[18689]:
2024-08-18T21:58:44.021+0000 7fe4f7439040 -1 mgr[py] Module progress has missing NOTIFY_TYPES member
2024-08-18T21:58:44.179 INFO:journalctl@ceph.mgr.x.smithi123.stdout:Aug 18 21:58:44 smithi123 ceph-dfa1db70-5dac-11ef-bccf-c7b262605968-mgr-x[18689]:
2024-08-18T21:58:44.091+0000 7fe4f7439040 -1 mgr[py] Module alerts has missing NOTIFY_TYPES member
2024-08-18T21:58:44.464 INFO:journalctl@ceph.mgr.x.smithi123.stdout:Aug 18 21:58:44 smithi123 ceph-dfa1db70-5dac-11ef-bccf-c7b262605968-mgr-x[18689]:
2024-08-18T21:58:44.308+0000 7fe4f7439040 -1 mgr[py] Module snap_schedule has missing NOTIFY_TYPES member
2024-08-18T21:58:44.464 INFO:journalctl@ceph.mgr.x.smithi123.stdout:Aug 18 21:58:44 smithi123 ceph-dfa1db70-5dac-11ef-bccf-c7b262605968-mgr-x[18689]:
2024-08-18T21:58:44.366+0000 7fe4f7439040 -1 mgr[py] Module zabbix has missing NOTIFY_TYPES member
2024-08-18T21:58:45.177 INFO:journalctl@ceph.mgr.x.smithi123.stdout:Aug 18 21:58:44 smithi123 ceph-dfa1db70-5dac-11ef-bccf-c7b262605968-mgr-x[18689]:
2024-08-18T21:58:44.873+0000 7fe4f7439040 -1 mgr[py] Module test_orchestrator has missing NOTIFY_TYPES member
2024-08-18T21:58:45.510 INFO:journalctl@ceph.mgr.x.smithi123.stdout:Aug 18 21:58:45 smithi123 ceph-dfa1db70-5dac-11ef-bccf-c7b262605968-mgr-x[18689]:
2024-08-18T21:58:45.176+0000 7fe4f7439040 -1 mgr[py] Module prometheus has missing NOTIFY_TYPES member
2024-08-18T21:58:46.010 INFO:journalctl@ceph.mgr.x.smithi123.stdout:Aug 18 21:58:45 smithi123 ceph-dfa1db70-5dac-11ef-bccf-c7b262605968-mgr-x[18689]:
2024-08-18T21:58:45.586+0000 7fe4f7439040 -1 mgr[py] Module rook has missing NOTIFY_TYPES member
2024-08-18T21:58:46.010 INFO:journalctl@ceph.mgr.x.smithi123.stdout:Aug 18 21:58:45 smithi123 ceph-dfa1db70-5dac-11ef-bccf-c7b262605968-mgr-x[18689]:
2024-08-18T21:58:45.642+0000 7fe4f7439040 -1 mgr[py] Module osd_support has missing NOTIFY_TYPES member
2024-08-18T21:58:46.010 INFO:journalctl@ceph.mgr.x.smithi123.stdout:Aug 18 21:58:45 smithi123 ceph-dfa1db70-5dac-11ef-bccf-c7b262605968-mgr-x[18689]:
2024-08-18T21:58:45.700+0000 7fe4f7439040 -1 mgr[py] Module influx has missing NOTIFY_TYPES member
2024-08-18T21:58:47.260 INFO:journalctl@ceph.mon.a.smithi123.stdout:Aug 18 21:58:46 smithi123 ceph-mon[18462]: Active manager daemon x restarted
2024-08-18T21:58:47.260 INFO:journalctl@ceph.mon.a.smithi123.stdout:Aug 18 21:58:46 smithi123 ceph-mon[18462]: Activating manager daemon x
2024-08-18T21:58:47.260 INFO:journalctl@ceph.mon.a.smithi123.stdout:Aug 18 21:58:46 smithi123 ceph-mon[18462]: osdmap e2: 0 total, 0 up, 0 in
2024-08-18T21:58:47.260 INFO:journalctl@ceph.mon.a.smithi123.stdout:Aug 18 21:58:46 smithi123 ceph-mon[18462]: mgrmap e6: x(active, starting, since 0.00391582s)
2024-08-18T21:58:47.260 INFO:journalctl@ceph.mon.a.smithi123.stdout:Aug 18 21:58:46 smithi123 ceph-mon[18462]: from='mgr.14118 172.21.15.123:0/2281440429' entity='mgr.x' cmd=[{"prefix": "mon metadata", "id": "a"}]: dispatch
2024-08-18T21:58:47.260 INFO:journalctl@ceph.mon.a.smithi123.stdout:Aug 18 21:58:46 smithi123 ceph-mon[18462]: from='mgr.14118 172.21.15.123:0/2281440429' entity='mgr.x' cmd=[{"prefix": "mgr metadata", "who": "x", "id": "x"}]: dispatch
2024-08-18T21:58:47.260 INFO:journalctl@ceph.mon.a.smithi123.stdout:Aug 18 21:58:46 smithi123 ceph-mon[18462]: from='mgr.14118 172.21.15.123:0/2281440429' entity='mgr.x' cmd=[{"prefix": "mds metadata"}]: dispatch
2024-08-18T21:58:47.260 INFO:journalctl@ceph.mon.a.smithi123.stdout:Aug 18 21:58:46 smithi123 ceph-mon[18462]: from='mgr.14118 172.21.15.123:0/2281440429' entity='mgr.x' cmd=[{"prefix": "osd metadata"}]: dispatch
2024-08-18T21:58:47.260 INFO:journalctl@ceph.mon.a.smithi123.stdout:Aug 18 21:58:46 smithi123 ceph-mon[18462]: from='mgr.14118 172.21.15.123:0/2281440429' entity='mgr.x' cmd=[{"prefix": "mon metadata"}]: dispatch
2024-08-18T21:58:47.261 INFO:journalctl@ceph.mon.a.smithi123.stdout:Aug 18 21:58:46 smithi123 ceph-mon[18462]: Manager daemon x is now available
2024-08-18T21:58:47.261 INFO:journalctl@ceph.mon.a.smithi123.stdout:Aug 18 21:58:46 smithi123 ceph-mon[18462]: from='mgr.14118 172.21.15.123:0/2281440429' entity='mgr.x'
2024-08-18T21:58:47.261 INFO:journalctl@ceph.mon.a.smithi123.stdout:Aug 18 21:58:46 smithi123 ceph-mon[18462]: from='mgr.14118 172.21.15.123:0/2281440429' entity='mgr.x'
2024-08-18T21:58:47.261 INFO:journalctl@ceph.mon.a.smithi123.stdout:Aug 18 21:58:46 smithi123 ceph-mon[18462]: from='mgr.14118 172.21.15.123:0/2281440429' entity='mgr.x' cmd=[{"prefix": "config dump", "format": "json"}]: dispatch
2024-08-18T21:58:47.261 INFO:journalctl@ceph.mon.a.smithi123.stdout:Aug 18 21:58:46 smithi123 ceph-mon[18462]: from='mgr.14118 172.21.15.123:0/2281440429' entity='mgr.x' cmd=[{"prefix": "config dump", "format": "json"}]: dispatch
2024-08-18T21:58:47.261 INFO:journalctl@ceph.mon.a.smithi123.stdout:Aug 18 21:58:46 smithi123 ceph-mon[18462]: from='mgr.14118 172.21.15.123:0/2281440429' entity='mgr.x' cmd=[{"prefix":"config rm","who":"mgr","name":"mgr/rbd_support/x/mirror_snapshot_schedule"}]: dispatch
2024-08-18T21:58:47.261 INFO:journalctl@ceph.mon.a.smithi123.stdout:Aug 18 21:58:46 smithi123 ceph-mon[18462]: from='mgr.14118 172.21.15.123:0/2281440429' entity='mgr.x' cmd=[{"prefix":"config rm","who":"mgr","name":"mgr/rbd_support/x/trash_purge_schedule"}]: dispatch
2024-08-18T21:58:48.056 INFO:journalctl@ceph.mon.a.smithi123.stdout:Aug 18 21:58:47 smithi123 ceph-mon[18462]: Found migration_current of "None". Setting to last migration.
2024-08-18T21:58:48.056 INFO:journalctl@ceph.mon.a.smithi123.stdout:Aug 18 21:58:47 smithi123 ceph-mon[18462]: from='mgr.14118 172.21.15.123:0/2281440429' entity='mgr.x'
2024-08-18T21:58:48.056 INFO:journalctl@ceph.mon.a.smithi123.stdout:Aug 18 21:58:47 smithi123 ceph-mon[18462]: from='mgr.14118 172.21.15.123:0/2281440429' entity='mgr.x'
2024-08-18T21:58:48.057 INFO:journalctl@ceph.mon.a.smithi123.stdout:Aug 18 21:58:47 smithi123 ceph-mon[18462]: mgrmap e7: x(active, since 1.00515s)
2024-08-18T21:58:48.334 INFO:teuthology.orchestra.run.smithi123.stdout:/usr/bin/ceph: stdout {
2024-08-18T21:58:48.334 INFO:teuthology.orchestra.run.smithi123.stdout:/usr/bin/ceph: stdout "mgrmap_epoch": 7,
2024-08-18T21:58:48.334 INFO:teuthology.orchestra.run.smithi123.stdout:/usr/bin/ceph: stdout "initialized": true
2024-08-18T21:58:48.334 INFO:teuthology.orchestra.run.smithi123.stdout:/usr/bin/ceph: stdout }
2024-08-18T21:58:48.334 INFO:teuthology.orchestra.run.smithi123.stdout:/usr/bin/ceph: stderr
2024-08-18T21:58:44.257+0000 7f58c9047640 1 Processor -- start
2024-08-18T21:58:48.334 INFO:teuthology.orchestra.run.smithi123.stdout:/usr/bin/ceph: stderr
2024-08-18T21:58:44.257+0000 7f58c9047640 1 -- start start
2024-08-18T21:58:48.334 INFO:teuthology.orchestra.run.smithi123.stdout:/usr/bin/ceph: stderr
2024-08-18T21:58:44.257+0000 7f58c9047640 1 --2- >> [v2:172.21.15.123:3300/0,v1:172.21.15.123:6789/0] conn(0x7f58c4107d50 0x7f58c410a140 unknown :-1 s=NONE pgs=0 cs=0 l=0 rev1=0 crypto rx=0 tx=0 comp rx=0 tx=0).connect
2024-08-18T21:58:48.334 INFO:teuthology.orchestra.run.smithi123.stdout:/usr/bin/ceph: stderr
2024-08-18T21:58:44.257+0000 7f58c9047640 1 -- --> [v2:172.21.15.123:3300/0,v1:172.21.15.123:6789/0] -- mon_getmap magic: 0 -- 0x7f58c40755b0 con 0x7f58c4107d50
2024-08-18T21:58:48.335 INFO:teuthology.orchestra.run.smithi123.stdout:/usr/bin/ceph: stderr
2024-08-18T21:58:44.257+0000 7f58c2d9d640 1 --2- >> [v2:172.21.15.123:3300/0,v1:172.21.15.123:6789/0] conn(0x7f58c4107d50 0x7f58c410a140 unknown :-1 s=BANNER_CONNECTING pgs=0 cs=0 l=0 rev1=0 crypto rx=0 tx=0 comp rx=0 tx=0)._handle_peer_banner_payload supported=3 required=0
2024-08-18T21:58:48.335 INFO:teuthology.orchestra.run.smithi123.stdout:/usr/bin/ceph: stderr
2024-08-18T21:58:44.257+0000 7f58c2d9d640 1 --2- >> [v2:172.21.15.123:3300/0,v1:172.21.15.123:6789/0] conn(0x7f58c4107d50 0x7f58c410a140 unknown :-1 s=HELLO_CONNECTING pgs=0 cs=0 l=0 rev1=1 crypto rx=0 tx=0 comp rx=0 tx=0).handle_hello peer v2:172.21.15.123:3300/0 says I am v2:172.21.15.123:45652/0 (socket says 172.21.15.123:45652)
2024-08-18T21:58:48.336 INFO:teuthology.orchestra.run.smithi123.stdout:/usr/bin/ceph: stderr
2024-08-18T21:58:44.257+0000 7f58c2d9d640 1 -- 172.21.15.123:0/1605268423 learned_addr learned my addr 172.21.15.123:0/1605268423 (peer_addr_for_me v2:172.21.15.123:0/0)
2024-08-18T21:58:48.336 INFO:teuthology.orchestra.run.smithi123.stdout:/usr/bin/ceph: stderr
2024-08-18T21:58:44.257+0000 7f58c2d9d640 1 -- 172.21.15.123:0/1605268423 --> [v2:172.21.15.123:3300/0,v1:172.21.15.123:6789/0] -- mon_subscribe({config=0+,monmap=0+}) -- 0x7f58c410a680 con 0x7f58c4107d50
2024-08-18T21:58:48.336 INFO:teuthology.orchestra.run.smithi123.stdout:/usr/bin/ceph: stderr
2024-08-18T21:58:44.258+0000 7f58c2d9d640 1 --2- 172.21.15.123:0/1605268423 >> [v2:172.21.15.123:3300/0,v1:172.21.15.123:6789/0] conn(0x7f58c4107d50 0x7f58c410a140 secure :-1 s=READY pgs=26 cs=0 l=1 rev1=1 crypto rx=0x7f58b4009820 tx=0x7f58b402a270 comp rx=0 tx=0).ready entity=mon.0 client_cookie=fd6a37339af7671c server_cookie=0 in_seq=0 out_seq=0
2024-08-18T21:58:48.336 INFO:teuthology.orchestra.run.smithi123.stdout:/usr/bin/ceph: stderr
2024-08-18T21:58:44.258+0000 7f58c1d9b640 1 -- 172.21.15.123:0/1605268423 <== mon.0 v2:172.21.15.123:3300/0 1 ==== mon_map magic: 0 ==== 205+0+0 (secure 0 0 0) 0x7f58b4037070 con 0x7f58c4107d50
2024-08-18T21:58:48.336 INFO:teuthology.orchestra.run.smithi123.stdout:/usr/bin/ceph: stderr
2024-08-18T21:58:44.258+0000 7f58c1d9b640 1 -- 172.21.15.123:0/1605268423 <== mon.0 v2:172.21.15.123:3300/0 2 ==== config(27 keys) ==== 1109+0+0 (secure 0 0 0) 0x7f58b4032900 con 0x7f58c4107d50
2024-08-18T21:58:48.336 INFO:teuthology.orchestra.run.smithi123.stdout:/usr/bin/ceph: stderr
2024-08-18T21:58:44.258+0000 7f58c1d9b640 1 -- 172.21.15.123:0/1605268423 <== mon.0 v2:172.21.15.123:3300/0 3 ==== mon_map magic: 0 ==== 205+0+0 (secure 0 0 0) 0x7f58b4030850 con 0x7f58c4107d50
2024-08-18T21:58:48.336 INFO:teuthology.orchestra.run.smithi123.stdout:/usr/bin/ceph: stderr
2024-08-18T21:58:44.259+0000 7f58c9047640 1 -- 172.21.15.123:0/1605268423 >> [v2:172.21.15.123:3300/0,v1:172.21.15.123:6789/0] conn(0x7f58c4107d50 msgr2=0x7f58c410a140 secure :-1 s=STATE_CONNECTION_ESTABLISHED l=1).mark_down
2024-08-18T21:58:48.336 INFO:teuthology.orchestra.run.smithi123.stdout:/usr/bin/ceph: stderr
2024-08-18T21:58:44.259+0000 7f58c9047640 1 --2- 172.21.15.123:0/1605268423 >> [v2:172.21.15.123:3300/0,v1:172.21.15.123:6789/0] conn(0x7f58c4107d50 0x7f58c410a140 secure :-1 s=READY pgs=26 cs=0 l=1 rev1=1 crypto rx=0x7f58b4009820 tx=0x7f58b402a270 comp rx=0 tx=0).stop
2024-08-18T21:58:48.336 INFO:teuthology.orchestra.run.smithi123.stdout:/usr/bin/ceph: stderr
2024-08-18T21:58:44.259+0000 7f58c9047640 1 -- 172.21.15.123:0/1605268423 shutdown_connections
2024-08-18T21:58:48.336 INFO:teuthology.orchestra.run.smithi123.stdout:/usr/bin/ceph: stderr
2024-08-18T21:58:44.259+0000 7f58c9047640 1 --2- 172.21.15.123:0/1605268423 >> [v2:172.21.15.123:3300/0,v1:172.21.15.123:6789/0] conn(0x7f58c4107d50 0x7f58c410a140 unknown :-1 s=CLOSED pgs=26 cs=0 l=1 rev1=1 crypto rx=0 tx=0 comp rx=0 tx=0).stop
2024-08-18T21:58:48.336 INFO:teuthology.orchestra.run.smithi123.stdout:/usr/bin/ceph: stderr
2024-08-18T21:58:44.259+0000 7f58c9047640 1 -- 172.21.15.123:0/1605268423 >> 172.21.15.123:0/1605268423 conn(0x7f58c41019d0 msgr2=0x7f58c4103df0 unknown :-1 s=STATE_NONE l=0).mark_down
2024-08-18T21:58:48.336 INFO:teuthology.orchestra.run.smithi123.stdout:/usr/bin/ceph: stderr
2024-08-18T21:58:44.259+0000 7f58c9047640 1 -- 172.21.15.123:0/1605268423 shutdown_connections
2024-08-18T21:58:48.336 INFO:teuthology.orchestra.run.smithi123.stdout:/usr/bin/ceph: stderr
2024-08-18T21:58:44.259+0000 7f58c9047640 1 -- 172.21.15.123:0/1605268423 wait complete.
2024-08-18T21:58:48.337 INFO:teuthology.orchestra.run.smithi123.stdout:/usr/bin/ceph: stderr
2024-08-18T21:58:44.260+0000 7f58c9047640 1 Processor -- start
2024-08-18T21:58:48.337 INFO:teuthology.orchestra.run.smithi123.stdout:/usr/bin/ceph: stderr
2024-08-18T21:58:44.260+0000 7f58c9047640 1 -- start start
2024-08-18T21:58:48.337 INFO:teuthology.orchestra.run.smithi123.stdout:/usr/bin/ceph: stderr
2024-08-18T21:58:44.260+0000 7f58c9047640 1 --2- >> [v2:172.21.15.123:3300/0,v1:172.21.15.123:6789/0] conn(0x7f58c4107d50 0x7f58c419b310 unknown :-1 s=NONE pgs=0 cs=0 l=1 rev1=0 crypto rx=0 tx=0 comp rx=0 tx=0).connect
2024-08-18T21:58:48.337 INFO:teuthology.orchestra.run.smithi123.stdout:/usr/bin/ceph: stderr
2024-08-18T21:58:44.260+0000 7f58c9047640 1 -- --> [v2:172.21.15.123:3300/0,v1:172.21.15.123:6789/0] -- mon_getmap magic: 0 -- 0x7f58c410b720 con 0x7f58c4107d50
2024-08-18T21:58:48.337 INFO:teuthology.orchestra.run.smithi123.stdout:/usr/bin/ceph: stderr
2024-08-18T21:58:44.260+0000 7f58c2d9d640 1 --2- >> [v2:172.21.15.123:3300/0,v1:172.21.15.123:6789/0] conn(0x7f58c4107d50 0x7f58c419b310 unknown :-1 s=BANNER_CONNECTING pgs=0 cs=0 l=1 rev1=0 crypto rx=0 tx=0 comp rx=0 tx=0)._handle_peer_banner_payload supported=3 required=0
2024-08-18T21:58:48.337 INFO:teuthology.orchestra.run.smithi123.stdout:/usr/bin/ceph: stderr
2024-08-18T21:58:44.260+0000 7f58c2d9d640 1 --2- >> [v2:172.21.15.123:3300/0,v1:172.21.15.123:6789/0] conn(0x7f58c4107d50 0x7f58c419b310 unknown :-1 s=HELLO_CONNECTING pgs=0 cs=0 l=1 rev1=1 crypto rx=0 tx=0 comp rx=0 tx=0).handle_hello peer v2:172.21.15.123:3300/0 says I am v2:172.21.15.123:45662/0 (socket says 172.21.15.123:45662)
2024-08-18T21:58:48.337 INFO:teuthology.orchestra.run.smithi123.stdout:/usr/bin/ceph: stderr
2024-08-18T21:58:44.260+0000 7f58c2d9d640 1 -- 172.21.15.123:0/1462845743 learned_addr learned my addr 172.21.15.123:0/1462845743 (peer_addr_for_me v2:172.21.15.123:0/0)
2024-08-18T21:58:48.337 INFO:teuthology.orchestra.run.smithi123.stdout:/usr/bin/ceph: stderr
2024-08-18T21:58:44.261+0000 7f58c2d9d640 1 -- 172.21.15.123:0/1462845743 --> [v2:172.21.15.123:3300/0,v1:172.21.15.123:6789/0] -- mon_subscribe({config=0+,monmap=0+}) -- 0x7f58c419b850 con 0x7f58c4107d50
2024-08-18T21:58:48.337 INFO:teuthology.orchestra.run.smithi123.stdout:/usr/bin/ceph: stderr
2024-08-18T21:58:44.261+0000 7f58c2d9d640 1 --2- 172.21.15.123:0/1462845743 >> [v2:172.21.15.123:3300/0,v1:172.21.15.123:6789/0] conn(0x7f58c4107d50 0x7f58c419b310 secure :-1 s=READY pgs=27 cs=0 l=1 rev1=1 crypto rx=0x7f58b4031000 tx=0x7f58b40326e0 comp rx=0 tx=0).ready entity=mon.0 client_cookie=0 server_cookie=0 in_seq=0 out_seq=0
2024-08-18T21:58:48.337 INFO:teuthology.orchestra.run.smithi123.stdout:/usr/bin/ceph: stderr
2024-08-18T21:58:44.261+0000 7f58abfff640 1 -- 172.21.15.123:0/1462845743 <== mon.0 v2:172.21.15.123:3300/0 1 ==== mon_map magic: 0 ==== 205+0+0 (secure 0 0 0) 0x7f58b4042070 con 0x7f58c4107d50
2024-08-18T21:58:48.338 INFO:teuthology.orchestra.run.smithi123.stdout:/usr/bin/ceph: stderr
2024-08-18T21:58:44.261+0000 7f58c9047640 1 -- 172.21.15.123:0/1462845743 --> [v2:172.21.15.123:3300/0,v1:172.21.15.123:6789/0] -- mon_subscribe({mgrmap=0+}) -- 0x7f58c419bae0 con 0x7f58c4107d50
2024-08-18T21:58:48.338 INFO:teuthology.orchestra.run.smithi123.stdout:/usr/bin/ceph: stderr
2024-08-18T21:58:44.261+0000 7f58abfff640 1 -- 172.21.15.123:0/1462845743 <== mon.0 v2:172.21.15.123:3300/0 2 ==== config(27 keys) ==== 1109+0+0 (secure 0 0 0) 0x7f58b4032be0 con 0x7f58c4107d50
2024-08-18T21:58:48.338 INFO:teuthology.orchestra.run.smithi123.stdout:/usr/bin/ceph: stderr
2024-08-18T21:58:44.261+0000 7f58abfff640 1 -- 172.21.15.123:0/1462845743 <== mon.0 v2:172.21.15.123:3300/0 3 ==== mon_map magic: 0 ==== 205+0+0 (secure 0 0 0) 0x7f58b4037040 con 0x7f58c4107d50
2024-08-18T21:58:48.338 INFO:teuthology.orchestra.run.smithi123.stdout:/usr/bin/ceph: stderr
2024-08-18T21:58:44.261+0000 7f58c9047640 1 -- 172.21.15.123:0/1462845743 --> [v2:172.21.15.123:3300/0,v1:172.21.15.123:6789/0] -- mon_subscribe({osdmap=0}) -- 0x7f58c419e7d0 con 0x7f58c4107d50
2024-08-18T21:58:48.338 INFO:teuthology.orchestra.run.smithi123.stdout:/usr/bin/ceph: stderr
2024-08-18T21:58:44.262+0000 7f58abfff640 1 -- 172.21.15.123:0/1462845743 <== mon.0 v2:172.21.15.123:3300/0 4 ==== mgrmap(e 5) ==== 46287+0+0 (secure 0 0 0) 0x7f58b4045070 con 0x7f58c4107d50
2024-08-18T21:58:48.338 INFO:teuthology.orchestra.run.smithi123.stdout:/usr/bin/ceph: stderr
2024-08-18T21:58:44.262+0000 7f58abfff640 1 --2- 172.21.15.123:0/1462845743 >> [v2:172.21.15.123:6800/1909168969,v1:172.21.15.123:6801/1909168969] conn(0x7f58ac038f70 0x7f58ac03b430 unknown :-1 s=NONE pgs=0 cs=0 l=1 rev1=0 crypto rx=0 tx=0 comp rx=0 tx=0).connect
2024-08-18T21:58:48.338 INFO:teuthology.orchestra.run.smithi123.stdout:/usr/bin/ceph: stderr
2024-08-18T21:58:44.262+0000 7f58abfff640 1 -- 172.21.15.123:0/1462845743 --> [v2:172.21.15.123:6800/1909168969,v1:172.21.15.123:6801/1909168969] -- command(tid 0: {"prefix": "get_command_descriptions"}) -- 0x7f58ac03bb40 con 0x7f58ac038f70
2024-08-18T21:58:48.338 INFO:teuthology.orchestra.run.smithi123.stdout:/usr/bin/ceph: stderr
2024-08-18T21:58:44.262+0000 7f58abfff640 1 -- 172.21.15.123:0/1462845743 <== mon.0 v2:172.21.15.123:3300/0 5 ==== osd_map(1..1 src has 1..1) ==== 725+0+0 (secure 0 0 0) 0x7f58b406bfa0 con 0x7f58c4107d50
2024-08-18T21:58:48.338 INFO:teuthology.orchestra.run.smithi123.stdout:/usr/bin/ceph: stderr
2024-08-18T21:58:44.262+0000 7f58c259c640 1 -- 172.21.15.123:0/1462845743 >> [v2:172.21.15.123:6800/1909168969,v1:172.21.15.123:6801/1909168969] conn(0x7f58ac038f70 msgr2=0x7f58ac03b430 unknown :-1 s=STATE_CONNECTING_RE l=1).process reconnect failed to v2:172.21.15.123:6800/1909168969
2024-08-18T21:58:48.338 INFO:teuthology.orchestra.run.smithi123.stdout:/usr/bin/ceph: stderr
2024-08-18T21:58:44.262+0000 7f58c259c640 1 --2- 172.21.15.123:0/1462845743 >> [v2:172.21.15.123:6800/1909168969,v1:172.21.15.123:6801/1909168969] conn(0x7f58ac038f70 0x7f58ac03b430 unknown :-1 s=START_CONNECT pgs=0 cs=0 l=1 rev1=0 crypto rx=0 tx=0 comp rx=0 tx=0)._fault waiting 0.200000
2024-08-18T21:58:48.338 INFO:teuthology.orchestra.run.smithi123.stdout:/usr/bin/ceph: stderr
2024-08-18T21:58:44.463+0000 7f58c259c640 1 -- 172.21.15.123:0/1462845743 >> [v2:172.21.15.123:6800/1909168969,v1:172.21.15.123:6801/1909168969] conn(0x7f58ac038f70 msgr2=0x7f58ac03b430 unknown :-1 s=STATE_CONNECTING_RE l=1).process reconnect failed to v2:172.21.15.123:6800/1909168969
2024-08-18T21:58:48.338 INFO:teuthology.orchestra.run.smithi123.stdout:/usr/bin/ceph: stderr
2024-08-18T21:58:44.463+0000 7f58c259c640 1 --2- 172.21.15.123:0/1462845743 >> [v2:172.21.15.123:6800/1909168969,v1:172.21.15.123:6801/1909168969] conn(0x7f58ac038f70 0x7f58ac03b430 unknown :-1 s=START_CONNECT pgs=0 cs=0 l=1 rev1=0 crypto rx=0 tx=0 comp rx=0 tx=0)._fault waiting 0.400000
2024-08-18T21:58:48.339 INFO:teuthology.orchestra.run.smithi123.stdout:/usr/bin/ceph: stderr
2024-08-18T21:58:44.864+0000 7f58c259c640 1 -- 172.21.15.123:0/1462845743 >> [v2:172.21.15.123:6800/1909168969,v1:172.21.15.123:6801/1909168969] conn(0x7f58ac038f70 msgr2=0x7f58ac03b430 unknown :-1 s=STATE_CONNECTING_RE l=1).process reconnect failed to v2:172.21.15.123:6800/1909168969
2024-08-18T21:58:48.339 INFO:teuthology.orchestra.run.smithi123.stdout:/usr/bin/ceph: stderr
2024-08-18T21:58:44.864+0000 7f58c259c640 1 --2- 172.21.15.123:0/1462845743 >> [v2:172.21.15.123:6800/1909168969,v1:172.21.15.123:6801/1909168969] conn(0x7f58ac038f70 0x7f58ac03b430 unknown :-1 s=START_CONNECT pgs=0 cs=0 l=1 rev1=0 crypto rx=0 tx=0 comp rx=0 tx=0)._fault waiting 0.800000
2024-08-18T21:58:48.339 INFO:teuthology.orchestra.run.smithi123.stdout:/usr/bin/ceph: stderr
2024-08-18T21:58:45.665+0000 7f58c259c640 1 -- 172.21.15.123:0/1462845743 >> [v2:172.21.15.123:6800/1909168969,v1:172.21.15.123:6801/1909168969] conn(0x7f58ac038f70 msgr2=0x7f58ac03b430 unknown :-1 s=STATE_CONNECTING_RE l=1).process reconnect failed to v2:172.21.15.123:6800/1909168969
2024-08-18T21:58:48.339 INFO:teuthology.orchestra.run.smithi123.stdout:/usr/bin/ceph: stderr
2024-08-18T21:58:45.665+0000 7f58c259c640 1 --2- 172.21.15.123:0/1462845743 >> [v2:172.21.15.123:6800/1909168969,v1:172.21.15.123:6801/1909168969] conn(0x7f58ac038f70 0x7f58ac03b430 unknown :-1 s=START_CONNECT pgs=0 cs=0 l=1 rev1=0 crypto rx=0 tx=0 comp rx=0 tx=0)._fault waiting 1.600000
2024-08-18T21:58:48.339 INFO:teuthology.orchestra.run.smithi123.stdout:/usr/bin/ceph: stderr
2024-08-18T21:58:46.764+0000 7f58abfff640 1 -- 172.21.15.123:0/1462845743 <== mon.0 v2:172.21.15.123:3300/0 6 ==== mgrmap(e 6) ==== 46054+0+0 (secure 0 0 0) 0x7f58b406aa60 con 0x7f58c4107d50
2024-08-18T21:58:48.339 INFO:teuthology.orchestra.run.smithi123.stdout:/usr/bin/ceph: stderr
2024-08-18T21:58:46.764+0000 7f58abfff640 1 -- 172.21.15.123:0/1462845743 >> [v2:172.21.15.123:6800/1909168969,v1:172.21.15.123:6801/1909168969] conn(0x7f58ac038f70 msgr2=0x7f58ac03b430 unknown :-1 s=STATE_CONNECTING l=1).mark_down
2024-08-18T21:58:48.339 INFO:teuthology.orchestra.run.smithi123.stdout:/usr/bin/ceph: stderr
2024-08-18T21:58:46.764+0000 7f58abfff640 1 --2- 172.21.15.123:0/1462845743 >> [v2:172.21.15.123:6800/1909168969,v1:172.21.15.123:6801/1909168969] conn(0x7f58ac038f70 0x7f58ac03b430 unknown :-1 s=START_CONNECT pgs=0 cs=0 l=1 rev1=0 crypto rx=0 tx=0 comp rx=0 tx=0).stop
2024-08-18T21:58:48.339 INFO:teuthology.orchestra.run.smithi123.stdout:/usr/bin/ceph: stderr
2024-08-18T21:58:47.764+0000 7f58abfff640 1 -- 172.21.15.123:0/1462845743 <== mon.0 v2:172.21.15.123:3300/0 7 ==== mgrmap(e 7) ==== 46181+0+0 (secure 0 0 0) 0x7f58b403cb30 con 0x7f58c4107d50
2024-08-18T21:58:48.339 INFO:teuthology.orchestra.run.smithi123.stdout:/usr/bin/ceph: stderr
2024-08-18T21:58:47.764+0000 7f58abfff640 1 --2- 172.21.15.123:0/1462845743 >> [v2:172.21.15.123:6800/4048905381,v1:172.21.15.123:6801/4048905381] conn(0x7f58ac03c8a0 0x7f58ac03ec90 unknown :-1 s=NONE pgs=0 cs=0 l=1 rev1=0 crypto rx=0 tx=0 comp rx=0 tx=0).connect
2024-08-18T21:58:48.339 INFO:teuthology.orchestra.run.smithi123.stdout:/usr/bin/ceph: stderr
2024-08-18T21:58:47.765+0000 7f58abfff640 1 -- 172.21.15.123:0/1462845743 --> [v2:172.21.15.123:6800/4048905381,v1:172.21.15.123:6801/4048905381] -- command(tid 0: {"prefix": "get_command_descriptions"}) -- 0x7f58ac03bb40 con 0x7f58ac03c8a0
2024-08-18T21:58:48.339 INFO:teuthology.orchestra.run.smithi123.stdout:/usr/bin/ceph: stderr
2024-08-18T21:58:47.765+0000 7f58c259c640 1 --2- 172.21.15.123:0/1462845743 >> [v2:172.21.15.123:6800/4048905381,v1:172.21.15.123:6801/4048905381] conn(0x7f58ac03c8a0 0x7f58ac03ec90 unknown :-1 s=BANNER_CONNECTING pgs=0 cs=0 l=1 rev1=0 crypto rx=0 tx=0 comp rx=0 tx=0)._handle_peer_banner_payload supported=3 required=0
2024-08-18T21:58:48.339 INFO:teuthology.orchestra.run.smithi123.stdout:/usr/bin/ceph: stderr
2024-08-18T21:58:47.765+0000 7f58c259c640 1 --2- 172.21.15.123:0/1462845743 >> [v2:172.21.15.123:6800/4048905381,v1:172.21.15.123:6801/4048905381] conn(0x7f58ac03c8a0 0x7f58ac03ec90 secure :-1 s=READY pgs=1 cs=0 l=1 rev1=1 crypto rx=0x7f58b8003980 tx=0x7f58b8006e10 comp rx=0 tx=0).ready entity=mgr.14118 client_cookie=0 server_cookie=0 in_seq=0 out_seq=0
2024-08-18T21:58:48.339 INFO:teuthology.orchestra.run.smithi123.stdout:/usr/bin/ceph: stderr
2024-08-18T21:58:47.766+0000 7f58abfff640 1 -- 172.21.15.123:0/1462845743 <== mgr.14118 v2:172.21.15.123:6800/4048905381 1 ==== command_reply(tid 0: 0 ) ==== 8+0+9564 (secure 0 0 0) 0x7f58ac03bb40 con 0x7f58ac03c8a0
2024-08-18T21:58:48.339 INFO:teuthology.orchestra.run.smithi123.stdout:/usr/bin/ceph: stderr
2024-08-18T21:58:47.773+0000 7f58c9047640 1 -- 172.21.15.123:0/1462845743 --> [v2:172.21.15.123:6800/4048905381,v1:172.21.15.123:6801/4048905381] -- command(tid 1: {"prefix": "mgr_status"}) -- 0x7f58c41081b0 con 0x7f58ac03c8a0
2024-08-18T21:58:48.340 INFO:teuthology.orchestra.run.smithi123.stdout:/usr/bin/ceph: stderr
2024-08-18T21:58:47.773+0000 7f58abfff640 1 -- 172.21.15.123:0/1462845743 <== mgr.14118 v2:172.21.15.123:6800/4048905381 2 ==== command_reply(tid 1: 0 ) ==== 8+0+51 (secure 0 0 0) 0x7f58c41081b0 con 0x7f58ac03c8a0
2024-08-18T21:58:48.340 INFO:teuthology.orchestra.run.smithi123.stdout:/usr/bin/ceph: stderr
2024-08-18T21:58:47.773+0000 7f58c9047640 1 -- 172.21.15.123:0/1462845743 >> [v2:172.21.15.123:6800/4048905381,v1:172.21.15.123:6801/4048905381] conn(0x7f58ac03c8a0 msgr2=0x7f58ac03ec90 secure :-1 s=STATE_CONNECTION_ESTABLISHED l=1).mark_down
2024-08-18T21:58:48.340 INFO:teuthology.orchestra.run.smithi123.stdout:/usr/bin/ceph: stderr
2024-08-18T21:58:47.773+0000 7f58c9047640 1 --2- 172.21.15.123:0/1462845743 >> [v2:172.21.15.123:6800/4048905381,v1:172.21.15.123:6801/4048905381] conn(0x7f58ac03c8a0 0x7f58ac03ec90 secure :-1 s=READY pgs=1 cs=0 l=1 rev1=1 crypto rx=0x7f58b8003980 tx=0x7f58b8006e10 comp rx=0 tx=0).stop
2024-08-18T21:58:48.340 INFO:teuthology.orchestra.run.smithi123.stdout:/usr/bin/ceph: stderr
2024-08-18T21:58:47.773+0000 7f58c9047640 1 -- 172.21.15.123:0/1462845743 >> [v2:172.21.15.123:3300/0,v1:172.21.15.123:6789/0] conn(0x7f58c4107d50 msgr2=0x7f58c419b310 secure :-1 s=STATE_CONNECTION_ESTABLISHED l=1).mark_down
2024-08-18T21:58:48.340 INFO:teuthology.orchestra.run.smithi123.stdout:/usr/bin/ceph: stderr
2024-08-18T21:58:47.773+0000 7f58c9047640 1 --2- 172.21.15.123:0/1462845743 >> [v2:172.21.15.123:3300/0,v1:172.21.15.123:6789/0] conn(0x7f58c4107d50 0x7f58c419b310 secure :-1 s=READY pgs=27 cs=0 l=1 rev1=1 crypto rx=0x7f58b4031000 tx=0x7f58b40326e0 comp rx=0 tx=0).stop
2024-08-18T21:58:48.340 INFO:teuthology.orchestra.run.smithi123.stdout:/usr/bin/ceph: stderr
2024-08-18T21:58:47.773+0000 7f58c9047640 1 -- 172.21.15.123:0/1462845743 shutdown_connections
2024-08-18T21:58:48.340 INFO:teuthology.orchestra.run.smithi123.stdout:/usr/bin/ceph: stderr
2024-08-18T21:58:47.773+0000 7f58c9047640 1 --2- 172.21.15.123:0/1462845743 >> [v2:172.21.15.123:6800/4048905381,v1:172.21.15.123:6801/4048905381] conn(0x7f58ac03c8a0 0x7f58ac03ec90 unknown :-1 s=CLOSED pgs=1 cs=0 l=1 rev1=1 crypto rx=0 tx=0 comp rx=0 tx=0).stop
2024-08-18T21:58:48.340 INFO:teuthology.orchestra.run.smithi123.stdout:/usr/bin/ceph: stderr
2024-08-18T21:58:47.773+0000 7f58c9047640 1 --2- 172.21.15.123:0/1462845743 >> [v2:172.21.15.123:6800/1909168969,v1:172.21.15.123:6801/1909168969] conn(0x7f58ac038f70 0x7f58ac03b430 unknown :-1 s=CLOSED pgs=0 cs=0 l=1 rev1=0 crypto rx=0 tx=0 comp rx=0 tx=0).stop
2024-08-18T21:58:48.340 INFO:teuthology.orchestra.run.smithi123.stdout:/usr/bin/ceph: stderr
2024-08-18T21:58:47.773+0000 7f58c9047640 1 --2- 172.21.15.123:0/1462845743 >> [v2:172.21.15.123:3300/0,v1:172.21.15.123:6789/0] conn(0x7f58c4107d50 0x7f58c419b310 unknown :-1 s=CLOSED pgs=27 cs=0 l=1 rev1=1 crypto rx=0 tx=0 comp rx=0 tx=0).stop
2024-08-18T21:58:48.340 INFO:teuthology.orchestra.run.smithi123.stdout:/usr/bin/ceph: stderr
2024-08-18T21:58:47.773+0000 7f58c9047640 1 -- 172.21.15.123:0/1462845743 >> 172.21.15.123:0/1462845743 conn(0x7f58c41019d0 msgr2=0x7f58c41025b0 unknown :-1 s=STATE_NONE l=0).mark_down
2024-08-18T21:58:48.340 INFO:teuthology.orchestra.run.smithi123.stdout:/usr/bin/ceph: stderr
2024-08-18T21:58:47.774+0000 7f58c9047640 1 -- 172.21.15.123:0/1462845743 shutdown_connections
2024-08-18T21:58:48.340 INFO:teuthology.orchestra.run.smithi123.stdout:/usr/bin/ceph: stderr
2024-08-18T21:58:47.774+0000 7f58c9047640 1 -- 172.21.15.123:0/1462845743 wait complete.
2024-08-18T21:58:48.340 INFO:teuthology.orchestra.run.smithi123.stdout:mgr epoch 5 is available
2024-08-18T21:58:48.340 INFO:teuthology.orchestra.run.smithi123.stdout:Setting orchestrator backend to cephadm...
2024-08-18T21:58:48.826 INFO:journalctl@ceph.mon.a.smithi123.stdout:Aug 18 21:58:48 smithi123 ceph-mon[18462]: from='client.14122 -' entity='client.admin' cmd=[{"prefix": "get_command_descriptions"}]: dispatch
2024-08-18T21:58:48.826 INFO:journalctl@ceph.mon.a.smithi123.stdout:Aug 18 21:58:48 smithi123 ceph-mon[18462]: from='client.14122 -' entity='client.admin' cmd=[{"prefix": "mgr_status"}]: dispatch
2024-08-18T21:58:48.826 INFO:journalctl@ceph.mon.a.smithi123.stdout:Aug 18 21:58:48 smithi123 ceph-mon[18462]: from='mgr.14118 172.21.15.123:0/2281440429' entity='mgr.x' cmd=[{"prefix": "config dump", "format": "json"}]: dispatch
2024-08-18T21:58:48.826 INFO:journalctl@ceph.mgr.x.smithi123.stdout:Aug 18 21:58:48 smithi123 ceph-dfa1db70-5dac-11ef-bccf-c7b262605968-mgr-x[18689]:
2024-08-18T21:58:48.679+0000 7fe45e947640 -1 log_channel(cephadm) log [ERR] : [18/Aug/2024:21:58:48] ENGINE Error in HTTPServer.serve
2024-08-18T21:58:48.827 INFO:journalctl@ceph.mgr.x.smithi123.stdout:Aug 18 21:58:48 smithi123 ceph-dfa1db70-5dac-11ef-bccf-c7b262605968-mgr-x[18689]: Traceback (most recent call last):
2024-08-18T21:58:48.827 INFO:journalctl@ceph.mgr.x.smithi123.stdout:Aug 18 21:58:48 smithi123 ceph-dfa1db70-5dac-11ef-bccf-c7b262605968-mgr-x[18689]: File "/lib/python3.9/site-packages/cheroot/server.py", line 1823, in serve
2024-08-18T21:58:48.827 INFO:journalctl@ceph.mgr.x.smithi123.stdout:Aug 18 21:58:48 smithi123 ceph-dfa1db70-5dac-11ef-bccf-c7b262605968-mgr-x[18689]: self._connections.run(self.expiration_interval)
2024-08-18T21:58:48.827 INFO:journalctl@ceph.mgr.x.smithi123.stdout:Aug 18 21:58:48 smithi123 ceph-dfa1db70-5dac-11ef-bccf-c7b262605968-mgr-x[18689]: File "/lib/python3.9/site-packages/cheroot/connections.py", line 203, in run
2024-08-18T21:58:48.827 INFO:journalctl@ceph.mgr.x.smithi123.stdout:Aug 18 21:58:48 smithi123 ceph-dfa1db70-5dac-11ef-bccf-c7b262605968-mgr-x[18689]: self._run(expiration_interval)
2024-08-18T21:58:48.827 INFO:journalctl@ceph.mgr.x.smithi123.stdout:Aug 18 21:58:48 smithi123 ceph-dfa1db70-5dac-11ef-bccf-c7b262605968-mgr-x[18689]: File "/lib/python3.9/site-packages/cheroot/connections.py", line 246, in _run
2024-08-18T21:58:48.827 INFO:journalctl@ceph.mgr.x.smithi123.stdout:Aug 18 21:58:48 smithi123 ceph-dfa1db70-5dac-11ef-bccf-c7b262605968-mgr-x[18689]: new_conn = self._from_server_socket(self.server.socket)
2024-08-18T21:58:48.827 INFO:journalctl@ceph.mgr.x.smithi123.stdout:Aug 18 21:58:48 smithi123 ceph-dfa1db70-5dac-11ef-bccf-c7b262605968-mgr-x[18689]: File "/lib/python3.9/site-packages/cheroot/connections.py", line 300, in _from_server_socket
2024-08-18T21:58:48.827 INFO:journalctl@ceph.mgr.x.smithi123.stdout:Aug 18 21:58:48 smithi123 ceph-dfa1db70-5dac-11ef-bccf-c7b262605968-mgr-x[18689]: s, ssl_env = self.server.ssl_adapter.wrap(s)
2024-08-18T21:58:48.827 INFO:journalctl@ceph.mgr.x.smithi123.stdout:Aug 18 21:58:48 smithi123 ceph-dfa1db70-5dac-11ef-bccf-c7b262605968-mgr-x[18689]: File "/lib/python3.9/site-packages/cheroot/ssl/builtin.py", line 277, in wrap
2024-08-18T21:58:48.827 INFO:journalctl@ceph.mgr.x.smithi123.stdout:Aug 18 21:58:48 smithi123 ceph-dfa1db70-5dac-11ef-bccf-c7b262605968-mgr-x[18689]: s = self.context.wrap_socket(
2024-08-18T21:58:48.827 INFO:journalctl@ceph.mgr.x.smithi123.stdout:Aug 18 21:58:48 smithi123 ceph-dfa1db70-5dac-11ef-bccf-c7b262605968-mgr-x[18689]: File "/lib64/python3.9/ssl.py", line 501, in wrap_socket
2024-08-18T21:58:48.827 INFO:journalctl@ceph.mgr.x.smithi123.stdout:Aug 18 21:58:48 smithi123 ceph-dfa1db70-5dac-11ef-bccf-c7b262605968-mgr-x[18689]: return self.sslsocket_class._create(
2024-08-18T21:58:48.827 INFO:journalctl@ceph.mgr.x.smithi123.stdout:Aug 18 21:58:48 smithi123 ceph-dfa1db70-5dac-11ef-bccf-c7b262605968-mgr-x[18689]: File "/lib64/python3.9/ssl.py", line 1074, in _create
2024-08-18T21:58:48.828 INFO:journalctl@ceph.mgr.x.smithi123.stdout:Aug 18 21:58:48 smithi123 ceph-dfa1db70-5dac-11ef-bccf-c7b262605968-mgr-x[18689]: self.do_handshake()
2024-08-18T21:58:48.828 INFO:journalctl@ceph.mgr.x.smithi123.stdout:Aug 18 21:58:48 smithi123 ceph-dfa1db70-5dac-11ef-bccf-c7b262605968-mgr-x[18689]: File "/lib64/python3.9/ssl.py", line 1343, in do_handshake
2024-08-18T21:58:48.828 INFO:journalctl@ceph.mgr.x.smithi123.stdout:Aug 18 21:58:48 smithi123 ceph-dfa1db70-5dac-11ef-bccf-c7b262605968-mgr-x[18689]: self._sslobj.do_handshake()
2024-08-18T21:58:48.828 INFO:journalctl@ceph.mgr.x.smithi123.stdout:Aug 18 21:58:48 smithi123 ceph-dfa1db70-5dac-11ef-bccf-c7b262605968-mgr-x[18689]: ssl.SSLZeroReturnError: TLS/SSL connection has been closed (EOF) (_ssl.c:1133)
2024-08-18T21:58:48.828 INFO:journalctl@ceph.mgr.x.smithi123.stdout:Aug 18 21:58:48 smithi123 ceph-dfa1db70-5dac-11ef-bccf-c7b262605968-mgr-x[18689]:
2024-08-18T21:58:49.523 INFO:teuthology.orchestra.run.smithi123.stdout:/usr/bin/ceph: stderr
2024-08-18T21:58:48.736+0000 7fa4b2d45640 1 Processor -- start
2024-08-18T21:58:49.523 INFO:teuthology.orchestra.run.smithi123.stdout:/usr/bin/ceph: stderr
2024-08-18T21:58:48.736+0000 7fa4b2d45640 1 -- start start
2024-08-18T21:58:49.523 INFO:teuthology.orchestra.run.smithi123.stdout:/usr/bin/ceph: stderr
2024-08-18T21:58:48.736+0000 7fa4b2d45640 1 --2- >> [v2:172.21.15.123:3300/0,v1:172.21.15.123:6789/0] conn(0x7fa4ac1061d0 0x7fa4ac1065d0 unknown :-1 s=NONE pgs=0 cs=0 l=0 rev1=0 crypto rx=0 tx=0 comp rx=0 tx=0).connect
2024-08-18T21:58:49.523 INFO:teuthology.orchestra.run.smithi123.stdout:/usr/bin/ceph: stderr
2024-08-18T21:58:48.736+0000 7fa4b2d45640 1 -- --> [v2:172.21.15.123:3300/0,v1:172.21.15.123:6789/0] -- mon_getmap magic: 0 -- 0x7fa4ac106ba0 con 0x7fa4ac1061d0
2024-08-18T21:58:49.523 INFO:teuthology.orchestra.run.smithi123.stdout:/usr/bin/ceph: stderr
2024-08-18T21:58:48.737+0000 7fa4b0ae1640 1 --2- >> [v2:172.21.15.123:3300/0,v1:172.21.15.123:6789/0] conn(0x7fa4ac1061d0 0x7fa4ac1065d0 unknown :-1 s=BANNER_CONNECTING pgs=0 cs=0 l=0 rev1=0 crypto rx=0 tx=0 comp rx=0 tx=0)._handle_peer_banner_payload supported=3 required=0
2024-08-18T21:58:49.523 INFO:teuthology.orchestra.run.smithi123.stdout:/usr/bin/ceph: stderr
2024-08-18T21:58:48.737+0000 7fa4b0ae1640 1 --2- >> [v2:172.21.15.123:3300/0,v1:172.21.15.123:6789/0] conn(0x7fa4ac1061d0 0x7fa4ac1065d0 unknown :-1 s=HELLO_CONNECTING pgs=0 cs=0 l=0 rev1=1 crypto rx=0 tx=0 comp rx=0 tx=0).handle_hello peer v2:172.21.15.123:3300/0 says I am v2:172.21.15.123:45714/0 (socket says 172.21.15.123:45714)
2024-08-18T21:58:49.523 INFO:teuthology.orchestra.run.smithi123.stdout:/usr/bin/ceph: stderr
2024-08-18T21:58:48.737+0000 7fa4b0ae1640 1 -- 172.21.15.123:0/1646733954 learned_addr learned my addr 172.21.15.123:0/1646733954 (peer_addr_for_me v2:172.21.15.123:0/0)
2024-08-18T21:58:49.523 INFO:teuthology.orchestra.run.smithi123.stdout:/usr/bin/ceph: stderr
2024-08-18T21:58:48.737+0000 7fa4b0ae1640 1 -- 172.21.15.123:0/1646733954 --> [v2:172.21.15.123:3300/0,v1:172.21.15.123:6789/0] -- mon_subscribe({config=0+,monmap=0+}) -- 0x7fa4ac107380 con 0x7fa4ac1061d0
2024-08-18T21:58:49.523 INFO:teuthology.orchestra.run.smithi123.stdout:/usr/bin/ceph: stderr
2024-08-18T21:58:48.737+0000 7fa4b0ae1640 1 --2- 172.21.15.123:0/1646733954 >> [v2:172.21.15.123:3300/0,v1:172.21.15.123:6789/0] conn(0x7fa4ac1061d0 0x7fa4ac1065d0 secure :-1 s=READY pgs=35 cs=0 l=1 rev1=1 crypto rx=0x7fa49c009820 tx=0x7fa49c02a270 comp rx=0 tx=0).ready entity=mon.0 client_cookie=7d1b909c44f9ab50 server_cookie=0 in_seq=0 out_seq=0
2024-08-18T21:58:49.523 INFO:teuthology.orchestra.run.smithi123.stdout:/usr/bin/ceph: stderr
2024-08-18T21:58:48.738+0000 7fa4ab7fe640 1 -- 172.21.15.123:0/1646733954 <== mon.0 v2:172.21.15.123:3300/0 1 ==== mon_map magic: 0 ==== 205+0+0 (secure 0 0 0) 0x7fa49c037070 con 0x7fa4ac1061d0
2024-08-18T21:58:49.523 INFO:teuthology.orchestra.run.smithi123.stdout:/usr/bin/ceph: stderr
2024-08-18T21:58:48.738+0000 7fa4ab7fe640 1 -- 172.21.15.123:0/1646733954 <== mon.0 v2:172.21.15.123:3300/0 2 ==== config(27 keys) ==== 1109+0+0 (secure 0 0 0) 0x7fa49c032900 con 0x7fa4ac1061d0
2024-08-18T21:58:49.524 INFO:teuthology.orchestra.run.smithi123.stdout:/usr/bin/ceph: stderr
2024-08-18T21:58:48.738+0000 7fa4ab7fe640 1 -- 172.21.15.123:0/1646733954 <== mon.0 v2:172.21.15.123:3300/0 3 ==== mon_map magic: 0 ==== 205+0+0 (secure 0 0 0) 0x7fa49c030850 con 0x7fa4ac1061d0
2024-08-18T21:58:49.524 INFO:teuthology.orchestra.run.smithi123.stdout:/usr/bin/ceph: stderr
2024-08-18T21:58:48.738+0000 7fa4b2d45640 1 -- 172.21.15.123:0/1646733954 >> [v2:172.21.15.123:3300/0,v1:172.21.15.123:6789/0] conn(0x7fa4ac1061d0 msgr2=0x7fa4ac1065d0 secure :-1 s=STATE_CONNECTION_ESTABLISHED l=1).mark_down
2024-08-18T21:58:49.524 INFO:teuthology.orchestra.run.smithi123.stdout:/usr/bin/ceph: stderr
2024-08-18T21:58:48.738+0000 7fa4b2d45640 1 --2- 172.21.15.123:0/1646733954 >> [v2:172.21.15.123:3300/0,v1:172.21.15.123:6789/0] conn(0x7fa4ac1061d0 0x7fa4ac1065d0 secure :-1 s=READY pgs=35 cs=0 l=1 rev1=1 crypto rx=0x7fa49c009820 tx=0x7fa49c02a270 comp rx=0 tx=0).stop
2024-08-18T21:58:49.524 INFO:teuthology.orchestra.run.smithi123.stdout:/usr/bin/ceph: stderr
2024-08-18T21:58:48.738+0000 7fa4b2d45640 1 -- 172.21.15.123:0/1646733954 shutdown_connections
2024-08-18T21:58:49.524 INFO:teuthology.orchestra.run.smithi123.stdout:/usr/bin/ceph: stderr
2024-08-18T21:58:48.738+0000 7fa4b2d45640 1 --2- 172.21.15.123:0/1646733954 >> [v2:172.21.15.123:3300/0,v1:172.21.15.123:6789/0] conn(0x7fa4ac1061d0 0x7fa4ac1065d0 unknown :-1 s=CLOSED pgs=35 cs=0 l=1 rev1=1 crypto rx=0 tx=0 comp rx=0 tx=0).stop
2024-08-18T21:58:49.524 INFO:teuthology.orchestra.run.smithi123.stdout:/usr/bin/ceph: stderr
2024-08-18T21:58:48.738+0000 7fa4b2d45640 1 -- 172.21.15.123:0/1646733954 >> 172.21.15.123:0/1646733954 conn(0x7fa4ac1019e0 msgr2=0x7fa4ac103e00 unknown :-1 s=STATE_NONE l=0).mark_down
2024-08-18T21:58:49.524 INFO:teuthology.orchestra.run.smithi123.stdout:/usr/bin/ceph: stderr
2024-08-18T21:58:48.738+0000 7fa4b2d45640 1 -- 172.21.15.123:0/1646733954 shutdown_connections
2024-08-18T21:58:49.524 INFO:teuthology.orchestra.run.smithi123.stdout:/usr/bin/ceph: stderr
2024-08-18T21:58:48.738+0000 7fa4b2d45640 1 -- 172.21.15.123:0/1646733954 wait complete.
2024-08-18T21:58:49.524 INFO:teuthology.orchestra.run.smithi123.stdout:/usr/bin/ceph: stderr
2024-08-18T21:58:48.739+0000 7fa4b2d45640 1 Processor -- start
2024-08-18T21:58:49.524 INFO:teuthology.orchestra.run.smithi123.stdout:/usr/bin/ceph: stderr
2024-08-18T21:58:48.739+0000 7fa4b2d45640 1 -- start start
2024-08-18T21:58:49.524 INFO:teuthology.orchestra.run.smithi123.stdout:/usr/bin/ceph: stderr
2024-08-18T21:58:48.739+0000 7fa4b2d45640 1 --2- >> [v2:172.21.15.123:3300/0,v1:172.21.15.123:6789/0] conn(0x7fa4ac1061d0 0x7fa4ac19b310 unknown :-1 s=NONE pgs=0 cs=0 l=1 rev1=0 crypto rx=0 tx=0 comp rx=0 tx=0).connect
2024-08-18T21:58:49.524 INFO:teuthology.orchestra.run.smithi123.stdout:/usr/bin/ceph: stderr
2024-08-18T21:58:48.739+0000 7fa4b2d45640 1 -- --> [v2:172.21.15.123:3300/0,v1:172.21.15.123:6789/0] -- mon_getmap magic: 0 -- 0x7fa4ac10a730 con 0x7fa4ac1061d0
2024-08-18T21:58:49.524 INFO:teuthology.orchestra.run.smithi123.stdout:/usr/bin/ceph: stderr
2024-08-18T21:58:48.739+0000 7fa4b0ae1640 1 --2- >> [v2:172.21.15.123:3300/0,v1:172.21.15.123:6789/0] conn(0x7fa4ac1061d0 0x7fa4ac19b310 unknown :-1 s=BANNER_CONNECTING pgs=0 cs=0 l=1 rev1=0 crypto rx=0 tx=0 comp rx=0 tx=0)._handle_peer_banner_payload supported=3 required=0
2024-08-18T21:58:49.524 INFO:teuthology.orchestra.run.smithi123.stdout:/usr/bin/ceph: stderr
2024-08-18T21:58:48.739+0000 7fa4b0ae1640 1 --2- >> [v2:172.21.15.123:3300/0,v1:172.21.15.123:6789/0] conn(0x7fa4ac1061d0 0x7fa4ac19b310 unknown :-1 s=HELLO_CONNECTING pgs=0 cs=0 l=1 rev1=1 crypto rx=0 tx=0 comp rx=0 tx=0).handle_hello peer v2:172.21.15.123:3300/0 says I am v2:172.21.15.123:45718/0 (socket says 172.21.15.123:45718)
2024-08-18T21:58:49.525 INFO:teuthology.orchestra.run.smithi123.stdout:/usr/bin/ceph: stderr
2024-08-18T21:58:48.739+0000 7fa4b0ae1640 1 -- 172.21.15.123:0/2894891913 learned_addr learned my addr 172.21.15.123:0/2894891913 (peer_addr_for_me v2:172.21.15.123:0/0)
2024-08-18T21:58:49.525 INFO:teuthology.orchestra.run.smithi123.stdout:/usr/bin/ceph: stderr
2024-08-18T21:58:48.739+0000 7fa4b0ae1640 1 -- 172.21.15.123:0/2894891913 --> [v2:172.21.15.123:3300/0,v1:172.21.15.123:6789/0] -- mon_subscribe({config=0+,monmap=0+}) -- 0x7fa4ac19b850 con 0x7fa4ac1061d0
2024-08-18T21:58:49.525 INFO:teuthology.orchestra.run.smithi123.stdout:/usr/bin/ceph: stderr
2024-08-18T21:58:48.739+0000 7fa4b0ae1640 1 --2- 172.21.15.123:0/2894891913 >> [v2:172.21.15.123:3300/0,v1:172.21.15.123:6789/0] conn(0x7fa4ac1061d0 0x7fa4ac19b310 secure :-1 s=READY pgs=36 cs=0 l=1 rev1=1 crypto rx=0x7fa49c009940 tx=0x7fa49c032ce0 comp rx=0 tx=0).ready entity=mon.0 client_cookie=0 server_cookie=0 in_seq=0 out_seq=0
2024-08-18T21:58:49.525 INFO:teuthology.orchestra.run.smithi123.stdout:/usr/bin/ceph: stderr
2024-08-18T21:58:48.740+0000 7fa4a9ffb640 1 -- 172.21.15.123:0/2894891913 <== mon.0 v2:172.21.15.123:3300/0 1 ==== mon_map magic: 0 ==== 205+0+0 (secure 0 0 0) 0x7fa49c042070 con 0x7fa4ac1061d0
2024-08-18T21:58:49.525 INFO:teuthology.orchestra.run.smithi123.stdout:/usr/bin/ceph: stderr
2024-08-18T21:58:48.740+0000 7fa4a9ffb640 1 -- 172.21.15.123:0/2894891913 <== mon.0 v2:172.21.15.123:3300/0 2 ==== config(27 keys) ==== 1109+0+0 (secure 0 0 0) 0x7fa49c0308c0 con 0x7fa4ac1061d0
2024-08-18T21:58:49.525 INFO:teuthology.orchestra.run.smithi123.stdout:/usr/bin/ceph: stderr
2024-08-18T21:58:48.740+0000 7fa4b2d45640 1 -- 172.21.15.123:0/2894891913 --> [v2:172.21.15.123:3300/0,v1:172.21.15.123:6789/0] -- mon_subscribe({mgrmap=0+}) -- 0x7fa4ac19bae0 con 0x7fa4ac1061d0
2024-08-18T21:58:49.525 INFO:teuthology.orchestra.run.smithi123.stdout:/usr/bin/ceph: stderr
2024-08-18T21:58:48.740+0000 7fa4a9ffb640 1 -- 172.21.15.123:0/2894891913 <== mon.0 v2:172.21.15.123:3300/0 3 ==== mon_map magic: 0 ==== 205+0+0 (secure 0 0 0) 0x7fa49c037040 con 0x7fa4ac1061d0
2024-08-18T21:58:49.525 INFO:teuthology.orchestra.run.smithi123.stdout:/usr/bin/ceph: stderr
2024-08-18T21:58:48.740+0000 7fa4b2d45640 1 -- 172.21.15.123:0/2894891913 --> [v2:172.21.15.123:3300/0,v1:172.21.15.123:6789/0] -- mon_subscribe({osdmap=0}) -- 0x7fa4ac19e7d0 con 0x7fa4ac1061d0
2024-08-18T21:58:49.525 INFO:teuthology.orchestra.run.smithi123.stdout:/usr/bin/ceph: stderr
2024-08-18T21:58:48.741+0000 7fa4a9ffb640 1 -- 172.21.15.123:0/2894891913 <== mon.0 v2:172.21.15.123:3300/0 4 ==== mgrmap(e 7) ==== 46181+0+0 (secure 0 0 0) 0x7fa49c045070 con 0x7fa4ac1061d0
2024-08-18T21:58:49.525 INFO:teuthology.orchestra.run.smithi123.stdout:/usr/bin/ceph: stderr
2024-08-18T21:58:48.741+0000 7fa4b2d45640 1 -- 172.21.15.123:0/2894891913 --> [v2:172.21.15.123:3300/0,v1:172.21.15.123:6789/0] -- mon_command({"prefix": "get_command_descriptions"} v 0) -- 0x7fa4ac10a8b0 con 0x7fa4ac1061d0
2024-08-18T21:58:49.525 INFO:teuthology.orchestra.run.smithi123.stdout:/usr/bin/ceph: stderr
2024-08-18T21:58:48.741+0000 7fa4a9ffb640 1 --2- 172.21.15.123:0/2894891913 >> [v2:172.21.15.123:6800/4048905381,v1:172.21.15.123:6801/4048905381] conn(0x7fa494038e60 0x7fa49403b320 unknown :-1 s=NONE pgs=0 cs=0 l=1 rev1=0 crypto rx=0 tx=0 comp rx=0 tx=0).connect
2024-08-18T21:58:49.525 INFO:teuthology.orchestra.run.smithi123.stdout:/usr/bin/ceph: stderr
2024-08-18T21:58:48.741+0000 7fa4a9ffb640 1 -- 172.21.15.123:0/2894891913 <== mon.0 v2:172.21.15.123:3300/0 5 ==== osd_map(2..2 src has 1..2) ==== 940+0+0 (secure 0 0 0) 0x7fa49c06be70 con 0x7fa4ac1061d0
2024-08-18T21:58:49.525 INFO:teuthology.orchestra.run.smithi123.stdout:/usr/bin/ceph: stderr
2024-08-18T21:58:48.741+0000 7fa4abfff640 1 --2- 172.21.15.123:0/2894891913 >> [v2:172.21.15.123:6800/4048905381,v1:172.21.15.123:6801/4048905381] conn(0x7fa494038e60 0x7fa49403b320 unknown :-1 s=BANNER_CONNECTING pgs=0 cs=0 l=1 rev1=0 crypto rx=0 tx=0 comp rx=0 tx=0)._handle_peer_banner_payload supported=3 required=0
2024-08-18T21:58:49.526 INFO:teuthology.orchestra.run.smithi123.stdout:/usr/bin/ceph: stderr
2024-08-18T21:58:48.741+0000 7fa4abfff640 1 --2- 172.21.15.123:0/2894891913 >> [v2:172.21.15.123:6800/4048905381,v1:172.21.15.123:6801/4048905381] conn(0x7fa494038e60 0x7fa49403b320 secure :-1 s=READY pgs=7 cs=0 l=1 rev1=1 crypto rx=0x7fa4a00098c0 tx=0x7fa4a0006db0 comp rx=0 tx=0).ready entity=mgr.14118 client_cookie=0 server_cookie=0 in_seq=0 out_seq=0
2024-08-18T21:58:49.526 INFO:teuthology.orchestra.run.smithi123.stdout:/usr/bin/ceph: stderr
2024-08-18T21:58:48.746+0000 7fa4a9ffb640 1 -- 172.21.15.123:0/2894891913 <== mon.0 v2:172.21.15.123:3300/0 6 ==== mon_command_ack([{"prefix": "get_command_descriptions"}]=0 v0) ==== 72+0+187871 (secure 0 0 0) 0x7fa49c03cd90 con 0x7fa4ac1061d0
2024-08-18T21:58:49.526 INFO:teuthology.orchestra.run.smithi123.stdout:/usr/bin/ceph: stderr
2024-08-18T21:58:48.825+0000 7fa4a9ffb640 1 -- 172.21.15.123:0/2894891913 <== mon.0 v2:172.21.15.123:3300/0 7 ==== mgrmap(e 8) ==== 46287+0+0 (secure 0 0 0) 0x7fa49c0327b0 con 0x7fa4ac1061d0
2024-08-18T21:58:49.526 INFO:teuthology.orchestra.run.smithi123.stdout:/usr/bin/ceph: stderr
2024-08-18T21:58:48.930+0000 7fa4b2d45640 1 -- 172.21.15.123:0/2894891913 --> [v2:172.21.15.123:6800/4048905381,v1:172.21.15.123:6801/4048905381] -- mgr_command(tid 0: {"prefix": "orch set backend", "module_name": "cephadm", "target": ["mon-mgr", ""]}) -- 0x7fa4ac02d850 con 0x7fa494038e60
2024-08-18T21:58:49.526 INFO:teuthology.orchestra.run.smithi123.stdout:/usr/bin/ceph: stderr
2024-08-18T21:58:48.938+0000 7fa4a9ffb640 1 -- 172.21.15.123:0/2894891913 <== mgr.14118 v2:172.21.15.123:6800/4048905381 1 ==== mgr_command_reply(tid 0: 0 ) ==== 8+0+0 (secure 0 0 0) 0x7fa4ac02d850 con 0x7fa494038e60
2024-08-18T21:58:49.526 INFO:teuthology.orchestra.run.smithi123.stdout:/usr/bin/ceph: stderr
2024-08-18T21:58:48.940+0000 7fa4b2d45640 1 -- 172.21.15.123:0/2894891913 >> [v2:172.21.15.123:6800/4048905381,v1:172.21.15.123:6801/4048905381] conn(0x7fa494038e60 msgr2=0x7fa49403b320 secure :-1 s=STATE_CONNECTION_ESTABLISHED l=1).mark_down
2024-08-18T21:58:49.526 INFO:teuthology.orchestra.run.smithi123.stdout:/usr/bin/ceph: stderr
2024-08-18T21:58:48.940+0000 7fa4b2d45640 1 --2- 172.21.15.123:0/2894891913 >> [v2:172.21.15.123:6800/4048905381,v1:172.21.15.123:6801/4048905381] conn(0x7fa494038e60 0x7fa49403b320 secure :-1 s=READY pgs=7 cs=0 l=1 rev1=1 crypto rx=0x7fa4a00098c0 tx=0x7fa4a0006db0 comp rx=0 tx=0).stop
2024-08-18T21:58:49.526 INFO:teuthology.orchestra.run.smithi123.stdout:/usr/bin/ceph: stderr
2024-08-18T21:58:48.940+0000 7fa4b2d45640 1 -- 172.21.15.123:0/2894891913 >> [v2:172.21.15.123:3300/0,v1:172.21.15.123:6789/0] conn(0x7fa4ac1061d0 msgr2=0x7fa4ac19b310 secure :-1 s=STATE_CONNECTION_ESTABLISHED l=1).mark_down
2024-08-18T21:58:49.526 INFO:teuthology.orchestra.run.smithi123.stdout:/usr/bin/ceph: stderr
2024-08-18T21:58:48.940+0000 7fa4b2d45640 1 --2- 172.21.15.123:0/2894891913 >> [v2:172.21.15.123:3300/0,v1:172.21.15.123:6789/0] conn(0x7fa4ac1061d0 0x7fa4ac19b310 secure :-1 s=READY pgs=36 cs=0 l=1 rev1=1 crypto rx=0x7fa49c009940 tx=0x7fa49c032ce0 comp rx=0 tx=0).stop
2024-08-18T21:58:49.526 INFO:teuthology.orchestra.run.smithi123.stdout:/usr/bin/ceph: stderr
2024-08-18T21:58:48.940+0000 7fa4b2d45640 1 -- 172.21.15.123:0/2894891913 shutdown_connections
2024-08-18T21:58:49.526 INFO:teuthology.orchestra.run.smithi123.stdout:/usr/bin/ceph: stderr
2024-08-18T21:58:48.940+0000 7fa4b2d45640 1 --2- 172.21.15.123:0/2894891913 >> [v2:172.21.15.123:6800/4048905381,v1:172.21.15.123:6801/4048905381] conn(0x7fa494038e60 0x7fa49403b320 unknown :-1 s=CLOSED pgs=7 cs=0 l=1 rev1=1 crypto rx=0 tx=0 comp rx=0 tx=0).stop
2024-08-18T21:58:49.526 INFO:teuthology.orchestra.run.smithi123.stdout:/usr/bin/ceph: stderr
