2024-08-18T21:59:03.939+0000 7fd8cc863640 1 -- 172.21.15.123:0/1224955258 <== mon.0 v2:172.21.15.123:3300/0 5 ==== osd_map(2..2 src has 1..2) ==== 940+0+0 (secure 0 0 0) 0x7fd8b8042020 con 0x7fd8c8105bd0
2024-08-18T21:59:05.005 INFO:teuthology.orchestra.run.smithi123.stdout:/usr/bin/ceph: stderr
2024-08-18T21:59:03.939+0000 7fd8cd865640 1 -- 172.21.15.123:0/1224955258 --> [v2:172.21.15.123:3300/0,v1:172.21.15.123:6789/0] -- mon_command({"prefix": "get_command_descriptions"} v 0) -- 0x7fd8c8105fd0 con 0x7fd8c8105bd0
2024-08-18T21:59:05.005 INFO:teuthology.orchestra.run.smithi123.stdout:/usr/bin/ceph: stderr
2024-08-18T21:59:03.939+0000 7fd8c67fc640 1 --2- 172.21.15.123:0/1224955258 >> [v2:172.21.15.123:6800/4048905381,v1:172.21.15.123:6801/4048905381] conn(0x7fd8b4038fc0 0x7fd8b403b480 unknown :-1 s=BANNER_CONNECTING pgs=0 cs=0 l=1 rev1=0 crypto rx=0 tx=0 comp rx=0 tx=0)._handle_peer_banner_payload supported=3 required=0
2024-08-18T21:59:05.005 INFO:teuthology.orchestra.run.smithi123.stdout:/usr/bin/ceph: stderr
2024-08-18T21:59:03.940+0000 7fd8c67fc640 1 --2- 172.21.15.123:0/1224955258 >> [v2:172.21.15.123:6800/4048905381,v1:172.21.15.123:6801/4048905381] conn(0x7fd8b4038fc0 0x7fd8b403b480 secure :-1 s=READY pgs=16 cs=0 l=1 rev1=1 crypto rx=0x7fd8b00098c0 tx=0x7fd8b0006db0 comp rx=0 tx=0).ready entity=mgr.14118 client_cookie=0 server_cookie=0 in_seq=0 out_seq=0
2024-08-18T21:59:05.005 INFO:teuthology.orchestra.run.smithi123.stdout:/usr/bin/ceph: stderr
2024-08-18T21:59:03.944+0000 7fd8cc863640 1 -- 172.21.15.123:0/1224955258 <== mon.0 v2:172.21.15.123:3300/0 6 ==== mon_command_ack([{"prefix": "get_command_descriptions"}]=0 v0) ==== 72+0+187871 (secure 0 0 0) 0x7fd8b804b020 con 0x7fd8c8105bd0
2024-08-18T21:59:05.006 INFO:teuthology.orchestra.run.smithi123.stdout:/usr/bin/ceph: stderr
2024-08-18T21:59:04.177+0000 7fd8cd865640 1 -- 172.21.15.123:0/1224955258 --> [v2:172.21.15.123:3300/0,v1:172.21.15.123:6789/0] -- mon_command({"prefix": "mgr module enable", "module": "dashboard"} v 0) -- 0x7fd8c8196910 con 0x7fd8c8105bd0
2024-08-18T21:59:05.006 INFO:teuthology.orchestra.run.smithi123.stdout:/usr/bin/ceph: stderr
2024-08-18T21:59:04.386+0000 7fd8cc863640 1 -- 172.21.15.123:0/1224955258 <== mon.0 v2:172.21.15.123:3300/0 7 ==== mon_command_ack([{"prefix": "mgr module enable", "module": "dashboard"}]=0 v9) ==== 88+0+0 (secure 0 0 0) 0x7fd8b8031e00 con 0x7fd8c8105bd0
2024-08-18T21:59:05.006 INFO:teuthology.orchestra.run.smithi123.stdout:/usr/bin/ceph: stderr
2024-08-18T21:59:04.388+0000 7fd8cc863640 1 -- 172.21.15.123:0/1224955258 <== mon.0 v2:172.21.15.123:3300/0 8 ==== mgrmap(e 9) ==== 46300+0+0 (secure 0 0 0) 0x7fd8b8046930 con 0x7fd8c8105bd0
2024-08-18T21:59:05.006 INFO:teuthology.orchestra.run.smithi123.stdout:/usr/bin/ceph: stderr
2024-08-18T21:59:04.389+0000 7fd8cd865640 1 -- 172.21.15.123:0/1224955258 >> [v2:172.21.15.123:6800/4048905381,v1:172.21.15.123:6801/4048905381] conn(0x7fd8b4038fc0 msgr2=0x7fd8b403b480 secure :-1 s=STATE_CONNECTION_ESTABLISHED l=1).mark_down
2024-08-18T21:59:05.006 INFO:teuthology.orchestra.run.smithi123.stdout:/usr/bin/ceph: stderr
2024-08-18T21:59:04.389+0000 7fd8cd865640 1 --2- 172.21.15.123:0/1224955258 >> [v2:172.21.15.123:6800/4048905381,v1:172.21.15.123:6801/4048905381] conn(0x7fd8b4038fc0 0x7fd8b403b480 secure :-1 s=READY pgs=16 cs=0 l=1 rev1=1 crypto rx=0x7fd8b00098c0 tx=0x7fd8b0006db0 comp rx=0 tx=0).stop
2024-08-18T21:59:05.006 INFO:teuthology.orchestra.run.smithi123.stdout:/usr/bin/ceph: stderr
2024-08-18T21:59:04.389+0000 7fd8cd865640 1 -- 172.21.15.123:0/1224955258 >> [v2:172.21.15.123:3300/0,v1:172.21.15.123:6789/0] conn(0x7fd8c8105bd0 msgr2=0x7fd8c819d4d0 secure :-1 s=STATE_CONNECTION_ESTABLISHED l=1).mark_down
2024-08-18T21:59:05.006 INFO:teuthology.orchestra.run.smithi123.stdout:/usr/bin/ceph: stderr
2024-08-18T21:59:04.389+0000 7fd8cd865640 1 --2- 172.21.15.123:0/1224955258 >> [v2:172.21.15.123:3300/0,v1:172.21.15.123:6789/0] conn(0x7fd8c8105bd0 0x7fd8c819d4d0 secure :-1 s=READY pgs=54 cs=0 l=1 rev1=1 crypto rx=0x7fd8b802acc0 tx=0x7fd8b8031cc0 comp rx=0 tx=0).stop
2024-08-18T21:59:05.006 INFO:teuthology.orchestra.run.smithi123.stdout:/usr/bin/ceph: stderr
2024-08-18T21:59:04.389+0000 7fd8cd865640 1 -- 172.21.15.123:0/1224955258 shutdown_connections
2024-08-18T21:59:05.006 INFO:teuthology.orchestra.run.smithi123.stdout:/usr/bin/ceph: stderr
2024-08-18T21:59:04.389+0000 7fd8cd865640 1 --2- 172.21.15.123:0/1224955258 >> [v2:172.21.15.123:6800/4048905381,v1:172.21.15.123:6801/4048905381] conn(0x7fd8b4038fc0 0x7fd8b403b480 unknown :-1 s=CLOSED pgs=16 cs=0 l=1 rev1=1 crypto rx=0 tx=0 comp rx=0 tx=0).stop
2024-08-18T21:59:05.007 INFO:teuthology.orchestra.run.smithi123.stdout:/usr/bin/ceph: stderr
2024-08-18T21:59:04.389+0000 7fd8cd865640 1 --2- 172.21.15.123:0/1224955258 >> [v2:172.21.15.123:3300/0,v1:172.21.15.123:6789/0] conn(0x7fd8c8105bd0 0x7fd8c819d4d0 unknown :-1 s=CLOSED pgs=54 cs=0 l=1 rev1=1 crypto rx=0 tx=0 comp rx=0 tx=0).stop
2024-08-18T21:59:05.007 INFO:teuthology.orchestra.run.smithi123.stdout:/usr/bin/ceph: stderr
2024-08-18T21:59:04.389+0000 7fd8cd865640 1 -- 172.21.15.123:0/1224955258 >> 172.21.15.123:0/1224955258 conn(0x7fd8c8101980 msgr2=0x7fd8c81917f0 unknown :-1 s=STATE_NONE l=0).mark_down
2024-08-18T21:59:05.007 INFO:teuthology.orchestra.run.smithi123.stdout:/usr/bin/ceph: stderr
2024-08-18T21:59:04.390+0000 7fd8cd865640 1 -- 172.21.15.123:0/1224955258 shutdown_connections
2024-08-18T21:59:05.007 INFO:teuthology.orchestra.run.smithi123.stdout:/usr/bin/ceph: stderr
2024-08-18T21:59:04.390+0000 7fd8cd865640 1 -- 172.21.15.123:0/1224955258 wait complete.
2024-08-18T21:59:05.260 INFO:journalctl@ceph.mgr.x.smithi123.stdout:Aug 18 21:59:05 smithi123 ceph-dfa1db70-5dac-11ef-bccf-c7b262605968-mgr-x[18689]:
2024-08-18T21:59:05.001+0000 7f3f39f27040 -1 mgr[py] Module nfs has missing NOTIFY_TYPES member
2024-08-18T21:59:05.260 INFO:journalctl@ceph.mgr.x.smithi123.stdout:Aug 18 21:59:05 smithi123 ceph-dfa1db70-5dac-11ef-bccf-c7b262605968-mgr-x[18689]:
2024-08-18T21:59:05.155+0000 7f3f39f27040 -1 mgr[py] Module rbd_support has missing NOTIFY_TYPES member
2024-08-18T21:59:05.690 INFO:journalctl@ceph.mon.a.smithi123.stdout:Aug 18 21:59:05 smithi123 ceph-mon[18462]: from='client.? 172.21.15.123:0/1224955258' entity='client.admin' cmd='[{"prefix": "mgr module enable", "module": "dashboard"}]': finished
2024-08-18T21:59:05.691 INFO:journalctl@ceph.mon.a.smithi123.stdout:Aug 18 21:59:05 smithi123 ceph-mon[18462]: mgrmap e9: x(active, since 17s)
2024-08-18T21:59:05.691 INFO:journalctl@ceph.mgr.x.smithi123.stdout:Aug 18 21:59:05 smithi123 ceph-dfa1db70-5dac-11ef-bccf-c7b262605968-mgr-x[18689]:
2024-08-18T21:59:05.284+0000 7f3f39f27040 -1 mgr[py] Module status has missing NOTIFY_TYPES member
2024-08-18T21:59:05.691 INFO:journalctl@ceph.mgr.x.smithi123.stdout:Aug 18 21:59:05 smithi123 ceph-dfa1db70-5dac-11ef-bccf-c7b262605968-mgr-x[18689]:
2024-08-18T21:59:05.415+0000 7f3f39f27040 -1 mgr[py] Module telemetry has missing NOTIFY_TYPES member
2024-08-18T21:59:05.691 INFO:journalctl@ceph.mgr.x.smithi123.stdout:Aug 18 21:59:05 smithi123 ceph-dfa1db70-5dac-11ef-bccf-c7b262605968-mgr-x[18689]:
2024-08-18T21:59:05.475+0000 7f3f39f27040 -1 mgr[py] Module iostat has missing NOTIFY_TYPES member
2024-08-18T21:59:06.010 INFO:journalctl@ceph.mgr.x.smithi123.stdout:Aug 18 21:59:05 smithi123 ceph-dfa1db70-5dac-11ef-bccf-c7b262605968-mgr-x[18689]:
2024-08-18T21:59:05.790+0000 7f3f39f27040 -1 mgr[py] Module osd_perf_query has missing NOTIFY_TYPES member
2024-08-18T21:59:06.010 INFO:journalctl@ceph.mgr.x.smithi123.stdout:Aug 18 21:59:05 smithi123 ceph-dfa1db70-5dac-11ef-bccf-c7b262605968-mgr-x[18689]:
2024-08-18T21:59:05.851+0000 7f3f39f27040 -1 mgr[py] Module devicehealth has missing NOTIFY_TYPES member
2024-08-18T21:59:06.010 INFO:journalctl@ceph.mgr.x.smithi123.stdout:Aug 18 21:59:05 smithi123 ceph-dfa1db70-5dac-11ef-bccf-c7b262605968-mgr-x[18689]:
2024-08-18T21:59:05.919+0000 7f3f39f27040 -1 mgr[py] Module balancer has missing NOTIFY_TYPES member
2024-08-18T21:59:06.375 INFO:journalctl@ceph.mgr.x.smithi123.stdout:Aug 18 21:59:06 smithi123 ceph-dfa1db70-5dac-11ef-bccf-c7b262605968-mgr-x[18689]:
2024-08-18T21:59:06.066+0000 7f3f39f27040 -1 mgr[py] Module diskprediction_local has missing NOTIFY_TYPES member
2024-08-18T21:59:06.376 INFO:journalctl@ceph.mgr.x.smithi123.stdout:Aug 18 21:59:06 smithi123 ceph-dfa1db70-5dac-11ef-bccf-c7b262605968-mgr-x[18689]:
2024-08-18T21:59:06.125+0000 7f3f39f27040 -1 mgr[py] Module telegraf has missing NOTIFY_TYPES member
2024-08-18T21:59:06.376 INFO:journalctl@ceph.mgr.x.smithi123.stdout:Aug 18 21:59:06 smithi123 ceph-dfa1db70-5dac-11ef-bccf-c7b262605968-mgr-x[18689]:
2024-08-18T21:59:06.190+0000 7f3f39f27040 -1 mgr[py] Module crash has missing NOTIFY_TYPES member
2024-08-18T21:59:06.376 INFO:journalctl@ceph.mgr.x.smithi123.stdout:Aug 18 21:59:06 smithi123 ceph-dfa1db70-5dac-11ef-bccf-c7b262605968-mgr-x[18689]:
2024-08-18T21:59:06.374+0000 7f3f39f27040 -1 mgr[py] Module volumes has missing NOTIFY_TYPES member
2024-08-18T21:59:06.391 INFO:teuthology.orchestra.run.smithi123.stdout:/usr/bin/ceph: stdout {
2024-08-18T21:59:06.391 INFO:teuthology.orchestra.run.smithi123.stdout:/usr/bin/ceph: stdout "epoch": 9,
2024-08-18T21:59:06.391 INFO:teuthology.orchestra.run.smithi123.stdout:/usr/bin/ceph: stdout "available": true,
2024-08-18T21:59:06.391 INFO:teuthology.orchestra.run.smithi123.stdout:/usr/bin/ceph: stdout "active_name": "x",
2024-08-18T21:59:06.391 INFO:teuthology.orchestra.run.smithi123.stdout:/usr/bin/ceph: stdout "num_standby": 0
2024-08-18T21:59:06.391 INFO:teuthology.orchestra.run.smithi123.stdout:/usr/bin/ceph: stdout }
2024-08-18T21:59:06.391 INFO:teuthology.orchestra.run.smithi123.stdout:/usr/bin/ceph: stderr
2024-08-18T21:59:05.484+0000 7f2ad5638640 1 Processor -- start
2024-08-18T21:59:06.391 INFO:teuthology.orchestra.run.smithi123.stdout:/usr/bin/ceph: stderr
2024-08-18T21:59:05.484+0000 7f2ad5638640 1 -- start start
2024-08-18T21:59:06.391 INFO:teuthology.orchestra.run.smithi123.stdout:/usr/bin/ceph: stderr
2024-08-18T21:59:05.484+0000 7f2ad5638640 1 --2- >> [v2:172.21.15.123:3300/0,v1:172.21.15.123:6789/0] conn(0x7f2ad0107d80 0x7f2ad010a170 unknown :-1 s=NONE pgs=0 cs=0 l=0 rev1=0 crypto rx=0 tx=0 comp rx=0 tx=0).connect
2024-08-18T21:59:06.392 INFO:teuthology.orchestra.run.smithi123.stdout:/usr/bin/ceph: stderr
2024-08-18T21:59:05.484+0000 7f2ad5638640 1 -- --> [v2:172.21.15.123:3300/0,v1:172.21.15.123:6789/0] -- mon_getmap magic: 0 -- 0x7f2ad007bdc0 con 0x7f2ad0107d80
2024-08-18T21:59:06.392 INFO:teuthology.orchestra.run.smithi123.stdout:/usr/bin/ceph: stderr
2024-08-18T21:59:05.484+0000 7f2aceffd640 1 --2- >> [v2:172.21.15.123:3300/0,v1:172.21.15.123:6789/0] conn(0x7f2ad0107d80 0x7f2ad010a170 unknown :-1 s=BANNER_CONNECTING pgs=0 cs=0 l=0 rev1=0 crypto rx=0 tx=0 comp rx=0 tx=0)._handle_peer_banner_payload supported=3 required=0
2024-08-18T21:59:06.392 INFO:teuthology.orchestra.run.smithi123.stdout:/usr/bin/ceph: stderr
2024-08-18T21:59:05.484+0000 7f2aceffd640 1 --2- >> [v2:172.21.15.123:3300/0,v1:172.21.15.123:6789/0] conn(0x7f2ad0107d80 0x7f2ad010a170 unknown :-1 s=HELLO_CONNECTING pgs=0 cs=0 l=0 rev1=1 crypto rx=0 tx=0 comp rx=0 tx=0).handle_hello peer v2:172.21.15.123:3300/0 says I am v2:172.21.15.123:46032/0 (socket says 172.21.15.123:46032)
2024-08-18T21:59:06.392 INFO:teuthology.orchestra.run.smithi123.stdout:/usr/bin/ceph: stderr
2024-08-18T21:59:05.484+0000 7f2aceffd640 1 -- 172.21.15.123:0/1244342588 learned_addr learned my addr 172.21.15.123:0/1244342588 (peer_addr_for_me v2:172.21.15.123:0/0)
2024-08-18T21:59:06.392 INFO:teuthology.orchestra.run.smithi123.stdout:/usr/bin/ceph: stderr
2024-08-18T21:59:05.485+0000 7f2aceffd640 1 -- 172.21.15.123:0/1244342588 --> [v2:172.21.15.123:3300/0,v1:172.21.15.123:6789/0] -- mon_subscribe({config=0+,monmap=0+}) -- 0x7f2ad010a6b0 con 0x7f2ad0107d80
2024-08-18T21:59:06.392 INFO:teuthology.orchestra.run.smithi123.stdout:/usr/bin/ceph: stderr
2024-08-18T21:59:05.485+0000 7f2aceffd640 1 --2- 172.21.15.123:0/1244342588 >> [v2:172.21.15.123:3300/0,v1:172.21.15.123:6789/0] conn(0x7f2ad0107d80 0x7f2ad010a170 secure :-1 s=READY pgs=57 cs=0 l=1 rev1=1 crypto rx=0x7f2ac0009820 tx=0x7f2ac002a270 comp rx=0 tx=0).ready entity=mon.0 client_cookie=4784109240a8d028 server_cookie=0 in_seq=0 out_seq=0
2024-08-18T21:59:06.392 INFO:teuthology.orchestra.run.smithi123.stdout:/usr/bin/ceph: stderr
2024-08-18T21:59:05.485+0000 7f2ace7fc640 1 -- 172.21.15.123:0/1244342588 <== mon.0 v2:172.21.15.123:3300/0 1 ==== mon_map magic: 0 ==== 205+0+0 (secure 0 0 0) 0x7f2ac0037070 con 0x7f2ad0107d80
2024-08-18T21:59:06.392 INFO:teuthology.orchestra.run.smithi123.stdout:/usr/bin/ceph: stderr
2024-08-18T21:59:05.485+0000 7f2ace7fc640 1 -- 172.21.15.123:0/1244342588 <== mon.0 v2:172.21.15.123:3300/0 2 ==== config(27 keys) ==== 1140+0+0 (secure 0 0 0) 0x7f2ac0032920 con 0x7f2ad0107d80
2024-08-18T21:59:06.392 INFO:teuthology.orchestra.run.smithi123.stdout:/usr/bin/ceph: stderr
2024-08-18T21:59:05.485+0000 7f2ace7fc640 1 -- 172.21.15.123:0/1244342588 <== mon.0 v2:172.21.15.123:3300/0 3 ==== mon_map magic: 0 ==== 205+0+0 (secure 0 0 0) 0x7f2ac0030810 con 0x7f2ad0107d80
2024-08-18T21:59:06.392 INFO:teuthology.orchestra.run.smithi123.stdout:/usr/bin/ceph: stderr
2024-08-18T21:59:05.486+0000 7f2ad5638640 1 -- 172.21.15.123:0/1244342588 >> [v2:172.21.15.123:3300/0,v1:172.21.15.123:6789/0] conn(0x7f2ad0107d80 msgr2=0x7f2ad010a170 secure :-1 s=STATE_CONNECTION_ESTABLISHED l=1).mark_down
2024-08-18T21:59:06.392 INFO:teuthology.orchestra.run.smithi123.stdout:/usr/bin/ceph: stderr
2024-08-18T21:59:05.486+0000 7f2ad5638640 1 --2- 172.21.15.123:0/1244342588 >> [v2:172.21.15.123:3300/0,v1:172.21.15.123:6789/0] conn(0x7f2ad0107d80 0x7f2ad010a170 secure :-1 s=READY pgs=57 cs=0 l=1 rev1=1 crypto rx=0x7f2ac0009820 tx=0x7f2ac002a270 comp rx=0 tx=0).stop
2024-08-18T21:59:06.392 INFO:teuthology.orchestra.run.smithi123.stdout:/usr/bin/ceph: stderr
2024-08-18T21:59:05.486+0000 7f2ad5638640 1 -- 172.21.15.123:0/1244342588 shutdown_connections
2024-08-18T21:59:06.392 INFO:teuthology.orchestra.run.smithi123.stdout:/usr/bin/ceph: stderr
2024-08-18T21:59:05.486+0000 7f2ad5638640 1 --2- 172.21.15.123:0/1244342588 >> [v2:172.21.15.123:3300/0,v1:172.21.15.123:6789/0] conn(0x7f2ad0107d80 0x7f2ad010a170 unknown :-1 s=CLOSED pgs=57 cs=0 l=1 rev1=1 crypto rx=0 tx=0 comp rx=0 tx=0).stop
2024-08-18T21:59:06.392 INFO:teuthology.orchestra.run.smithi123.stdout:/usr/bin/ceph: stderr
2024-08-18T21:59:05.486+0000 7f2ad5638640 1 -- 172.21.15.123:0/1244342588 >> 172.21.15.123:0/1244342588 conn(0x7f2ad01019e0 msgr2=0x7f2ad0103e00 unknown :-1 s=STATE_NONE l=0).mark_down
2024-08-18T21:59:06.393 INFO:teuthology.orchestra.run.smithi123.stdout:/usr/bin/ceph: stderr
2024-08-18T21:59:05.486+0000 7f2ad5638640 1 -- 172.21.15.123:0/1244342588 shutdown_connections
2024-08-18T21:59:06.393 INFO:teuthology.orchestra.run.smithi123.stdout:/usr/bin/ceph: stderr
2024-08-18T21:59:05.486+0000 7f2ad5638640 1 -- 172.21.15.123:0/1244342588 wait complete.
2024-08-18T21:59:06.393 INFO:teuthology.orchestra.run.smithi123.stdout:/usr/bin/ceph: stderr
2024-08-18T21:59:05.487+0000 7f2ad5638640 1 Processor -- start
2024-08-18T21:59:06.393 INFO:teuthology.orchestra.run.smithi123.stdout:/usr/bin/ceph: stderr
2024-08-18T21:59:05.487+0000 7f2ad5638640 1 -- start start
2024-08-18T21:59:06.393 INFO:teuthology.orchestra.run.smithi123.stdout:/usr/bin/ceph: stderr
2024-08-18T21:59:05.487+0000 7f2ad5638640 1 --2- >> [v2:172.21.15.123:3300/0,v1:172.21.15.123:6789/0] conn(0x7f2ad0107d80 0x7f2ad019b290 unknown :-1 s=NONE pgs=0 cs=0 l=1 rev1=0 crypto rx=0 tx=0 comp rx=0 tx=0).connect
2024-08-18T21:59:06.393 INFO:teuthology.orchestra.run.smithi123.stdout:/usr/bin/ceph: stderr
2024-08-18T21:59:05.487+0000 7f2ad5638640 1 -- --> [v2:172.21.15.123:3300/0,v1:172.21.15.123:6789/0] -- mon_getmap magic: 0 -- 0x7f2ad010b6d0 con 0x7f2ad0107d80
2024-08-18T21:59:06.393 INFO:teuthology.orchestra.run.smithi123.stdout:/usr/bin/ceph: stderr
2024-08-18T21:59:05.487+0000 7f2aceffd640 1 --2- >> [v2:172.21.15.123:3300/0,v1:172.21.15.123:6789/0] conn(0x7f2ad0107d80 0x7f2ad019b290 unknown :-1 s=BANNER_CONNECTING pgs=0 cs=0 l=1 rev1=0 crypto rx=0 tx=0 comp rx=0 tx=0)._handle_peer_banner_payload supported=3 required=0
2024-08-18T21:59:06.393 INFO:teuthology.orchestra.run.smithi123.stdout:/usr/bin/ceph: stderr
2024-08-18T21:59:05.487+0000 7f2aceffd640 1 --2- >> [v2:172.21.15.123:3300/0,v1:172.21.15.123:6789/0] conn(0x7f2ad0107d80 0x7f2ad019b290 unknown :-1 s=HELLO_CONNECTING pgs=0 cs=0 l=1 rev1=1 crypto rx=0 tx=0 comp rx=0 tx=0).handle_hello peer v2:172.21.15.123:3300/0 says I am v2:172.21.15.123:46044/0 (socket says 172.21.15.123:46044)
2024-08-18T21:59:06.393 INFO:teuthology.orchestra.run.smithi123.stdout:/usr/bin/ceph: stderr
2024-08-18T21:59:05.487+0000 7f2aceffd640 1 -- 172.21.15.123:0/3373027378 learned_addr learned my addr 172.21.15.123:0/3373027378 (peer_addr_for_me v2:172.21.15.123:0/0)
2024-08-18T21:59:06.393 INFO:teuthology.orchestra.run.smithi123.stdout:/usr/bin/ceph: stderr
2024-08-18T21:59:05.487+0000 7f2aceffd640 1 -- 172.21.15.123:0/3373027378 --> [v2:172.21.15.123:3300/0,v1:172.21.15.123:6789/0] -- mon_subscribe({config=0+,monmap=0+}) -- 0x7f2ad019b7d0 con 0x7f2ad0107d80
2024-08-18T21:59:06.393 INFO:teuthology.orchestra.run.smithi123.stdout:/usr/bin/ceph: stderr
2024-08-18T21:59:05.487+0000 7f2aceffd640 1 --2- 172.21.15.123:0/3373027378 >> [v2:172.21.15.123:3300/0,v1:172.21.15.123:6789/0] conn(0x7f2ad0107d80 0x7f2ad019b290 secure :-1 s=READY pgs=58 cs=0 l=1 rev1=1 crypto rx=0x7f2ac0030380 tx=0x7f2ac0032670 comp rx=0 tx=0).ready entity=mon.0 client_cookie=0 server_cookie=0 in_seq=0 out_seq=0
2024-08-18T21:59:06.393 INFO:teuthology.orchestra.run.smithi123.stdout:/usr/bin/ceph: stderr
2024-08-18T21:59:05.487+0000 7f2accff9640 1 -- 172.21.15.123:0/3373027378 <== mon.0 v2:172.21.15.123:3300/0 1 ==== mon_map magic: 0 ==== 205+0+0 (secure 0 0 0) 0x7f2ac0037040 con 0x7f2ad0107d80
2024-08-18T21:59:06.393 INFO:teuthology.orchestra.run.smithi123.stdout:/usr/bin/ceph: stderr
2024-08-18T21:59:05.488+0000 7f2accff9640 1 -- 172.21.15.123:0/3373027378 <== mon.0 v2:172.21.15.123:3300/0 2 ==== config(27 keys) ==== 1140+0+0 (secure 0 0 0) 0x7f2ac0040070 con 0x7f2ad0107d80
2024-08-18T21:59:06.393 INFO:teuthology.orchestra.run.smithi123.stdout:/usr/bin/ceph: stderr
2024-08-18T21:59:05.488+0000 7f2ad5638640 1 -- 172.21.15.123:0/3373027378 --> [v2:172.21.15.123:3300/0,v1:172.21.15.123:6789/0] -- mon_subscribe({mgrmap=0+}) -- 0x7f2ad019ba60 con 0x7f2ad0107d80
2024-08-18T21:59:06.393 INFO:teuthology.orchestra.run.smithi123.stdout:/usr/bin/ceph: stderr
2024-08-18T21:59:05.488+0000 7f2accff9640 1 -- 172.21.15.123:0/3373027378 <== mon.0 v2:172.21.15.123:3300/0 3 ==== mon_map magic: 0 ==== 205+0+0 (secure 0 0 0) 0x7f2ac003a7b0 con 0x7f2ad0107d80
2024-08-18T21:59:06.394 INFO:teuthology.orchestra.run.smithi123.stdout:/usr/bin/ceph: stderr
2024-08-18T21:59:05.488+0000 7f2ad5638640 1 -- 172.21.15.123:0/3373027378 --> [v2:172.21.15.123:3300/0,v1:172.21.15.123:6789/0] -- mon_subscribe({osdmap=0}) -- 0x7f2ad019e750 con 0x7f2ad0107d80
2024-08-18T21:59:06.394 INFO:teuthology.orchestra.run.smithi123.stdout:/usr/bin/ceph: stderr
2024-08-18T21:59:05.488+0000 7f2accff9640 1 -- 172.21.15.123:0/3373027378 <== mon.0 v2:172.21.15.123:3300/0 4 ==== mgrmap(e 9) ==== 46300+0+0 (secure 0 0 0) 0x7f2ac003aa30 con 0x7f2ad0107d80
2024-08-18T21:59:06.394 INFO:teuthology.orchestra.run.smithi123.stdout:/usr/bin/ceph: stderr
2024-08-18T21:59:05.488+0000 7f2ad5638640 1 -- 172.21.15.123:0/3373027378 --> [v2:172.21.15.123:3300/0,v1:172.21.15.123:6789/0] -- mon_command({"prefix": "get_command_descriptions"} v 0) -- 0x7f2ad01081e0 con 0x7f2ad0107d80
2024-08-18T21:59:06.394 INFO:teuthology.orchestra.run.smithi123.stdout:/usr/bin/ceph: stderr
2024-08-18T21:59:05.489+0000 7f2accff9640 1 --2- 172.21.15.123:0/3373027378 >> [v2:172.21.15.123:6800/4048905381,v1:172.21.15.123:6801/4048905381] conn(0x7f2abc038fc0 0x7f2abc03b480 unknown :-1 s=NONE pgs=0 cs=0 l=1 rev1=0 crypto rx=0 tx=0 comp rx=0 tx=0).connect
2024-08-18T21:59:06.394 INFO:teuthology.orchestra.run.smithi123.stdout:/usr/bin/ceph: stderr
2024-08-18T21:59:05.489+0000 7f2accff9640 1 -- 172.21.15.123:0/3373027378 <== mon.0 v2:172.21.15.123:3300/0 5 ==== osd_map(2..2 src has 1..2) ==== 940+0+0 (secure 0 0 0) 0x7f2ac006c750 con 0x7f2ad0107d80
2024-08-18T21:59:06.394 INFO:teuthology.orchestra.run.smithi123.stdout:/usr/bin/ceph: stderr
2024-08-18T21:59:05.489+0000 7f2ac7fff640 1 -- 172.21.15.123:0/3373027378 >> [v2:172.21.15.123:6800/4048905381,v1:172.21.15.123:6801/4048905381] conn(0x7f2abc038fc0 msgr2=0x7f2abc03b480 unknown :-1 s=STATE_CONNECTING_RE l=1).process reconnect failed to v2:172.21.15.123:6800/4048905381
2024-08-18T21:59:06.394 INFO:teuthology.orchestra.run.smithi123.stdout:/usr/bin/ceph: stderr
2024-08-18T21:59:05.489+0000 7f2ac7fff640 1 --2- 172.21.15.123:0/3373027378 >> [v2:172.21.15.123:6800/4048905381,v1:172.21.15.123:6801/4048905381] conn(0x7f2abc038fc0 0x7f2abc03b480 unknown :-1 s=START_CONNECT pgs=0 cs=0 l=1 rev1=0 crypto rx=0 tx=0 comp rx=0 tx=0)._fault waiting 0.200000
2024-08-18T21:59:06.394 INFO:teuthology.orchestra.run.smithi123.stdout:/usr/bin/ceph: stderr
2024-08-18T21:59:05.493+0000 7f2accff9640 1 -- 172.21.15.123:0/3373027378 <== mon.0 v2:172.21.15.123:3300/0 6 ==== mon_command_ack([{"prefix": "get_command_descriptions"}]=0 v0) ==== 72+0+187871 (secure 0 0 0) 0x7f2ac0044c70 con 0x7f2ad0107d80
2024-08-18T21:59:06.394 INFO:teuthology.orchestra.run.smithi123.stdout:/usr/bin/ceph: stderr
2024-08-18T21:59:05.690+0000 7f2ac7fff640 1 -- 172.21.15.123:0/3373027378 >> [v2:172.21.15.123:6800/4048905381,v1:172.21.15.123:6801/4048905381] conn(0x7f2abc038fc0 msgr2=0x7f2abc03b480 unknown :-1 s=STATE_CONNECTING_RE l=1).process reconnect failed to v2:172.21.15.123:6800/4048905381
2024-08-18T21:59:06.394 INFO:teuthology.orchestra.run.smithi123.stdout:/usr/bin/ceph: stderr
2024-08-18T21:59:05.690+0000 7f2ac7fff640 1 --2- 172.21.15.123:0/3373027378 >> [v2:172.21.15.123:6800/4048905381,v1:172.21.15.123:6801/4048905381] conn(0x7f2abc038fc0 0x7f2abc03b480 unknown :-1 s=START_CONNECT pgs=0 cs=0 l=1 rev1=0 crypto rx=0 tx=0 comp rx=0 tx=0)._fault waiting 0.400000
2024-08-18T21:59:06.394 INFO:teuthology.orchestra.run.smithi123.stdout:/usr/bin/ceph: stderr
2024-08-18T21:59:05.714+0000 7f2ad5638640 1 -- 172.21.15.123:0/3373027378 --> [v2:172.21.15.123:3300/0,v1:172.21.15.123:6789/0] -- mon_command({"prefix": "mgr stat"} v 0) -- 0x7f2ad019ed40 con 0x7f2ad0107d80
2024-08-18T21:59:06.394 INFO:teuthology.orchestra.run.smithi123.stdout:/usr/bin/ceph: stderr
2024-08-18T21:59:05.714+0000 7f2accff9640 1 -- 172.21.15.123:0/3373027378 <== mon.0 v2:172.21.15.123:3300/0 7 ==== mon_command_ack([{"prefix": "mgr stat"}]=0 v9) ==== 56+0+88 (secure 0 0 0) 0x7f2ac0041270 con 0x7f2ad0107d80
2024-08-18T21:59:06.394 INFO:teuthology.orchestra.run.smithi123.stdout:/usr/bin/ceph: stderr
2024-08-18T21:59:05.717+0000 7f2ad5638640 1 -- 172.21.15.123:0/3373027378 >> [v2:172.21.15.123:6800/4048905381,v1:172.21.15.123:6801/4048905381] conn(0x7f2abc038fc0 msgr2=0x7f2abc03b480 unknown :-1 s=STATE_CONNECTING l=1).mark_down
2024-08-18T21:59:06.395 INFO:teuthology.orchestra.run.smithi123.stdout:/usr/bin/ceph: stderr
2024-08-18T21:59:05.717+0000 7f2ad5638640 1 --2- 172.21.15.123:0/3373027378 >> [v2:172.21.15.123:6800/4048905381,v1:172.21.15.123:6801/4048905381] conn(0x7f2abc038fc0 0x7f2abc03b480 unknown :-1 s=START_CONNECT pgs=0 cs=0 l=1 rev1=0 crypto rx=0 tx=0 comp rx=0 tx=0).stop
2024-08-18T21:59:06.395 INFO:teuthology.orchestra.run.smithi123.stdout:/usr/bin/ceph: stderr
2024-08-18T21:59:05.717+0000 7f2ad5638640 1 -- 172.21.15.123:0/3373027378 >> [v2:172.21.15.123:3300/0,v1:172.21.15.123:6789/0] conn(0x7f2ad0107d80 msgr2=0x7f2ad019b290 secure :-1 s=STATE_CONNECTION_ESTABLISHED l=1).mark_down
2024-08-18T21:59:06.395 INFO:teuthology.orchestra.run.smithi123.stdout:/usr/bin/ceph: stderr
2024-08-18T21:59:05.717+0000 7f2ad5638640 1 --2- 172.21.15.123:0/3373027378 >> [v2:172.21.15.123:3300/0,v1:172.21.15.123:6789/0] conn(0x7f2ad0107d80 0x7f2ad019b290 secure :-1 s=READY pgs=58 cs=0 l=1 rev1=1 crypto rx=0x7f2ac0030380 tx=0x7f2ac0032670 comp rx=0 tx=0).stop
2024-08-18T21:59:06.395 INFO:teuthology.orchestra.run.smithi123.stdout:/usr/bin/ceph: stderr
2024-08-18T21:59:05.717+0000 7f2ad5638640 1 -- 172.21.15.123:0/3373027378 shutdown_connections
2024-08-18T21:59:06.395 INFO:teuthology.orchestra.run.smithi123.stdout:/usr/bin/ceph: stderr
2024-08-18T21:59:05.717+0000 7f2ad5638640 1 --2- 172.21.15.123:0/3373027378 >> [v2:172.21.15.123:6800/4048905381,v1:172.21.15.123:6801/4048905381] conn(0x7f2abc038fc0 0x7f2abc03b480 unknown :-1 s=CLOSED pgs=0 cs=0 l=1 rev1=0 crypto rx=0 tx=0 comp rx=0 tx=0).stop
2024-08-18T21:59:06.395 INFO:teuthology.orchestra.run.smithi123.stdout:/usr/bin/ceph: stderr
2024-08-18T21:59:05.717+0000 7f2ad5638640 1 --2- 172.21.15.123:0/3373027378 >> [v2:172.21.15.123:3300/0,v1:172.21.15.123:6789/0] conn(0x7f2ad0107d80 0x7f2ad019b290 unknown :-1 s=CLOSED pgs=58 cs=0 l=1 rev1=1 crypto rx=0 tx=0 comp rx=0 tx=0).stop
2024-08-18T21:59:06.395 INFO:teuthology.orchestra.run.smithi123.stdout:/usr/bin/ceph: stderr
2024-08-18T21:59:05.717+0000 7f2ad5638640 1 -- 172.21.15.123:0/3373027378 >> 172.21.15.123:0/3373027378 conn(0x7f2ad01019e0 msgr2=0x7f2ad01025a0 unknown :-1 s=STATE_NONE l=0).mark_down
2024-08-18T21:59:06.395 INFO:teuthology.orchestra.run.smithi123.stdout:/usr/bin/ceph: stderr
2024-08-18T21:59:05.717+0000 7f2ad5638640 1 -- 172.21.15.123:0/3373027378 shutdown_connections
2024-08-18T21:59:06.395 INFO:teuthology.orchestra.run.smithi123.stdout:/usr/bin/ceph: stderr
2024-08-18T21:59:05.717+0000 7f2ad5638640 1 -- 172.21.15.123:0/3373027378 wait complete.
2024-08-18T21:59:06.395 INFO:teuthology.orchestra.run.smithi123.stdout:Waiting for the mgr to restart...
2024-08-18T21:59:06.395 INFO:teuthology.orchestra.run.smithi123.stdout:Waiting for mgr epoch 9...
2024-08-18T21:59:06.702 INFO:journalctl@ceph.mon.a.smithi123.stdout:Aug 18 21:59:06 smithi123 ceph-mon[18462]: from='client.? 172.21.15.123:0/3373027378' entity='client.admin' cmd=[{"prefix": "mgr stat"}]: dispatch
2024-08-18T21:59:06.703 INFO:journalctl@ceph.mgr.x.smithi123.stdout:Aug 18 21:59:06 smithi123 ceph-dfa1db70-5dac-11ef-bccf-c7b262605968-mgr-x[18689]:
2024-08-18T21:59:06.447+0000 7f3f39f27040 -1 mgr[py] Module selftest has missing NOTIFY_TYPES member
2024-08-18T21:59:06.703 INFO:journalctl@ceph.mgr.x.smithi123.stdout:Aug 18 21:59:06 smithi123 ceph-dfa1db70-5dac-11ef-bccf-c7b262605968-mgr-x[18689]:
2024-08-18T21:59:06.506+0000 7f3f39f27040 -1 mgr[py] Module progress has missing NOTIFY_TYPES member
2024-08-18T21:59:06.703 INFO:journalctl@ceph.mgr.x.smithi123.stdout:Aug 18 21:59:06 smithi123 ceph-dfa1db70-5dac-11ef-bccf-c7b262605968-mgr-x[18689]:
2024-08-18T21:59:06.575+0000 7f3f39f27040 -1 mgr[py] Module alerts has missing NOTIFY_TYPES member
2024-08-18T21:59:06.987 INFO:journalctl@ceph.mgr.x.smithi123.stdout:Aug 18 21:59:06 smithi123 ceph-dfa1db70-5dac-11ef-bccf-c7b262605968-mgr-x[18689]:
2024-08-18T21:59:06.797+0000 7f3f39f27040 -1 mgr[py] Module snap_schedule has missing NOTIFY_TYPES member
2024-08-18T21:59:06.987 INFO:journalctl@ceph.mgr.x.smithi123.stdout:Aug 18 21:59:06 smithi123 ceph-dfa1db70-5dac-11ef-bccf-c7b262605968-mgr-x[18689]:
2024-08-18T21:59:06.855+0000 7f3f39f27040 -1 mgr[py] Module zabbix has missing NOTIFY_TYPES member
2024-08-18T21:59:07.660 INFO:journalctl@ceph.mgr.x.smithi123.stdout:Aug 18 21:59:07 smithi123 ceph-dfa1db70-5dac-11ef-bccf-c7b262605968-mgr-x[18689]:
2024-08-18T21:59:07.358+0000 7f3f39f27040 -1 mgr[py] Module test_orchestrator has missing NOTIFY_TYPES member
2024-08-18T21:59:08.010 INFO:journalctl@ceph.mgr.x.smithi123.stdout:Aug 18 21:59:07 smithi123 ceph-dfa1db70-5dac-11ef-bccf-c7b262605968-mgr-x[18689]:
2024-08-18T21:59:07.659+0000 7f3f39f27040 -1 mgr[py] Module prometheus has missing NOTIFY_TYPES member
2024-08-18T21:59:08.510 INFO:journalctl@ceph.mgr.x.smithi123.stdout:Aug 18 21:59:08 smithi123 ceph-dfa1db70-5dac-11ef-bccf-c7b262605968-mgr-x[18689]:
2024-08-18T21:59:08.064+0000 7f3f39f27040 -1 mgr[py] Module rook has missing NOTIFY_TYPES member
2024-08-18T21:59:08.510 INFO:journalctl@ceph.mgr.x.smithi123.stdout:Aug 18 21:59:08 smithi123 ceph-dfa1db70-5dac-11ef-bccf-c7b262605968-mgr-x[18689]:
2024-08-18T21:59:08.119+0000 7f3f39f27040 -1 mgr[py] Module osd_support has missing NOTIFY_TYPES member
2024-08-18T21:59:08.510 INFO:journalctl@ceph.mgr.x.smithi123.stdout:Aug 18 21:59:08 smithi123 ceph-dfa1db70-5dac-11ef-bccf-c7b262605968-mgr-x[18689]:
2024-08-18T21:59:08.177+0000 7f3f39f27040 -1 mgr[py] Module influx has missing NOTIFY_TYPES member
2024-08-18T21:59:09.510 INFO:journalctl@ceph.mon.a.smithi123.stdout:Aug 18 21:59:09 smithi123 ceph-mon[18462]: Active manager daemon x restarted
2024-08-18T21:59:09.510 INFO:journalctl@ceph.mon.a.smithi123.stdout:Aug 18 21:59:09 smithi123 ceph-mon[18462]: Activating manager daemon x
2024-08-18T21:59:09.510 INFO:journalctl@ceph.mon.a.smithi123.stdout:Aug 18 21:59:09 smithi123 ceph-mon[18462]: osdmap e3: 0 total, 0 up, 0 in
2024-08-18T21:59:09.510 INFO:journalctl@ceph.mon.a.smithi123.stdout:Aug 18 21:59:09 smithi123 ceph-mon[18462]: mgrmap e10: x(active, starting, since 0.00333143s)
2024-08-18T21:59:09.510 INFO:journalctl@ceph.mon.a.smithi123.stdout:Aug 18 21:59:09 smithi123 ceph-mon[18462]: from='mgr.14150 172.21.15.123:0/3483124108' entity='mgr.x' cmd=[{"prefix": "mon metadata", "id": "a"}]: dispatch
2024-08-18T21:59:09.510 INFO:journalctl@ceph.mon.a.smithi123.stdout:Aug 18 21:59:09 smithi123 ceph-mon[18462]: from='mgr.14150 172.21.15.123:0/3483124108' entity='mgr.x' cmd=[{"prefix": "mgr metadata", "who": "x", "id": "x"}]: dispatch
2024-08-18T21:59:09.511 INFO:journalctl@ceph.mon.a.smithi123.stdout:Aug 18 21:59:09 smithi123 ceph-mon[18462]: from='mgr.14150 172.21.15.123:0/3483124108' entity='mgr.x' cmd=[{"prefix": "mds metadata"}]: dispatch
2024-08-18T21:59:09.511 INFO:journalctl@ceph.mon.a.smithi123.stdout:Aug 18 21:59:09 smithi123 ceph-mon[18462]: from='mgr.14150 172.21.15.123:0/3483124108' entity='mgr.x' cmd=[{"prefix": "osd metadata"}]: dispatch
2024-08-18T21:59:09.511 INFO:journalctl@ceph.mon.a.smithi123.stdout:Aug 18 21:59:09 smithi123 ceph-mon[18462]: from='mgr.14150 172.21.15.123:0/3483124108' entity='mgr.x' cmd=[{"prefix": "mon metadata"}]: dispatch
2024-08-18T21:59:09.511 INFO:journalctl@ceph.mon.a.smithi123.stdout:Aug 18 21:59:09 smithi123 ceph-mon[18462]: Manager daemon x is now available
2024-08-18T21:59:09.511 INFO:journalctl@ceph.mon.a.smithi123.stdout:Aug 18 21:59:09 smithi123 ceph-mon[18462]: from='mgr.14150 172.21.15.123:0/3483124108' entity='mgr.x' cmd=[{"prefix": "config dump", "format": "json"}]: dispatch
2024-08-18T21:59:09.511 INFO:journalctl@ceph.mon.a.smithi123.stdout:Aug 18 21:59:09 smithi123 ceph-mon[18462]: from='mgr.14150 172.21.15.123:0/3483124108' entity='mgr.x' cmd=[{"prefix":"config rm","who":"mgr","name":"mgr/rbd_support/x/mirror_snapshot_schedule"}]: dispatch
2024-08-18T21:59:09.511 INFO:journalctl@ceph.mon.a.smithi123.stdout:Aug 18 21:59:09 smithi123 ceph-mon[18462]: from='mgr.14150 172.21.15.123:0/3483124108' entity='mgr.x' cmd=[{"prefix":"config rm","who":"mgr","name":"mgr/rbd_support/x/trash_purge_schedule"}]: dispatch
2024-08-18T21:59:10.726 INFO:journalctl@ceph.mgr.x.smithi123.stdout:Aug 18 21:59:10 smithi123 ceph-dfa1db70-5dac-11ef-bccf-c7b262605968-mgr-x[18689]:
2024-08-18T21:59:10.447+0000 7f3e9fba4640 -1 log_channel(cephadm) log [ERR] : [18/Aug/2024:21:59:10] ENGINE Error in HTTPServer.serve
2024-08-18T21:59:10.727 INFO:journalctl@ceph.mgr.x.smithi123.stdout:Aug 18 21:59:10 smithi123 ceph-dfa1db70-5dac-11ef-bccf-c7b262605968-mgr-x[18689]: Traceback (most recent call last):
2024-08-18T21:59:10.727 INFO:journalctl@ceph.mgr.x.smithi123.stdout:Aug 18 21:59:10 smithi123 ceph-dfa1db70-5dac-11ef-bccf-c7b262605968-mgr-x[18689]: File "/lib/python3.9/site-packages/cheroot/server.py", line 1823, in serve
2024-08-18T21:59:10.727 INFO:journalctl@ceph.mgr.x.smithi123.stdout:Aug 18 21:59:10 smithi123 ceph-dfa1db70-5dac-11ef-bccf-c7b262605968-mgr-x[18689]: self._connections.run(self.expiration_interval)
2024-08-18T21:59:10.727 INFO:journalctl@ceph.mgr.x.smithi123.stdout:Aug 18 21:59:10 smithi123 ceph-dfa1db70-5dac-11ef-bccf-c7b262605968-mgr-x[18689]: File "/lib/python3.9/site-packages/cheroot/connections.py", line 203, in run
2024-08-18T21:59:10.727 INFO:journalctl@ceph.mgr.x.smithi123.stdout:Aug 18 21:59:10 smithi123 ceph-dfa1db70-5dac-11ef-bccf-c7b262605968-mgr-x[18689]: self._run(expiration_interval)
2024-08-18T21:59:10.727 INFO:journalctl@ceph.mgr.x.smithi123.stdout:Aug 18 21:59:10 smithi123 ceph-dfa1db70-5dac-11ef-bccf-c7b262605968-mgr-x[18689]: File "/lib/python3.9/site-packages/cheroot/connections.py", line 246, in _run
2024-08-18T21:59:10.727 INFO:journalctl@ceph.mgr.x.smithi123.stdout:Aug 18 21:59:10 smithi123 ceph-dfa1db70-5dac-11ef-bccf-c7b262605968-mgr-x[18689]: new_conn = self._from_server_socket(self.server.socket)
2024-08-18T21:59:10.727 INFO:journalctl@ceph.mgr.x.smithi123.stdout:Aug 18 21:59:10 smithi123 ceph-dfa1db70-5dac-11ef-bccf-c7b262605968-mgr-x[18689]: File "/lib/python3.9/site-packages/cheroot/connections.py", line 300, in _from_server_socket
2024-08-18T21:59:10.727 INFO:journalctl@ceph.mgr.x.smithi123.stdout:Aug 18 21:59:10 smithi123 ceph-dfa1db70-5dac-11ef-bccf-c7b262605968-mgr-x[18689]: s, ssl_env = self.server.ssl_adapter.wrap(s)
2024-08-18T21:59:10.727 INFO:journalctl@ceph.mgr.x.smithi123.stdout:Aug 18 21:59:10 smithi123 ceph-dfa1db70-5dac-11ef-bccf-c7b262605968-mgr-x[18689]: File "/lib/python3.9/site-packages/cheroot/ssl/builtin.py", line 277, in wrap
2024-08-18T21:59:10.727 INFO:journalctl@ceph.mgr.x.smithi123.stdout:Aug 18 21:59:10 smithi123 ceph-dfa1db70-5dac-11ef-bccf-c7b262605968-mgr-x[18689]: s = self.context.wrap_socket(
2024-08-18T21:59:10.727 INFO:journalctl@ceph.mgr.x.smithi123.stdout:Aug 18 21:59:10 smithi123 ceph-dfa1db70-5dac-11ef-bccf-c7b262605968-mgr-x[18689]: File "/lib64/python3.9/ssl.py", line 501, in wrap_socket
2024-08-18T21:59:10.727 INFO:journalctl@ceph.mgr.x.smithi123.stdout:Aug 18 21:59:10 smithi123 ceph-dfa1db70-5dac-11ef-bccf-c7b262605968-mgr-x[18689]: return self.sslsocket_class._create(
2024-08-18T21:59:10.728 INFO:journalctl@ceph.mgr.x.smithi123.stdout:Aug 18 21:59:10 smithi123 ceph-dfa1db70-5dac-11ef-bccf-c7b262605968-mgr-x[18689]: File "/lib64/python3.9/ssl.py", line 1074, in _create
2024-08-18T21:59:10.728 INFO:journalctl@ceph.mgr.x.smithi123.stdout:Aug 18 21:59:10 smithi123 ceph-dfa1db70-5dac-11ef-bccf-c7b262605968-mgr-x[18689]: self.do_handshake()
2024-08-18T21:59:10.728 INFO:journalctl@ceph.mgr.x.smithi123.stdout:Aug 18 21:59:10 smithi123 ceph-dfa1db70-5dac-11ef-bccf-c7b262605968-mgr-x[18689]: File "/lib64/python3.9/ssl.py", line 1343, in do_handshake
2024-08-18T21:59:10.728 INFO:journalctl@ceph.mgr.x.smithi123.stdout:Aug 18 21:59:10 smithi123 ceph-dfa1db70-5dac-11ef-bccf-c7b262605968-mgr-x[18689]: self._sslobj.do_handshake()
2024-08-18T21:59:10.728 INFO:journalctl@ceph.mgr.x.smithi123.stdout:Aug 18 21:59:10 smithi123 ceph-dfa1db70-5dac-11ef-bccf-c7b262605968-mgr-x[18689]: ssl.SSLZeroReturnError: TLS/SSL connection has been closed (EOF) (_ssl.c:1133)
2024-08-18T21:59:10.728 INFO:journalctl@ceph.mgr.x.smithi123.stdout:Aug 18 21:59:10 smithi123 ceph-dfa1db70-5dac-11ef-bccf-c7b262605968-mgr-x[18689]:
2024-08-18T21:59:11.110 INFO:teuthology.orchestra.run.smithi123.stdout:/usr/bin/ceph: stdout {
2024-08-18T21:59:11.113 INFO:teuthology.orchestra.run.smithi123.stdout:/usr/bin/ceph: stdout "mgrmap_epoch": 11,
2024-08-18T21:59:11.113 INFO:teuthology.orchestra.run.smithi123.stdout:/usr/bin/ceph: stdout "initialized": true
2024-08-18T21:59:11.113 INFO:teuthology.orchestra.run.smithi123.stdout:/usr/bin/ceph: stdout }
2024-08-18T21:59:11.113 INFO:teuthology.orchestra.run.smithi123.stdout:/usr/bin/ceph: stderr
2024-08-18T21:59:06.780+0000 7fbcf9f73640 1 Processor -- start
2024-08-18T21:59:11.113 INFO:teuthology.orchestra.run.smithi123.stdout:/usr/bin/ceph: stderr
2024-08-18T21:59:06.780+0000 7fbcf9f73640 1 -- start start
2024-08-18T21:59:11.113 INFO:teuthology.orchestra.run.smithi123.stdout:/usr/bin/ceph: stderr
2024-08-18T21:59:06.780+0000 7fbcf9f73640 1 --2- >> [v2:172.21.15.123:3300/0,v1:172.21.15.123:6789/0] conn(0x7fbcf4107de0 0x7fbcf410a1d0 unknown :-1 s=NONE pgs=0 cs=0 l=0 rev1=0 crypto rx=0 tx=0 comp rx=0 tx=0).connect
2024-08-18T21:59:11.114 INFO:teuthology.orchestra.run.smithi123.stdout:/usr/bin/ceph: stderr
2024-08-18T21:59:06.780+0000 7fbcf9f73640 1 -- --> [v2:172.21.15.123:3300/0,v1:172.21.15.123:6789/0] -- mon_getmap magic: 0 -- 0x7fbcf407bda0 con 0x7fbcf4107de0
2024-08-18T21:59:11.114 INFO:teuthology.orchestra.run.smithi123.stdout:/usr/bin/ceph: stderr
2024-08-18T21:59:06.780+0000 7fbcf37fe640 1 --2- >> [v2:172.21.15.123:3300/0,v1:172.21.15.123:6789/0] conn(0x7fbcf4107de0 0x7fbcf410a1d0 unknown :-1 s=BANNER_CONNECTING pgs=0 cs=0 l=0 rev1=0 crypto rx=0 tx=0 comp rx=0 tx=0)._handle_peer_banner_payload supported=3 required=0
2024-08-18T21:59:11.114 INFO:teuthology.orchestra.run.smithi123.stdout:/usr/bin/ceph: stderr
2024-08-18T21:59:06.781+0000 7fbcf37fe640 1 --2- >> [v2:172.21.15.123:3300/0,v1:172.21.15.123:6789/0] conn(0x7fbcf4107de0 0x7fbcf410a1d0 unknown :-1 s=HELLO_CONNECTING pgs=0 cs=0 l=0 rev1=1 crypto rx=0 tx=0 comp rx=0 tx=0).handle_hello peer v2:172.21.15.123:3300/0 says I am v2:172.21.15.123:46046/0 (socket says 172.21.15.123:46046)
2024-08-18T21:59:11.114 INFO:teuthology.orchestra.run.smithi123.stdout:/usr/bin/ceph: stderr
2024-08-18T21:59:06.781+0000 7fbcf37fe640 1 -- 172.21.15.123:0/1681460032 learned_addr learned my addr 172.21.15.123:0/1681460032 (peer_addr_for_me v2:172.21.15.123:0/0)
2024-08-18T21:59:11.114 INFO:teuthology.orchestra.run.smithi123.stdout:/usr/bin/ceph: stderr
2024-08-18T21:59:06.781+0000 7fbcf37fe640 1 -- 172.21.15.123:0/1681460032 --> [v2:172.21.15.123:3300/0,v1:172.21.15.123:6789/0] -- mon_subscribe({config=0+,monmap=0+}) -- 0x7fbcf410a710 con 0x7fbcf4107de0
2024-08-18T21:59:11.114 INFO:teuthology.orchestra.run.smithi123.stdout:/usr/bin/ceph: stderr
2024-08-18T21:59:06.781+0000 7fbcf37fe640 1 --2- 172.21.15.123:0/1681460032 >> [v2:172.21.15.123:3300/0,v1:172.21.15.123:6789/0] conn(0x7fbcf4107de0 0x7fbcf410a1d0 secure :-1 s=READY pgs=59 cs=0 l=1 rev1=1 crypto rx=0x7fbce4009820 tx=0x7fbce402a270 comp rx=0 tx=0).ready entity=mon.0 client_cookie=2fa4704beb000e23 server_cookie=0 in_seq=0 out_seq=0
2024-08-18T21:59:11.114 INFO:teuthology.orchestra.run.smithi123.stdout:/usr/bin/ceph: stderr
2024-08-18T21:59:06.782+0000 7fbcf27fc640 1 -- 172.21.15.123:0/1681460032 <== mon.0 v2:172.21.15.123:3300/0 1 ==== mon_map magic: 0 ==== 205+0+0 (secure 0 0 0) 0x7fbce4037070 con 0x7fbcf4107de0
2024-08-18T21:59:11.114 INFO:teuthology.orchestra.run.smithi123.stdout:/usr/bin/ceph: stderr
2024-08-18T21:59:06.782+0000 7fbcf27fc640 1 -- 172.21.15.123:0/1681460032 <== mon.0 v2:172.21.15.123:3300/0 2 ==== config(27 keys) ==== 1140+0+0 (secure 0 0 0) 0x7fbce4032920 con 0x7fbcf4107de0
2024-08-18T21:59:11.114 INFO:teuthology.orchestra.run.smithi123.stdout:/usr/bin/ceph: stderr
2024-08-18T21:59:06.782+0000 7fbcf27fc640 1 -- 172.21.15.123:0/1681460032 <== mon.0 v2:172.21.15.123:3300/0 3 ==== mon_map magic: 0 ==== 205+0+0 (secure 0 0 0) 0x7fbce4030810 con 0x7fbcf4107de0
2024-08-18T21:59:11.114 INFO:teuthology.orchestra.run.smithi123.stdout:/usr/bin/ceph: stderr
2024-08-18T21:59:06.782+0000 7fbcf9f73640 1 -- 172.21.15.123:0/1681460032 >> [v2:172.21.15.123:3300/0,v1:172.21.15.123:6789/0] conn(0x7fbcf4107de0 msgr2=0x7fbcf410a1d0 secure :-1 s=STATE_CONNECTION_ESTABLISHED l=1).mark_down
2024-08-18T21:59:11.114 INFO:teuthology.orchestra.run.smithi123.stdout:/usr/bin/ceph: stderr
2024-08-18T21:59:06.782+0000 7fbcf9f73640 1 --2- 172.21.15.123:0/1681460032 >> [v2:172.21.15.123:3300/0,v1:172.21.15.123:6789/0] conn(0x7fbcf4107de0 0x7fbcf410a1d0 secure :-1 s=READY pgs=59 cs=0 l=1 rev1=1 crypto rx=0x7fbce4009820 tx=0x7fbce402a270 comp rx=0 tx=0).stop
2024-08-18T21:59:11.114 INFO:teuthology.orchestra.run.smithi123.stdout:/usr/bin/ceph: stderr
2024-08-18T21:59:06.782+0000 7fbcf9f73640 1 -- 172.21.15.123:0/1681460032 shutdown_connections
2024-08-18T21:59:11.115 INFO:teuthology.orchestra.run.smithi123.stdout:/usr/bin/ceph: stderr
2024-08-18T21:59:06.782+0000 7fbcf9f73640 1 --2- 172.21.15.123:0/1681460032 >> [v2:172.21.15.123:3300/0,v1:172.21.15.123:6789/0] conn(0x7fbcf4107de0 0x7fbcf410a1d0 unknown :-1 s=CLOSED pgs=59 cs=0 l=1 rev1=1 crypto rx=0 tx=0 comp rx=0 tx=0).stop
2024-08-18T21:59:11.115 INFO:teuthology.orchestra.run.smithi123.stdout:/usr/bin/ceph: stderr
2024-08-18T21:59:06.782+0000 7fbcf9f73640 1 -- 172.21.15.123:0/1681460032 >> 172.21.15.123:0/1681460032 conn(0x7fbcf41019e0 msgr2=0x7fbcf4103e00 unknown :-1 s=STATE_NONE l=0).mark_down
2024-08-18T21:59:11.115 INFO:teuthology.orchestra.run.smithi123.stdout:/usr/bin/ceph: stderr
2024-08-18T21:59:06.782+0000 7fbcf9f73640 1 -- 172.21.15.123:0/1681460032 shutdown_connections
2024-08-18T21:59:11.115 INFO:teuthology.orchestra.run.smithi123.stdout:/usr/bin/ceph: stderr
2024-08-18T21:59:06.782+0000 7fbcf9f73640 1 -- 172.21.15.123:0/1681460032 wait complete.
2024-08-18T21:59:11.115 INFO:teuthology.orchestra.run.smithi123.stdout:/usr/bin/ceph: stderr
2024-08-18T21:59:06.783+0000 7fbcf9f73640 1 Processor -- start
2024-08-18T21:59:11.115 INFO:teuthology.orchestra.run.smithi123.stdout:/usr/bin/ceph: stderr
2024-08-18T21:59:06.783+0000 7fbcf9f73640 1 -- start start
2024-08-18T21:59:11.115 INFO:teuthology.orchestra.run.smithi123.stdout:/usr/bin/ceph: stderr
2024-08-18T21:59:06.783+0000 7fbcf9f73640 1 --2- >> [v2:172.21.15.123:3300/0,v1:172.21.15.123:6789/0] conn(0x7fbcf4107de0 0x7fbcf4107660 unknown :-1 s=NONE pgs=0 cs=0 l=1 rev1=0 crypto rx=0 tx=0 comp rx=0 tx=0).connect
2024-08-18T21:59:11.115 INFO:teuthology.orchestra.run.smithi123.stdout:/usr/bin/ceph: stderr
2024-08-18T21:59:06.783+0000 7fbcf9f73640 1 -- --> [v2:172.21.15.123:3300/0,v1:172.21.15.123:6789/0] -- mon_getmap magic: 0 -- 0x7fbcf410b730 con 0x7fbcf4107de0
2024-08-18T21:59:11.115 INFO:teuthology.orchestra.run.smithi123.stdout:/usr/bin/ceph: stderr
2024-08-18T21:59:06.783+0000 7fbcf37fe640 1 --2- >> [v2:172.21.15.123:3300/0,v1:172.21.15.123:6789/0] conn(0x7fbcf4107de0 0x7fbcf4107660 unknown :-1 s=BANNER_CONNECTING pgs=0 cs=0 l=1 rev1=0 crypto rx=0 tx=0 comp rx=0 tx=0)._handle_peer_banner_payload supported=3 required=0
2024-08-18T21:59:11.115 INFO:teuthology.orchestra.run.smithi123.stdout:/usr/bin/ceph: stderr
2024-08-18T21:59:06.783+0000 7fbcf37fe640 1 --2- >> [v2:172.21.15.123:3300/0,v1:172.21.15.123:6789/0] conn(0x7fbcf4107de0 0x7fbcf4107660 unknown :-1 s=HELLO_CONNECTING pgs=0 cs=0 l=1 rev1=1 crypto rx=0 tx=0 comp rx=0 tx=0).handle_hello peer v2:172.21.15.123:3300/0 says I am v2:172.21.15.123:46054/0 (socket says 172.21.15.123:46054)
2024-08-18T21:59:11.115 INFO:teuthology.orchestra.run.smithi123.stdout:/usr/bin/ceph: stderr
2024-08-18T21:59:06.783+0000 7fbcf37fe640 1 -- 172.21.15.123:0/1559546088 learned_addr learned my addr 172.21.15.123:0/1559546088 (peer_addr_for_me v2:172.21.15.123:0/0)
2024-08-18T21:59:11.115 INFO:teuthology.orchestra.run.smithi123.stdout:/usr/bin/ceph: stderr
2024-08-18T21:59:06.784+0000 7fbcf37fe640 1 -- 172.21.15.123:0/1559546088 --> [v2:172.21.15.123:3300/0,v1:172.21.15.123:6789/0] -- mon_subscribe({config=0+,monmap=0+}) -- 0x7fbcf4107ba0 con 0x7fbcf4107de0
2024-08-18T21:59:11.115 INFO:teuthology.orchestra.run.smithi123.stdout:/usr/bin/ceph: stderr
2024-08-18T21:59:06.784+0000 7fbcf37fe640 1 --2- 172.21.15.123:0/1559546088 >> [v2:172.21.15.123:3300/0,v1:172.21.15.123:6789/0] conn(0x7fbcf4107de0 0x7fbcf4107660 secure :-1 s=READY pgs=60 cs=0 l=1 rev1=1 crypto rx=0x7fbce40097f0 tx=0x7fbce40327b0 comp rx=0 tx=0).ready entity=mon.0 client_cookie=0 server_cookie=0 in_seq=0 out_seq=0
2024-08-18T21:59:11.116 INFO:teuthology.orchestra.run.smithi123.stdout:/usr/bin/ceph: stderr
2024-08-18T21:59:06.784+0000 7fbcf0ff9640 1 -- 172.21.15.123:0/1559546088 <== mon.0 v2:172.21.15.123:3300/0 1 ==== mon_map magic: 0 ==== 205+0+0 (secure 0 0 0) 0x7fbce4037040 con 0x7fbcf4107de0
2024-08-18T21:59:11.116 INFO:teuthology.orchestra.run.smithi123.stdout:/usr/bin/ceph: stderr
2024-08-18T21:59:06.784+0000 7fbcf9f73640 1 -- 172.21.15.123:0/1559546088 --> [v2:172.21.15.123:3300/0,v1:172.21.15.123:6789/0] -- mon_subscribe({mgrmap=0+}) -- 0x7fbcf4105d90 con 0x7fbcf4107de0
2024-08-18T21:59:11.116 INFO:teuthology.orchestra.run.smithi123.stdout:/usr/bin/ceph: stderr
2024-08-18T21:59:06.784+0000 7fbcf0ff9640 1 -- 172.21.15.123:0/1559546088 <== mon.0 v2:172.21.15.123:3300/0 2 ==== config(27 keys) ==== 1140+0+0 (secure 0 0 0) 0x7fbce4030c40 con 0x7fbcf4107de0
2024-08-18T21:59:11.116 INFO:teuthology.orchestra.run.smithi123.stdout:/usr/bin/ceph: stderr
2024-08-18T21:59:06.784+0000 7fbcf0ff9640 1 -- 172.21.15.123:0/1559546088 <== mon.0 v2:172.21.15.123:3300/0 3 ==== mon_map magic: 0 ==== 205+0+0 (secure 0 0 0) 0x7fbce403a5d0 con 0x7fbcf4107de0
2024-08-18T21:59:11.116 INFO:teuthology.orchestra.run.smithi123.stdout:/usr/bin/ceph: stderr
2024-08-18T21:59:06.784+0000 7fbcf9f73640 1 -- 172.21.15.123:0/1559546088 --> [v2:172.21.15.123:3300/0,v1:172.21.15.123:6789/0] -- mon_subscribe({osdmap=0}) -- 0x7fbcf41062d0 con 0x7fbcf4107de0
2024-08-18T21:59:11.116 INFO:teuthology.orchestra.run.smithi123.stdout:/usr/bin/ceph: stderr
2024-08-18T21:59:06.785+0000 7fbcf0ff9640 1 -- 172.21.15.123:0/1559546088 <== mon.0 v2:172.21.15.123:3300/0 4 ==== mgrmap(e 9) ==== 46300+0+0 (secure 0 0 0) 0x7fbce403a810 con 0x7fbcf4107de0
2024-08-18T21:59:11.116 INFO:teuthology.orchestra.run.smithi123.stdout:/usr/bin/ceph: stderr
2024-08-18T21:59:06.785+0000 7fbcf0ff9640 1 --2- 172.21.15.123:0/1559546088 >> [v2:172.21.15.123:6800/4048905381,v1:172.21.15.123:6801/4048905381] conn(0x7fbcdc038fc0 0x7fbcdc03b480 unknown :-1 s=NONE pgs=0 cs=0 l=1 rev1=0 crypto rx=0 tx=0 comp rx=0 tx=0).connect
2024-08-18T21:59:11.116 INFO:teuthology.orchestra.run.smithi123.stdout:/usr/bin/ceph: stderr
2024-08-18T21:59:06.785+0000 7fbcf0ff9640 1 -- 172.21.15.123:0/1559546088 --> [v2:172.21.15.123:6800/4048905381,v1:172.21.15.123:6801/4048905381] -- command(tid 0: {"prefix": "get_command_descriptions"}) -- 0x7fbcdc03bb90 con 0x7fbcdc038fc0
2024-08-18T21:59:11.116 INFO:teuthology.orchestra.run.smithi123.stdout:/usr/bin/ceph: stderr
2024-08-18T21:59:06.785+0000 7fbcf0ff9640 1 -- 172.21.15.123:0/1559546088 <== mon.0 v2:172.21.15.123:3300/0 5 ==== osd_map(2..2 src has 1..2) ==== 940+0+0 (secure 0 0 0) 0x7fbce406d4d0 con 0x7fbcf4107de0
2024-08-18T21:59:11.116 INFO:teuthology.orchestra.run.smithi123.stdout:/usr/bin/ceph: stderr
2024-08-18T21:59:06.785+0000 7fbcf2ffd640 1 -- 172.21.15.123:0/1559546088 >> [v2:172.21.15.123:6800/4048905381,v1:172.21.15.123:6801/4048905381] conn(0x7fbcdc038fc0 msgr2=0x7fbcdc03b480 unknown :-1 s=STATE_CONNECTING_RE l=1).process reconnect failed to v2:172.21.15.123:6800/4048905381
2024-08-18T21:59:11.116 INFO:teuthology.orchestra.run.smithi123.stdout:/usr/bin/ceph: stderr
2024-08-18T21:59:06.785+0000 7fbcf2ffd640 1 --2- 172.21.15.123:0/1559546088 >> [v2:172.21.15.123:6800/4048905381,v1:172.21.15.123:6801/4048905381] conn(0x7fbcdc038fc0 0x7fbcdc03b480 unknown :-1 s=START_CONNECT pgs=0 cs=0 l=1 rev1=0 crypto rx=0 tx=0 comp rx=0 tx=0)._fault waiting 0.200000
2024-08-18T21:59:11.116 INFO:teuthology.orchestra.run.smithi123.stdout:/usr/bin/ceph: stderr
2024-08-18T21:59:06.986+0000 7fbcf2ffd640 1 -- 172.21.15.123:0/1559546088 >> [v2:172.21.15.123:6800/4048905381,v1:172.21.15.123:6801/4048905381] conn(0x7fbcdc038fc0 msgr2=0x7fbcdc03b480 unknown :-1 s=STATE_CONNECTING_RE l=1).process reconnect failed to v2:172.21.15.123:6800/4048905381
2024-08-18T21:59:11.116 INFO:teuthology.orchestra.run.smithi123.stdout:/usr/bin/ceph: stderr
2024-08-18T21:59:06.986+0000 7fbcf2ffd640 1 --2- 172.21.15.123:0/1559546088 >> [v2:172.21.15.123:6800/4048905381,v1:172.21.15.123:6801/4048905381] conn(0x7fbcdc038fc0 0x7fbcdc03b480 unknown :-1 s=START_CONNECT pgs=0 cs=0 l=1 rev1=0 crypto rx=0 tx=0 comp rx=0 tx=0)._fault waiting 0.400000
2024-08-18T21:59:11.117 INFO:teuthology.orchestra.run.smithi123.stdout:/usr/bin/ceph: stderr
2024-08-18T21:59:07.387+0000 7fbcf2ffd640 1 -- 172.21.15.123:0/1559546088 >> [v2:172.21.15.123:6800/4048905381,v1:172.21.15.123:6801/4048905381] conn(0x7fbcdc038fc0 msgr2=0x7fbcdc03b480 unknown :-1 s=STATE_CONNECTING_RE l=1).process reconnect failed to v2:172.21.15.123:6800/4048905381
2024-08-18T21:59:11.117 INFO:teuthology.orchestra.run.smithi123.stdout:/usr/bin/ceph: stderr
2024-08-18T21:59:07.387+0000 7fbcf2ffd640 1 --2- 172.21.15.123:0/1559546088 >> [v2:172.21.15.123:6800/4048905381,v1:172.21.15.123:6801/4048905381] conn(0x7fbcdc038fc0 0x7fbcdc03b480 unknown :-1 s=START_CONNECT pgs=0 cs=0 l=1 rev1=0 crypto rx=0 tx=0 comp rx=0 tx=0)._fault waiting 0.800000
2024-08-18T21:59:11.117 INFO:teuthology.orchestra.run.smithi123.stdout:/usr/bin/ceph: stderr
2024-08-18T21:59:08.188+0000 7fbcf2ffd640 1 -- 172.21.15.123:0/1559546088 >> [v2:172.21.15.123:6800/4048905381,v1:172.21.15.123:6801/4048905381] conn(0x7fbcdc038fc0 msgr2=0x7fbcdc03b480 unknown :-1 s=STATE_CONNECTING_RE l=1).process reconnect failed to v2:172.21.15.123:6800/4048905381
2024-08-18T21:59:11.117 INFO:teuthology.orchestra.run.smithi123.stdout:/usr/bin/ceph: stderr
2024-08-18T21:59:08.188+0000 7fbcf2ffd640 1 --2- 172.21.15.123:0/1559546088 >> [v2:172.21.15.123:6800/4048905381,v1:172.21.15.123:6801/4048905381] conn(0x7fbcdc038fc0 0x7fbcdc03b480 unknown :-1 s=START_CONNECT pgs=0 cs=0 l=1 rev1=0 crypto rx=0 tx=0 comp rx=0 tx=0)._fault waiting 1.600000
2024-08-18T21:59:11.117 INFO:teuthology.orchestra.run.smithi123.stdout:/usr/bin/ceph: stderr
2024-08-18T21:59:09.244+0000 7fbcf0ff9640 1 -- 172.21.15.123:0/1559546088 <== mon.0 v2:172.21.15.123:3300/0 6 ==== mgrmap(e 10) ==== 46067+0+0 (secure 0 0 0) 0x7fbce406bf80 con 0x7fbcf4107de0
