2024-08-18T22:33:07.660+0000 7f1bff851640 1 --2- >> [v2:172.21.15.121:3300/0,v1:172.21.15.121:6789/0] conn(0x7f1bf8101cd0 0x7f1bf8110b10 unknown :-1 s=NONE pgs=0 cs=0 l=1 rev1=0 crypto rx=0 tx=0 comp rx=0 tx=0).connect
2024-08-18T22:33:11.407 INFO:teuthology.orchestra.run.smithi121.stdout:/usr/bin/ceph: stderr
2024-08-18T22:33:07.660+0000 7f1bff851640 1 -- --> [v2:172.21.15.121:3300/0,v1:172.21.15.121:6789/0] -- mon_getmap magic: 0 v1 -- 0x7f1bf8111050 con 0x7f1bf8101cd0
2024-08-18T22:33:11.407 INFO:teuthology.orchestra.run.smithi121.stdout:/usr/bin/ceph: stderr
2024-08-18T22:33:07.660+0000 7f1bfd5ed640 1 --2- >> [v2:172.21.15.121:3300/0,v1:172.21.15.121:6789/0] conn(0x7f1bf8101cd0 0x7f1bf8110b10 unknown :-1 s=BANNER_CONNECTING pgs=0 cs=0 l=1 rev1=0 crypto rx=0 tx=0 comp rx=0 tx=0)._handle_peer_banner_payload supported=3 required=0
2024-08-18T22:33:11.407 INFO:teuthology.orchestra.run.smithi121.stdout:/usr/bin/ceph: stderr
2024-08-18T22:33:07.660+0000 7f1bfd5ed640 1 --2- >> [v2:172.21.15.121:3300/0,v1:172.21.15.121:6789/0] conn(0x7f1bf8101cd0 0x7f1bf8110b10 unknown :-1 s=HELLO_CONNECTING pgs=0 cs=0 l=1 rev1=1 crypto rx=0 tx=0 comp rx=0 tx=0).handle_hello peer v2:172.21.15.121:3300/0 says I am v2:172.21.15.121:39394/0 (socket says 172.21.15.121:39394)
2024-08-18T22:33:11.407 INFO:teuthology.orchestra.run.smithi121.stdout:/usr/bin/ceph: stderr
2024-08-18T22:33:07.660+0000 7f1bfd5ed640 1 -- 172.21.15.121:0/1147762897 learned_addr learned my addr 172.21.15.121:0/1147762897 (peer_addr_for_me v2:172.21.15.121:0/0)
2024-08-18T22:33:11.407 INFO:teuthology.orchestra.run.smithi121.stdout:/usr/bin/ceph: stderr
2024-08-18T22:33:07.660+0000 7f1bfd5ed640 1 -- 172.21.15.121:0/1147762897 --> [v2:172.21.15.121:3300/0,v1:172.21.15.121:6789/0] -- mon_subscribe({config=0+,monmap=0+}) v3 -- 0x7f1bf4009450 con 0x7f1bf8101cd0
2024-08-18T22:33:11.408 INFO:teuthology.orchestra.run.smithi121.stdout:/usr/bin/ceph: stderr
2024-08-18T22:33:07.661+0000 7f1bfd5ed640 1 --2- 172.21.15.121:0/1147762897 >> [v2:172.21.15.121:3300/0,v1:172.21.15.121:6789/0] conn(0x7f1bf8101cd0 0x7f1bf8110b10 secure :-1 s=READY pgs=27 cs=0 l=1 rev1=1 crypto rx=0x7f1bf4000c00 tx=0x7f1bf4008040 comp rx=0 tx=0).ready entity=mon.0 client_cookie=0 server_cookie=0 in_seq=0 out_seq=0
2024-08-18T22:33:11.408 INFO:teuthology.orchestra.run.smithi121.stdout:/usr/bin/ceph: stderr
2024-08-18T22:33:07.661+0000 7f1bedffb640 1 -- 172.21.15.121:0/1147762897 <== mon.0 v2:172.21.15.121:3300/0 1 ==== mon_map magic: 0 v1 ==== 229+0+0 (secure 0 0 0) 0x7f1bf403d450 con 0x7f1bf8101cd0
2024-08-18T22:33:11.408 INFO:teuthology.orchestra.run.smithi121.stdout:/usr/bin/ceph: stderr
2024-08-18T22:33:07.661+0000 7f1bff851640 1 -- 172.21.15.121:0/1147762897 --> [v2:172.21.15.121:3300/0,v1:172.21.15.121:6789/0] -- mon_subscribe({mgrmap=0+}) v3 -- 0x7f1bf8111250 con 0x7f1bf8101cd0
2024-08-18T22:33:11.408 INFO:teuthology.orchestra.run.smithi121.stdout:/usr/bin/ceph: stderr
2024-08-18T22:33:07.661+0000 7f1bedffb640 1 -- 172.21.15.121:0/1147762897 <== mon.0 v2:172.21.15.121:3300/0 2 ==== config(26 keys) v1 ==== 1005+0+0 (secure 0 0 0) 0x7f1bf403da10 con 0x7f1bf8101cd0
2024-08-18T22:33:11.408 INFO:teuthology.orchestra.run.smithi121.stdout:/usr/bin/ceph: stderr
2024-08-18T22:33:07.661+0000 7f1bedffb640 1 -- 172.21.15.121:0/1147762897 <== mon.0 v2:172.21.15.121:3300/0 3 ==== mon_map magic: 0 v1 ==== 229+0+0 (secure 0 0 0) 0x7f1bf403b880 con 0x7f1bf8101cd0
2024-08-18T22:33:11.408 INFO:teuthology.orchestra.run.smithi121.stdout:/usr/bin/ceph: stderr
2024-08-18T22:33:07.661+0000 7f1bff851640 1 -- 172.21.15.121:0/1147762897 --> [v2:172.21.15.121:3300/0,v1:172.21.15.121:6789/0] -- mon_subscribe({osdmap=0}) v3 -- 0x7f1bf81116c0 con 0x7f1bf8101cd0
2024-08-18T22:33:11.408 INFO:teuthology.orchestra.run.smithi121.stdout:/usr/bin/ceph: stderr
2024-08-18T22:33:07.662+0000 7f1bedffb640 1 -- 172.21.15.121:0/1147762897 <== mon.0 v2:172.21.15.121:3300/0 4 ==== mgrmap(e 5) v1 ==== 42636+0+0 (secure 0 0 0) 0x7f1bf4039070 con 0x7f1bf8101cd0
2024-08-18T22:33:11.408 INFO:teuthology.orchestra.run.smithi121.stdout:/usr/bin/ceph: stderr
2024-08-18T22:33:07.662+0000 7f1bedffb640 1 --2- 172.21.15.121:0/1147762897 >> [v2:172.21.15.121:6800/2610373559,v1:172.21.15.121:6801/2610373559] conn(0x7f1be40356c0 0x7f1be4037b70 unknown :-1 s=NONE pgs=0 cs=0 l=1 rev1=0 crypto rx=0 tx=0 comp rx=0 tx=0).connect
2024-08-18T22:33:11.408 INFO:teuthology.orchestra.run.smithi121.stdout:/usr/bin/ceph: stderr
2024-08-18T22:33:07.662+0000 7f1bff851640 1 -- 172.21.15.121:0/1147762897 --> [v2:172.21.15.121:6800/2610373559,v1:172.21.15.121:6801/2610373559] -- command(tid 0: {"prefix": "get_command_descriptions"}) v1 -- 0x7f1bf805eb10 con 0x7f1be40356c0
2024-08-18T22:33:11.408 INFO:teuthology.orchestra.run.smithi121.stdout:/usr/bin/ceph: stderr
2024-08-18T22:33:07.662+0000 7f1bedffb640 1 -- 172.21.15.121:0/1147762897 <== mon.0 v2:172.21.15.121:3300/0 5 ==== osd_map(1..1 src has 1..1) v4 ==== 721+0+0 (secure 0 0 0) 0x7f1bf40691e0 con 0x7f1bf8101cd0
2024-08-18T22:33:11.408 INFO:teuthology.orchestra.run.smithi121.stdout:/usr/bin/ceph: stderr
2024-08-18T22:33:07.662+0000 7f1bfcdec640 1 -- 172.21.15.121:0/1147762897 >> [v2:172.21.15.121:6800/2610373559,v1:172.21.15.121:6801/2610373559] conn(0x7f1be40356c0 msgr2=0x7f1be4037b70 unknown :-1 s=STATE_CONNECTING_RE l=1).process reconnect failed to v2:172.21.15.121:6800/2610373559
2024-08-18T22:33:11.408 INFO:teuthology.orchestra.run.smithi121.stdout:/usr/bin/ceph: stderr
2024-08-18T22:33:07.662+0000 7f1bfcdec640 1 --2- 172.21.15.121:0/1147762897 >> [v2:172.21.15.121:6800/2610373559,v1:172.21.15.121:6801/2610373559] conn(0x7f1be40356c0 0x7f1be4037b70 unknown :-1 s=START_CONNECT pgs=0 cs=0 l=1 rev1=0 crypto rx=0 tx=0 comp rx=0 tx=0)._fault waiting 0.200000
2024-08-18T22:33:11.409 INFO:teuthology.orchestra.run.smithi121.stdout:/usr/bin/ceph: stderr
2024-08-18T22:33:07.863+0000 7f1bfcdec640 1 -- 172.21.15.121:0/1147762897 >> [v2:172.21.15.121:6800/2610373559,v1:172.21.15.121:6801/2610373559] conn(0x7f1be40356c0 msgr2=0x7f1be4037b70 unknown :-1 s=STATE_CONNECTING_RE l=1).process reconnect failed to v2:172.21.15.121:6800/2610373559
2024-08-18T22:33:11.409 INFO:teuthology.orchestra.run.smithi121.stdout:/usr/bin/ceph: stderr
2024-08-18T22:33:07.863+0000 7f1bfcdec640 1 --2- 172.21.15.121:0/1147762897 >> [v2:172.21.15.121:6800/2610373559,v1:172.21.15.121:6801/2610373559] conn(0x7f1be40356c0 0x7f1be4037b70 unknown :-1 s=START_CONNECT pgs=0 cs=0 l=1 rev1=0 crypto rx=0 tx=0 comp rx=0 tx=0)._fault waiting 0.400000
2024-08-18T22:33:11.409 INFO:teuthology.orchestra.run.smithi121.stdout:/usr/bin/ceph: stderr
2024-08-18T22:33:08.264+0000 7f1bfcdec640 1 -- 172.21.15.121:0/1147762897 >> [v2:172.21.15.121:6800/2610373559,v1:172.21.15.121:6801/2610373559] conn(0x7f1be40356c0 msgr2=0x7f1be4037b70 unknown :-1 s=STATE_CONNECTING_RE l=1).process reconnect failed to v2:172.21.15.121:6800/2610373559
2024-08-18T22:33:11.409 INFO:teuthology.orchestra.run.smithi121.stdout:/usr/bin/ceph: stderr
2024-08-18T22:33:08.264+0000 7f1bfcdec640 1 --2- 172.21.15.121:0/1147762897 >> [v2:172.21.15.121:6800/2610373559,v1:172.21.15.121:6801/2610373559] conn(0x7f1be40356c0 0x7f1be4037b70 unknown :-1 s=START_CONNECT pgs=0 cs=0 l=1 rev1=0 crypto rx=0 tx=0 comp rx=0 tx=0)._fault waiting 0.800000
2024-08-18T22:33:11.409 INFO:teuthology.orchestra.run.smithi121.stdout:/usr/bin/ceph: stderr
2024-08-18T22:33:09.065+0000 7f1bfcdec640 1 -- 172.21.15.121:0/1147762897 >> [v2:172.21.15.121:6800/2610373559,v1:172.21.15.121:6801/2610373559] conn(0x7f1be40356c0 msgr2=0x7f1be4037b70 unknown :-1 s=STATE_CONNECTING_RE l=1).process reconnect failed to v2:172.21.15.121:6800/2610373559
2024-08-18T22:33:11.409 INFO:teuthology.orchestra.run.smithi121.stdout:/usr/bin/ceph: stderr
2024-08-18T22:33:09.065+0000 7f1bfcdec640 1 --2- 172.21.15.121:0/1147762897 >> [v2:172.21.15.121:6800/2610373559,v1:172.21.15.121:6801/2610373559] conn(0x7f1be40356c0 0x7f1be4037b70 unknown :-1 s=START_CONNECT pgs=0 cs=0 l=1 rev1=0 crypto rx=0 tx=0 comp rx=0 tx=0)._fault waiting 1.600000
2024-08-18T22:33:11.409 INFO:teuthology.orchestra.run.smithi121.stdout:/usr/bin/ceph: stderr
2024-08-18T22:33:09.835+0000 7f1bedffb640 1 -- 172.21.15.121:0/1147762897 <== mon.0 v2:172.21.15.121:3300/0 6 ==== mgrmap(e 6) v1 ==== 42403+0+0 (secure 0 0 0) 0x7f1bf40686e0 con 0x7f1bf8101cd0
2024-08-18T22:33:11.409 INFO:teuthology.orchestra.run.smithi121.stdout:/usr/bin/ceph: stderr
2024-08-18T22:33:09.836+0000 7f1bedffb640 1 -- 172.21.15.121:0/1147762897 >> [v2:172.21.15.121:6800/2610373559,v1:172.21.15.121:6801/2610373559] conn(0x7f1be40356c0 msgr2=0x7f1be4037b70 unknown :-1 s=STATE_CONNECTING l=1).mark_down
2024-08-18T22:33:11.409 INFO:teuthology.orchestra.run.smithi121.stdout:/usr/bin/ceph: stderr
2024-08-18T22:33:09.836+0000 7f1bedffb640 1 --2- 172.21.15.121:0/1147762897 >> [v2:172.21.15.121:6800/2610373559,v1:172.21.15.121:6801/2610373559] conn(0x7f1be40356c0 0x7f1be4037b70 unknown :-1 s=START_CONNECT pgs=0 cs=0 l=1 rev1=0 crypto rx=0 tx=0 comp rx=0 tx=0).stop
2024-08-18T22:33:11.409 INFO:teuthology.orchestra.run.smithi121.stdout:/usr/bin/ceph: stderr
2024-08-18T22:33:10.837+0000 7f1bedffb640 1 -- 172.21.15.121:0/1147762897 <== mon.0 v2:172.21.15.121:3300/0 7 ==== mgrmap(e 7) v1 ==== 42530+0+0 (secure 0 0 0) 0x7f1bf4046400 con 0x7f1bf8101cd0
2024-08-18T22:33:11.409 INFO:teuthology.orchestra.run.smithi121.stdout:/usr/bin/ceph: stderr
2024-08-18T22:33:10.837+0000 7f1bedffb640 1 --2- 172.21.15.121:0/1147762897 >> [v2:172.21.15.121:6800/833901271,v1:172.21.15.121:6801/833901271] conn(0x7f1be4038e80 0x7f1be403b260 unknown :-1 s=NONE pgs=0 cs=0 l=1 rev1=0 crypto rx=0 tx=0 comp rx=0 tx=0).connect
2024-08-18T22:33:11.409 INFO:teuthology.orchestra.run.smithi121.stdout:/usr/bin/ceph: stderr
2024-08-18T22:33:10.837+0000 7f1bedffb640 1 -- 172.21.15.121:0/1147762897 --> [v2:172.21.15.121:6800/833901271,v1:172.21.15.121:6801/833901271] -- command(tid 0: {"prefix": "get_command_descriptions"}) v1 -- 0x7f1bf805eb10 con 0x7f1be4038e80
2024-08-18T22:33:11.409 INFO:teuthology.orchestra.run.smithi121.stdout:/usr/bin/ceph: stderr
2024-08-18T22:33:10.837+0000 7f1bfcdec640 1 --2- 172.21.15.121:0/1147762897 >> [v2:172.21.15.121:6800/833901271,v1:172.21.15.121:6801/833901271] conn(0x7f1be4038e80 0x7f1be403b260 unknown :-1 s=BANNER_CONNECTING pgs=0 cs=0 l=1 rev1=0 crypto rx=0 tx=0 comp rx=0 tx=0)._handle_peer_banner_payload supported=3 required=0
2024-08-18T22:33:11.410 INFO:teuthology.orchestra.run.smithi121.stdout:/usr/bin/ceph: stderr
2024-08-18T22:33:10.838+0000 7f1bfcdec640 1 --2- 172.21.15.121:0/1147762897 >> [v2:172.21.15.121:6800/833901271,v1:172.21.15.121:6801/833901271] conn(0x7f1be4038e80 0x7f1be403b260 secure :-1 s=READY pgs=1 cs=0 l=1 rev1=1 crypto rx=0x7f1be8003940 tx=0x7f1be8009350 comp rx=0 tx=0).ready entity=mgr.14118 client_cookie=0 server_cookie=0 in_seq=0 out_seq=0
2024-08-18T22:33:11.410 INFO:teuthology.orchestra.run.smithi121.stdout:/usr/bin/ceph: stderr
2024-08-18T22:33:10.838+0000 7f1bedffb640 1 -- 172.21.15.121:0/1147762897 <== mgr.14118 v2:172.21.15.121:6800/833901271 1 ==== command_reply(tid 0: 0 ) v1 ==== 8+0+6549 (secure 0 0 0) 0x7f1bf805eb10 con 0x7f1be4038e80
2024-08-18T22:33:11.410 INFO:teuthology.orchestra.run.smithi121.stdout:/usr/bin/ceph: stderr
2024-08-18T22:33:10.843+0000 7f1bff851640 1 -- 172.21.15.121:0/1147762897 --> [v2:172.21.15.121:6800/833901271,v1:172.21.15.121:6801/833901271] -- command(tid 1: {"prefix": "mgr_status"}) v1 -- 0x7f1bf804b4c0 con 0x7f1be4038e80
2024-08-18T22:33:11.410 INFO:teuthology.orchestra.run.smithi121.stdout:/usr/bin/ceph: stderr
2024-08-18T22:33:10.844+0000 7f1bedffb640 1 -- 172.21.15.121:0/1147762897 <== mgr.14118 v2:172.21.15.121:6800/833901271 2 ==== command_reply(tid 1: 0 ) v1 ==== 8+0+51 (secure 0 0 0) 0x7f1bf804b4c0 con 0x7f1be4038e80
2024-08-18T22:33:11.410 INFO:teuthology.orchestra.run.smithi121.stdout:/usr/bin/ceph: stderr
2024-08-18T22:33:10.844+0000 7f1bff851640 1 -- 172.21.15.121:0/1147762897 >> [v2:172.21.15.121:6800/833901271,v1:172.21.15.121:6801/833901271] conn(0x7f1be4038e80 msgr2=0x7f1be403b260 secure :-1 s=STATE_CONNECTION_ESTABLISHED l=1).mark_down
2024-08-18T22:33:11.410 INFO:teuthology.orchestra.run.smithi121.stdout:/usr/bin/ceph: stderr
2024-08-18T22:33:10.844+0000 7f1bff851640 1 --2- 172.21.15.121:0/1147762897 >> [v2:172.21.15.121:6800/833901271,v1:172.21.15.121:6801/833901271] conn(0x7f1be4038e80 0x7f1be403b260 secure :-1 s=READY pgs=1 cs=0 l=1 rev1=1 crypto rx=0x7f1be8003940 tx=0x7f1be8009350 comp rx=0 tx=0).stop
2024-08-18T22:33:11.410 INFO:teuthology.orchestra.run.smithi121.stdout:/usr/bin/ceph: stderr
2024-08-18T22:33:10.844+0000 7f1bff851640 1 -- 172.21.15.121:0/1147762897 >> [v2:172.21.15.121:3300/0,v1:172.21.15.121:6789/0] conn(0x7f1bf8101cd0 msgr2=0x7f1bf8110b10 secure :-1 s=STATE_CONNECTION_ESTABLISHED l=1).mark_down
2024-08-18T22:33:11.410 INFO:teuthology.orchestra.run.smithi121.stdout:/usr/bin/ceph: stderr
2024-08-18T22:33:10.844+0000 7f1bff851640 1 --2- 172.21.15.121:0/1147762897 >> [v2:172.21.15.121:3300/0,v1:172.21.15.121:6789/0] conn(0x7f1bf8101cd0 0x7f1bf8110b10 secure :-1 s=READY pgs=27 cs=0 l=1 rev1=1 crypto rx=0x7f1bf4000c00 tx=0x7f1bf4008040 comp rx=0 tx=0).stop
2024-08-18T22:33:11.410 INFO:teuthology.orchestra.run.smithi121.stdout:/usr/bin/ceph: stderr
2024-08-18T22:33:10.844+0000 7f1bff851640 1 -- 172.21.15.121:0/1147762897 shutdown_connections
2024-08-18T22:33:11.410 INFO:teuthology.orchestra.run.smithi121.stdout:/usr/bin/ceph: stderr
2024-08-18T22:33:10.844+0000 7f1bff851640 1 --2- 172.21.15.121:0/1147762897 >> [v2:172.21.15.121:6800/833901271,v1:172.21.15.121:6801/833901271] conn(0x7f1be4038e80 0x7f1be403b260 unknown :-1 s=CLOSED pgs=1 cs=0 l=1 rev1=1 crypto rx=0 tx=0 comp rx=0 tx=0).stop
2024-08-18T22:33:11.410 INFO:teuthology.orchestra.run.smithi121.stdout:/usr/bin/ceph: stderr
2024-08-18T22:33:10.844+0000 7f1bff851640 1 --2- 172.21.15.121:0/1147762897 >> [v2:172.21.15.121:6800/2610373559,v1:172.21.15.121:6801/2610373559] conn(0x7f1be40356c0 0x7f1be4037b70 unknown :-1 s=CLOSED pgs=0 cs=0 l=1 rev1=0 crypto rx=0 tx=0 comp rx=0 tx=0).stop
2024-08-18T22:33:11.410 INFO:teuthology.orchestra.run.smithi121.stdout:/usr/bin/ceph: stderr
2024-08-18T22:33:10.844+0000 7f1bff851640 1 --2- 172.21.15.121:0/1147762897 >> [v2:172.21.15.121:3300/0,v1:172.21.15.121:6789/0] conn(0x7f1bf8101cd0 0x7f1bf8110b10 unknown :-1 s=CLOSED pgs=27 cs=0 l=1 rev1=1 crypto rx=0 tx=0 comp rx=0 tx=0).stop
2024-08-18T22:33:11.410 INFO:teuthology.orchestra.run.smithi121.stdout:/usr/bin/ceph: stderr
2024-08-18T22:33:10.844+0000 7f1bff851640 1 -- 172.21.15.121:0/1147762897 >> 172.21.15.121:0/1147762897 conn(0x7f1bf80fd510 msgr2=0x7f1bf80fe1a0 unknown :-1 s=STATE_NONE l=0).mark_down
2024-08-18T22:33:11.411 INFO:teuthology.orchestra.run.smithi121.stdout:/usr/bin/ceph: stderr
2024-08-18T22:33:10.844+0000 7f1bff851640 1 -- 172.21.15.121:0/1147762897 shutdown_connections
2024-08-18T22:33:11.411 INFO:teuthology.orchestra.run.smithi121.stdout:/usr/bin/ceph: stderr
2024-08-18T22:33:10.844+0000 7f1bff851640 1 -- 172.21.15.121:0/1147762897 wait complete.
2024-08-18T22:33:11.411 INFO:teuthology.orchestra.run.smithi121.stdout:mgr epoch 5 is available
2024-08-18T22:33:11.411 INFO:teuthology.orchestra.run.smithi121.stdout:Setting orchestrator backend to cephadm...
2024-08-18T22:33:11.945 INFO:journalctl@ceph.mon.smithi121.smithi121.stdout:Aug 18 22:33:11 smithi121 ceph-mon[16788]: from='client.14122 -' entity='client.admin' cmd=[{"prefix": "get_command_descriptions"}]: dispatch
2024-08-18T22:33:11.945 INFO:journalctl@ceph.mon.smithi121.smithi121.stdout:Aug 18 22:33:11 smithi121 ceph-mon[16788]: from='client.14122 -' entity='client.admin' cmd=[{"prefix": "mgr_status"}]: dispatch
2024-08-18T22:33:12.492 INFO:teuthology.orchestra.run.smithi121.stdout:/usr/bin/ceph: stderr
2024-08-18T22:33:11.762+0000 7fcbedbc0640 1 Processor -- start
2024-08-18T22:33:12.492 INFO:teuthology.orchestra.run.smithi121.stdout:/usr/bin/ceph: stderr
2024-08-18T22:33:11.763+0000 7fcbedbc0640 1 -- start start
2024-08-18T22:33:12.492 INFO:teuthology.orchestra.run.smithi121.stdout:/usr/bin/ceph: stderr
2024-08-18T22:33:11.763+0000 7fcbedbc0640 1 --2- >> [v2:172.21.15.121:3300/0,v1:172.21.15.121:6789/0] conn(0x7fcbe8100bb0 0x7fcbe8100fc0 unknown :-1 s=NONE pgs=0 cs=0 l=0 rev1=0 crypto rx=0 tx=0 comp rx=0 tx=0).connect
2024-08-18T22:33:12.492 INFO:teuthology.orchestra.run.smithi121.stdout:/usr/bin/ceph: stderr
2024-08-18T22:33:11.763+0000 7fcbedbc0640 1 -- --> [v2:172.21.15.121:3300/0,v1:172.21.15.121:6789/0] -- mon_getmap magic: 0 v1 -- 0x7fcbe8101500 con 0x7fcbe8100bb0
2024-08-18T22:33:12.492 INFO:teuthology.orchestra.run.smithi121.stdout:/usr/bin/ceph: stderr
2024-08-18T22:33:11.763+0000 7fcbe77fe640 1 --2- >> [v2:172.21.15.121:3300/0,v1:172.21.15.121:6789/0] conn(0x7fcbe8100bb0 0x7fcbe8100fc0 unknown :-1 s=BANNER_CONNECTING pgs=0 cs=0 l=0 rev1=0 crypto rx=0 tx=0 comp rx=0 tx=0)._handle_peer_banner_payload supported=3 required=0
2024-08-18T22:33:12.493 INFO:teuthology.orchestra.run.smithi121.stdout:/usr/bin/ceph: stderr
2024-08-18T22:33:11.763+0000 7fcbe77fe640 1 --2- >> [v2:172.21.15.121:3300/0,v1:172.21.15.121:6789/0] conn(0x7fcbe8100bb0 0x7fcbe8100fc0 unknown :-1 s=HELLO_CONNECTING pgs=0 cs=0 l=0 rev1=1 crypto rx=0 tx=0 comp rx=0 tx=0).handle_hello peer v2:172.21.15.121:3300/0 says I am v2:172.21.15.121:39486/0 (socket says 172.21.15.121:39486)
2024-08-18T22:33:12.493 INFO:teuthology.orchestra.run.smithi121.stdout:/usr/bin/ceph: stderr
2024-08-18T22:33:11.763+0000 7fcbe77fe640 1 -- 172.21.15.121:0/2220342222 learned_addr learned my addr 172.21.15.121:0/2220342222 (peer_addr_for_me v2:172.21.15.121:0/0)
2024-08-18T22:33:12.493 INFO:teuthology.orchestra.run.smithi121.stdout:/usr/bin/ceph: stderr
2024-08-18T22:33:11.763+0000 7fcbe77fe640 1 -- 172.21.15.121:0/2220342222 --> [v2:172.21.15.121:3300/0,v1:172.21.15.121:6789/0] -- mon_subscribe({config=0+,monmap=0+}) v3 -- 0x7fcbe8101640 con 0x7fcbe8100bb0
2024-08-18T22:33:12.493 INFO:teuthology.orchestra.run.smithi121.stdout:/usr/bin/ceph: stderr
2024-08-18T22:33:11.764+0000 7fcbe77fe640 1 --2- 172.21.15.121:0/2220342222 >> [v2:172.21.15.121:3300/0,v1:172.21.15.121:6789/0] conn(0x7fcbe8100bb0 0x7fcbe8100fc0 secure :-1 s=READY pgs=35 cs=0 l=1 rev1=1 crypto rx=0x7fcbd800baf0 tx=0x7fcbd800b460 comp rx=0 tx=0).ready entity=mon.0 client_cookie=7e3450ccc07a0bf5 server_cookie=0 in_seq=0 out_seq=0
2024-08-18T22:33:12.493 INFO:teuthology.orchestra.run.smithi121.stdout:/usr/bin/ceph: stderr
2024-08-18T22:33:11.764+0000 7fcbe67fc640 1 -- 172.21.15.121:0/2220342222 <== mon.0 v2:172.21.15.121:3300/0 1 ==== mon_map magic: 0 v1 ==== 229+0+0 (secure 0 0 0) 0x7fcbd80327a0 con 0x7fcbe8100bb0
2024-08-18T22:33:12.493 INFO:teuthology.orchestra.run.smithi121.stdout:/usr/bin/ceph: stderr
2024-08-18T22:33:11.764+0000 7fcbe67fc640 1 -- 172.21.15.121:0/2220342222 <== mon.0 v2:172.21.15.121:3300/0 2 ==== config(26 keys) v1 ==== 1005+0+0 (secure 0 0 0) 0x7fcbd8032d60 con 0x7fcbe8100bb0
2024-08-18T22:33:12.493 INFO:teuthology.orchestra.run.smithi121.stdout:/usr/bin/ceph: stderr
2024-08-18T22:33:11.764+0000 7fcbe67fc640 1 -- 172.21.15.121:0/2220342222 <== mon.0 v2:172.21.15.121:3300/0 3 ==== mon_map magic: 0 v1 ==== 229+0+0 (secure 0 0 0) 0x7fcbd8031df0 con 0x7fcbe8100bb0
2024-08-18T22:33:12.493 INFO:teuthology.orchestra.run.smithi121.stdout:/usr/bin/ceph: stderr
2024-08-18T22:33:11.765+0000 7fcbedbc0640 1 -- 172.21.15.121:0/2220342222 >> [v2:172.21.15.121:3300/0,v1:172.21.15.121:6789/0] conn(0x7fcbe8100bb0 msgr2=0x7fcbe8100fc0 secure :-1 s=STATE_CONNECTION_ESTABLISHED l=1).mark_down
2024-08-18T22:33:12.493 INFO:teuthology.orchestra.run.smithi121.stdout:/usr/bin/ceph: stderr
2024-08-18T22:33:11.765+0000 7fcbedbc0640 1 --2- 172.21.15.121:0/2220342222 >> [v2:172.21.15.121:3300/0,v1:172.21.15.121:6789/0] conn(0x7fcbe8100bb0 0x7fcbe8100fc0 secure :-1 s=READY pgs=35 cs=0 l=1 rev1=1 crypto rx=0x7fcbd800baf0 tx=0x7fcbd800b460 comp rx=0 tx=0).stop
2024-08-18T22:33:12.493 INFO:teuthology.orchestra.run.smithi121.stdout:/usr/bin/ceph: stderr
2024-08-18T22:33:11.765+0000 7fcbedbc0640 1 -- 172.21.15.121:0/2220342222 shutdown_connections
2024-08-18T22:33:12.493 INFO:teuthology.orchestra.run.smithi121.stdout:/usr/bin/ceph: stderr
2024-08-18T22:33:11.765+0000 7fcbedbc0640 1 --2- 172.21.15.121:0/2220342222 >> [v2:172.21.15.121:3300/0,v1:172.21.15.121:6789/0] conn(0x7fcbe8100bb0 0x7fcbe8100fc0 unknown :-1 s=CLOSED pgs=35 cs=0 l=1 rev1=1 crypto rx=0 tx=0 comp rx=0 tx=0).stop
2024-08-18T22:33:12.493 INFO:teuthology.orchestra.run.smithi121.stdout:/usr/bin/ceph: stderr
2024-08-18T22:33:11.765+0000 7fcbedbc0640 1 -- 172.21.15.121:0/2220342222 >> 172.21.15.121:0/2220342222 conn(0x7fcbe80fc350 msgr2=0x7fcbe80fe7a0 unknown :-1 s=STATE_NONE l=0).mark_down
2024-08-18T22:33:12.493 INFO:teuthology.orchestra.run.smithi121.stdout:/usr/bin/ceph: stderr
2024-08-18T22:33:11.765+0000 7fcbedbc0640 1 -- 172.21.15.121:0/2220342222 shutdown_connections
2024-08-18T22:33:12.494 INFO:teuthology.orchestra.run.smithi121.stdout:/usr/bin/ceph: stderr
2024-08-18T22:33:11.765+0000 7fcbedbc0640 1 -- 172.21.15.121:0/2220342222 wait complete.
2024-08-18T22:33:12.494 INFO:teuthology.orchestra.run.smithi121.stdout:/usr/bin/ceph: stderr
2024-08-18T22:33:11.766+0000 7fcbedbc0640 1 Processor -- start
2024-08-18T22:33:12.494 INFO:teuthology.orchestra.run.smithi121.stdout:/usr/bin/ceph: stderr
2024-08-18T22:33:11.766+0000 7fcbedbc0640 1 -- start start
2024-08-18T22:33:12.494 INFO:teuthology.orchestra.run.smithi121.stdout:/usr/bin/ceph: stderr
2024-08-18T22:33:11.766+0000 7fcbedbc0640 1 --2- >> [v2:172.21.15.121:3300/0,v1:172.21.15.121:6789/0] conn(0x7fcbe8100bb0 0x7fcbe810e960 unknown :-1 s=NONE pgs=0 cs=0 l=1 rev1=0 crypto rx=0 tx=0 comp rx=0 tx=0).connect
2024-08-18T22:33:12.494 INFO:teuthology.orchestra.run.smithi121.stdout:/usr/bin/ceph: stderr
2024-08-18T22:33:11.766+0000 7fcbedbc0640 1 -- --> [v2:172.21.15.121:3300/0,v1:172.21.15.121:6789/0] -- mon_getmap magic: 0 v1 -- 0x7fcbe810eea0 con 0x7fcbe8100bb0
2024-08-18T22:33:12.494 INFO:teuthology.orchestra.run.smithi121.stdout:/usr/bin/ceph: stderr
2024-08-18T22:33:11.766+0000 7fcbe77fe640 1 --2- >> [v2:172.21.15.121:3300/0,v1:172.21.15.121:6789/0] conn(0x7fcbe8100bb0 0x7fcbe810e960 unknown :-1 s=BANNER_CONNECTING pgs=0 cs=0 l=1 rev1=0 crypto rx=0 tx=0 comp rx=0 tx=0)._handle_peer_banner_payload supported=3 required=0
2024-08-18T22:33:12.494 INFO:teuthology.orchestra.run.smithi121.stdout:/usr/bin/ceph: stderr
2024-08-18T22:33:11.766+0000 7fcbe77fe640 1 --2- >> [v2:172.21.15.121:3300/0,v1:172.21.15.121:6789/0] conn(0x7fcbe8100bb0 0x7fcbe810e960 unknown :-1 s=HELLO_CONNECTING pgs=0 cs=0 l=1 rev1=1 crypto rx=0 tx=0 comp rx=0 tx=0).handle_hello peer v2:172.21.15.121:3300/0 says I am v2:172.21.15.121:39494/0 (socket says 172.21.15.121:39494)
2024-08-18T22:33:12.494 INFO:teuthology.orchestra.run.smithi121.stdout:/usr/bin/ceph: stderr
2024-08-18T22:33:11.766+0000 7fcbe77fe640 1 -- 172.21.15.121:0/3277780205 learned_addr learned my addr 172.21.15.121:0/3277780205 (peer_addr_for_me v2:172.21.15.121:0/0)
2024-08-18T22:33:12.494 INFO:teuthology.orchestra.run.smithi121.stdout:/usr/bin/ceph: stderr
2024-08-18T22:33:11.766+0000 7fcbe77fe640 1 -- 172.21.15.121:0/3277780205 --> [v2:172.21.15.121:3300/0,v1:172.21.15.121:6789/0] -- mon_subscribe({config=0+,monmap=0+}) v3 -- 0x7fcbd800b700 con 0x7fcbe8100bb0
2024-08-18T22:33:12.494 INFO:teuthology.orchestra.run.smithi121.stdout:/usr/bin/ceph: stderr
2024-08-18T22:33:11.766+0000 7fcbe77fe640 1 --2- 172.21.15.121:0/3277780205 >> [v2:172.21.15.121:3300/0,v1:172.21.15.121:6789/0] conn(0x7fcbe8100bb0 0x7fcbe810e960 secure :-1 s=READY pgs=36 cs=0 l=1 rev1=1 crypto rx=0x7fcbd802ce70 tx=0x7fcbd800b460 comp rx=0 tx=0).ready entity=mon.0 client_cookie=0 server_cookie=0 in_seq=0 out_seq=0
2024-08-18T22:33:12.494 INFO:teuthology.orchestra.run.smithi121.stdout:/usr/bin/ceph: stderr
2024-08-18T22:33:11.767+0000 7fcbcffff640 1 -- 172.21.15.121:0/3277780205 <== mon.0 v2:172.21.15.121:3300/0 1 ==== mon_map magic: 0 v1 ==== 229+0+0 (secure 0 0 0) 0x7fcbd8032ab0 con 0x7fcbe8100bb0
2024-08-18T22:33:12.494 INFO:teuthology.orchestra.run.smithi121.stdout:/usr/bin/ceph: stderr
2024-08-18T22:33:11.767+0000 7fcbcffff640 1 -- 172.21.15.121:0/3277780205 <== mon.0 v2:172.21.15.121:3300/0 2 ==== config(26 keys) v1 ==== 1005+0+0 (secure 0 0 0) 0x7fcbd803b880 con 0x7fcbe8100bb0
2024-08-18T22:33:12.495 INFO:teuthology.orchestra.run.smithi121.stdout:/usr/bin/ceph: stderr
2024-08-18T22:33:11.767+0000 7fcbedbc0640 1 -- 172.21.15.121:0/3277780205 --> [v2:172.21.15.121:3300/0,v1:172.21.15.121:6789/0] -- mon_subscribe({mgrmap=0+}) v3 -- 0x7fcbe810f0a0 con 0x7fcbe8100bb0
2024-08-18T22:33:12.495 INFO:teuthology.orchestra.run.smithi121.stdout:/usr/bin/ceph: stderr
2024-08-18T22:33:11.767+0000 7fcbcffff640 1 -- 172.21.15.121:0/3277780205 <== mon.0 v2:172.21.15.121:3300/0 3 ==== mon_map magic: 0 v1 ==== 229+0+0 (secure 0 0 0) 0x7fcbd803a730 con 0x7fcbe8100bb0
2024-08-18T22:33:12.495 INFO:teuthology.orchestra.run.smithi121.stdout:/usr/bin/ceph: stderr
2024-08-18T22:33:11.767+0000 7fcbedbc0640 1 -- 172.21.15.121:0/3277780205 --> [v2:172.21.15.121:3300/0,v1:172.21.15.121:6789/0] -- mon_subscribe({osdmap=0}) v3 -- 0x7fcbe810f4b0 con 0x7fcbe8100bb0
2024-08-18T22:33:12.495 INFO:teuthology.orchestra.run.smithi121.stdout:/usr/bin/ceph: stderr
2024-08-18T22:33:11.768+0000 7fcbcffff640 1 -- 172.21.15.121:0/3277780205 <== mon.0 v2:172.21.15.121:3300/0 4 ==== mgrmap(e 7) v1 ==== 42530+0+0 (secure 0 0 0) 0x7fcbd803a890 con 0x7fcbe8100bb0
2024-08-18T22:33:12.495 INFO:teuthology.orchestra.run.smithi121.stdout:/usr/bin/ceph: stderr
2024-08-18T22:33:11.768+0000 7fcbcffff640 1 --2- 172.21.15.121:0/3277780205 >> [v2:172.21.15.121:6800/833901271,v1:172.21.15.121:6801/833901271] conn(0x7fcbd00355e0 0x7fcbd0037a90 unknown :-1 s=NONE pgs=0 cs=0 l=1 rev1=0 crypto rx=0 tx=0 comp rx=0 tx=0).connect
2024-08-18T22:33:12.495 INFO:teuthology.orchestra.run.smithi121.stdout:/usr/bin/ceph: stderr
2024-08-18T22:33:11.768+0000 7fcbedbc0640 1 -- 172.21.15.121:0/3277780205 --> [v2:172.21.15.121:3300/0,v1:172.21.15.121:6789/0] -- mon_command({"prefix": "get_command_descriptions"} v 0) v1 -- 0x7fcbe804b4c0 con 0x7fcbe8100bb0
2024-08-18T22:33:12.495 INFO:teuthology.orchestra.run.smithi121.stdout:/usr/bin/ceph: stderr
2024-08-18T22:33:11.768+0000 7fcbcffff640 1 -- 172.21.15.121:0/3277780205 <== mon.0 v2:172.21.15.121:3300/0 5 ==== osd_map(2..2 src has 1..2) v4 ==== 936+0+0 (secure 0 0 0) 0x7fcbd806ab40 con 0x7fcbe8100bb0
2024-08-18T22:33:12.495 INFO:teuthology.orchestra.run.smithi121.stdout:/usr/bin/ceph: stderr
2024-08-18T22:33:11.768+0000 7fcbe6ffd640 1 --2- 172.21.15.121:0/3277780205 >> [v2:172.21.15.121:6800/833901271,v1:172.21.15.121:6801/833901271] conn(0x7fcbd00355e0 0x7fcbd0037a90 unknown :-1 s=BANNER_CONNECTING pgs=0 cs=0 l=1 rev1=0 crypto rx=0 tx=0 comp rx=0 tx=0)._handle_peer_banner_payload supported=3 required=0
2024-08-18T22:33:12.495 INFO:teuthology.orchestra.run.smithi121.stdout:/usr/bin/ceph: stderr
2024-08-18T22:33:11.768+0000 7fcbe6ffd640 1 --2- 172.21.15.121:0/3277780205 >> [v2:172.21.15.121:6800/833901271,v1:172.21.15.121:6801/833901271] conn(0x7fcbd00355e0 0x7fcbd0037a90 secure :-1 s=READY pgs=7 cs=0 l=1 rev1=1 crypto rx=0x7fcbdc006fd0 tx=0x7fcbdc006db0 comp rx=0 tx=0).ready entity=mgr.14118 client_cookie=0 server_cookie=0 in_seq=0 out_seq=0
2024-08-18T22:33:12.495 INFO:teuthology.orchestra.run.smithi121.stdout:/usr/bin/ceph: stderr
2024-08-18T22:33:11.773+0000 7fcbcffff640 1 -- 172.21.15.121:0/3277780205 <== mon.0 v2:172.21.15.121:3300/0 6 ==== mon_command_ack([{"prefix": "get_command_descriptions"}]=0 v0) v1 ==== 72+0+176781 (secure 0 0 0) 0x7fcbd8036070 con 0x7fcbe8100bb0
2024-08-18T22:33:12.495 INFO:teuthology.orchestra.run.smithi121.stdout:/usr/bin/ceph: stderr
2024-08-18T22:33:11.889+0000 7fcbcffff640 1 -- 172.21.15.121:0/3277780205 <== mon.0 v2:172.21.15.121:3300/0 7 ==== mgrmap(e 8) v1 ==== 42636+0+0 (secure 0 0 0) 0x7fcbd803ba60 con 0x7fcbe8100bb0
2024-08-18T22:33:12.495 INFO:teuthology.orchestra.run.smithi121.stdout:/usr/bin/ceph: stderr
2024-08-18T22:33:11.944+0000 7fcbedbc0640 1 -- 172.21.15.121:0/3277780205 --> [v2:172.21.15.121:6800/833901271,v1:172.21.15.121:6801/833901271] -- mgr_command(tid 0: {"prefix": "orch set backend", "module_name": "cephadm", "target": ["mon-mgr", ""]}) v1 -- 0x7fcbe8110090 con 0x7fcbd00355e0
2024-08-18T22:33:12.495 INFO:teuthology.orchestra.run.smithi121.stdout:/usr/bin/ceph: stderr
2024-08-18T22:33:11.953+0000 7fcbcffff640 1 -- 172.21.15.121:0/3277780205 <== mgr.14118 v2:172.21.15.121:6800/833901271 1 ==== mgr_command_reply(tid 0: 0 ) v1 ==== 8+0+0 (secure 0 0 0) 0x7fcbe8110090 con 0x7fcbd00355e0
2024-08-18T22:33:12.496 INFO:teuthology.orchestra.run.smithi121.stdout:/usr/bin/ceph: stderr
2024-08-18T22:33:11.955+0000 7fcbedbc0640 1 -- 172.21.15.121:0/3277780205 >> [v2:172.21.15.121:6800/833901271,v1:172.21.15.121:6801/833901271] conn(0x7fcbd00355e0 msgr2=0x7fcbd0037a90 secure :-1 s=STATE_CONNECTION_ESTABLISHED l=1).mark_down
2024-08-18T22:33:12.496 INFO:teuthology.orchestra.run.smithi121.stdout:/usr/bin/ceph: stderr
2024-08-18T22:33:11.955+0000 7fcbedbc0640 1 --2- 172.21.15.121:0/3277780205 >> [v2:172.21.15.121:6800/833901271,v1:172.21.15.121:6801/833901271] conn(0x7fcbd00355e0 0x7fcbd0037a90 secure :-1 s=READY pgs=7 cs=0 l=1 rev1=1 crypto rx=0x7fcbdc006fd0 tx=0x7fcbdc006db0 comp rx=0 tx=0).stop
2024-08-18T22:33:12.496 INFO:teuthology.orchestra.run.smithi121.stdout:/usr/bin/ceph: stderr
2024-08-18T22:33:11.955+0000 7fcbedbc0640 1 -- 172.21.15.121:0/3277780205 >> [v2:172.21.15.121:3300/0,v1:172.21.15.121:6789/0] conn(0x7fcbe8100bb0 msgr2=0x7fcbe810e960 secure :-1 s=STATE_CONNECTION_ESTABLISHED l=1).mark_down
2024-08-18T22:33:12.496 INFO:teuthology.orchestra.run.smithi121.stdout:/usr/bin/ceph: stderr
2024-08-18T22:33:11.955+0000 7fcbedbc0640 1 --2- 172.21.15.121:0/3277780205 >> [v2:172.21.15.121:3300/0,v1:172.21.15.121:6789/0] conn(0x7fcbe8100bb0 0x7fcbe810e960 secure :-1 s=READY pgs=36 cs=0 l=1 rev1=1 crypto rx=0x7fcbd802ce70 tx=0x7fcbd800b460 comp rx=0 tx=0).stop
2024-08-18T22:33:12.496 INFO:teuthology.orchestra.run.smithi121.stdout:/usr/bin/ceph: stderr
2024-08-18T22:33:11.955+0000 7fcbedbc0640 1 -- 172.21.15.121:0/3277780205 shutdown_connections
2024-08-18T22:33:12.496 INFO:teuthology.orchestra.run.smithi121.stdout:/usr/bin/ceph: stderr
2024-08-18T22:33:11.955+0000 7fcbedbc0640 1 --2- 172.21.15.121:0/3277780205 >> [v2:172.21.15.121:6800/833901271,v1:172.21.15.121:6801/833901271] conn(0x7fcbd00355e0 0x7fcbd0037a90 unknown :-1 s=CLOSED pgs=7 cs=0 l=1 rev1=1 crypto rx=0 tx=0 comp rx=0 tx=0).stop
2024-08-18T22:33:12.496 INFO:teuthology.orchestra.run.smithi121.stdout:/usr/bin/ceph: stderr
2024-08-18T22:33:11.955+0000 7fcbedbc0640 1 --2- 172.21.15.121:0/3277780205 >> [v2:172.21.15.121:3300/0,v1:172.21.15.121:6789/0] conn(0x7fcbe8100bb0 0x7fcbe810e960 unknown :-1 s=CLOSED pgs=36 cs=0 l=1 rev1=1 crypto rx=0 tx=0 comp rx=0 tx=0).stop
2024-08-18T22:33:12.496 INFO:teuthology.orchestra.run.smithi121.stdout:/usr/bin/ceph: stderr
2024-08-18T22:33:11.955+0000 7fcbedbc0640 1 -- 172.21.15.121:0/3277780205 >> 172.21.15.121:0/3277780205 conn(0x7fcbe80fc350 msgr2=0x7fcbe81051c0 unknown :-1 s=STATE_NONE l=0).mark_down
2024-08-18T22:33:12.496 INFO:teuthology.orchestra.run.smithi121.stdout:/usr/bin/ceph: stderr
2024-08-18T22:33:11.955+0000 7fcbedbc0640 1 -- 172.21.15.121:0/3277780205 shutdown_connections
2024-08-18T22:33:12.496 INFO:teuthology.orchestra.run.smithi121.stdout:/usr/bin/ceph: stderr
2024-08-18T22:33:11.955+0000 7fcbedbc0640 1 -- 172.21.15.121:0/3277780205 wait complete.
2024-08-18T22:33:13.308 INFO:journalctl@ceph.mon.smithi121.smithi121.stdout:Aug 18 22:33:12 smithi121 ceph-mon[16788]: mgrmap e8: smithi121.lopxqc(active, since 2s)
2024-08-18T22:33:13.308 INFO:journalctl@ceph.mon.smithi121.smithi121.stdout:Aug 18 22:33:12 smithi121 ceph-mon[16788]: from='client.14130 -' entity='client.admin' cmd=[{"prefix": "orch set backend", "module_name": "cephadm", "target": ["mon-mgr", ""]}]: dispatch
2024-08-18T22:33:13.308 INFO:journalctl@ceph.mon.smithi121.smithi121.stdout:Aug 18 22:33:12 smithi121 ceph-mon[16788]: from='mgr.14118 172.21.15.121:0/3177338859' entity='mgr.smithi121.lopxqc'
2024-08-18T22:33:13.308 INFO:journalctl@ceph.mon.smithi121.smithi121.stdout:Aug 18 22:33:12 smithi121 ceph-mon[16788]: from='mgr.14118 172.21.15.121:0/3177338859' entity='mgr.smithi121.lopxqc' cmd=[{"prefix": "config dump", "format": "json"}]: dispatch
2024-08-18T22:33:13.308 INFO:journalctl@ceph.mon.smithi121.smithi121.stdout:Aug 18 22:33:12 smithi121 ceph-mon[16788]: [18/Aug/2024:22:33:11] ENGINE Bus STARTING
2024-08-18T22:33:13.308 INFO:journalctl@ceph.mon.smithi121.smithi121.stdout:Aug 18 22:33:12 smithi121 ceph-mon[16788]: [18/Aug/2024:22:33:12] ENGINE Serving on https://172.21.15.121:7150
2024-08-18T22:33:13.308 INFO:journalctl@ceph.mon.smithi121.smithi121.stdout:Aug 18 22:33:12 smithi121 ceph-mon[16788]: [18/Aug/2024:22:33:12] ENGINE Bus STARTED
2024-08-18T22:33:13.309 INFO:journalctl@ceph.mon.smithi121.smithi121.stdout:Aug 18 22:33:12 smithi121 ceph-mon[16788]: [18/Aug/2024:22:33:12] ENGINE Error in HTTPServer.serve
2024-08-18T22:33:13.309 INFO:journalctl@ceph.mon.smithi121.smithi121.stdout: Traceback (most recent call last):
2024-08-18T22:33:13.309 INFO:journalctl@ceph.mon.smithi121.smithi121.stdout: File "/lib/python3.9/site-packages/cheroot/server.py", line 1823, in serve
2024-08-18T22:33:13.309 INFO:journalctl@ceph.mon.smithi121.smithi121.stdout: self._connections.run(self.expiration_interval)
2024-08-18T22:33:13.309 INFO:journalctl@ceph.mon.smithi121.smithi121.stdout: File "/lib/python3.9/site-packages/cheroot/connections.py", line 203, in run
2024-08-18T22:33:13.309 INFO:journalctl@ceph.mon.smithi121.smithi121.stdout: self._run(expiration_interval)
2024-08-18T22:33:13.309 INFO:journalctl@ceph.mon.smithi121.smithi121.stdout: File "/lib/python3.9/site-packages/cheroot/connections.py", line 246, in _run
2024-08-18T22:33:13.309 INFO:journalctl@ceph.mon.smithi121.smithi121.stdout: new_conn = self._from_server_socket(self.server.socket)
2024-08-18T22:33:13.309 INFO:journalctl@ceph.mon.smithi121.smithi121.stdout: File "/lib/python3.9/site-packages/cheroot/connections.py", line 300, in _from_server_socket
2024-08-18T22:33:13.309 INFO:journalctl@ceph.mon.smithi121.smithi121.stdout: s, ssl_env = self.server.ssl_adapter.wrap(s)
2024-08-18T22:33:13.309 INFO:journalctl@ceph.mon.smithi121.smithi121.stdout: File "/lib/python3.9/site-packages/cheroot/ssl/builtin.py", line 277, in wrap
2024-08-18T22:33:13.309 INFO:journalctl@ceph.mon.smithi121.smithi121.stdout: s = self.context.wrap_socket(
2024-08-18T22:33:13.309 INFO:journalctl@ceph.mon.smithi121.smithi121.stdout: File "/lib64/python3.9/ssl.py", line 501, in wrap_socket
2024-08-18T22:33:13.310 INFO:journalctl@ceph.mon.smithi121.smithi121.stdout: return self.sslsocket_class._create(
2024-08-18T22:33:13.310 INFO:journalctl@ceph.mon.smithi121.smithi121.stdout: File "/lib64/python3.9/ssl.py", line 1074, in _create
2024-08-18T22:33:13.310 INFO:journalctl@ceph.mon.smithi121.smithi121.stdout: self.do_handshake()
2024-08-18T22:33:13.310 INFO:journalctl@ceph.mon.smithi121.smithi121.stdout: File "/lib64/python3.9/ssl.py", line 1343, in do_handshake
2024-08-18T22:33:13.310 INFO:journalctl@ceph.mon.smithi121.smithi121.stdout: self._sslobj.do_handshake()
2024-08-18T22:33:13.310 INFO:journalctl@ceph.mon.smithi121.smithi121.stdout: ssl.SSLZeroReturnError: TLS/SSL connection has been closed (EOF) (_ssl.c:1133)
2024-08-18T22:33:13.310 INFO:journalctl@ceph.mon.smithi121.smithi121.stdout:Aug 18 22:33:12 smithi121 ceph-mon[16788]: from='mgr.14118 172.21.15.121:0/3177338859' entity='mgr.smithi121.lopxqc'
2024-08-18T22:33:13.310 INFO:journalctl@ceph.mon.smithi121.smithi121.stdout:Aug 18 22:33:12 smithi121 ceph-mon[16788]: from='mgr.14118 172.21.15.121:0/3177338859' entity='mgr.smithi121.lopxqc' cmd=[{"prefix": "config dump", "format": "json"}]: dispatch
2024-08-18T22:33:13.573 INFO:teuthology.orchestra.run.smithi121.stdout:/usr/bin/ceph: stdout value unchanged
2024-08-18T22:33:13.574 INFO:teuthology.orchestra.run.smithi121.stdout:/usr/bin/ceph: stderr
2024-08-18T22:33:12.843+0000 7efe947f7640 1 Processor -- start
2024-08-18T22:33:13.574 INFO:teuthology.orchestra.run.smithi121.stdout:/usr/bin/ceph: stderr
2024-08-18T22:33:12.843+0000 7efe947f7640 1 -- start start
2024-08-18T22:33:13.574 INFO:teuthology.orchestra.run.smithi121.stdout:/usr/bin/ceph: stderr
2024-08-18T22:33:12.843+0000 7efe947f7640 1 --2- >> [v2:172.21.15.121:3300/0,v1:172.21.15.121:6789/0] conn(0x7efe8c100c50 0x7efe8c101060 unknown :-1 s=NONE pgs=0 cs=0 l=0 rev1=0 crypto rx=0 tx=0 comp rx=0 tx=0).connect
2024-08-18T22:33:13.574 INFO:teuthology.orchestra.run.smithi121.stdout:/usr/bin/ceph: stderr
2024-08-18T22:33:12.843+0000 7efe947f7640 1 -- --> [v2:172.21.15.121:3300/0,v1:172.21.15.121:6789/0] -- mon_getmap magic: 0 v1 -- 0x7efe8c1015a0 con 0x7efe8c100c50
2024-08-18T22:33:13.574 INFO:teuthology.orchestra.run.smithi121.stdout:/usr/bin/ceph: stderr
2024-08-18T22:33:12.843+0000 7efe92593640 1 --2- >> [v2:172.21.15.121:3300/0,v1:172.21.15.121:6789/0] conn(0x7efe8c100c50 0x7efe8c101060 unknown :-1 s=BANNER_CONNECTING pgs=0 cs=0 l=0 rev1=0 crypto rx=0 tx=0 comp rx=0 tx=0)._handle_peer_banner_payload supported=3 required=0
2024-08-18T22:33:13.574 INFO:teuthology.orchestra.run.smithi121.stdout:/usr/bin/ceph: stderr
2024-08-18T22:33:12.843+0000 7efe92593640 1 --2- >> [v2:172.21.15.121:3300/0,v1:172.21.15.121:6789/0] conn(0x7efe8c100c50 0x7efe8c101060 unknown :-1 s=HELLO_CONNECTING pgs=0 cs=0 l=0 rev1=1 crypto rx=0 tx=0 comp rx=0 tx=0).handle_hello peer v2:172.21.15.121:3300/0 says I am v2:172.21.15.121:39510/0 (socket says 172.21.15.121:39510)
2024-08-18T22:33:13.574 INFO:teuthology.orchestra.run.smithi121.stdout:/usr/bin/ceph: stderr
2024-08-18T22:33:12.843+0000 7efe92593640 1 -- 172.21.15.121:0/3280665072 learned_addr learned my addr 172.21.15.121:0/3280665072 (peer_addr_for_me v2:172.21.15.121:0/0)
2024-08-18T22:33:13.574 INFO:teuthology.orchestra.run.smithi121.stdout:/usr/bin/ceph: stderr
2024-08-18T22:33:12.843+0000 7efe92593640 1 -- 172.21.15.121:0/3280665072 --> [v2:172.21.15.121:3300/0,v1:172.21.15.121:6789/0] -- mon_subscribe({config=0+,monmap=0+}) v3 -- 0x7efe8c1016e0 con 0x7efe8c100c50
2024-08-18T22:33:13.574 INFO:teuthology.orchestra.run.smithi121.stdout:/usr/bin/ceph: stderr
2024-08-18T22:33:12.844+0000 7efe92593640 1 --2- 172.21.15.121:0/3280665072 >> [v2:172.21.15.121:3300/0,v1:172.21.15.121:6789/0] conn(0x7efe8c100c50 0x7efe8c101060 secure :-1 s=READY pgs=37 cs=0 l=1 rev1=1 crypto rx=0x7efe80009840 tx=0x7efe800091d0 comp rx=0 tx=0).ready entity=mon.0 client_cookie=1e74e1119cf5a619 server_cookie=0 in_seq=0 out_seq=0
2024-08-18T22:33:13.574 INFO:teuthology.orchestra.run.smithi121.stdout:/usr/bin/ceph: stderr
2024-08-18T22:33:12.844+0000 7efe91591640 1 -- 172.21.15.121:0/3280665072 <== mon.0 v2:172.21.15.121:3300/0 1 ==== mon_map magic: 0 v1 ==== 229+0+0 (secure 0 0 0) 0x7efe80032440 con 0x7efe8c100c50
2024-08-18T22:33:13.575 INFO:teuthology.orchestra.run.smithi121.stdout:/usr/bin/ceph: stderr
2024-08-18T22:33:12.844+0000 7efe91591640 1 -- 172.21.15.121:0/3280665072 <== mon.0 v2:172.21.15.121:3300/0 2 ==== config(26 keys) v1 ==== 1005+0+0 (secure 0 0 0) 0x7efe80032a00 con 0x7efe8c100c50
2024-08-18T22:33:13.575 INFO:teuthology.orchestra.run.smithi121.stdout:/usr/bin/ceph: stderr
2024-08-18T22:33:12.844+0000 7efe91591640 1 -- 172.21.15.121:0/3280665072 <== mon.0 v2:172.21.15.121:3300/0 3 ==== mon_map magic: 0 v1 ==== 229+0+0 (secure 0 0 0) 0x7efe800319e0 con 0x7efe8c100c50
2024-08-18T22:33:13.575 INFO:teuthology.orchestra.run.smithi121.stdout:/usr/bin/ceph: stderr
2024-08-18T22:33:12.845+0000 7efe947f7640 1 -- 172.21.15.121:0/3280665072 >> [v2:172.21.15.121:3300/0,v1:172.21.15.121:6789/0] conn(0x7efe8c100c50 msgr2=0x7efe8c101060 secure :-1 s=STATE_CONNECTION_ESTABLISHED l=1).mark_down
2024-08-18T22:33:13.575 INFO:teuthology.orchestra.run.smithi121.stdout:/usr/bin/ceph: stderr
2024-08-18T22:33:12.845+0000 7efe947f7640 1 --2- 172.21.15.121:0/3280665072 >> [v2:172.21.15.121:3300/0,v1:172.21.15.121:6789/0] conn(0x7efe8c100c50 0x7efe8c101060 secure :-1 s=READY pgs=37 cs=0 l=1 rev1=1 crypto rx=0x7efe80009840 tx=0x7efe800091d0 comp rx=0 tx=0).stop
2024-08-18T22:33:13.575 INFO:teuthology.orchestra.run.smithi121.stdout:/usr/bin/ceph: stderr
2024-08-18T22:33:12.845+0000 7efe947f7640 1 -- 172.21.15.121:0/3280665072 shutdown_connections
2024-08-18T22:33:13.575 INFO:teuthology.orchestra.run.smithi121.stdout:/usr/bin/ceph: stderr
2024-08-18T22:33:12.845+0000 7efe947f7640 1 --2- 172.21.15.121:0/3280665072 >> [v2:172.21.15.121:3300/0,v1:172.21.15.121:6789/0] conn(0x7efe8c100c50 0x7efe8c101060 unknown :-1 s=CLOSED pgs=37 cs=0 l=1 rev1=1 crypto rx=0 tx=0 comp rx=0 tx=0).stop
2024-08-18T22:33:13.575 INFO:teuthology.orchestra.run.smithi121.stdout:/usr/bin/ceph: stderr
2024-08-18T22:33:12.845+0000 7efe947f7640 1 -- 172.21.15.121:0/3280665072 >> 172.21.15.121:0/3280665072 conn(0x7efe8c0fc490 msgr2=0x7efe8c0fe8a0 unknown :-1 s=STATE_NONE l=0).mark_down
2024-08-18T22:33:13.575 INFO:teuthology.orchestra.run.smithi121.stdout:/usr/bin/ceph: stderr
2024-08-18T22:33:12.845+0000 7efe947f7640 1 -- 172.21.15.121:0/3280665072 shutdown_connections
2024-08-18T22:33:13.575 INFO:teuthology.orchestra.run.smithi121.stdout:/usr/bin/ceph: stderr
2024-08-18T22:33:12.845+0000 7efe947f7640 1 -- 172.21.15.121:0/3280665072 wait complete.
2024-08-18T22:33:13.575 INFO:teuthology.orchestra.run.smithi121.stdout:/usr/bin/ceph: stderr
2024-08-18T22:33:12.845+0000 7efe947f7640 1 Processor -- start
2024-08-18T22:33:13.575 INFO:teuthology.orchestra.run.smithi121.stdout:/usr/bin/ceph: stderr
2024-08-18T22:33:12.846+0000 7efe947f7640 1 -- start start
2024-08-18T22:33:13.575 INFO:teuthology.orchestra.run.smithi121.stdout:/usr/bin/ceph: stderr
2024-08-18T22:33:12.846+0000 7efe947f7640 1 --2- >> [v2:172.21.15.121:3300/0,v1:172.21.15.121:6789/0] conn(0x7efe8c100c50 0x7efe8c076a90 unknown :-1 s=NONE pgs=0 cs=0 l=1 rev1=0 crypto rx=0 tx=0 comp rx=0 tx=0).connect
2024-08-18T22:33:13.576 INFO:teuthology.orchestra.run.smithi121.stdout:/usr/bin/ceph: stderr
2024-08-18T22:33:12.846+0000 7efe947f7640 1 -- --> [v2:172.21.15.121:3300/0,v1:172.21.15.121:6789/0] -- mon_getmap magic: 0 v1 -- 0x7efe8c113830 con 0x7efe8c100c50
2024-08-18T22:33:13.576 INFO:teuthology.orchestra.run.smithi121.stdout:/usr/bin/ceph: stderr
2024-08-18T22:33:12.846+0000 7efe92593640 1 --2- >> [v2:172.21.15.121:3300/0,v1:172.21.15.121:6789/0] conn(0x7efe8c100c50 0x7efe8c076a90 unknown :-1 s=BANNER_CONNECTING pgs=0 cs=0 l=1 rev1=0 crypto rx=0 tx=0 comp rx=0 tx=0)._handle_peer_banner_payload supported=3 required=0
2024-08-18T22:33:13.576 INFO:teuthology.orchestra.run.smithi121.stdout:/usr/bin/ceph: stderr
2024-08-18T22:33:12.846+0000 7efe92593640 1 --2- >> [v2:172.21.15.121:3300/0,v1:172.21.15.121:6789/0] conn(0x7efe8c100c50 0x7efe8c076a90 unknown :-1 s=HELLO_CONNECTING pgs=0 cs=0 l=1 rev1=1 crypto rx=0 tx=0 comp rx=0 tx=0).handle_hello peer v2:172.21.15.121:3300/0 says I am v2:172.21.15.121:39522/0 (socket says 172.21.15.121:39522)
2024-08-18T22:33:13.576 INFO:teuthology.orchestra.run.smithi121.stdout:/usr/bin/ceph: stderr
2024-08-18T22:33:12.846+0000 7efe92593640 1 -- 172.21.15.121:0/448652179 learned_addr learned my addr 172.21.15.121:0/448652179 (peer_addr_for_me v2:172.21.15.121:0/0)
2024-08-18T22:33:13.576 INFO:teuthology.orchestra.run.smithi121.stdout:/usr/bin/ceph: stderr
2024-08-18T22:33:12.846+0000 7efe92593640 1 -- 172.21.15.121:0/448652179 --> [v2:172.21.15.121:3300/0,v1:172.21.15.121:6789/0] -- mon_subscribe({config=0+,monmap=0+}) v3 -- 0x7efe80009450 con 0x7efe8c100c50
2024-08-18T22:33:13.576 INFO:teuthology.orchestra.run.smithi121.stdout:/usr/bin/ceph: stderr
2024-08-18T22:33:12.846+0000 7efe92593640 1 --2- 172.21.15.121:0/448652179 >> [v2:172.21.15.121:3300/0,v1:172.21.15.121:6789/0] conn(0x7efe8c100c50 0x7efe8c076a90 secure :-1 s=READY pgs=38 cs=0 l=1 rev1=1 crypto rx=0x7efe80000c00 tx=0x7efe80008040 comp rx=0 tx=0).ready entity=mon.0 client_cookie=0 server_cookie=0 in_seq=0 out_seq=0
2024-08-18T22:33:13.576 INFO:teuthology.orchestra.run.smithi121.stdout:/usr/bin/ceph: stderr
2024-08-18T22:33:12.846+0000 7efe7effd640 1 -- 172.21.15.121:0/448652179 <== mon.0 v2:172.21.15.121:3300/0 1 ==== mon_map magic: 0 v1 ==== 229+0+0 (secure 0 0 0) 0x7efe8003d450 con 0x7efe8c100c50
2024-08-18T22:33:13.576 INFO:teuthology.orchestra.run.smithi121.stdout:/usr/bin/ceph: stderr
2024-08-18T22:33:12.846+0000 7efe947f7640 1 -- 172.21.15.121:0/448652179 --> [v2:172.21.15.121:3300/0,v1:172.21.15.121:6789/0] -- mon_subscribe({mgrmap=0+}) v3 -- 0x7efe8c113970 con 0x7efe8c100c50
2024-08-18T22:33:13.576 INFO:teuthology.orchestra.run.smithi121.stdout:/usr/bin/ceph: stderr
2024-08-18T22:33:12.846+0000 7efe7effd640 1 -- 172.21.15.121:0/448652179 <== mon.0 v2:172.21.15.121:3300/0 2 ==== config(26 keys) v1 ==== 1005+0+0 (secure 0 0 0) 0x7efe8003da10 con 0x7efe8c100c50
2024-08-18T22:33:13.576 INFO:teuthology.orchestra.run.smithi121.stdout:/usr/bin/ceph: stderr
2024-08-18T22:33:12.846+0000 7efe7effd640 1 -- 172.21.15.121:0/448652179 <== mon.0 v2:172.21.15.121:3300/0 3 ==== mon_map magic: 0 v1 ==== 229+0+0 (secure 0 0 0) 0x7efe8003b8e0 con 0x7efe8c100c50
2024-08-18T22:33:13.576 INFO:teuthology.orchestra.run.smithi121.stdout:/usr/bin/ceph: stderr
2024-08-18T22:33:12.846+0000 7efe947f7640 1 -- 172.21.15.121:0/448652179 --> [v2:172.21.15.121:3300/0,v1:172.21.15.121:6789/0] -- mon_subscribe({osdmap=0}) v3 -- 0x7efe8c113d80 con 0x7efe8c100c50
2024-08-18T22:33:13.576 INFO:teuthology.orchestra.run.smithi121.stdout:/usr/bin/ceph: stderr
2024-08-18T22:33:12.847+0000 7efe7effd640 1 -- 172.21.15.121:0/448652179 <== mon.0 v2:172.21.15.121:3300/0 4 ==== mgrmap(e 8) v1 ==== 42636+0+0 (secure 0 0 0) 0x7efe80039070 con 0x7efe8c100c50
2024-08-18T22:33:13.577 INFO:teuthology.orchestra.run.smithi121.stdout:/usr/bin/ceph: stderr
2024-08-18T22:33:12.847+0000 7efe7effd640 1 --2- 172.21.15.121:0/448652179 >> [v2:172.21.15.121:6800/833901271,v1:172.21.15.121:6801/833901271] conn(0x7efe780356c0 0x7efe78037b70 unknown :-1 s=NONE pgs=0 cs=0 l=1 rev1=0 crypto rx=0 tx=0 comp rx=0 tx=0).connect
2024-08-18T22:33:13.577 INFO:teuthology.orchestra.run.smithi121.stdout:/usr/bin/ceph: stderr
2024-08-18T22:33:12.847+0000 7efe947f7640 1 -- 172.21.15.121:0/448652179 --> [v2:172.21.15.121:3300/0,v1:172.21.15.121:6789/0] -- mon_command({"prefix": "get_command_descriptions"} v 0) v1 -- 0x7efe8c04b4c0 con 0x7efe8c100c50
2024-08-18T22:33:13.577 INFO:teuthology.orchestra.run.smithi121.stdout:/usr/bin/ceph: stderr
2024-08-18T22:33:12.848+0000 7efe7effd640 1 -- 172.21.15.121:0/448652179 <== mon.0 v2:172.21.15.121:3300/0 5 ==== osd_map(2..2 src has 1..2) v4 ==== 936+0+0 (secure 0 0 0) 0x7efe800688c0 con 0x7efe8c100c50
2024-08-18T22:33:13.577 INFO:teuthology.orchestra.run.smithi121.stdout:/usr/bin/ceph: stderr
2024-08-18T22:33:12.848+0000 7efe91d92640 1 --2- 172.21.15.121:0/448652179 >> [v2:172.21.15.121:6800/833901271,v1:172.21.15.121:6801/833901271] conn(0x7efe780356c0 0x7efe78037b70 unknown :-1 s=BANNER_CONNECTING pgs=0 cs=0 l=1 rev1=0 crypto rx=0 tx=0 comp rx=0 tx=0)._handle_peer_banner_payload supported=3 required=0
2024-08-18T22:33:13.577 INFO:teuthology.orchestra.run.smithi121.stdout:/usr/bin/ceph: stderr
2024-08-18T22:33:12.848+0000 7efe91d92640 1 --2- 172.21.15.121:0/448652179 >> [v2:172.21.15.121:6800/833901271,v1:172.21.15.121:6801/833901271] conn(0x7efe780356c0 0x7efe78037b70 secure :-1 s=READY pgs=8 cs=0 l=1 rev1=1 crypto rx=0x7efe88006fd0 tx=0x7efe88006db0 comp rx=0 tx=0).ready entity=mgr.14118 client_cookie=0 server_cookie=0 in_seq=0 out_seq=0
2024-08-18T22:33:13.577 INFO:teuthology.orchestra.run.smithi121.stdout:/usr/bin/ceph: stderr
2024-08-18T22:33:12.852+0000 7efe7effd640 1 -- 172.21.15.121:0/448652179 <== mon.0 v2:172.21.15.121:3300/0 6 ==== mon_command_ack([{"prefix": "get_command_descriptions"}]=0 v0) v1 ==== 72+0+176781 (secure 0 0 0) 0x7efe8003d5b0 con 0x7efe8c100c50
2024-08-18T22:33:13.577 INFO:teuthology.orchestra.run.smithi121.stdout:/usr/bin/ceph: stderr
2024-08-18T22:33:13.012+0000 7efe947f7640 1 -- 172.21.15.121:0/448652179 --> [v2:172.21.15.121:6800/833901271,v1:172.21.15.121:6801/833901271] -- mgr_command(tid 0: {"prefix": "cephadm set-user", "user": "root", "target": ["mon-mgr", ""]}) v1 -- 0x7efe8c114080 con 0x7efe780356c0
2024-08-18T22:33:13.577 INFO:teuthology.orchestra.run.smithi121.stdout:/usr/bin/ceph: stderr
2024-08-18T22:33:13.013+0000 7efe7effd640 1 -- 172.21.15.121:0/448652179 <== mgr.14118 v2:172.21.15.121:6800/833901271 1 ==== mgr_command_reply(tid 0: 0 ) v1 ==== 8+0+16 (secure 0 0 0) 0x7efe8c114080 con 0x7efe780356c0
2024-08-18T22:33:13.577 INFO:teuthology.orchestra.run.smithi121.stdout:/usr/bin/ceph: stderr
2024-08-18T22:33:13.015+0000 7efe947f7640 1 -- 172.21.15.121:0/448652179 >> [v2:172.21.15.121:6800/833901271,v1:172.21.15.121:6801/833901271] conn(0x7efe780356c0 msgr2=0x7efe78037b70 secure :-1 s=STATE_CONNECTION_ESTABLISHED l=1).mark_down
2024-08-18T22:33:13.577 INFO:teuthology.orchestra.run.smithi121.stdout:/usr/bin/ceph: stderr
2024-08-18T22:33:13.015+0000 7efe947f7640 1 --2- 172.21.15.121:0/448652179 >> [v2:172.21.15.121:6800/833901271,v1:172.21.15.121:6801/833901271] conn(0x7efe780356c0 0x7efe78037b70 secure :-1 s=READY pgs=8 cs=0 l=1 rev1=1 crypto rx=0x7efe88006fd0 tx=0x7efe88006db0 comp rx=0 tx=0).stop
2024-08-18T22:33:13.577 INFO:teuthology.orchestra.run.smithi121.stdout:/usr/bin/ceph: stderr
2024-08-18T22:33:13.015+0000 7efe947f7640 1 -- 172.21.15.121:0/448652179 >> [v2:172.21.15.121:3300/0,v1:172.21.15.121:6789/0] conn(0x7efe8c100c50 msgr2=0x7efe8c076a90 secure :-1 s=STATE_CONNECTION_ESTABLISHED l=1).mark_down
2024-08-18T22:33:13.577 INFO:teuthology.orchestra.run.smithi121.stdout:/usr/bin/ceph: stderr
