2024-08-18T22:33:33.083 INFO:journalctl@ceph.mon.smithi121.smithi121.stdout:Aug 18 22:33:32 smithi121 ceph-mon[16788]: from='client.? 172.21.15.121:0/261710849' entity='client.admin'
2024-08-18T22:33:33.084 INFO:journalctl@ceph.mon.smithi121.smithi121.stdout:Aug 18 22:33:32 smithi121 ceph-mon[16788]: pgmap v4: 0 pgs: ; 0 B data, 0 B used, 0 B / 0 B avail
2024-08-18T22:33:33.834 INFO:journalctl@ceph.mon.smithi121.smithi121.stdout:Aug 18 22:33:33 smithi121 ceph-mon[16788]: from='client.? 172.21.15.121:0/2279311624' entity='client.admin' cmd=[{"prefix": "mgr module enable", "module": "dashboard"}]: dispatch
2024-08-18T22:33:34.242 INFO:teuthology.orchestra.run.smithi121.stdout:/usr/bin/ceph: stderr
2024-08-18T22:33:32.623+0000 7f3217bf7640 1 Processor -- start
2024-08-18T22:33:34.242 INFO:teuthology.orchestra.run.smithi121.stdout:/usr/bin/ceph: stderr
2024-08-18T22:33:32.623+0000 7f3217bf7640 1 -- start start
2024-08-18T22:33:34.242 INFO:teuthology.orchestra.run.smithi121.stdout:/usr/bin/ceph: stderr
2024-08-18T22:33:32.623+0000 7f3217bf7640 1 --2- >> [v2:172.21.15.121:3300/0,v1:172.21.15.121:6789/0] conn(0x7f3210100bb0 0x7f3210100fc0 unknown :-1 s=NONE pgs=0 cs=0 l=0 rev1=0 crypto rx=0 tx=0 comp rx=0 tx=0).connect
2024-08-18T22:33:34.242 INFO:teuthology.orchestra.run.smithi121.stdout:/usr/bin/ceph: stderr
2024-08-18T22:33:32.623+0000 7f3217bf7640 1 -- --> [v2:172.21.15.121:3300/0,v1:172.21.15.121:6789/0] -- mon_getmap magic: 0 v1 -- 0x7f3210101500 con 0x7f3210100bb0
2024-08-18T22:33:34.242 INFO:teuthology.orchestra.run.smithi121.stdout:/usr/bin/ceph: stderr
2024-08-18T22:33:32.624+0000 7f3215993640 1 --2- >> [v2:172.21.15.121:3300/0,v1:172.21.15.121:6789/0] conn(0x7f3210100bb0 0x7f3210100fc0 unknown :-1 s=BANNER_CONNECTING pgs=0 cs=0 l=0 rev1=0 crypto rx=0 tx=0 comp rx=0 tx=0)._handle_peer_banner_payload supported=3 required=0
2024-08-18T22:33:34.242 INFO:teuthology.orchestra.run.smithi121.stdout:/usr/bin/ceph: stderr
2024-08-18T22:33:32.624+0000 7f3215993640 1 --2- >> [v2:172.21.15.121:3300/0,v1:172.21.15.121:6789/0] conn(0x7f3210100bb0 0x7f3210100fc0 unknown :-1 s=HELLO_CONNECTING pgs=0 cs=0 l=0 rev1=1 crypto rx=0 tx=0 comp rx=0 tx=0).handle_hello peer v2:172.21.15.121:3300/0 says I am v2:172.21.15.121:47210/0 (socket says 172.21.15.121:47210)
2024-08-18T22:33:34.242 INFO:teuthology.orchestra.run.smithi121.stdout:/usr/bin/ceph: stderr
2024-08-18T22:33:32.624+0000 7f3215993640 1 -- 172.21.15.121:0/1900824780 learned_addr learned my addr 172.21.15.121:0/1900824780 (peer_addr_for_me v2:172.21.15.121:0/0)
2024-08-18T22:33:34.242 INFO:teuthology.orchestra.run.smithi121.stdout:/usr/bin/ceph: stderr
2024-08-18T22:33:32.624+0000 7f3215993640 1 -- 172.21.15.121:0/1900824780 --> [v2:172.21.15.121:3300/0,v1:172.21.15.121:6789/0] -- mon_subscribe({config=0+,monmap=0+}) v3 -- 0x7f3210101640 con 0x7f3210100bb0
2024-08-18T22:33:34.242 INFO:teuthology.orchestra.run.smithi121.stdout:/usr/bin/ceph: stderr
2024-08-18T22:33:32.625+0000 7f3215993640 1 --2- 172.21.15.121:0/1900824780 >> [v2:172.21.15.121:3300/0,v1:172.21.15.121:6789/0] conn(0x7f3210100bb0 0x7f3210100fc0 secure :-1 s=READY pgs=63 cs=0 l=1 rev1=1 crypto rx=0x7f320c009840 tx=0x7f320c0091d0 comp rx=0 tx=0).ready entity=mon.0 client_cookie=f7208b3b16ab3fae server_cookie=0 in_seq=0 out_seq=0
2024-08-18T22:33:34.243 INFO:teuthology.orchestra.run.smithi121.stdout:/usr/bin/ceph: stderr
2024-08-18T22:33:32.625+0000 7f3214991640 1 -- 172.21.15.121:0/1900824780 <== mon.0 v2:172.21.15.121:3300/0 1 ==== mon_map magic: 0 v1 ==== 229+0+0 (secure 0 0 0) 0x7f320c032440 con 0x7f3210100bb0
2024-08-18T22:33:34.243 INFO:teuthology.orchestra.run.smithi121.stdout:/usr/bin/ceph: stderr
2024-08-18T22:33:32.625+0000 7f3214991640 1 -- 172.21.15.121:0/1900824780 <== mon.0 v2:172.21.15.121:3300/0 2 ==== config(26 keys) v1 ==== 1070+0+0 (secure 0 0 0) 0x7f320c032a40 con 0x7f3210100bb0
2024-08-18T22:33:34.243 INFO:teuthology.orchestra.run.smithi121.stdout:/usr/bin/ceph: stderr
2024-08-18T22:33:32.625+0000 7f3214991640 1 -- 172.21.15.121:0/1900824780 <== mon.0 v2:172.21.15.121:3300/0 3 ==== mon_map magic: 0 v1 ==== 229+0+0 (secure 0 0 0) 0x7f320c031a70 con 0x7f3210100bb0
2024-08-18T22:33:34.243 INFO:teuthology.orchestra.run.smithi121.stdout:/usr/bin/ceph: stderr
2024-08-18T22:33:32.625+0000 7f3217bf7640 1 -- 172.21.15.121:0/1900824780 >> [v2:172.21.15.121:3300/0,v1:172.21.15.121:6789/0] conn(0x7f3210100bb0 msgr2=0x7f3210100fc0 secure :-1 s=STATE_CONNECTION_ESTABLISHED l=1).mark_down
2024-08-18T22:33:34.243 INFO:teuthology.orchestra.run.smithi121.stdout:/usr/bin/ceph: stderr
2024-08-18T22:33:32.625+0000 7f3217bf7640 1 --2- 172.21.15.121:0/1900824780 >> [v2:172.21.15.121:3300/0,v1:172.21.15.121:6789/0] conn(0x7f3210100bb0 0x7f3210100fc0 secure :-1 s=READY pgs=63 cs=0 l=1 rev1=1 crypto rx=0x7f320c009840 tx=0x7f320c0091d0 comp rx=0 tx=0).stop
2024-08-18T22:33:34.243 INFO:teuthology.orchestra.run.smithi121.stdout:/usr/bin/ceph: stderr
2024-08-18T22:33:32.625+0000 7f3217bf7640 1 -- 172.21.15.121:0/1900824780 shutdown_connections
2024-08-18T22:33:34.243 INFO:teuthology.orchestra.run.smithi121.stdout:/usr/bin/ceph: stderr
2024-08-18T22:33:32.625+0000 7f3217bf7640 1 --2- 172.21.15.121:0/1900824780 >> [v2:172.21.15.121:3300/0,v1:172.21.15.121:6789/0] conn(0x7f3210100bb0 0x7f3210100fc0 unknown :-1 s=CLOSED pgs=63 cs=0 l=1 rev1=1 crypto rx=0 tx=0 comp rx=0 tx=0).stop
2024-08-18T22:33:34.243 INFO:teuthology.orchestra.run.smithi121.stdout:/usr/bin/ceph: stderr
2024-08-18T22:33:32.625+0000 7f3217bf7640 1 -- 172.21.15.121:0/1900824780 >> 172.21.15.121:0/1900824780 conn(0x7f32100fc350 msgr2=0x7f32100fe7a0 unknown :-1 s=STATE_NONE l=0).mark_down
2024-08-18T22:33:34.243 INFO:teuthology.orchestra.run.smithi121.stdout:/usr/bin/ceph: stderr
2024-08-18T22:33:32.625+0000 7f3217bf7640 1 -- 172.21.15.121:0/1900824780 shutdown_connections
2024-08-18T22:33:34.243 INFO:teuthology.orchestra.run.smithi121.stdout:/usr/bin/ceph: stderr
2024-08-18T22:33:32.625+0000 7f3217bf7640 1 -- 172.21.15.121:0/1900824780 wait complete.
2024-08-18T22:33:34.243 INFO:teuthology.orchestra.run.smithi121.stdout:/usr/bin/ceph: stderr
2024-08-18T22:33:32.626+0000 7f3217bf7640 1 Processor -- start
2024-08-18T22:33:34.243 INFO:teuthology.orchestra.run.smithi121.stdout:/usr/bin/ceph: stderr
2024-08-18T22:33:32.626+0000 7f3217bf7640 1 -- start start
2024-08-18T22:33:34.243 INFO:teuthology.orchestra.run.smithi121.stdout:/usr/bin/ceph: stderr
2024-08-18T22:33:32.626+0000 7f3217bf7640 1 --2- >> [v2:172.21.15.121:3300/0,v1:172.21.15.121:6789/0] conn(0x7f3210100bb0 0x7f3210070770 unknown :-1 s=NONE pgs=0 cs=0 l=1 rev1=0 crypto rx=0 tx=0 comp rx=0 tx=0).connect
2024-08-18T22:33:34.243 INFO:teuthology.orchestra.run.smithi121.stdout:/usr/bin/ceph: stderr
2024-08-18T22:33:32.626+0000 7f3217bf7640 1 -- --> [v2:172.21.15.121:3300/0,v1:172.21.15.121:6789/0] -- mon_getmap magic: 0 v1 -- 0x7f32101138b0 con 0x7f3210100bb0
2024-08-18T22:33:34.244 INFO:teuthology.orchestra.run.smithi121.stdout:/usr/bin/ceph: stderr
2024-08-18T22:33:32.626+0000 7f3215993640 1 --2- >> [v2:172.21.15.121:3300/0,v1:172.21.15.121:6789/0] conn(0x7f3210100bb0 0x7f3210070770 unknown :-1 s=BANNER_CONNECTING pgs=0 cs=0 l=1 rev1=0 crypto rx=0 tx=0 comp rx=0 tx=0)._handle_peer_banner_payload supported=3 required=0
2024-08-18T22:33:34.244 INFO:teuthology.orchestra.run.smithi121.stdout:/usr/bin/ceph: stderr
2024-08-18T22:33:32.626+0000 7f3215993640 1 --2- >> [v2:172.21.15.121:3300/0,v1:172.21.15.121:6789/0] conn(0x7f3210100bb0 0x7f3210070770 unknown :-1 s=HELLO_CONNECTING pgs=0 cs=0 l=1 rev1=1 crypto rx=0 tx=0 comp rx=0 tx=0).handle_hello peer v2:172.21.15.121:3300/0 says I am v2:172.21.15.121:47220/0 (socket says 172.21.15.121:47220)
2024-08-18T22:33:34.244 INFO:teuthology.orchestra.run.smithi121.stdout:/usr/bin/ceph: stderr
2024-08-18T22:33:32.626+0000 7f3215993640 1 -- 172.21.15.121:0/2279311624 learned_addr learned my addr 172.21.15.121:0/2279311624 (peer_addr_for_me v2:172.21.15.121:0/0)
2024-08-18T22:33:34.244 INFO:teuthology.orchestra.run.smithi121.stdout:/usr/bin/ceph: stderr
2024-08-18T22:33:32.626+0000 7f3215993640 1 -- 172.21.15.121:0/2279311624 --> [v2:172.21.15.121:3300/0,v1:172.21.15.121:6789/0] -- mon_subscribe({config=0+,monmap=0+}) v3 -- 0x7f320c009450 con 0x7f3210100bb0
2024-08-18T22:33:34.244 INFO:teuthology.orchestra.run.smithi121.stdout:/usr/bin/ceph: stderr
2024-08-18T22:33:32.626+0000 7f3215993640 1 --2- 172.21.15.121:0/2279311624 >> [v2:172.21.15.121:3300/0,v1:172.21.15.121:6789/0] conn(0x7f3210100bb0 0x7f3210070770 secure :-1 s=READY pgs=64 cs=0 l=1 rev1=1 crypto rx=0x7f320c009810 tx=0x7f320c0091d0 comp rx=0 tx=0).ready entity=mon.0 client_cookie=0 server_cookie=0 in_seq=0 out_seq=0
2024-08-18T22:33:34.244 INFO:teuthology.orchestra.run.smithi121.stdout:/usr/bin/ceph: stderr
2024-08-18T22:33:32.627+0000 7f32067fc640 1 -- 172.21.15.121:0/2279311624 <== mon.0 v2:172.21.15.121:3300/0 1 ==== mon_map magic: 0 v1 ==== 229+0+0 (secure 0 0 0) 0x7f320c03c400 con 0x7f3210100bb0
2024-08-18T22:33:34.244 INFO:teuthology.orchestra.run.smithi121.stdout:/usr/bin/ceph: stderr
2024-08-18T22:33:32.627+0000 7f32067fc640 1 -- 172.21.15.121:0/2279311624 <== mon.0 v2:172.21.15.121:3300/0 2 ==== config(26 keys) v1 ==== 1070+0+0 (secure 0 0 0) 0x7f320c03ca00 con 0x7f3210100bb0
2024-08-18T22:33:34.244 INFO:teuthology.orchestra.run.smithi121.stdout:/usr/bin/ceph: stderr
2024-08-18T22:33:32.627+0000 7f32067fc640 1 -- 172.21.15.121:0/2279311624 <== mon.0 v2:172.21.15.121:3300/0 3 ==== mon_map magic: 0 v1 ==== 229+0+0 (secure 0 0 0) 0x7f320c03a870 con 0x7f3210100bb0
2024-08-18T22:33:34.244 INFO:teuthology.orchestra.run.smithi121.stdout:/usr/bin/ceph: stderr
2024-08-18T22:33:32.627+0000 7f3217bf7640 1 -- 172.21.15.121:0/2279311624 --> [v2:172.21.15.121:3300/0,v1:172.21.15.121:6789/0] -- mon_subscribe({mgrmap=0+}) v3 -- 0x7f32101139f0 con 0x7f3210100bb0
2024-08-18T22:33:34.245 INFO:teuthology.orchestra.run.smithi121.stdout:/usr/bin/ceph: stderr
2024-08-18T22:33:32.627+0000 7f3217bf7640 1 -- 172.21.15.121:0/2279311624 --> [v2:172.21.15.121:3300/0,v1:172.21.15.121:6789/0] -- mon_subscribe({osdmap=0}) v3 -- 0x7f3210113e00 con 0x7f3210100bb0
2024-08-18T22:33:34.245 INFO:teuthology.orchestra.run.smithi121.stdout:/usr/bin/ceph: stderr
2024-08-18T22:33:32.627+0000 7f32067fc640 1 -- 172.21.15.121:0/2279311624 <== mon.0 v2:172.21.15.121:3300/0 4 ==== mgrmap(e 8) v1 ==== 42636+0+0 (secure 0 0 0) 0x7f320c03c560 con 0x7f3210100bb0
2024-08-18T22:33:34.245 INFO:teuthology.orchestra.run.smithi121.stdout:/usr/bin/ceph: stderr
2024-08-18T22:33:32.628+0000 7f3217bf7640 1 -- 172.21.15.121:0/2279311624 --> [v2:172.21.15.121:3300/0,v1:172.21.15.121:6789/0] -- mon_command({"prefix": "get_command_descriptions"} v 0) v1 -- 0x7f321004b4c0 con 0x7f3210100bb0
2024-08-18T22:33:34.245 INFO:teuthology.orchestra.run.smithi121.stdout:/usr/bin/ceph: stderr
2024-08-18T22:33:32.628+0000 7f32067fc640 1 --2- 172.21.15.121:0/2279311624 >> [v2:172.21.15.121:6800/833901271,v1:172.21.15.121:6801/833901271] conn(0x7f31fc0356c0 0x7f31fc037b70 unknown :-1 s=NONE pgs=0 cs=0 l=1 rev1=0 crypto rx=0 tx=0 comp rx=0 tx=0).connect
2024-08-18T22:33:34.245 INFO:teuthology.orchestra.run.smithi121.stdout:/usr/bin/ceph: stderr
2024-08-18T22:33:32.628+0000 7f32067fc640 1 -- 172.21.15.121:0/2279311624 <== mon.0 v2:172.21.15.121:3300/0 5 ==== osd_map(2..2 src has 1..2) v4 ==== 936+0+0 (secure 0 0 0) 0x7f320c068340 con 0x7f3210100bb0
2024-08-18T22:33:34.245 INFO:teuthology.orchestra.run.smithi121.stdout:/usr/bin/ceph: stderr
2024-08-18T22:33:32.628+0000 7f3215192640 1 --2- 172.21.15.121:0/2279311624 >> [v2:172.21.15.121:6800/833901271,v1:172.21.15.121:6801/833901271] conn(0x7f31fc0356c0 0x7f31fc037b70 unknown :-1 s=BANNER_CONNECTING pgs=0 cs=0 l=1 rev1=0 crypto rx=0 tx=0 comp rx=0 tx=0)._handle_peer_banner_payload supported=3 required=0
2024-08-18T22:33:34.245 INFO:teuthology.orchestra.run.smithi121.stdout:/usr/bin/ceph: stderr
2024-08-18T22:33:32.628+0000 7f3215192640 1 --2- 172.21.15.121:0/2279311624 >> [v2:172.21.15.121:6800/833901271,v1:172.21.15.121:6801/833901271] conn(0x7f31fc0356c0 0x7f31fc037b70 secure :-1 s=READY pgs=21 cs=0 l=1 rev1=1 crypto rx=0x7f3200006fd0 tx=0x7f3200006db0 comp rx=0 tx=0).ready entity=mgr.14118 client_cookie=0 server_cookie=0 in_seq=0 out_seq=0
2024-08-18T22:33:34.245 INFO:teuthology.orchestra.run.smithi121.stdout:/usr/bin/ceph: stderr
2024-08-18T22:33:32.632+0000 7f32067fc640 1 -- 172.21.15.121:0/2279311624 <== mon.0 v2:172.21.15.121:3300/0 6 ==== mon_command_ack([{"prefix": "get_command_descriptions"}]=0 v0) v1 ==== 72+0+176781 (secure 0 0 0) 0x7f320c03ab30 con 0x7f3210100bb0
2024-08-18T22:33:34.245 INFO:teuthology.orchestra.run.smithi121.stdout:/usr/bin/ceph: stderr
2024-08-18T22:33:32.832+0000 7f3217bf7640 1 -- 172.21.15.121:0/2279311624 --> [v2:172.21.15.121:3300/0,v1:172.21.15.121:6789/0] -- mon_command({"prefix": "mgr module enable", "module": "dashboard"} v 0) v1 -- 0x7f3210114040 con 0x7f3210100bb0
2024-08-18T22:33:34.245 INFO:teuthology.orchestra.run.smithi121.stdout:/usr/bin/ceph: stderr
2024-08-18T22:33:33.661+0000 7f32067fc640 1 -- 172.21.15.121:0/2279311624 <== mon.0 v2:172.21.15.121:3300/0 7 ==== mgrmap(e 9) v1 ==== 42649+0+0 (secure 0 0 0) 0x7f320c04c250 con 0x7f3210100bb0
2024-08-18T22:33:34.245 INFO:teuthology.orchestra.run.smithi121.stdout:/usr/bin/ceph: stderr
2024-08-18T22:33:33.662+0000 7f32067fc640 1 -- 172.21.15.121:0/2279311624 <== mon.0 v2:172.21.15.121:3300/0 8 ==== mon_command_ack([{"prefix": "mgr module enable", "module": "dashboard"}]=0 v9) v1 ==== 88+0+0 (secure 0 0 0) 0x7f320c03cb70 con 0x7f3210100bb0
2024-08-18T22:33:34.245 INFO:teuthology.orchestra.run.smithi121.stdout:/usr/bin/ceph: stderr
2024-08-18T22:33:33.665+0000 7f3217bf7640 1 -- 172.21.15.121:0/2279311624 >> [v2:172.21.15.121:6800/833901271,v1:172.21.15.121:6801/833901271] conn(0x7f31fc0356c0 msgr2=0x7f31fc037b70 secure :-1 s=STATE_CONNECTION_ESTABLISHED l=1).mark_down
2024-08-18T22:33:34.245 INFO:teuthology.orchestra.run.smithi121.stdout:/usr/bin/ceph: stderr
2024-08-18T22:33:33.665+0000 7f3217bf7640 1 --2- 172.21.15.121:0/2279311624 >> [v2:172.21.15.121:6800/833901271,v1:172.21.15.121:6801/833901271] conn(0x7f31fc0356c0 0x7f31fc037b70 secure :-1 s=READY pgs=21 cs=0 l=1 rev1=1 crypto rx=0x7f3200006fd0 tx=0x7f3200006db0 comp rx=0 tx=0).stop
2024-08-18T22:33:34.246 INFO:teuthology.orchestra.run.smithi121.stdout:/usr/bin/ceph: stderr
2024-08-18T22:33:33.665+0000 7f3217bf7640 1 -- 172.21.15.121:0/2279311624 >> [v2:172.21.15.121:3300/0,v1:172.21.15.121:6789/0] conn(0x7f3210100bb0 msgr2=0x7f3210070770 secure :-1 s=STATE_CONNECTION_ESTABLISHED l=1).mark_down
2024-08-18T22:33:34.246 INFO:teuthology.orchestra.run.smithi121.stdout:/usr/bin/ceph: stderr
2024-08-18T22:33:33.665+0000 7f3217bf7640 1 --2- 172.21.15.121:0/2279311624 >> [v2:172.21.15.121:3300/0,v1:172.21.15.121:6789/0] conn(0x7f3210100bb0 0x7f3210070770 secure :-1 s=READY pgs=64 cs=0 l=1 rev1=1 crypto rx=0x7f320c009810 tx=0x7f320c0091d0 comp rx=0 tx=0).stop
2024-08-18T22:33:34.246 INFO:teuthology.orchestra.run.smithi121.stdout:/usr/bin/ceph: stderr
2024-08-18T22:33:33.665+0000 7f3217bf7640 1 -- 172.21.15.121:0/2279311624 shutdown_connections
2024-08-18T22:33:34.246 INFO:teuthology.orchestra.run.smithi121.stdout:/usr/bin/ceph: stderr
2024-08-18T22:33:33.665+0000 7f3217bf7640 1 --2- 172.21.15.121:0/2279311624 >> [v2:172.21.15.121:6800/833901271,v1:172.21.15.121:6801/833901271] conn(0x7f31fc0356c0 0x7f31fc037b70 unknown :-1 s=CLOSED pgs=21 cs=0 l=1 rev1=1 crypto rx=0 tx=0 comp rx=0 tx=0).stop
2024-08-18T22:33:34.246 INFO:teuthology.orchestra.run.smithi121.stdout:/usr/bin/ceph: stderr
2024-08-18T22:33:33.665+0000 7f3217bf7640 1 --2- 172.21.15.121:0/2279311624 >> [v2:172.21.15.121:3300/0,v1:172.21.15.121:6789/0] conn(0x7f3210100bb0 0x7f3210070770 unknown :-1 s=CLOSED pgs=64 cs=0 l=1 rev1=1 crypto rx=0 tx=0 comp rx=0 tx=0).stop
2024-08-18T22:33:34.246 INFO:teuthology.orchestra.run.smithi121.stdout:/usr/bin/ceph: stderr
2024-08-18T22:33:33.665+0000 7f3217bf7640 1 -- 172.21.15.121:0/2279311624 >> 172.21.15.121:0/2279311624 conn(0x7f32100fc350 msgr2=0x7f32100fd010 unknown :-1 s=STATE_NONE l=0).mark_down
2024-08-18T22:33:34.246 INFO:teuthology.orchestra.run.smithi121.stdout:/usr/bin/ceph: stderr
2024-08-18T22:33:33.665+0000 7f3217bf7640 1 -- 172.21.15.121:0/2279311624 shutdown_connections
2024-08-18T22:33:34.246 INFO:teuthology.orchestra.run.smithi121.stdout:/usr/bin/ceph: stderr
2024-08-18T22:33:33.665+0000 7f3217bf7640 1 -- 172.21.15.121:0/2279311624 wait complete.
2024-08-18T22:33:34.833 INFO:journalctl@ceph.mon.smithi121.smithi121.stdout:Aug 18 22:33:34 smithi121 ceph-mon[16788]: from='client.? 172.21.15.121:0/2279311624' entity='client.admin' cmd='[{"prefix": "mgr module enable", "module": "dashboard"}]': finished
2024-08-18T22:33:34.833 INFO:journalctl@ceph.mon.smithi121.smithi121.stdout:Aug 18 22:33:34 smithi121 ceph-mon[16788]: mgrmap e9: smithi121.lopxqc(active, since 23s)
2024-08-18T22:33:35.516 INFO:teuthology.orchestra.run.smithi121.stdout:/usr/bin/ceph: stdout {
2024-08-18T22:33:35.516 INFO:teuthology.orchestra.run.smithi121.stdout:/usr/bin/ceph: stdout "epoch": 9,
2024-08-18T22:33:35.516 INFO:teuthology.orchestra.run.smithi121.stdout:/usr/bin/ceph: stdout "available": true,
2024-08-18T22:33:35.516 INFO:teuthology.orchestra.run.smithi121.stdout:/usr/bin/ceph: stdout "active_name": "smithi121.lopxqc",
2024-08-18T22:33:35.516 INFO:teuthology.orchestra.run.smithi121.stdout:/usr/bin/ceph: stdout "num_standby": 0
2024-08-18T22:33:35.516 INFO:teuthology.orchestra.run.smithi121.stdout:/usr/bin/ceph: stdout }
2024-08-18T22:33:35.517 INFO:teuthology.orchestra.run.smithi121.stdout:/usr/bin/ceph: stderr
2024-08-18T22:33:34.704+0000 7f16fa946640 1 Processor -- start
2024-08-18T22:33:35.517 INFO:teuthology.orchestra.run.smithi121.stdout:/usr/bin/ceph: stderr
2024-08-18T22:33:34.704+0000 7f16fa946640 1 -- start start
2024-08-18T22:33:35.517 INFO:teuthology.orchestra.run.smithi121.stdout:/usr/bin/ceph: stderr
2024-08-18T22:33:34.704+0000 7f16fa946640 1 --2- >> [v2:172.21.15.121:3300/0,v1:172.21.15.121:6789/0] conn(0x7f16f4076bd0 0x7f16f4106cf0 unknown :-1 s=NONE pgs=0 cs=0 l=0 rev1=0 crypto rx=0 tx=0 comp rx=0 tx=0).connect
2024-08-18T22:33:35.517 INFO:teuthology.orchestra.run.smithi121.stdout:/usr/bin/ceph: stderr
2024-08-18T22:33:34.704+0000 7f16fa946640 1 -- --> [v2:172.21.15.121:3300/0,v1:172.21.15.121:6789/0] -- mon_getmap magic: 0 v1 -- 0x7f16f41026e0 con 0x7f16f4076bd0
2024-08-18T22:33:35.517 INFO:teuthology.orchestra.run.smithi121.stdout:/usr/bin/ceph: stderr
2024-08-18T22:33:34.704+0000 7f16f3fff640 1 --2- >> [v2:172.21.15.121:3300/0,v1:172.21.15.121:6789/0] conn(0x7f16f4076bd0 0x7f16f4106cf0 unknown :-1 s=BANNER_CONNECTING pgs=0 cs=0 l=0 rev1=0 crypto rx=0 tx=0 comp rx=0 tx=0)._handle_peer_banner_payload supported=3 required=0
2024-08-18T22:33:35.517 INFO:teuthology.orchestra.run.smithi121.stdout:/usr/bin/ceph: stderr
2024-08-18T22:33:34.704+0000 7f16f3fff640 1 --2- >> [v2:172.21.15.121:3300/0,v1:172.21.15.121:6789/0] conn(0x7f16f4076bd0 0x7f16f4106cf0 unknown :-1 s=HELLO_CONNECTING pgs=0 cs=0 l=0 rev1=1 crypto rx=0 tx=0 comp rx=0 tx=0).handle_hello peer v2:172.21.15.121:3300/0 says I am v2:172.21.15.121:47246/0 (socket says 172.21.15.121:47246)
2024-08-18T22:33:35.517 INFO:teuthology.orchestra.run.smithi121.stdout:/usr/bin/ceph: stderr
2024-08-18T22:33:34.704+0000 7f16f3fff640 1 -- 172.21.15.121:0/3570558695 learned_addr learned my addr 172.21.15.121:0/3570558695 (peer_addr_for_me v2:172.21.15.121:0/0)
2024-08-18T22:33:35.517 INFO:teuthology.orchestra.run.smithi121.stdout:/usr/bin/ceph: stderr
2024-08-18T22:33:34.704+0000 7f16f3fff640 1 -- 172.21.15.121:0/3570558695 --> [v2:172.21.15.121:3300/0,v1:172.21.15.121:6789/0] -- mon_subscribe({config=0+,monmap=0+}) v3 -- 0x7f16f4107230 con 0x7f16f4076bd0
2024-08-18T22:33:35.517 INFO:teuthology.orchestra.run.smithi121.stdout:/usr/bin/ceph: stderr
2024-08-18T22:33:34.705+0000 7f16f3fff640 1 --2- 172.21.15.121:0/3570558695 >> [v2:172.21.15.121:3300/0,v1:172.21.15.121:6789/0] conn(0x7f16f4076bd0 0x7f16f4106cf0 secure :-1 s=READY pgs=67 cs=0 l=1 rev1=1 crypto rx=0x7f16e4009840 tx=0x7f16e40091d0 comp rx=0 tx=0).ready entity=mon.0 client_cookie=51e56d7a9358af83 server_cookie=0 in_seq=0 out_seq=0
2024-08-18T22:33:35.517 INFO:teuthology.orchestra.run.smithi121.stdout:/usr/bin/ceph: stderr
2024-08-18T22:33:34.706+0000 7f16f37fe640 1 -- 172.21.15.121:0/3570558695 <== mon.0 v2:172.21.15.121:3300/0 1 ==== mon_map magic: 0 v1 ==== 229+0+0 (secure 0 0 0) 0x7f16e4032440 con 0x7f16f4076bd0
2024-08-18T22:33:35.517 INFO:teuthology.orchestra.run.smithi121.stdout:/usr/bin/ceph: stderr
2024-08-18T22:33:34.706+0000 7f16f37fe640 1 -- 172.21.15.121:0/3570558695 <== mon.0 v2:172.21.15.121:3300/0 2 ==== config(26 keys) v1 ==== 1070+0+0 (secure 0 0 0) 0x7f16e4032a40 con 0x7f16f4076bd0
2024-08-18T22:33:35.517 INFO:teuthology.orchestra.run.smithi121.stdout:/usr/bin/ceph: stderr
2024-08-18T22:33:34.706+0000 7f16f37fe640 1 -- 172.21.15.121:0/3570558695 <== mon.0 v2:172.21.15.121:3300/0 3 ==== mon_map magic: 0 v1 ==== 229+0+0 (secure 0 0 0) 0x7f16e4031a70 con 0x7f16f4076bd0
2024-08-18T22:33:35.518 INFO:teuthology.orchestra.run.smithi121.stdout:/usr/bin/ceph: stderr
2024-08-18T22:33:34.706+0000 7f16fa946640 1 -- 172.21.15.121:0/3570558695 >> [v2:172.21.15.121:3300/0,v1:172.21.15.121:6789/0] conn(0x7f16f4076bd0 msgr2=0x7f16f4106cf0 secure :-1 s=STATE_CONNECTION_ESTABLISHED l=1).mark_down
2024-08-18T22:33:35.518 INFO:teuthology.orchestra.run.smithi121.stdout:/usr/bin/ceph: stderr
2024-08-18T22:33:34.706+0000 7f16fa946640 1 --2- 172.21.15.121:0/3570558695 >> [v2:172.21.15.121:3300/0,v1:172.21.15.121:6789/0] conn(0x7f16f4076bd0 0x7f16f4106cf0 secure :-1 s=READY pgs=67 cs=0 l=1 rev1=1 crypto rx=0x7f16e4009840 tx=0x7f16e40091d0 comp rx=0 tx=0).stop
2024-08-18T22:33:35.518 INFO:teuthology.orchestra.run.smithi121.stdout:/usr/bin/ceph: stderr
2024-08-18T22:33:34.706+0000 7f16fa946640 1 -- 172.21.15.121:0/3570558695 shutdown_connections
2024-08-18T22:33:35.518 INFO:teuthology.orchestra.run.smithi121.stdout:/usr/bin/ceph: stderr
2024-08-18T22:33:34.706+0000 7f16fa946640 1 --2- 172.21.15.121:0/3570558695 >> [v2:172.21.15.121:3300/0,v1:172.21.15.121:6789/0] conn(0x7f16f4076bd0 0x7f16f4106cf0 unknown :-1 s=CLOSED pgs=67 cs=0 l=1 rev1=1 crypto rx=0 tx=0 comp rx=0 tx=0).stop
2024-08-18T22:33:35.518 INFO:teuthology.orchestra.run.smithi121.stdout:/usr/bin/ceph: stderr
2024-08-18T22:33:34.706+0000 7f16fa946640 1 -- 172.21.15.121:0/3570558695 >> 172.21.15.121:0/3570558695 conn(0x7f16f40fc400 msgr2=0x7f16f40fe810 unknown :-1 s=STATE_NONE l=0).mark_down
2024-08-18T22:33:35.518 INFO:teuthology.orchestra.run.smithi121.stdout:/usr/bin/ceph: stderr
2024-08-18T22:33:34.706+0000 7f16fa946640 1 -- 172.21.15.121:0/3570558695 shutdown_connections
2024-08-18T22:33:35.518 INFO:teuthology.orchestra.run.smithi121.stdout:/usr/bin/ceph: stderr
2024-08-18T22:33:34.706+0000 7f16fa946640 1 -- 172.21.15.121:0/3570558695 wait complete.
2024-08-18T22:33:35.518 INFO:teuthology.orchestra.run.smithi121.stdout:/usr/bin/ceph: stderr
2024-08-18T22:33:34.707+0000 7f16fa946640 1 Processor -- start
2024-08-18T22:33:35.518 INFO:teuthology.orchestra.run.smithi121.stdout:/usr/bin/ceph: stderr
2024-08-18T22:33:34.707+0000 7f16fa946640 1 -- start start
2024-08-18T22:33:35.518 INFO:teuthology.orchestra.run.smithi121.stdout:/usr/bin/ceph: stderr
2024-08-18T22:33:34.707+0000 7f16fa946640 1 --2- >> [v2:172.21.15.121:3300/0,v1:172.21.15.121:6789/0] conn(0x7f16f4076bd0 0x7f16f4112d10 unknown :-1 s=NONE pgs=0 cs=0 l=1 rev1=0 crypto rx=0 tx=0 comp rx=0 tx=0).connect
2024-08-18T22:33:35.518 INFO:teuthology.orchestra.run.smithi121.stdout:/usr/bin/ceph: stderr
2024-08-18T22:33:34.707+0000 7f16fa946640 1 -- --> [v2:172.21.15.121:3300/0,v1:172.21.15.121:6789/0] -- mon_getmap magic: 0 v1 -- 0x7f16f4113250 con 0x7f16f4076bd0
2024-08-18T22:33:35.518 INFO:teuthology.orchestra.run.smithi121.stdout:/usr/bin/ceph: stderr
2024-08-18T22:33:34.707+0000 7f16f3fff640 1 --2- >> [v2:172.21.15.121:3300/0,v1:172.21.15.121:6789/0] conn(0x7f16f4076bd0 0x7f16f4112d10 unknown :-1 s=BANNER_CONNECTING pgs=0 cs=0 l=1 rev1=0 crypto rx=0 tx=0 comp rx=0 tx=0)._handle_peer_banner_payload supported=3 required=0
2024-08-18T22:33:35.519 INFO:teuthology.orchestra.run.smithi121.stdout:/usr/bin/ceph: stderr
2024-08-18T22:33:34.707+0000 7f16f3fff640 1 --2- >> [v2:172.21.15.121:3300/0,v1:172.21.15.121:6789/0] conn(0x7f16f4076bd0 0x7f16f4112d10 unknown :-1 s=HELLO_CONNECTING pgs=0 cs=0 l=1 rev1=1 crypto rx=0 tx=0 comp rx=0 tx=0).handle_hello peer v2:172.21.15.121:3300/0 says I am v2:172.21.15.121:47250/0 (socket says 172.21.15.121:47250)
2024-08-18T22:33:35.519 INFO:teuthology.orchestra.run.smithi121.stdout:/usr/bin/ceph: stderr
2024-08-18T22:33:34.707+0000 7f16f3fff640 1 -- 172.21.15.121:0/1327403551 learned_addr learned my addr 172.21.15.121:0/1327403551 (peer_addr_for_me v2:172.21.15.121:0/0)
2024-08-18T22:33:35.519 INFO:teuthology.orchestra.run.smithi121.stdout:/usr/bin/ceph: stderr
2024-08-18T22:33:34.708+0000 7f16f3fff640 1 -- 172.21.15.121:0/1327403551 --> [v2:172.21.15.121:3300/0,v1:172.21.15.121:6789/0] -- mon_subscribe({config=0+,monmap=0+}) v3 -- 0x7f16e4009450 con 0x7f16f4076bd0
2024-08-18T22:33:35.519 INFO:teuthology.orchestra.run.smithi121.stdout:/usr/bin/ceph: stderr
2024-08-18T22:33:34.708+0000 7f16f3fff640 1 --2- 172.21.15.121:0/1327403551 >> [v2:172.21.15.121:3300/0,v1:172.21.15.121:6789/0] conn(0x7f16f4076bd0 0x7f16f4112d10 secure :-1 s=READY pgs=68 cs=0 l=1 rev1=1 crypto rx=0x7f16e4031750 tx=0x7f16e40091d0 comp rx=0 tx=0).ready entity=mon.0 client_cookie=0 server_cookie=0 in_seq=0 out_seq=0
2024-08-18T22:33:35.519 INFO:teuthology.orchestra.run.smithi121.stdout:/usr/bin/ceph: stderr
2024-08-18T22:33:34.708+0000 7f16f17fa640 1 -- 172.21.15.121:0/1327403551 <== mon.0 v2:172.21.15.121:3300/0 1 ==== mon_map magic: 0 v1 ==== 229+0+0 (secure 0 0 0) 0x7f16e403c400 con 0x7f16f4076bd0
2024-08-18T22:33:35.519 INFO:teuthology.orchestra.run.smithi121.stdout:/usr/bin/ceph: stderr
2024-08-18T22:33:34.708+0000 7f16f17fa640 1 -- 172.21.15.121:0/1327403551 <== mon.0 v2:172.21.15.121:3300/0 2 ==== config(26 keys) v1 ==== 1070+0+0 (secure 0 0 0) 0x7f16e403ca00 con 0x7f16f4076bd0
2024-08-18T22:33:35.519 INFO:teuthology.orchestra.run.smithi121.stdout:/usr/bin/ceph: stderr
2024-08-18T22:33:34.708+0000 7f16fa946640 1 -- 172.21.15.121:0/1327403551 --> [v2:172.21.15.121:3300/0,v1:172.21.15.121:6789/0] -- mon_subscribe({mgrmap=0+}) v3 -- 0x7f16f4113450 con 0x7f16f4076bd0
2024-08-18T22:33:35.519 INFO:teuthology.orchestra.run.smithi121.stdout:/usr/bin/ceph: stderr
2024-08-18T22:33:34.708+0000 7f16f17fa640 1 -- 172.21.15.121:0/1327403551 <== mon.0 v2:172.21.15.121:3300/0 3 ==== mon_map magic: 0 v1 ==== 229+0+0 (secure 0 0 0) 0x7f16e403a880 con 0x7f16f4076bd0
2024-08-18T22:33:35.519 INFO:teuthology.orchestra.run.smithi121.stdout:/usr/bin/ceph: stderr
2024-08-18T22:33:34.708+0000 7f16fa946640 1 -- 172.21.15.121:0/1327403551 --> [v2:172.21.15.121:3300/0,v1:172.21.15.121:6789/0] -- mon_subscribe({osdmap=0}) v3 -- 0x7f16f4113860 con 0x7f16f4076bd0
2024-08-18T22:33:35.519 INFO:teuthology.orchestra.run.smithi121.stdout:/usr/bin/ceph: stderr
2024-08-18T22:33:34.709+0000 7f16ea7fc640 1 -- 172.21.15.121:0/1327403551 --> [v2:172.21.15.121:3300/0,v1:172.21.15.121:6789/0] -- mon_command({"prefix": "get_command_descriptions"} v 0) v1 -- 0x7f16d8005210 con 0x7f16f4076bd0
2024-08-18T22:33:35.519 INFO:teuthology.orchestra.run.smithi121.stdout:/usr/bin/ceph: stderr
2024-08-18T22:33:34.710+0000 7f16f17fa640 1 -- 172.21.15.121:0/1327403551 <== mon.0 v2:172.21.15.121:3300/0 4 ==== mgrmap(e 9) v1 ==== 42649+0+0 (secure 0 0 0) 0x7f16e403cb70 con 0x7f16f4076bd0
2024-08-18T22:33:35.519 INFO:teuthology.orchestra.run.smithi121.stdout:/usr/bin/ceph: stderr
2024-08-18T22:33:34.710+0000 7f16f17fa640 1 --2- 172.21.15.121:0/1327403551 >> [v2:172.21.15.121:6800/833901271,v1:172.21.15.121:6801/833901271] conn(0x7f16e0035710 0x7f16e0037bc0 unknown :-1 s=NONE pgs=0 cs=0 l=1 rev1=0 crypto rx=0 tx=0 comp rx=0 tx=0).connect
2024-08-18T22:33:35.520 INFO:teuthology.orchestra.run.smithi121.stdout:/usr/bin/ceph: stderr
2024-08-18T22:33:34.710+0000 7f16f17fa640 1 -- 172.21.15.121:0/1327403551 <== mon.0 v2:172.21.15.121:3300/0 5 ==== osd_map(2..2 src has 1..2) v4 ==== 936+0+0 (secure 0 0 0) 0x7f16e4068c20 con 0x7f16f4076bd0
2024-08-18T22:33:35.520 INFO:teuthology.orchestra.run.smithi121.stdout:/usr/bin/ceph: stderr
2024-08-18T22:33:34.710+0000 7f16ebfff640 1 -- 172.21.15.121:0/1327403551 >> [v2:172.21.15.121:6800/833901271,v1:172.21.15.121:6801/833901271] conn(0x7f16e0035710 msgr2=0x7f16e0037bc0 unknown :-1 s=STATE_CONNECTING_RE l=1).process reconnect failed to v2:172.21.15.121:6800/833901271
2024-08-18T22:33:35.520 INFO:teuthology.orchestra.run.smithi121.stdout:/usr/bin/ceph: stderr
2024-08-18T22:33:34.710+0000 7f16ebfff640 1 --2- 172.21.15.121:0/1327403551 >> [v2:172.21.15.121:6800/833901271,v1:172.21.15.121:6801/833901271] conn(0x7f16e0035710 0x7f16e0037bc0 unknown :-1 s=START_CONNECT pgs=0 cs=0 l=1 rev1=0 crypto rx=0 tx=0 comp rx=0 tx=0)._fault waiting 0.200000
2024-08-18T22:33:35.520 INFO:teuthology.orchestra.run.smithi121.stdout:/usr/bin/ceph: stderr
2024-08-18T22:33:34.714+0000 7f16f17fa640 1 -- 172.21.15.121:0/1327403551 <== mon.0 v2:172.21.15.121:3300/0 6 ==== mon_command_ack([{"prefix": "get_command_descriptions"}]=0 v0) v1 ==== 72+0+176781 (secure 0 0 0) 0x7f16e4068e60 con 0x7f16f4076bd0
2024-08-18T22:33:35.520 INFO:teuthology.orchestra.run.smithi121.stdout:/usr/bin/ceph: stderr
2024-08-18T22:33:34.911+0000 7f16ebfff640 1 -- 172.21.15.121:0/1327403551 >> [v2:172.21.15.121:6800/833901271,v1:172.21.15.121:6801/833901271] conn(0x7f16e0035710 msgr2=0x7f16e0037bc0 unknown :-1 s=STATE_CONNECTING_RE l=1).process reconnect failed to v2:172.21.15.121:6800/833901271
2024-08-18T22:33:35.520 INFO:teuthology.orchestra.run.smithi121.stdout:/usr/bin/ceph: stderr
2024-08-18T22:33:34.911+0000 7f16ebfff640 1 --2- 172.21.15.121:0/1327403551 >> [v2:172.21.15.121:6800/833901271,v1:172.21.15.121:6801/833901271] conn(0x7f16e0035710 0x7f16e0037bc0 unknown :-1 s=START_CONNECT pgs=0 cs=0 l=1 rev1=0 crypto rx=0 tx=0 comp rx=0 tx=0)._fault waiting 0.400000
2024-08-18T22:33:35.520 INFO:teuthology.orchestra.run.smithi121.stdout:/usr/bin/ceph: stderr
2024-08-18T22:33:34.917+0000 7f16ea7fc640 1 -- 172.21.15.121:0/1327403551 --> [v2:172.21.15.121:3300/0,v1:172.21.15.121:6789/0] -- mon_command({"prefix": "mgr stat"} v 0) v1 -- 0x7f16d8005790 con 0x7f16f4076bd0
2024-08-18T22:33:35.520 INFO:teuthology.orchestra.run.smithi121.stdout:/usr/bin/ceph: stderr
2024-08-18T22:33:34.917+0000 7f16f17fa640 1 -- 172.21.15.121:0/1327403551 <== mon.0 v2:172.21.15.121:3300/0 7 ==== mon_command_ack([{"prefix": "mgr stat"}]=0 v9) v1 ==== 56+0+103 (secure 0 0 0) 0x7f16e4037030 con 0x7f16f4076bd0
2024-08-18T22:33:35.520 INFO:teuthology.orchestra.run.smithi121.stdout:/usr/bin/ceph: stderr
2024-08-18T22:33:34.919+0000 7f16ea7fc640 1 -- 172.21.15.121:0/1327403551 >> [v2:172.21.15.121:6800/833901271,v1:172.21.15.121:6801/833901271] conn(0x7f16e0035710 msgr2=0x7f16e0037bc0 unknown :-1 s=STATE_CONNECTING l=1).mark_down
2024-08-18T22:33:35.520 INFO:teuthology.orchestra.run.smithi121.stdout:/usr/bin/ceph: stderr
2024-08-18T22:33:34.919+0000 7f16ea7fc640 1 --2- 172.21.15.121:0/1327403551 >> [v2:172.21.15.121:6800/833901271,v1:172.21.15.121:6801/833901271] conn(0x7f16e0035710 0x7f16e0037bc0 unknown :-1 s=START_CONNECT pgs=0 cs=0 l=1 rev1=0 crypto rx=0 tx=0 comp rx=0 tx=0).stop
2024-08-18T22:33:35.520 INFO:teuthology.orchestra.run.smithi121.stdout:/usr/bin/ceph: stderr
2024-08-18T22:33:34.919+0000 7f16ea7fc640 1 -- 172.21.15.121:0/1327403551 >> [v2:172.21.15.121:3300/0,v1:172.21.15.121:6789/0] conn(0x7f16f4076bd0 msgr2=0x7f16f4112d10 secure :-1 s=STATE_CONNECTION_ESTABLISHED l=1).mark_down
2024-08-18T22:33:35.520 INFO:teuthology.orchestra.run.smithi121.stdout:/usr/bin/ceph: stderr
2024-08-18T22:33:34.919+0000 7f16ea7fc640 1 --2- 172.21.15.121:0/1327403551 >> [v2:172.21.15.121:3300/0,v1:172.21.15.121:6789/0] conn(0x7f16f4076bd0 0x7f16f4112d10 secure :-1 s=READY pgs=68 cs=0 l=1 rev1=1 crypto rx=0x7f16e4031750 tx=0x7f16e40091d0 comp rx=0 tx=0).stop
2024-08-18T22:33:35.520 INFO:teuthology.orchestra.run.smithi121.stdout:/usr/bin/ceph: stderr
2024-08-18T22:33:34.919+0000 7f16ea7fc640 1 -- 172.21.15.121:0/1327403551 shutdown_connections
2024-08-18T22:33:35.521 INFO:teuthology.orchestra.run.smithi121.stdout:/usr/bin/ceph: stderr
2024-08-18T22:33:34.919+0000 7f16ea7fc640 1 --2- 172.21.15.121:0/1327403551 >> [v2:172.21.15.121:6800/833901271,v1:172.21.15.121:6801/833901271] conn(0x7f16e0035710 0x7f16e0037bc0 unknown :-1 s=CLOSED pgs=0 cs=0 l=1 rev1=0 crypto rx=0 tx=0 comp rx=0 tx=0).stop
2024-08-18T22:33:35.521 INFO:teuthology.orchestra.run.smithi121.stdout:/usr/bin/ceph: stderr
2024-08-18T22:33:34.919+0000 7f16ea7fc640 1 --2- 172.21.15.121:0/1327403551 >> [v2:172.21.15.121:3300/0,v1:172.21.15.121:6789/0] conn(0x7f16f4076bd0 0x7f16f4112d10 unknown :-1 s=CLOSED pgs=68 cs=0 l=1 rev1=1 crypto rx=0 tx=0 comp rx=0 tx=0).stop
2024-08-18T22:33:35.521 INFO:teuthology.orchestra.run.smithi121.stdout:/usr/bin/ceph: stderr
2024-08-18T22:33:34.919+0000 7f16ea7fc640 1 -- 172.21.15.121:0/1327403551 >> 172.21.15.121:0/1327403551 conn(0x7f16f40fc400 msgr2=0x7f16f40fcff0 unknown :-1 s=STATE_NONE l=0).mark_down
2024-08-18T22:33:35.521 INFO:teuthology.orchestra.run.smithi121.stdout:/usr/bin/ceph: stderr
2024-08-18T22:33:34.920+0000 7f16ea7fc640 1 -- 172.21.15.121:0/1327403551 shutdown_connections
2024-08-18T22:33:35.521 INFO:teuthology.orchestra.run.smithi121.stdout:/usr/bin/ceph: stderr
2024-08-18T22:33:34.920+0000 7f16ea7fc640 1 -- 172.21.15.121:0/1327403551 wait complete.
2024-08-18T22:33:35.521 INFO:teuthology.orchestra.run.smithi121.stdout:Waiting for the mgr to restart...
2024-08-18T22:33:35.521 INFO:teuthology.orchestra.run.smithi121.stdout:Waiting for mgr epoch 9...
2024-08-18T22:33:35.759 INFO:journalctl@ceph.mon.smithi121.smithi121.stdout:Aug 18 22:33:35 smithi121 ceph-mon[16788]: from='client.? 172.21.15.121:0/1327403551' entity='client.admin' cmd=[{"prefix": "mgr stat"}]: dispatch
2024-08-18T22:33:38.584 INFO:journalctl@ceph.mon.smithi121.smithi121.stdout:Aug 18 22:33:38 smithi121 ceph-mon[16788]: Active manager daemon smithi121.lopxqc restarted
2024-08-18T22:33:38.584 INFO:journalctl@ceph.mon.smithi121.smithi121.stdout:Aug 18 22:33:38 smithi121 ceph-mon[16788]: Activating manager daemon smithi121.lopxqc
2024-08-18T22:33:38.584 INFO:journalctl@ceph.mon.smithi121.smithi121.stdout:Aug 18 22:33:38 smithi121 ceph-mon[16788]: osdmap e3: 0 total, 0 up, 0 in
2024-08-18T22:33:38.584 INFO:journalctl@ceph.mon.smithi121.smithi121.stdout:Aug 18 22:33:38 smithi121 ceph-mon[16788]: mgrmap e10: smithi121.lopxqc(active, starting, since 0.00311704s)
2024-08-18T22:33:38.584 INFO:journalctl@ceph.mon.smithi121.smithi121.stdout:Aug 18 22:33:38 smithi121 ceph-mon[16788]: from='mgr.14160 172.21.15.121:0/261891242' entity='mgr.smithi121.lopxqc' cmd=[{"prefix": "mon metadata", "id": "smithi121"}]: dispatch
2024-08-18T22:33:38.584 INFO:journalctl@ceph.mon.smithi121.smithi121.stdout:Aug 18 22:33:38 smithi121 ceph-mon[16788]: from='mgr.14160 172.21.15.121:0/261891242' entity='mgr.smithi121.lopxqc' cmd=[{"prefix": "mgr metadata", "who": "smithi121.lopxqc", "id": "smithi121.lopxqc"}]: dispatch
2024-08-18T22:33:38.584 INFO:journalctl@ceph.mon.smithi121.smithi121.stdout:Aug 18 22:33:38 smithi121 ceph-mon[16788]: from='mgr.14160 172.21.15.121:0/261891242' entity='mgr.smithi121.lopxqc' cmd=[{"prefix": "mds metadata"}]: dispatch
2024-08-18T22:33:38.584 INFO:journalctl@ceph.mon.smithi121.smithi121.stdout:Aug 18 22:33:38 smithi121 ceph-mon[16788]: from='mgr.14160 172.21.15.121:0/261891242' entity='mgr.smithi121.lopxqc' cmd=[{"prefix": "osd metadata"}]: dispatch
2024-08-18T22:33:38.584 INFO:journalctl@ceph.mon.smithi121.smithi121.stdout:Aug 18 22:33:38 smithi121 ceph-mon[16788]: from='mgr.14160 172.21.15.121:0/261891242' entity='mgr.smithi121.lopxqc' cmd=[{"prefix": "mon metadata"}]: dispatch
2024-08-18T22:33:38.585 INFO:journalctl@ceph.mon.smithi121.smithi121.stdout:Aug 18 22:33:38 smithi121 ceph-mon[16788]: Manager daemon smithi121.lopxqc is now available
2024-08-18T22:33:38.585 INFO:journalctl@ceph.mon.smithi121.smithi121.stdout:Aug 18 22:33:38 smithi121 ceph-mon[16788]: from='mgr.14160 172.21.15.121:0/261891242' entity='mgr.smithi121.lopxqc' cmd=[{"prefix": "config dump", "format": "json"}]: dispatch
2024-08-18T22:33:38.585 INFO:journalctl@ceph.mon.smithi121.smithi121.stdout:Aug 18 22:33:38 smithi121 ceph-mon[16788]: from='mgr.14160 172.21.15.121:0/261891242' entity='mgr.smithi121.lopxqc' cmd=[{"prefix":"config rm","who":"mgr","name":"mgr/rbd_support/smithi121.lopxqc/mirror_snapshot_schedule"}]: dispatch
2024-08-18T22:33:38.585 INFO:journalctl@ceph.mon.smithi121.smithi121.stdout:Aug 18 22:33:38 smithi121 ceph-mon[16788]: from='mgr.14160 172.21.15.121:0/261891242' entity='mgr.smithi121.lopxqc' cmd=[{"prefix":"config rm","who":"mgr","name":"mgr/rbd_support/smithi121.lopxqc/trash_purge_schedule"}]: dispatch
2024-08-18T22:33:39.810 INFO:teuthology.orchestra.run.smithi121.stdout:/usr/bin/ceph: stdout {
2024-08-18T22:33:39.810 INFO:teuthology.orchestra.run.smithi121.stdout:/usr/bin/ceph: stdout "mgrmap_epoch": 11,
2024-08-18T22:33:39.810 INFO:teuthology.orchestra.run.smithi121.stdout:/usr/bin/ceph: stdout "initialized": true
2024-08-18T22:33:39.810 INFO:teuthology.orchestra.run.smithi121.stdout:/usr/bin/ceph: stdout }
2024-08-18T22:33:39.810 INFO:teuthology.orchestra.run.smithi121.stdout:/usr/bin/ceph: stderr
2024-08-18T22:33:35.951+0000 7f856420b640 1 Processor -- start
2024-08-18T22:33:39.810 INFO:teuthology.orchestra.run.smithi121.stdout:/usr/bin/ceph: stderr
2024-08-18T22:33:35.952+0000 7f856420b640 1 -- start start
2024-08-18T22:33:39.810 INFO:teuthology.orchestra.run.smithi121.stdout:/usr/bin/ceph: stderr
2024-08-18T22:33:35.952+0000 7f856420b640 1 --2- >> [v2:172.21.15.121:3300/0,v1:172.21.15.121:6789/0] conn(0x7f855c0708c0 0x7f855c1048f0 unknown :-1 s=NONE pgs=0 cs=0 l=0 rev1=0 crypto rx=0 tx=0 comp rx=0 tx=0).connect
2024-08-18T22:33:39.810 INFO:teuthology.orchestra.run.smithi121.stdout:/usr/bin/ceph: stderr
2024-08-18T22:33:35.952+0000 7f856420b640 1 -- --> [v2:172.21.15.121:3300/0,v1:172.21.15.121:6789/0] -- mon_getmap magic: 0 v1 -- 0x7f855c104e30 con 0x7f855c0708c0
2024-08-18T22:33:39.810 INFO:teuthology.orchestra.run.smithi121.stdout:/usr/bin/ceph: stderr
2024-08-18T22:33:35.952+0000 7f8561fa7640 1 --2- >> [v2:172.21.15.121:3300/0,v1:172.21.15.121:6789/0] conn(0x7f855c0708c0 0x7f855c1048f0 unknown :-1 s=BANNER_CONNECTING pgs=0 cs=0 l=0 rev1=0 crypto rx=0 tx=0 comp rx=0 tx=0)._handle_peer_banner_payload supported=3 required=0
2024-08-18T22:33:39.811 INFO:teuthology.orchestra.run.smithi121.stdout:/usr/bin/ceph: stderr
2024-08-18T22:33:35.952+0000 7f8561fa7640 1 --2- >> [v2:172.21.15.121:3300/0,v1:172.21.15.121:6789/0] conn(0x7f855c0708c0 0x7f855c1048f0 unknown :-1 s=HELLO_CONNECTING pgs=0 cs=0 l=0 rev1=1 crypto rx=0 tx=0 comp rx=0 tx=0).handle_hello peer v2:172.21.15.121:3300/0 says I am v2:172.21.15.121:47262/0 (socket says 172.21.15.121:47262)
2024-08-18T22:33:39.811 INFO:teuthology.orchestra.run.smithi121.stdout:/usr/bin/ceph: stderr
2024-08-18T22:33:35.952+0000 7f8561fa7640 1 -- 172.21.15.121:0/3296624802 learned_addr learned my addr 172.21.15.121:0/3296624802 (peer_addr_for_me v2:172.21.15.121:0/0)
2024-08-18T22:33:39.811 INFO:teuthology.orchestra.run.smithi121.stdout:/usr/bin/ceph: stderr
2024-08-18T22:33:35.952+0000 7f8561fa7640 1 -- 172.21.15.121:0/3296624802 --> [v2:172.21.15.121:3300/0,v1:172.21.15.121:6789/0] -- mon_subscribe({config=0+,monmap=0+}) v3 -- 0x7f855c104f70 con 0x7f855c0708c0
2024-08-18T22:33:39.811 INFO:teuthology.orchestra.run.smithi121.stdout:/usr/bin/ceph: stderr
2024-08-18T22:33:35.953+0000 7f8561fa7640 1 --2- 172.21.15.121:0/3296624802 >> [v2:172.21.15.121:3300/0,v1:172.21.15.121:6789/0] conn(0x7f855c0708c0 0x7f855c1048f0 secure :-1 s=READY pgs=69 cs=0 l=1 rev1=1 crypto rx=0x7f8558009840 tx=0x7f85580091d0 comp rx=0 tx=0).ready entity=mon.0 client_cookie=796d6c8d982f8e33 server_cookie=0 in_seq=0 out_seq=0
2024-08-18T22:33:39.811 INFO:teuthology.orchestra.run.smithi121.stdout:/usr/bin/ceph: stderr
2024-08-18T22:33:35.953+0000 7f8560fa5640 1 -- 172.21.15.121:0/3296624802 <== mon.0 v2:172.21.15.121:3300/0 1 ==== mon_map magic: 0 v1 ==== 229+0+0 (secure 0 0 0) 0x7f8558032440 con 0x7f855c0708c0
2024-08-18T22:33:39.811 INFO:teuthology.orchestra.run.smithi121.stdout:/usr/bin/ceph: stderr
2024-08-18T22:33:35.953+0000 7f8560fa5640 1 -- 172.21.15.121:0/3296624802 <== mon.0 v2:172.21.15.121:3300/0 2 ==== config(26 keys) v1 ==== 1070+0+0 (secure 0 0 0) 0x7f8558032a40 con 0x7f855c0708c0
2024-08-18T22:33:39.811 INFO:teuthology.orchestra.run.smithi121.stdout:/usr/bin/ceph: stderr
2024-08-18T22:33:35.953+0000 7f8560fa5640 1 -- 172.21.15.121:0/3296624802 <== mon.0 v2:172.21.15.121:3300/0 3 ==== mon_map magic: 0 v1 ==== 229+0+0 (secure 0 0 0) 0x7f8558031a70 con 0x7f855c0708c0
2024-08-18T22:33:39.811 INFO:teuthology.orchestra.run.smithi121.stdout:/usr/bin/ceph: stderr
2024-08-18T22:33:35.954+0000 7f856420b640 1 -- 172.21.15.121:0/3296624802 >> [v2:172.21.15.121:3300/0,v1:172.21.15.121:6789/0] conn(0x7f855c0708c0 msgr2=0x7f855c1048f0 secure :-1 s=STATE_CONNECTION_ESTABLISHED l=1).mark_down
2024-08-18T22:33:39.811 INFO:teuthology.orchestra.run.smithi121.stdout:/usr/bin/ceph: stderr
2024-08-18T22:33:35.954+0000 7f856420b640 1 --2- 172.21.15.121:0/3296624802 >> [v2:172.21.15.121:3300/0,v1:172.21.15.121:6789/0] conn(0x7f855c0708c0 0x7f855c1048f0 secure :-1 s=READY pgs=69 cs=0 l=1 rev1=1 crypto rx=0x7f8558009840 tx=0x7f85580091d0 comp rx=0 tx=0).stop
2024-08-18T22:33:39.811 INFO:teuthology.orchestra.run.smithi121.stdout:/usr/bin/ceph: stderr
2024-08-18T22:33:35.954+0000 7f856420b640 1 -- 172.21.15.121:0/3296624802 shutdown_connections
2024-08-18T22:33:39.811 INFO:teuthology.orchestra.run.smithi121.stdout:/usr/bin/ceph: stderr
2024-08-18T22:33:35.954+0000 7f856420b640 1 --2- 172.21.15.121:0/3296624802 >> [v2:172.21.15.121:3300/0,v1:172.21.15.121:6789/0] conn(0x7f855c0708c0 0x7f855c1048f0 unknown :-1 s=CLOSED pgs=69 cs=0 l=1 rev1=1 crypto rx=0 tx=0 comp rx=0 tx=0).stop
2024-08-18T22:33:39.811 INFO:teuthology.orchestra.run.smithi121.stdout:/usr/bin/ceph: stderr
2024-08-18T22:33:35.954+0000 7f856420b640 1 -- 172.21.15.121:0/3296624802 >> 172.21.15.121:0/3296624802 conn(0x7f855c0fc3a0 msgr2=0x7f855c0fe7f0 unknown :-1 s=STATE_NONE l=0).mark_down
2024-08-18T22:33:39.811 INFO:teuthology.orchestra.run.smithi121.stdout:/usr/bin/ceph: stderr
2024-08-18T22:33:35.954+0000 7f856420b640 1 -- 172.21.15.121:0/3296624802 shutdown_connections
2024-08-18T22:33:39.812 INFO:teuthology.orchestra.run.smithi121.stdout:/usr/bin/ceph: stderr
2024-08-18T22:33:35.954+0000 7f856420b640 1 -- 172.21.15.121:0/3296624802 wait complete.
2024-08-18T22:33:39.812 INFO:teuthology.orchestra.run.smithi121.stdout:/usr/bin/ceph: stderr
2024-08-18T22:33:35.955+0000 7f856420b640 1 Processor -- start
2024-08-18T22:33:39.812 INFO:teuthology.orchestra.run.smithi121.stdout:/usr/bin/ceph: stderr
2024-08-18T22:33:35.955+0000 7f856420b640 1 -- start start
2024-08-18T22:33:39.812 INFO:teuthology.orchestra.run.smithi121.stdout:/usr/bin/ceph: stderr
2024-08-18T22:33:35.955+0000 7f856420b640 1 --2- >> [v2:172.21.15.121:3300/0,v1:172.21.15.121:6789/0] conn(0x7f855c0708c0 0x7f855c110b50 unknown :-1 s=NONE pgs=0 cs=0 l=1 rev1=0 crypto rx=0 tx=0 comp rx=0 tx=0).connect
2024-08-18T22:33:39.812 INFO:teuthology.orchestra.run.smithi121.stdout:/usr/bin/ceph: stderr
2024-08-18T22:33:35.955+0000 7f856420b640 1 -- --> [v2:172.21.15.121:3300/0,v1:172.21.15.121:6789/0] -- mon_getmap magic: 0 v1 -- 0x7f855c111090 con 0x7f855c0708c0
2024-08-18T22:33:39.812 INFO:teuthology.orchestra.run.smithi121.stdout:/usr/bin/ceph: stderr
2024-08-18T22:33:35.955+0000 7f8561fa7640 1 --2- >> [v2:172.21.15.121:3300/0,v1:172.21.15.121:6789/0] conn(0x7f855c0708c0 0x7f855c110b50 unknown :-1 s=BANNER_CONNECTING pgs=0 cs=0 l=1 rev1=0 crypto rx=0 tx=0 comp rx=0 tx=0)._handle_peer_banner_payload supported=3 required=0
2024-08-18T22:33:39.812 INFO:teuthology.orchestra.run.smithi121.stdout:/usr/bin/ceph: stderr
2024-08-18T22:33:35.955+0000 7f8561fa7640 1 --2- >> [v2:172.21.15.121:3300/0,v1:172.21.15.121:6789/0] conn(0x7f855c0708c0 0x7f855c110b50 unknown :-1 s=HELLO_CONNECTING pgs=0 cs=0 l=1 rev1=1 crypto rx=0 tx=0 comp rx=0 tx=0).handle_hello peer v2:172.21.15.121:3300/0 says I am v2:172.21.15.121:47264/0 (socket says 172.21.15.121:47264)
2024-08-18T22:33:39.812 INFO:teuthology.orchestra.run.smithi121.stdout:/usr/bin/ceph: stderr
2024-08-18T22:33:35.955+0000 7f8561fa7640 1 -- 172.21.15.121:0/295742187 learned_addr learned my addr 172.21.15.121:0/295742187 (peer_addr_for_me v2:172.21.15.121:0/0)
2024-08-18T22:33:39.812 INFO:teuthology.orchestra.run.smithi121.stdout:/usr/bin/ceph: stderr
2024-08-18T22:33:35.955+0000 7f8561fa7640 1 -- 172.21.15.121:0/295742187 --> [v2:172.21.15.121:3300/0,v1:172.21.15.121:6789/0] -- mon_subscribe({config=0+,monmap=0+}) v3 -- 0x7f8558009450 con 0x7f855c0708c0
2024-08-18T22:33:39.812 INFO:teuthology.orchestra.run.smithi121.stdout:/usr/bin/ceph: stderr
2024-08-18T22:33:35.955+0000 7f8561fa7640 1 --2- 172.21.15.121:0/295742187 >> [v2:172.21.15.121:3300/0,v1:172.21.15.121:6789/0] conn(0x7f855c0708c0 0x7f855c110b50 secure :-1 s=READY pgs=70 cs=0 l=1 rev1=1 crypto rx=0x7f8558009420 tx=0x7f85580091d0 comp rx=0 tx=0).ready entity=mon.0 client_cookie=0 server_cookie=0 in_seq=0 out_seq=0
2024-08-18T22:33:39.812 INFO:teuthology.orchestra.run.smithi121.stdout:/usr/bin/ceph: stderr
2024-08-18T22:33:35.956+0000 7f85527fc640 1 -- 172.21.15.121:0/295742187 <== mon.0 v2:172.21.15.121:3300/0 1 ==== mon_map magic: 0 v1 ==== 229+0+0 (secure 0 0 0) 0x7f855803c400 con 0x7f855c0708c0
2024-08-18T22:33:39.812 INFO:teuthology.orchestra.run.smithi121.stdout:/usr/bin/ceph: stderr
2024-08-18T22:33:35.956+0000 7f85527fc640 1 -- 172.21.15.121:0/295742187 <== mon.0 v2:172.21.15.121:3300/0 2 ==== config(26 keys) v1 ==== 1070+0+0 (secure 0 0 0) 0x7f855803ca00 con 0x7f855c0708c0
2024-08-18T22:33:39.812 INFO:teuthology.orchestra.run.smithi121.stdout:/usr/bin/ceph: stderr
2024-08-18T22:33:35.956+0000 7f856420b640 1 -- 172.21.15.121:0/295742187 --> [v2:172.21.15.121:3300/0,v1:172.21.15.121:6789/0] -- mon_subscribe({mgrmap=0+}) v3 -- 0x7f855c111290 con 0x7f855c0708c0
2024-08-18T22:33:39.812 INFO:teuthology.orchestra.run.smithi121.stdout:/usr/bin/ceph: stderr
2024-08-18T22:33:35.956+0000 7f85527fc640 1 -- 172.21.15.121:0/295742187 <== mon.0 v2:172.21.15.121:3300/0 3 ==== mon_map magic: 0 v1 ==== 229+0+0 (secure 0 0 0) 0x7f855803a920 con 0x7f855c0708c0
2024-08-18T22:33:39.813 INFO:teuthology.orchestra.run.smithi121.stdout:/usr/bin/ceph: stderr
2024-08-18T22:33:35.956+0000 7f856420b640 1 -- 172.21.15.121:0/295742187 --> [v2:172.21.15.121:3300/0,v1:172.21.15.121:6789/0] -- mon_subscribe({osdmap=0}) v3 -- 0x7f855c111e20 con 0x7f855c0708c0
2024-08-18T22:33:39.813 INFO:teuthology.orchestra.run.smithi121.stdout:/usr/bin/ceph: stderr
2024-08-18T22:33:35.957+0000 7f85527fc640 1 -- 172.21.15.121:0/295742187 <== mon.0 v2:172.21.15.121:3300/0 4 ==== mgrmap(e 9) v1 ==== 42649+0+0 (secure 0 0 0) 0x7f855803aa80 con 0x7f855c0708c0
2024-08-18T22:33:39.813 INFO:teuthology.orchestra.run.smithi121.stdout:/usr/bin/ceph: stderr
2024-08-18T22:33:35.957+0000 7f85527fc640 1 --2- 172.21.15.121:0/295742187 >> [v2:172.21.15.121:6800/833901271,v1:172.21.15.121:6801/833901271] conn(0x7f8548035760 0x7f8548037c10 unknown :-1 s=NONE pgs=0 cs=0 l=1 rev1=0 crypto rx=0 tx=0 comp rx=0 tx=0).connect
2024-08-18T22:33:39.813 INFO:teuthology.orchestra.run.smithi121.stdout:/usr/bin/ceph: stderr
2024-08-18T22:33:35.957+0000 7f856420b640 1 -- 172.21.15.121:0/295742187 --> [v2:172.21.15.121:6800/833901271,v1:172.21.15.121:6801/833901271] -- command(tid 0: {"prefix": "get_command_descriptions"}) v1 -- 0x7f855c05eb10 con 0x7f8548035760
2024-08-18T22:33:39.813 INFO:teuthology.orchestra.run.smithi121.stdout:/usr/bin/ceph: stderr
2024-08-18T22:33:35.957+0000 7f85527fc640 1 -- 172.21.15.121:0/295742187 <== mon.0 v2:172.21.15.121:3300/0 5 ==== osd_map(2..2 src has 1..2) v4 ==== 936+0+0 (secure 0 0 0) 0x7f8558068490 con 0x7f855c0708c0
2024-08-18T22:33:39.813 INFO:teuthology.orchestra.run.smithi121.stdout:/usr/bin/ceph: stderr
2024-08-18T22:33:35.957+0000 7f85617a6640 1 -- 172.21.15.121:0/295742187 >> [v2:172.21.15.121:6800/833901271,v1:172.21.15.121:6801/833901271] conn(0x7f8548035760 msgr2=0x7f8548037c10 unknown :-1 s=STATE_CONNECTING_RE l=1).process reconnect failed to v2:172.21.15.121:6800/833901271
2024-08-18T22:33:39.813 INFO:teuthology.orchestra.run.smithi121.stdout:/usr/bin/ceph: stderr
2024-08-18T22:33:35.957+0000 7f85617a6640 1 --2- 172.21.15.121:0/295742187 >> [v2:172.21.15.121:6800/833901271,v1:172.21.15.121:6801/833901271] conn(0x7f8548035760 0x7f8548037c10 unknown :-1 s=START_CONNECT pgs=0 cs=0 l=1 rev1=0 crypto rx=0 tx=0 comp rx=0 tx=0)._fault waiting 0.200000
2024-08-18T22:33:39.813 INFO:teuthology.orchestra.run.smithi121.stdout:/usr/bin/ceph: stderr
2024-08-18T22:33:36.158+0000 7f85617a6640 1 -- 172.21.15.121:0/295742187 >> [v2:172.21.15.121:6800/833901271,v1:172.21.15.121:6801/833901271] conn(0x7f8548035760 msgr2=0x7f8548037c10 unknown :-1 s=STATE_CONNECTING_RE l=1).process reconnect failed to v2:172.21.15.121:6800/833901271
2024-08-18T22:33:39.813 INFO:teuthology.orchestra.run.smithi121.stdout:/usr/bin/ceph: stderr
2024-08-18T22:33:36.158+0000 7f85617a6640 1 --2- 172.21.15.121:0/295742187 >> [v2:172.21.15.121:6800/833901271,v1:172.21.15.121:6801/833901271] conn(0x7f8548035760 0x7f8548037c10 unknown :-1 s=START_CONNECT pgs=0 cs=0 l=1 rev1=0 crypto rx=0 tx=0 comp rx=0 tx=0)._fault waiting 0.400000
2024-08-18T22:33:39.813 INFO:teuthology.orchestra.run.smithi121.stdout:/usr/bin/ceph: stderr
