2024-08-18T22:33:27.566+0000 7fdef2f26640 1 --2- 172.21.15.121:0/281011079 >> [v2:172.21.15.121:6800/833901271,v1:172.21.15.121:6801/833901271] conn(0x7fdedc0356c0 0x7fdedc037b70 unknown :-1 s=CLOSED pgs=17 cs=0 l=1 rev1=1 crypto rx=0 tx=0 comp rx=0 tx=0).stop
2024-08-18T22:33:28.487 INFO:teuthology.orchestra.run.smithi121.stdout:/usr/bin/ceph: stderr
2024-08-18T22:33:27.566+0000 7fdef2f26640 1 --2- 172.21.15.121:0/281011079 >> [v2:172.21.15.121:3300/0,v1:172.21.15.121:6789/0] conn(0x7fdeec1000b0 0x7fdeec110e10 unknown :-1 s=CLOSED pgs=56 cs=0 l=1 rev1=1 crypto rx=0 tx=0 comp rx=0 tx=0).stop
2024-08-18T22:33:28.487 INFO:teuthology.orchestra.run.smithi121.stdout:/usr/bin/ceph: stderr
2024-08-18T22:33:27.566+0000 7fdef2f26640 1 -- 172.21.15.121:0/281011079 >> 172.21.15.121:0/281011079 conn(0x7fdeec0fbb30 msgr2=0x7fdeec0fc6e0 unknown :-1 s=STATE_NONE l=0).mark_down
2024-08-18T22:33:28.487 INFO:teuthology.orchestra.run.smithi121.stdout:/usr/bin/ceph: stderr
2024-08-18T22:33:27.566+0000 7fdef2f26640 1 -- 172.21.15.121:0/281011079 shutdown_connections
2024-08-18T22:33:28.487 INFO:teuthology.orchestra.run.smithi121.stdout:/usr/bin/ceph: stderr
2024-08-18T22:33:27.566+0000 7fdef2f26640 1 -- 172.21.15.121:0/281011079 wait complete.
2024-08-18T22:33:28.487 INFO:teuthology.orchestra.run.smithi121.stdout:Deploying alertmanager service with default placement...
2024-08-18T22:33:28.794 INFO:journalctl@ceph.mon.smithi121.smithi121.stdout:Aug 18 22:33:28 smithi121 ceph-mon[16788]: from='client.14150 -' entity='client.admin' cmd=[{"prefix": "orch apply", "service_type": "node-exporter", "target": ["mon-mgr", ""]}]: dispatch
2024-08-18T22:33:28.795 INFO:journalctl@ceph.mon.smithi121.smithi121.stdout:Aug 18 22:33:28 smithi121 ceph-mon[16788]: Saving service node-exporter spec with placement *
2024-08-18T22:33:28.795 INFO:journalctl@ceph.mon.smithi121.smithi121.stdout:Aug 18 22:33:28 smithi121 ceph-mon[16788]: from='mgr.14118 172.21.15.121:0/3177338859' entity='mgr.smithi121.lopxqc'
2024-08-18T22:33:29.993 INFO:teuthology.orchestra.run.smithi121.stdout:/usr/bin/ceph: stdout Scheduled alertmanager update...
2024-08-18T22:33:29.993 INFO:teuthology.orchestra.run.smithi121.stdout:/usr/bin/ceph: stderr
2024-08-18T22:33:28.872+0000 7f94ce9ea640 1 Processor -- start
2024-08-18T22:33:29.993 INFO:teuthology.orchestra.run.smithi121.stdout:/usr/bin/ceph: stderr
2024-08-18T22:33:28.872+0000 7f94ce9ea640 1 -- start start
2024-08-18T22:33:29.994 INFO:teuthology.orchestra.run.smithi121.stdout:/usr/bin/ceph: stderr
2024-08-18T22:33:28.872+0000 7f94ce9ea640 1 --2- >> [v2:172.21.15.121:3300/0,v1:172.21.15.121:6789/0] conn(0x7f94c8070820 0x7f94c8106d90 unknown :-1 s=NONE pgs=0 cs=0 l=0 rev1=0 crypto rx=0 tx=0 comp rx=0 tx=0).connect
2024-08-18T22:33:29.994 INFO:teuthology.orchestra.run.smithi121.stdout:/usr/bin/ceph: stderr
2024-08-18T22:33:28.873+0000 7f94ce9ea640 1 -- --> [v2:172.21.15.121:3300/0,v1:172.21.15.121:6789/0] -- mon_getmap magic: 0 v1 -- 0x7f94c8102780 con 0x7f94c8070820
2024-08-18T22:33:29.994 INFO:teuthology.orchestra.run.smithi121.stdout:/usr/bin/ceph: stderr
2024-08-18T22:33:28.873+0000 7f94c7fff640 1 --2- >> [v2:172.21.15.121:3300/0,v1:172.21.15.121:6789/0] conn(0x7f94c8070820 0x7f94c8106d90 unknown :-1 s=BANNER_CONNECTING pgs=0 cs=0 l=0 rev1=0 crypto rx=0 tx=0 comp rx=0 tx=0)._handle_peer_banner_payload supported=3 required=0
2024-08-18T22:33:29.994 INFO:teuthology.orchestra.run.smithi121.stdout:/usr/bin/ceph: stderr
2024-08-18T22:33:28.873+0000 7f94c7fff640 1 --2- >> [v2:172.21.15.121:3300/0,v1:172.21.15.121:6789/0] conn(0x7f94c8070820 0x7f94c8106d90 unknown :-1 s=HELLO_CONNECTING pgs=0 cs=0 l=0 rev1=1 crypto rx=0 tx=0 comp rx=0 tx=0).handle_hello peer v2:172.21.15.121:3300/0 says I am v2:172.21.15.121:47144/0 (socket says 172.21.15.121:47144)
2024-08-18T22:33:29.994 INFO:teuthology.orchestra.run.smithi121.stdout:/usr/bin/ceph: stderr
2024-08-18T22:33:28.873+0000 7f94c7fff640 1 -- 172.21.15.121:0/2878579832 learned_addr learned my addr 172.21.15.121:0/2878579832 (peer_addr_for_me v2:172.21.15.121:0/0)
2024-08-18T22:33:29.994 INFO:teuthology.orchestra.run.smithi121.stdout:/usr/bin/ceph: stderr
2024-08-18T22:33:28.873+0000 7f94c7fff640 1 -- 172.21.15.121:0/2878579832 --> [v2:172.21.15.121:3300/0,v1:172.21.15.121:6789/0] -- mon_subscribe({config=0+,monmap=0+}) v3 -- 0x7f94c81072d0 con 0x7f94c8070820
2024-08-18T22:33:29.994 INFO:teuthology.orchestra.run.smithi121.stdout:/usr/bin/ceph: stderr
2024-08-18T22:33:28.874+0000 7f94c7fff640 1 --2- 172.21.15.121:0/2878579832 >> [v2:172.21.15.121:3300/0,v1:172.21.15.121:6789/0] conn(0x7f94c8070820 0x7f94c8106d90 secure :-1 s=READY pgs=57 cs=0 l=1 rev1=1 crypto rx=0x7f94b8009840 tx=0x7f94b80091d0 comp rx=0 tx=0).ready entity=mon.0 client_cookie=f80fdfbb54176f49 server_cookie=0 in_seq=0 out_seq=0
2024-08-18T22:33:29.995 INFO:teuthology.orchestra.run.smithi121.stdout:/usr/bin/ceph: stderr
2024-08-18T22:33:28.874+0000 7f94c6ffd640 1 -- 172.21.15.121:0/2878579832 <== mon.0 v2:172.21.15.121:3300/0 1 ==== mon_map magic: 0 v1 ==== 229+0+0 (secure 0 0 0) 0x7f94b8032440 con 0x7f94c8070820
2024-08-18T22:33:29.995 INFO:teuthology.orchestra.run.smithi121.stdout:/usr/bin/ceph: stderr
2024-08-18T22:33:28.874+0000 7f94c6ffd640 1 -- 172.21.15.121:0/2878579832 <== mon.0 v2:172.21.15.121:3300/0 2 ==== config(26 keys) v1 ==== 1070+0+0 (secure 0 0 0) 0x7f94b8032a40 con 0x7f94c8070820
2024-08-18T22:33:29.995 INFO:teuthology.orchestra.run.smithi121.stdout:/usr/bin/ceph: stderr
2024-08-18T22:33:28.874+0000 7f94c6ffd640 1 -- 172.21.15.121:0/2878579832 <== mon.0 v2:172.21.15.121:3300/0 3 ==== mon_map magic: 0 v1 ==== 229+0+0 (secure 0 0 0) 0x7f94b8031a70 con 0x7f94c8070820
2024-08-18T22:33:29.995 INFO:teuthology.orchestra.run.smithi121.stdout:/usr/bin/ceph: stderr
2024-08-18T22:33:28.875+0000 7f94ce9ea640 1 -- 172.21.15.121:0/2878579832 >> [v2:172.21.15.121:3300/0,v1:172.21.15.121:6789/0] conn(0x7f94c8070820 msgr2=0x7f94c8106d90 secure :-1 s=STATE_CONNECTION_ESTABLISHED l=1).mark_down
2024-08-18T22:33:29.995 INFO:teuthology.orchestra.run.smithi121.stdout:/usr/bin/ceph: stderr
2024-08-18T22:33:28.875+0000 7f94ce9ea640 1 --2- 172.21.15.121:0/2878579832 >> [v2:172.21.15.121:3300/0,v1:172.21.15.121:6789/0] conn(0x7f94c8070820 0x7f94c8106d90 secure :-1 s=READY pgs=57 cs=0 l=1 rev1=1 crypto rx=0x7f94b8009840 tx=0x7f94b80091d0 comp rx=0 tx=0).stop
2024-08-18T22:33:29.995 INFO:teuthology.orchestra.run.smithi121.stdout:/usr/bin/ceph: stderr
2024-08-18T22:33:28.875+0000 7f94ce9ea640 1 -- 172.21.15.121:0/2878579832 shutdown_connections
2024-08-18T22:33:29.995 INFO:teuthology.orchestra.run.smithi121.stdout:/usr/bin/ceph: stderr
2024-08-18T22:33:28.875+0000 7f94ce9ea640 1 --2- 172.21.15.121:0/2878579832 >> [v2:172.21.15.121:3300/0,v1:172.21.15.121:6789/0] conn(0x7f94c8070820 0x7f94c8106d90 unknown :-1 s=CLOSED pgs=57 cs=0 l=1 rev1=1 crypto rx=0 tx=0 comp rx=0 tx=0).stop
2024-08-18T22:33:29.995 INFO:teuthology.orchestra.run.smithi121.stdout:/usr/bin/ceph: stderr
2024-08-18T22:33:28.875+0000 7f94ce9ea640 1 -- 172.21.15.121:0/2878579832 >> 172.21.15.121:0/2878579832 conn(0x7f94c80fc3a0 msgr2=0x7f94c80fe7f0 unknown :-1 s=STATE_NONE l=0).mark_down
2024-08-18T22:33:29.995 INFO:teuthology.orchestra.run.smithi121.stdout:/usr/bin/ceph: stderr
2024-08-18T22:33:28.875+0000 7f94ce9ea640 1 -- 172.21.15.121:0/2878579832 shutdown_connections
2024-08-18T22:33:29.996 INFO:teuthology.orchestra.run.smithi121.stdout:/usr/bin/ceph: stderr
2024-08-18T22:33:28.875+0000 7f94ce9ea640 1 -- 172.21.15.121:0/2878579832 wait complete.
2024-08-18T22:33:29.996 INFO:teuthology.orchestra.run.smithi121.stdout:/usr/bin/ceph: stderr
2024-08-18T22:33:28.875+0000 7f94ce9ea640 1 Processor -- start
2024-08-18T22:33:29.996 INFO:teuthology.orchestra.run.smithi121.stdout:/usr/bin/ceph: stderr
2024-08-18T22:33:28.876+0000 7f94ce9ea640 1 -- start start
2024-08-18T22:33:29.996 INFO:teuthology.orchestra.run.smithi121.stdout:/usr/bin/ceph: stderr
2024-08-18T22:33:28.876+0000 7f94ce9ea640 1 --2- >> [v2:172.21.15.121:3300/0,v1:172.21.15.121:6789/0] conn(0x7f94c8070820 0x7f94c8112e50 unknown :-1 s=NONE pgs=0 cs=0 l=1 rev1=0 crypto rx=0 tx=0 comp rx=0 tx=0).connect
2024-08-18T22:33:29.996 INFO:teuthology.orchestra.run.smithi121.stdout:/usr/bin/ceph: stderr
2024-08-18T22:33:28.876+0000 7f94ce9ea640 1 -- --> [v2:172.21.15.121:3300/0,v1:172.21.15.121:6789/0] -- mon_getmap magic: 0 v1 -- 0x7f94c8113390 con 0x7f94c8070820
2024-08-18T22:33:29.996 INFO:teuthology.orchestra.run.smithi121.stdout:/usr/bin/ceph: stderr
2024-08-18T22:33:28.876+0000 7f94c7fff640 1 --2- >> [v2:172.21.15.121:3300/0,v1:172.21.15.121:6789/0] conn(0x7f94c8070820 0x7f94c8112e50 unknown :-1 s=BANNER_CONNECTING pgs=0 cs=0 l=1 rev1=0 crypto rx=0 tx=0 comp rx=0 tx=0)._handle_peer_banner_payload supported=3 required=0
2024-08-18T22:33:29.996 INFO:teuthology.orchestra.run.smithi121.stdout:/usr/bin/ceph: stderr
2024-08-18T22:33:28.876+0000 7f94c7fff640 1 --2- >> [v2:172.21.15.121:3300/0,v1:172.21.15.121:6789/0] conn(0x7f94c8070820 0x7f94c8112e50 unknown :-1 s=HELLO_CONNECTING pgs=0 cs=0 l=1 rev1=1 crypto rx=0 tx=0 comp rx=0 tx=0).handle_hello peer v2:172.21.15.121:3300/0 says I am v2:172.21.15.121:47158/0 (socket says 172.21.15.121:47158)
2024-08-18T22:33:29.996 INFO:teuthology.orchestra.run.smithi121.stdout:/usr/bin/ceph: stderr
2024-08-18T22:33:28.876+0000 7f94c7fff640 1 -- 172.21.15.121:0/337009445 learned_addr learned my addr 172.21.15.121:0/337009445 (peer_addr_for_me v2:172.21.15.121:0/0)
2024-08-18T22:33:29.997 INFO:teuthology.orchestra.run.smithi121.stdout:/usr/bin/ceph: stderr
2024-08-18T22:33:28.876+0000 7f94c7fff640 1 -- 172.21.15.121:0/337009445 --> [v2:172.21.15.121:3300/0,v1:172.21.15.121:6789/0] -- mon_subscribe({config=0+,monmap=0+}) v3 -- 0x7f94b8009450 con 0x7f94c8070820
2024-08-18T22:33:29.997 INFO:teuthology.orchestra.run.smithi121.stdout:/usr/bin/ceph: stderr
2024-08-18T22:33:28.876+0000 7f94c7fff640 1 --2- 172.21.15.121:0/337009445 >> [v2:172.21.15.121:3300/0,v1:172.21.15.121:6789/0] conn(0x7f94c8070820 0x7f94c8112e50 secure :-1 s=READY pgs=58 cs=0 l=1 rev1=1 crypto rx=0x7f94b8009420 tx=0x7f94b80091d0 comp rx=0 tx=0).ready entity=mon.0 client_cookie=0 server_cookie=0 in_seq=0 out_seq=0
2024-08-18T22:33:29.997 INFO:teuthology.orchestra.run.smithi121.stdout:/usr/bin/ceph: stderr
2024-08-18T22:33:28.876+0000 7f94c4ff9640 1 -- 172.21.15.121:0/337009445 <== mon.0 v2:172.21.15.121:3300/0 1 ==== mon_map magic: 0 v1 ==== 229+0+0 (secure 0 0 0) 0x7f94b803c400 con 0x7f94c8070820
2024-08-18T22:33:29.997 INFO:teuthology.orchestra.run.smithi121.stdout:/usr/bin/ceph: stderr
2024-08-18T22:33:28.876+0000 7f94c4ff9640 1 -- 172.21.15.121:0/337009445 <== mon.0 v2:172.21.15.121:3300/0 2 ==== config(26 keys) v1 ==== 1070+0+0 (secure 0 0 0) 0x7f94b803ca00 con 0x7f94c8070820
2024-08-18T22:33:29.997 INFO:teuthology.orchestra.run.smithi121.stdout:/usr/bin/ceph: stderr
2024-08-18T22:33:28.876+0000 7f94ce9ea640 1 -- 172.21.15.121:0/337009445 --> [v2:172.21.15.121:3300/0,v1:172.21.15.121:6789/0] -- mon_subscribe({mgrmap=0+}) v3 -- 0x7f94c8113590 con 0x7f94c8070820
2024-08-18T22:33:29.997 INFO:teuthology.orchestra.run.smithi121.stdout:/usr/bin/ceph: stderr
2024-08-18T22:33:28.876+0000 7f94c4ff9640 1 -- 172.21.15.121:0/337009445 <== mon.0 v2:172.21.15.121:3300/0 3 ==== mon_map magic: 0 v1 ==== 229+0+0 (secure 0 0 0) 0x7f94b803a920 con 0x7f94c8070820
2024-08-18T22:33:29.997 INFO:teuthology.orchestra.run.smithi121.stdout:/usr/bin/ceph: stderr
2024-08-18T22:33:28.877+0000 7f94ce9ea640 1 -- 172.21.15.121:0/337009445 --> [v2:172.21.15.121:3300/0,v1:172.21.15.121:6789/0] -- mon_subscribe({osdmap=0}) v3 -- 0x7f94c8113fe0 con 0x7f94c8070820
2024-08-18T22:33:29.997 INFO:teuthology.orchestra.run.smithi121.stdout:/usr/bin/ceph: stderr
2024-08-18T22:33:28.877+0000 7f94c4ff9640 1 -- 172.21.15.121:0/337009445 <== mon.0 v2:172.21.15.121:3300/0 4 ==== mgrmap(e 8) v1 ==== 42636+0+0 (secure 0 0 0) 0x7f94b803ab90 con 0x7f94c8070820
2024-08-18T22:33:29.998 INFO:teuthology.orchestra.run.smithi121.stdout:/usr/bin/ceph: stderr
2024-08-18T22:33:28.877+0000 7f94ce9ea640 1 -- 172.21.15.121:0/337009445 --> [v2:172.21.15.121:3300/0,v1:172.21.15.121:6789/0] -- mon_command({"prefix": "get_command_descriptions"} v 0) v1 -- 0x7f94c805eb10 con 0x7f94c8070820
2024-08-18T22:33:29.998 INFO:teuthology.orchestra.run.smithi121.stdout:/usr/bin/ceph: stderr
2024-08-18T22:33:28.878+0000 7f94c4ff9640 1 --2- 172.21.15.121:0/337009445 >> [v2:172.21.15.121:6800/833901271,v1:172.21.15.121:6801/833901271] conn(0x7f94b00356c0 0x7f94b0037b70 unknown :-1 s=NONE pgs=0 cs=0 l=1 rev1=0 crypto rx=0 tx=0 comp rx=0 tx=0).connect
2024-08-18T22:33:29.998 INFO:teuthology.orchestra.run.smithi121.stdout:/usr/bin/ceph: stderr
2024-08-18T22:33:28.878+0000 7f94c4ff9640 1 -- 172.21.15.121:0/337009445 <== mon.0 v2:172.21.15.121:3300/0 5 ==== osd_map(2..2 src has 1..2) v4 ==== 936+0+0 (secure 0 0 0) 0x7f94b80683e0 con 0x7f94c8070820
2024-08-18T22:33:29.998 INFO:teuthology.orchestra.run.smithi121.stdout:/usr/bin/ceph: stderr
2024-08-18T22:33:28.878+0000 7f94c77fe640 1 --2- 172.21.15.121:0/337009445 >> [v2:172.21.15.121:6800/833901271,v1:172.21.15.121:6801/833901271] conn(0x7f94b00356c0 0x7f94b0037b70 unknown :-1 s=BANNER_CONNECTING pgs=0 cs=0 l=1 rev1=0 crypto rx=0 tx=0 comp rx=0 tx=0)._handle_peer_banner_payload supported=3 required=0
2024-08-18T22:33:29.998 INFO:teuthology.orchestra.run.smithi121.stdout:/usr/bin/ceph: stderr
2024-08-18T22:33:28.878+0000 7f94c77fe640 1 --2- 172.21.15.121:0/337009445 >> [v2:172.21.15.121:6800/833901271,v1:172.21.15.121:6801/833901271] conn(0x7f94b00356c0 0x7f94b0037b70 secure :-1 s=READY pgs=18 cs=0 l=1 rev1=1 crypto rx=0x7f94bc006fd0 tx=0x7f94bc006db0 comp rx=0 tx=0).ready entity=mgr.14118 client_cookie=0 server_cookie=0 in_seq=0 out_seq=0
2024-08-18T22:33:29.998 INFO:teuthology.orchestra.run.smithi121.stdout:/usr/bin/ceph: stderr
2024-08-18T22:33:28.882+0000 7f94c4ff9640 1 -- 172.21.15.121:0/337009445 <== mon.0 v2:172.21.15.121:3300/0 6 ==== mon_command_ack([{"prefix": "get_command_descriptions"}]=0 v0) v1 ==== 72+0+176781 (secure 0 0 0) 0x7f94b803b360 con 0x7f94c8070820
2024-08-18T22:33:29.998 INFO:teuthology.orchestra.run.smithi121.stdout:/usr/bin/ceph: stderr
2024-08-18T22:33:29.049+0000 7f94ce9ea640 1 -- 172.21.15.121:0/337009445 --> [v2:172.21.15.121:6800/833901271,v1:172.21.15.121:6801/833901271] -- mgr_command(tid 0: {"prefix": "orch apply", "service_type": "alertmanager", "target": ["mon-mgr", ""]}) v1 -- 0x7f94c80fd7c0 con 0x7f94b00356c0
2024-08-18T22:33:29.998 INFO:teuthology.orchestra.run.smithi121.stdout:/usr/bin/ceph: stderr
2024-08-18T22:33:29.054+0000 7f94c4ff9640 1 -- 172.21.15.121:0/337009445 <== mgr.14118 v2:172.21.15.121:6800/833901271 1 ==== mgr_command_reply(tid 0: 0 ) v1 ==== 8+0+33 (secure 0 0 0) 0x7f94c80fd7c0 con 0x7f94b00356c0
2024-08-18T22:33:29.998 INFO:teuthology.orchestra.run.smithi121.stdout:/usr/bin/ceph: stderr
2024-08-18T22:33:29.056+0000 7f94ce9ea640 1 -- 172.21.15.121:0/337009445 >> [v2:172.21.15.121:6800/833901271,v1:172.21.15.121:6801/833901271] conn(0x7f94b00356c0 msgr2=0x7f94b0037b70 secure :-1 s=STATE_CONNECTION_ESTABLISHED l=1).mark_down
2024-08-18T22:33:29.998 INFO:teuthology.orchestra.run.smithi121.stdout:/usr/bin/ceph: stderr
2024-08-18T22:33:29.056+0000 7f94ce9ea640 1 --2- 172.21.15.121:0/337009445 >> [v2:172.21.15.121:6800/833901271,v1:172.21.15.121:6801/833901271] conn(0x7f94b00356c0 0x7f94b0037b70 secure :-1 s=READY pgs=18 cs=0 l=1 rev1=1 crypto rx=0x7f94bc006fd0 tx=0x7f94bc006db0 comp rx=0 tx=0).stop
2024-08-18T22:33:29.998 INFO:teuthology.orchestra.run.smithi121.stdout:/usr/bin/ceph: stderr
2024-08-18T22:33:29.056+0000 7f94ce9ea640 1 -- 172.21.15.121:0/337009445 >> [v2:172.21.15.121:3300/0,v1:172.21.15.121:6789/0] conn(0x7f94c8070820 msgr2=0x7f94c8112e50 secure :-1 s=STATE_CONNECTION_ESTABLISHED l=1).mark_down
2024-08-18T22:33:29.999 INFO:teuthology.orchestra.run.smithi121.stdout:/usr/bin/ceph: stderr
2024-08-18T22:33:29.056+0000 7f94ce9ea640 1 --2- 172.21.15.121:0/337009445 >> [v2:172.21.15.121:3300/0,v1:172.21.15.121:6789/0] conn(0x7f94c8070820 0x7f94c8112e50 secure :-1 s=READY pgs=58 cs=0 l=1 rev1=1 crypto rx=0x7f94b8009420 tx=0x7f94b80091d0 comp rx=0 tx=0).stop
2024-08-18T22:33:29.999 INFO:teuthology.orchestra.run.smithi121.stdout:/usr/bin/ceph: stderr
2024-08-18T22:33:29.056+0000 7f94ce9ea640 1 -- 172.21.15.121:0/337009445 shutdown_connections
2024-08-18T22:33:29.999 INFO:teuthology.orchestra.run.smithi121.stdout:/usr/bin/ceph: stderr
2024-08-18T22:33:29.056+0000 7f94ce9ea640 1 --2- 172.21.15.121:0/337009445 >> [v2:172.21.15.121:6800/833901271,v1:172.21.15.121:6801/833901271] conn(0x7f94b00356c0 0x7f94b0037b70 unknown :-1 s=CLOSED pgs=18 cs=0 l=1 rev1=1 crypto rx=0 tx=0 comp rx=0 tx=0).stop
2024-08-18T22:33:29.999 INFO:teuthology.orchestra.run.smithi121.stdout:/usr/bin/ceph: stderr
2024-08-18T22:33:29.056+0000 7f94ce9ea640 1 --2- 172.21.15.121:0/337009445 >> [v2:172.21.15.121:3300/0,v1:172.21.15.121:6789/0] conn(0x7f94c8070820 0x7f94c8112e50 unknown :-1 s=CLOSED pgs=58 cs=0 l=1 rev1=1 crypto rx=0 tx=0 comp rx=0 tx=0).stop
2024-08-18T22:33:29.999 INFO:teuthology.orchestra.run.smithi121.stdout:/usr/bin/ceph: stderr
2024-08-18T22:33:29.056+0000 7f94ce9ea640 1 -- 172.21.15.121:0/337009445 >> 172.21.15.121:0/337009445 conn(0x7f94c80fc3a0 msgr2=0x7f94c80fd010 unknown :-1 s=STATE_NONE l=0).mark_down
2024-08-18T22:33:29.999 INFO:teuthology.orchestra.run.smithi121.stdout:/usr/bin/ceph: stderr
2024-08-18T22:33:29.056+0000 7f94ce9ea640 1 -- 172.21.15.121:0/337009445 shutdown_connections
2024-08-18T22:33:29.999 INFO:teuthology.orchestra.run.smithi121.stdout:/usr/bin/ceph: stderr
2024-08-18T22:33:29.056+0000 7f94ce9ea640 1 -- 172.21.15.121:0/337009445 wait complete.
2024-08-18T22:33:30.279 INFO:journalctl@ceph.mon.smithi121.smithi121.stdout:Aug 18 22:33:30 smithi121 ceph-mon[16788]: from='client.14152 -' entity='client.admin' cmd=[{"prefix": "orch apply", "service_type": "alertmanager", "target": ["mon-mgr", ""]}]: dispatch
2024-08-18T22:33:30.279 INFO:journalctl@ceph.mon.smithi121.smithi121.stdout:Aug 18 22:33:30 smithi121 ceph-mon[16788]: Saving service alertmanager spec with placement count:1
2024-08-18T22:33:30.279 INFO:journalctl@ceph.mon.smithi121.smithi121.stdout:Aug 18 22:33:30 smithi121 ceph-mon[16788]: from='mgr.14118 172.21.15.121:0/3177338859' entity='mgr.smithi121.lopxqc'
2024-08-18T22:33:31.083 INFO:journalctl@ceph.mon.smithi121.smithi121.stdout:Aug 18 22:33:31 smithi121 ceph-mon[16788]: pgmap v3: 0 pgs: ; 0 B data, 0 B used, 0 B / 0 B avail
2024-08-18T22:33:31.083 INFO:journalctl@ceph.mon.smithi121.smithi121.stdout:Aug 18 22:33:31 smithi121 ceph-mon[16788]: from='client.? 172.21.15.121:0/145346582' entity='client.admin'
2024-08-18T22:33:31.099 INFO:teuthology.orchestra.run.smithi121.stdout:/usr/bin/ceph: stderr
2024-08-18T22:33:30.358+0000 7ff3630a1640 1 Processor -- start
2024-08-18T22:33:31.099 INFO:teuthology.orchestra.run.smithi121.stdout:/usr/bin/ceph: stderr
2024-08-18T22:33:30.358+0000 7ff3630a1640 1 -- start start
2024-08-18T22:33:31.099 INFO:teuthology.orchestra.run.smithi121.stdout:/usr/bin/ceph: stderr
2024-08-18T22:33:30.359+0000 7ff3630a1640 1 --2- >> [v2:172.21.15.121:3300/0,v1:172.21.15.121:6789/0] conn(0x7ff35c100bb0 0x7ff35c100fc0 unknown :-1 s=NONE pgs=0 cs=0 l=0 rev1=0 crypto rx=0 tx=0 comp rx=0 tx=0).connect
2024-08-18T22:33:31.099 INFO:teuthology.orchestra.run.smithi121.stdout:/usr/bin/ceph: stderr
2024-08-18T22:33:30.359+0000 7ff3630a1640 1 -- --> [v2:172.21.15.121:3300/0,v1:172.21.15.121:6789/0] -- mon_getmap magic: 0 v1 -- 0x7ff35c101500 con 0x7ff35c100bb0
2024-08-18T22:33:31.099 INFO:teuthology.orchestra.run.smithi121.stdout:/usr/bin/ceph: stderr
2024-08-18T22:33:30.359+0000 7ff360e3d640 1 --2- >> [v2:172.21.15.121:3300/0,v1:172.21.15.121:6789/0] conn(0x7ff35c100bb0 0x7ff35c100fc0 unknown :-1 s=BANNER_CONNECTING pgs=0 cs=0 l=0 rev1=0 crypto rx=0 tx=0 comp rx=0 tx=0)._handle_peer_banner_payload supported=3 required=0
2024-08-18T22:33:31.099 INFO:teuthology.orchestra.run.smithi121.stdout:/usr/bin/ceph: stderr
2024-08-18T22:33:30.359+0000 7ff360e3d640 1 --2- >> [v2:172.21.15.121:3300/0,v1:172.21.15.121:6789/0] conn(0x7ff35c100bb0 0x7ff35c100fc0 unknown :-1 s=HELLO_CONNECTING pgs=0 cs=0 l=0 rev1=1 crypto rx=0 tx=0 comp rx=0 tx=0).handle_hello peer v2:172.21.15.121:3300/0 says I am v2:172.21.15.121:47172/0 (socket says 172.21.15.121:47172)
2024-08-18T22:33:31.099 INFO:teuthology.orchestra.run.smithi121.stdout:/usr/bin/ceph: stderr
2024-08-18T22:33:30.359+0000 7ff360e3d640 1 -- 172.21.15.121:0/1890072062 learned_addr learned my addr 172.21.15.121:0/1890072062 (peer_addr_for_me v2:172.21.15.121:0/0)
2024-08-18T22:33:31.099 INFO:teuthology.orchestra.run.smithi121.stdout:/usr/bin/ceph: stderr
2024-08-18T22:33:30.359+0000 7ff360e3d640 1 -- 172.21.15.121:0/1890072062 --> [v2:172.21.15.121:3300/0,v1:172.21.15.121:6789/0] -- mon_subscribe({config=0+,monmap=0+}) v3 -- 0x7ff35c101640 con 0x7ff35c100bb0
2024-08-18T22:33:31.100 INFO:teuthology.orchestra.run.smithi121.stdout:/usr/bin/ceph: stderr
2024-08-18T22:33:30.360+0000 7ff360e3d640 1 --2- 172.21.15.121:0/1890072062 >> [v2:172.21.15.121:3300/0,v1:172.21.15.121:6789/0] conn(0x7ff35c100bb0 0x7ff35c100fc0 secure :-1 s=READY pgs=59 cs=0 l=1 rev1=1 crypto rx=0x7ff35000baf0 tx=0x7ff35000b460 comp rx=0 tx=0).ready entity=mon.0 client_cookie=cfa346001207a179 server_cookie=0 in_seq=0 out_seq=0
2024-08-18T22:33:31.100 INFO:teuthology.orchestra.run.smithi121.stdout:/usr/bin/ceph: stderr
2024-08-18T22:33:30.360+0000 7ff35b7fe640 1 -- 172.21.15.121:0/1890072062 <== mon.0 v2:172.21.15.121:3300/0 1 ==== mon_map magic: 0 v1 ==== 229+0+0 (secure 0 0 0) 0x7ff3500327a0 con 0x7ff35c100bb0
2024-08-18T22:33:31.100 INFO:teuthology.orchestra.run.smithi121.stdout:/usr/bin/ceph: stderr
2024-08-18T22:33:30.360+0000 7ff35b7fe640 1 -- 172.21.15.121:0/1890072062 <== mon.0 v2:172.21.15.121:3300/0 2 ==== config(26 keys) v1 ==== 1070+0+0 (secure 0 0 0) 0x7ff350032da0 con 0x7ff35c100bb0
2024-08-18T22:33:31.100 INFO:teuthology.orchestra.run.smithi121.stdout:/usr/bin/ceph: stderr
2024-08-18T22:33:30.360+0000 7ff35b7fe640 1 -- 172.21.15.121:0/1890072062 <== mon.0 v2:172.21.15.121:3300/0 3 ==== mon_map magic: 0 v1 ==== 229+0+0 (secure 0 0 0) 0x7ff350031e60 con 0x7ff35c100bb0
2024-08-18T22:33:31.100 INFO:teuthology.orchestra.run.smithi121.stdout:/usr/bin/ceph: stderr
2024-08-18T22:33:30.360+0000 7ff3630a1640 1 -- 172.21.15.121:0/1890072062 >> [v2:172.21.15.121:3300/0,v1:172.21.15.121:6789/0] conn(0x7ff35c100bb0 msgr2=0x7ff35c100fc0 secure :-1 s=STATE_CONNECTION_ESTABLISHED l=1).mark_down
2024-08-18T22:33:31.100 INFO:teuthology.orchestra.run.smithi121.stdout:/usr/bin/ceph: stderr
2024-08-18T22:33:30.360+0000 7ff3630a1640 1 --2- 172.21.15.121:0/1890072062 >> [v2:172.21.15.121:3300/0,v1:172.21.15.121:6789/0] conn(0x7ff35c100bb0 0x7ff35c100fc0 secure :-1 s=READY pgs=59 cs=0 l=1 rev1=1 crypto rx=0x7ff35000baf0 tx=0x7ff35000b460 comp rx=0 tx=0).stop
2024-08-18T22:33:31.100 INFO:teuthology.orchestra.run.smithi121.stdout:/usr/bin/ceph: stderr
2024-08-18T22:33:30.361+0000 7ff3630a1640 1 -- 172.21.15.121:0/1890072062 shutdown_connections
2024-08-18T22:33:31.100 INFO:teuthology.orchestra.run.smithi121.stdout:/usr/bin/ceph: stderr
2024-08-18T22:33:30.361+0000 7ff3630a1640 1 --2- 172.21.15.121:0/1890072062 >> [v2:172.21.15.121:3300/0,v1:172.21.15.121:6789/0] conn(0x7ff35c100bb0 0x7ff35c100fc0 unknown :-1 s=CLOSED pgs=59 cs=0 l=1 rev1=1 crypto rx=0 tx=0 comp rx=0 tx=0).stop
2024-08-18T22:33:31.100 INFO:teuthology.orchestra.run.smithi121.stdout:/usr/bin/ceph: stderr
2024-08-18T22:33:30.361+0000 7ff3630a1640 1 -- 172.21.15.121:0/1890072062 >> 172.21.15.121:0/1890072062 conn(0x7ff35c0fc350 msgr2=0x7ff35c0fe7a0 unknown :-1 s=STATE_NONE l=0).mark_down
2024-08-18T22:33:31.100 INFO:teuthology.orchestra.run.smithi121.stdout:/usr/bin/ceph: stderr
2024-08-18T22:33:30.361+0000 7ff3630a1640 1 -- 172.21.15.121:0/1890072062 shutdown_connections
2024-08-18T22:33:31.100 INFO:teuthology.orchestra.run.smithi121.stdout:/usr/bin/ceph: stderr
2024-08-18T22:33:30.361+0000 7ff3630a1640 1 -- 172.21.15.121:0/1890072062 wait complete.
2024-08-18T22:33:31.100 INFO:teuthology.orchestra.run.smithi121.stdout:/usr/bin/ceph: stderr
2024-08-18T22:33:30.361+0000 7ff3630a1640 1 Processor -- start
2024-08-18T22:33:31.100 INFO:teuthology.orchestra.run.smithi121.stdout:/usr/bin/ceph: stderr
2024-08-18T22:33:30.361+0000 7ff3630a1640 1 -- start start
2024-08-18T22:33:31.101 INFO:teuthology.orchestra.run.smithi121.stdout:/usr/bin/ceph: stderr
2024-08-18T22:33:30.362+0000 7ff3630a1640 1 --2- >> [v2:172.21.15.121:3300/0,v1:172.21.15.121:6789/0] conn(0x7ff35c100bb0 0x7ff35c112cf0 unknown :-1 s=NONE pgs=0 cs=0 l=1 rev1=0 crypto rx=0 tx=0 comp rx=0 tx=0).connect
2024-08-18T22:33:31.101 INFO:teuthology.orchestra.run.smithi121.stdout:/usr/bin/ceph: stderr
2024-08-18T22:33:30.362+0000 7ff3630a1640 1 -- --> [v2:172.21.15.121:3300/0,v1:172.21.15.121:6789/0] -- mon_getmap magic: 0 v1 -- 0x7ff35c113230 con 0x7ff35c100bb0
2024-08-18T22:33:31.101 INFO:teuthology.orchestra.run.smithi121.stdout:/usr/bin/ceph: stderr
2024-08-18T22:33:30.362+0000 7ff360e3d640 1 --2- >> [v2:172.21.15.121:3300/0,v1:172.21.15.121:6789/0] conn(0x7ff35c100bb0 0x7ff35c112cf0 unknown :-1 s=BANNER_CONNECTING pgs=0 cs=0 l=1 rev1=0 crypto rx=0 tx=0 comp rx=0 tx=0)._handle_peer_banner_payload supported=3 required=0
2024-08-18T22:33:31.101 INFO:teuthology.orchestra.run.smithi121.stdout:/usr/bin/ceph: stderr
2024-08-18T22:33:30.362+0000 7ff360e3d640 1 --2- >> [v2:172.21.15.121:3300/0,v1:172.21.15.121:6789/0] conn(0x7ff35c100bb0 0x7ff35c112cf0 unknown :-1 s=HELLO_CONNECTING pgs=0 cs=0 l=1 rev1=1 crypto rx=0 tx=0 comp rx=0 tx=0).handle_hello peer v2:172.21.15.121:3300/0 says I am v2:172.21.15.121:47188/0 (socket says 172.21.15.121:47188)
2024-08-18T22:33:31.101 INFO:teuthology.orchestra.run.smithi121.stdout:/usr/bin/ceph: stderr
2024-08-18T22:33:30.362+0000 7ff360e3d640 1 -- 172.21.15.121:0/145346582 learned_addr learned my addr 172.21.15.121:0/145346582 (peer_addr_for_me v2:172.21.15.121:0/0)
2024-08-18T22:33:31.101 INFO:teuthology.orchestra.run.smithi121.stdout:/usr/bin/ceph: stderr
2024-08-18T22:33:30.362+0000 7ff360e3d640 1 -- 172.21.15.121:0/145346582 --> [v2:172.21.15.121:3300/0,v1:172.21.15.121:6789/0] -- mon_subscribe({config=0+,monmap=0+}) v3 -- 0x7ff35000b700 con 0x7ff35c100bb0
2024-08-18T22:33:31.101 INFO:teuthology.orchestra.run.smithi121.stdout:/usr/bin/ceph: stderr
2024-08-18T22:33:30.362+0000 7ff360e3d640 1 --2- 172.21.15.121:0/145346582 >> [v2:172.21.15.121:3300/0,v1:172.21.15.121:6789/0] conn(0x7ff35c100bb0 0x7ff35c112cf0 secure :-1 s=READY pgs=60 cs=0 l=1 rev1=1 crypto rx=0x7ff35000b2c0 tx=0x7ff350008040 comp rx=0 tx=0).ready entity=mon.0 client_cookie=0 server_cookie=0 in_seq=0 out_seq=0
2024-08-18T22:33:31.101 INFO:teuthology.orchestra.run.smithi121.stdout:/usr/bin/ceph: stderr
2024-08-18T22:33:30.362+0000 7ff3597fa640 1 -- 172.21.15.121:0/145346582 <== mon.0 v2:172.21.15.121:3300/0 1 ==== mon_map magic: 0 v1 ==== 229+0+0 (secure 0 0 0) 0x7ff3500329b0 con 0x7ff35c100bb0
2024-08-18T22:33:31.101 INFO:teuthology.orchestra.run.smithi121.stdout:/usr/bin/ceph: stderr
2024-08-18T22:33:30.362+0000 7ff3597fa640 1 -- 172.21.15.121:0/145346582 <== mon.0 v2:172.21.15.121:3300/0 2 ==== config(26 keys) v1 ==== 1070+0+0 (secure 0 0 0) 0x7ff350032b10 con 0x7ff35c100bb0
2024-08-18T22:33:31.101 INFO:teuthology.orchestra.run.smithi121.stdout:/usr/bin/ceph: stderr
2024-08-18T22:33:30.362+0000 7ff3630a1640 1 -- 172.21.15.121:0/145346582 --> [v2:172.21.15.121:3300/0,v1:172.21.15.121:6789/0] -- mon_subscribe({mgrmap=0+}) v3 -- 0x7ff35c113430 con 0x7ff35c100bb0
2024-08-18T22:33:31.101 INFO:teuthology.orchestra.run.smithi121.stdout:/usr/bin/ceph: stderr
2024-08-18T22:33:30.362+0000 7ff3597fa640 1 -- 172.21.15.121:0/145346582 <== mon.0 v2:172.21.15.121:3300/0 3 ==== mon_map magic: 0 v1 ==== 229+0+0 (secure 0 0 0) 0x7ff350045640 con 0x7ff35c100bb0
2024-08-18T22:33:31.101 INFO:teuthology.orchestra.run.smithi121.stdout:/usr/bin/ceph: stderr
2024-08-18T22:33:30.362+0000 7ff3630a1640 1 -- 172.21.15.121:0/145346582 --> [v2:172.21.15.121:3300/0,v1:172.21.15.121:6789/0] -- mon_subscribe({osdmap=0}) v3 -- 0x7ff35c1138a0 con 0x7ff35c100bb0
2024-08-18T22:33:31.101 INFO:teuthology.orchestra.run.smithi121.stdout:/usr/bin/ceph: stderr
2024-08-18T22:33:30.363+0000 7ff3597fa640 1 -- 172.21.15.121:0/145346582 <== mon.0 v2:172.21.15.121:3300/0 4 ==== mgrmap(e 8) v1 ==== 42636+0+0 (secure 0 0 0) 0x7ff350045880 con 0x7ff35c100bb0
2024-08-18T22:33:31.101 INFO:teuthology.orchestra.run.smithi121.stdout:/usr/bin/ceph: stderr
2024-08-18T22:33:30.363+0000 7ff3597fa640 1 --2- 172.21.15.121:0/145346582 >> [v2:172.21.15.121:6800/833901271,v1:172.21.15.121:6801/833901271] conn(0x7ff34c0356c0 0x7ff34c037b70 unknown :-1 s=NONE pgs=0 cs=0 l=1 rev1=0 crypto rx=0 tx=0 comp rx=0 tx=0).connect
2024-08-18T22:33:31.101 INFO:teuthology.orchestra.run.smithi121.stdout:/usr/bin/ceph: stderr
2024-08-18T22:33:30.363+0000 7ff3597fa640 1 -- 172.21.15.121:0/145346582 <== mon.0 v2:172.21.15.121:3300/0 5 ==== osd_map(2..2 src has 1..2) v4 ==== 936+0+0 (secure 0 0 0) 0x7ff35003bb70 con 0x7ff35c100bb0
2024-08-18T22:33:31.102 INFO:teuthology.orchestra.run.smithi121.stdout:/usr/bin/ceph: stderr
2024-08-18T22:33:30.363+0000 7ff35bfff640 1 --2- 172.21.15.121:0/145346582 >> [v2:172.21.15.121:6800/833901271,v1:172.21.15.121:6801/833901271] conn(0x7ff34c0356c0 0x7ff34c037b70 unknown :-1 s=BANNER_CONNECTING pgs=0 cs=0 l=1 rev1=0 crypto rx=0 tx=0 comp rx=0 tx=0)._handle_peer_banner_payload supported=3 required=0
2024-08-18T22:33:31.102 INFO:teuthology.orchestra.run.smithi121.stdout:/usr/bin/ceph: stderr
2024-08-18T22:33:30.363+0000 7ff3630a1640 1 -- 172.21.15.121:0/145346582 --> [v2:172.21.15.121:3300/0,v1:172.21.15.121:6789/0] -- mon_command({"prefix": "get_command_descriptions"} v 0) v1 -- 0x7ff35c05eb10 con 0x7ff35c100bb0
2024-08-18T22:33:31.102 INFO:teuthology.orchestra.run.smithi121.stdout:/usr/bin/ceph: stderr
2024-08-18T22:33:30.364+0000 7ff35bfff640 1 --2- 172.21.15.121:0/145346582 >> [v2:172.21.15.121:6800/833901271,v1:172.21.15.121:6801/833901271] conn(0x7ff34c0356c0 0x7ff34c037b70 secure :-1 s=READY pgs=19 cs=0 l=1 rev1=1 crypto rx=0x7ff348006fd0 tx=0x7ff348006db0 comp rx=0 tx=0).ready entity=mgr.14118 client_cookie=0 server_cookie=0 in_seq=0 out_seq=0
2024-08-18T22:33:31.102 INFO:teuthology.orchestra.run.smithi121.stdout:/usr/bin/ceph: stderr
2024-08-18T22:33:30.368+0000 7ff3597fa640 1 -- 172.21.15.121:0/145346582 <== mon.0 v2:172.21.15.121:3300/0 6 ==== mon_command_ack([{"prefix": "get_command_descriptions"}]=0 v0) v1 ==== 72+0+176781 (secure 0 0 0) 0x7ff350036030 con 0x7ff35c100bb0
2024-08-18T22:33:31.102 INFO:teuthology.orchestra.run.smithi121.stdout:/usr/bin/ceph: stderr
2024-08-18T22:33:30.523+0000 7ff3630a1640 1 -- 172.21.15.121:0/145346582 --> [v2:172.21.15.121:3300/0,v1:172.21.15.121:6789/0] -- mon_command([{prefix=config set, name=mgr/cephadm/container_init}] v 0) v1 -- 0x7ff35c04b4c0 con 0x7ff35c100bb0
2024-08-18T22:33:31.102 INFO:teuthology.orchestra.run.smithi121.stdout:/usr/bin/ceph: stderr
2024-08-18T22:33:30.529+0000 7ff3597fa640 1 -- 172.21.15.121:0/145346582 <== mon.0 v2:172.21.15.121:3300/0 7 ==== mon_command_ack([{prefix=config set, name=mgr/cephadm/container_init}]=0 v7)=0 v7) v1 ==== 142+0+0 (secure 0 0 0) 0x7ff350067020 con 0x7ff35c100bb0
2024-08-18T22:33:31.102 INFO:teuthology.orchestra.run.smithi121.stdout:/usr/bin/ceph: stderr
2024-08-18T22:33:30.532+0000 7ff3630a1640 1 -- 172.21.15.121:0/145346582 >> [v2:172.21.15.121:6800/833901271,v1:172.21.15.121:6801/833901271] conn(0x7ff34c0356c0 msgr2=0x7ff34c037b70 secure :-1 s=STATE_CONNECTION_ESTABLISHED l=1).mark_down
2024-08-18T22:33:31.103 INFO:teuthology.orchestra.run.smithi121.stdout:/usr/bin/ceph: stderr
2024-08-18T22:33:30.532+0000 7ff3630a1640 1 --2- 172.21.15.121:0/145346582 >> [v2:172.21.15.121:6800/833901271,v1:172.21.15.121:6801/833901271] conn(0x7ff34c0356c0 0x7ff34c037b70 secure :-1 s=READY pgs=19 cs=0 l=1 rev1=1 crypto rx=0x7ff348006fd0 tx=0x7ff348006db0 comp rx=0 tx=0).stop
2024-08-18T22:33:31.103 INFO:teuthology.orchestra.run.smithi121.stdout:/usr/bin/ceph: stderr
2024-08-18T22:33:30.532+0000 7ff3630a1640 1 -- 172.21.15.121:0/145346582 >> [v2:172.21.15.121:3300/0,v1:172.21.15.121:6789/0] conn(0x7ff35c100bb0 msgr2=0x7ff35c112cf0 secure :-1 s=STATE_CONNECTION_ESTABLISHED l=1).mark_down
2024-08-18T22:33:31.103 INFO:teuthology.orchestra.run.smithi121.stdout:/usr/bin/ceph: stderr
2024-08-18T22:33:30.532+0000 7ff3630a1640 1 --2- 172.21.15.121:0/145346582 >> [v2:172.21.15.121:3300/0,v1:172.21.15.121:6789/0] conn(0x7ff35c100bb0 0x7ff35c112cf0 secure :-1 s=READY pgs=60 cs=0 l=1 rev1=1 crypto rx=0x7ff35000b2c0 tx=0x7ff350008040 comp rx=0 tx=0).stop
2024-08-18T22:33:31.103 INFO:teuthology.orchestra.run.smithi121.stdout:/usr/bin/ceph: stderr
2024-08-18T22:33:30.532+0000 7ff3630a1640 1 -- 172.21.15.121:0/145346582 shutdown_connections
2024-08-18T22:33:31.103 INFO:teuthology.orchestra.run.smithi121.stdout:/usr/bin/ceph: stderr
2024-08-18T22:33:30.532+0000 7ff3630a1640 1 --2- 172.21.15.121:0/145346582 >> [v2:172.21.15.121:6800/833901271,v1:172.21.15.121:6801/833901271] conn(0x7ff34c0356c0 0x7ff34c037b70 unknown :-1 s=CLOSED pgs=19 cs=0 l=1 rev1=1 crypto rx=0 tx=0 comp rx=0 tx=0).stop
2024-08-18T22:33:31.103 INFO:teuthology.orchestra.run.smithi121.stdout:/usr/bin/ceph: stderr
2024-08-18T22:33:30.532+0000 7ff3630a1640 1 --2- 172.21.15.121:0/145346582 >> [v2:172.21.15.121:3300/0,v1:172.21.15.121:6789/0] conn(0x7ff35c100bb0 0x7ff35c112cf0 unknown :-1 s=CLOSED pgs=60 cs=0 l=1 rev1=1 crypto rx=0 tx=0 comp rx=0 tx=0).stop
2024-08-18T22:33:31.103 INFO:teuthology.orchestra.run.smithi121.stdout:/usr/bin/ceph: stderr
2024-08-18T22:33:30.532+0000 7ff3630a1640 1 -- 172.21.15.121:0/145346582 >> 172.21.15.121:0/145346582 conn(0x7ff35c0fc350 msgr2=0x7ff35c105160 unknown :-1 s=STATE_NONE l=0).mark_down
2024-08-18T22:33:31.103 INFO:teuthology.orchestra.run.smithi121.stdout:/usr/bin/ceph: stderr
2024-08-18T22:33:30.532+0000 7ff3630a1640 1 -- 172.21.15.121:0/145346582 shutdown_connections
2024-08-18T22:33:31.103 INFO:teuthology.orchestra.run.smithi121.stdout:/usr/bin/ceph: stderr
2024-08-18T22:33:30.532+0000 7ff3630a1640 1 -- 172.21.15.121:0/145346582 wait complete.
2024-08-18T22:33:32.204 INFO:teuthology.orchestra.run.smithi121.stdout:/usr/bin/ceph: stderr
2024-08-18T22:33:31.480+0000 7f6b7337d640 1 Processor -- start
2024-08-18T22:33:32.204 INFO:teuthology.orchestra.run.smithi121.stdout:/usr/bin/ceph: stderr
2024-08-18T22:33:31.480+0000 7f6b7337d640 1 -- start start
2024-08-18T22:33:32.204 INFO:teuthology.orchestra.run.smithi121.stdout:/usr/bin/ceph: stderr
2024-08-18T22:33:31.480+0000 7f6b7337d640 1 --2- >> [v2:172.21.15.121:3300/0,v1:172.21.15.121:6789/0] conn(0x7f6b6c078c90 0x7f6b6c0771c0 unknown :-1 s=NONE pgs=0 cs=0 l=0 rev1=0 crypto rx=0 tx=0 comp rx=0 tx=0).connect
2024-08-18T22:33:32.205 INFO:teuthology.orchestra.run.smithi121.stdout:/usr/bin/ceph: stderr
2024-08-18T22:33:31.480+0000 7f6b7337d640 1 -- --> [v2:172.21.15.121:3300/0,v1:172.21.15.121:6789/0] -- mon_getmap magic: 0 v1 -- 0x7f6b6c0790a0 con 0x7f6b6c078c90
2024-08-18T22:33:32.205 INFO:teuthology.orchestra.run.smithi121.stdout:/usr/bin/ceph: stderr
2024-08-18T22:33:31.480+0000 7f6b71119640 1 --2- >> [v2:172.21.15.121:3300/0,v1:172.21.15.121:6789/0] conn(0x7f6b6c078c90 0x7f6b6c0771c0 unknown :-1 s=BANNER_CONNECTING pgs=0 cs=0 l=0 rev1=0 crypto rx=0 tx=0 comp rx=0 tx=0)._handle_peer_banner_payload supported=3 required=0
2024-08-18T22:33:32.205 INFO:teuthology.orchestra.run.smithi121.stdout:/usr/bin/ceph: stderr
2024-08-18T22:33:31.480+0000 7f6b71119640 1 --2- >> [v2:172.21.15.121:3300/0,v1:172.21.15.121:6789/0] conn(0x7f6b6c078c90 0x7f6b6c0771c0 unknown :-1 s=HELLO_CONNECTING pgs=0 cs=0 l=0 rev1=1 crypto rx=0 tx=0 comp rx=0 tx=0).handle_hello peer v2:172.21.15.121:3300/0 says I am v2:172.21.15.121:47192/0 (socket says 172.21.15.121:47192)
2024-08-18T22:33:32.205 INFO:teuthology.orchestra.run.smithi121.stdout:/usr/bin/ceph: stderr
2024-08-18T22:33:31.480+0000 7f6b71119640 1 -- 172.21.15.121:0/3137013771 learned_addr learned my addr 172.21.15.121:0/3137013771 (peer_addr_for_me v2:172.21.15.121:0/0)
2024-08-18T22:33:32.205 INFO:teuthology.orchestra.run.smithi121.stdout:/usr/bin/ceph: stderr
2024-08-18T22:33:31.480+0000 7f6b71119640 1 -- 172.21.15.121:0/3137013771 --> [v2:172.21.15.121:3300/0,v1:172.21.15.121:6789/0] -- mon_subscribe({config=0+,monmap=0+}) v3 -- 0x7f6b6c077700 con 0x7f6b6c078c90
2024-08-18T22:33:32.205 INFO:teuthology.orchestra.run.smithi121.stdout:/usr/bin/ceph: stderr
2024-08-18T22:33:31.481+0000 7f6b71119640 1 --2- 172.21.15.121:0/3137013771 >> [v2:172.21.15.121:3300/0,v1:172.21.15.121:6789/0] conn(0x7f6b6c078c90 0x7f6b6c0771c0 secure :-1 s=READY pgs=61 cs=0 l=1 rev1=1 crypto rx=0x7f6b68009840 tx=0x7f6b680091d0 comp rx=0 tx=0).ready entity=mon.0 client_cookie=bc8f522b587cd1ae server_cookie=0 in_seq=0 out_seq=0
2024-08-18T22:33:32.205 INFO:teuthology.orchestra.run.smithi121.stdout:/usr/bin/ceph: stderr
2024-08-18T22:33:31.481+0000 7f6b63fff640 1 -- 172.21.15.121:0/3137013771 <== mon.0 v2:172.21.15.121:3300/0 1 ==== mon_map magic: 0 v1 ==== 229+0+0 (secure 0 0 0) 0x7f6b68032440 con 0x7f6b6c078c90
2024-08-18T22:33:32.205 INFO:teuthology.orchestra.run.smithi121.stdout:/usr/bin/ceph: stderr
2024-08-18T22:33:31.481+0000 7f6b63fff640 1 -- 172.21.15.121:0/3137013771 <== mon.0 v2:172.21.15.121:3300/0 2 ==== config(26 keys) v1 ==== 1070+0+0 (secure 0 0 0) 0x7f6b68032a40 con 0x7f6b6c078c90
2024-08-18T22:33:32.205 INFO:teuthology.orchestra.run.smithi121.stdout:/usr/bin/ceph: stderr
2024-08-18T22:33:31.481+0000 7f6b63fff640 1 -- 172.21.15.121:0/3137013771 <== mon.0 v2:172.21.15.121:3300/0 3 ==== mon_map magic: 0 v1 ==== 229+0+0 (secure 0 0 0) 0x7f6b68031a70 con 0x7f6b6c078c90
2024-08-18T22:33:32.205 INFO:teuthology.orchestra.run.smithi121.stdout:/usr/bin/ceph: stderr
2024-08-18T22:33:31.482+0000 7f6b7337d640 1 -- 172.21.15.121:0/3137013771 >> [v2:172.21.15.121:3300/0,v1:172.21.15.121:6789/0] conn(0x7f6b6c078c90 msgr2=0x7f6b6c0771c0 secure :-1 s=STATE_CONNECTION_ESTABLISHED l=1).mark_down
2024-08-18T22:33:32.205 INFO:teuthology.orchestra.run.smithi121.stdout:/usr/bin/ceph: stderr
2024-08-18T22:33:31.482+0000 7f6b7337d640 1 --2- 172.21.15.121:0/3137013771 >> [v2:172.21.15.121:3300/0,v1:172.21.15.121:6789/0] conn(0x7f6b6c078c90 0x7f6b6c0771c0 secure :-1 s=READY pgs=61 cs=0 l=1 rev1=1 crypto rx=0x7f6b68009840 tx=0x7f6b680091d0 comp rx=0 tx=0).stop
2024-08-18T22:33:32.205 INFO:teuthology.orchestra.run.smithi121.stdout:/usr/bin/ceph: stderr
2024-08-18T22:33:31.482+0000 7f6b7337d640 1 -- 172.21.15.121:0/3137013771 shutdown_connections
2024-08-18T22:33:32.205 INFO:teuthology.orchestra.run.smithi121.stdout:/usr/bin/ceph: stderr
2024-08-18T22:33:31.482+0000 7f6b7337d640 1 --2- 172.21.15.121:0/3137013771 >> [v2:172.21.15.121:3300/0,v1:172.21.15.121:6789/0] conn(0x7f6b6c078c90 0x7f6b6c0771c0 unknown :-1 s=CLOSED pgs=61 cs=0 l=1 rev1=1 crypto rx=0 tx=0 comp rx=0 tx=0).stop
2024-08-18T22:33:32.206 INFO:teuthology.orchestra.run.smithi121.stdout:/usr/bin/ceph: stderr
2024-08-18T22:33:31.482+0000 7f6b7337d640 1 -- 172.21.15.121:0/3137013771 >> 172.21.15.121:0/3137013771 conn(0x7f6b6c0fd510 msgr2=0x7f6b6c0ff8f0 unknown :-1 s=STATE_NONE l=0).mark_down
2024-08-18T22:33:32.206 INFO:teuthology.orchestra.run.smithi121.stdout:/usr/bin/ceph: stderr
2024-08-18T22:33:31.482+0000 7f6b7337d640 1 -- 172.21.15.121:0/3137013771 shutdown_connections
2024-08-18T22:33:32.206 INFO:teuthology.orchestra.run.smithi121.stdout:/usr/bin/ceph: stderr
2024-08-18T22:33:31.482+0000 7f6b7337d640 1 -- 172.21.15.121:0/3137013771 wait complete.
2024-08-18T22:33:32.206 INFO:teuthology.orchestra.run.smithi121.stdout:/usr/bin/ceph: stderr
2024-08-18T22:33:31.483+0000 7f6b7337d640 1 Processor -- start
2024-08-18T22:33:32.206 INFO:teuthology.orchestra.run.smithi121.stdout:/usr/bin/ceph: stderr
2024-08-18T22:33:31.483+0000 7f6b7337d640 1 -- start start
2024-08-18T22:33:32.206 INFO:teuthology.orchestra.run.smithi121.stdout:/usr/bin/ceph: stderr
2024-08-18T22:33:31.483+0000 7f6b7337d640 1 --2- >> [v2:172.21.15.121:3300/0,v1:172.21.15.121:6789/0] conn(0x7f6b6c078c90 0x7f6b6c112dd0 unknown :-1 s=NONE pgs=0 cs=0 l=1 rev1=0 crypto rx=0 tx=0 comp rx=0 tx=0).connect
2024-08-18T22:33:32.206 INFO:teuthology.orchestra.run.smithi121.stdout:/usr/bin/ceph: stderr
2024-08-18T22:33:31.483+0000 7f6b7337d640 1 -- --> [v2:172.21.15.121:3300/0,v1:172.21.15.121:6789/0] -- mon_getmap magic: 0 v1 -- 0x7f6b6c113310 con 0x7f6b6c078c90
2024-08-18T22:33:32.206 INFO:teuthology.orchestra.run.smithi121.stdout:/usr/bin/ceph: stderr
2024-08-18T22:33:31.483+0000 7f6b71119640 1 --2- >> [v2:172.21.15.121:3300/0,v1:172.21.15.121:6789/0] conn(0x7f6b6c078c90 0x7f6b6c112dd0 unknown :-1 s=BANNER_CONNECTING pgs=0 cs=0 l=1 rev1=0 crypto rx=0 tx=0 comp rx=0 tx=0)._handle_peer_banner_payload supported=3 required=0
2024-08-18T22:33:32.206 INFO:teuthology.orchestra.run.smithi121.stdout:/usr/bin/ceph: stderr
2024-08-18T22:33:31.483+0000 7f6b71119640 1 --2- >> [v2:172.21.15.121:3300/0,v1:172.21.15.121:6789/0] conn(0x7f6b6c078c90 0x7f6b6c112dd0 unknown :-1 s=HELLO_CONNECTING pgs=0 cs=0 l=1 rev1=1 crypto rx=0 tx=0 comp rx=0 tx=0).handle_hello peer v2:172.21.15.121:3300/0 says I am v2:172.21.15.121:47202/0 (socket says 172.21.15.121:47202)
2024-08-18T22:33:32.206 INFO:teuthology.orchestra.run.smithi121.stdout:/usr/bin/ceph: stderr
2024-08-18T22:33:31.483+0000 7f6b71119640 1 -- 172.21.15.121:0/261710849 learned_addr learned my addr 172.21.15.121:0/261710849 (peer_addr_for_me v2:172.21.15.121:0/0)
2024-08-18T22:33:32.206 INFO:teuthology.orchestra.run.smithi121.stdout:/usr/bin/ceph: stderr
2024-08-18T22:33:31.483+0000 7f6b71119640 1 -- 172.21.15.121:0/261710849 --> [v2:172.21.15.121:3300/0,v1:172.21.15.121:6789/0] -- mon_subscribe({config=0+,monmap=0+}) v3 -- 0x7f6b68009450 con 0x7f6b6c078c90
2024-08-18T22:33:32.206 INFO:teuthology.orchestra.run.smithi121.stdout:/usr/bin/ceph: stderr
2024-08-18T22:33:31.483+0000 7f6b71119640 1 --2- 172.21.15.121:0/261710849 >> [v2:172.21.15.121:3300/0,v1:172.21.15.121:6789/0] conn(0x7f6b6c078c90 0x7f6b6c112dd0 secure :-1 s=READY pgs=62 cs=0 l=1 rev1=1 crypto rx=0x7f6b68009420 tx=0x7f6b680091d0 comp rx=0 tx=0).ready entity=mon.0 client_cookie=0 server_cookie=0 in_seq=0 out_seq=0
2024-08-18T22:33:32.207 INFO:teuthology.orchestra.run.smithi121.stdout:/usr/bin/ceph: stderr
2024-08-18T22:33:31.483+0000 7f6b61ffb640 1 -- 172.21.15.121:0/261710849 <== mon.0 v2:172.21.15.121:3300/0 1 ==== mon_map magic: 0 v1 ==== 229+0+0 (secure 0 0 0) 0x7f6b6803c400 con 0x7f6b6c078c90
2024-08-18T22:33:32.207 INFO:teuthology.orchestra.run.smithi121.stdout:/usr/bin/ceph: stderr
2024-08-18T22:33:31.484+0000 7f6b61ffb640 1 -- 172.21.15.121:0/261710849 <== mon.0 v2:172.21.15.121:3300/0 2 ==== config(26 keys) v1 ==== 1070+0+0 (secure 0 0 0) 0x7f6b6803ca00 con 0x7f6b6c078c90
2024-08-18T22:33:32.207 INFO:teuthology.orchestra.run.smithi121.stdout:/usr/bin/ceph: stderr
2024-08-18T22:33:31.484+0000 7f6b7337d640 1 -- 172.21.15.121:0/261710849 --> [v2:172.21.15.121:3300/0,v1:172.21.15.121:6789/0] -- mon_subscribe({mgrmap=0+}) v3 -- 0x7f6b6c113510 con 0x7f6b6c078c90
2024-08-18T22:33:32.207 INFO:teuthology.orchestra.run.smithi121.stdout:/usr/bin/ceph: stderr
2024-08-18T22:33:31.484+0000 7f6b61ffb640 1 -- 172.21.15.121:0/261710849 <== mon.0 v2:172.21.15.121:3300/0 3 ==== mon_map magic: 0 v1 ==== 229+0+0 (secure 0 0 0) 0x7f6b6803a8d0 con 0x7f6b6c078c90
2024-08-18T22:33:32.207 INFO:teuthology.orchestra.run.smithi121.stdout:/usr/bin/ceph: stderr
2024-08-18T22:33:31.484+0000 7f6b7337d640 1 -- 172.21.15.121:0/261710849 --> [v2:172.21.15.121:3300/0,v1:172.21.15.121:6789/0] -- mon_subscribe({osdmap=0}) v3 -- 0x7f6b6c113f60 con 0x7f6b6c078c90
2024-08-18T22:33:32.207 INFO:teuthology.orchestra.run.smithi121.stdout:/usr/bin/ceph: stderr
2024-08-18T22:33:31.485+0000 7f6b61ffb640 1 -- 172.21.15.121:0/261710849 <== mon.0 v2:172.21.15.121:3300/0 4 ==== mgrmap(e 8) v1 ==== 42636+0+0 (secure 0 0 0) 0x7f6b6803c560 con 0x7f6b6c078c90
2024-08-18T22:33:32.207 INFO:teuthology.orchestra.run.smithi121.stdout:/usr/bin/ceph: stderr
2024-08-18T22:33:31.485+0000 7f6b61ffb640 1 --2- 172.21.15.121:0/261710849 >> [v2:172.21.15.121:6800/833901271,v1:172.21.15.121:6801/833901271] conn(0x7f6b58035710 0x7f6b58037bc0 unknown :-1 s=NONE pgs=0 cs=0 l=1 rev1=0 crypto rx=0 tx=0 comp rx=0 tx=0).connect
2024-08-18T22:33:32.207 INFO:teuthology.orchestra.run.smithi121.stdout:/usr/bin/ceph: stderr
2024-08-18T22:33:31.485+0000 7f6b61ffb640 1 -- 172.21.15.121:0/261710849 <== mon.0 v2:172.21.15.121:3300/0 5 ==== osd_map(2..2 src has 1..2) v4 ==== 936+0+0 (secure 0 0 0) 0x7f6b680683c0 con 0x7f6b6c078c90
2024-08-18T22:33:32.207 INFO:teuthology.orchestra.run.smithi121.stdout:/usr/bin/ceph: stderr
2024-08-18T22:33:31.485+0000 7f6b7337d640 1 -- 172.21.15.121:0/261710849 --> [v2:172.21.15.121:3300/0,v1:172.21.15.121:6789/0] -- mon_command({"prefix": "get_command_descriptions"} v 0) v1 -- 0x7f6b6c05eb10 con 0x7f6b6c078c90
2024-08-18T22:33:32.207 INFO:teuthology.orchestra.run.smithi121.stdout:/usr/bin/ceph: stderr
2024-08-18T22:33:31.485+0000 7f6b70918640 1 --2- 172.21.15.121:0/261710849 >> [v2:172.21.15.121:6800/833901271,v1:172.21.15.121:6801/833901271] conn(0x7f6b58035710 0x7f6b58037bc0 unknown :-1 s=BANNER_CONNECTING pgs=0 cs=0 l=1 rev1=0 crypto rx=0 tx=0 comp rx=0 tx=0)._handle_peer_banner_payload supported=3 required=0
2024-08-18T22:33:32.207 INFO:teuthology.orchestra.run.smithi121.stdout:/usr/bin/ceph: stderr
2024-08-18T22:33:31.485+0000 7f6b70918640 1 --2- 172.21.15.121:0/261710849 >> [v2:172.21.15.121:6800/833901271,v1:172.21.15.121:6801/833901271] conn(0x7f6b58035710 0x7f6b58037bc0 secure :-1 s=READY pgs=20 cs=0 l=1 rev1=1 crypto rx=0x7f6b5c006fd0 tx=0x7f6b5c006db0 comp rx=0 tx=0).ready entity=mgr.14118 client_cookie=0 server_cookie=0 in_seq=0 out_seq=0
2024-08-18T22:33:32.207 INFO:teuthology.orchestra.run.smithi121.stdout:/usr/bin/ceph: stderr
2024-08-18T22:33:31.490+0000 7f6b61ffb640 1 -- 172.21.15.121:0/261710849 <== mon.0 v2:172.21.15.121:3300/0 6 ==== mon_command_ack([{"prefix": "get_command_descriptions"}]=0 v0) v1 ==== 72+0+176781 (secure 0 0 0) 0x7f6b68037030 con 0x7f6b6c078c90
2024-08-18T22:33:32.207 INFO:teuthology.orchestra.run.smithi121.stdout:/usr/bin/ceph: stderr
2024-08-18T22:33:31.646+0000 7f6b7337d640 1 -- 172.21.15.121:0/261710849 --> [v2:172.21.15.121:3300/0,v1:172.21.15.121:6789/0] -- mon_command([{prefix=config set, name=mgr/dashboard/ssl_server_port}] v 0) v1 -- 0x7f6b6c107f40 con 0x7f6b6c078c90
2024-08-18T22:33:32.207 INFO:teuthology.orchestra.run.smithi121.stdout:/usr/bin/ceph: stderr
2024-08-18T22:33:31.649+0000 7f6b61ffb640 1 -- 172.21.15.121:0/261710849 <== mon.0 v2:172.21.15.121:3300/0 7 ==== mon_command_ack([{prefix=config set, name=mgr/dashboard/ssl_server_port}]=0 v8)=0 v8) v1 ==== 130+0+0 (secure 0 0 0) 0x7f6b68046460 con 0x7f6b6c078c90
2024-08-18T22:33:32.208 INFO:teuthology.orchestra.run.smithi121.stdout:/usr/bin/ceph: stderr
2024-08-18T22:33:31.651+0000 7f6b7337d640 1 -- 172.21.15.121:0/261710849 >> [v2:172.21.15.121:6800/833901271,v1:172.21.15.121:6801/833901271] conn(0x7f6b58035710 msgr2=0x7f6b58037bc0 secure :-1 s=STATE_CONNECTION_ESTABLISHED l=1).mark_down
2024-08-18T22:33:32.208 INFO:teuthology.orchestra.run.smithi121.stdout:/usr/bin/ceph: stderr
2024-08-18T22:33:31.651+0000 7f6b7337d640 1 --2- 172.21.15.121:0/261710849 >> [v2:172.21.15.121:6800/833901271,v1:172.21.15.121:6801/833901271] conn(0x7f6b58035710 0x7f6b58037bc0 secure :-1 s=READY pgs=20 cs=0 l=1 rev1=1 crypto rx=0x7f6b5c006fd0 tx=0x7f6b5c006db0 comp rx=0 tx=0).stop
2024-08-18T22:33:32.208 INFO:teuthology.orchestra.run.smithi121.stdout:/usr/bin/ceph: stderr
2024-08-18T22:33:31.651+0000 7f6b7337d640 1 -- 172.21.15.121:0/261710849 >> [v2:172.21.15.121:3300/0,v1:172.21.15.121:6789/0] conn(0x7f6b6c078c90 msgr2=0x7f6b6c112dd0 secure :-1 s=STATE_CONNECTION_ESTABLISHED l=1).mark_down
2024-08-18T22:33:32.208 INFO:teuthology.orchestra.run.smithi121.stdout:/usr/bin/ceph: stderr
2024-08-18T22:33:31.651+0000 7f6b7337d640 1 --2- 172.21.15.121:0/261710849 >> [v2:172.21.15.121:3300/0,v1:172.21.15.121:6789/0] conn(0x7f6b6c078c90 0x7f6b6c112dd0 secure :-1 s=READY pgs=62 cs=0 l=1 rev1=1 crypto rx=0x7f6b68009420 tx=0x7f6b680091d0 comp rx=0 tx=0).stop
2024-08-18T22:33:32.208 INFO:teuthology.orchestra.run.smithi121.stdout:/usr/bin/ceph: stderr
2024-08-18T22:33:31.651+0000 7f6b7337d640 1 -- 172.21.15.121:0/261710849 shutdown_connections
2024-08-18T22:33:32.208 INFO:teuthology.orchestra.run.smithi121.stdout:/usr/bin/ceph: stderr
2024-08-18T22:33:31.651+0000 7f6b7337d640 1 --2- 172.21.15.121:0/261710849 >> [v2:172.21.15.121:6800/833901271,v1:172.21.15.121:6801/833901271] conn(0x7f6b58035710 0x7f6b58037bc0 unknown :-1 s=CLOSED pgs=20 cs=0 l=1 rev1=1 crypto rx=0 tx=0 comp rx=0 tx=0).stop
2024-08-18T22:33:32.208 INFO:teuthology.orchestra.run.smithi121.stdout:/usr/bin/ceph: stderr
2024-08-18T22:33:31.651+0000 7f6b7337d640 1 --2- 172.21.15.121:0/261710849 >> [v2:172.21.15.121:3300/0,v1:172.21.15.121:6789/0] conn(0x7f6b6c078c90 0x7f6b6c112dd0 unknown :-1 s=CLOSED pgs=62 cs=0 l=1 rev1=1 crypto rx=0 tx=0 comp rx=0 tx=0).stop
2024-08-18T22:33:32.208 INFO:teuthology.orchestra.run.smithi121.stdout:/usr/bin/ceph: stderr
2024-08-18T22:33:31.651+0000 7f6b7337d640 1 -- 172.21.15.121:0/261710849 >> 172.21.15.121:0/261710849 conn(0x7f6b6c0fd510 msgr2=0x7f6b6c0fe0e0 unknown :-1 s=STATE_NONE l=0).mark_down
2024-08-18T22:33:32.208 INFO:teuthology.orchestra.run.smithi121.stdout:/usr/bin/ceph: stderr
2024-08-18T22:33:31.651+0000 7f6b7337d640 1 -- 172.21.15.121:0/261710849 shutdown_connections
2024-08-18T22:33:32.208 INFO:teuthology.orchestra.run.smithi121.stdout:/usr/bin/ceph: stderr
2024-08-18T22:33:31.651+0000 7f6b7337d640 1 -- 172.21.15.121:0/261710849 wait complete.
2024-08-18T22:33:32.208 INFO:teuthology.orchestra.run.smithi121.stdout:Enabling the dashboard module...
