2024-08-18T23:35:05.191 INFO:teuthology.orchestra.run.smithi078.stdout:/usr/bin/ceph: stderr
2024-08-18T23:35:04.413+0000 7f319df23640 1 -- 172.21.15.78:0/3907153000 wait complete.
2024-08-18T23:35:05.191 INFO:teuthology.orchestra.run.smithi078.stdout:/usr/bin/ceph: stderr
2024-08-18T23:35:04.414+0000 7f319df23640 1 Processor -- start
2024-08-18T23:35:05.191 INFO:teuthology.orchestra.run.smithi078.stdout:/usr/bin/ceph: stderr
2024-08-18T23:35:04.414+0000 7f319df23640 1 -- start start
2024-08-18T23:35:05.191 INFO:teuthology.orchestra.run.smithi078.stdout:/usr/bin/ceph: stderr
2024-08-18T23:35:04.414+0000 7f319df23640 1 --2- >> [v2:172.21.15.78:3300/0,v1:172.21.15.78:6789/0] conn(0x7f31981061d0 0x7f319819b630 unknown :-1 s=NONE pgs=0 cs=0 l=1 rev1=0 crypto rx=0 tx=0 comp rx=0 tx=0).connect
2024-08-18T23:35:05.191 INFO:teuthology.orchestra.run.smithi078.stdout:/usr/bin/ceph: stderr
2024-08-18T23:35:04.414+0000 7f319df23640 1 -- --> [v2:172.21.15.78:3300/0,v1:172.21.15.78:6789/0] -- mon_getmap magic: 0 -- 0x7f319810a780 con 0x7f31981061d0
2024-08-18T23:35:05.191 INFO:teuthology.orchestra.run.smithi078.stdout:/usr/bin/ceph: stderr
2024-08-18T23:35:04.414+0000 7f31977fe640 1 --2- >> [v2:172.21.15.78:3300/0,v1:172.21.15.78:6789/0] conn(0x7f31981061d0 0x7f319819b630 unknown :-1 s=BANNER_CONNECTING pgs=0 cs=0 l=1 rev1=0 crypto rx=0 tx=0 comp rx=0 tx=0)._handle_peer_banner_payload supported=3 required=0
2024-08-18T23:35:05.191 INFO:teuthology.orchestra.run.smithi078.stdout:/usr/bin/ceph: stderr
2024-08-18T23:35:04.414+0000 7f31977fe640 1 --2- >> [v2:172.21.15.78:3300/0,v1:172.21.15.78:6789/0] conn(0x7f31981061d0 0x7f319819b630 unknown :-1 s=HELLO_CONNECTING pgs=0 cs=0 l=1 rev1=1 crypto rx=0 tx=0 comp rx=0 tx=0).handle_hello peer v2:172.21.15.78:3300/0 says I am v2:172.21.15.78:48912/0 (socket says 172.21.15.78:48912)
2024-08-18T23:35:05.191 INFO:teuthology.orchestra.run.smithi078.stdout:/usr/bin/ceph: stderr
2024-08-18T23:35:04.414+0000 7f31977fe640 1 -- 172.21.15.78:0/2551424571 learned_addr learned my addr 172.21.15.78:0/2551424571 (peer_addr_for_me v2:172.21.15.78:0/0)
2024-08-18T23:35:05.191 INFO:teuthology.orchestra.run.smithi078.stdout:/usr/bin/ceph: stderr
2024-08-18T23:35:04.414+0000 7f31977fe640 1 -- 172.21.15.78:0/2551424571 --> [v2:172.21.15.78:3300/0,v1:172.21.15.78:6789/0] -- mon_subscribe({config=0+,monmap=0+}) -- 0x7f319819bb70 con 0x7f31981061d0
2024-08-18T23:35:05.191 INFO:teuthology.orchestra.run.smithi078.stdout:/usr/bin/ceph: stderr
2024-08-18T23:35:04.414+0000 7f31977fe640 1 --2- 172.21.15.78:0/2551424571 >> [v2:172.21.15.78:3300/0,v1:172.21.15.78:6789/0] conn(0x7f31981061d0 0x7f319819b630 secure :-1 s=READY pgs=42 cs=0 l=1 rev1=1 crypto rx=0x7f3188009940 tx=0x7f31880326e0 comp rx=0 tx=0).ready entity=mon.0 client_cookie=0 server_cookie=0 in_seq=0 out_seq=0
2024-08-18T23:35:05.192 INFO:teuthology.orchestra.run.smithi078.stdout:/usr/bin/ceph: stderr
2024-08-18T23:35:04.415+0000 7f3194ff9640 1 -- 172.21.15.78:0/2551424571 <== mon.0 v2:172.21.15.78:3300/0 1 ==== mon_map magic: 0 ==== 205+0+0 (secure 0 0 0) 0x7f3188042070 con 0x7f31981061d0
2024-08-18T23:35:05.192 INFO:teuthology.orchestra.run.smithi078.stdout:/usr/bin/ceph: stderr
2024-08-18T23:35:04.415+0000 7f3194ff9640 1 -- 172.21.15.78:0/2551424571 <== mon.0 v2:172.21.15.78:3300/0 2 ==== config(27 keys) ==== 1109+0+0 (secure 0 0 0) 0x7f3188032be0 con 0x7f31981061d0
2024-08-18T23:35:05.192 INFO:teuthology.orchestra.run.smithi078.stdout:/usr/bin/ceph: stderr
2024-08-18T23:35:04.415+0000 7f3194ff9640 1 -- 172.21.15.78:0/2551424571 <== mon.0 v2:172.21.15.78:3300/0 3 ==== mon_map magic: 0 ==== 205+0+0 (secure 0 0 0) 0x7f3188037040 con 0x7f31981061d0
2024-08-18T23:35:05.192 INFO:teuthology.orchestra.run.smithi078.stdout:/usr/bin/ceph: stderr
2024-08-18T23:35:04.415+0000 7f319df23640 1 -- 172.21.15.78:0/2551424571 --> [v2:172.21.15.78:3300/0,v1:172.21.15.78:6789/0] -- mon_subscribe({mgrmap=0+}) -- 0x7f319819be00 con 0x7f31981061d0
2024-08-18T23:35:05.192 INFO:teuthology.orchestra.run.smithi078.stdout:/usr/bin/ceph: stderr
2024-08-18T23:35:04.415+0000 7f319df23640 1 -- 172.21.15.78:0/2551424571 --> [v2:172.21.15.78:3300/0,v1:172.21.15.78:6789/0] -- mon_subscribe({osdmap=0}) -- 0x7f319819eaf0 con 0x7f31981061d0
2024-08-18T23:35:05.192 INFO:teuthology.orchestra.run.smithi078.stdout:/usr/bin/ceph: stderr
2024-08-18T23:35:04.415+0000 7f3194ff9640 1 -- 172.21.15.78:0/2551424571 <== mon.0 v2:172.21.15.78:3300/0 4 ==== mgrmap(e 8) ==== 46287+0+0 (secure 0 0 0) 0x7f3188045070 con 0x7f31981061d0
2024-08-18T23:35:05.192 INFO:teuthology.orchestra.run.smithi078.stdout:/usr/bin/ceph: stderr
2024-08-18T23:35:04.416+0000 7f319df23640 1 -- 172.21.15.78:0/2551424571 --> [v2:172.21.15.78:3300/0,v1:172.21.15.78:6789/0] -- mon_command({"prefix": "get_command_descriptions"} v 0) -- 0x7f319810a900 con 0x7f31981061d0
2024-08-18T23:35:05.192 INFO:teuthology.orchestra.run.smithi078.stdout:/usr/bin/ceph: stderr
2024-08-18T23:35:04.416+0000 7f3194ff9640 1 --2- 172.21.15.78:0/2551424571 >> [v2:172.21.15.78:6800/311758909,v1:172.21.15.78:6801/311758909] conn(0x7f3180038f70 0x7f318003b430 unknown :-1 s=NONE pgs=0 cs=0 l=1 rev1=0 crypto rx=0 tx=0 comp rx=0 tx=0).connect
2024-08-18T23:35:05.192 INFO:teuthology.orchestra.run.smithi078.stdout:/usr/bin/ceph: stderr
2024-08-18T23:35:04.416+0000 7f3194ff9640 1 -- 172.21.15.78:0/2551424571 <== mon.0 v2:172.21.15.78:3300/0 5 ==== osd_map(2..2 src has 1..2) ==== 940+0+0 (secure 0 0 0) 0x7f318806bed0 con 0x7f31981061d0
2024-08-18T23:35:05.192 INFO:teuthology.orchestra.run.smithi078.stdout:/usr/bin/ceph: stderr
2024-08-18T23:35:04.416+0000 7f3196ffd640 1 --2- 172.21.15.78:0/2551424571 >> [v2:172.21.15.78:6800/311758909,v1:172.21.15.78:6801/311758909] conn(0x7f3180038f70 0x7f318003b430 unknown :-1 s=BANNER_CONNECTING pgs=0 cs=0 l=1 rev1=0 crypto rx=0 tx=0 comp rx=0 tx=0)._handle_peer_banner_payload supported=3 required=0
2024-08-18T23:35:05.192 INFO:teuthology.orchestra.run.smithi078.stdout:/usr/bin/ceph: stderr
2024-08-18T23:35:04.416+0000 7f3196ffd640 1 --2- 172.21.15.78:0/2551424571 >> [v2:172.21.15.78:6800/311758909,v1:172.21.15.78:6801/311758909] conn(0x7f3180038f70 0x7f318003b430 secure :-1 s=READY pgs=10 cs=0 l=1 rev1=1 crypto rx=0x7f318c0098c0 tx=0x7f318c006db0 comp rx=0 tx=0).ready entity=mgr.14118 client_cookie=0 server_cookie=0 in_seq=0 out_seq=0
2024-08-18T23:35:05.192 INFO:teuthology.orchestra.run.smithi078.stdout:/usr/bin/ceph: stderr
2024-08-18T23:35:04.421+0000 7f3194ff9640 1 -- 172.21.15.78:0/2551424571 <== mon.0 v2:172.21.15.78:3300/0 6 ==== mon_command_ack([{"prefix": "get_command_descriptions"}]=0 v0) ==== 72+0+187871 (secure 0 0 0) 0x7f318804b170 con 0x7f31981061d0
2024-08-18T23:35:05.192 INFO:teuthology.orchestra.run.smithi078.stdout:/usr/bin/ceph: stderr
2024-08-18T23:35:04.587+0000 7f319df23640 1 -- 172.21.15.78:0/2551424571 --> [v2:172.21.15.78:6800/311758909,v1:172.21.15.78:6801/311758909] -- mgr_command(tid 0: {"prefix": "cephadm get-pub-key", "target": ["mon-mgr", ""]}) -- 0x7f3198062360 con 0x7f3180038f70
2024-08-18T23:35:05.192 INFO:teuthology.orchestra.run.smithi078.stdout:/usr/bin/ceph: stderr
2024-08-18T23:35:04.588+0000 7f3194ff9640 1 -- 172.21.15.78:0/2551424571 <== mgr.14118 v2:172.21.15.78:6800/311758909 1 ==== mgr_command_reply(tid 0: 0 ) ==== 8+0+595 (secure 0 0 0) 0x7f3198062360 con 0x7f3180038f70
2024-08-18T23:35:05.193 INFO:teuthology.orchestra.run.smithi078.stdout:/usr/bin/ceph: stderr
2024-08-18T23:35:04.590+0000 7f319df23640 1 -- 172.21.15.78:0/2551424571 >> [v2:172.21.15.78:6800/311758909,v1:172.21.15.78:6801/311758909] conn(0x7f3180038f70 msgr2=0x7f318003b430 secure :-1 s=STATE_CONNECTION_ESTABLISHED l=1).mark_down
2024-08-18T23:35:05.193 INFO:teuthology.orchestra.run.smithi078.stdout:/usr/bin/ceph: stderr
2024-08-18T23:35:04.590+0000 7f319df23640 1 --2- 172.21.15.78:0/2551424571 >> [v2:172.21.15.78:6800/311758909,v1:172.21.15.78:6801/311758909] conn(0x7f3180038f70 0x7f318003b430 secure :-1 s=READY pgs=10 cs=0 l=1 rev1=1 crypto rx=0x7f318c0098c0 tx=0x7f318c006db0 comp rx=0 tx=0).stop
2024-08-18T23:35:05.193 INFO:teuthology.orchestra.run.smithi078.stdout:/usr/bin/ceph: stderr
2024-08-18T23:35:04.590+0000 7f319df23640 1 -- 172.21.15.78:0/2551424571 >> [v2:172.21.15.78:3300/0,v1:172.21.15.78:6789/0] conn(0x7f31981061d0 msgr2=0x7f319819b630 secure :-1 s=STATE_CONNECTION_ESTABLISHED l=1).mark_down
2024-08-18T23:35:05.193 INFO:teuthology.orchestra.run.smithi078.stdout:/usr/bin/ceph: stderr
2024-08-18T23:35:04.590+0000 7f319df23640 1 --2- 172.21.15.78:0/2551424571 >> [v2:172.21.15.78:3300/0,v1:172.21.15.78:6789/0] conn(0x7f31981061d0 0x7f319819b630 secure :-1 s=READY pgs=42 cs=0 l=1 rev1=1 crypto rx=0x7f3188009940 tx=0x7f31880326e0 comp rx=0 tx=0).stop
2024-08-18T23:35:05.193 INFO:teuthology.orchestra.run.smithi078.stdout:/usr/bin/ceph: stderr
2024-08-18T23:35:04.590+0000 7f319df23640 1 -- 172.21.15.78:0/2551424571 shutdown_connections
2024-08-18T23:35:05.193 INFO:teuthology.orchestra.run.smithi078.stdout:/usr/bin/ceph: stderr
2024-08-18T23:35:04.590+0000 7f319df23640 1 --2- 172.21.15.78:0/2551424571 >> [v2:172.21.15.78:6800/311758909,v1:172.21.15.78:6801/311758909] conn(0x7f3180038f70 0x7f318003b430 unknown :-1 s=CLOSED pgs=10 cs=0 l=1 rev1=1 crypto rx=0 tx=0 comp rx=0 tx=0).stop
2024-08-18T23:35:05.193 INFO:teuthology.orchestra.run.smithi078.stdout:/usr/bin/ceph: stderr
2024-08-18T23:35:04.590+0000 7f319df23640 1 --2- 172.21.15.78:0/2551424571 >> [v2:172.21.15.78:3300/0,v1:172.21.15.78:6789/0] conn(0x7f31981061d0 0x7f319819b630 unknown :-1 s=CLOSED pgs=42 cs=0 l=1 rev1=1 crypto rx=0 tx=0 comp rx=0 tx=0).stop
2024-08-18T23:35:05.193 INFO:teuthology.orchestra.run.smithi078.stdout:/usr/bin/ceph: stderr
2024-08-18T23:35:04.590+0000 7f319df23640 1 -- 172.21.15.78:0/2551424571 >> 172.21.15.78:0/2551424571 conn(0x7f31981019a0 msgr2=0x7f3198102900 unknown :-1 s=STATE_NONE l=0).mark_down
2024-08-18T23:35:05.193 INFO:teuthology.orchestra.run.smithi078.stdout:/usr/bin/ceph: stderr
2024-08-18T23:35:04.591+0000 7f319df23640 1 -- 172.21.15.78:0/2551424571 shutdown_connections
2024-08-18T23:35:05.193 INFO:teuthology.orchestra.run.smithi078.stdout:/usr/bin/ceph: stderr
2024-08-18T23:35:04.591+0000 7f319df23640 1 -- 172.21.15.78:0/2551424571 wait complete.
2024-08-18T23:35:05.193 INFO:teuthology.orchestra.run.smithi078.stdout:Wrote public SSH key to /home/ubuntu/cephtest/ceph.pub
2024-08-18T23:35:05.193 INFO:teuthology.orchestra.run.smithi078.stdout:Adding key to root@localhost authorized_keys...
2024-08-18T23:35:05.194 INFO:teuthology.orchestra.run.smithi078.stdout:Adding host smithi078...
2024-08-18T23:35:05.407 INFO:journalctl@ceph.mon.a.smithi078.stdout:Aug 18 23:35:05 smithi078 ceph-mon[18440]: from='client.14134 -' entity='client.admin' cmd=[{"prefix": "cephadm generate-key", "target": ["mon-mgr", ""]}]: dispatch
2024-08-18T23:35:05.407 INFO:journalctl@ceph.mon.a.smithi078.stdout:Aug 18 23:35:05 smithi078 ceph-mon[18440]: Generating ssh key...
2024-08-18T23:35:06.303 INFO:journalctl@ceph.mon.a.smithi078.stdout:Aug 18 23:35:06 smithi078 ceph-mon[18440]: from='client.14136 -' entity='client.admin' cmd=[{"prefix": "cephadm get-pub-key", "target": ["mon-mgr", ""]}]: dispatch
2024-08-18T23:35:07.396 INFO:journalctl@ceph.mon.a.smithi078.stdout:Aug 18 23:35:07 smithi078 ceph-mon[18440]: from='client.14138 -' entity='client.admin' cmd=[{"prefix": "orch host add", "hostname": "smithi078", "addr": "172.21.15.78", "target": ["mon-mgr", ""]}]: dispatch
2024-08-18T23:35:08.388 INFO:journalctl@ceph.mon.a.smithi078.stdout:Aug 18 23:35:08 smithi078 ceph-mon[18440]: Deploying cephadm binary to smithi078
2024-08-18T23:35:09.539 INFO:teuthology.orchestra.run.smithi078.stdout:/usr/bin/ceph: stdout Added host 'smithi078' with addr '172.21.15.78'
2024-08-18T23:35:09.539 INFO:teuthology.orchestra.run.smithi078.stdout:/usr/bin/ceph: stderr
2024-08-18T23:35:05.579+0000 7fcfabaaa640 1 Processor -- start
2024-08-18T23:35:09.539 INFO:teuthology.orchestra.run.smithi078.stdout:/usr/bin/ceph: stderr
2024-08-18T23:35:05.579+0000 7fcfabaaa640 1 -- start start
2024-08-18T23:35:09.540 INFO:teuthology.orchestra.run.smithi078.stdout:/usr/bin/ceph: stderr
2024-08-18T23:35:05.580+0000 7fcfabaaa640 1 --2- >> [v2:172.21.15.78:3300/0,v1:172.21.15.78:6789/0] conn(0x7fcfa4107d50 0x7fcfa410a140 unknown :-1 s=NONE pgs=0 cs=0 l=0 rev1=0 crypto rx=0 tx=0 comp rx=0 tx=0).connect
2024-08-18T23:35:09.540 INFO:teuthology.orchestra.run.smithi078.stdout:/usr/bin/ceph: stderr
2024-08-18T23:35:05.580+0000 7fcfabaaa640 1 -- --> [v2:172.21.15.78:3300/0,v1:172.21.15.78:6789/0] -- mon_getmap magic: 0 -- 0x7fcfa4075550 con 0x7fcfa4107d50
2024-08-18T23:35:09.540 INFO:teuthology.orchestra.run.smithi078.stdout:/usr/bin/ceph: stderr
2024-08-18T23:35:05.580+0000 7fcfa9846640 1 --2- >> [v2:172.21.15.78:3300/0,v1:172.21.15.78:6789/0] conn(0x7fcfa4107d50 0x7fcfa410a140 unknown :-1 s=BANNER_CONNECTING pgs=0 cs=0 l=0 rev1=0 crypto rx=0 tx=0 comp rx=0 tx=0)._handle_peer_banner_payload supported=3 required=0
2024-08-18T23:35:09.540 INFO:teuthology.orchestra.run.smithi078.stdout:/usr/bin/ceph: stderr
2024-08-18T23:35:05.580+0000 7fcfa9846640 1 --2- >> [v2:172.21.15.78:3300/0,v1:172.21.15.78:6789/0] conn(0x7fcfa4107d50 0x7fcfa410a140 unknown :-1 s=HELLO_CONNECTING pgs=0 cs=0 l=0 rev1=1 crypto rx=0 tx=0 comp rx=0 tx=0).handle_hello peer v2:172.21.15.78:3300/0 says I am v2:172.21.15.78:48918/0 (socket says 172.21.15.78:48918)
2024-08-18T23:35:09.540 INFO:teuthology.orchestra.run.smithi078.stdout:/usr/bin/ceph: stderr
2024-08-18T23:35:05.580+0000 7fcfa9846640 1 -- 172.21.15.78:0/392751045 learned_addr learned my addr 172.21.15.78:0/392751045 (peer_addr_for_me v2:172.21.15.78:0/0)
2024-08-18T23:35:09.540 INFO:teuthology.orchestra.run.smithi078.stdout:/usr/bin/ceph: stderr
2024-08-18T23:35:05.580+0000 7fcfa9846640 1 -- 172.21.15.78:0/392751045 --> [v2:172.21.15.78:3300/0,v1:172.21.15.78:6789/0] -- mon_subscribe({config=0+,monmap=0+}) -- 0x7fcfa410a680 con 0x7fcfa4107d50
2024-08-18T23:35:09.540 INFO:teuthology.orchestra.run.smithi078.stdout:/usr/bin/ceph: stderr
2024-08-18T23:35:05.581+0000 7fcfa9846640 1 --2- 172.21.15.78:0/392751045 >> [v2:172.21.15.78:3300/0,v1:172.21.15.78:6789/0] conn(0x7fcfa4107d50 0x7fcfa410a140 secure :-1 s=READY pgs=43 cs=0 l=1 rev1=1 crypto rx=0x7fcfa0009820 tx=0x7fcfa002a270 comp rx=0 tx=0).ready entity=mon.0 client_cookie=aff8e208399e3001 server_cookie=0 in_seq=0 out_seq=0
2024-08-18T23:35:09.540 INFO:teuthology.orchestra.run.smithi078.stdout:/usr/bin/ceph: stderr
2024-08-18T23:35:05.581+0000 7fcfa8844640 1 -- 172.21.15.78:0/392751045 <== mon.0 v2:172.21.15.78:3300/0 1 ==== mon_map magic: 0 ==== 205+0+0 (secure 0 0 0) 0x7fcfa0037070 con 0x7fcfa4107d50
2024-08-18T23:35:09.540 INFO:teuthology.orchestra.run.smithi078.stdout:/usr/bin/ceph: stderr
2024-08-18T23:35:05.581+0000 7fcfa8844640 1 -- 172.21.15.78:0/392751045 <== mon.0 v2:172.21.15.78:3300/0 2 ==== config(27 keys) ==== 1109+0+0 (secure 0 0 0) 0x7fcfa0032900 con 0x7fcfa4107d50
2024-08-18T23:35:09.540 INFO:teuthology.orchestra.run.smithi078.stdout:/usr/bin/ceph: stderr
2024-08-18T23:35:05.581+0000 7fcfa8844640 1 -- 172.21.15.78:0/392751045 <== mon.0 v2:172.21.15.78:3300/0 3 ==== mon_map magic: 0 ==== 205+0+0 (secure 0 0 0) 0x7fcfa0030850 con 0x7fcfa4107d50
2024-08-18T23:35:09.540 INFO:teuthology.orchestra.run.smithi078.stdout:/usr/bin/ceph: stderr
2024-08-18T23:35:05.581+0000 7fcfabaaa640 1 -- 172.21.15.78:0/392751045 >> [v2:172.21.15.78:3300/0,v1:172.21.15.78:6789/0] conn(0x7fcfa4107d50 msgr2=0x7fcfa410a140 secure :-1 s=STATE_CONNECTION_ESTABLISHED l=1).mark_down
2024-08-18T23:35:09.540 INFO:teuthology.orchestra.run.smithi078.stdout:/usr/bin/ceph: stderr
2024-08-18T23:35:05.581+0000 7fcfabaaa640 1 --2- 172.21.15.78:0/392751045 >> [v2:172.21.15.78:3300/0,v1:172.21.15.78:6789/0] conn(0x7fcfa4107d50 0x7fcfa410a140 secure :-1 s=READY pgs=43 cs=0 l=1 rev1=1 crypto rx=0x7fcfa0009820 tx=0x7fcfa002a270 comp rx=0 tx=0).stop
2024-08-18T23:35:09.540 INFO:teuthology.orchestra.run.smithi078.stdout:/usr/bin/ceph: stderr
2024-08-18T23:35:05.582+0000 7fcfabaaa640 1 -- 172.21.15.78:0/392751045 shutdown_connections
2024-08-18T23:35:09.541 INFO:teuthology.orchestra.run.smithi078.stdout:/usr/bin/ceph: stderr
2024-08-18T23:35:05.582+0000 7fcfabaaa640 1 --2- 172.21.15.78:0/392751045 >> [v2:172.21.15.78:3300/0,v1:172.21.15.78:6789/0] conn(0x7fcfa4107d50 0x7fcfa410a140 unknown :-1 s=CLOSED pgs=43 cs=0 l=1 rev1=1 crypto rx=0 tx=0 comp rx=0 tx=0).stop
2024-08-18T23:35:09.541 INFO:teuthology.orchestra.run.smithi078.stdout:/usr/bin/ceph: stderr
2024-08-18T23:35:05.582+0000 7fcfabaaa640 1 -- 172.21.15.78:0/392751045 >> 172.21.15.78:0/392751045 conn(0x7fcfa41018f0 msgr2=0x7fcfa4103d50 unknown :-1 s=STATE_NONE l=0).mark_down
2024-08-18T23:35:09.541 INFO:teuthology.orchestra.run.smithi078.stdout:/usr/bin/ceph: stderr
2024-08-18T23:35:05.582+0000 7fcfabaaa640 1 -- 172.21.15.78:0/392751045 shutdown_connections
2024-08-18T23:35:09.541 INFO:teuthology.orchestra.run.smithi078.stdout:/usr/bin/ceph: stderr
2024-08-18T23:35:05.582+0000 7fcfabaaa640 1 -- 172.21.15.78:0/392751045 wait complete.
2024-08-18T23:35:09.541 INFO:teuthology.orchestra.run.smithi078.stdout:/usr/bin/ceph: stderr
2024-08-18T23:35:05.582+0000 7fcfabaaa640 1 Processor -- start
2024-08-18T23:35:09.541 INFO:teuthology.orchestra.run.smithi078.stdout:/usr/bin/ceph: stderr
2024-08-18T23:35:05.582+0000 7fcfabaaa640 1 -- start start
2024-08-18T23:35:09.541 INFO:teuthology.orchestra.run.smithi078.stdout:/usr/bin/ceph: stderr
2024-08-18T23:35:05.582+0000 7fcfabaaa640 1 --2- >> [v2:172.21.15.78:3300/0,v1:172.21.15.78:6789/0] conn(0x7fcfa4107d50 0x7fcfa419b5c0 unknown :-1 s=NONE pgs=0 cs=0 l=1 rev1=0 crypto rx=0 tx=0 comp rx=0 tx=0).connect
2024-08-18T23:35:09.541 INFO:teuthology.orchestra.run.smithi078.stdout:/usr/bin/ceph: stderr
2024-08-18T23:35:05.582+0000 7fcfabaaa640 1 -- --> [v2:172.21.15.78:3300/0,v1:172.21.15.78:6789/0] -- mon_getmap magic: 0 -- 0x7fcfa410b6c0 con 0x7fcfa4107d50
2024-08-18T23:35:09.541 INFO:teuthology.orchestra.run.smithi078.stdout:/usr/bin/ceph: stderr
2024-08-18T23:35:05.582+0000 7fcfa9846640 1 --2- >> [v2:172.21.15.78:3300/0,v1:172.21.15.78:6789/0] conn(0x7fcfa4107d50 0x7fcfa419b5c0 unknown :-1 s=BANNER_CONNECTING pgs=0 cs=0 l=1 rev1=0 crypto rx=0 tx=0 comp rx=0 tx=0)._handle_peer_banner_payload supported=3 required=0
2024-08-18T23:35:09.541 INFO:teuthology.orchestra.run.smithi078.stdout:/usr/bin/ceph: stderr
2024-08-18T23:35:05.582+0000 7fcfa9846640 1 --2- >> [v2:172.21.15.78:3300/0,v1:172.21.15.78:6789/0] conn(0x7fcfa4107d50 0x7fcfa419b5c0 unknown :-1 s=HELLO_CONNECTING pgs=0 cs=0 l=1 rev1=1 crypto rx=0 tx=0 comp rx=0 tx=0).handle_hello peer v2:172.21.15.78:3300/0 says I am v2:172.21.15.78:48922/0 (socket says 172.21.15.78:48922)
2024-08-18T23:35:09.541 INFO:teuthology.orchestra.run.smithi078.stdout:/usr/bin/ceph: stderr
2024-08-18T23:35:05.582+0000 7fcfa9846640 1 -- 172.21.15.78:0/689742734 learned_addr learned my addr 172.21.15.78:0/689742734 (peer_addr_for_me v2:172.21.15.78:0/0)
2024-08-18T23:35:09.541 INFO:teuthology.orchestra.run.smithi078.stdout:/usr/bin/ceph: stderr
2024-08-18T23:35:05.583+0000 7fcfa9846640 1 -- 172.21.15.78:0/689742734 --> [v2:172.21.15.78:3300/0,v1:172.21.15.78:6789/0] -- mon_subscribe({config=0+,monmap=0+}) -- 0x7fcfa419bb00 con 0x7fcfa4107d50
2024-08-18T23:35:09.542 INFO:teuthology.orchestra.run.smithi078.stdout:/usr/bin/ceph: stderr
2024-08-18T23:35:05.583+0000 7fcfa9846640 1 --2- 172.21.15.78:0/689742734 >> [v2:172.21.15.78:3300/0,v1:172.21.15.78:6789/0] conn(0x7fcfa4107d50 0x7fcfa419b5c0 secure :-1 s=READY pgs=44 cs=0 l=1 rev1=1 crypto rx=0x7fcfa0031000 tx=0x7fcfa00326e0 comp rx=0 tx=0).ready entity=mon.0 client_cookie=0 server_cookie=0 in_seq=0 out_seq=0
2024-08-18T23:35:09.542 INFO:teuthology.orchestra.run.smithi078.stdout:/usr/bin/ceph: stderr
2024-08-18T23:35:05.583+0000 7fcf9affd640 1 -- 172.21.15.78:0/689742734 <== mon.0 v2:172.21.15.78:3300/0 1 ==== mon_map magic: 0 ==== 205+0+0 (secure 0 0 0) 0x7fcfa0042070 con 0x7fcfa4107d50
2024-08-18T23:35:09.542 INFO:teuthology.orchestra.run.smithi078.stdout:/usr/bin/ceph: stderr
2024-08-18T23:35:05.583+0000 7fcfabaaa640 1 -- 172.21.15.78:0/689742734 --> [v2:172.21.15.78:3300/0,v1:172.21.15.78:6789/0] -- mon_subscribe({mgrmap=0+}) -- 0x7fcfa419bd90 con 0x7fcfa4107d50
2024-08-18T23:35:09.542 INFO:teuthology.orchestra.run.smithi078.stdout:/usr/bin/ceph: stderr
2024-08-18T23:35:05.583+0000 7fcf9affd640 1 -- 172.21.15.78:0/689742734 <== mon.0 v2:172.21.15.78:3300/0 2 ==== config(27 keys) ==== 1109+0+0 (secure 0 0 0) 0x7fcfa0032be0 con 0x7fcfa4107d50
2024-08-18T23:35:09.542 INFO:teuthology.orchestra.run.smithi078.stdout:/usr/bin/ceph: stderr
2024-08-18T23:35:05.583+0000 7fcf9affd640 1 -- 172.21.15.78:0/689742734 <== mon.0 v2:172.21.15.78:3300/0 3 ==== mon_map magic: 0 ==== 205+0+0 (secure 0 0 0) 0x7fcfa0037040 con 0x7fcfa4107d50
2024-08-18T23:35:09.542 INFO:teuthology.orchestra.run.smithi078.stdout:/usr/bin/ceph: stderr
2024-08-18T23:35:05.583+0000 7fcfabaaa640 1 -- 172.21.15.78:0/689742734 --> [v2:172.21.15.78:3300/0,v1:172.21.15.78:6789/0] -- mon_subscribe({osdmap=0}) -- 0x7fcfa419ea80 con 0x7fcfa4107d50
2024-08-18T23:35:09.542 INFO:teuthology.orchestra.run.smithi078.stdout:/usr/bin/ceph: stderr
2024-08-18T23:35:05.584+0000 7fcf9affd640 1 -- 172.21.15.78:0/689742734 <== mon.0 v2:172.21.15.78:3300/0 4 ==== mgrmap(e 8) ==== 46287+0+0 (secure 0 0 0) 0x7fcfa0045070 con 0x7fcfa4107d50
2024-08-18T23:35:09.542 INFO:teuthology.orchestra.run.smithi078.stdout:/usr/bin/ceph: stderr
2024-08-18T23:35:05.584+0000 7fcf9affd640 1 --2- 172.21.15.78:0/689742734 >> [v2:172.21.15.78:6800/311758909,v1:172.21.15.78:6801/311758909] conn(0x7fcf90038f70 0x7fcf9003b430 unknown :-1 s=NONE pgs=0 cs=0 l=1 rev1=0 crypto rx=0 tx=0 comp rx=0 tx=0).connect
2024-08-18T23:35:09.542 INFO:teuthology.orchestra.run.smithi078.stdout:/usr/bin/ceph: stderr
2024-08-18T23:35:05.584+0000 7fcfabaaa640 1 -- 172.21.15.78:0/689742734 --> [v2:172.21.15.78:3300/0,v1:172.21.15.78:6789/0] -- mon_command({"prefix": "get_command_descriptions"} v 0) -- 0x7fcfa41081b0 con 0x7fcfa4107d50
2024-08-18T23:35:09.542 INFO:teuthology.orchestra.run.smithi078.stdout:/usr/bin/ceph: stderr
2024-08-18T23:35:05.584+0000 7fcf9affd640 1 -- 172.21.15.78:0/689742734 <== mon.0 v2:172.21.15.78:3300/0 5 ==== osd_map(2..2 src has 1..2) ==== 940+0+0 (secure 0 0 0) 0x7fcfa006bf00 con 0x7fcfa4107d50
2024-08-18T23:35:09.542 INFO:teuthology.orchestra.run.smithi078.stdout:/usr/bin/ceph: stderr
2024-08-18T23:35:05.584+0000 7fcfa9045640 1 --2- 172.21.15.78:0/689742734 >> [v2:172.21.15.78:6800/311758909,v1:172.21.15.78:6801/311758909] conn(0x7fcf90038f70 0x7fcf9003b430 unknown :-1 s=BANNER_CONNECTING pgs=0 cs=0 l=1 rev1=0 crypto rx=0 tx=0 comp rx=0 tx=0)._handle_peer_banner_payload supported=3 required=0
2024-08-18T23:35:09.543 INFO:teuthology.orchestra.run.smithi078.stdout:/usr/bin/ceph: stderr
2024-08-18T23:35:05.585+0000 7fcfa9045640 1 --2- 172.21.15.78:0/689742734 >> [v2:172.21.15.78:6800/311758909,v1:172.21.15.78:6801/311758909] conn(0x7fcf90038f70 0x7fcf9003b430 secure :-1 s=READY pgs=11 cs=0 l=1 rev1=1 crypto rx=0x7fcf940098c0 tx=0x7fcf94006db0 comp rx=0 tx=0).ready entity=mgr.14118 client_cookie=0 server_cookie=0 in_seq=0 out_seq=0
2024-08-18T23:35:09.543 INFO:teuthology.orchestra.run.smithi078.stdout:/usr/bin/ceph: stderr
2024-08-18T23:35:05.589+0000 7fcf9affd640 1 -- 172.21.15.78:0/689742734 <== mon.0 v2:172.21.15.78:3300/0 6 ==== mon_command_ack([{"prefix": "get_command_descriptions"}]=0 v0) ==== 72+0+187871 (secure 0 0 0) 0x7fcfa005c070 con 0x7fcfa4107d50
2024-08-18T23:35:09.543 INFO:teuthology.orchestra.run.smithi078.stdout:/usr/bin/ceph: stderr
2024-08-18T23:35:05.758+0000 7fcfabaaa640 1 -- 172.21.15.78:0/689742734 --> [v2:172.21.15.78:6800/311758909,v1:172.21.15.78:6801/311758909] -- mgr_command(tid 0: {"prefix": "orch host add", "hostname": "smithi078", "addr": "172.21.15.78", "target": ["mon-mgr", ""]}) -- 0x7fcfa4062360 con 0x7fcf90038f70
2024-08-18T23:35:09.543 INFO:teuthology.orchestra.run.smithi078.stdout:/usr/bin/ceph: stderr
2024-08-18T23:35:08.970+0000 7fcf9affd640 1 -- 172.21.15.78:0/689742734 <== mgr.14118 v2:172.21.15.78:6800/311758909 1 ==== mgr_command_reply(tid 0: 0 ) ==== 8+0+48 (secure 0 0 0) 0x7fcfa4062360 con 0x7fcf90038f70
2024-08-18T23:35:09.543 INFO:teuthology.orchestra.run.smithi078.stdout:/usr/bin/ceph: stderr
2024-08-18T23:35:08.972+0000 7fcfabaaa640 1 -- 172.21.15.78:0/689742734 >> [v2:172.21.15.78:6800/311758909,v1:172.21.15.78:6801/311758909] conn(0x7fcf90038f70 msgr2=0x7fcf9003b430 secure :-1 s=STATE_CONNECTION_ESTABLISHED l=1).mark_down
2024-08-18T23:35:09.543 INFO:teuthology.orchestra.run.smithi078.stdout:/usr/bin/ceph: stderr
2024-08-18T23:35:08.972+0000 7fcfabaaa640 1 --2- 172.21.15.78:0/689742734 >> [v2:172.21.15.78:6800/311758909,v1:172.21.15.78:6801/311758909] conn(0x7fcf90038f70 0x7fcf9003b430 secure :-1 s=READY pgs=11 cs=0 l=1 rev1=1 crypto rx=0x7fcf940098c0 tx=0x7fcf94006db0 comp rx=0 tx=0).stop
2024-08-18T23:35:09.543 INFO:teuthology.orchestra.run.smithi078.stdout:/usr/bin/ceph: stderr
2024-08-18T23:35:08.972+0000 7fcfabaaa640 1 -- 172.21.15.78:0/689742734 >> [v2:172.21.15.78:3300/0,v1:172.21.15.78:6789/0] conn(0x7fcfa4107d50 msgr2=0x7fcfa419b5c0 secure :-1 s=STATE_CONNECTION_ESTABLISHED l=1).mark_down
2024-08-18T23:35:09.543 INFO:teuthology.orchestra.run.smithi078.stdout:/usr/bin/ceph: stderr
2024-08-18T23:35:08.972+0000 7fcfabaaa640 1 --2- 172.21.15.78:0/689742734 >> [v2:172.21.15.78:3300/0,v1:172.21.15.78:6789/0] conn(0x7fcfa4107d50 0x7fcfa419b5c0 secure :-1 s=READY pgs=44 cs=0 l=1 rev1=1 crypto rx=0x7fcfa0031000 tx=0x7fcfa00326e0 comp rx=0 tx=0).stop
2024-08-18T23:35:09.543 INFO:teuthology.orchestra.run.smithi078.stdout:/usr/bin/ceph: stderr
2024-08-18T23:35:08.972+0000 7fcfabaaa640 1 -- 172.21.15.78:0/689742734 shutdown_connections
2024-08-18T23:35:09.543 INFO:teuthology.orchestra.run.smithi078.stdout:/usr/bin/ceph: stderr
2024-08-18T23:35:08.972+0000 7fcfabaaa640 1 --2- 172.21.15.78:0/689742734 >> [v2:172.21.15.78:6800/311758909,v1:172.21.15.78:6801/311758909] conn(0x7fcf90038f70 0x7fcf9003b430 unknown :-1 s=CLOSED pgs=11 cs=0 l=1 rev1=1 crypto rx=0 tx=0 comp rx=0 tx=0).stop
2024-08-18T23:35:09.543 INFO:teuthology.orchestra.run.smithi078.stdout:/usr/bin/ceph: stderr
2024-08-18T23:35:08.972+0000 7fcfabaaa640 1 --2- 172.21.15.78:0/689742734 >> [v2:172.21.15.78:3300/0,v1:172.21.15.78:6789/0] conn(0x7fcfa4107d50 0x7fcfa419b5c0 unknown :-1 s=CLOSED pgs=44 cs=0 l=1 rev1=1 crypto rx=0 tx=0 comp rx=0 tx=0).stop
2024-08-18T23:35:09.543 INFO:teuthology.orchestra.run.smithi078.stdout:/usr/bin/ceph: stderr
2024-08-18T23:35:08.972+0000 7fcfabaaa640 1 -- 172.21.15.78:0/689742734 >> 172.21.15.78:0/689742734 conn(0x7fcfa41018f0 msgr2=0x7fcfa4102710 unknown :-1 s=STATE_NONE l=0).mark_down
2024-08-18T23:35:09.543 INFO:teuthology.orchestra.run.smithi078.stdout:/usr/bin/ceph: stderr
2024-08-18T23:35:08.973+0000 7fcfabaaa640 1 -- 172.21.15.78:0/689742734 shutdown_connections
2024-08-18T23:35:09.543 INFO:teuthology.orchestra.run.smithi078.stdout:/usr/bin/ceph: stderr
2024-08-18T23:35:08.973+0000 7fcfabaaa640 1 -- 172.21.15.78:0/689742734 wait complete.
2024-08-18T23:35:09.544 INFO:teuthology.orchestra.run.smithi078.stdout:Deploying unmanaged mon service...
2024-08-18T23:35:10.112 INFO:journalctl@ceph.mon.a.smithi078.stdout:Aug 18 23:35:09 smithi078 ceph-mon[18440]: from='mgr.14118 172.21.15.78:0/2111719543' entity='mgr.x'
2024-08-18T23:35:10.112 INFO:journalctl@ceph.mon.a.smithi078.stdout:Aug 18 23:35:09 smithi078 ceph-mon[18440]: Added host smithi078
2024-08-18T23:35:10.113 INFO:journalctl@ceph.mon.a.smithi078.stdout:Aug 18 23:35:09 smithi078 ceph-mon[18440]: from='mgr.14118 172.21.15.78:0/2111719543' entity='mgr.x' cmd=[{"prefix": "config dump", "format": "json"}]: dispatch
2024-08-18T23:35:10.883 INFO:teuthology.orchestra.run.smithi078.stdout:/usr/bin/ceph: stdout Scheduled mon update...
2024-08-18T23:35:10.883 INFO:teuthology.orchestra.run.smithi078.stdout:/usr/bin/ceph: stderr
2024-08-18T23:35:09.905+0000 7f7439bd7640 1 Processor -- start
2024-08-18T23:35:10.883 INFO:teuthology.orchestra.run.smithi078.stdout:/usr/bin/ceph: stderr
2024-08-18T23:35:09.905+0000 7f7439bd7640 1 -- start start
2024-08-18T23:35:10.883 INFO:teuthology.orchestra.run.smithi078.stdout:/usr/bin/ceph: stderr
2024-08-18T23:35:09.906+0000 7f7439bd7640 1 --2- >> [v2:172.21.15.78:3300/0,v1:172.21.15.78:6789/0] conn(0x7f7434106180 0x7f7434106580 unknown :-1 s=NONE pgs=0 cs=0 l=0 rev1=0 crypto rx=0 tx=0 comp rx=0 tx=0).connect
2024-08-18T23:35:10.883 INFO:teuthology.orchestra.run.smithi078.stdout:/usr/bin/ceph: stderr
2024-08-18T23:35:09.906+0000 7f7439bd7640 1 -- --> [v2:172.21.15.78:3300/0,v1:172.21.15.78:6789/0] -- mon_getmap magic: 0 -- 0x7f7434106b50 con 0x7f7434106180
2024-08-18T23:35:10.883 INFO:teuthology.orchestra.run.smithi078.stdout:/usr/bin/ceph: stderr
2024-08-18T23:35:09.906+0000 7f74337fe640 1 --2- >> [v2:172.21.15.78:3300/0,v1:172.21.15.78:6789/0] conn(0x7f7434106180 0x7f7434106580 unknown :-1 s=BANNER_CONNECTING pgs=0 cs=0 l=0 rev1=0 crypto rx=0 tx=0 comp rx=0 tx=0)._handle_peer_banner_payload supported=3 required=0
2024-08-18T23:35:10.883 INFO:teuthology.orchestra.run.smithi078.stdout:/usr/bin/ceph: stderr
2024-08-18T23:35:09.906+0000 7f74337fe640 1 --2- >> [v2:172.21.15.78:3300/0,v1:172.21.15.78:6789/0] conn(0x7f7434106180 0x7f7434106580 unknown :-1 s=HELLO_CONNECTING pgs=0 cs=0 l=0 rev1=1 crypto rx=0 tx=0 comp rx=0 tx=0).handle_hello peer v2:172.21.15.78:3300/0 says I am v2:172.21.15.78:45770/0 (socket says 172.21.15.78:45770)
2024-08-18T23:35:10.883 INFO:teuthology.orchestra.run.smithi078.stdout:/usr/bin/ceph: stderr
2024-08-18T23:35:09.906+0000 7f74337fe640 1 -- 172.21.15.78:0/1466044587 learned_addr learned my addr 172.21.15.78:0/1466044587 (peer_addr_for_me v2:172.21.15.78:0/0)
2024-08-18T23:35:10.883 INFO:teuthology.orchestra.run.smithi078.stdout:/usr/bin/ceph: stderr
2024-08-18T23:35:09.906+0000 7f74337fe640 1 -- 172.21.15.78:0/1466044587 --> [v2:172.21.15.78:3300/0,v1:172.21.15.78:6789/0] -- mon_subscribe({config=0+,monmap=0+}) -- 0x7f7434107380 con 0x7f7434106180
2024-08-18T23:35:10.883 INFO:teuthology.orchestra.run.smithi078.stdout:/usr/bin/ceph: stderr
2024-08-18T23:35:09.907+0000 7f74337fe640 1 --2- 172.21.15.78:0/1466044587 >> [v2:172.21.15.78:3300/0,v1:172.21.15.78:6789/0] conn(0x7f7434106180 0x7f7434106580 secure :-1 s=READY pgs=45 cs=0 l=1 rev1=1 crypto rx=0x7f7424009820 tx=0x7f742402a270 comp rx=0 tx=0).ready entity=mon.0 client_cookie=1d68081fbc3b1911 server_cookie=0 in_seq=0 out_seq=0
2024-08-18T23:35:10.884 INFO:teuthology.orchestra.run.smithi078.stdout:/usr/bin/ceph: stderr
2024-08-18T23:35:09.907+0000 7f7432ffd640 1 -- 172.21.15.78:0/1466044587 <== mon.0 v2:172.21.15.78:3300/0 1 ==== mon_map magic: 0 ==== 205+0+0 (secure 0 0 0) 0x7f7424037070 con 0x7f7434106180
2024-08-18T23:35:10.884 INFO:teuthology.orchestra.run.smithi078.stdout:/usr/bin/ceph: stderr
2024-08-18T23:35:09.907+0000 7f7432ffd640 1 -- 172.21.15.78:0/1466044587 <== mon.0 v2:172.21.15.78:3300/0 2 ==== config(27 keys) ==== 1109+0+0 (secure 0 0 0) 0x7f7424032900 con 0x7f7434106180
2024-08-18T23:35:10.884 INFO:teuthology.orchestra.run.smithi078.stdout:/usr/bin/ceph: stderr
2024-08-18T23:35:09.907+0000 7f7432ffd640 1 -- 172.21.15.78:0/1466044587 <== mon.0 v2:172.21.15.78:3300/0 3 ==== mon_map magic: 0 ==== 205+0+0 (secure 0 0 0) 0x7f7424030850 con 0x7f7434106180
2024-08-18T23:35:10.884 INFO:teuthology.orchestra.run.smithi078.stdout:/usr/bin/ceph: stderr
2024-08-18T23:35:09.907+0000 7f7439bd7640 1 -- 172.21.15.78:0/1466044587 >> [v2:172.21.15.78:3300/0,v1:172.21.15.78:6789/0] conn(0x7f7434106180 msgr2=0x7f7434106580 secure :-1 s=STATE_CONNECTION_ESTABLISHED l=1).mark_down
2024-08-18T23:35:10.884 INFO:teuthology.orchestra.run.smithi078.stdout:/usr/bin/ceph: stderr
2024-08-18T23:35:09.907+0000 7f7439bd7640 1 --2- 172.21.15.78:0/1466044587 >> [v2:172.21.15.78:3300/0,v1:172.21.15.78:6789/0] conn(0x7f7434106180 0x7f7434106580 secure :-1 s=READY pgs=45 cs=0 l=1 rev1=1 crypto rx=0x7f7424009820 tx=0x7f742402a270 comp rx=0 tx=0).stop
2024-08-18T23:35:10.884 INFO:teuthology.orchestra.run.smithi078.stdout:/usr/bin/ceph: stderr
2024-08-18T23:35:09.908+0000 7f7439bd7640 1 -- 172.21.15.78:0/1466044587 shutdown_connections
2024-08-18T23:35:10.884 INFO:teuthology.orchestra.run.smithi078.stdout:/usr/bin/ceph: stderr
2024-08-18T23:35:09.908+0000 7f7439bd7640 1 --2- 172.21.15.78:0/1466044587 >> [v2:172.21.15.78:3300/0,v1:172.21.15.78:6789/0] conn(0x7f7434106180 0x7f7434106580 unknown :-1 s=CLOSED pgs=45 cs=0 l=1 rev1=1 crypto rx=0 tx=0 comp rx=0 tx=0).stop
2024-08-18T23:35:10.884 INFO:teuthology.orchestra.run.smithi078.stdout:/usr/bin/ceph: stderr
2024-08-18T23:35:09.908+0000 7f7439bd7640 1 -- 172.21.15.78:0/1466044587 >> 172.21.15.78:0/1466044587 conn(0x7f74341018f0 msgr2=0x7f7434103d50 unknown :-1 s=STATE_NONE l=0).mark_down
2024-08-18T23:35:10.884 INFO:teuthology.orchestra.run.smithi078.stdout:/usr/bin/ceph: stderr
2024-08-18T23:35:09.908+0000 7f7439bd7640 1 -- 172.21.15.78:0/1466044587 shutdown_connections
2024-08-18T23:35:10.884 INFO:teuthology.orchestra.run.smithi078.stdout:/usr/bin/ceph: stderr
2024-08-18T23:35:09.908+0000 7f7439bd7640 1 -- 172.21.15.78:0/1466044587 wait complete.
2024-08-18T23:35:10.884 INFO:teuthology.orchestra.run.smithi078.stdout:/usr/bin/ceph: stderr
2024-08-18T23:35:09.908+0000 7f7439bd7640 1 Processor -- start
2024-08-18T23:35:10.884 INFO:teuthology.orchestra.run.smithi078.stdout:/usr/bin/ceph: stderr
2024-08-18T23:35:09.908+0000 7f7439bd7640 1 -- start start
2024-08-18T23:35:10.884 INFO:teuthology.orchestra.run.smithi078.stdout:/usr/bin/ceph: stderr
2024-08-18T23:35:09.909+0000 7f7439bd7640 1 --2- >> [v2:172.21.15.78:3300/0,v1:172.21.15.78:6789/0] conn(0x7f7434106180 0x7f74341913b0 unknown :-1 s=NONE pgs=0 cs=0 l=1 rev1=0 crypto rx=0 tx=0 comp rx=0 tx=0).connect
2024-08-18T23:35:10.884 INFO:teuthology.orchestra.run.smithi078.stdout:/usr/bin/ceph: stderr
2024-08-18T23:35:09.909+0000 7f7439bd7640 1 -- --> [v2:172.21.15.78:3300/0,v1:172.21.15.78:6789/0] -- mon_getmap magic: 0 -- 0x7f743410a730 con 0x7f7434106180
2024-08-18T23:35:10.885 INFO:teuthology.orchestra.run.smithi078.stdout:/usr/bin/ceph: stderr
2024-08-18T23:35:09.909+0000 7f74337fe640 1 --2- >> [v2:172.21.15.78:3300/0,v1:172.21.15.78:6789/0] conn(0x7f7434106180 0x7f74341913b0 unknown :-1 s=BANNER_CONNECTING pgs=0 cs=0 l=1 rev1=0 crypto rx=0 tx=0 comp rx=0 tx=0)._handle_peer_banner_payload supported=3 required=0
2024-08-18T23:35:10.885 INFO:teuthology.orchestra.run.smithi078.stdout:/usr/bin/ceph: stderr
2024-08-18T23:35:09.909+0000 7f74337fe640 1 --2- >> [v2:172.21.15.78:3300/0,v1:172.21.15.78:6789/0] conn(0x7f7434106180 0x7f74341913b0 unknown :-1 s=HELLO_CONNECTING pgs=0 cs=0 l=1 rev1=1 crypto rx=0 tx=0 comp rx=0 tx=0).handle_hello peer v2:172.21.15.78:3300/0 says I am v2:172.21.15.78:45772/0 (socket says 172.21.15.78:45772)
2024-08-18T23:35:10.885 INFO:teuthology.orchestra.run.smithi078.stdout:/usr/bin/ceph: stderr
2024-08-18T23:35:09.909+0000 7f74337fe640 1 -- 172.21.15.78:0/2101930135 learned_addr learned my addr 172.21.15.78:0/2101930135 (peer_addr_for_me v2:172.21.15.78:0/0)
2024-08-18T23:35:10.885 INFO:teuthology.orchestra.run.smithi078.stdout:/usr/bin/ceph: stderr
2024-08-18T23:35:09.909+0000 7f74337fe640 1 -- 172.21.15.78:0/2101930135 --> [v2:172.21.15.78:3300/0,v1:172.21.15.78:6789/0] -- mon_subscribe({config=0+,monmap=0+}) -- 0x7f74341918f0 con 0x7f7434106180
2024-08-18T23:35:10.885 INFO:teuthology.orchestra.run.smithi078.stdout:/usr/bin/ceph: stderr
2024-08-18T23:35:09.909+0000 7f74337fe640 1 --2- 172.21.15.78:0/2101930135 >> [v2:172.21.15.78:3300/0,v1:172.21.15.78:6789/0] conn(0x7f7434106180 0x7f74341913b0 secure :-1 s=READY pgs=46 cs=0 l=1 rev1=1 crypto rx=0x7f7424009940 tx=0x7f74240326e0 comp rx=0 tx=0).ready entity=mon.0 client_cookie=0 server_cookie=0 in_seq=0 out_seq=0
2024-08-18T23:35:10.885 INFO:teuthology.orchestra.run.smithi078.stdout:/usr/bin/ceph: stderr
2024-08-18T23:35:09.909+0000 7f74317fa640 1 -- 172.21.15.78:0/2101930135 <== mon.0 v2:172.21.15.78:3300/0 1 ==== mon_map magic: 0 ==== 205+0+0 (secure 0 0 0) 0x7f7424042070 con 0x7f7434106180
2024-08-18T23:35:10.885 INFO:teuthology.orchestra.run.smithi078.stdout:/usr/bin/ceph: stderr
2024-08-18T23:35:09.909+0000 7f74317fa640 1 -- 172.21.15.78:0/2101930135 <== mon.0 v2:172.21.15.78:3300/0 2 ==== config(27 keys) ==== 1109+0+0 (secure 0 0 0) 0x7f7424032be0 con 0x7f7434106180
2024-08-18T23:35:10.885 INFO:teuthology.orchestra.run.smithi078.stdout:/usr/bin/ceph: stderr
2024-08-18T23:35:09.909+0000 7f7439bd7640 1 -- 172.21.15.78:0/2101930135 --> [v2:172.21.15.78:3300/0,v1:172.21.15.78:6789/0] -- mon_subscribe({mgrmap=0+}) -- 0x7f743418fae0 con 0x7f7434106180
2024-08-18T23:35:10.885 INFO:teuthology.orchestra.run.smithi078.stdout:/usr/bin/ceph: stderr
2024-08-18T23:35:09.909+0000 7f74317fa640 1 -- 172.21.15.78:0/2101930135 <== mon.0 v2:172.21.15.78:3300/0 3 ==== mon_map magic: 0 ==== 205+0+0 (secure 0 0 0) 0x7f7424037040 con 0x7f7434106180
2024-08-18T23:35:10.885 INFO:teuthology.orchestra.run.smithi078.stdout:/usr/bin/ceph: stderr
2024-08-18T23:35:09.909+0000 7f7439bd7640 1 -- 172.21.15.78:0/2101930135 --> [v2:172.21.15.78:3300/0,v1:172.21.15.78:6789/0] -- mon_subscribe({osdmap=0}) -- 0x7f7434190020 con 0x7f7434106180
2024-08-18T23:35:10.885 INFO:teuthology.orchestra.run.smithi078.stdout:/usr/bin/ceph: stderr
2024-08-18T23:35:09.910+0000 7f74317fa640 1 -- 172.21.15.78:0/2101930135 <== mon.0 v2:172.21.15.78:3300/0 4 ==== mgrmap(e 8) ==== 46287+0+0 (secure 0 0 0) 0x7f7424045070 con 0x7f7434106180
2024-08-18T23:35:10.885 INFO:teuthology.orchestra.run.smithi078.stdout:/usr/bin/ceph: stderr
2024-08-18T23:35:09.910+0000 7f7439bd7640 1 -- 172.21.15.78:0/2101930135 --> [v2:172.21.15.78:3300/0,v1:172.21.15.78:6789/0] -- mon_command({"prefix": "get_command_descriptions"} v 0) -- 0x7f743410a8b0 con 0x7f7434106180
2024-08-18T23:35:10.885 INFO:teuthology.orchestra.run.smithi078.stdout:/usr/bin/ceph: stderr
2024-08-18T23:35:09.910+0000 7f74317fa640 1 --2- 172.21.15.78:0/2101930135 >> [v2:172.21.15.78:6800/311758909,v1:172.21.15.78:6801/311758909] conn(0x7f7420038f70 0x7f742003b430 unknown :-1 s=NONE pgs=0 cs=0 l=1 rev1=0 crypto rx=0 tx=0 comp rx=0 tx=0).connect
2024-08-18T23:35:10.885 INFO:teuthology.orchestra.run.smithi078.stdout:/usr/bin/ceph: stderr
2024-08-18T23:35:09.910+0000 7f74317fa640 1 -- 172.21.15.78:0/2101930135 <== mon.0 v2:172.21.15.78:3300/0 5 ==== osd_map(2..2 src has 1..2) ==== 940+0+0 (secure 0 0 0) 0x7f742406bf40 con 0x7f7434106180
2024-08-18T23:35:10.885 INFO:teuthology.orchestra.run.smithi078.stdout:/usr/bin/ceph: stderr
2024-08-18T23:35:09.910+0000 7f742affd640 1 --2- 172.21.15.78:0/2101930135 >> [v2:172.21.15.78:6800/311758909,v1:172.21.15.78:6801/311758909] conn(0x7f7420038f70 0x7f742003b430 unknown :-1 s=BANNER_CONNECTING pgs=0 cs=0 l=1 rev1=0 crypto rx=0 tx=0 comp rx=0 tx=0)._handle_peer_banner_payload supported=3 required=0
2024-08-18T23:35:10.886 INFO:teuthology.orchestra.run.smithi078.stdout:/usr/bin/ceph: stderr
2024-08-18T23:35:09.911+0000 7f742affd640 1 --2- 172.21.15.78:0/2101930135 >> [v2:172.21.15.78:6800/311758909,v1:172.21.15.78:6801/311758909] conn(0x7f7420038f70 0x7f742003b430 secure :-1 s=READY pgs=12 cs=0 l=1 rev1=1 crypto rx=0x7f741c0098c0 tx=0x7f741c006db0 comp rx=0 tx=0).ready entity=mgr.14118 client_cookie=0 server_cookie=0 in_seq=0 out_seq=0
2024-08-18T23:35:10.886 INFO:teuthology.orchestra.run.smithi078.stdout:/usr/bin/ceph: stderr
2024-08-18T23:35:09.915+0000 7f74317fa640 1 -- 172.21.15.78:0/2101930135 <== mon.0 v2:172.21.15.78:3300/0 6 ==== mon_command_ack([{"prefix": "get_command_descriptions"}]=0 v0) ==== 72+0+187871 (secure 0 0 0) 0x7f7424045e10 con 0x7f7434106180
2024-08-18T23:35:10.886 INFO:teuthology.orchestra.run.smithi078.stdout:/usr/bin/ceph: stderr
2024-08-18T23:35:10.111+0000 7f7439bd7640 1 -- 172.21.15.78:0/2101930135 --> [v2:172.21.15.78:6800/311758909,v1:172.21.15.78:6801/311758909] -- mgr_command(tid 0: {"prefix": "orch apply", "service_type": "mon", "unmanaged": true, "target": ["mon-mgr", ""]}) -- 0x7f7434194ef0 con 0x7f7420038f70
2024-08-18T23:35:10.886 INFO:teuthology.orchestra.run.smithi078.stdout:/usr/bin/ceph: stderr
2024-08-18T23:35:10.115+0000 7f74317fa640 1 -- 172.21.15.78:0/2101930135 <== mgr.14118 v2:172.21.15.78:6800/311758909 1 ==== mgr_command_reply(tid 0: 0 ) ==== 8+0+24 (secure 0 0 0) 0x7f7434194ef0 con 0x7f7420038f70
2024-08-18T23:35:10.886 INFO:teuthology.orchestra.run.smithi078.stdout:/usr/bin/ceph: stderr
2024-08-18T23:35:10.117+0000 7f7439bd7640 1 -- 172.21.15.78:0/2101930135 >> [v2:172.21.15.78:6800/311758909,v1:172.21.15.78:6801/311758909] conn(0x7f7420038f70 msgr2=0x7f742003b430 secure :-1 s=STATE_CONNECTION_ESTABLISHED l=1).mark_down
2024-08-18T23:35:10.886 INFO:teuthology.orchestra.run.smithi078.stdout:/usr/bin/ceph: stderr
2024-08-18T23:35:10.117+0000 7f7439bd7640 1 --2- 172.21.15.78:0/2101930135 >> [v2:172.21.15.78:6800/311758909,v1:172.21.15.78:6801/311758909] conn(0x7f7420038f70 0x7f742003b430 secure :-1 s=READY pgs=12 cs=0 l=1 rev1=1 crypto rx=0x7f741c0098c0 tx=0x7f741c006db0 comp rx=0 tx=0).stop
2024-08-18T23:35:10.886 INFO:teuthology.orchestra.run.smithi078.stdout:/usr/bin/ceph: stderr
2024-08-18T23:35:10.117+0000 7f7439bd7640 1 -- 172.21.15.78:0/2101930135 >> [v2:172.21.15.78:3300/0,v1:172.21.15.78:6789/0] conn(0x7f7434106180 msgr2=0x7f74341913b0 secure :-1 s=STATE_CONNECTION_ESTABLISHED l=1).mark_down
2024-08-18T23:35:10.886 INFO:teuthology.orchestra.run.smithi078.stdout:/usr/bin/ceph: stderr
2024-08-18T23:35:10.117+0000 7f7439bd7640 1 --2- 172.21.15.78:0/2101930135 >> [v2:172.21.15.78:3300/0,v1:172.21.15.78:6789/0] conn(0x7f7434106180 0x7f74341913b0 secure :-1 s=READY pgs=46 cs=0 l=1 rev1=1 crypto rx=0x7f7424009940 tx=0x7f74240326e0 comp rx=0 tx=0).stop
2024-08-18T23:35:10.886 INFO:teuthology.orchestra.run.smithi078.stdout:/usr/bin/ceph: stderr
2024-08-18T23:35:10.118+0000 7f7439bd7640 1 -- 172.21.15.78:0/2101930135 shutdown_connections
2024-08-18T23:35:10.886 INFO:teuthology.orchestra.run.smithi078.stdout:/usr/bin/ceph: stderr
2024-08-18T23:35:10.118+0000 7f7439bd7640 1 --2- 172.21.15.78:0/2101930135 >> [v2:172.21.15.78:6800/311758909,v1:172.21.15.78:6801/311758909] conn(0x7f7420038f70 0x7f742003b430 unknown :-1 s=CLOSED pgs=12 cs=0 l=1 rev1=1 crypto rx=0 tx=0 comp rx=0 tx=0).stop
2024-08-18T23:35:10.886 INFO:teuthology.orchestra.run.smithi078.stdout:/usr/bin/ceph: stderr
2024-08-18T23:35:10.118+0000 7f7439bd7640 1 --2- 172.21.15.78:0/2101930135 >> [v2:172.21.15.78:3300/0,v1:172.21.15.78:6789/0] conn(0x7f7434106180 0x7f74341913b0 unknown :-1 s=CLOSED pgs=46 cs=0 l=1 rev1=1 crypto rx=0 tx=0 comp rx=0 tx=0).stop
2024-08-18T23:35:10.886 INFO:teuthology.orchestra.run.smithi078.stdout:/usr/bin/ceph: stderr
2024-08-18T23:35:10.118+0000 7f7439bd7640 1 -- 172.21.15.78:0/2101930135 >> 172.21.15.78:0/2101930135 conn(0x7f74341018f0 msgr2=0x7f74341028c0 unknown :-1 s=STATE_NONE l=0).mark_down
2024-08-18T23:35:10.886 INFO:teuthology.orchestra.run.smithi078.stdout:/usr/bin/ceph: stderr
2024-08-18T23:35:10.118+0000 7f7439bd7640 1 -- 172.21.15.78:0/2101930135 shutdown_connections
2024-08-18T23:35:10.886 INFO:teuthology.orchestra.run.smithi078.stdout:/usr/bin/ceph: stderr
2024-08-18T23:35:10.118+0000 7f7439bd7640 1 -- 172.21.15.78:0/2101930135 wait complete.
2024-08-18T23:35:10.887 INFO:teuthology.orchestra.run.smithi078.stdout:Deploying unmanaged mgr service...
2024-08-18T23:35:11.201 INFO:journalctl@ceph.mon.a.smithi078.stdout:Aug 18 23:35:11 smithi078 ceph-mon[18440]: from='client.14140 -' entity='client.admin' cmd=[{"prefix": "orch apply", "service_type": "mon", "unmanaged": true, "target": ["mon-mgr", ""]}]: dispatch
2024-08-18T23:35:11.202 INFO:journalctl@ceph.mon.a.smithi078.stdout:Aug 18 23:35:11 smithi078 ceph-mon[18440]: Saving service mon spec with placement count:5
2024-08-18T23:35:11.202 INFO:journalctl@ceph.mon.a.smithi078.stdout:Aug 18 23:35:11 smithi078 ceph-mon[18440]: from='mgr.14118 172.21.15.78:0/2111719543' entity='mgr.x'
2024-08-18T23:35:12.080 INFO:teuthology.orchestra.run.smithi078.stdout:/usr/bin/ceph: stdout Scheduled mgr update...
2024-08-18T23:35:12.080 INFO:teuthology.orchestra.run.smithi078.stdout:/usr/bin/ceph: stderr
2024-08-18T23:35:11.283+0000 7f2ae28f0640 1 Processor -- start
2024-08-18T23:35:12.080 INFO:teuthology.orchestra.run.smithi078.stdout:/usr/bin/ceph: stderr
2024-08-18T23:35:11.283+0000 7f2ae28f0640 1 -- start start
2024-08-18T23:35:12.080 INFO:teuthology.orchestra.run.smithi078.stdout:/usr/bin/ceph: stderr
2024-08-18T23:35:11.283+0000 7f2ae28f0640 1 --2- >> [v2:172.21.15.78:3300/0,v1:172.21.15.78:6789/0] conn(0x7f2adc107d20 0x7f2adc10a110 unknown :-1 s=NONE pgs=0 cs=0 l=0 rev1=0 crypto rx=0 tx=0 comp rx=0 tx=0).connect
2024-08-18T23:35:12.080 INFO:teuthology.orchestra.run.smithi078.stdout:/usr/bin/ceph: stderr
2024-08-18T23:35:11.283+0000 7f2ae28f0640 1 -- --> [v2:172.21.15.78:3300/0,v1:172.21.15.78:6789/0] -- mon_getmap magic: 0 -- 0x7f2adc07be30 con 0x7f2adc107d20
2024-08-18T23:35:12.080 INFO:teuthology.orchestra.run.smithi078.stdout:/usr/bin/ceph: stderr
2024-08-18T23:35:11.283+0000 7f2adbfff640 1 --2- >> [v2:172.21.15.78:3300/0,v1:172.21.15.78:6789/0] conn(0x7f2adc107d20 0x7f2adc10a110 unknown :-1 s=BANNER_CONNECTING pgs=0 cs=0 l=0 rev1=0 crypto rx=0 tx=0 comp rx=0 tx=0)._handle_peer_banner_payload supported=3 required=0
2024-08-18T23:35:12.081 INFO:teuthology.orchestra.run.smithi078.stdout:/usr/bin/ceph: stderr
2024-08-18T23:35:11.283+0000 7f2adbfff640 1 --2- >> [v2:172.21.15.78:3300/0,v1:172.21.15.78:6789/0] conn(0x7f2adc107d20 0x7f2adc10a110 unknown :-1 s=HELLO_CONNECTING pgs=0 cs=0 l=0 rev1=1 crypto rx=0 tx=0 comp rx=0 tx=0).handle_hello peer v2:172.21.15.78:3300/0 says I am v2:172.21.15.78:45778/0 (socket says 172.21.15.78:45778)
2024-08-18T23:35:12.081 INFO:teuthology.orchestra.run.smithi078.stdout:/usr/bin/ceph: stderr
2024-08-18T23:35:11.283+0000 7f2adbfff640 1 -- 172.21.15.78:0/902450234 learned_addr learned my addr 172.21.15.78:0/902450234 (peer_addr_for_me v2:172.21.15.78:0/0)
2024-08-18T23:35:12.081 INFO:teuthology.orchestra.run.smithi078.stdout:/usr/bin/ceph: stderr
2024-08-18T23:35:11.283+0000 7f2adbfff640 1 -- 172.21.15.78:0/902450234 --> [v2:172.21.15.78:3300/0,v1:172.21.15.78:6789/0] -- mon_subscribe({config=0+,monmap=0+}) -- 0x7f2adc10a650 con 0x7f2adc107d20
2024-08-18T23:35:12.081 INFO:teuthology.orchestra.run.smithi078.stdout:/usr/bin/ceph: stderr
2024-08-18T23:35:11.284+0000 7f2adbfff640 1 --2- 172.21.15.78:0/902450234 >> [v2:172.21.15.78:3300/0,v1:172.21.15.78:6789/0] conn(0x7f2adc107d20 0x7f2adc10a110 secure :-1 s=READY pgs=47 cs=0 l=1 rev1=1 crypto rx=0x7f2acc009820 tx=0x7f2acc02a270 comp rx=0 tx=0).ready entity=mon.0 client_cookie=189576ca96fe50e7 server_cookie=0 in_seq=0 out_seq=0
2024-08-18T23:35:12.081 INFO:teuthology.orchestra.run.smithi078.stdout:/usr/bin/ceph: stderr
2024-08-18T23:35:11.284+0000 7f2adb7fe640 1 -- 172.21.15.78:0/902450234 <== mon.0 v2:172.21.15.78:3300/0 1 ==== mon_map magic: 0 ==== 205+0+0 (secure 0 0 0) 0x7f2acc037070 con 0x7f2adc107d20
2024-08-18T23:35:12.081 INFO:teuthology.orchestra.run.smithi078.stdout:/usr/bin/ceph: stderr
2024-08-18T23:35:11.284+0000 7f2adb7fe640 1 -- 172.21.15.78:0/902450234 <== mon.0 v2:172.21.15.78:3300/0 2 ==== config(27 keys) ==== 1109+0+0 (secure 0 0 0) 0x7f2acc032900 con 0x7f2adc107d20
2024-08-18T23:35:12.081 INFO:teuthology.orchestra.run.smithi078.stdout:/usr/bin/ceph: stderr
2024-08-18T23:35:11.284+0000 7f2adb7fe640 1 -- 172.21.15.78:0/902450234 <== mon.0 v2:172.21.15.78:3300/0 3 ==== mon_map magic: 0 ==== 205+0+0 (secure 0 0 0) 0x7f2acc030850 con 0x7f2adc107d20
2024-08-18T23:35:12.081 INFO:teuthology.orchestra.run.smithi078.stdout:/usr/bin/ceph: stderr
2024-08-18T23:35:11.285+0000 7f2ae28f0640 1 -- 172.21.15.78:0/902450234 >> [v2:172.21.15.78:3300/0,v1:172.21.15.78:6789/0] conn(0x7f2adc107d20 msgr2=0x7f2adc10a110 secure :-1 s=STATE_CONNECTION_ESTABLISHED l=1).mark_down
2024-08-18T23:35:12.081 INFO:teuthology.orchestra.run.smithi078.stdout:/usr/bin/ceph: stderr
2024-08-18T23:35:11.285+0000 7f2ae28f0640 1 --2- 172.21.15.78:0/902450234 >> [v2:172.21.15.78:3300/0,v1:172.21.15.78:6789/0] conn(0x7f2adc107d20 0x7f2adc10a110 secure :-1 s=READY pgs=47 cs=0 l=1 rev1=1 crypto rx=0x7f2acc009820 tx=0x7f2acc02a270 comp rx=0 tx=0).stop
2024-08-18T23:35:12.081 INFO:teuthology.orchestra.run.smithi078.stdout:/usr/bin/ceph: stderr
2024-08-18T23:35:11.285+0000 7f2ae28f0640 1 -- 172.21.15.78:0/902450234 shutdown_connections
2024-08-18T23:35:12.081 INFO:teuthology.orchestra.run.smithi078.stdout:/usr/bin/ceph: stderr
2024-08-18T23:35:11.285+0000 7f2ae28f0640 1 --2- 172.21.15.78:0/902450234 >> [v2:172.21.15.78:3300/0,v1:172.21.15.78:6789/0] conn(0x7f2adc107d20 0x7f2adc10a110 unknown :-1 s=CLOSED pgs=47 cs=0 l=1 rev1=1 crypto rx=0 tx=0 comp rx=0 tx=0).stop
2024-08-18T23:35:12.081 INFO:teuthology.orchestra.run.smithi078.stdout:/usr/bin/ceph: stderr
2024-08-18T23:35:11.285+0000 7f2ae28f0640 1 -- 172.21.15.78:0/902450234 >> 172.21.15.78:0/902450234 conn(0x7f2adc1019e0 msgr2=0x7f2adc103e00 unknown :-1 s=STATE_NONE l=0).mark_down
2024-08-18T23:35:12.081 INFO:teuthology.orchestra.run.smithi078.stdout:/usr/bin/ceph: stderr
2024-08-18T23:35:11.285+0000 7f2ae28f0640 1 -- 172.21.15.78:0/902450234 shutdown_connections
2024-08-18T23:35:12.082 INFO:teuthology.orchestra.run.smithi078.stdout:/usr/bin/ceph: stderr
2024-08-18T23:35:11.285+0000 7f2ae28f0640 1 -- 172.21.15.78:0/902450234 wait complete.
2024-08-18T23:35:12.082 INFO:teuthology.orchestra.run.smithi078.stdout:/usr/bin/ceph: stderr
2024-08-18T23:35:11.286+0000 7f2ae28f0640 1 Processor -- start
2024-08-18T23:35:12.082 INFO:teuthology.orchestra.run.smithi078.stdout:/usr/bin/ceph: stderr
2024-08-18T23:35:11.286+0000 7f2ae28f0640 1 -- start start
2024-08-18T23:35:12.082 INFO:teuthology.orchestra.run.smithi078.stdout:/usr/bin/ceph: stderr
