2024-08-18T23:34:55.947 INFO:teuthology.orchestra.run.smithi078.stdout:/usr/bin/ceph: stderr
2024-08-18T23:34:55.120+0000 7f360fa93640 1 -- 172.21.15.78:0/2096550764 --> [v2:172.21.15.78:3300/0,v1:172.21.15.78:6789/0] -- mon_subscribe({osdmap=0}) -- 0x7f36081a0910 con 0x7f3608105b80
2024-08-18T23:34:55.947 INFO:teuthology.orchestra.run.smithi078.stdout:/usr/bin/ceph: stderr
2024-08-18T23:34:55.121+0000 7f360fa93640 1 -- 172.21.15.78:0/2096550764 --> [v2:172.21.15.78:3300/0,v1:172.21.15.78:6789/0] -- mon_command({"prefix": "get_command_descriptions"} v 0) -- 0x7f3608107b10 con 0x7f3608105b80
2024-08-18T23:34:55.947 INFO:teuthology.orchestra.run.smithi078.stdout:/usr/bin/ceph: stderr
2024-08-18T23:34:55.121+0000 7f35feffd640 1 -- 172.21.15.78:0/2096550764 <== mon.0 v2:172.21.15.78:3300/0 4 ==== mgrmap(e 5) ==== 46287+0+0 (secure 0 0 0) 0x7f3604045070 con 0x7f3608105b80
2024-08-18T23:34:55.947 INFO:teuthology.orchestra.run.smithi078.stdout:/usr/bin/ceph: stderr
2024-08-18T23:34:55.122+0000 7f35feffd640 1 --2- 172.21.15.78:0/2096550764 >> [v2:172.21.15.78:6800/2301978296,v1:172.21.15.78:6801/2301978296] conn(0x7f35f4038f70 0x7f35f403b430 unknown :-1 s=NONE pgs=0 cs=0 l=1 rev1=0 crypto rx=0 tx=0 comp rx=0 tx=0).connect
2024-08-18T23:34:55.947 INFO:teuthology.orchestra.run.smithi078.stdout:/usr/bin/ceph: stderr
2024-08-18T23:34:55.122+0000 7f35feffd640 1 -- 172.21.15.78:0/2096550764 <== mon.0 v2:172.21.15.78:3300/0 5 ==== osd_map(1..1 src has 1..1) ==== 725+0+0 (secure 0 0 0) 0x7f360406bff0 con 0x7f3608105b80
2024-08-18T23:34:55.947 INFO:teuthology.orchestra.run.smithi078.stdout:/usr/bin/ceph: stderr
2024-08-18T23:34:55.122+0000 7f360d02e640 1 -- 172.21.15.78:0/2096550764 >> [v2:172.21.15.78:6800/2301978296,v1:172.21.15.78:6801/2301978296] conn(0x7f35f4038f70 msgr2=0x7f35f403b430 unknown :-1 s=STATE_CONNECTING_RE l=1).process reconnect failed to v2:172.21.15.78:6800/2301978296
2024-08-18T23:34:55.947 INFO:teuthology.orchestra.run.smithi078.stdout:/usr/bin/ceph: stderr
2024-08-18T23:34:55.122+0000 7f360d02e640 1 --2- 172.21.15.78:0/2096550764 >> [v2:172.21.15.78:6800/2301978296,v1:172.21.15.78:6801/2301978296] conn(0x7f35f4038f70 0x7f35f403b430 unknown :-1 s=START_CONNECT pgs=0 cs=0 l=1 rev1=0 crypto rx=0 tx=0 comp rx=0 tx=0)._fault waiting 0.200000
2024-08-18T23:34:55.947 INFO:teuthology.orchestra.run.smithi078.stdout:/usr/bin/ceph: stderr
2024-08-18T23:34:55.126+0000 7f35feffd640 1 -- 172.21.15.78:0/2096550764 <== mon.0 v2:172.21.15.78:3300/0 6 ==== mon_command_ack([{"prefix": "get_command_descriptions"}]=0 v0) ==== 72+0+187871 (secure 0 0 0) 0x7f360404b170 con 0x7f3608105b80
2024-08-18T23:34:55.947 INFO:teuthology.orchestra.run.smithi078.stdout:/usr/bin/ceph: stderr
2024-08-18T23:34:55.323+0000 7f360d02e640 1 -- 172.21.15.78:0/2096550764 >> [v2:172.21.15.78:6800/2301978296,v1:172.21.15.78:6801/2301978296] conn(0x7f35f4038f70 msgr2=0x7f35f403b430 unknown :-1 s=STATE_CONNECTING_RE l=1).process reconnect failed to v2:172.21.15.78:6800/2301978296
2024-08-18T23:34:55.947 INFO:teuthology.orchestra.run.smithi078.stdout:/usr/bin/ceph: stderr
2024-08-18T23:34:55.323+0000 7f360d02e640 1 --2- 172.21.15.78:0/2096550764 >> [v2:172.21.15.78:6800/2301978296,v1:172.21.15.78:6801/2301978296] conn(0x7f35f4038f70 0x7f35f403b430 unknown :-1 s=START_CONNECT pgs=0 cs=0 l=1 rev1=0 crypto rx=0 tx=0 comp rx=0 tx=0)._fault waiting 0.400000
2024-08-18T23:34:55.947 INFO:teuthology.orchestra.run.smithi078.stdout:/usr/bin/ceph: stderr
2024-08-18T23:34:55.350+0000 7f360fa93640 1 -- 172.21.15.78:0/2096550764 --> [v2:172.21.15.78:3300/0,v1:172.21.15.78:6789/0] -- mon_command({"prefix": "mgr stat"} v 0) -- 0x7f360802d860 con 0x7f3608105b80
2024-08-18T23:34:55.947 INFO:teuthology.orchestra.run.smithi078.stdout:/usr/bin/ceph: stderr
2024-08-18T23:34:55.350+0000 7f35feffd640 1 -- 172.21.15.78:0/2096550764 <== mon.0 v2:172.21.15.78:3300/0 7 ==== mon_command_ack([{"prefix": "mgr stat"}]=0 v5) ==== 56+0+88 (secure 0 0 0) 0x7f360403cd50 con 0x7f3608105b80
2024-08-18T23:34:55.947 INFO:teuthology.orchestra.run.smithi078.stdout:/usr/bin/ceph: stderr
2024-08-18T23:34:55.352+0000 7f360fa93640 1 -- 172.21.15.78:0/2096550764 >> [v2:172.21.15.78:6800/2301978296,v1:172.21.15.78:6801/2301978296] conn(0x7f35f4038f70 msgr2=0x7f35f403b430 unknown :-1 s=STATE_CONNECTING l=1).mark_down
2024-08-18T23:34:55.948 INFO:teuthology.orchestra.run.smithi078.stdout:/usr/bin/ceph: stderr
2024-08-18T23:34:55.352+0000 7f360fa93640 1 --2- 172.21.15.78:0/2096550764 >> [v2:172.21.15.78:6800/2301978296,v1:172.21.15.78:6801/2301978296] conn(0x7f35f4038f70 0x7f35f403b430 unknown :-1 s=START_CONNECT pgs=0 cs=0 l=1 rev1=0 crypto rx=0 tx=0 comp rx=0 tx=0).stop
2024-08-18T23:34:55.948 INFO:teuthology.orchestra.run.smithi078.stdout:/usr/bin/ceph: stderr
2024-08-18T23:34:55.352+0000 7f360fa93640 1 -- 172.21.15.78:0/2096550764 >> [v2:172.21.15.78:3300/0,v1:172.21.15.78:6789/0] conn(0x7f3608105b80 msgr2=0x7f360819d450 secure :-1 s=STATE_CONNECTION_ESTABLISHED l=1).mark_down
2024-08-18T23:34:55.948 INFO:teuthology.orchestra.run.smithi078.stdout:/usr/bin/ceph: stderr
2024-08-18T23:34:55.352+0000 7f360fa93640 1 --2- 172.21.15.78:0/2096550764 >> [v2:172.21.15.78:3300/0,v1:172.21.15.78:6789/0] conn(0x7f3608105b80 0x7f360819d450 secure :-1 s=READY pgs=25 cs=0 l=1 rev1=1 crypto rx=0x7f3604032ce0 tx=0x7f3604032d10 comp rx=0 tx=0).stop
2024-08-18T23:34:55.948 INFO:teuthology.orchestra.run.smithi078.stdout:/usr/bin/ceph: stderr
2024-08-18T23:34:55.352+0000 7f360fa93640 1 -- 172.21.15.78:0/2096550764 shutdown_connections
2024-08-18T23:34:55.948 INFO:teuthology.orchestra.run.smithi078.stdout:/usr/bin/ceph: stderr
2024-08-18T23:34:55.352+0000 7f360fa93640 1 --2- 172.21.15.78:0/2096550764 >> [v2:172.21.15.78:6800/2301978296,v1:172.21.15.78:6801/2301978296] conn(0x7f35f4038f70 0x7f35f403b430 unknown :-1 s=CLOSED pgs=0 cs=0 l=1 rev1=0 crypto rx=0 tx=0 comp rx=0 tx=0).stop
2024-08-18T23:34:55.948 INFO:teuthology.orchestra.run.smithi078.stdout:/usr/bin/ceph: stderr
2024-08-18T23:34:55.352+0000 7f360fa93640 1 --2- 172.21.15.78:0/2096550764 >> [v2:172.21.15.78:3300/0,v1:172.21.15.78:6789/0] conn(0x7f3608105b80 0x7f360819d450 unknown :-1 s=CLOSED pgs=25 cs=0 l=1 rev1=1 crypto rx=0 tx=0 comp rx=0 tx=0).stop
2024-08-18T23:34:55.948 INFO:teuthology.orchestra.run.smithi078.stdout:/usr/bin/ceph: stderr
2024-08-18T23:34:55.352+0000 7f360fa93640 1 -- 172.21.15.78:0/2096550764 >> 172.21.15.78:0/2096550764 conn(0x7f36081019f0 msgr2=0x7f36081940d0 unknown :-1 s=STATE_NONE l=0).mark_down
2024-08-18T23:34:55.948 INFO:teuthology.orchestra.run.smithi078.stdout:/usr/bin/ceph: stderr
2024-08-18T23:34:55.352+0000 7f360fa93640 1 -- 172.21.15.78:0/2096550764 shutdown_connections
2024-08-18T23:34:55.948 INFO:teuthology.orchestra.run.smithi078.stdout:/usr/bin/ceph: stderr
2024-08-18T23:34:55.352+0000 7f360fa93640 1 -- 172.21.15.78:0/2096550764 wait complete.
2024-08-18T23:34:55.948 INFO:teuthology.orchestra.run.smithi078.stdout:Waiting for the mgr to restart...
2024-08-18T23:34:55.948 INFO:teuthology.orchestra.run.smithi078.stdout:Waiting for mgr epoch 5...
2024-08-18T23:34:56.163 INFO:journalctl@ceph.mon.a.smithi078.stdout:Aug 18 23:34:56 smithi078 ceph-mon[18440]: from='client.? 172.21.15.78:0/2096550764' entity='client.admin' cmd=[{"prefix": "mgr stat"}]: dispatch
2024-08-18T23:34:56.163 INFO:journalctl@ceph.mgr.x.smithi078.stdout:Aug 18 23:34:56 smithi078 ceph-4f1128e6-5dba-11ef-bccf-c7b262605968-mgr-x[18672]:
2024-08-18T23:34:56.096+0000 7f2a4104f040 -1 mgr[py] Module volumes has missing NOTIFY_TYPES member
2024-08-18T23:34:56.163 INFO:journalctl@ceph.mgr.x.smithi078.stdout:Aug 18 23:34:56 smithi078 ceph-4f1128e6-5dba-11ef-bccf-c7b262605968-mgr-x[18672]:
2024-08-18T23:34:56.161+0000 7f2a4104f040 -1 mgr[py] Module selftest has missing NOTIFY_TYPES member
2024-08-18T23:34:56.469 INFO:journalctl@ceph.mgr.x.smithi078.stdout:Aug 18 23:34:56 smithi078 ceph-4f1128e6-5dba-11ef-bccf-c7b262605968-mgr-x[18672]:
2024-08-18T23:34:56.225+0000 7f2a4104f040 -1 mgr[py] Module progress has missing NOTIFY_TYPES member
2024-08-18T23:34:56.469 INFO:journalctl@ceph.mgr.x.smithi078.stdout:Aug 18 23:34:56 smithi078 ceph-4f1128e6-5dba-11ef-bccf-c7b262605968-mgr-x[18672]:
2024-08-18T23:34:56.296+0000 7f2a4104f040 -1 mgr[py] Module alerts has missing NOTIFY_TYPES member
2024-08-18T23:34:56.917 INFO:journalctl@ceph.mgr.x.smithi078.stdout:Aug 18 23:34:56 smithi078 ceph-4f1128e6-5dba-11ef-bccf-c7b262605968-mgr-x[18672]:
2024-08-18T23:34:56.521+0000 7f2a4104f040 -1 mgr[py] Module snap_schedule has missing NOTIFY_TYPES member
2024-08-18T23:34:56.917 INFO:journalctl@ceph.mgr.x.smithi078.stdout:Aug 18 23:34:56 smithi078 ceph-4f1128e6-5dba-11ef-bccf-c7b262605968-mgr-x[18672]:
2024-08-18T23:34:56.584+0000 7f2a4104f040 -1 mgr[py] Module zabbix has missing NOTIFY_TYPES member
2024-08-18T23:34:57.219 INFO:journalctl@ceph.mgr.x.smithi078.stdout:Aug 18 23:34:57 smithi078 ceph-4f1128e6-5dba-11ef-bccf-c7b262605968-mgr-x[18672]:
2024-08-18T23:34:57.117+0000 7f2a4104f040 -1 mgr[py] Module test_orchestrator has missing NOTIFY_TYPES member
2024-08-18T23:34:57.718 INFO:journalctl@ceph.mgr.x.smithi078.stdout:Aug 18 23:34:57 smithi078 ceph-4f1128e6-5dba-11ef-bccf-c7b262605968-mgr-x[18672]:
2024-08-18T23:34:57.431+0000 7f2a4104f040 -1 mgr[py] Module prometheus has missing NOTIFY_TYPES member
2024-08-18T23:34:57.969 INFO:journalctl@ceph.mgr.x.smithi078.stdout:Aug 18 23:34:57 smithi078 ceph-4f1128e6-5dba-11ef-bccf-c7b262605968-mgr-x[18672]:
2024-08-18T23:34:57.840+0000 7f2a4104f040 -1 mgr[py] Module rook has missing NOTIFY_TYPES member
2024-08-18T23:34:57.969 INFO:journalctl@ceph.mgr.x.smithi078.stdout:Aug 18 23:34:57 smithi078 ceph-4f1128e6-5dba-11ef-bccf-c7b262605968-mgr-x[18672]:
2024-08-18T23:34:57.896+0000 7f2a4104f040 -1 mgr[py] Module osd_support has missing NOTIFY_TYPES member
2024-08-18T23:34:57.969 INFO:journalctl@ceph.mgr.x.smithi078.stdout:Aug 18 23:34:57 smithi078 ceph-4f1128e6-5dba-11ef-bccf-c7b262605968-mgr-x[18672]:
2024-08-18T23:34:57.955+0000 7f2a4104f040 -1 mgr[py] Module influx has missing NOTIFY_TYPES member
2024-08-18T23:34:59.469 INFO:journalctl@ceph.mon.a.smithi078.stdout:Aug 18 23:34:59 smithi078 ceph-mon[18440]: Active manager daemon x restarted
2024-08-18T23:34:59.469 INFO:journalctl@ceph.mon.a.smithi078.stdout:Aug 18 23:34:59 smithi078 ceph-mon[18440]: Activating manager daemon x
2024-08-18T23:34:59.469 INFO:journalctl@ceph.mon.a.smithi078.stdout:Aug 18 23:34:59 smithi078 ceph-mon[18440]: osdmap e2: 0 total, 0 up, 0 in
2024-08-18T23:34:59.469 INFO:journalctl@ceph.mon.a.smithi078.stdout:Aug 18 23:34:59 smithi078 ceph-mon[18440]: mgrmap e6: x(active, starting, since 0.00380519s)
2024-08-18T23:34:59.469 INFO:journalctl@ceph.mon.a.smithi078.stdout:Aug 18 23:34:59 smithi078 ceph-mon[18440]: from='mgr.14118 172.21.15.78:0/2111719543' entity='mgr.x' cmd=[{"prefix": "mon metadata", "id": "a"}]: dispatch
2024-08-18T23:34:59.470 INFO:journalctl@ceph.mon.a.smithi078.stdout:Aug 18 23:34:59 smithi078 ceph-mon[18440]: from='mgr.14118 172.21.15.78:0/2111719543' entity='mgr.x' cmd=[{"prefix": "mgr metadata", "who": "x", "id": "x"}]: dispatch
2024-08-18T23:34:59.470 INFO:journalctl@ceph.mon.a.smithi078.stdout:Aug 18 23:34:59 smithi078 ceph-mon[18440]: from='mgr.14118 172.21.15.78:0/2111719543' entity='mgr.x' cmd=[{"prefix": "mds metadata"}]: dispatch
2024-08-18T23:34:59.470 INFO:journalctl@ceph.mon.a.smithi078.stdout:Aug 18 23:34:59 smithi078 ceph-mon[18440]: from='mgr.14118 172.21.15.78:0/2111719543' entity='mgr.x' cmd=[{"prefix": "osd metadata"}]: dispatch
2024-08-18T23:34:59.470 INFO:journalctl@ceph.mon.a.smithi078.stdout:Aug 18 23:34:59 smithi078 ceph-mon[18440]: from='mgr.14118 172.21.15.78:0/2111719543' entity='mgr.x' cmd=[{"prefix": "mon metadata"}]: dispatch
2024-08-18T23:34:59.470 INFO:journalctl@ceph.mon.a.smithi078.stdout:Aug 18 23:34:59 smithi078 ceph-mon[18440]: Manager daemon x is now available
2024-08-18T23:34:59.470 INFO:journalctl@ceph.mon.a.smithi078.stdout:Aug 18 23:34:59 smithi078 ceph-mon[18440]: from='mgr.14118 172.21.15.78:0/2111719543' entity='mgr.x'
2024-08-18T23:34:59.470 INFO:journalctl@ceph.mon.a.smithi078.stdout:Aug 18 23:34:59 smithi078 ceph-mon[18440]: from='mgr.14118 172.21.15.78:0/2111719543' entity='mgr.x'
2024-08-18T23:34:59.470 INFO:journalctl@ceph.mon.a.smithi078.stdout:Aug 18 23:34:59 smithi078 ceph-mon[18440]: from='mgr.14118 172.21.15.78:0/2111719543' entity='mgr.x' cmd=[{"prefix": "config dump", "format": "json"}]: dispatch
2024-08-18T23:34:59.470 INFO:journalctl@ceph.mon.a.smithi078.stdout:Aug 18 23:34:59 smithi078 ceph-mon[18440]: from='mgr.14118 172.21.15.78:0/2111719543' entity='mgr.x' cmd=[{"prefix": "config dump", "format": "json"}]: dispatch
2024-08-18T23:34:59.470 INFO:journalctl@ceph.mon.a.smithi078.stdout:Aug 18 23:34:59 smithi078 ceph-mon[18440]: from='mgr.14118 172.21.15.78:0/2111719543' entity='mgr.x' cmd=[{"prefix":"config rm","who":"mgr","name":"mgr/rbd_support/x/mirror_snapshot_schedule"}]: dispatch
2024-08-18T23:34:59.470 INFO:journalctl@ceph.mon.a.smithi078.stdout:Aug 18 23:34:59 smithi078 ceph-mon[18440]: from='mgr.14118 172.21.15.78:0/2111719543' entity='mgr.x' cmd=[{"prefix":"config rm","who":"mgr","name":"mgr/rbd_support/x/trash_purge_schedule"}]: dispatch
2024-08-18T23:35:00.341 INFO:journalctl@ceph.mon.a.smithi078.stdout:Aug 18 23:35:00 smithi078 ceph-mon[18440]: Found migration_current of "None". Setting to last migration.
2024-08-18T23:35:00.341 INFO:journalctl@ceph.mon.a.smithi078.stdout:Aug 18 23:35:00 smithi078 ceph-mon[18440]: from='mgr.14118 172.21.15.78:0/2111719543' entity='mgr.x'
2024-08-18T23:35:00.341 INFO:journalctl@ceph.mon.a.smithi078.stdout:Aug 18 23:35:00 smithi078 ceph-mon[18440]: from='mgr.14118 172.21.15.78:0/2111719543' entity='mgr.x'
2024-08-18T23:35:00.341 INFO:journalctl@ceph.mon.a.smithi078.stdout:Aug 18 23:35:00 smithi078 ceph-mon[18440]: mgrmap e7: x(active, since 1.00598s)
2024-08-18T23:35:00.636 INFO:teuthology.orchestra.run.smithi078.stdout:/usr/bin/ceph: stdout {
2024-08-18T23:35:00.643 INFO:teuthology.orchestra.run.smithi078.stdout:/usr/bin/ceph: stdout "mgrmap_epoch": 7,
2024-08-18T23:35:00.643 INFO:teuthology.orchestra.run.smithi078.stdout:/usr/bin/ceph: stdout "initialized": true
2024-08-18T23:35:00.643 INFO:teuthology.orchestra.run.smithi078.stdout:/usr/bin/ceph: stdout }
2024-08-18T23:35:00.643 INFO:teuthology.orchestra.run.smithi078.stdout:/usr/bin/ceph: stderr
2024-08-18T23:34:56.308+0000 7fcf25d86640 1 Processor -- start
2024-08-18T23:35:00.643 INFO:teuthology.orchestra.run.smithi078.stdout:/usr/bin/ceph: stderr
2024-08-18T23:34:56.308+0000 7fcf25d86640 1 -- start start
2024-08-18T23:35:00.643 INFO:teuthology.orchestra.run.smithi078.stdout:/usr/bin/ceph: stderr
2024-08-18T23:34:56.308+0000 7fcf25d86640 1 --2- >> [v2:172.21.15.78:3300/0,v1:172.21.15.78:6789/0] conn(0x7fcf20107cf0 0x7fcf2010a0e0 unknown :-1 s=NONE pgs=0 cs=0 l=0 rev1=0 crypto rx=0 tx=0 comp rx=0 tx=0).connect
2024-08-18T23:35:00.643 INFO:teuthology.orchestra.run.smithi078.stdout:/usr/bin/ceph: stderr
2024-08-18T23:34:56.309+0000 7fcf25d86640 1 -- --> [v2:172.21.15.78:3300/0,v1:172.21.15.78:6789/0] -- mon_getmap magic: 0 -- 0x7fcf200755b0 con 0x7fcf20107cf0
2024-08-18T23:35:00.643 INFO:teuthology.orchestra.run.smithi078.stdout:/usr/bin/ceph: stderr
2024-08-18T23:34:56.309+0000 7fcf1f7fe640 1 --2- >> [v2:172.21.15.78:3300/0,v1:172.21.15.78:6789/0] conn(0x7fcf20107cf0 0x7fcf2010a0e0 unknown :-1 s=BANNER_CONNECTING pgs=0 cs=0 l=0 rev1=0 crypto rx=0 tx=0 comp rx=0 tx=0)._handle_peer_banner_payload supported=3 required=0
2024-08-18T23:35:00.643 INFO:teuthology.orchestra.run.smithi078.stdout:/usr/bin/ceph: stderr
2024-08-18T23:34:56.309+0000 7fcf1f7fe640 1 --2- >> [v2:172.21.15.78:3300/0,v1:172.21.15.78:6789/0] conn(0x7fcf20107cf0 0x7fcf2010a0e0 unknown :-1 s=HELLO_CONNECTING pgs=0 cs=0 l=0 rev1=1 crypto rx=0 tx=0 comp rx=0 tx=0).handle_hello peer v2:172.21.15.78:3300/0 says I am v2:172.21.15.78:48764/0 (socket says 172.21.15.78:48764)
2024-08-18T23:35:00.644 INFO:teuthology.orchestra.run.smithi078.stdout:/usr/bin/ceph: stderr
2024-08-18T23:34:56.309+0000 7fcf1f7fe640 1 -- 172.21.15.78:0/3808359667 learned_addr learned my addr 172.21.15.78:0/3808359667 (peer_addr_for_me v2:172.21.15.78:0/0)
2024-08-18T23:35:00.644 INFO:teuthology.orchestra.run.smithi078.stdout:/usr/bin/ceph: stderr
2024-08-18T23:34:56.309+0000 7fcf1f7fe640 1 -- 172.21.15.78:0/3808359667 --> [v2:172.21.15.78:3300/0,v1:172.21.15.78:6789/0] -- mon_subscribe({config=0+,monmap=0+}) -- 0x7fcf2010a620 con 0x7fcf20107cf0
2024-08-18T23:35:00.644 INFO:teuthology.orchestra.run.smithi078.stdout:/usr/bin/ceph: stderr
2024-08-18T23:34:56.310+0000 7fcf1f7fe640 1 --2- 172.21.15.78:0/3808359667 >> [v2:172.21.15.78:3300/0,v1:172.21.15.78:6789/0] conn(0x7fcf20107cf0 0x7fcf2010a0e0 secure :-1 s=READY pgs=26 cs=0 l=1 rev1=1 crypto rx=0x7fcf10009e80 tx=0x7fcf1002a7a0 comp rx=0 tx=0).ready entity=mon.0 client_cookie=8920241895c550c8 server_cookie=0 in_seq=0 out_seq=0
2024-08-18T23:35:00.644 INFO:teuthology.orchestra.run.smithi078.stdout:/usr/bin/ceph: stderr
2024-08-18T23:34:56.310+0000 7fcf1e7fc640 1 -- 172.21.15.78:0/3808359667 <== mon.0 v2:172.21.15.78:3300/0 1 ==== mon_map magic: 0 ==== 205+0+0 (secure 0 0 0) 0x7fcf10036070 con 0x7fcf20107cf0
2024-08-18T23:35:00.644 INFO:teuthology.orchestra.run.smithi078.stdout:/usr/bin/ceph: stderr
2024-08-18T23:34:56.310+0000 7fcf1e7fc640 1 -- 172.21.15.78:0/3808359667 <== mon.0 v2:172.21.15.78:3300/0 2 ==== config(27 keys) ==== 1109+0+0 (secure 0 0 0) 0x7fcf100318c0 con 0x7fcf20107cf0
2024-08-18T23:35:00.644 INFO:teuthology.orchestra.run.smithi078.stdout:/usr/bin/ceph: stderr
2024-08-18T23:34:56.310+0000 7fcf1e7fc640 1 -- 172.21.15.78:0/3808359667 <== mon.0 v2:172.21.15.78:3300/0 3 ==== mon_map magic: 0 ==== 205+0+0 (secure 0 0 0) 0x7fcf10007ab0 con 0x7fcf20107cf0
2024-08-18T23:35:00.644 INFO:teuthology.orchestra.run.smithi078.stdout:/usr/bin/ceph: stderr
2024-08-18T23:34:56.310+0000 7fcf25d86640 1 -- 172.21.15.78:0/3808359667 >> [v2:172.21.15.78:3300/0,v1:172.21.15.78:6789/0] conn(0x7fcf20107cf0 msgr2=0x7fcf2010a0e0 secure :-1 s=STATE_CONNECTION_ESTABLISHED l=1).mark_down
2024-08-18T23:35:00.644 INFO:teuthology.orchestra.run.smithi078.stdout:/usr/bin/ceph: stderr
2024-08-18T23:34:56.310+0000 7fcf25d86640 1 --2- 172.21.15.78:0/3808359667 >> [v2:172.21.15.78:3300/0,v1:172.21.15.78:6789/0] conn(0x7fcf20107cf0 0x7fcf2010a0e0 secure :-1 s=READY pgs=26 cs=0 l=1 rev1=1 crypto rx=0x7fcf10009e80 tx=0x7fcf1002a7a0 comp rx=0 tx=0).stop
2024-08-18T23:35:00.644 INFO:teuthology.orchestra.run.smithi078.stdout:/usr/bin/ceph: stderr
2024-08-18T23:34:56.311+0000 7fcf25d86640 1 -- 172.21.15.78:0/3808359667 shutdown_connections
2024-08-18T23:35:00.645 INFO:teuthology.orchestra.run.smithi078.stdout:/usr/bin/ceph: stderr
2024-08-18T23:34:56.311+0000 7fcf25d86640 1 --2- 172.21.15.78:0/3808359667 >> [v2:172.21.15.78:3300/0,v1:172.21.15.78:6789/0] conn(0x7fcf20107cf0 0x7fcf2010a0e0 unknown :-1 s=CLOSED pgs=26 cs=0 l=1 rev1=1 crypto rx=0 tx=0 comp rx=0 tx=0).stop
2024-08-18T23:35:00.645 INFO:teuthology.orchestra.run.smithi078.stdout:/usr/bin/ceph: stderr
2024-08-18T23:34:56.311+0000 7fcf25d86640 1 -- 172.21.15.78:0/3808359667 >> 172.21.15.78:0/3808359667 conn(0x7fcf201018f0 msgr2=0x7fcf20103d50 unknown :-1 s=STATE_NONE l=0).mark_down
2024-08-18T23:35:00.645 INFO:teuthology.orchestra.run.smithi078.stdout:/usr/bin/ceph: stderr
2024-08-18T23:34:56.311+0000 7fcf25d86640 1 -- 172.21.15.78:0/3808359667 shutdown_connections
2024-08-18T23:35:00.645 INFO:teuthology.orchestra.run.smithi078.stdout:/usr/bin/ceph: stderr
2024-08-18T23:34:56.311+0000 7fcf25d86640 1 -- 172.21.15.78:0/3808359667 wait complete.
2024-08-18T23:35:00.645 INFO:teuthology.orchestra.run.smithi078.stdout:/usr/bin/ceph: stderr
2024-08-18T23:34:56.311+0000 7fcf25d86640 1 Processor -- start
2024-08-18T23:35:00.645 INFO:teuthology.orchestra.run.smithi078.stdout:/usr/bin/ceph: stderr
2024-08-18T23:34:56.312+0000 7fcf25d86640 1 -- start start
2024-08-18T23:35:00.645 INFO:teuthology.orchestra.run.smithi078.stdout:/usr/bin/ceph: stderr
2024-08-18T23:34:56.312+0000 7fcf25d86640 1 --2- >> [v2:172.21.15.78:3300/0,v1:172.21.15.78:6789/0] conn(0x7fcf20107cf0 0x7fcf2019b5c0 unknown :-1 s=NONE pgs=0 cs=0 l=1 rev1=0 crypto rx=0 tx=0 comp rx=0 tx=0).connect
2024-08-18T23:35:00.645 INFO:teuthology.orchestra.run.smithi078.stdout:/usr/bin/ceph: stderr
2024-08-18T23:34:56.312+0000 7fcf25d86640 1 -- --> [v2:172.21.15.78:3300/0,v1:172.21.15.78:6789/0] -- mon_getmap magic: 0 -- 0x7fcf2010b6c0 con 0x7fcf20107cf0
2024-08-18T23:35:00.645 INFO:teuthology.orchestra.run.smithi078.stdout:/usr/bin/ceph: stderr
2024-08-18T23:34:56.312+0000 7fcf1f7fe640 1 --2- >> [v2:172.21.15.78:3300/0,v1:172.21.15.78:6789/0] conn(0x7fcf20107cf0 0x7fcf2019b5c0 unknown :-1 s=BANNER_CONNECTING pgs=0 cs=0 l=1 rev1=0 crypto rx=0 tx=0 comp rx=0 tx=0)._handle_peer_banner_payload supported=3 required=0
2024-08-18T23:35:00.645 INFO:teuthology.orchestra.run.smithi078.stdout:/usr/bin/ceph: stderr
2024-08-18T23:34:56.312+0000 7fcf1f7fe640 1 --2- >> [v2:172.21.15.78:3300/0,v1:172.21.15.78:6789/0] conn(0x7fcf20107cf0 0x7fcf2019b5c0 unknown :-1 s=HELLO_CONNECTING pgs=0 cs=0 l=1 rev1=1 crypto rx=0 tx=0 comp rx=0 tx=0).handle_hello peer v2:172.21.15.78:3300/0 says I am v2:172.21.15.78:48766/0 (socket says 172.21.15.78:48766)
2024-08-18T23:35:00.645 INFO:teuthology.orchestra.run.smithi078.stdout:/usr/bin/ceph: stderr
2024-08-18T23:34:56.312+0000 7fcf1f7fe640 1 -- 172.21.15.78:0/1421744197 learned_addr learned my addr 172.21.15.78:0/1421744197 (peer_addr_for_me v2:172.21.15.78:0/0)
2024-08-18T23:35:00.645 INFO:teuthology.orchestra.run.smithi078.stdout:/usr/bin/ceph: stderr
2024-08-18T23:34:56.312+0000 7fcf1f7fe640 1 -- 172.21.15.78:0/1421744197 --> [v2:172.21.15.78:3300/0,v1:172.21.15.78:6789/0] -- mon_subscribe({config=0+,monmap=0+}) -- 0x7fcf2019bb00 con 0x7fcf20107cf0
2024-08-18T23:35:00.646 INFO:teuthology.orchestra.run.smithi078.stdout:/usr/bin/ceph: stderr
2024-08-18T23:34:56.313+0000 7fcf1f7fe640 1 --2- 172.21.15.78:0/1421744197 >> [v2:172.21.15.78:3300/0,v1:172.21.15.78:6789/0] conn(0x7fcf20107cf0 0x7fcf2019b5c0 secure :-1 s=READY pgs=27 cs=0 l=1 rev1=1 crypto rx=0x7fcf10031ca0 tx=0x7fcf10031cd0 comp rx=0 tx=0).ready entity=mon.0 client_cookie=0 server_cookie=0 in_seq=0 out_seq=0
2024-08-18T23:35:00.646 INFO:teuthology.orchestra.run.smithi078.stdout:/usr/bin/ceph: stderr
2024-08-18T23:34:56.313+0000 7fcf1cff9640 1 -- 172.21.15.78:0/1421744197 <== mon.0 v2:172.21.15.78:3300/0 1 ==== mon_map magic: 0 ==== 205+0+0 (secure 0 0 0) 0x7fcf10036050 con 0x7fcf20107cf0
2024-08-18T23:35:00.646 INFO:teuthology.orchestra.run.smithi078.stdout:/usr/bin/ceph: stderr
2024-08-18T23:34:56.313+0000 7fcf25d86640 1 -- 172.21.15.78:0/1421744197 --> [v2:172.21.15.78:3300/0,v1:172.21.15.78:6789/0] -- mon_subscribe({mgrmap=0+}) -- 0x7fcf2019bd90 con 0x7fcf20107cf0
2024-08-18T23:35:00.646 INFO:teuthology.orchestra.run.smithi078.stdout:/usr/bin/ceph: stderr
2024-08-18T23:34:56.313+0000 7fcf1cff9640 1 -- 172.21.15.78:0/1421744197 <== mon.0 v2:172.21.15.78:3300/0 2 ==== config(27 keys) ==== 1109+0+0 (secure 0 0 0) 0x7fcf10042070 con 0x7fcf20107cf0
2024-08-18T23:35:00.646 INFO:teuthology.orchestra.run.smithi078.stdout:/usr/bin/ceph: stderr
2024-08-18T23:34:56.313+0000 7fcf1cff9640 1 -- 172.21.15.78:0/1421744197 <== mon.0 v2:172.21.15.78:3300/0 3 ==== mon_map magic: 0 ==== 205+0+0 (secure 0 0 0) 0x7fcf1003d940 con 0x7fcf20107cf0
2024-08-18T23:35:00.646 INFO:teuthology.orchestra.run.smithi078.stdout:/usr/bin/ceph: stderr
2024-08-18T23:34:56.313+0000 7fcf25d86640 1 -- 172.21.15.78:0/1421744197 --> [v2:172.21.15.78:3300/0,v1:172.21.15.78:6789/0] -- mon_subscribe({osdmap=0}) -- 0x7fcf2019ea80 con 0x7fcf20107cf0
2024-08-18T23:35:00.646 INFO:teuthology.orchestra.run.smithi078.stdout:/usr/bin/ceph: stderr
2024-08-18T23:34:56.314+0000 7fcf1cff9640 1 -- 172.21.15.78:0/1421744197 <== mon.0 v2:172.21.15.78:3300/0 4 ==== mgrmap(e 5) ==== 46287+0+0 (secure 0 0 0) 0x7fcf1003dc40 con 0x7fcf20107cf0
2024-08-18T23:35:00.646 INFO:teuthology.orchestra.run.smithi078.stdout:/usr/bin/ceph: stderr
2024-08-18T23:34:56.314+0000 7fcf1cff9640 1 --2- 172.21.15.78:0/1421744197 >> [v2:172.21.15.78:6800/2301978296,v1:172.21.15.78:6801/2301978296] conn(0x7fcf08038f70 0x7fcf0803b430 unknown :-1 s=NONE pgs=0 cs=0 l=1 rev1=0 crypto rx=0 tx=0 comp rx=0 tx=0).connect
2024-08-18T23:35:00.646 INFO:teuthology.orchestra.run.smithi078.stdout:/usr/bin/ceph: stderr
2024-08-18T23:34:56.314+0000 7fcf1cff9640 1 -- 172.21.15.78:0/1421744197 <== mon.0 v2:172.21.15.78:3300/0 5 ==== osd_map(1..1 src has 1..1) ==== 725+0+0 (secure 0 0 0) 0x7fcf10007e00 con 0x7fcf20107cf0
2024-08-18T23:35:00.646 INFO:teuthology.orchestra.run.smithi078.stdout:/usr/bin/ceph: stderr
2024-08-18T23:34:56.314+0000 7fcf25d86640 1 -- 172.21.15.78:0/1421744197 --> [v2:172.21.15.78:6800/2301978296,v1:172.21.15.78:6801/2301978296] -- command(tid 0: {"prefix": "get_command_descriptions"}) -- 0x7fcf20108150 con 0x7fcf08038f70
2024-08-18T23:35:00.646 INFO:teuthology.orchestra.run.smithi078.stdout:/usr/bin/ceph: stderr
2024-08-18T23:34:56.314+0000 7fcf1effd640 1 -- 172.21.15.78:0/1421744197 >> [v2:172.21.15.78:6800/2301978296,v1:172.21.15.78:6801/2301978296] conn(0x7fcf08038f70 msgr2=0x7fcf0803b430 unknown :-1 s=STATE_CONNECTING_RE l=1).process reconnect failed to v2:172.21.15.78:6800/2301978296
2024-08-18T23:35:00.646 INFO:teuthology.orchestra.run.smithi078.stdout:/usr/bin/ceph: stderr
2024-08-18T23:34:56.314+0000 7fcf1effd640 1 --2- 172.21.15.78:0/1421744197 >> [v2:172.21.15.78:6800/2301978296,v1:172.21.15.78:6801/2301978296] conn(0x7fcf08038f70 0x7fcf0803b430 unknown :-1 s=START_CONNECT pgs=0 cs=0 l=1 rev1=0 crypto rx=0 tx=0 comp rx=0 tx=0)._fault waiting 0.200000
2024-08-18T23:35:00.647 INFO:teuthology.orchestra.run.smithi078.stdout:/usr/bin/ceph: stderr
2024-08-18T23:34:56.515+0000 7fcf1effd640 1 -- 172.21.15.78:0/1421744197 >> [v2:172.21.15.78:6800/2301978296,v1:172.21.15.78:6801/2301978296] conn(0x7fcf08038f70 msgr2=0x7fcf0803b430 unknown :-1 s=STATE_CONNECTING_RE l=1).process reconnect failed to v2:172.21.15.78:6800/2301978296
2024-08-18T23:35:00.647 INFO:teuthology.orchestra.run.smithi078.stdout:/usr/bin/ceph: stderr
2024-08-18T23:34:56.515+0000 7fcf1effd640 1 --2- 172.21.15.78:0/1421744197 >> [v2:172.21.15.78:6800/2301978296,v1:172.21.15.78:6801/2301978296] conn(0x7fcf08038f70 0x7fcf0803b430 unknown :-1 s=START_CONNECT pgs=0 cs=0 l=1 rev1=0 crypto rx=0 tx=0 comp rx=0 tx=0)._fault waiting 0.400000
2024-08-18T23:35:00.647 INFO:teuthology.orchestra.run.smithi078.stdout:/usr/bin/ceph: stderr
2024-08-18T23:34:56.916+0000 7fcf1effd640 1 -- 172.21.15.78:0/1421744197 >> [v2:172.21.15.78:6800/2301978296,v1:172.21.15.78:6801/2301978296] conn(0x7fcf08038f70 msgr2=0x7fcf0803b430 unknown :-1 s=STATE_CONNECTING_RE l=1).process reconnect failed to v2:172.21.15.78:6800/2301978296
2024-08-18T23:35:00.647 INFO:teuthology.orchestra.run.smithi078.stdout:/usr/bin/ceph: stderr
2024-08-18T23:34:56.916+0000 7fcf1effd640 1 --2- 172.21.15.78:0/1421744197 >> [v2:172.21.15.78:6800/2301978296,v1:172.21.15.78:6801/2301978296] conn(0x7fcf08038f70 0x7fcf0803b430 unknown :-1 s=START_CONNECT pgs=0 cs=0 l=1 rev1=0 crypto rx=0 tx=0 comp rx=0 tx=0)._fault waiting 0.800000
2024-08-18T23:35:00.647 INFO:teuthology.orchestra.run.smithi078.stdout:/usr/bin/ceph: stderr
2024-08-18T23:34:57.717+0000 7fcf1effd640 1 -- 172.21.15.78:0/1421744197 >> [v2:172.21.15.78:6800/2301978296,v1:172.21.15.78:6801/2301978296] conn(0x7fcf08038f70 msgr2=0x7fcf0803b430 unknown :-1 s=STATE_CONNECTING_RE l=1).process reconnect failed to v2:172.21.15.78:6800/2301978296
2024-08-18T23:35:00.647 INFO:teuthology.orchestra.run.smithi078.stdout:/usr/bin/ceph: stderr
2024-08-18T23:34:57.717+0000 7fcf1effd640 1 --2- 172.21.15.78:0/1421744197 >> [v2:172.21.15.78:6800/2301978296,v1:172.21.15.78:6801/2301978296] conn(0x7fcf08038f70 0x7fcf0803b430 unknown :-1 s=START_CONNECT pgs=0 cs=0 l=1 rev1=0 crypto rx=0 tx=0 comp rx=0 tx=0)._fault waiting 1.600000
2024-08-18T23:35:00.647 INFO:teuthology.orchestra.run.smithi078.stdout:/usr/bin/ceph: stderr
2024-08-18T23:34:59.022+0000 7fcf1cff9640 1 -- 172.21.15.78:0/1421744197 <== mon.0 v2:172.21.15.78:3300/0 6 ==== mgrmap(e 6) ==== 46054+0+0 (secure 0 0 0) 0x7fcf1006bdd0 con 0x7fcf20107cf0
2024-08-18T23:35:00.647 INFO:teuthology.orchestra.run.smithi078.stdout:/usr/bin/ceph: stderr
2024-08-18T23:34:59.023+0000 7fcf1cff9640 1 -- 172.21.15.78:0/1421744197 >> [v2:172.21.15.78:6800/2301978296,v1:172.21.15.78:6801/2301978296] conn(0x7fcf08038f70 msgr2=0x7fcf0803b430 unknown :-1 s=STATE_CONNECTING l=1).mark_down
2024-08-18T23:35:00.647 INFO:teuthology.orchestra.run.smithi078.stdout:/usr/bin/ceph: stderr
2024-08-18T23:34:59.023+0000 7fcf1cff9640 1 --2- 172.21.15.78:0/1421744197 >> [v2:172.21.15.78:6800/2301978296,v1:172.21.15.78:6801/2301978296] conn(0x7fcf08038f70 0x7fcf0803b430 unknown :-1 s=START_CONNECT pgs=0 cs=0 l=1 rev1=0 crypto rx=0 tx=0 comp rx=0 tx=0).stop
2024-08-18T23:35:00.647 INFO:teuthology.orchestra.run.smithi078.stdout:/usr/bin/ceph: stderr
2024-08-18T23:35:00.024+0000 7fcf1cff9640 1 -- 172.21.15.78:0/1421744197 <== mon.0 v2:172.21.15.78:3300/0 7 ==== mgrmap(e 7) ==== 46181+0+0 (secure 0 0 0) 0x7fcf100463c0 con 0x7fcf20107cf0
2024-08-18T23:35:00.647 INFO:teuthology.orchestra.run.smithi078.stdout:/usr/bin/ceph: stderr
2024-08-18T23:35:00.024+0000 7fcf1cff9640 1 --2- 172.21.15.78:0/1421744197 >> [v2:172.21.15.78:6800/311758909,v1:172.21.15.78:6801/311758909] conn(0x7fcf0803c6b0 0x7fcf0803eaa0 unknown :-1 s=NONE pgs=0 cs=0 l=1 rev1=0 crypto rx=0 tx=0 comp rx=0 tx=0).connect
2024-08-18T23:35:00.647 INFO:teuthology.orchestra.run.smithi078.stdout:/usr/bin/ceph: stderr
2024-08-18T23:35:00.024+0000 7fcf1cff9640 1 -- 172.21.15.78:0/1421744197 --> [v2:172.21.15.78:6800/311758909,v1:172.21.15.78:6801/311758909] -- command(tid 0: {"prefix": "get_command_descriptions"}) -- 0x7fcf10066570 con 0x7fcf0803c6b0
2024-08-18T23:35:00.647 INFO:teuthology.orchestra.run.smithi078.stdout:/usr/bin/ceph: stderr
2024-08-18T23:35:00.024+0000 7fcf1effd640 1 --2- 172.21.15.78:0/1421744197 >> [v2:172.21.15.78:6800/311758909,v1:172.21.15.78:6801/311758909] conn(0x7fcf0803c6b0 0x7fcf0803eaa0 unknown :-1 s=BANNER_CONNECTING pgs=0 cs=0 l=1 rev1=0 crypto rx=0 tx=0 comp rx=0 tx=0)._handle_peer_banner_payload supported=3 required=0
2024-08-18T23:35:00.648 INFO:teuthology.orchestra.run.smithi078.stdout:/usr/bin/ceph: stderr
2024-08-18T23:35:00.025+0000 7fcf1effd640 1 --2- 172.21.15.78:0/1421744197 >> [v2:172.21.15.78:6800/311758909,v1:172.21.15.78:6801/311758909] conn(0x7fcf0803c6b0 0x7fcf0803eaa0 secure :-1 s=READY pgs=2 cs=0 l=1 rev1=1 crypto rx=0x7fcf14003980 tx=0x7fcf14006e10 comp rx=0 tx=0).ready entity=mgr.14118 client_cookie=0 server_cookie=0 in_seq=0 out_seq=0
2024-08-18T23:35:00.648 INFO:teuthology.orchestra.run.smithi078.stdout:/usr/bin/ceph: stderr
2024-08-18T23:35:00.025+0000 7fcf1cff9640 1 -- 172.21.15.78:0/1421744197 <== mgr.14118 v2:172.21.15.78:6800/311758909 1 ==== command_reply(tid 0: 0 ) ==== 8+0+9564 (secure 0 0 0) 0x7fcf10066570 con 0x7fcf0803c6b0
2024-08-18T23:35:00.648 INFO:teuthology.orchestra.run.smithi078.stdout:/usr/bin/ceph: stderr
2024-08-18T23:35:00.032+0000 7fcf25d86640 1 -- 172.21.15.78:0/1421744197 --> [v2:172.21.15.78:6800/311758909,v1:172.21.15.78:6801/311758909] -- command(tid 1: {"prefix": "mgr_status"}) -- 0x7fcf200682c0 con 0x7fcf0803c6b0
2024-08-18T23:35:00.648 INFO:teuthology.orchestra.run.smithi078.stdout:/usr/bin/ceph: stderr
2024-08-18T23:35:00.033+0000 7fcf1cff9640 1 -- 172.21.15.78:0/1421744197 <== mgr.14118 v2:172.21.15.78:6800/311758909 2 ==== command_reply(tid 1: 0 ) ==== 8+0+51 (secure 0 0 0) 0x7fcf200682c0 con 0x7fcf0803c6b0
2024-08-18T23:35:00.648 INFO:teuthology.orchestra.run.smithi078.stdout:/usr/bin/ceph: stderr
2024-08-18T23:35:00.033+0000 7fcf25d86640 1 -- 172.21.15.78:0/1421744197 >> [v2:172.21.15.78:6800/311758909,v1:172.21.15.78:6801/311758909] conn(0x7fcf0803c6b0 msgr2=0x7fcf0803eaa0 secure :-1 s=STATE_CONNECTION_ESTABLISHED l=1).mark_down
2024-08-18T23:35:00.648 INFO:teuthology.orchestra.run.smithi078.stdout:/usr/bin/ceph: stderr
2024-08-18T23:35:00.033+0000 7fcf25d86640 1 --2- 172.21.15.78:0/1421744197 >> [v2:172.21.15.78:6800/311758909,v1:172.21.15.78:6801/311758909] conn(0x7fcf0803c6b0 0x7fcf0803eaa0 secure :-1 s=READY pgs=2 cs=0 l=1 rev1=1 crypto rx=0x7fcf14003980 tx=0x7fcf14006e10 comp rx=0 tx=0).stop
2024-08-18T23:35:00.648 INFO:teuthology.orchestra.run.smithi078.stdout:/usr/bin/ceph: stderr
2024-08-18T23:35:00.033+0000 7fcf25d86640 1 -- 172.21.15.78:0/1421744197 >> [v2:172.21.15.78:3300/0,v1:172.21.15.78:6789/0] conn(0x7fcf20107cf0 msgr2=0x7fcf2019b5c0 secure :-1 s=STATE_CONNECTION_ESTABLISHED l=1).mark_down
2024-08-18T23:35:00.648 INFO:teuthology.orchestra.run.smithi078.stdout:/usr/bin/ceph: stderr
2024-08-18T23:35:00.033+0000 7fcf25d86640 1 --2- 172.21.15.78:0/1421744197 >> [v2:172.21.15.78:3300/0,v1:172.21.15.78:6789/0] conn(0x7fcf20107cf0 0x7fcf2019b5c0 secure :-1 s=READY pgs=27 cs=0 l=1 rev1=1 crypto rx=0x7fcf10031ca0 tx=0x7fcf10031cd0 comp rx=0 tx=0).stop
2024-08-18T23:35:00.648 INFO:teuthology.orchestra.run.smithi078.stdout:/usr/bin/ceph: stderr
2024-08-18T23:35:00.033+0000 7fcf25d86640 1 -- 172.21.15.78:0/1421744197 shutdown_connections
2024-08-18T23:35:00.648 INFO:teuthology.orchestra.run.smithi078.stdout:/usr/bin/ceph: stderr
2024-08-18T23:35:00.033+0000 7fcf25d86640 1 --2- 172.21.15.78:0/1421744197 >> [v2:172.21.15.78:6800/311758909,v1:172.21.15.78:6801/311758909] conn(0x7fcf0803c6b0 0x7fcf0803eaa0 unknown :-1 s=CLOSED pgs=2 cs=0 l=1 rev1=1 crypto rx=0 tx=0 comp rx=0 tx=0).stop
2024-08-18T23:35:00.648 INFO:teuthology.orchestra.run.smithi078.stdout:/usr/bin/ceph: stderr
2024-08-18T23:35:00.033+0000 7fcf25d86640 1 --2- 172.21.15.78:0/1421744197 >> [v2:172.21.15.78:6800/2301978296,v1:172.21.15.78:6801/2301978296] conn(0x7fcf08038f70 0x7fcf0803b430 unknown :-1 s=CLOSED pgs=0 cs=0 l=1 rev1=0 crypto rx=0 tx=0 comp rx=0 tx=0).stop
2024-08-18T23:35:00.648 INFO:teuthology.orchestra.run.smithi078.stdout:/usr/bin/ceph: stderr
2024-08-18T23:35:00.033+0000 7fcf25d86640 1 --2- 172.21.15.78:0/1421744197 >> [v2:172.21.15.78:3300/0,v1:172.21.15.78:6789/0] conn(0x7fcf20107cf0 0x7fcf2019b5c0 unknown :-1 s=CLOSED pgs=27 cs=0 l=1 rev1=1 crypto rx=0 tx=0 comp rx=0 tx=0).stop
2024-08-18T23:35:00.649 INFO:teuthology.orchestra.run.smithi078.stdout:/usr/bin/ceph: stderr
2024-08-18T23:35:00.033+0000 7fcf25d86640 1 -- 172.21.15.78:0/1421744197 >> 172.21.15.78:0/1421744197 conn(0x7fcf201018f0 msgr2=0x7fcf20102710 unknown :-1 s=STATE_NONE l=0).mark_down
2024-08-18T23:35:00.649 INFO:teuthology.orchestra.run.smithi078.stdout:/usr/bin/ceph: stderr
2024-08-18T23:35:00.033+0000 7fcf25d86640 1 -- 172.21.15.78:0/1421744197 shutdown_connections
2024-08-18T23:35:00.649 INFO:teuthology.orchestra.run.smithi078.stdout:/usr/bin/ceph: stderr
2024-08-18T23:35:00.033+0000 7fcf25d86640 1 -- 172.21.15.78:0/1421744197 wait complete.
2024-08-18T23:35:00.649 INFO:teuthology.orchestra.run.smithi078.stdout:mgr epoch 5 is available
2024-08-18T23:35:00.649 INFO:teuthology.orchestra.run.smithi078.stdout:Setting orchestrator backend to cephadm...
2024-08-18T23:35:00.952 INFO:journalctl@ceph.mgr.x.smithi078.stdout:Aug 18 23:35:00 smithi078 ceph-4f1128e6-5dba-11ef-bccf-c7b262605968-mgr-x[18672]:
2024-08-18T23:35:00.853+0000 7f29a855d640 -1 log_channel(cephadm) log [ERR] : [18/Aug/2024:23:35:00] ENGINE Error in HTTPServer.serve
2024-08-18T23:35:00.953 INFO:journalctl@ceph.mgr.x.smithi078.stdout:Aug 18 23:35:00 smithi078 ceph-4f1128e6-5dba-11ef-bccf-c7b262605968-mgr-x[18672]: Traceback (most recent call last):
2024-08-18T23:35:00.953 INFO:journalctl@ceph.mgr.x.smithi078.stdout:Aug 18 23:35:00 smithi078 ceph-4f1128e6-5dba-11ef-bccf-c7b262605968-mgr-x[18672]: File "/lib/python3.9/site-packages/cheroot/server.py", line 1823, in serve
2024-08-18T23:35:00.953 INFO:journalctl@ceph.mgr.x.smithi078.stdout:Aug 18 23:35:00 smithi078 ceph-4f1128e6-5dba-11ef-bccf-c7b262605968-mgr-x[18672]: self._connections.run(self.expiration_interval)
2024-08-18T23:35:00.953 INFO:journalctl@ceph.mgr.x.smithi078.stdout:Aug 18 23:35:00 smithi078 ceph-4f1128e6-5dba-11ef-bccf-c7b262605968-mgr-x[18672]: File "/lib/python3.9/site-packages/cheroot/connections.py", line 203, in run
2024-08-18T23:35:00.953 INFO:journalctl@ceph.mgr.x.smithi078.stdout:Aug 18 23:35:00 smithi078 ceph-4f1128e6-5dba-11ef-bccf-c7b262605968-mgr-x[18672]: self._run(expiration_interval)
2024-08-18T23:35:00.953 INFO:journalctl@ceph.mgr.x.smithi078.stdout:Aug 18 23:35:00 smithi078 ceph-4f1128e6-5dba-11ef-bccf-c7b262605968-mgr-x[18672]: File "/lib/python3.9/site-packages/cheroot/connections.py", line 246, in _run
2024-08-18T23:35:00.953 INFO:journalctl@ceph.mgr.x.smithi078.stdout:Aug 18 23:35:00 smithi078 ceph-4f1128e6-5dba-11ef-bccf-c7b262605968-mgr-x[18672]: new_conn = self._from_server_socket(self.server.socket)
2024-08-18T23:35:00.953 INFO:journalctl@ceph.mgr.x.smithi078.stdout:Aug 18 23:35:00 smithi078 ceph-4f1128e6-5dba-11ef-bccf-c7b262605968-mgr-x[18672]: File "/lib/python3.9/site-packages/cheroot/connections.py", line 300, in _from_server_socket
2024-08-18T23:35:00.953 INFO:journalctl@ceph.mgr.x.smithi078.stdout:Aug 18 23:35:00 smithi078 ceph-4f1128e6-5dba-11ef-bccf-c7b262605968-mgr-x[18672]: s, ssl_env = self.server.ssl_adapter.wrap(s)
2024-08-18T23:35:00.953 INFO:journalctl@ceph.mgr.x.smithi078.stdout:Aug 18 23:35:00 smithi078 ceph-4f1128e6-5dba-11ef-bccf-c7b262605968-mgr-x[18672]: File "/lib/python3.9/site-packages/cheroot/ssl/builtin.py", line 277, in wrap
2024-08-18T23:35:00.953 INFO:journalctl@ceph.mgr.x.smithi078.stdout:Aug 18 23:35:00 smithi078 ceph-4f1128e6-5dba-11ef-bccf-c7b262605968-mgr-x[18672]: s = self.context.wrap_socket(
2024-08-18T23:35:00.953 INFO:journalctl@ceph.mgr.x.smithi078.stdout:Aug 18 23:35:00 smithi078 ceph-4f1128e6-5dba-11ef-bccf-c7b262605968-mgr-x[18672]: File "/lib64/python3.9/ssl.py", line 501, in wrap_socket
2024-08-18T23:35:00.954 INFO:journalctl@ceph.mgr.x.smithi078.stdout:Aug 18 23:35:00 smithi078 ceph-4f1128e6-5dba-11ef-bccf-c7b262605968-mgr-x[18672]: return self.sslsocket_class._create(
2024-08-18T23:35:00.954 INFO:journalctl@ceph.mgr.x.smithi078.stdout:Aug 18 23:35:00 smithi078 ceph-4f1128e6-5dba-11ef-bccf-c7b262605968-mgr-x[18672]: File "/lib64/python3.9/ssl.py", line 1074, in _create
2024-08-18T23:35:00.954 INFO:journalctl@ceph.mgr.x.smithi078.stdout:Aug 18 23:35:00 smithi078 ceph-4f1128e6-5dba-11ef-bccf-c7b262605968-mgr-x[18672]: self.do_handshake()
2024-08-18T23:35:00.954 INFO:journalctl@ceph.mgr.x.smithi078.stdout:Aug 18 23:35:00 smithi078 ceph-4f1128e6-5dba-11ef-bccf-c7b262605968-mgr-x[18672]: File "/lib64/python3.9/ssl.py", line 1343, in do_handshake
2024-08-18T23:35:00.954 INFO:journalctl@ceph.mgr.x.smithi078.stdout:Aug 18 23:35:00 smithi078 ceph-4f1128e6-5dba-11ef-bccf-c7b262605968-mgr-x[18672]: self._sslobj.do_handshake()
2024-08-18T23:35:00.954 INFO:journalctl@ceph.mgr.x.smithi078.stdout:Aug 18 23:35:00 smithi078 ceph-4f1128e6-5dba-11ef-bccf-c7b262605968-mgr-x[18672]: ssl.SSLZeroReturnError: TLS/SSL connection has been closed (EOF) (_ssl.c:1133)
2024-08-18T23:35:00.954 INFO:journalctl@ceph.mgr.x.smithi078.stdout:Aug 18 23:35:00 smithi078 ceph-4f1128e6-5dba-11ef-bccf-c7b262605968-mgr-x[18672]:
2024-08-18T23:35:01.219 INFO:journalctl@ceph.mon.a.smithi078.stdout:Aug 18 23:35:01 smithi078 ceph-mon[18440]: from='client.14122 -' entity='client.admin' cmd=[{"prefix": "get_command_descriptions"}]: dispatch
2024-08-18T23:35:01.219 INFO:journalctl@ceph.mon.a.smithi078.stdout:Aug 18 23:35:01 smithi078 ceph-mon[18440]: from='client.14122 -' entity='client.admin' cmd=[{"prefix": "mgr_status"}]: dispatch
2024-08-18T23:35:01.219 INFO:journalctl@ceph.mon.a.smithi078.stdout:Aug 18 23:35:01 smithi078 ceph-mon[18440]: from='mgr.14118 172.21.15.78:0/2111719543' entity='mgr.x' cmd=[{"prefix": "config dump", "format": "json"}]: dispatch
2024-08-18T23:35:01.663 INFO:teuthology.orchestra.run.smithi078.stdout:/usr/bin/ceph: stderr
2024-08-18T23:35:01.030+0000 7f42b3008640 1 Processor -- start
2024-08-18T23:35:01.663 INFO:teuthology.orchestra.run.smithi078.stdout:/usr/bin/ceph: stderr
2024-08-18T23:35:01.030+0000 7f42b3008640 1 -- start start
2024-08-18T23:35:01.663 INFO:teuthology.orchestra.run.smithi078.stdout:/usr/bin/ceph: stderr
2024-08-18T23:35:01.030+0000 7f42b3008640 1 --2- >> [v2:172.21.15.78:3300/0,v1:172.21.15.78:6789/0] conn(0x7f42ac1055d0 0x7f42ac1059d0 unknown :-1 s=NONE pgs=0 cs=0 l=0 rev1=0 crypto rx=0 tx=0 comp rx=0 tx=0).connect
2024-08-18T23:35:01.663 INFO:teuthology.orchestra.run.smithi078.stdout:/usr/bin/ceph: stderr
2024-08-18T23:35:01.031+0000 7f42b3008640 1 -- --> [v2:172.21.15.78:3300/0,v1:172.21.15.78:6789/0] -- mon_getmap magic: 0 -- 0x7f42ac105fa0 con 0x7f42ac1055d0
2024-08-18T23:35:01.663 INFO:teuthology.orchestra.run.smithi078.stdout:/usr/bin/ceph: stderr
2024-08-18T23:35:01.031+0000 7f42b0da4640 1 --2- >> [v2:172.21.15.78:3300/0,v1:172.21.15.78:6789/0] conn(0x7f42ac1055d0 0x7f42ac1059d0 unknown :-1 s=BANNER_CONNECTING pgs=0 cs=0 l=0 rev1=0 crypto rx=0 tx=0 comp rx=0 tx=0)._handle_peer_banner_payload supported=3 required=0
2024-08-18T23:35:01.663 INFO:teuthology.orchestra.run.smithi078.stdout:/usr/bin/ceph: stderr
2024-08-18T23:35:01.031+0000 7f42b0da4640 1 --2- >> [v2:172.21.15.78:3300/0,v1:172.21.15.78:6789/0] conn(0x7f42ac1055d0 0x7f42ac1059d0 unknown :-1 s=HELLO_CONNECTING pgs=0 cs=0 l=0 rev1=1 crypto rx=0 tx=0 comp rx=0 tx=0).handle_hello peer v2:172.21.15.78:3300/0 says I am v2:172.21.15.78:48842/0 (socket says 172.21.15.78:48842)
2024-08-18T23:35:01.663 INFO:teuthology.orchestra.run.smithi078.stdout:/usr/bin/ceph: stderr
2024-08-18T23:35:01.031+0000 7f42b0da4640 1 -- 172.21.15.78:0/2705288312 learned_addr learned my addr 172.21.15.78:0/2705288312 (peer_addr_for_me v2:172.21.15.78:0/0)
2024-08-18T23:35:01.663 INFO:teuthology.orchestra.run.smithi078.stdout:/usr/bin/ceph: stderr
2024-08-18T23:35:01.031+0000 7f42b0da4640 1 -- 172.21.15.78:0/2705288312 --> [v2:172.21.15.78:3300/0,v1:172.21.15.78:6789/0] -- mon_subscribe({config=0+,monmap=0+}) -- 0x7f42ac1085b0 con 0x7f42ac1055d0
2024-08-18T23:35:01.663 INFO:teuthology.orchestra.run.smithi078.stdout:/usr/bin/ceph: stderr
2024-08-18T23:35:01.032+0000 7f42b0da4640 1 --2- 172.21.15.78:0/2705288312 >> [v2:172.21.15.78:3300/0,v1:172.21.15.78:6789/0] conn(0x7f42ac1055d0 0x7f42ac1059d0 secure :-1 s=READY pgs=35 cs=0 l=1 rev1=1 crypto rx=0x7f429c009e80 tx=0x7f429c02a7a0 comp rx=0 tx=0).ready entity=mon.0 client_cookie=8cf6897de7a1948f server_cookie=0 in_seq=0 out_seq=0
2024-08-18T23:35:01.663 INFO:teuthology.orchestra.run.smithi078.stdout:/usr/bin/ceph: stderr
2024-08-18T23:35:01.032+0000 7f42ab7fe640 1 -- 172.21.15.78:0/2705288312 <== mon.0 v2:172.21.15.78:3300/0 1 ==== mon_map magic: 0 ==== 205+0+0 (secure 0 0 0) 0x7f429c036070 con 0x7f42ac1055d0
2024-08-18T23:35:01.664 INFO:teuthology.orchestra.run.smithi078.stdout:/usr/bin/ceph: stderr
2024-08-18T23:35:01.032+0000 7f42ab7fe640 1 -- 172.21.15.78:0/2705288312 <== mon.0 v2:172.21.15.78:3300/0 2 ==== config(27 keys) ==== 1109+0+0 (secure 0 0 0) 0x7f429c0318c0 con 0x7f42ac1055d0
2024-08-18T23:35:01.664 INFO:teuthology.orchestra.run.smithi078.stdout:/usr/bin/ceph: stderr
2024-08-18T23:35:01.032+0000 7f42ab7fe640 1 -- 172.21.15.78:0/2705288312 <== mon.0 v2:172.21.15.78:3300/0 3 ==== mon_map magic: 0 ==== 205+0+0 (secure 0 0 0) 0x7f429c007ab0 con 0x7f42ac1055d0
2024-08-18T23:35:01.664 INFO:teuthology.orchestra.run.smithi078.stdout:/usr/bin/ceph: stderr
2024-08-18T23:35:01.032+0000 7f42b3008640 1 -- 172.21.15.78:0/2705288312 >> [v2:172.21.15.78:3300/0,v1:172.21.15.78:6789/0] conn(0x7f42ac1055d0 msgr2=0x7f42ac1059d0 secure :-1 s=STATE_CONNECTION_ESTABLISHED l=1).mark_down
2024-08-18T23:35:01.664 INFO:teuthology.orchestra.run.smithi078.stdout:/usr/bin/ceph: stderr
2024-08-18T23:35:01.032+0000 7f42b3008640 1 --2- 172.21.15.78:0/2705288312 >> [v2:172.21.15.78:3300/0,v1:172.21.15.78:6789/0] conn(0x7f42ac1055d0 0x7f42ac1059d0 secure :-1 s=READY pgs=35 cs=0 l=1 rev1=1 crypto rx=0x7f429c009e80 tx=0x7f429c02a7a0 comp rx=0 tx=0).stop
2024-08-18T23:35:01.664 INFO:teuthology.orchestra.run.smithi078.stdout:/usr/bin/ceph: stderr
2024-08-18T23:35:01.032+0000 7f42b3008640 1 -- 172.21.15.78:0/2705288312 shutdown_connections
2024-08-18T23:35:01.664 INFO:teuthology.orchestra.run.smithi078.stdout:/usr/bin/ceph: stderr
2024-08-18T23:35:01.032+0000 7f42b3008640 1 --2- 172.21.15.78:0/2705288312 >> [v2:172.21.15.78:3300/0,v1:172.21.15.78:6789/0] conn(0x7f42ac1055d0 0x7f42ac1059d0 unknown :-1 s=CLOSED pgs=35 cs=0 l=1 rev1=1 crypto rx=0 tx=0 comp rx=0 tx=0).stop
2024-08-18T23:35:01.664 INFO:teuthology.orchestra.run.smithi078.stdout:/usr/bin/ceph: stderr
2024-08-18T23:35:01.032+0000 7f42b3008640 1 -- 172.21.15.78:0/2705288312 >> 172.21.15.78:0/2705288312 conn(0x7f42ac101120 msgr2=0x7f42ac103560 unknown :-1 s=STATE_NONE l=0).mark_down
2024-08-18T23:35:01.664 INFO:teuthology.orchestra.run.smithi078.stdout:/usr/bin/ceph: stderr
2024-08-18T23:35:01.032+0000 7f42b3008640 1 -- 172.21.15.78:0/2705288312 shutdown_connections
2024-08-18T23:35:01.664 INFO:teuthology.orchestra.run.smithi078.stdout:/usr/bin/ceph: stderr
2024-08-18T23:35:01.033+0000 7f42b3008640 1 -- 172.21.15.78:0/2705288312 wait complete.
2024-08-18T23:35:01.664 INFO:teuthology.orchestra.run.smithi078.stdout:/usr/bin/ceph: stderr
2024-08-18T23:35:01.033+0000 7f42b3008640 1 Processor -- start
2024-08-18T23:35:01.664 INFO:teuthology.orchestra.run.smithi078.stdout:/usr/bin/ceph: stderr
2024-08-18T23:35:01.033+0000 7f42b3008640 1 -- start start
2024-08-18T23:35:01.664 INFO:teuthology.orchestra.run.smithi078.stdout:/usr/bin/ceph: stderr
2024-08-18T23:35:01.033+0000 7f42b3008640 1 --2- >> [v2:172.21.15.78:3300/0,v1:172.21.15.78:6789/0] conn(0x7f42ac1055d0 0x7f42ac19b6a0 unknown :-1 s=NONE pgs=0 cs=0 l=1 rev1=0 crypto rx=0 tx=0 comp rx=0 tx=0).connect
2024-08-18T23:35:01.664 INFO:teuthology.orchestra.run.smithi078.stdout:/usr/bin/ceph: stderr
2024-08-18T23:35:01.033+0000 7f42b3008640 1 -- --> [v2:172.21.15.78:3300/0,v1:172.21.15.78:6789/0] -- mon_getmap magic: 0 -- 0x7f42ac10b7e0 con 0x7f42ac1055d0
2024-08-18T23:35:01.665 INFO:teuthology.orchestra.run.smithi078.stdout:/usr/bin/ceph: stderr
2024-08-18T23:35:01.033+0000 7f42b0da4640 1 --2- >> [v2:172.21.15.78:3300/0,v1:172.21.15.78:6789/0] conn(0x7f42ac1055d0 0x7f42ac19b6a0 unknown :-1 s=BANNER_CONNECTING pgs=0 cs=0 l=1 rev1=0 crypto rx=0 tx=0 comp rx=0 tx=0)._handle_peer_banner_payload supported=3 required=0
2024-08-18T23:35:01.665 INFO:teuthology.orchestra.run.smithi078.stdout:/usr/bin/ceph: stderr
2024-08-18T23:35:01.033+0000 7f42b0da4640 1 --2- >> [v2:172.21.15.78:3300/0,v1:172.21.15.78:6789/0] conn(0x7f42ac1055d0 0x7f42ac19b6a0 unknown :-1 s=HELLO_CONNECTING pgs=0 cs=0 l=1 rev1=1 crypto rx=0 tx=0 comp rx=0 tx=0).handle_hello peer v2:172.21.15.78:3300/0 says I am v2:172.21.15.78:48858/0 (socket says 172.21.15.78:48858)
2024-08-18T23:35:01.665 INFO:teuthology.orchestra.run.smithi078.stdout:/usr/bin/ceph: stderr
2024-08-18T23:35:01.033+0000 7f42b0da4640 1 -- 172.21.15.78:0/708627339 learned_addr learned my addr 172.21.15.78:0/708627339 (peer_addr_for_me v2:172.21.15.78:0/0)
2024-08-18T23:35:01.665 INFO:teuthology.orchestra.run.smithi078.stdout:/usr/bin/ceph: stderr
2024-08-18T23:35:01.034+0000 7f42b0da4640 1 -- 172.21.15.78:0/708627339 --> [v2:172.21.15.78:3300/0,v1:172.21.15.78:6789/0] -- mon_subscribe({config=0+,monmap=0+}) -- 0x7f42ac19bbe0 con 0x7f42ac1055d0
2024-08-18T23:35:01.665 INFO:teuthology.orchestra.run.smithi078.stdout:/usr/bin/ceph: stderr
2024-08-18T23:35:01.034+0000 7f42b0da4640 1 --2- 172.21.15.78:0/708627339 >> [v2:172.21.15.78:3300/0,v1:172.21.15.78:6789/0] conn(0x7f42ac1055d0 0x7f42ac19b6a0 secure :-1 s=READY pgs=36 cs=0 l=1 rev1=1 crypto rx=0x7f429c02acc0 tx=0x7f429c031ca0 comp rx=0 tx=0).ready entity=mon.0 client_cookie=0 server_cookie=0 in_seq=0 out_seq=0
2024-08-18T23:35:01.665 INFO:teuthology.orchestra.run.smithi078.stdout:/usr/bin/ceph: stderr
2024-08-18T23:35:01.034+0000 7f42a9ffb640 1 -- 172.21.15.78:0/708627339 <== mon.0 v2:172.21.15.78:3300/0 1 ==== mon_map magic: 0 ==== 205+0+0 (secure 0 0 0) 0x7f429c036050 con 0x7f42ac1055d0
2024-08-18T23:35:01.665 INFO:teuthology.orchestra.run.smithi078.stdout:/usr/bin/ceph: stderr
2024-08-18T23:35:01.034+0000 7f42b3008640 1 -- 172.21.15.78:0/708627339 --> [v2:172.21.15.78:3300/0,v1:172.21.15.78:6789/0] -- mon_subscribe({mgrmap=0+}) -- 0x7f42ac19be70 con 0x7f42ac1055d0
2024-08-18T23:35:01.665 INFO:teuthology.orchestra.run.smithi078.stdout:/usr/bin/ceph: stderr
2024-08-18T23:35:01.034+0000 7f42b3008640 1 -- 172.21.15.78:0/708627339 --> [v2:172.21.15.78:3300/0,v1:172.21.15.78:6789/0] -- mon_subscribe({osdmap=0}) -- 0x7f42ac19eb60 con 0x7f42ac1055d0
2024-08-18T23:35:01.665 INFO:teuthology.orchestra.run.smithi078.stdout:/usr/bin/ceph: stderr
2024-08-18T23:35:01.034+0000 7f42a9ffb640 1 -- 172.21.15.78:0/708627339 <== mon.0 v2:172.21.15.78:3300/0 2 ==== config(27 keys) ==== 1109+0+0 (secure 0 0 0) 0x7f429c037040 con 0x7f42ac1055d0
2024-08-18T23:35:01.665 INFO:teuthology.orchestra.run.smithi078.stdout:/usr/bin/ceph: stderr
2024-08-18T23:35:01.034+0000 7f42a9ffb640 1 -- 172.21.15.78:0/708627339 <== mon.0 v2:172.21.15.78:3300/0 3 ==== mon_map magic: 0 ==== 205+0+0 (secure 0 0 0) 0x7f429c03d7e0 con 0x7f42ac1055d0
2024-08-18T23:35:01.665 INFO:teuthology.orchestra.run.smithi078.stdout:/usr/bin/ceph: stderr
2024-08-18T23:35:01.035+0000 7f42a9ffb640 1 -- 172.21.15.78:0/708627339 <== mon.0 v2:172.21.15.78:3300/0 4 ==== mgrmap(e 7) ==== 46181+0+0 (secure 0 0 0) 0x7f429c044020 con 0x7f42ac1055d0
2024-08-18T23:35:01.665 INFO:teuthology.orchestra.run.smithi078.stdout:/usr/bin/ceph: stderr
2024-08-18T23:35:01.035+0000 7f42a9ffb640 1 --2- 172.21.15.78:0/708627339 >> [v2:172.21.15.78:6800/311758909,v1:172.21.15.78:6801/311758909] conn(0x7f4298038e60 0x7f429803b320 unknown :-1 s=NONE pgs=0 cs=0 l=1 rev1=0 crypto rx=0 tx=0 comp rx=0 tx=0).connect
