2024-08-18T23:35:27.382+0000 7fb4d4893640 1 --2- 172.21.15.78:0/3867330999 >> [v2:172.21.15.78:3300/0,v1:172.21.15.78:6789/0] conn(0x7fb4d0107d90 0x7fb4d010a180 secure :-1 s=READY pgs=72 cs=0 l=1 rev1=1 crypto rx=0x7fb4c4009820 tx=0x7fb4c402a270 comp rx=0 tx=0).ready entity=mon.0 client_cookie=593088259db42f2 server_cookie=0 in_seq=0 out_seq=0
2024-08-18T23:35:28.123 INFO:teuthology.orchestra.run.smithi078.stdout:/usr/bin/ceph: stderr
2024-08-18T23:35:27.382+0000 7fb4cf7fe640 1 -- 172.21.15.78:0/3867330999 <== mon.0 v2:172.21.15.78:3300/0 1 ==== mon_map magic: 0 ==== 205+0+0 (secure 0 0 0) 0x7fb4c4037070 con 0x7fb4d0107d90
2024-08-18T23:35:28.123 INFO:teuthology.orchestra.run.smithi078.stdout:/usr/bin/ceph: stderr
2024-08-18T23:35:27.382+0000 7fb4cf7fe640 1 -- 172.21.15.78:0/3867330999 <== mon.0 v2:172.21.15.78:3300/0 2 ==== config(27 keys) ==== 1140+0+0 (secure 0 0 0) 0x7fb4c4032920 con 0x7fb4d0107d90
2024-08-18T23:35:28.123 INFO:teuthology.orchestra.run.smithi078.stdout:/usr/bin/ceph: stderr
2024-08-18T23:35:27.382+0000 7fb4cf7fe640 1 -- 172.21.15.78:0/3867330999 <== mon.0 v2:172.21.15.78:3300/0 3 ==== mon_map magic: 0 ==== 205+0+0 (secure 0 0 0) 0x7fb4c4030810 con 0x7fb4d0107d90
2024-08-18T23:35:28.123 INFO:teuthology.orchestra.run.smithi078.stdout:/usr/bin/ceph: stderr
2024-08-18T23:35:27.383+0000 7fb4d6af7640 1 -- 172.21.15.78:0/3867330999 >> [v2:172.21.15.78:3300/0,v1:172.21.15.78:6789/0] conn(0x7fb4d0107d90 msgr2=0x7fb4d010a180 secure :-1 s=STATE_CONNECTION_ESTABLISHED l=1).mark_down
2024-08-18T23:35:28.123 INFO:teuthology.orchestra.run.smithi078.stdout:/usr/bin/ceph: stderr
2024-08-18T23:35:27.383+0000 7fb4d6af7640 1 --2- 172.21.15.78:0/3867330999 >> [v2:172.21.15.78:3300/0,v1:172.21.15.78:6789/0] conn(0x7fb4d0107d90 0x7fb4d010a180 secure :-1 s=READY pgs=72 cs=0 l=1 rev1=1 crypto rx=0x7fb4c4009820 tx=0x7fb4c402a270 comp rx=0 tx=0).stop
2024-08-18T23:35:28.123 INFO:teuthology.orchestra.run.smithi078.stdout:/usr/bin/ceph: stderr
2024-08-18T23:35:27.383+0000 7fb4d6af7640 1 -- 172.21.15.78:0/3867330999 shutdown_connections
2024-08-18T23:35:28.123 INFO:teuthology.orchestra.run.smithi078.stdout:/usr/bin/ceph: stderr
2024-08-18T23:35:27.383+0000 7fb4d6af7640 1 --2- 172.21.15.78:0/3867330999 >> [v2:172.21.15.78:3300/0,v1:172.21.15.78:6789/0] conn(0x7fb4d0107d90 0x7fb4d010a180 unknown :-1 s=CLOSED pgs=72 cs=0 l=1 rev1=1 crypto rx=0 tx=0 comp rx=0 tx=0).stop
2024-08-18T23:35:28.124 INFO:teuthology.orchestra.run.smithi078.stdout:/usr/bin/ceph: stderr
2024-08-18T23:35:27.383+0000 7fb4d6af7640 1 -- 172.21.15.78:0/3867330999 >> 172.21.15.78:0/3867330999 conn(0x7fb4d01019f0 msgr2=0x7fb4d0103e10 unknown :-1 s=STATE_NONE l=0).mark_down
2024-08-18T23:35:28.124 INFO:teuthology.orchestra.run.smithi078.stdout:/usr/bin/ceph: stderr
2024-08-18T23:35:27.383+0000 7fb4d6af7640 1 -- 172.21.15.78:0/3867330999 shutdown_connections
2024-08-18T23:35:28.124 INFO:teuthology.orchestra.run.smithi078.stdout:/usr/bin/ceph: stderr
2024-08-18T23:35:27.383+0000 7fb4d6af7640 1 -- 172.21.15.78:0/3867330999 wait complete.
2024-08-18T23:35:28.124 INFO:teuthology.orchestra.run.smithi078.stdout:/usr/bin/ceph: stderr
2024-08-18T23:35:27.384+0000 7fb4d6af7640 1 Processor -- start
2024-08-18T23:35:28.124 INFO:teuthology.orchestra.run.smithi078.stdout:/usr/bin/ceph: stderr
2024-08-18T23:35:27.384+0000 7fb4d6af7640 1 -- start start
2024-08-18T23:35:28.124 INFO:teuthology.orchestra.run.smithi078.stdout:/usr/bin/ceph: stderr
2024-08-18T23:35:27.384+0000 7fb4d6af7640 1 --2- >> [v2:172.21.15.78:3300/0,v1:172.21.15.78:6789/0] conn(0x7fb4d0107d90 0x7fb4d0107610 unknown :-1 s=NONE pgs=0 cs=0 l=1 rev1=0 crypto rx=0 tx=0 comp rx=0 tx=0).connect
2024-08-18T23:35:28.124 INFO:teuthology.orchestra.run.smithi078.stdout:/usr/bin/ceph: stderr
2024-08-18T23:35:27.384+0000 7fb4d6af7640 1 -- --> [v2:172.21.15.78:3300/0,v1:172.21.15.78:6789/0] -- mon_getmap magic: 0 -- 0x7fb4d010b6e0 con 0x7fb4d0107d90
2024-08-18T23:35:28.124 INFO:teuthology.orchestra.run.smithi078.stdout:/usr/bin/ceph: stderr
2024-08-18T23:35:27.384+0000 7fb4d4893640 1 --2- >> [v2:172.21.15.78:3300/0,v1:172.21.15.78:6789/0] conn(0x7fb4d0107d90 0x7fb4d0107610 unknown :-1 s=BANNER_CONNECTING pgs=0 cs=0 l=1 rev1=0 crypto rx=0 tx=0 comp rx=0 tx=0)._handle_peer_banner_payload supported=3 required=0
2024-08-18T23:35:28.124 INFO:teuthology.orchestra.run.smithi078.stdout:/usr/bin/ceph: stderr
2024-08-18T23:35:27.384+0000 7fb4d4893640 1 --2- >> [v2:172.21.15.78:3300/0,v1:172.21.15.78:6789/0] conn(0x7fb4d0107d90 0x7fb4d0107610 unknown :-1 s=HELLO_CONNECTING pgs=0 cs=0 l=1 rev1=1 crypto rx=0 tx=0 comp rx=0 tx=0).handle_hello peer v2:172.21.15.78:3300/0 says I am v2:172.21.15.78:39638/0 (socket says 172.21.15.78:39638)
2024-08-18T23:35:28.124 INFO:teuthology.orchestra.run.smithi078.stdout:/usr/bin/ceph: stderr
2024-08-18T23:35:27.384+0000 7fb4d4893640 1 -- 172.21.15.78:0/429829367 learned_addr learned my addr 172.21.15.78:0/429829367 (peer_addr_for_me v2:172.21.15.78:0/0)
2024-08-18T23:35:28.124 INFO:teuthology.orchestra.run.smithi078.stdout:/usr/bin/ceph: stderr
2024-08-18T23:35:27.384+0000 7fb4d4893640 1 -- 172.21.15.78:0/429829367 --> [v2:172.21.15.78:3300/0,v1:172.21.15.78:6789/0] -- mon_subscribe({config=0+,monmap=0+}) -- 0x7fb4d0107b50 con 0x7fb4d0107d90
2024-08-18T23:35:28.124 INFO:teuthology.orchestra.run.smithi078.stdout:/usr/bin/ceph: stderr
2024-08-18T23:35:27.384+0000 7fb4d4893640 1 --2- 172.21.15.78:0/429829367 >> [v2:172.21.15.78:3300/0,v1:172.21.15.78:6789/0] conn(0x7fb4d0107d90 0x7fb4d0107610 secure :-1 s=READY pgs=73 cs=0 l=1 rev1=1 crypto rx=0x7fb4c4030380 tx=0x7fb4c4032670 comp rx=0 tx=0).ready entity=mon.0 client_cookie=0 server_cookie=0 in_seq=0 out_seq=0
2024-08-18T23:35:28.125 INFO:teuthology.orchestra.run.smithi078.stdout:/usr/bin/ceph: stderr
2024-08-18T23:35:27.384+0000 7fb4cdffb640 1 -- 172.21.15.78:0/429829367 <== mon.0 v2:172.21.15.78:3300/0 1 ==== mon_map magic: 0 ==== 205+0+0 (secure 0 0 0) 0x7fb4c4037040 con 0x7fb4d0107d90
2024-08-18T23:35:28.125 INFO:teuthology.orchestra.run.smithi078.stdout:/usr/bin/ceph: stderr
2024-08-18T23:35:27.384+0000 7fb4cdffb640 1 -- 172.21.15.78:0/429829367 <== mon.0 v2:172.21.15.78:3300/0 2 ==== config(27 keys) ==== 1140+0+0 (secure 0 0 0) 0x7fb4c4040070 con 0x7fb4d0107d90
2024-08-18T23:35:28.125 INFO:teuthology.orchestra.run.smithi078.stdout:/usr/bin/ceph: stderr
2024-08-18T23:35:27.385+0000 7fb4d6af7640 1 -- 172.21.15.78:0/429829367 --> [v2:172.21.15.78:3300/0,v1:172.21.15.78:6789/0] -- mon_subscribe({mgrmap=0+}) -- 0x7fb4d0105d40 con 0x7fb4d0107d90
2024-08-18T23:35:28.125 INFO:teuthology.orchestra.run.smithi078.stdout:/usr/bin/ceph: stderr
2024-08-18T23:35:27.385+0000 7fb4cdffb640 1 -- 172.21.15.78:0/429829367 <== mon.0 v2:172.21.15.78:3300/0 3 ==== mon_map magic: 0 ==== 205+0+0 (secure 0 0 0) 0x7fb4c403a7b0 con 0x7fb4d0107d90
2024-08-18T23:35:28.125 INFO:teuthology.orchestra.run.smithi078.stdout:/usr/bin/ceph: stderr
2024-08-18T23:35:27.385+0000 7fb4d6af7640 1 -- 172.21.15.78:0/429829367 --> [v2:172.21.15.78:3300/0,v1:172.21.15.78:6789/0] -- mon_subscribe({osdmap=0}) -- 0x7fb4d0106280 con 0x7fb4d0107d90
2024-08-18T23:35:28.125 INFO:teuthology.orchestra.run.smithi078.stdout:/usr/bin/ceph: stderr
2024-08-18T23:35:27.386+0000 7fb4cdffb640 1 -- 172.21.15.78:0/429829367 <== mon.0 v2:172.21.15.78:3300/0 4 ==== mgrmap(e 12) ==== 46300+0+0 (secure 0 0 0) 0x7fb4c403aa30 con 0x7fb4d0107d90
2024-08-18T23:35:28.125 INFO:teuthology.orchestra.run.smithi078.stdout:/usr/bin/ceph: stderr
2024-08-18T23:35:27.386+0000 7fb4cdffb640 1 --2- 172.21.15.78:0/429829367 >> [v2:172.21.15.78:6800/4000744943,v1:172.21.15.78:6801/4000744943] conn(0x7fb4c0038fc0 0x7fb4c003b480 unknown :-1 s=NONE pgs=0 cs=0 l=1 rev1=0 crypto rx=0 tx=0 comp rx=0 tx=0).connect
2024-08-18T23:35:28.125 INFO:teuthology.orchestra.run.smithi078.stdout:/usr/bin/ceph: stderr
2024-08-18T23:35:27.386+0000 7fb4d6af7640 1 -- 172.21.15.78:0/429829367 --> [v2:172.21.15.78:3300/0,v1:172.21.15.78:6789/0] -- mon_command({"prefix": "get_command_descriptions"} v 0) -- 0x7fb4d01081f0 con 0x7fb4d0107d90
2024-08-18T23:35:28.125 INFO:teuthology.orchestra.run.smithi078.stdout:/usr/bin/ceph: stderr
2024-08-18T23:35:27.386+0000 7fb4cdffb640 1 -- 172.21.15.78:0/429829367 <== mon.0 v2:172.21.15.78:3300/0 5 ==== osd_map(3..3 src has 1..3) ==== 1155+0+0 (secure 0 0 0) 0x7fb4c406c750 con 0x7fb4d0107d90
2024-08-18T23:35:28.125 INFO:teuthology.orchestra.run.smithi078.stdout:/usr/bin/ceph: stderr
2024-08-18T23:35:27.386+0000 7fb4cffff640 1 --2- 172.21.15.78:0/429829367 >> [v2:172.21.15.78:6800/4000744943,v1:172.21.15.78:6801/4000744943] conn(0x7fb4c0038fc0 0x7fb4c003b480 unknown :-1 s=BANNER_CONNECTING pgs=0 cs=0 l=1 rev1=0 crypto rx=0 tx=0 comp rx=0 tx=0)._handle_peer_banner_payload supported=3 required=0
2024-08-18T23:35:28.125 INFO:teuthology.orchestra.run.smithi078.stdout:/usr/bin/ceph: stderr
2024-08-18T23:35:27.386+0000 7fb4cffff640 1 --2- 172.21.15.78:0/429829367 >> [v2:172.21.15.78:6800/4000744943,v1:172.21.15.78:6801/4000744943] conn(0x7fb4c0038fc0 0x7fb4c003b480 secure :-1 s=READY pgs=9 cs=0 l=1 rev1=1 crypto rx=0x7fb4bc0098c0 tx=0x7fb4bc006db0 comp rx=0 tx=0).ready entity=mgr.14150 client_cookie=0 server_cookie=0 in_seq=0 out_seq=0
2024-08-18T23:35:28.125 INFO:teuthology.orchestra.run.smithi078.stdout:/usr/bin/ceph: stderr
2024-08-18T23:35:27.390+0000 7fb4cdffb640 1 -- 172.21.15.78:0/429829367 <== mon.0 v2:172.21.15.78:3300/0 6 ==== mon_command_ack([{"prefix": "get_command_descriptions"}]=0 v0) ==== 72+0+187871 (secure 0 0 0) 0x7fb4c4044c70 con 0x7fb4d0107d90
2024-08-18T23:35:28.126 INFO:teuthology.orchestra.run.smithi078.stdout:/usr/bin/ceph: stderr
2024-08-18T23:35:27.561+0000 7fb4d6af7640 1 -- 172.21.15.78:0/429829367 --> [v2:172.21.15.78:3300/0,v1:172.21.15.78:6789/0] -- mon_command({"prefix": "config get", "who": "mgr", "key": "mgr/dashboard/ssl_server_port"} v 0) -- 0x7fb4d0194d00 con 0x7fb4d0107d90
2024-08-18T23:35:28.126 INFO:teuthology.orchestra.run.smithi078.stdout:/usr/bin/ceph: stderr
2024-08-18T23:35:27.561+0000 7fb4cdffb640 1 -- 172.21.15.78:0/429829367 <== mon.0 v2:172.21.15.78:3300/0 7 ==== mon_command_ack([{"prefix": "config get", "who": "mgr", "key": "mgr/dashboard/ssl_server_port"}]=0 v8) ==== 112+0+5 (secure 0 0 0) 0x7fb4c4038280 con 0x7fb4d0107d90
2024-08-18T23:35:28.126 INFO:teuthology.orchestra.run.smithi078.stdout:/usr/bin/ceph: stderr
2024-08-18T23:35:27.563+0000 7fb4d6af7640 1 -- 172.21.15.78:0/429829367 >> [v2:172.21.15.78:6800/4000744943,v1:172.21.15.78:6801/4000744943] conn(0x7fb4c0038fc0 msgr2=0x7fb4c003b480 secure :-1 s=STATE_CONNECTION_ESTABLISHED l=1).mark_down
2024-08-18T23:35:28.126 INFO:teuthology.orchestra.run.smithi078.stdout:/usr/bin/ceph: stderr
2024-08-18T23:35:27.563+0000 7fb4d6af7640 1 --2- 172.21.15.78:0/429829367 >> [v2:172.21.15.78:6800/4000744943,v1:172.21.15.78:6801/4000744943] conn(0x7fb4c0038fc0 0x7fb4c003b480 secure :-1 s=READY pgs=9 cs=0 l=1 rev1=1 crypto rx=0x7fb4bc0098c0 tx=0x7fb4bc006db0 comp rx=0 tx=0).stop
2024-08-18T23:35:28.126 INFO:teuthology.orchestra.run.smithi078.stdout:/usr/bin/ceph: stderr
2024-08-18T23:35:27.563+0000 7fb4d6af7640 1 -- 172.21.15.78:0/429829367 >> [v2:172.21.15.78:3300/0,v1:172.21.15.78:6789/0] conn(0x7fb4d0107d90 msgr2=0x7fb4d0107610 secure :-1 s=STATE_CONNECTION_ESTABLISHED l=1).mark_down
2024-08-18T23:35:28.126 INFO:teuthology.orchestra.run.smithi078.stdout:/usr/bin/ceph: stderr
2024-08-18T23:35:27.563+0000 7fb4d6af7640 1 --2- 172.21.15.78:0/429829367 >> [v2:172.21.15.78:3300/0,v1:172.21.15.78:6789/0] conn(0x7fb4d0107d90 0x7fb4d0107610 secure :-1 s=READY pgs=73 cs=0 l=1 rev1=1 crypto rx=0x7fb4c4030380 tx=0x7fb4c4032670 comp rx=0 tx=0).stop
2024-08-18T23:35:28.126 INFO:teuthology.orchestra.run.smithi078.stdout:/usr/bin/ceph: stderr
2024-08-18T23:35:27.563+0000 7fb4d6af7640 1 -- 172.21.15.78:0/429829367 shutdown_connections
2024-08-18T23:35:28.126 INFO:teuthology.orchestra.run.smithi078.stdout:/usr/bin/ceph: stderr
2024-08-18T23:35:27.563+0000 7fb4d6af7640 1 --2- 172.21.15.78:0/429829367 >> [v2:172.21.15.78:6800/4000744943,v1:172.21.15.78:6801/4000744943] conn(0x7fb4c0038fc0 0x7fb4c003b480 unknown :-1 s=CLOSED pgs=9 cs=0 l=1 rev1=1 crypto rx=0 tx=0 comp rx=0 tx=0).stop
2024-08-18T23:35:28.126 INFO:teuthology.orchestra.run.smithi078.stdout:/usr/bin/ceph: stderr
2024-08-18T23:35:27.563+0000 7fb4d6af7640 1 --2- 172.21.15.78:0/429829367 >> [v2:172.21.15.78:3300/0,v1:172.21.15.78:6789/0] conn(0x7fb4d0107d90 0x7fb4d0107610 unknown :-1 s=CLOSED pgs=73 cs=0 l=1 rev1=1 crypto rx=0 tx=0 comp rx=0 tx=0).stop
2024-08-18T23:35:28.126 INFO:teuthology.orchestra.run.smithi078.stdout:/usr/bin/ceph: stderr
2024-08-18T23:35:27.563+0000 7fb4d6af7640 1 -- 172.21.15.78:0/429829367 >> 172.21.15.78:0/429829367 conn(0x7fb4d01019f0 msgr2=0x7fb4d0102750 unknown :-1 s=STATE_NONE l=0).mark_down
2024-08-18T23:35:28.126 INFO:teuthology.orchestra.run.smithi078.stdout:/usr/bin/ceph: stderr
2024-08-18T23:35:27.564+0000 7fb4d6af7640 1 -- 172.21.15.78:0/429829367 shutdown_connections
2024-08-18T23:35:28.126 INFO:teuthology.orchestra.run.smithi078.stdout:/usr/bin/ceph: stderr
2024-08-18T23:35:27.564+0000 7fb4d6af7640 1 -- 172.21.15.78:0/429829367 wait complete.
2024-08-18T23:35:28.129 INFO:teuthology.orchestra.run.smithi078.stdout:Non-zero exit code 1 from systemctl is-enabled firewalld.service
2024-08-18T23:35:28.130 INFO:teuthology.orchestra.run.smithi078.stdout:systemctl: stdout disabled
2024-08-18T23:35:28.137 INFO:teuthology.orchestra.run.smithi078.stdout:Non-zero exit code 3 from systemctl is-active firewalld.service
2024-08-18T23:35:28.137 INFO:teuthology.orchestra.run.smithi078.stdout:systemctl: stdout inactive
2024-08-18T23:35:28.137 INFO:teuthology.orchestra.run.smithi078.stdout:firewalld.service is not enabled
2024-08-18T23:35:28.137 INFO:teuthology.orchestra.run.smithi078.stdout:Not possible to open ports <[8443]>. firewalld.service is not available
2024-08-18T23:35:28.138 INFO:teuthology.orchestra.run.smithi078.stdout:Ceph Dashboard is now available at:
2024-08-18T23:35:28.138 INFO:teuthology.orchestra.run.smithi078.stdout:
2024-08-18T23:35:28.138 INFO:teuthology.orchestra.run.smithi078.stdout: URL: https://smithi078:8443/
2024-08-18T23:35:28.139 INFO:teuthology.orchestra.run.smithi078.stdout: User: admin
2024-08-18T23:35:28.139 INFO:teuthology.orchestra.run.smithi078.stdout: Password: 62nlgob7cx
2024-08-18T23:35:28.139 INFO:teuthology.orchestra.run.smithi078.stdout:
2024-08-18T23:35:28.139 INFO:teuthology.orchestra.run.smithi078.stdout:Saving cluster configuration to /var/lib/ceph/4f1128e6-5dba-11ef-bccf-c7b262605968/config directory
2024-08-18T23:35:28.339 INFO:journalctl@ceph.mon.a.smithi078.stdout:Aug 18 23:35:28 smithi078 ceph-mon[18440]: from='client.? 172.21.15.78:0/429829367' entity='client.admin' cmd=[{"prefix": "config get", "who": "mgr", "key": "mgr/dashboard/ssl_server_port"}]: dispatch
2024-08-18T23:35:29.304 INFO:journalctl@ceph.mon.a.smithi078.stdout:Aug 18 23:35:29 smithi078 ceph-mon[18440]: mgrmap e13: x(active, since 6s)
2024-08-18T23:35:29.304 INFO:journalctl@ceph.mon.a.smithi078.stdout:Aug 18 23:35:29 smithi078 ceph-mon[18440]: from='client.? 172.21.15.78:0/2827556044' entity='client.admin'
2024-08-18T23:35:29.312 INFO:teuthology.orchestra.run.smithi078.stdout:/usr/bin/ceph: stderr
2024-08-18T23:35:28.494+0000 7faa99bbf640 1 Processor -- start
2024-08-18T23:35:29.312 INFO:teuthology.orchestra.run.smithi078.stdout:/usr/bin/ceph: stderr
2024-08-18T23:35:28.494+0000 7faa99bbf640 1 -- start start
2024-08-18T23:35:29.312 INFO:teuthology.orchestra.run.smithi078.stdout:/usr/bin/ceph: stderr
2024-08-18T23:35:28.495+0000 7faa99bbf640 1 --2- >> [v2:172.21.15.78:3300/0,v1:172.21.15.78:6789/0] conn(0x7faa94107d30 0x7faa9410a120 unknown :-1 s=NONE pgs=0 cs=0 l=0 rev1=0 crypto rx=0 tx=0 comp rx=0 tx=0).connect
2024-08-18T23:35:29.312 INFO:teuthology.orchestra.run.smithi078.stdout:/usr/bin/ceph: stderr
2024-08-18T23:35:28.495+0000 7faa99bbf640 1 -- --> [v2:172.21.15.78:3300/0,v1:172.21.15.78:6789/0] -- mon_getmap magic: 0 -- 0x7faa94075570 con 0x7faa94107d30
2024-08-18T23:35:29.312 INFO:teuthology.orchestra.run.smithi078.stdout:/usr/bin/ceph: stderr
2024-08-18T23:35:28.495+0000 7faa937fe640 1 --2- >> [v2:172.21.15.78:3300/0,v1:172.21.15.78:6789/0] conn(0x7faa94107d30 0x7faa9410a120 unknown :-1 s=BANNER_CONNECTING pgs=0 cs=0 l=0 rev1=0 crypto rx=0 tx=0 comp rx=0 tx=0)._handle_peer_banner_payload supported=3 required=0
2024-08-18T23:35:29.312 INFO:teuthology.orchestra.run.smithi078.stdout:/usr/bin/ceph: stderr
2024-08-18T23:35:28.495+0000 7faa937fe640 1 --2- >> [v2:172.21.15.78:3300/0,v1:172.21.15.78:6789/0] conn(0x7faa94107d30 0x7faa9410a120 unknown :-1 s=HELLO_CONNECTING pgs=0 cs=0 l=0 rev1=1 crypto rx=0 tx=0 comp rx=0 tx=0).handle_hello peer v2:172.21.15.78:3300/0 says I am v2:172.21.15.78:39644/0 (socket says 172.21.15.78:39644)
2024-08-18T23:35:29.312 INFO:teuthology.orchestra.run.smithi078.stdout:/usr/bin/ceph: stderr
2024-08-18T23:35:28.495+0000 7faa937fe640 1 -- 172.21.15.78:0/1314692952 learned_addr learned my addr 172.21.15.78:0/1314692952 (peer_addr_for_me v2:172.21.15.78:0/0)
2024-08-18T23:35:29.312 INFO:teuthology.orchestra.run.smithi078.stdout:/usr/bin/ceph: stderr
2024-08-18T23:35:28.495+0000 7faa937fe640 1 -- 172.21.15.78:0/1314692952 --> [v2:172.21.15.78:3300/0,v1:172.21.15.78:6789/0] -- mon_subscribe({config=0+,monmap=0+}) -- 0x7faa9410a660 con 0x7faa94107d30
2024-08-18T23:35:29.312 INFO:teuthology.orchestra.run.smithi078.stdout:/usr/bin/ceph: stderr
2024-08-18T23:35:28.496+0000 7faa937fe640 1 --2- 172.21.15.78:0/1314692952 >> [v2:172.21.15.78:3300/0,v1:172.21.15.78:6789/0] conn(0x7faa94107d30 0x7faa9410a120 secure :-1 s=READY pgs=74 cs=0 l=1 rev1=1 crypto rx=0x7faa84009820 tx=0x7faa8402a270 comp rx=0 tx=0).ready entity=mon.0 client_cookie=cc5f4398d324375a server_cookie=0 in_seq=0 out_seq=0
2024-08-18T23:35:29.312 INFO:teuthology.orchestra.run.smithi078.stdout:/usr/bin/ceph: stderr
2024-08-18T23:35:28.496+0000 7faa927fc640 1 -- 172.21.15.78:0/1314692952 <== mon.0 v2:172.21.15.78:3300/0 1 ==== mon_map magic: 0 ==== 205+0+0 (secure 0 0 0) 0x7faa84037070 con 0x7faa94107d30
2024-08-18T23:35:29.312 INFO:teuthology.orchestra.run.smithi078.stdout:/usr/bin/ceph: stderr
2024-08-18T23:35:28.496+0000 7faa927fc640 1 -- 172.21.15.78:0/1314692952 <== mon.0 v2:172.21.15.78:3300/0 2 ==== config(27 keys) ==== 1140+0+0 (secure 0 0 0) 0x7faa84032920 con 0x7faa94107d30
2024-08-18T23:35:29.312 INFO:teuthology.orchestra.run.smithi078.stdout:/usr/bin/ceph: stderr
2024-08-18T23:35:28.496+0000 7faa927fc640 1 -- 172.21.15.78:0/1314692952 <== mon.0 v2:172.21.15.78:3300/0 3 ==== mon_map magic: 0 ==== 205+0+0 (secure 0 0 0) 0x7faa84030810 con 0x7faa94107d30
2024-08-18T23:35:29.313 INFO:teuthology.orchestra.run.smithi078.stdout:/usr/bin/ceph: stderr
2024-08-18T23:35:28.497+0000 7faa99bbf640 1 -- 172.21.15.78:0/1314692952 >> [v2:172.21.15.78:3300/0,v1:172.21.15.78:6789/0] conn(0x7faa94107d30 msgr2=0x7faa9410a120 secure :-1 s=STATE_CONNECTION_ESTABLISHED l=1).mark_down
2024-08-18T23:35:29.313 INFO:teuthology.orchestra.run.smithi078.stdout:/usr/bin/ceph: stderr
2024-08-18T23:35:28.497+0000 7faa99bbf640 1 --2- 172.21.15.78:0/1314692952 >> [v2:172.21.15.78:3300/0,v1:172.21.15.78:6789/0] conn(0x7faa94107d30 0x7faa9410a120 secure :-1 s=READY pgs=74 cs=0 l=1 rev1=1 crypto rx=0x7faa84009820 tx=0x7faa8402a270 comp rx=0 tx=0).stop
2024-08-18T23:35:29.313 INFO:teuthology.orchestra.run.smithi078.stdout:/usr/bin/ceph: stderr
2024-08-18T23:35:28.497+0000 7faa99bbf640 1 -- 172.21.15.78:0/1314692952 shutdown_connections
2024-08-18T23:35:29.313 INFO:teuthology.orchestra.run.smithi078.stdout:/usr/bin/ceph: stderr
2024-08-18T23:35:28.497+0000 7faa99bbf640 1 --2- 172.21.15.78:0/1314692952 >> [v2:172.21.15.78:3300/0,v1:172.21.15.78:6789/0] conn(0x7faa94107d30 0x7faa9410a120 unknown :-1 s=CLOSED pgs=74 cs=0 l=1 rev1=1 crypto rx=0 tx=0 comp rx=0 tx=0).stop
2024-08-18T23:35:29.313 INFO:teuthology.orchestra.run.smithi078.stdout:/usr/bin/ceph: stderr
2024-08-18T23:35:28.497+0000 7faa99bbf640 1 -- 172.21.15.78:0/1314692952 >> 172.21.15.78:0/1314692952 conn(0x7faa941018f0 msgr2=0x7faa94103d50 unknown :-1 s=STATE_NONE l=0).mark_down
2024-08-18T23:35:29.313 INFO:teuthology.orchestra.run.smithi078.stdout:/usr/bin/ceph: stderr
2024-08-18T23:35:28.497+0000 7faa99bbf640 1 -- 172.21.15.78:0/1314692952 shutdown_connections
2024-08-18T23:35:29.313 INFO:teuthology.orchestra.run.smithi078.stdout:/usr/bin/ceph: stderr
2024-08-18T23:35:28.497+0000 7faa99bbf640 1 -- 172.21.15.78:0/1314692952 wait complete.
2024-08-18T23:35:29.313 INFO:teuthology.orchestra.run.smithi078.stdout:/usr/bin/ceph: stderr
2024-08-18T23:35:28.497+0000 7faa99bbf640 1 Processor -- start
2024-08-18T23:35:29.313 INFO:teuthology.orchestra.run.smithi078.stdout:/usr/bin/ceph: stderr
2024-08-18T23:35:28.497+0000 7faa99bbf640 1 -- start start
2024-08-18T23:35:29.313 INFO:teuthology.orchestra.run.smithi078.stdout:/usr/bin/ceph: stderr
2024-08-18T23:35:28.498+0000 7faa99bbf640 1 --2- >> [v2:172.21.15.78:3300/0,v1:172.21.15.78:6789/0] conn(0x7faa94107d30 0x7faa9419b5e0 unknown :-1 s=NONE pgs=0 cs=0 l=1 rev1=0 crypto rx=0 tx=0 comp rx=0 tx=0).connect
2024-08-18T23:35:29.313 INFO:teuthology.orchestra.run.smithi078.stdout:/usr/bin/ceph: stderr
2024-08-18T23:35:28.498+0000 7faa99bbf640 1 -- --> [v2:172.21.15.78:3300/0,v1:172.21.15.78:6789/0] -- mon_getmap magic: 0 -- 0x7faa9410b6e0 con 0x7faa94107d30
2024-08-18T23:35:29.313 INFO:teuthology.orchestra.run.smithi078.stdout:/usr/bin/ceph: stderr
2024-08-18T23:35:28.498+0000 7faa937fe640 1 --2- >> [v2:172.21.15.78:3300/0,v1:172.21.15.78:6789/0] conn(0x7faa94107d30 0x7faa9419b5e0 unknown :-1 s=BANNER_CONNECTING pgs=0 cs=0 l=1 rev1=0 crypto rx=0 tx=0 comp rx=0 tx=0)._handle_peer_banner_payload supported=3 required=0
2024-08-18T23:35:29.313 INFO:teuthology.orchestra.run.smithi078.stdout:/usr/bin/ceph: stderr
2024-08-18T23:35:28.498+0000 7faa937fe640 1 --2- >> [v2:172.21.15.78:3300/0,v1:172.21.15.78:6789/0] conn(0x7faa94107d30 0x7faa9419b5e0 unknown :-1 s=HELLO_CONNECTING pgs=0 cs=0 l=1 rev1=1 crypto rx=0 tx=0 comp rx=0 tx=0).handle_hello peer v2:172.21.15.78:3300/0 says I am v2:172.21.15.78:39646/0 (socket says 172.21.15.78:39646)
2024-08-18T23:35:29.314 INFO:teuthology.orchestra.run.smithi078.stdout:/usr/bin/ceph: stderr
2024-08-18T23:35:28.498+0000 7faa937fe640 1 -- 172.21.15.78:0/2827556044 learned_addr learned my addr 172.21.15.78:0/2827556044 (peer_addr_for_me v2:172.21.15.78:0/0)
2024-08-18T23:35:29.314 INFO:teuthology.orchestra.run.smithi078.stdout:/usr/bin/ceph: stderr
2024-08-18T23:35:28.498+0000 7faa937fe640 1 -- 172.21.15.78:0/2827556044 --> [v2:172.21.15.78:3300/0,v1:172.21.15.78:6789/0] -- mon_subscribe({config=0+,monmap=0+}) -- 0x7faa9419bb20 con 0x7faa94107d30
2024-08-18T23:35:29.314 INFO:teuthology.orchestra.run.smithi078.stdout:/usr/bin/ceph: stderr
2024-08-18T23:35:28.498+0000 7faa937fe640 1 --2- 172.21.15.78:0/2827556044 >> [v2:172.21.15.78:3300/0,v1:172.21.15.78:6789/0] conn(0x7faa94107d30 0x7faa9419b5e0 secure :-1 s=READY pgs=75 cs=0 l=1 rev1=1 crypto rx=0x7faa840097f0 tx=0x7faa840327b0 comp rx=0 tx=0).ready entity=mon.0 client_cookie=0 server_cookie=0 in_seq=0 out_seq=0
2024-08-18T23:35:29.314 INFO:teuthology.orchestra.run.smithi078.stdout:/usr/bin/ceph: stderr
2024-08-18T23:35:28.498+0000 7faa90ff9640 1 -- 172.21.15.78:0/2827556044 <== mon.0 v2:172.21.15.78:3300/0 1 ==== mon_map magic: 0 ==== 205+0+0 (secure 0 0 0) 0x7faa84037040 con 0x7faa94107d30
2024-08-18T23:35:29.314 INFO:teuthology.orchestra.run.smithi078.stdout:/usr/bin/ceph: stderr
2024-08-18T23:35:28.498+0000 7faa90ff9640 1 -- 172.21.15.78:0/2827556044 <== mon.0 v2:172.21.15.78:3300/0 2 ==== config(27 keys) ==== 1140+0+0 (secure 0 0 0) 0x7faa84030c40 con 0x7faa94107d30
2024-08-18T23:35:29.314 INFO:teuthology.orchestra.run.smithi078.stdout:/usr/bin/ceph: stderr
2024-08-18T23:35:28.498+0000 7faa99bbf640 1 -- 172.21.15.78:0/2827556044 --> [v2:172.21.15.78:3300/0,v1:172.21.15.78:6789/0] -- mon_subscribe({mgrmap=0+}) -- 0x7faa9419bdb0 con 0x7faa94107d30
2024-08-18T23:35:29.314 INFO:teuthology.orchestra.run.smithi078.stdout:/usr/bin/ceph: stderr
2024-08-18T23:35:28.498+0000 7faa90ff9640 1 -- 172.21.15.78:0/2827556044 <== mon.0 v2:172.21.15.78:3300/0 3 ==== mon_map magic: 0 ==== 205+0+0 (secure 0 0 0) 0x7faa8403a5d0 con 0x7faa94107d30
2024-08-18T23:35:29.314 INFO:teuthology.orchestra.run.smithi078.stdout:/usr/bin/ceph: stderr
2024-08-18T23:35:28.498+0000 7faa99bbf640 1 -- 172.21.15.78:0/2827556044 --> [v2:172.21.15.78:3300/0,v1:172.21.15.78:6789/0] -- mon_subscribe({osdmap=0}) -- 0x7faa9419eaa0 con 0x7faa94107d30
2024-08-18T23:35:29.314 INFO:teuthology.orchestra.run.smithi078.stdout:/usr/bin/ceph: stderr
2024-08-18T23:35:28.499+0000 7faa90ff9640 1 -- 172.21.15.78:0/2827556044 <== mon.0 v2:172.21.15.78:3300/0 4 ==== mgrmap(e 13) ==== 46343+0+0 (secure 0 0 0) 0x7faa8403a870 con 0x7faa94107d30
2024-08-18T23:35:29.314 INFO:teuthology.orchestra.run.smithi078.stdout:/usr/bin/ceph: stderr
2024-08-18T23:35:28.499+0000 7faa90ff9640 1 --2- 172.21.15.78:0/2827556044 >> [v2:172.21.15.78:6800/4000744943,v1:172.21.15.78:6801/4000744943] conn(0x7faa7c039060 0x7faa7c03b520 unknown :-1 s=NONE pgs=0 cs=0 l=1 rev1=0 crypto rx=0 tx=0 comp rx=0 tx=0).connect
2024-08-18T23:35:29.314 INFO:teuthology.orchestra.run.smithi078.stdout:/usr/bin/ceph: stderr
2024-08-18T23:35:28.500+0000 7faa90ff9640 1 -- 172.21.15.78:0/2827556044 <== mon.0 v2:172.21.15.78:3300/0 5 ==== osd_map(3..3 src has 1..3) ==== 1155+0+0 (secure 0 0 0) 0x7faa8406c730 con 0x7faa94107d30
2024-08-18T23:35:29.314 INFO:teuthology.orchestra.run.smithi078.stdout:/usr/bin/ceph: stderr
2024-08-18T23:35:28.499+0000 7faa99bbf640 1 -- 172.21.15.78:0/2827556044 --> [v2:172.21.15.78:3300/0,v1:172.21.15.78:6789/0] -- mon_command({"prefix": "get_command_descriptions"} v 0) -- 0x7faa94108190 con 0x7faa94107d30
2024-08-18T23:35:29.314 INFO:teuthology.orchestra.run.smithi078.stdout:/usr/bin/ceph: stderr
2024-08-18T23:35:28.500+0000 7faa92ffd640 1 --2- 172.21.15.78:0/2827556044 >> [v2:172.21.15.78:6800/4000744943,v1:172.21.15.78:6801/4000744943] conn(0x7faa7c039060 0x7faa7c03b520 unknown :-1 s=BANNER_CONNECTING pgs=0 cs=0 l=1 rev1=0 crypto rx=0 tx=0 comp rx=0 tx=0)._handle_peer_banner_payload supported=3 required=0
2024-08-18T23:35:29.315 INFO:teuthology.orchestra.run.smithi078.stdout:/usr/bin/ceph: stderr
2024-08-18T23:35:28.500+0000 7faa92ffd640 1 --2- 172.21.15.78:0/2827556044 >> [v2:172.21.15.78:6800/4000744943,v1:172.21.15.78:6801/4000744943] conn(0x7faa7c039060 0x7faa7c03b520 secure :-1 s=READY pgs=10 cs=0 l=1 rev1=1 crypto rx=0x7faa880098c0 tx=0x7faa88006db0 comp rx=0 tx=0).ready entity=mgr.14150 client_cookie=0 server_cookie=0 in_seq=0 out_seq=0
2024-08-18T23:35:29.315 INFO:teuthology.orchestra.run.smithi078.stdout:/usr/bin/ceph: stderr
2024-08-18T23:35:28.504+0000 7faa90ff9640 1 -- 172.21.15.78:0/2827556044 <== mon.0 v2:172.21.15.78:3300/0 6 ==== mon_command_ack([{"prefix": "get_command_descriptions"}]=0 v0) ==== 72+0+187871 (secure 0 0 0) 0x7faa840392f0 con 0x7faa94107d30
2024-08-18T23:35:29.315 INFO:teuthology.orchestra.run.smithi078.stdout:/usr/bin/ceph: stderr
2024-08-18T23:35:28.758+0000 7faa99bbf640 1 -- 172.21.15.78:0/2827556044 --> [v2:172.21.15.78:3300/0,v1:172.21.15.78:6789/0] -- mon_command([{prefix=config-key set, key=mgr/dashboard/cluster/status}] v 0) -- 0x7faa94068410 con 0x7faa94107d30
2024-08-18T23:35:29.315 INFO:teuthology.orchestra.run.smithi078.stdout:/usr/bin/ceph: stderr
2024-08-18T23:35:28.760+0000 7faa90ff9640 1 -- 172.21.15.78:0/2827556044 <== mon.0 v2:172.21.15.78:3300/0 7 ==== mon_command_ack([{prefix=config-key set, key=mgr/dashboard/cluster/status}]=0 set mgr/dashboard/cluster/status v28)=0 set mgr/dashboard/cluster/status v28) ==== 153+0+0 (secure 0 0 0) 0x7faa8403b9d0 con 0x7faa94107d30
2024-08-18T23:35:29.315 INFO:teuthology.orchestra.run.smithi078.stdout:/usr/bin/ceph: stderr set mgr/dashboard/cluster/status
2024-08-18T23:35:29.315 INFO:teuthology.orchestra.run.smithi078.stdout:/usr/bin/ceph: stderr
2024-08-18T23:35:28.763+0000 7faa99bbf640 1 -- 172.21.15.78:0/2827556044 >> [v2:172.21.15.78:6800/4000744943,v1:172.21.15.78:6801/4000744943] conn(0x7faa7c039060 msgr2=0x7faa7c03b520 secure :-1 s=STATE_CONNECTION_ESTABLISHED l=1).mark_down
2024-08-18T23:35:29.315 INFO:teuthology.orchestra.run.smithi078.stdout:/usr/bin/ceph: stderr
2024-08-18T23:35:28.763+0000 7faa99bbf640 1 --2- 172.21.15.78:0/2827556044 >> [v2:172.21.15.78:6800/4000744943,v1:172.21.15.78:6801/4000744943] conn(0x7faa7c039060 0x7faa7c03b520 secure :-1 s=READY pgs=10 cs=0 l=1 rev1=1 crypto rx=0x7faa880098c0 tx=0x7faa88006db0 comp rx=0 tx=0).stop
2024-08-18T23:35:29.315 INFO:teuthology.orchestra.run.smithi078.stdout:/usr/bin/ceph: stderr
2024-08-18T23:35:28.763+0000 7faa99bbf640 1 -- 172.21.15.78:0/2827556044 >> [v2:172.21.15.78:3300/0,v1:172.21.15.78:6789/0] conn(0x7faa94107d30 msgr2=0x7faa9419b5e0 secure :-1 s=STATE_CONNECTION_ESTABLISHED l=1).mark_down
2024-08-18T23:35:29.316 INFO:teuthology.orchestra.run.smithi078.stdout:/usr/bin/ceph: stderr
2024-08-18T23:35:28.763+0000 7faa99bbf640 1 --2- 172.21.15.78:0/2827556044 >> [v2:172.21.15.78:3300/0,v1:172.21.15.78:6789/0] conn(0x7faa94107d30 0x7faa9419b5e0 secure :-1 s=READY pgs=75 cs=0 l=1 rev1=1 crypto rx=0x7faa840097f0 tx=0x7faa840327b0 comp rx=0 tx=0).stop
2024-08-18T23:35:29.316 INFO:teuthology.orchestra.run.smithi078.stdout:/usr/bin/ceph: stderr
2024-08-18T23:35:28.763+0000 7faa99bbf640 1 -- 172.21.15.78:0/2827556044 shutdown_connections
2024-08-18T23:35:29.316 INFO:teuthology.orchestra.run.smithi078.stdout:/usr/bin/ceph: stderr
2024-08-18T23:35:28.763+0000 7faa99bbf640 1 --2- 172.21.15.78:0/2827556044 >> [v2:172.21.15.78:6800/4000744943,v1:172.21.15.78:6801/4000744943] conn(0x7faa7c039060 0x7faa7c03b520 unknown :-1 s=CLOSED pgs=10 cs=0 l=1 rev1=1 crypto rx=0 tx=0 comp rx=0 tx=0).stop
2024-08-18T23:35:29.316 INFO:teuthology.orchestra.run.smithi078.stdout:/usr/bin/ceph: stderr
2024-08-18T23:35:28.763+0000 7faa99bbf640 1 --2- 172.21.15.78:0/2827556044 >> [v2:172.21.15.78:3300/0,v1:172.21.15.78:6789/0] conn(0x7faa94107d30 0x7faa9419b5e0 unknown :-1 s=CLOSED pgs=75 cs=0 l=1 rev1=1 crypto rx=0 tx=0 comp rx=0 tx=0).stop
2024-08-18T23:35:29.316 INFO:teuthology.orchestra.run.smithi078.stdout:/usr/bin/ceph: stderr
2024-08-18T23:35:28.763+0000 7faa99bbf640 1 -- 172.21.15.78:0/2827556044 >> 172.21.15.78:0/2827556044 conn(0x7faa941018f0 msgr2=0x7faa94102740 unknown :-1 s=STATE_NONE l=0).mark_down
2024-08-18T23:35:29.316 INFO:teuthology.orchestra.run.smithi078.stdout:/usr/bin/ceph: stderr
2024-08-18T23:35:28.763+0000 7faa99bbf640 1 -- 172.21.15.78:0/2827556044 shutdown_connections
2024-08-18T23:35:29.316 INFO:teuthology.orchestra.run.smithi078.stdout:/usr/bin/ceph: stderr
2024-08-18T23:35:28.763+0000 7faa99bbf640 1 -- 172.21.15.78:0/2827556044 wait complete.
2024-08-18T23:35:29.316 INFO:teuthology.orchestra.run.smithi078.stdout:You can access the Ceph CLI as following in case of multi-cluster or non-default config:
2024-08-18T23:35:29.316 INFO:teuthology.orchestra.run.smithi078.stdout:
2024-08-18T23:35:29.316 INFO:teuthology.orchestra.run.smithi078.stdout: sudo /home/ubuntu/cephtest/cephadm shell --fsid 4f1128e6-5dba-11ef-bccf-c7b262605968 -c /etc/ceph/ceph.conf -k /etc/ceph/ceph.client.admin.keyring
2024-08-18T23:35:29.316 INFO:teuthology.orchestra.run.smithi078.stdout:
2024-08-18T23:35:29.316 INFO:teuthology.orchestra.run.smithi078.stdout:Or, if you are only running a single cluster on this host:
2024-08-18T23:35:29.317 INFO:teuthology.orchestra.run.smithi078.stdout:
2024-08-18T23:35:29.317 INFO:teuthology.orchestra.run.smithi078.stdout: sudo /home/ubuntu/cephtest/cephadm shell
2024-08-18T23:35:29.317 INFO:teuthology.orchestra.run.smithi078.stdout:
2024-08-18T23:35:29.317 INFO:teuthology.orchestra.run.smithi078.stdout:Please consider enabling telemetry to help improve Ceph:
2024-08-18T23:35:29.317 INFO:teuthology.orchestra.run.smithi078.stdout:
2024-08-18T23:35:29.317 INFO:teuthology.orchestra.run.smithi078.stdout: ceph telemetry on
2024-08-18T23:35:29.317 INFO:teuthology.orchestra.run.smithi078.stdout:
2024-08-18T23:35:29.317 INFO:teuthology.orchestra.run.smithi078.stdout:For more information see:
2024-08-18T23:35:29.317 INFO:teuthology.orchestra.run.smithi078.stdout:
2024-08-18T23:35:29.317 INFO:teuthology.orchestra.run.smithi078.stdout: https://docs.ceph.com/en/latest/mgr/telemetry/
2024-08-18T23:35:29.317 INFO:teuthology.orchestra.run.smithi078.stdout:
2024-08-18T23:35:29.317 INFO:teuthology.orchestra.run.smithi078.stdout:Bootstrap complete.
2024-08-18T23:35:29.357 INFO:tasks.cephadm:Fetching config...
2024-08-18T23:35:29.357 DEBUG:teuthology.orchestra.run.smithi078:> set -ex
2024-08-18T23:35:29.357 DEBUG:teuthology.orchestra.run.smithi078:> dd if=/etc/ceph/ceph.conf of=/dev/stdout
2024-08-18T23:35:29.374 INFO:tasks.cephadm:Fetching client.admin keyring...
2024-08-18T23:35:29.374 DEBUG:teuthology.orchestra.run.smithi078:> set -ex
2024-08-18T23:35:29.374 DEBUG:teuthology.orchestra.run.smithi078:> dd if=/etc/ceph/ceph.client.admin.keyring of=/dev/stdout
2024-08-18T23:35:29.431 INFO:tasks.cephadm:Fetching mon keyring...
2024-08-18T23:35:29.431 DEBUG:teuthology.orchestra.run.smithi078:> set -ex
2024-08-18T23:35:29.431 DEBUG:teuthology.orchestra.run.smithi078:> sudo dd if=/var/lib/ceph/4f1128e6-5dba-11ef-bccf-c7b262605968/mon.a/keyring of=/dev/stdout
2024-08-18T23:35:29.496 INFO:tasks.cephadm:Fetching pub ssh key...
2024-08-18T23:35:29.496 DEBUG:teuthology.orchestra.run.smithi078:> set -ex
2024-08-18T23:35:29.496 DEBUG:teuthology.orchestra.run.smithi078:> dd if=/home/ubuntu/cephtest/ceph.pub of=/dev/stdout
2024-08-18T23:35:29.551 INFO:tasks.cephadm:Installing pub ssh key for root users...
2024-08-18T23:35:29.551 DEBUG:teuthology.orchestra.run.smithi078:> sudo install -d -m 0700 /root/.ssh && echo 'ssh-rsa AAAAB3NzaC1yc2EAAAADAQABAAABgQCXqMaE+Nb8FG7cpy3luBBwAJwLn5EGz4p2o1aOY3cuTfjOR+tuLDg3dEhTmOzsePQ/2YEWym2qTBQJ4zu4QkX7fBLFNETgMqpCjQykA0pUJnFOSo42gVZ+fwa/1r1liNntjHqtYst0KDcb7MB8/XKzVECgHOtI6pcoC4JQogMcL62TL+51lGUdV5g7MLeoTsV7koshfEvUKkIo5hc+w4HB21EOqQJ+OZ7hbQtj/4yHOYV2cJwTSd3ULZ4jcQiMPK0LLyUaMRkod8CINFYo/0i32m1VcJYHrOKfPF04RiGxxw5QQsK3G1S9uWWTqCxekuwyxOTXRvRSP5/OfTUpg4SUVBZdOyN5V5wnkQjPi+UWAYYc3GnHrn7NSUSfQnpqvS9OWdzh4SFxm+qSodPntUIxGwQpRCCBNHi2Lke8uYJNxiHTUtj3BanH6d+y+tY2j2IKPS+gCzmelmOOQ1Q8NVCZR3cprRfuIs23APM029DBL0KSRDhPN/LXbKjdXb2dCHc= ceph-4f1128e6-5dba-11ef-bccf-c7b262605968' | sudo tee -a /root/.ssh/authorized_keys && sudo chmod 0600 /root/.ssh/authorized_keys
2024-08-18T23:35:29.628 INFO:teuthology.orchestra.run.smithi078.stdout:ssh-rsa AAAAB3NzaC1yc2EAAAADAQABAAABgQCXqMaE+Nb8FG7cpy3luBBwAJwLn5EGz4p2o1aOY3cuTfjOR+tuLDg3dEhTmOzsePQ/2YEWym2qTBQJ4zu4QkX7fBLFNETgMqpCjQykA0pUJnFOSo42gVZ+fwa/1r1liNntjHqtYst0KDcb7MB8/XKzVECgHOtI6pcoC4JQogMcL62TL+51lGUdV5g7MLeoTsV7koshfEvUKkIo5hc+w4HB21EOqQJ+OZ7hbQtj/4yHOYV2cJwTSd3ULZ4jcQiMPK0LLyUaMRkod8CINFYo/0i32m1VcJYHrOKfPF04RiGxxw5QQsK3G1S9uWWTqCxekuwyxOTXRvRSP5/OfTUpg4SUVBZdOyN5V5wnkQjPi+UWAYYc3GnHrn7NSUSfQnpqvS9OWdzh4SFxm+qSodPntUIxGwQpRCCBNHi2Lke8uYJNxiHTUtj3BanH6d+y+tY2j2IKPS+gCzmelmOOQ1Q8NVCZR3cprRfuIs23APM029DBL0KSRDhPN/LXbKjdXb2dCHc= ceph-4f1128e6-5dba-11ef-bccf-c7b262605968
2024-08-18T23:35:29.639 DEBUG:teuthology.orchestra.run.smithi123:> sudo install -d -m 0700 /root/.ssh && echo 'ssh-rsa AAAAB3NzaC1yc2EAAAADAQABAAABgQCXqMaE+Nb8FG7cpy3luBBwAJwLn5EGz4p2o1aOY3cuTfjOR+tuLDg3dEhTmOzsePQ/2YEWym2qTBQJ4zu4QkX7fBLFNETgMqpCjQykA0pUJnFOSo42gVZ+fwa/1r1liNntjHqtYst0KDcb7MB8/XKzVECgHOtI6pcoC4JQogMcL62TL+51lGUdV5g7MLeoTsV7koshfEvUKkIo5hc+w4HB21EOqQJ+OZ7hbQtj/4yHOYV2cJwTSd3ULZ4jcQiMPK0LLyUaMRkod8CINFYo/0i32m1VcJYHrOKfPF04RiGxxw5QQsK3G1S9uWWTqCxekuwyxOTXRvRSP5/OfTUpg4SUVBZdOyN5V5wnkQjPi+UWAYYc3GnHrn7NSUSfQnpqvS9OWdzh4SFxm+qSodPntUIxGwQpRCCBNHi2Lke8uYJNxiHTUtj3BanH6d+y+tY2j2IKPS+gCzmelmOOQ1Q8NVCZR3cprRfuIs23APM029DBL0KSRDhPN/LXbKjdXb2dCHc= ceph-4f1128e6-5dba-11ef-bccf-c7b262605968' | sudo tee -a /root/.ssh/authorized_keys && sudo chmod 0600 /root/.ssh/authorized_keys
2024-08-18T23:35:29.726 INFO:teuthology.orchestra.run.smithi123.stdout:ssh-rsa AAAAB3NzaC1yc2EAAAADAQABAAABgQCXqMaE+Nb8FG7cpy3luBBwAJwLn5EGz4p2o1aOY3cuTfjOR+tuLDg3dEhTmOzsePQ/2YEWym2qTBQJ4zu4QkX7fBLFNETgMqpCjQykA0pUJnFOSo42gVZ+fwa/1r1liNntjHqtYst0KDcb7MB8/XKzVECgHOtI6pcoC4JQogMcL62TL+51lGUdV5g7MLeoTsV7koshfEvUKkIo5hc+w4HB21EOqQJ+OZ7hbQtj/4yHOYV2cJwTSd3ULZ4jcQiMPK0LLyUaMRkod8CINFYo/0i32m1VcJYHrOKfPF04RiGxxw5QQsK3G1S9uWWTqCxekuwyxOTXRvRSP5/OfTUpg4SUVBZdOyN5V5wnkQjPi+UWAYYc3GnHrn7NSUSfQnpqvS9OWdzh4SFxm+qSodPntUIxGwQpRCCBNHi2Lke8uYJNxiHTUtj3BanH6d+y+tY2j2IKPS+gCzmelmOOQ1Q8NVCZR3cprRfuIs23APM029DBL0KSRDhPN/LXbKjdXb2dCHc= ceph-4f1128e6-5dba-11ef-bccf-c7b262605968
2024-08-18T23:35:29.740 DEBUG:teuthology.orchestra.run.smithi161:> sudo install -d -m 0700 /root/.ssh && echo 'ssh-rsa AAAAB3NzaC1yc2EAAAADAQABAAABgQCXqMaE+Nb8FG7cpy3luBBwAJwLn5EGz4p2o1aOY3cuTfjOR+tuLDg3dEhTmOzsePQ/2YEWym2qTBQJ4zu4QkX7fBLFNETgMqpCjQykA0pUJnFOSo42gVZ+fwa/1r1liNntjHqtYst0KDcb7MB8/XKzVECgHOtI6pcoC4JQogMcL62TL+51lGUdV5g7MLeoTsV7koshfEvUKkIo5hc+w4HB21EOqQJ+OZ7hbQtj/4yHOYV2cJwTSd3ULZ4jcQiMPK0LLyUaMRkod8CINFYo/0i32m1VcJYHrOKfPF04RiGxxw5QQsK3G1S9uWWTqCxekuwyxOTXRvRSP5/OfTUpg4SUVBZdOyN5V5wnkQjPi+UWAYYc3GnHrn7NSUSfQnpqvS9OWdzh4SFxm+qSodPntUIxGwQpRCCBNHi2Lke8uYJNxiHTUtj3BanH6d+y+tY2j2IKPS+gCzmelmOOQ1Q8NVCZR3cprRfuIs23APM029DBL0KSRDhPN/LXbKjdXb2dCHc= ceph-4f1128e6-5dba-11ef-bccf-c7b262605968' | sudo tee -a /root/.ssh/authorized_keys && sudo chmod 0600 /root/.ssh/authorized_keys
2024-08-18T23:35:29.798 INFO:teuthology.orchestra.run.smithi161.stdout:ssh-rsa AAAAB3NzaC1yc2EAAAADAQABAAABgQCXqMaE+Nb8FG7cpy3luBBwAJwLn5EGz4p2o1aOY3cuTfjOR+tuLDg3dEhTmOzsePQ/2YEWym2qTBQJ4zu4QkX7fBLFNETgMqpCjQykA0pUJnFOSo42gVZ+fwa/1r1liNntjHqtYst0KDcb7MB8/XKzVECgHOtI6pcoC4JQogMcL62TL+51lGUdV5g7MLeoTsV7koshfEvUKkIo5hc+w4HB21EOqQJ+OZ7hbQtj/4yHOYV2cJwTSd3ULZ4jcQiMPK0LLyUaMRkod8CINFYo/0i32m1VcJYHrOKfPF04RiGxxw5QQsK3G1S9uWWTqCxekuwyxOTXRvRSP5/OfTUpg4SUVBZdOyN5V5wnkQjPi+UWAYYc3GnHrn7NSUSfQnpqvS9OWdzh4SFxm+qSodPntUIxGwQpRCCBNHi2Lke8uYJNxiHTUtj3BanH6d+y+tY2j2IKPS+gCzmelmOOQ1Q8NVCZR3cprRfuIs23APM029DBL0KSRDhPN/LXbKjdXb2dCHc= ceph-4f1128e6-5dba-11ef-bccf-c7b262605968
2024-08-18T23:35:29.812 DEBUG:teuthology.orchestra.run.smithi078:> sudo /home/ubuntu/cephtest/cephadm --image quay-quay-quay.apps.os.sepia.ceph.com/ceph-ci/ceph:de09dd018de4baddfa6ca4d43bc8fb784cf75833 shell -c /etc/ceph/ceph.conf -k /etc/ceph/ceph.client.admin.keyring --fsid 4f1128e6-5dba-11ef-bccf-c7b262605968 -- ceph config set mgr mgr/cephadm/allow_ptrace true
2024-08-18T23:35:30.062 INFO:teuthology.orchestra.run.smithi078.stderr:Inferring config /var/lib/ceph/4f1128e6-5dba-11ef-bccf-c7b262605968/mon.a/config
2024-08-18T23:35:30.545 INFO:teuthology.orchestra.run.smithi078.stderr:2024-08-18T23:35:30.542+0000 7fe7eb7b2640 1 -- 172.21.15.78:0/2682454362 >> [v2:172.21.15.78:3300/0,v1:172.21.15.78:6789/0] conn(0x7fe7e4100240 msgr2=0x7fe7e4100640 secure :-1 s=STATE_CONNECTION_ESTABLISHED l=1).mark_down
2024-08-18T23:35:30.545 INFO:teuthology.orchestra.run.smithi078.stderr:2024-08-18T23:35:30.542+0000 7fe7eb7b2640 1 --2- 172.21.15.78:0/2682454362 >> [v2:172.21.15.78:3300/0,v1:172.21.15.78:6789/0] conn(0x7fe7e4100240 0x7fe7e4100640 secure :-1 s=READY pgs=76 cs=0 l=1 rev1=1 crypto rx=0x7fe7d4009880 tx=0x7fe7d402a5d0 comp rx=0 tx=0).stop
2024-08-18T23:35:30.545 INFO:teuthology.orchestra.run.smithi078.stderr:2024-08-18T23:35:30.542+0000 7fe7eb7b2640 1 -- 172.21.15.78:0/2682454362 shutdown_connections
2024-08-18T23:35:30.545 INFO:teuthology.orchestra.run.smithi078.stderr:2024-08-18T23:35:30.542+0000 7fe7eb7b2640 1 --2- 172.21.15.78:0/2682454362 >> [v2:172.21.15.78:3300/0,v1:172.21.15.78:6789/0] conn(0x7fe7e4100240 0x7fe7e4100640 unknown :-1 s=CLOSED pgs=76 cs=0 l=1 rev1=1 crypto rx=0 tx=0 comp rx=0 tx=0).stop
2024-08-18T23:35:30.546 INFO:teuthology.orchestra.run.smithi078.stderr:2024-08-18T23:35:30.542+0000 7fe7eb7b2640 1 -- 172.21.15.78:0/2682454362 >> 172.21.15.78:0/2682454362 conn(0x7fe7e40fb9b0 msgr2=0x7fe7e40fde10 unknown :-1 s=STATE_NONE l=0).mark_down
2024-08-18T23:35:30.546 INFO:teuthology.orchestra.run.smithi078.stderr:2024-08-18T23:35:30.542+0000 7fe7eb7b2640 1 -- 172.21.15.78:0/2682454362 shutdown_connections
2024-08-18T23:35:30.546 INFO:teuthology.orchestra.run.smithi078.stderr:2024-08-18T23:35:30.542+0000 7fe7eb7b2640 1 -- 172.21.15.78:0/2682454362 wait complete.
2024-08-18T23:35:30.546 INFO:teuthology.orchestra.run.smithi078.stderr:2024-08-18T23:35:30.543+0000 7fe7eb7b2640 1 Processor -- start
2024-08-18T23:35:30.546 INFO:teuthology.orchestra.run.smithi078.stderr:2024-08-18T23:35:30.543+0000 7fe7eb7b2640 1 -- start start
2024-08-18T23:35:30.546 INFO:teuthology.orchestra.run.smithi078.stderr:2024-08-18T23:35:30.543+0000 7fe7eb7b2640 1 --2- >> [v2:172.21.15.78:3300/0,v1:172.21.15.78:6789/0] conn(0x7fe7e4100240 0x7fe7e40fd890 unknown :-1 s=NONE pgs=0 cs=0 l=1 rev1=0 crypto rx=0 tx=0 comp rx=0 tx=0).connect
2024-08-18T23:35:30.546 INFO:teuthology.orchestra.run.smithi078.stderr:2024-08-18T23:35:30.543+0000 7fe7eb7b2640 1 -- --> [v2:172.21.15.78:3300/0,v1:172.21.15.78:6789/0] -- mon_getmap magic: 0 -- 0x7fe7e4106350 con 0x7fe7e4100240
2024-08-18T23:35:30.546 INFO:teuthology.orchestra.run.smithi078.stderr:2024-08-18T23:35:30.543+0000 7fe7e954e640 1 --2- >> [v2:172.21.15.78:3300/0,v1:172.21.15.78:6789/0] conn(0x7fe7e4100240 0x7fe7e40fd890 unknown :-1 s=BANNER_CONNECTING pgs=0 cs=0 l=1 rev1=0 crypto rx=0 tx=0 comp rx=0 tx=0)._handle_peer_banner_payload supported=3 required=0
2024-08-18T23:35:30.546 INFO:teuthology.orchestra.run.smithi078.stderr:2024-08-18T23:35:30.543+0000 7fe7e954e640 1 --2- >> [v2:172.21.15.78:3300/0,v1:172.21.15.78:6789/0] conn(0x7fe7e4100240 0x7fe7e40fd890 unknown :-1 s=HELLO_CONNECTING pgs=0 cs=0 l=1 rev1=1 crypto rx=0 tx=0 comp rx=0 tx=0).handle_hello peer v2:172.21.15.78:3300/0 says I am v2:172.21.15.78:39668/0 (socket says 172.21.15.78:39668)
2024-08-18T23:35:30.546 INFO:teuthology.orchestra.run.smithi078.stderr:2024-08-18T23:35:30.543+0000 7fe7e954e640 1 -- 172.21.15.78:0/2589148739 learned_addr learned my addr 172.21.15.78:0/2589148739 (peer_addr_for_me v2:172.21.15.78:0/0)
2024-08-18T23:35:30.546 INFO:teuthology.orchestra.run.smithi078.stderr:2024-08-18T23:35:30.544+0000 7fe7e954e640 1 -- 172.21.15.78:0/2589148739 --> [v2:172.21.15.78:3300/0,v1:172.21.15.78:6789/0] -- mon_subscribe({config=0+,monmap=0+}) -- 0x7fe7e40fddd0 con 0x7fe7e4100240
2024-08-18T23:35:30.548 INFO:teuthology.orchestra.run.smithi078.stderr:2024-08-18T23:35:30.544+0000 7fe7e954e640 1 --2- 172.21.15.78:0/2589148739 >> [v2:172.21.15.78:3300/0,v1:172.21.15.78:6789/0] conn(0x7fe7e4100240 0x7fe7e40fd890 secure :-1 s=READY pgs=77 cs=0 l=1 rev1=1 crypto rx=0x7fe7d4004f60 tx=0x7fe7d40048f0 comp rx=0 tx=0).ready entity=mon.0 client_cookie=0 server_cookie=0 in_seq=0 out_seq=0
2024-08-18T23:35:30.548 INFO:teuthology.orchestra.run.smithi078.stderr:2024-08-18T23:35:30.544+0000 7fe7da7fc640 1 -- 172.21.15.78:0/2589148739 <== mon.0 v2:172.21.15.78:3300/0 1 ==== mon_map magic: 0 ==== 205+0+0 (secure 0 0 0) 0x7fe7d403f070 con 0x7fe7e4100240
2024-08-18T23:35:30.548 INFO:teuthology.orchestra.run.smithi078.stderr:2024-08-18T23:35:30.544+0000 7fe7da7fc640 1 -- 172.21.15.78:0/2589148739 <== mon.0 v2:172.21.15.78:3300/0 2 ==== config(27 keys) ==== 1140+0+0 (secure 0 0 0) 0x7fe7d4004d40 con 0x7fe7e4100240
2024-08-18T23:35:30.548 INFO:teuthology.orchestra.run.smithi078.stderr:2024-08-18T23:35:30.544+0000 7fe7eb7b2640 1 -- 172.21.15.78:0/2589148739 --> [v2:172.21.15.78:3300/0,v1:172.21.15.78:6789/0] -- mon_subscribe({mgrmap=0+}) -- 0x7fe7e40fbfc0 con 0x7fe7e4100240
2024-08-18T23:35:30.548 INFO:teuthology.orchestra.run.smithi078.stderr:2024-08-18T23:35:30.544+0000 7fe7da7fc640 1 -- 172.21.15.78:0/2589148739 <== mon.0 v2:172.21.15.78:3300/0 3 ==== mon_map magic: 0 ==== 205+0+0 (secure 0 0 0) 0x7fe7d4035030 con 0x7fe7e4100240
2024-08-18T23:35:30.548 INFO:teuthology.orchestra.run.smithi078.stderr:2024-08-18T23:35:30.544+0000 7fe7eb7b2640 1 -- 172.21.15.78:0/2589148739 --> [v2:172.21.15.78:3300/0,v1:172.21.15.78:6789/0] -- mon_subscribe({osdmap=0}) -- 0x7fe7e40fc500 con 0x7fe7e4100240
2024-08-18T23:35:30.548 INFO:teuthology.orchestra.run.smithi078.stderr:2024-08-18T23:35:30.545+0000 7fe7da7fc640 1 -- 172.21.15.78:0/2589148739 <== mon.0 v2:172.21.15.78:3300/0 4 ==== mgrmap(e 13) ==== 46343+0+0 (secure 0 0 0) 0x7fe7d4042070 con 0x7fe7e4100240
2024-08-18T23:35:30.548 INFO:teuthology.orchestra.run.smithi078.stderr:2024-08-18T23:35:30.545+0000 7fe7eb7b2640 1 -- 172.21.15.78:0/2589148739 --> [v2:172.21.15.78:3300/0,v1:172.21.15.78:6789/0] -- mon_command({"prefix": "get_command_descriptions"} v 0) -- 0x7fe7e4106ad0 con 0x7fe7e4100240
2024-08-18T23:35:30.549 INFO:teuthology.orchestra.run.smithi078.stderr:2024-08-18T23:35:30.545+0000 7fe7da7fc640 1 --2- 172.21.15.78:0/2589148739 >> [v2:172.21.15.78:6800/4000744943,v1:172.21.15.78:6801/4000744943] conn(0x7fe7d00390c0 0x7fe7d003b580 unknown :-1 s=NONE pgs=0 cs=0 l=1 rev1=0 crypto rx=0 tx=0 comp rx=0 tx=0).connect
2024-08-18T23:35:30.549 INFO:teuthology.orchestra.run.smithi078.stderr:2024-08-18T23:35:30.545+0000 7fe7da7fc640 1 -- 172.21.15.78:0/2589148739 <== mon.0 v2:172.21.15.78:3300/0 5 ==== osd_map(3..3 src has 1..3) ==== 1155+0+0 (secure 0 0 0) 0x7fe7d406cdb0 con 0x7fe7e4100240
2024-08-18T23:35:30.549 INFO:teuthology.orchestra.run.smithi078.stderr:2024-08-18T23:35:30.545+0000 7fe7e8d4d640 1 --2- 172.21.15.78:0/2589148739 >> [v2:172.21.15.78:6800/4000744943,v1:172.21.15.78:6801/4000744943] conn(0x7fe7d00390c0 0x7fe7d003b580 unknown :-1 s=BANNER_CONNECTING pgs=0 cs=0 l=1 rev1=0 crypto rx=0 tx=0 comp rx=0 tx=0)._handle_peer_banner_payload supported=3 required=0
2024-08-18T23:35:30.549 INFO:teuthology.orchestra.run.smithi078.stderr:2024-08-18T23:35:30.545+0000 7fe7e8d4d640 1 --2- 172.21.15.78:0/2589148739 >> [v2:172.21.15.78:6800/4000744943,v1:172.21.15.78:6801/4000744943] conn(0x7fe7d00390c0 0x7fe7d003b580 secure :-1 s=READY pgs=11 cs=0 l=1 rev1=1 crypto rx=0x7fe7e00098c0 tx=0x7fe7e0006db0 comp rx=0 tx=0).ready entity=mgr.14150 client_cookie=0 server_cookie=0 in_seq=0 out_seq=0
2024-08-18T23:35:30.552 INFO:teuthology.orchestra.run.smithi078.stderr:2024-08-18T23:35:30.550+0000 7fe7da7fc640 1 -- 172.21.15.78:0/2589148739 <== mon.0 v2:172.21.15.78:3300/0 6 ==== mon_command_ack([{"prefix": "get_command_descriptions"}]=0 v0) ==== 72+0+187871 (secure 0 0 0) 0x7fe7d403be20 con 0x7fe7e4100240
2024-08-18T23:35:30.721 INFO:teuthology.orchestra.run.smithi078.stderr:2024-08-18T23:35:30.719+0000 7fe7eb7b2640 1 -- 172.21.15.78:0/2589148739 --> [v2:172.21.15.78:3300/0,v1:172.21.15.78:6789/0] -- mon_command([{prefix=config set, name=mgr/cephadm/allow_ptrace}] v 0) -- 0x7fe7e418ffb0 con 0x7fe7e4100240
2024-08-18T23:35:30.723 INFO:teuthology.orchestra.run.smithi078.stderr:2024-08-18T23:35:30.722+0000 7fe7da7fc640 1 -- 172.21.15.78:0/2589148739 <== mon.0 v2:172.21.15.78:3300/0 7 ==== mon_command_ack([{prefix=config set, name=mgr/cephadm/allow_ptrace}]=0 v9)=0 v9) ==== 125+0+0 (secure 0 0 0) 0x7fe7d40303a0 con 0x7fe7e4100240
2024-08-18T23:35:30.726 INFO:teuthology.orchestra.run.smithi078.stderr:2024-08-18T23:35:30.724+0000 7fe7eb7b2640 1 -- 172.21.15.78:0/2589148739 >> [v2:172.21.15.78:6800/4000744943,v1:172.21.15.78:6801/4000744943] conn(0x7fe7d00390c0 msgr2=0x7fe7d003b580 secure :-1 s=STATE_CONNECTION_ESTABLISHED l=1).mark_down
2024-08-18T23:35:30.726 INFO:teuthology.orchestra.run.smithi078.stderr:2024-08-18T23:35:30.724+0000 7fe7eb7b2640 1 --2- 172.21.15.78:0/2589148739 >> [v2:172.21.15.78:6800/4000744943,v1:172.21.15.78:6801/4000744943] conn(0x7fe7d00390c0 0x7fe7d003b580 secure :-1 s=READY pgs=11 cs=0 l=1 rev1=1 crypto rx=0x7fe7e00098c0 tx=0x7fe7e0006db0 comp rx=0 tx=0).stop
2024-08-18T23:35:30.726 INFO:teuthology.orchestra.run.smithi078.stderr:2024-08-18T23:35:30.724+0000 7fe7eb7b2640 1 -- 172.21.15.78:0/2589148739 >> [v2:172.21.15.78:3300/0,v1:172.21.15.78:6789/0] conn(0x7fe7e4100240 msgr2=0x7fe7e40fd890 secure :-1 s=STATE_CONNECTION_ESTABLISHED l=1).mark_down
2024-08-18T23:35:30.727 INFO:teuthology.orchestra.run.smithi078.stderr:2024-08-18T23:35:30.724+0000 7fe7eb7b2640 1 --2- 172.21.15.78:0/2589148739 >> [v2:172.21.15.78:3300/0,v1:172.21.15.78:6789/0] conn(0x7fe7e4100240 0x7fe7e40fd890 secure :-1 s=READY pgs=77 cs=0 l=1 rev1=1 crypto rx=0x7fe7d4004f60 tx=0x7fe7d40048f0 comp rx=0 tx=0).stop
2024-08-18T23:35:30.727 INFO:teuthology.orchestra.run.smithi078.stderr:2024-08-18T23:35:30.724+0000 7fe7eb7b2640 1 -- 172.21.15.78:0/2589148739 shutdown_connections
2024-08-18T23:35:30.727 INFO:teuthology.orchestra.run.smithi078.stderr:2024-08-18T23:35:30.724+0000 7fe7eb7b2640 1 --2- 172.21.15.78:0/2589148739 >> [v2:172.21.15.78:6800/4000744943,v1:172.21.15.78:6801/4000744943] conn(0x7fe7d00390c0 0x7fe7d003b580 unknown :-1 s=CLOSED pgs=11 cs=0 l=1 rev1=1 crypto rx=0 tx=0 comp rx=0 tx=0).stop
2024-08-18T23:35:30.727 INFO:teuthology.orchestra.run.smithi078.stderr:2024-08-18T23:35:30.724+0000 7fe7eb7b2640 1 --2- 172.21.15.78:0/2589148739 >> [v2:172.21.15.78:3300/0,v1:172.21.15.78:6789/0] conn(0x7fe7e4100240 0x7fe7e40fd890 unknown :-1 s=CLOSED pgs=77 cs=0 l=1 rev1=1 crypto rx=0 tx=0 comp rx=0 tx=0).stop
2024-08-18T23:35:30.727 INFO:teuthology.orchestra.run.smithi078.stderr:2024-08-18T23:35:30.724+0000 7fe7eb7b2640 1 -- 172.21.15.78:0/2589148739 >> 172.21.15.78:0/2589148739 conn(0x7fe7e40fb9b0 msgr2=0x7fe7e406a0a0 unknown :-1 s=STATE_NONE l=0).mark_down
2024-08-18T23:35:30.727 INFO:teuthology.orchestra.run.smithi078.stderr:2024-08-18T23:35:30.724+0000 7fe7eb7b2640 1 -- 172.21.15.78:0/2589148739 shutdown_connections
2024-08-18T23:35:30.727 INFO:teuthology.orchestra.run.smithi078.stderr:2024-08-18T23:35:30.724+0000 7fe7eb7b2640 1 -- 172.21.15.78:0/2589148739 wait complete.
2024-08-18T23:35:31.680 INFO:tasks.cephadm:Distributing conf and client.admin keyring to all hosts + 0755
