2024-08-19T00:04:39.405+0000 7efe205c2640 1 -- 172.21.15.44:0/822793496 shutdown_connections
2024-08-19T00:04:40.235 INFO:teuthology.orchestra.run.smithi044.stdout:/usr/bin/ceph: stderr
2024-08-19T00:04:39.405+0000 7efe205c2640 1 -- 172.21.15.44:0/822793496 wait complete.
2024-08-19T00:04:40.235 INFO:teuthology.orchestra.run.smithi044.stdout:mgr epoch 9 is available
2024-08-19T00:04:40.235 INFO:teuthology.orchestra.run.smithi044.stdout:Generating a dashboard self-signed certificate...
2024-08-19T00:04:40.605 INFO:journalctl@ceph.mon.a.smithi044.stdout:Aug 19 00:04:40 smithi044 ceph-mon[18489]: from='client.14154 -' entity='client.admin' cmd=[{"prefix": "get_command_descriptions"}]: dispatch
2024-08-19T00:04:40.605 INFO:journalctl@ceph.mon.a.smithi044.stdout:Aug 19 00:04:40 smithi044 ceph-mon[18489]: mgrmap e11: x(active, since 1.00638s)
2024-08-19T00:04:40.605 INFO:journalctl@ceph.mon.a.smithi044.stdout:Aug 19 00:04:40 smithi044 ceph-mon[18489]: from='mgr.14150 172.21.15.44:0/3168065080' entity='mgr.x'
2024-08-19T00:04:41.341 INFO:journalctl@ceph.mgr.x.smithi044.stdout:Aug 19 00:04:40 smithi044 ceph-647ded64-5dbe-11ef-bccf-c7b262605968-mgr-x[18717]:
2024-08-19T00:04:40.955+0000 7fca029d3640 -1 log_channel(cephadm) log [ERR] : [19/Aug/2024:00:04:40] ENGINE Error in HTTPServer.serve
2024-08-19T00:04:41.341 INFO:journalctl@ceph.mgr.x.smithi044.stdout:Aug 19 00:04:40 smithi044 ceph-647ded64-5dbe-11ef-bccf-c7b262605968-mgr-x[18717]: Traceback (most recent call last):
2024-08-19T00:04:41.342 INFO:journalctl@ceph.mgr.x.smithi044.stdout:Aug 19 00:04:40 smithi044 ceph-647ded64-5dbe-11ef-bccf-c7b262605968-mgr-x[18717]: File "/lib/python3.9/site-packages/cheroot/server.py", line 1823, in serve
2024-08-19T00:04:41.342 INFO:journalctl@ceph.mgr.x.smithi044.stdout:Aug 19 00:04:40 smithi044 ceph-647ded64-5dbe-11ef-bccf-c7b262605968-mgr-x[18717]: self._connections.run(self.expiration_interval)
2024-08-19T00:04:41.342 INFO:journalctl@ceph.mgr.x.smithi044.stdout:Aug 19 00:04:40 smithi044 ceph-647ded64-5dbe-11ef-bccf-c7b262605968-mgr-x[18717]: File "/lib/python3.9/site-packages/cheroot/connections.py", line 203, in run
2024-08-19T00:04:41.342 INFO:journalctl@ceph.mgr.x.smithi044.stdout:Aug 19 00:04:40 smithi044 ceph-647ded64-5dbe-11ef-bccf-c7b262605968-mgr-x[18717]: self._run(expiration_interval)
2024-08-19T00:04:41.342 INFO:journalctl@ceph.mgr.x.smithi044.stdout:Aug 19 00:04:40 smithi044 ceph-647ded64-5dbe-11ef-bccf-c7b262605968-mgr-x[18717]: File "/lib/python3.9/site-packages/cheroot/connections.py", line 246, in _run
2024-08-19T00:04:41.342 INFO:journalctl@ceph.mgr.x.smithi044.stdout:Aug 19 00:04:40 smithi044 ceph-647ded64-5dbe-11ef-bccf-c7b262605968-mgr-x[18717]: new_conn = self._from_server_socket(self.server.socket)
2024-08-19T00:04:41.342 INFO:journalctl@ceph.mgr.x.smithi044.stdout:Aug 19 00:04:40 smithi044 ceph-647ded64-5dbe-11ef-bccf-c7b262605968-mgr-x[18717]: File "/lib/python3.9/site-packages/cheroot/connections.py", line 300, in _from_server_socket
2024-08-19T00:04:41.342 INFO:journalctl@ceph.mgr.x.smithi044.stdout:Aug 19 00:04:40 smithi044 ceph-647ded64-5dbe-11ef-bccf-c7b262605968-mgr-x[18717]: s, ssl_env = self.server.ssl_adapter.wrap(s)
2024-08-19T00:04:41.342 INFO:journalctl@ceph.mgr.x.smithi044.stdout:Aug 19 00:04:40 smithi044 ceph-647ded64-5dbe-11ef-bccf-c7b262605968-mgr-x[18717]: File "/lib/python3.9/site-packages/cheroot/ssl/builtin.py", line 277, in wrap
2024-08-19T00:04:41.342 INFO:journalctl@ceph.mgr.x.smithi044.stdout:Aug 19 00:04:40 smithi044 ceph-647ded64-5dbe-11ef-bccf-c7b262605968-mgr-x[18717]: s = self.context.wrap_socket(
2024-08-19T00:04:41.343 INFO:journalctl@ceph.mgr.x.smithi044.stdout:Aug 19 00:04:40 smithi044 ceph-647ded64-5dbe-11ef-bccf-c7b262605968-mgr-x[18717]: File "/lib64/python3.9/ssl.py", line 501, in wrap_socket
2024-08-19T00:04:41.343 INFO:journalctl@ceph.mgr.x.smithi044.stdout:Aug 19 00:04:40 smithi044 ceph-647ded64-5dbe-11ef-bccf-c7b262605968-mgr-x[18717]: return self.sslsocket_class._create(
2024-08-19T00:04:41.343 INFO:journalctl@ceph.mgr.x.smithi044.stdout:Aug 19 00:04:40 smithi044 ceph-647ded64-5dbe-11ef-bccf-c7b262605968-mgr-x[18717]: File "/lib64/python3.9/ssl.py", line 1074, in _create
2024-08-19T00:04:41.343 INFO:journalctl@ceph.mgr.x.smithi044.stdout:Aug 19 00:04:40 smithi044 ceph-647ded64-5dbe-11ef-bccf-c7b262605968-mgr-x[18717]: self.do_handshake()
2024-08-19T00:04:41.343 INFO:journalctl@ceph.mgr.x.smithi044.stdout:Aug 19 00:04:40 smithi044 ceph-647ded64-5dbe-11ef-bccf-c7b262605968-mgr-x[18717]: File "/lib64/python3.9/ssl.py", line 1343, in do_handshake
2024-08-19T00:04:41.343 INFO:journalctl@ceph.mgr.x.smithi044.stdout:Aug 19 00:04:40 smithi044 ceph-647ded64-5dbe-11ef-bccf-c7b262605968-mgr-x[18717]: self._sslobj.do_handshake()
2024-08-19T00:04:41.343 INFO:journalctl@ceph.mgr.x.smithi044.stdout:Aug 19 00:04:40 smithi044 ceph-647ded64-5dbe-11ef-bccf-c7b262605968-mgr-x[18717]: ssl.SSLZeroReturnError: TLS/SSL connection has been closed (EOF) (_ssl.c:1133)
2024-08-19T00:04:41.343 INFO:journalctl@ceph.mgr.x.smithi044.stdout:Aug 19 00:04:40 smithi044 ceph-647ded64-5dbe-11ef-bccf-c7b262605968-mgr-x[18717]:
2024-08-19T00:04:41.459 INFO:teuthology.orchestra.run.smithi044.stdout:/usr/bin/ceph: stdout Self-signed certificate created
2024-08-19T00:04:41.459 INFO:teuthology.orchestra.run.smithi044.stdout:/usr/bin/ceph: stderr
2024-08-19T00:04:40.602+0000 7fa7eab43640 1 Processor -- start
2024-08-19T00:04:41.459 INFO:teuthology.orchestra.run.smithi044.stdout:/usr/bin/ceph: stderr
2024-08-19T00:04:40.602+0000 7fa7eab43640 1 -- start start
2024-08-19T00:04:41.460 INFO:teuthology.orchestra.run.smithi044.stdout:/usr/bin/ceph: stderr
2024-08-19T00:04:40.602+0000 7fa7eab43640 1 --2- >> [v2:172.21.15.44:3300/0,v1:172.21.15.44:6789/0] conn(0x7fa7e4105b50 0x7fa7e4107f60 unknown :-1 s=NONE pgs=0 cs=0 l=0 rev1=0 crypto rx=0 tx=0 comp rx=0 tx=0).connect
2024-08-19T00:04:41.460 INFO:teuthology.orchestra.run.smithi044.stdout:/usr/bin/ceph: stderr
2024-08-19T00:04:40.602+0000 7fa7eab43640 1 -- --> [v2:172.21.15.44:3300/0,v1:172.21.15.44:6789/0] -- mon_getmap magic: 0 -- 0x7fa7e407be30 con 0x7fa7e4105b50
2024-08-19T00:04:41.460 INFO:teuthology.orchestra.run.smithi044.stdout:/usr/bin/ceph: stderr
2024-08-19T00:04:40.603+0000 7fa7e88df640 1 --2- >> [v2:172.21.15.44:3300/0,v1:172.21.15.44:6789/0] conn(0x7fa7e4105b50 0x7fa7e4107f60 unknown :-1 s=BANNER_CONNECTING pgs=0 cs=0 l=0 rev1=0 crypto rx=0 tx=0 comp rx=0 tx=0)._handle_peer_banner_payload supported=3 required=0
2024-08-19T00:04:41.460 INFO:teuthology.orchestra.run.smithi044.stdout:/usr/bin/ceph: stderr
2024-08-19T00:04:40.603+0000 7fa7e88df640 1 --2- >> [v2:172.21.15.44:3300/0,v1:172.21.15.44:6789/0] conn(0x7fa7e4105b50 0x7fa7e4107f60 unknown :-1 s=HELLO_CONNECTING pgs=0 cs=0 l=0 rev1=1 crypto rx=0 tx=0 comp rx=0 tx=0).handle_hello peer v2:172.21.15.44:3300/0 says I am v2:172.21.15.44:42080/0 (socket says 172.21.15.44:42080)
2024-08-19T00:04:41.460 INFO:teuthology.orchestra.run.smithi044.stdout:/usr/bin/ceph: stderr
2024-08-19T00:04:40.603+0000 7fa7e88df640 1 -- 172.21.15.44:0/1180023220 learned_addr learned my addr 172.21.15.44:0/1180023220 (peer_addr_for_me v2:172.21.15.44:0/0)
2024-08-19T00:04:41.460 INFO:teuthology.orchestra.run.smithi044.stdout:/usr/bin/ceph: stderr
2024-08-19T00:04:40.603+0000 7fa7e88df640 1 -- 172.21.15.44:0/1180023220 --> [v2:172.21.15.44:3300/0,v1:172.21.15.44:6789/0] -- mon_subscribe({config=0+,monmap=0+}) -- 0x7fa7e41084a0 con 0x7fa7e4105b50
2024-08-19T00:04:41.460 INFO:teuthology.orchestra.run.smithi044.stdout:/usr/bin/ceph: stderr
2024-08-19T00:04:40.604+0000 7fa7e88df640 1 --2- 172.21.15.44:0/1180023220 >> [v2:172.21.15.44:3300/0,v1:172.21.15.44:6789/0] conn(0x7fa7e4105b50 0x7fa7e4107f60 secure :-1 s=READY pgs=68 cs=0 l=1 rev1=1 crypto rx=0x7fa7d8009820 tx=0x7fa7d802a270 comp rx=0 tx=0).ready entity=mon.0 client_cookie=835bda2c793428a6 server_cookie=0 in_seq=0 out_seq=0
2024-08-19T00:04:41.460 INFO:teuthology.orchestra.run.smithi044.stdout:/usr/bin/ceph: stderr
2024-08-19T00:04:40.605+0000 7fa7e37fe640 1 -- 172.21.15.44:0/1180023220 <== mon.0 v2:172.21.15.44:3300/0 1 ==== mon_map magic: 0 ==== 205+0+0 (secure 0 0 0) 0x7fa7d8037070 con 0x7fa7e4105b50
2024-08-19T00:04:41.460 INFO:teuthology.orchestra.run.smithi044.stdout:/usr/bin/ceph: stderr
2024-08-19T00:04:40.605+0000 7fa7e37fe640 1 -- 172.21.15.44:0/1180023220 <== mon.0 v2:172.21.15.44:3300/0 2 ==== config(27 keys) ==== 1140+0+0 (secure 0 0 0) 0x7fa7d8032920 con 0x7fa7e4105b50
2024-08-19T00:04:41.460 INFO:teuthology.orchestra.run.smithi044.stdout:/usr/bin/ceph: stderr
2024-08-19T00:04:40.605+0000 7fa7e37fe640 1 -- 172.21.15.44:0/1180023220 <== mon.0 v2:172.21.15.44:3300/0 3 ==== mon_map magic: 0 ==== 205+0+0 (secure 0 0 0) 0x7fa7d8030810 con 0x7fa7e4105b50
2024-08-19T00:04:41.460 INFO:teuthology.orchestra.run.smithi044.stdout:/usr/bin/ceph: stderr
2024-08-19T00:04:40.606+0000 7fa7eab43640 1 -- 172.21.15.44:0/1180023220 >> [v2:172.21.15.44:3300/0,v1:172.21.15.44:6789/0] conn(0x7fa7e4105b50 msgr2=0x7fa7e4107f60 secure :-1 s=STATE_CONNECTION_ESTABLISHED l=1).mark_down
2024-08-19T00:04:41.460 INFO:teuthology.orchestra.run.smithi044.stdout:/usr/bin/ceph: stderr
2024-08-19T00:04:40.606+0000 7fa7eab43640 1 --2- 172.21.15.44:0/1180023220 >> [v2:172.21.15.44:3300/0,v1:172.21.15.44:6789/0] conn(0x7fa7e4105b50 0x7fa7e4107f60 secure :-1 s=READY pgs=68 cs=0 l=1 rev1=1 crypto rx=0x7fa7d8009820 tx=0x7fa7d802a270 comp rx=0 tx=0).stop
2024-08-19T00:04:41.461 INFO:teuthology.orchestra.run.smithi044.stdout:/usr/bin/ceph: stderr
2024-08-19T00:04:40.606+0000 7fa7eab43640 1 -- 172.21.15.44:0/1180023220 shutdown_connections
2024-08-19T00:04:41.461 INFO:teuthology.orchestra.run.smithi044.stdout:/usr/bin/ceph: stderr
2024-08-19T00:04:40.606+0000 7fa7eab43640 1 --2- 172.21.15.44:0/1180023220 >> [v2:172.21.15.44:3300/0,v1:172.21.15.44:6789/0] conn(0x7fa7e4105b50 0x7fa7e4107f60 unknown :-1 s=CLOSED pgs=68 cs=0 l=1 rev1=1 crypto rx=0 tx=0 comp rx=0 tx=0).stop
2024-08-19T00:04:41.461 INFO:teuthology.orchestra.run.smithi044.stdout:/usr/bin/ceph: stderr
2024-08-19T00:04:40.606+0000 7fa7eab43640 1 -- 172.21.15.44:0/1180023220 >> 172.21.15.44:0/1180023220 conn(0x7fa7e4101a00 msgr2=0x7fa7e4103e20 unknown :-1 s=STATE_NONE l=0).mark_down
2024-08-19T00:04:41.461 INFO:teuthology.orchestra.run.smithi044.stdout:/usr/bin/ceph: stderr
2024-08-19T00:04:40.606+0000 7fa7eab43640 1 -- 172.21.15.44:0/1180023220 shutdown_connections
2024-08-19T00:04:41.461 INFO:teuthology.orchestra.run.smithi044.stdout:/usr/bin/ceph: stderr
2024-08-19T00:04:40.606+0000 7fa7eab43640 1 -- 172.21.15.44:0/1180023220 wait complete.
2024-08-19T00:04:41.461 INFO:teuthology.orchestra.run.smithi044.stdout:/usr/bin/ceph: stderr
2024-08-19T00:04:40.607+0000 7fa7eab43640 1 Processor -- start
2024-08-19T00:04:41.461 INFO:teuthology.orchestra.run.smithi044.stdout:/usr/bin/ceph: stderr
2024-08-19T00:04:40.607+0000 7fa7eab43640 1 -- start start
2024-08-19T00:04:41.461 INFO:teuthology.orchestra.run.smithi044.stdout:/usr/bin/ceph: stderr
2024-08-19T00:04:40.607+0000 7fa7eab43640 1 --2- >> [v2:172.21.15.44:3300/0,v1:172.21.15.44:6789/0] conn(0x7fa7e4105b50 0x7fa7e41a1700 unknown :-1 s=NONE pgs=0 cs=0 l=1 rev1=0 crypto rx=0 tx=0 comp rx=0 tx=0).connect
2024-08-19T00:04:41.461 INFO:teuthology.orchestra.run.smithi044.stdout:/usr/bin/ceph: stderr
2024-08-19T00:04:40.607+0000 7fa7eab43640 1 -- --> [v2:172.21.15.44:3300/0,v1:172.21.15.44:6789/0] -- mon_getmap magic: 0 -- 0x7fa7e41095e0 con 0x7fa7e4105b50
2024-08-19T00:04:41.461 INFO:teuthology.orchestra.run.smithi044.stdout:/usr/bin/ceph: stderr
2024-08-19T00:04:40.607+0000 7fa7e88df640 1 --2- >> [v2:172.21.15.44:3300/0,v1:172.21.15.44:6789/0] conn(0x7fa7e4105b50 0x7fa7e41a1700 unknown :-1 s=BANNER_CONNECTING pgs=0 cs=0 l=1 rev1=0 crypto rx=0 tx=0 comp rx=0 tx=0)._handle_peer_banner_payload supported=3 required=0
2024-08-19T00:04:41.461 INFO:teuthology.orchestra.run.smithi044.stdout:/usr/bin/ceph: stderr
2024-08-19T00:04:40.607+0000 7fa7e88df640 1 --2- >> [v2:172.21.15.44:3300/0,v1:172.21.15.44:6789/0] conn(0x7fa7e4105b50 0x7fa7e41a1700 unknown :-1 s=HELLO_CONNECTING pgs=0 cs=0 l=1 rev1=1 crypto rx=0 tx=0 comp rx=0 tx=0).handle_hello peer v2:172.21.15.44:3300/0 says I am v2:172.21.15.44:42084/0 (socket says 172.21.15.44:42084)
2024-08-19T00:04:41.461 INFO:teuthology.orchestra.run.smithi044.stdout:/usr/bin/ceph: stderr
2024-08-19T00:04:40.607+0000 7fa7e88df640 1 -- 172.21.15.44:0/1647648395 learned_addr learned my addr 172.21.15.44:0/1647648395 (peer_addr_for_me v2:172.21.15.44:0/0)
2024-08-19T00:04:41.461 INFO:teuthology.orchestra.run.smithi044.stdout:/usr/bin/ceph: stderr
2024-08-19T00:04:40.607+0000 7fa7e88df640 1 -- 172.21.15.44:0/1647648395 --> [v2:172.21.15.44:3300/0,v1:172.21.15.44:6789/0] -- mon_subscribe({config=0+,monmap=0+}) -- 0x7fa7e41a1c40 con 0x7fa7e4105b50
2024-08-19T00:04:41.461 INFO:teuthology.orchestra.run.smithi044.stdout:/usr/bin/ceph: stderr
2024-08-19T00:04:40.607+0000 7fa7e88df640 1 --2- 172.21.15.44:0/1647648395 >> [v2:172.21.15.44:3300/0,v1:172.21.15.44:6789/0] conn(0x7fa7e4105b50 0x7fa7e41a1700 secure :-1 s=READY pgs=69 cs=0 l=1 rev1=1 crypto rx=0x7fa7d8030a10 tx=0x7fa7d80327d0 comp rx=0 tx=0).ready entity=mon.0 client_cookie=0 server_cookie=0 in_seq=0 out_seq=0
2024-08-19T00:04:41.462 INFO:teuthology.orchestra.run.smithi044.stdout:/usr/bin/ceph: stderr
2024-08-19T00:04:40.608+0000 7fa7e1ffb640 1 -- 172.21.15.44:0/1647648395 <== mon.0 v2:172.21.15.44:3300/0 1 ==== mon_map magic: 0 ==== 205+0+0 (secure 0 0 0) 0x7fa7d8037040 con 0x7fa7e4105b50
2024-08-19T00:04:41.462 INFO:teuthology.orchestra.run.smithi044.stdout:/usr/bin/ceph: stderr
2024-08-19T00:04:40.608+0000 7fa7e1ffb640 1 -- 172.21.15.44:0/1647648395 <== mon.0 v2:172.21.15.44:3300/0 2 ==== config(27 keys) ==== 1140+0+0 (secure 0 0 0) 0x7fa7d8032d00 con 0x7fa7e4105b50
2024-08-19T00:04:41.462 INFO:teuthology.orchestra.run.smithi044.stdout:/usr/bin/ceph: stderr
2024-08-19T00:04:40.608+0000 7fa7eab43640 1 -- 172.21.15.44:0/1647648395 --> [v2:172.21.15.44:3300/0,v1:172.21.15.44:6789/0] -- mon_subscribe({mgrmap=0+}) -- 0x7fa7e41a1ed0 con 0x7fa7e4105b50
2024-08-19T00:04:41.462 INFO:teuthology.orchestra.run.smithi044.stdout:/usr/bin/ceph: stderr
2024-08-19T00:04:40.608+0000 7fa7e1ffb640 1 -- 172.21.15.44:0/1647648395 <== mon.0 v2:172.21.15.44:3300/0 3 ==== mon_map magic: 0 ==== 205+0+0 (secure 0 0 0) 0x7fa7d803a670 con 0x7fa7e4105b50
2024-08-19T00:04:41.462 INFO:teuthology.orchestra.run.smithi044.stdout:/usr/bin/ceph: stderr
2024-08-19T00:04:40.608+0000 7fa7eab43640 1 -- 172.21.15.44:0/1647648395 --> [v2:172.21.15.44:3300/0,v1:172.21.15.44:6789/0] -- mon_subscribe({osdmap=0}) -- 0x7fa7e41a4bc0 con 0x7fa7e4105b50
2024-08-19T00:04:41.462 INFO:teuthology.orchestra.run.smithi044.stdout:/usr/bin/ceph: stderr
2024-08-19T00:04:40.609+0000 7fa7e1ffb640 1 -- 172.21.15.44:0/1647648395 <== mon.0 v2:172.21.15.44:3300/0 4 ==== mgrmap(e 11) ==== 46194+0+0 (secure 0 0 0) 0x7fa7d803a970 con 0x7fa7e4105b50
2024-08-19T00:04:41.462 INFO:teuthology.orchestra.run.smithi044.stdout:/usr/bin/ceph: stderr
2024-08-19T00:04:40.609+0000 7fa7e1ffb640 1 --2- 172.21.15.44:0/1647648395 >> [v2:172.21.15.44:6800/1330072146,v1:172.21.15.44:6801/1330072146] conn(0x7fa7d4038eb0 0x7fa7d403b370 unknown :-1 s=NONE pgs=0 cs=0 l=1 rev1=0 crypto rx=0 tx=0 comp rx=0 tx=0).connect
2024-08-19T00:04:41.462 INFO:teuthology.orchestra.run.smithi044.stdout:/usr/bin/ceph: stderr
2024-08-19T00:04:40.609+0000 7fa7eab43640 1 -- 172.21.15.44:0/1647648395 --> [v2:172.21.15.44:3300/0,v1:172.21.15.44:6789/0] -- mon_command({"prefix": "get_command_descriptions"} v 0) -- 0x7fa7e40748c0 con 0x7fa7e4105b50
2024-08-19T00:04:41.462 INFO:teuthology.orchestra.run.smithi044.stdout:/usr/bin/ceph: stderr
2024-08-19T00:04:40.609+0000 7fa7e1ffb640 1 -- 172.21.15.44:0/1647648395 <== mon.0 v2:172.21.15.44:3300/0 5 ==== osd_map(3..3 src has 1..3) ==== 1155+0+0 (secure 0 0 0) 0x7fa7d806c740 con 0x7fa7e4105b50
2024-08-19T00:04:41.462 INFO:teuthology.orchestra.run.smithi044.stdout:/usr/bin/ceph: stderr
2024-08-19T00:04:40.610+0000 7fa7e3fff640 1 --2- 172.21.15.44:0/1647648395 >> [v2:172.21.15.44:6800/1330072146,v1:172.21.15.44:6801/1330072146] conn(0x7fa7d4038eb0 0x7fa7d403b370 unknown :-1 s=BANNER_CONNECTING pgs=0 cs=0 l=1 rev1=0 crypto rx=0 tx=0 comp rx=0 tx=0)._handle_peer_banner_payload supported=3 required=0
2024-08-19T00:04:41.462 INFO:teuthology.orchestra.run.smithi044.stdout:/usr/bin/ceph: stderr
2024-08-19T00:04:40.610+0000 7fa7e3fff640 1 --2- 172.21.15.44:0/1647648395 >> [v2:172.21.15.44:6800/1330072146,v1:172.21.15.44:6801/1330072146] conn(0x7fa7d4038eb0 0x7fa7d403b370 secure :-1 s=READY pgs=7 cs=0 l=1 rev1=1 crypto rx=0x7fa7d00098c0 tx=0x7fa7d0006db0 comp rx=0 tx=0).ready entity=mgr.14150 client_cookie=0 server_cookie=0 in_seq=0 out_seq=0
2024-08-19T00:04:41.462 INFO:teuthology.orchestra.run.smithi044.stdout:/usr/bin/ceph: stderr
2024-08-19T00:04:40.619+0000 7fa7e1ffb640 1 -- 172.21.15.44:0/1647648395 <== mon.0 v2:172.21.15.44:3300/0 6 ==== mon_command_ack([{"prefix": "get_command_descriptions"}]=0 v0) ==== 72+0+187871 (secure 0 0 0) 0x7fa7d803ba40 con 0x7fa7e4105b50
2024-08-19T00:04:41.462 INFO:teuthology.orchestra.run.smithi044.stdout:/usr/bin/ceph: stderr
2024-08-19T00:04:40.813+0000 7fa7eab43640 1 -- 172.21.15.44:0/1647648395 --> [v2:172.21.15.44:6800/1330072146,v1:172.21.15.44:6801/1330072146] -- mgr_command(tid 0: {"prefix": "dashboard create-self-signed-cert", "target": ["mon-mgr", ""]}) -- 0x7fa7e402d8a0 con 0x7fa7d4038eb0
2024-08-19T00:04:41.463 INFO:teuthology.orchestra.run.smithi044.stdout:/usr/bin/ceph: stderr
2024-08-19T00:04:40.840+0000 7fa7e1ffb640 1 -- 172.21.15.44:0/1647648395 <== mon.0 v2:172.21.15.44:3300/0 7 ==== mgrmap(e 12) ==== 46300+0+0 (secure 0 0 0) 0x7fa7d8044920 con 0x7fa7e4105b50
2024-08-19T00:04:41.463 INFO:teuthology.orchestra.run.smithi044.stdout:/usr/bin/ceph: stderr
2024-08-19T00:04:40.917+0000 7fa7e1ffb640 1 -- 172.21.15.44:0/1647648395 <== mgr.14150 v2:172.21.15.44:6800/1330072146 1 ==== mgr_command_reply(tid 0: 0 ) ==== 8+0+32 (secure 0 0 0) 0x7fa7e402d8a0 con 0x7fa7d4038eb0
2024-08-19T00:04:41.463 INFO:teuthology.orchestra.run.smithi044.stdout:/usr/bin/ceph: stderr
2024-08-19T00:04:40.919+0000 7fa7eab43640 1 -- 172.21.15.44:0/1647648395 >> [v2:172.21.15.44:6800/1330072146,v1:172.21.15.44:6801/1330072146] conn(0x7fa7d4038eb0 msgr2=0x7fa7d403b370 secure :-1 s=STATE_CONNECTION_ESTABLISHED l=1).mark_down
2024-08-19T00:04:41.463 INFO:teuthology.orchestra.run.smithi044.stdout:/usr/bin/ceph: stderr
2024-08-19T00:04:40.919+0000 7fa7eab43640 1 --2- 172.21.15.44:0/1647648395 >> [v2:172.21.15.44:6800/1330072146,v1:172.21.15.44:6801/1330072146] conn(0x7fa7d4038eb0 0x7fa7d403b370 secure :-1 s=READY pgs=7 cs=0 l=1 rev1=1 crypto rx=0x7fa7d00098c0 tx=0x7fa7d0006db0 comp rx=0 tx=0).stop
2024-08-19T00:04:41.463 INFO:teuthology.orchestra.run.smithi044.stdout:/usr/bin/ceph: stderr
2024-08-19T00:04:40.919+0000 7fa7eab43640 1 -- 172.21.15.44:0/1647648395 >> [v2:172.21.15.44:3300/0,v1:172.21.15.44:6789/0] conn(0x7fa7e4105b50 msgr2=0x7fa7e41a1700 secure :-1 s=STATE_CONNECTION_ESTABLISHED l=1).mark_down
2024-08-19T00:04:41.463 INFO:teuthology.orchestra.run.smithi044.stdout:/usr/bin/ceph: stderr
2024-08-19T00:04:40.919+0000 7fa7eab43640 1 --2- 172.21.15.44:0/1647648395 >> [v2:172.21.15.44:3300/0,v1:172.21.15.44:6789/0] conn(0x7fa7e4105b50 0x7fa7e41a1700 secure :-1 s=READY pgs=69 cs=0 l=1 rev1=1 crypto rx=0x7fa7d8030a10 tx=0x7fa7d80327d0 comp rx=0 tx=0).stop
2024-08-19T00:04:41.463 INFO:teuthology.orchestra.run.smithi044.stdout:/usr/bin/ceph: stderr
2024-08-19T00:04:40.920+0000 7fa7eab43640 1 -- 172.21.15.44:0/1647648395 shutdown_connections
2024-08-19T00:04:41.463 INFO:teuthology.orchestra.run.smithi044.stdout:/usr/bin/ceph: stderr
2024-08-19T00:04:40.920+0000 7fa7eab43640 1 --2- 172.21.15.44:0/1647648395 >> [v2:172.21.15.44:6800/1330072146,v1:172.21.15.44:6801/1330072146] conn(0x7fa7d4038eb0 0x7fa7d403b370 unknown :-1 s=CLOSED pgs=7 cs=0 l=1 rev1=1 crypto rx=0 tx=0 comp rx=0 tx=0).stop
2024-08-19T00:04:41.463 INFO:teuthology.orchestra.run.smithi044.stdout:/usr/bin/ceph: stderr
2024-08-19T00:04:40.920+0000 7fa7eab43640 1 --2- 172.21.15.44:0/1647648395 >> [v2:172.21.15.44:3300/0,v1:172.21.15.44:6789/0] conn(0x7fa7e4105b50 0x7fa7e41a1700 unknown :-1 s=CLOSED pgs=69 cs=0 l=1 rev1=1 crypto rx=0 tx=0 comp rx=0 tx=0).stop
2024-08-19T00:04:41.464 INFO:teuthology.orchestra.run.smithi044.stdout:/usr/bin/ceph: stderr
2024-08-19T00:04:40.920+0000 7fa7eab43640 1 -- 172.21.15.44:0/1647648395 >> 172.21.15.44:0/1647648395 conn(0x7fa7e4101a00 msgr2=0x7fa7e4103df0 unknown :-1 s=STATE_NONE l=0).mark_down
2024-08-19T00:04:41.464 INFO:teuthology.orchestra.run.smithi044.stdout:/usr/bin/ceph: stderr
2024-08-19T00:04:40.920+0000 7fa7eab43640 1 -- 172.21.15.44:0/1647648395 shutdown_connections
2024-08-19T00:04:41.464 INFO:teuthology.orchestra.run.smithi044.stdout:/usr/bin/ceph: stderr
2024-08-19T00:04:40.920+0000 7fa7eab43640 1 -- 172.21.15.44:0/1647648395 wait complete.
2024-08-19T00:04:41.464 INFO:teuthology.orchestra.run.smithi044.stdout:Creating initial admin user...
2024-08-19T00:04:41.619 INFO:journalctl@ceph.mon.a.smithi044.stdout:Aug 19 00:04:41 smithi044 ceph-mon[18489]: from='client.14154 -' entity='client.admin' cmd=[{"prefix": "mgr_status"}]: dispatch
2024-08-19T00:04:41.619 INFO:journalctl@ceph.mon.a.smithi044.stdout:Aug 19 00:04:41 smithi044 ceph-mon[18489]: from='mgr.14150 172.21.15.44:0/3168065080' entity='mgr.x'
2024-08-19T00:04:41.619 INFO:journalctl@ceph.mon.a.smithi044.stdout:Aug 19 00:04:41 smithi044 ceph-mon[18489]: mgrmap e12: x(active, since 2s)
2024-08-19T00:04:41.619 INFO:journalctl@ceph.mon.a.smithi044.stdout:Aug 19 00:04:41 smithi044 ceph-mon[18489]: from='mgr.14150 172.21.15.44:0/3168065080' entity='mgr.x'
2024-08-19T00:04:41.619 INFO:journalctl@ceph.mon.a.smithi044.stdout:Aug 19 00:04:41 smithi044 ceph-mon[18489]: from='mgr.14150 172.21.15.44:0/3168065080' entity='mgr.x'
2024-08-19T00:04:42.619 INFO:journalctl@ceph.mon.a.smithi044.stdout:Aug 19 00:04:42 smithi044 ceph-mon[18489]: [19/Aug/2024:00:04:40] ENGINE Bus STARTING
2024-08-19T00:04:42.619 INFO:journalctl@ceph.mon.a.smithi044.stdout:Aug 19 00:04:42 smithi044 ceph-mon[18489]: from='client.14162 -' entity='client.admin' cmd=[{"prefix": "dashboard create-self-signed-cert", "target": ["mon-mgr", ""]}]: dispatch
2024-08-19T00:04:42.619 INFO:journalctl@ceph.mon.a.smithi044.stdout:Aug 19 00:04:42 smithi044 ceph-mon[18489]: [19/Aug/2024:00:04:40] ENGINE Serving on http://172.21.15.44:8765
2024-08-19T00:04:42.620 INFO:journalctl@ceph.mon.a.smithi044.stdout:Aug 19 00:04:42 smithi044 ceph-mon[18489]: [19/Aug/2024:00:04:40] ENGINE Serving on https://172.21.15.44:7150
2024-08-19T00:04:42.620 INFO:journalctl@ceph.mon.a.smithi044.stdout:Aug 19 00:04:42 smithi044 ceph-mon[18489]: [19/Aug/2024:00:04:40] ENGINE Bus STARTED
2024-08-19T00:04:42.620 INFO:journalctl@ceph.mon.a.smithi044.stdout:Aug 19 00:04:42 smithi044 ceph-mon[18489]: [19/Aug/2024:00:04:40] ENGINE Error in HTTPServer.serve
2024-08-19T00:04:42.620 INFO:journalctl@ceph.mon.a.smithi044.stdout: Traceback (most recent call last):
2024-08-19T00:04:42.620 INFO:journalctl@ceph.mon.a.smithi044.stdout: File "/lib/python3.9/site-packages/cheroot/server.py", line 1823, in serve
2024-08-19T00:04:42.620 INFO:journalctl@ceph.mon.a.smithi044.stdout: self._connections.run(self.expiration_interval)
2024-08-19T00:04:42.620 INFO:journalctl@ceph.mon.a.smithi044.stdout: File "/lib/python3.9/site-packages/cheroot/connections.py", line 203, in run
2024-08-19T00:04:42.620 INFO:journalctl@ceph.mon.a.smithi044.stdout: self._run(expiration_interval)
2024-08-19T00:04:42.620 INFO:journalctl@ceph.mon.a.smithi044.stdout: File "/lib/python3.9/site-packages/cheroot/connections.py", line 246, in _run
2024-08-19T00:04:42.620 INFO:journalctl@ceph.mon.a.smithi044.stdout: new_conn = self._from_server_socket(self.server.socket)
2024-08-19T00:04:42.620 INFO:journalctl@ceph.mon.a.smithi044.stdout: File "/lib/python3.9/site-packages/cheroot/connections.py", line 300, in _from_server_socket
2024-08-19T00:04:42.620 INFO:journalctl@ceph.mon.a.smithi044.stdout: s, ssl_env = self.server.ssl_adapter.wrap(s)
2024-08-19T00:04:42.620 INFO:journalctl@ceph.mon.a.smithi044.stdout: File "/lib/python3.9/site-packages/cheroot/ssl/builtin.py", line 277, in wrap
2024-08-19T00:04:42.621 INFO:journalctl@ceph.mon.a.smithi044.stdout: s = self.context.wrap_socket(
2024-08-19T00:04:42.621 INFO:journalctl@ceph.mon.a.smithi044.stdout: File "/lib64/python3.9/ssl.py", line 501, in wrap_socket
2024-08-19T00:04:42.621 INFO:journalctl@ceph.mon.a.smithi044.stdout: return self.sslsocket_class._create(
2024-08-19T00:04:42.621 INFO:journalctl@ceph.mon.a.smithi044.stdout: File "/lib64/python3.9/ssl.py", line 1074, in _create
2024-08-19T00:04:42.621 INFO:journalctl@ceph.mon.a.smithi044.stdout: self.do_handshake()
2024-08-19T00:04:42.621 INFO:journalctl@ceph.mon.a.smithi044.stdout: File "/lib64/python3.9/ssl.py", line 1343, in do_handshake
2024-08-19T00:04:42.621 INFO:journalctl@ceph.mon.a.smithi044.stdout: self._sslobj.do_handshake()
2024-08-19T00:04:42.621 INFO:journalctl@ceph.mon.a.smithi044.stdout: ssl.SSLZeroReturnError: TLS/SSL connection has been closed (EOF) (_ssl.c:1133)
2024-08-19T00:04:42.621 INFO:journalctl@ceph.mon.a.smithi044.stdout:Aug 19 00:04:42 smithi044 ceph-mon[18489]: from='mgr.14150 172.21.15.44:0/3168065080' entity='mgr.x'
2024-08-19T00:04:43.136 INFO:teuthology.orchestra.run.smithi044.stdout:/usr/bin/ceph: stdout {"username": "admin", "password": "$2b$12$Hx8o/WT88uMRunmEzFleW.YMwgGCQqh71uoH7rc9VsxomhrFjRAUO", "roles": ["administrator"], "name": null, "email": null, "lastUpdate": 1724025882, "enabled": true, "pwdExpirationDate": null, "pwdUpdateRequired": true}
2024-08-19T00:04:43.136 INFO:teuthology.orchestra.run.smithi044.stdout:/usr/bin/ceph: stderr
2024-08-19T00:04:41.863+0000 7f24d9de2640 1 Processor -- start
2024-08-19T00:04:43.136 INFO:teuthology.orchestra.run.smithi044.stdout:/usr/bin/ceph: stderr
2024-08-19T00:04:41.863+0000 7f24d9de2640 1 -- start start
2024-08-19T00:04:43.136 INFO:teuthology.orchestra.run.smithi044.stdout:/usr/bin/ceph: stderr
2024-08-19T00:04:41.863+0000 7f24d9de2640 1 --2- >> [v2:172.21.15.44:3300/0,v1:172.21.15.44:6789/0] conn(0x7f24d4107dc0 0x7f24d410a1b0 unknown :-1 s=NONE pgs=0 cs=0 l=0 rev1=0 crypto rx=0 tx=0 comp rx=0 tx=0).connect
2024-08-19T00:04:43.136 INFO:teuthology.orchestra.run.smithi044.stdout:/usr/bin/ceph: stderr
2024-08-19T00:04:41.863+0000 7f24d9de2640 1 -- --> [v2:172.21.15.44:3300/0,v1:172.21.15.44:6789/0] -- mon_getmap magic: 0 -- 0x7f24d407bdd0 con 0x7f24d4107dc0
2024-08-19T00:04:43.136 INFO:teuthology.orchestra.run.smithi044.stdout:/usr/bin/ceph: stderr
2024-08-19T00:04:41.863+0000 7f24d37fe640 1 --2- >> [v2:172.21.15.44:3300/0,v1:172.21.15.44:6789/0] conn(0x7f24d4107dc0 0x7f24d410a1b0 unknown :-1 s=BANNER_CONNECTING pgs=0 cs=0 l=0 rev1=0 crypto rx=0 tx=0 comp rx=0 tx=0)._handle_peer_banner_payload supported=3 required=0
2024-08-19T00:04:43.136 INFO:teuthology.orchestra.run.smithi044.stdout:/usr/bin/ceph: stderr
2024-08-19T00:04:41.863+0000 7f24d37fe640 1 --2- >> [v2:172.21.15.44:3300/0,v1:172.21.15.44:6789/0] conn(0x7f24d4107dc0 0x7f24d410a1b0 unknown :-1 s=HELLO_CONNECTING pgs=0 cs=0 l=0 rev1=1 crypto rx=0 tx=0 comp rx=0 tx=0).handle_hello peer v2:172.21.15.44:3300/0 says I am v2:172.21.15.44:42100/0 (socket says 172.21.15.44:42100)
2024-08-19T00:04:43.136 INFO:teuthology.orchestra.run.smithi044.stdout:/usr/bin/ceph: stderr
2024-08-19T00:04:41.863+0000 7f24d37fe640 1 -- 172.21.15.44:0/2271920506 learned_addr learned my addr 172.21.15.44:0/2271920506 (peer_addr_for_me v2:172.21.15.44:0/0)
2024-08-19T00:04:43.137 INFO:teuthology.orchestra.run.smithi044.stdout:/usr/bin/ceph: stderr
2024-08-19T00:04:41.864+0000 7f24d37fe640 1 -- 172.21.15.44:0/2271920506 --> [v2:172.21.15.44:3300/0,v1:172.21.15.44:6789/0] -- mon_subscribe({config=0+,monmap=0+}) -- 0x7f24d410a6f0 con 0x7f24d4107dc0
2024-08-19T00:04:43.137 INFO:teuthology.orchestra.run.smithi044.stdout:/usr/bin/ceph: stderr
2024-08-19T00:04:41.865+0000 7f24d37fe640 1 --2- 172.21.15.44:0/2271920506 >> [v2:172.21.15.44:3300/0,v1:172.21.15.44:6789/0] conn(0x7f24d4107dc0 0x7f24d410a1b0 secure :-1 s=READY pgs=70 cs=0 l=1 rev1=1 crypto rx=0x7f24c8009820 tx=0x7f24c802a270 comp rx=0 tx=0).ready entity=mon.0 client_cookie=9df77a764d367755 server_cookie=0 in_seq=0 out_seq=0
2024-08-19T00:04:43.137 INFO:teuthology.orchestra.run.smithi044.stdout:/usr/bin/ceph: stderr
2024-08-19T00:04:41.865+0000 7f24d27fc640 1 -- 172.21.15.44:0/2271920506 <== mon.0 v2:172.21.15.44:3300/0 1 ==== mon_map magic: 0 ==== 205+0+0 (secure 0 0 0) 0x7f24c8037070 con 0x7f24d4107dc0
2024-08-19T00:04:43.137 INFO:teuthology.orchestra.run.smithi044.stdout:/usr/bin/ceph: stderr
2024-08-19T00:04:41.865+0000 7f24d27fc640 1 -- 172.21.15.44:0/2271920506 <== mon.0 v2:172.21.15.44:3300/0 2 ==== config(27 keys) ==== 1140+0+0 (secure 0 0 0) 0x7f24c8032920 con 0x7f24d4107dc0
2024-08-19T00:04:43.137 INFO:teuthology.orchestra.run.smithi044.stdout:/usr/bin/ceph: stderr
2024-08-19T00:04:41.865+0000 7f24d27fc640 1 -- 172.21.15.44:0/2271920506 <== mon.0 v2:172.21.15.44:3300/0 3 ==== mon_map magic: 0 ==== 205+0+0 (secure 0 0 0) 0x7f24c8030810 con 0x7f24d4107dc0
2024-08-19T00:04:43.137 INFO:teuthology.orchestra.run.smithi044.stdout:/usr/bin/ceph: stderr
2024-08-19T00:04:41.866+0000 7f24d9de2640 1 -- 172.21.15.44:0/2271920506 >> [v2:172.21.15.44:3300/0,v1:172.21.15.44:6789/0] conn(0x7f24d4107dc0 msgr2=0x7f24d410a1b0 secure :-1 s=STATE_CONNECTION_ESTABLISHED l=1).mark_down
2024-08-19T00:04:43.137 INFO:teuthology.orchestra.run.smithi044.stdout:/usr/bin/ceph: stderr
2024-08-19T00:04:41.866+0000 7f24d9de2640 1 --2- 172.21.15.44:0/2271920506 >> [v2:172.21.15.44:3300/0,v1:172.21.15.44:6789/0] conn(0x7f24d4107dc0 0x7f24d410a1b0 secure :-1 s=READY pgs=70 cs=0 l=1 rev1=1 crypto rx=0x7f24c8009820 tx=0x7f24c802a270 comp rx=0 tx=0).stop
2024-08-19T00:04:43.137 INFO:teuthology.orchestra.run.smithi044.stdout:/usr/bin/ceph: stderr
2024-08-19T00:04:41.866+0000 7f24d9de2640 1 -- 172.21.15.44:0/2271920506 shutdown_connections
2024-08-19T00:04:43.137 INFO:teuthology.orchestra.run.smithi044.stdout:/usr/bin/ceph: stderr
2024-08-19T00:04:41.866+0000 7f24d9de2640 1 --2- 172.21.15.44:0/2271920506 >> [v2:172.21.15.44:3300/0,v1:172.21.15.44:6789/0] conn(0x7f24d4107dc0 0x7f24d410a1b0 unknown :-1 s=CLOSED pgs=70 cs=0 l=1 rev1=1 crypto rx=0 tx=0 comp rx=0 tx=0).stop
2024-08-19T00:04:43.137 INFO:teuthology.orchestra.run.smithi044.stdout:/usr/bin/ceph: stderr
2024-08-19T00:04:41.866+0000 7f24d9de2640 1 -- 172.21.15.44:0/2271920506 >> 172.21.15.44:0/2271920506 conn(0x7f24d4101a00 msgr2=0x7f24d4103e20 unknown :-1 s=STATE_NONE l=0).mark_down
2024-08-19T00:04:43.137 INFO:teuthology.orchestra.run.smithi044.stdout:/usr/bin/ceph: stderr
2024-08-19T00:04:41.866+0000 7f24d9de2640 1 -- 172.21.15.44:0/2271920506 shutdown_connections
2024-08-19T00:04:43.137 INFO:teuthology.orchestra.run.smithi044.stdout:/usr/bin/ceph: stderr
2024-08-19T00:04:41.866+0000 7f24d9de2640 1 -- 172.21.15.44:0/2271920506 wait complete.
2024-08-19T00:04:43.138 INFO:teuthology.orchestra.run.smithi044.stdout:/usr/bin/ceph: stderr
2024-08-19T00:04:41.866+0000 7f24d9de2640 1 Processor -- start
2024-08-19T00:04:43.138 INFO:teuthology.orchestra.run.smithi044.stdout:/usr/bin/ceph: stderr
2024-08-19T00:04:41.867+0000 7f24d9de2640 1 -- start start
2024-08-19T00:04:43.138 INFO:teuthology.orchestra.run.smithi044.stdout:/usr/bin/ceph: stderr
2024-08-19T00:04:41.867+0000 7f24d9de2640 1 --2- >> [v2:172.21.15.44:3300/0,v1:172.21.15.44:6789/0] conn(0x7f24d4107dc0 0x7f24d4107640 unknown :-1 s=NONE pgs=0 cs=0 l=1 rev1=0 crypto rx=0 tx=0 comp rx=0 tx=0).connect
2024-08-19T00:04:43.138 INFO:teuthology.orchestra.run.smithi044.stdout:/usr/bin/ceph: stderr
2024-08-19T00:04:41.867+0000 7f24d9de2640 1 -- --> [v2:172.21.15.44:3300/0,v1:172.21.15.44:6789/0] -- mon_getmap magic: 0 -- 0x7f24d410b770 con 0x7f24d4107dc0
2024-08-19T00:04:43.138 INFO:teuthology.orchestra.run.smithi044.stdout:/usr/bin/ceph: stderr
2024-08-19T00:04:41.867+0000 7f24d37fe640 1 --2- >> [v2:172.21.15.44:3300/0,v1:172.21.15.44:6789/0] conn(0x7f24d4107dc0 0x7f24d4107640 unknown :-1 s=BANNER_CONNECTING pgs=0 cs=0 l=1 rev1=0 crypto rx=0 tx=0 comp rx=0 tx=0)._handle_peer_banner_payload supported=3 required=0
2024-08-19T00:04:43.138 INFO:teuthology.orchestra.run.smithi044.stdout:/usr/bin/ceph: stderr
2024-08-19T00:04:41.867+0000 7f24d37fe640 1 --2- >> [v2:172.21.15.44:3300/0,v1:172.21.15.44:6789/0] conn(0x7f24d4107dc0 0x7f24d4107640 unknown :-1 s=HELLO_CONNECTING pgs=0 cs=0 l=1 rev1=1 crypto rx=0 tx=0 comp rx=0 tx=0).handle_hello peer v2:172.21.15.44:3300/0 says I am v2:172.21.15.44:42112/0 (socket says 172.21.15.44:42112)
2024-08-19T00:04:43.138 INFO:teuthology.orchestra.run.smithi044.stdout:/usr/bin/ceph: stderr
2024-08-19T00:04:41.867+0000 7f24d37fe640 1 -- 172.21.15.44:0/1344269746 learned_addr learned my addr 172.21.15.44:0/1344269746 (peer_addr_for_me v2:172.21.15.44:0/0)
2024-08-19T00:04:43.138 INFO:teuthology.orchestra.run.smithi044.stdout:/usr/bin/ceph: stderr
2024-08-19T00:04:41.867+0000 7f24d37fe640 1 -- 172.21.15.44:0/1344269746 --> [v2:172.21.15.44:3300/0,v1:172.21.15.44:6789/0] -- mon_subscribe({config=0+,monmap=0+}) -- 0x7f24d4107b80 con 0x7f24d4107dc0
2024-08-19T00:04:43.138 INFO:teuthology.orchestra.run.smithi044.stdout:/usr/bin/ceph: stderr
2024-08-19T00:04:41.867+0000 7f24d37fe640 1 --2- 172.21.15.44:0/1344269746 >> [v2:172.21.15.44:3300/0,v1:172.21.15.44:6789/0] conn(0x7f24d4107dc0 0x7f24d4107640 secure :-1 s=READY pgs=71 cs=0 l=1 rev1=1 crypto rx=0x7f24c80097f0 tx=0x7f24c80327b0 comp rx=0 tx=0).ready entity=mon.0 client_cookie=0 server_cookie=0 in_seq=0 out_seq=0
2024-08-19T00:04:43.138 INFO:teuthology.orchestra.run.smithi044.stdout:/usr/bin/ceph: stderr
2024-08-19T00:04:41.868+0000 7f24d0ff9640 1 -- 172.21.15.44:0/1344269746 <== mon.0 v2:172.21.15.44:3300/0 1 ==== mon_map magic: 0 ==== 205+0+0 (secure 0 0 0) 0x7f24c8037040 con 0x7f24d4107dc0
2024-08-19T00:04:43.138 INFO:teuthology.orchestra.run.smithi044.stdout:/usr/bin/ceph: stderr
2024-08-19T00:04:41.868+0000 7f24d0ff9640 1 -- 172.21.15.44:0/1344269746 <== mon.0 v2:172.21.15.44:3300/0 2 ==== config(27 keys) ==== 1140+0+0 (secure 0 0 0) 0x7f24c8030cc0 con 0x7f24d4107dc0
2024-08-19T00:04:43.139 INFO:teuthology.orchestra.run.smithi044.stdout:/usr/bin/ceph: stderr
2024-08-19T00:04:41.868+0000 7f24d9de2640 1 -- 172.21.15.44:0/1344269746 --> [v2:172.21.15.44:3300/0,v1:172.21.15.44:6789/0] -- mon_subscribe({mgrmap=0+}) -- 0x7f24d4105d70 con 0x7f24d4107dc0
2024-08-19T00:04:43.139 INFO:teuthology.orchestra.run.smithi044.stdout:/usr/bin/ceph: stderr
2024-08-19T00:04:41.868+0000 7f24d0ff9640 1 -- 172.21.15.44:0/1344269746 <== mon.0 v2:172.21.15.44:3300/0 3 ==== mon_map magic: 0 ==== 205+0+0 (secure 0 0 0) 0x7f24c803a6b0 con 0x7f24d4107dc0
2024-08-19T00:04:43.139 INFO:teuthology.orchestra.run.smithi044.stdout:/usr/bin/ceph: stderr
2024-08-19T00:04:41.868+0000 7f24d9de2640 1 -- 172.21.15.44:0/1344269746 --> [v2:172.21.15.44:3300/0,v1:172.21.15.44:6789/0] -- mon_subscribe({osdmap=0}) -- 0x7f24d41062b0 con 0x7f24d4107dc0
2024-08-19T00:04:43.139 INFO:teuthology.orchestra.run.smithi044.stdout:/usr/bin/ceph: stderr
2024-08-19T00:04:41.869+0000 7f24d0ff9640 1 -- 172.21.15.44:0/1344269746 <== mon.0 v2:172.21.15.44:3300/0 4 ==== mgrmap(e 12) ==== 46300+0+0 (secure 0 0 0) 0x7f24c803a8a0 con 0x7f24d4107dc0
2024-08-19T00:04:43.139 INFO:teuthology.orchestra.run.smithi044.stdout:/usr/bin/ceph: stderr
2024-08-19T00:04:41.869+0000 7f24d9de2640 1 -- 172.21.15.44:0/1344269746 --> [v2:172.21.15.44:3300/0,v1:172.21.15.44:6789/0] -- mon_command({"prefix": "get_command_descriptions"} v 0) -- 0x7f24d4108220 con 0x7f24d4107dc0
2024-08-19T00:04:43.139 INFO:teuthology.orchestra.run.smithi044.stdout:/usr/bin/ceph: stderr
2024-08-19T00:04:41.869+0000 7f24d0ff9640 1 --2- 172.21.15.44:0/1344269746 >> [v2:172.21.15.44:6800/1330072146,v1:172.21.15.44:6801/1330072146] conn(0x7f24bc038fc0 0x7f24bc03b480 unknown :-1 s=NONE pgs=0 cs=0 l=1 rev1=0 crypto rx=0 tx=0 comp rx=0 tx=0).connect
2024-08-19T00:04:43.139 INFO:teuthology.orchestra.run.smithi044.stdout:/usr/bin/ceph: stderr
2024-08-19T00:04:41.869+0000 7f24d0ff9640 1 -- 172.21.15.44:0/1344269746 <== mon.0 v2:172.21.15.44:3300/0 5 ==== osd_map(3..3 src has 1..3) ==== 1155+0+0 (secure 0 0 0) 0x7f24c806c620 con 0x7f24d4107dc0
2024-08-19T00:04:43.139 INFO:teuthology.orchestra.run.smithi044.stdout:/usr/bin/ceph: stderr
2024-08-19T00:04:41.869+0000 7f24d2ffd640 1 --2- 172.21.15.44:0/1344269746 >> [v2:172.21.15.44:6800/1330072146,v1:172.21.15.44:6801/1330072146] conn(0x7f24bc038fc0 0x7f24bc03b480 unknown :-1 s=BANNER_CONNECTING pgs=0 cs=0 l=1 rev1=0 crypto rx=0 tx=0 comp rx=0 tx=0)._handle_peer_banner_payload supported=3 required=0
2024-08-19T00:04:43.139 INFO:teuthology.orchestra.run.smithi044.stdout:/usr/bin/ceph: stderr
2024-08-19T00:04:41.869+0000 7f24d2ffd640 1 --2- 172.21.15.44:0/1344269746 >> [v2:172.21.15.44:6800/1330072146,v1:172.21.15.44:6801/1330072146] conn(0x7f24bc038fc0 0x7f24bc03b480 secure :-1 s=READY pgs=8 cs=0 l=1 rev1=1 crypto rx=0x7f24c40098c0 tx=0x7f24c4006db0 comp rx=0 tx=0).ready entity=mgr.14150 client_cookie=0 server_cookie=0 in_seq=0 out_seq=0
2024-08-19T00:04:43.140 INFO:teuthology.orchestra.run.smithi044.stdout:/usr/bin/ceph: stderr
2024-08-19T00:04:41.874+0000 7f24d0ff9640 1 -- 172.21.15.44:0/1344269746 <== mon.0 v2:172.21.15.44:3300/0 6 ==== mon_command_ack([{"prefix": "get_command_descriptions"}]=0 v0) ==== 72+0+187871 (secure 0 0 0) 0x7f24c803ace0 con 0x7f24d4107dc0
2024-08-19T00:04:43.140 INFO:teuthology.orchestra.run.smithi044.stdout:/usr/bin/ceph: stderr
2024-08-19T00:04:42.069+0000 7f24d9de2640 1 -- 172.21.15.44:0/1344269746 --> [v2:172.21.15.44:6800/1330072146,v1:172.21.15.44:6801/1330072146] -- mgr_command(tid 0: {"prefix": "dashboard ac-user-create", "username": "admin", "rolename": "administrator", "force_password": true, "pwd_update_required": true, "target": ["mon-mgr", ""]}) -- 0x7f24d4106a50 con 0x7f24bc038fc0
2024-08-19T00:04:43.140 INFO:teuthology.orchestra.run.smithi044.stdout:/usr/bin/ceph: stderr
2024-08-19T00:04:42.318+0000 7f24d0ff9640 1 -- 172.21.15.44:0/1344269746 <== mgr.14150 v2:172.21.15.44:6800/1330072146 1 ==== mgr_command_reply(tid 0: 0 ) ==== 8+0+252 (secure 0 0 0) 0x7f24d4106a50 con 0x7f24bc038fc0
2024-08-19T00:04:43.140 INFO:teuthology.orchestra.run.smithi044.stdout:/usr/bin/ceph: stderr
2024-08-19T00:04:42.320+0000 7f24d9de2640 1 -- 172.21.15.44:0/1344269746 >> [v2:172.21.15.44:6800/1330072146,v1:172.21.15.44:6801/1330072146] conn(0x7f24bc038fc0 msgr2=0x7f24bc03b480 secure :-1 s=STATE_CONNECTION_ESTABLISHED l=1).mark_down
2024-08-19T00:04:43.140 INFO:teuthology.orchestra.run.smithi044.stdout:/usr/bin/ceph: stderr
2024-08-19T00:04:42.320+0000 7f24d9de2640 1 --2- 172.21.15.44:0/1344269746 >> [v2:172.21.15.44:6800/1330072146,v1:172.21.15.44:6801/1330072146] conn(0x7f24bc038fc0 0x7f24bc03b480 secure :-1 s=READY pgs=8 cs=0 l=1 rev1=1 crypto rx=0x7f24c40098c0 tx=0x7f24c4006db0 comp rx=0 tx=0).stop
2024-08-19T00:04:43.140 INFO:teuthology.orchestra.run.smithi044.stdout:/usr/bin/ceph: stderr
2024-08-19T00:04:42.320+0000 7f24d9de2640 1 -- 172.21.15.44:0/1344269746 >> [v2:172.21.15.44:3300/0,v1:172.21.15.44:6789/0] conn(0x7f24d4107dc0 msgr2=0x7f24d4107640 secure :-1 s=STATE_CONNECTION_ESTABLISHED l=1).mark_down
2024-08-19T00:04:43.140 INFO:teuthology.orchestra.run.smithi044.stdout:/usr/bin/ceph: stderr
2024-08-19T00:04:42.320+0000 7f24d9de2640 1 --2- 172.21.15.44:0/1344269746 >> [v2:172.21.15.44:3300/0,v1:172.21.15.44:6789/0] conn(0x7f24d4107dc0 0x7f24d4107640 secure :-1 s=READY pgs=71 cs=0 l=1 rev1=1 crypto rx=0x7f24c80097f0 tx=0x7f24c80327b0 comp rx=0 tx=0).stop
2024-08-19T00:04:43.140 INFO:teuthology.orchestra.run.smithi044.stdout:/usr/bin/ceph: stderr
2024-08-19T00:04:42.320+0000 7f24d9de2640 1 -- 172.21.15.44:0/1344269746 shutdown_connections
2024-08-19T00:04:43.141 INFO:teuthology.orchestra.run.smithi044.stdout:/usr/bin/ceph: stderr
2024-08-19T00:04:42.320+0000 7f24d9de2640 1 --2- 172.21.15.44:0/1344269746 >> [v2:172.21.15.44:6800/1330072146,v1:172.21.15.44:6801/1330072146] conn(0x7f24bc038fc0 0x7f24bc03b480 unknown :-1 s=CLOSED pgs=8 cs=0 l=1 rev1=1 crypto rx=0 tx=0 comp rx=0 tx=0).stop
2024-08-19T00:04:43.141 INFO:teuthology.orchestra.run.smithi044.stdout:/usr/bin/ceph: stderr
2024-08-19T00:04:42.320+0000 7f24d9de2640 1 --2- 172.21.15.44:0/1344269746 >> [v2:172.21.15.44:3300/0,v1:172.21.15.44:6789/0] conn(0x7f24d4107dc0 0x7f24d4107640 unknown :-1 s=CLOSED pgs=71 cs=0 l=1 rev1=1 crypto rx=0 tx=0 comp rx=0 tx=0).stop
2024-08-19T00:04:43.141 INFO:teuthology.orchestra.run.smithi044.stdout:/usr/bin/ceph: stderr
2024-08-19T00:04:42.320+0000 7f24d9de2640 1 -- 172.21.15.44:0/1344269746 >> 172.21.15.44:0/1344269746 conn(0x7f24d4101a00 msgr2=0x7f24d4102580 unknown :-1 s=STATE_NONE l=0).mark_down
2024-08-19T00:04:43.141 INFO:teuthology.orchestra.run.smithi044.stdout:/usr/bin/ceph: stderr
2024-08-19T00:04:42.320+0000 7f24d9de2640 1 -- 172.21.15.44:0/1344269746 shutdown_connections
2024-08-19T00:04:43.141 INFO:teuthology.orchestra.run.smithi044.stdout:/usr/bin/ceph: stderr
2024-08-19T00:04:42.320+0000 7f24d9de2640 1 -- 172.21.15.44:0/1344269746 wait complete.
2024-08-19T00:04:43.141 INFO:teuthology.orchestra.run.smithi044.stdout:Fetching dashboard port number...
2024-08-19T00:04:43.717 INFO:journalctl@ceph.mon.a.smithi044.stdout:Aug 19 00:04:43 smithi044 ceph-mon[18489]: from='client.14164 -' entity='client.admin' cmd=[{"prefix": "dashboard ac-user-create", "username": "admin", "rolename": "administrator", "force_password": true, "pwd_update_required": true, "target": ["mon-mgr", ""]}]: dispatch
2024-08-19T00:04:44.662 INFO:journalctl@ceph.mon.a.smithi044.stdout:Aug 19 00:04:44 smithi044 ceph-mon[18489]: from='client.? 172.21.15.44:0/4292206717' entity='client.admin' cmd=[{"prefix": "config get", "who": "mgr", "key": "mgr/dashboard/ssl_server_port"}]: dispatch
2024-08-19T00:04:44.670 INFO:teuthology.orchestra.run.smithi044.stdout:/usr/bin/ceph: stdout 8443
2024-08-19T00:04:44.670 INFO:teuthology.orchestra.run.smithi044.stdout:/usr/bin/ceph: stderr
2024-08-19T00:04:43.536+0000 7f41885b6640 1 Processor -- start
2024-08-19T00:04:44.670 INFO:teuthology.orchestra.run.smithi044.stdout:/usr/bin/ceph: stderr
2024-08-19T00:04:43.536+0000 7f41885b6640 1 -- start start
2024-08-19T00:04:44.670 INFO:teuthology.orchestra.run.smithi044.stdout:/usr/bin/ceph: stderr
2024-08-19T00:04:43.536+0000 7f41885b6640 1 --2- >> [v2:172.21.15.44:3300/0,v1:172.21.15.44:6789/0] conn(0x7f4180107dc0 0x7f418010a1b0 unknown :-1 s=NONE pgs=0 cs=0 l=0 rev1=0 crypto rx=0 tx=0 comp rx=0 tx=0).connect
2024-08-19T00:04:44.670 INFO:teuthology.orchestra.run.smithi044.stdout:/usr/bin/ceph: stderr
2024-08-19T00:04:43.536+0000 7f41885b6640 1 -- --> [v2:172.21.15.44:3300/0,v1:172.21.15.44:6789/0] -- mon_getmap magic: 0 -- 0x7f418007bdd0 con 0x7f4180107dc0
2024-08-19T00:04:44.671 INFO:teuthology.orchestra.run.smithi044.stdout:/usr/bin/ceph: stderr
2024-08-19T00:04:43.537+0000 7f4186352640 1 --2- >> [v2:172.21.15.44:3300/0,v1:172.21.15.44:6789/0] conn(0x7f4180107dc0 0x7f418010a1b0 unknown :-1 s=BANNER_CONNECTING pgs=0 cs=0 l=0 rev1=0 crypto rx=0 tx=0 comp rx=0 tx=0)._handle_peer_banner_payload supported=3 required=0
2024-08-19T00:04:44.671 INFO:teuthology.orchestra.run.smithi044.stdout:/usr/bin/ceph: stderr
2024-08-19T00:04:43.537+0000 7f4186352640 1 --2- >> [v2:172.21.15.44:3300/0,v1:172.21.15.44:6789/0] conn(0x7f4180107dc0 0x7f418010a1b0 unknown :-1 s=HELLO_CONNECTING pgs=0 cs=0 l=0 rev1=1 crypto rx=0 tx=0 comp rx=0 tx=0).handle_hello peer v2:172.21.15.44:3300/0 says I am v2:172.21.15.44:42122/0 (socket says 172.21.15.44:42122)
2024-08-19T00:04:44.671 INFO:teuthology.orchestra.run.smithi044.stdout:/usr/bin/ceph: stderr
2024-08-19T00:04:43.537+0000 7f4186352640 1 -- 172.21.15.44:0/3854736967 learned_addr learned my addr 172.21.15.44:0/3854736967 (peer_addr_for_me v2:172.21.15.44:0/0)
2024-08-19T00:04:44.671 INFO:teuthology.orchestra.run.smithi044.stdout:/usr/bin/ceph: stderr
2024-08-19T00:04:43.537+0000 7f4186352640 1 -- 172.21.15.44:0/3854736967 --> [v2:172.21.15.44:3300/0,v1:172.21.15.44:6789/0] -- mon_subscribe({config=0+,monmap=0+}) -- 0x7f418010a6f0 con 0x7f4180107dc0
2024-08-19T00:04:44.671 INFO:teuthology.orchestra.run.smithi044.stdout:/usr/bin/ceph: stderr
2024-08-19T00:04:43.538+0000 7f4186352640 1 --2- 172.21.15.44:0/3854736967 >> [v2:172.21.15.44:3300/0,v1:172.21.15.44:6789/0] conn(0x7f4180107dc0 0x7f418010a1b0 secure :-1 s=READY pgs=72 cs=0 l=1 rev1=1 crypto rx=0x7f417c009820 tx=0x7f417c02a270 comp rx=0 tx=0).ready entity=mon.0 client_cookie=60b8598acb1d6cfd server_cookie=0 in_seq=0 out_seq=0
2024-08-19T00:04:44.671 INFO:teuthology.orchestra.run.smithi044.stdout:/usr/bin/ceph: stderr
2024-08-19T00:04:43.538+0000 7f4185350640 1 -- 172.21.15.44:0/3854736967 <== mon.0 v2:172.21.15.44:3300/0 1 ==== mon_map magic: 0 ==== 205+0+0 (secure 0 0 0) 0x7f417c037070 con 0x7f4180107dc0
2024-08-19T00:04:44.671 INFO:teuthology.orchestra.run.smithi044.stdout:/usr/bin/ceph: stderr
2024-08-19T00:04:43.538+0000 7f4185350640 1 -- 172.21.15.44:0/3854736967 <== mon.0 v2:172.21.15.44:3300/0 2 ==== config(27 keys) ==== 1140+0+0 (secure 0 0 0) 0x7f417c032920 con 0x7f4180107dc0
2024-08-19T00:04:44.671 INFO:teuthology.orchestra.run.smithi044.stdout:/usr/bin/ceph: stderr
2024-08-19T00:04:43.538+0000 7f4185350640 1 -- 172.21.15.44:0/3854736967 <== mon.0 v2:172.21.15.44:3300/0 3 ==== mon_map magic: 0 ==== 205+0+0 (secure 0 0 0) 0x7f417c030810 con 0x7f4180107dc0
2024-08-19T00:04:44.671 INFO:teuthology.orchestra.run.smithi044.stdout:/usr/bin/ceph: stderr
2024-08-19T00:04:43.539+0000 7f41885b6640 1 -- 172.21.15.44:0/3854736967 >> [v2:172.21.15.44:3300/0,v1:172.21.15.44:6789/0] conn(0x7f4180107dc0 msgr2=0x7f418010a1b0 secure :-1 s=STATE_CONNECTION_ESTABLISHED l=1).mark_down
2024-08-19T00:04:44.671 INFO:teuthology.orchestra.run.smithi044.stdout:/usr/bin/ceph: stderr
2024-08-19T00:04:43.539+0000 7f41885b6640 1 --2- 172.21.15.44:0/3854736967 >> [v2:172.21.15.44:3300/0,v1:172.21.15.44:6789/0] conn(0x7f4180107dc0 0x7f418010a1b0 secure :-1 s=READY pgs=72 cs=0 l=1 rev1=1 crypto rx=0x7f417c009820 tx=0x7f417c02a270 comp rx=0 tx=0).stop
2024-08-19T00:04:44.671 INFO:teuthology.orchestra.run.smithi044.stdout:/usr/bin/ceph: stderr
2024-08-19T00:04:43.539+0000 7f41885b6640 1 -- 172.21.15.44:0/3854736967 shutdown_connections
2024-08-19T00:04:44.672 INFO:teuthology.orchestra.run.smithi044.stdout:/usr/bin/ceph: stderr
2024-08-19T00:04:43.539+0000 7f41885b6640 1 --2- 172.21.15.44:0/3854736967 >> [v2:172.21.15.44:3300/0,v1:172.21.15.44:6789/0] conn(0x7f4180107dc0 0x7f418010a1b0 unknown :-1 s=CLOSED pgs=72 cs=0 l=1 rev1=1 crypto rx=0 tx=0 comp rx=0 tx=0).stop
2024-08-19T00:04:44.672 INFO:teuthology.orchestra.run.smithi044.stdout:/usr/bin/ceph: stderr
2024-08-19T00:04:43.539+0000 7f41885b6640 1 -- 172.21.15.44:0/3854736967 >> 172.21.15.44:0/3854736967 conn(0x7f4180101a00 msgr2=0x7f4180103e20 unknown :-1 s=STATE_NONE l=0).mark_down
2024-08-19T00:04:44.672 INFO:teuthology.orchestra.run.smithi044.stdout:/usr/bin/ceph: stderr
2024-08-19T00:04:43.539+0000 7f41885b6640 1 -- 172.21.15.44:0/3854736967 shutdown_connections
2024-08-19T00:04:44.672 INFO:teuthology.orchestra.run.smithi044.stdout:/usr/bin/ceph: stderr
2024-08-19T00:04:43.539+0000 7f41885b6640 1 -- 172.21.15.44:0/3854736967 wait complete.
2024-08-19T00:04:44.672 INFO:teuthology.orchestra.run.smithi044.stdout:/usr/bin/ceph: stderr
2024-08-19T00:04:43.539+0000 7f41885b6640 1 Processor -- start
2024-08-19T00:04:44.672 INFO:teuthology.orchestra.run.smithi044.stdout:/usr/bin/ceph: stderr
2024-08-19T00:04:43.539+0000 7f41885b6640 1 -- start start
2024-08-19T00:04:44.672 INFO:teuthology.orchestra.run.smithi044.stdout:/usr/bin/ceph: stderr
2024-08-19T00:04:43.540+0000 7f41885b6640 1 --2- >> [v2:172.21.15.44:3300/0,v1:172.21.15.44:6789/0] conn(0x7f4180107dc0 0x7f418019b310 unknown :-1 s=NONE pgs=0 cs=0 l=1 rev1=0 crypto rx=0 tx=0 comp rx=0 tx=0).connect
2024-08-19T00:04:44.672 INFO:teuthology.orchestra.run.smithi044.stdout:/usr/bin/ceph: stderr
2024-08-19T00:04:43.540+0000 7f41885b6640 1 -- --> [v2:172.21.15.44:3300/0,v1:172.21.15.44:6789/0] -- mon_getmap magic: 0 -- 0x7f418010b770 con 0x7f4180107dc0
2024-08-19T00:04:44.672 INFO:teuthology.orchestra.run.smithi044.stdout:/usr/bin/ceph: stderr
2024-08-19T00:04:43.540+0000 7f4186352640 1 --2- >> [v2:172.21.15.44:3300/0,v1:172.21.15.44:6789/0] conn(0x7f4180107dc0 0x7f418019b310 unknown :-1 s=BANNER_CONNECTING pgs=0 cs=0 l=1 rev1=0 crypto rx=0 tx=0 comp rx=0 tx=0)._handle_peer_banner_payload supported=3 required=0
2024-08-19T00:04:44.672 INFO:teuthology.orchestra.run.smithi044.stdout:/usr/bin/ceph: stderr
2024-08-19T00:04:43.540+0000 7f4186352640 1 --2- >> [v2:172.21.15.44:3300/0,v1:172.21.15.44:6789/0] conn(0x7f4180107dc0 0x7f418019b310 unknown :-1 s=HELLO_CONNECTING pgs=0 cs=0 l=1 rev1=1 crypto rx=0 tx=0 comp rx=0 tx=0).handle_hello peer v2:172.21.15.44:3300/0 says I am v2:172.21.15.44:42128/0 (socket says 172.21.15.44:42128)
2024-08-19T00:04:44.672 INFO:teuthology.orchestra.run.smithi044.stdout:/usr/bin/ceph: stderr
2024-08-19T00:04:43.540+0000 7f4186352640 1 -- 172.21.15.44:0/4292206717 learned_addr learned my addr 172.21.15.44:0/4292206717 (peer_addr_for_me v2:172.21.15.44:0/0)
2024-08-19T00:04:44.672 INFO:teuthology.orchestra.run.smithi044.stdout:/usr/bin/ceph: stderr
2024-08-19T00:04:43.540+0000 7f4186352640 1 -- 172.21.15.44:0/4292206717 --> [v2:172.21.15.44:3300/0,v1:172.21.15.44:6789/0] -- mon_subscribe({config=0+,monmap=0+}) -- 0x7f418019b850 con 0x7f4180107dc0
2024-08-19T00:04:44.672 INFO:teuthology.orchestra.run.smithi044.stdout:/usr/bin/ceph: stderr
