2024-08-19T01:24:16.154+0000 7fb780dc3640 1 -- 172.21.15.64:0/4218703315 --> [v2:172.21.15.64:3300/0,v1:172.21.15.64:6789/0] -- mon_command({"prefix": "get_command_descriptions"} v 0) -- 0x7fb77c1067a0 con 0x7fb77c106320
2024-08-19T01:24:16.896 INFO:teuthology.orchestra.run.smithi064.stdout:/usr/bin/ceph: stderr
2024-08-19T01:24:16.154+0000 7fb779d9b640 1 --2- 172.21.15.64:0/4218703315 >> [v2:172.21.15.64:6800/2403632526,v1:172.21.15.64:6801/2403632526] conn(0x7fb768038fc0 0x7fb76803b480 unknown :-1 s=BANNER_CONNECTING pgs=0 cs=0 l=1 rev1=0 crypto rx=0 tx=0 comp rx=0 tx=0)._handle_peer_banner_payload supported=3 required=0
2024-08-19T01:24:16.896 INFO:teuthology.orchestra.run.smithi064.stdout:/usr/bin/ceph: stderr
2024-08-19T01:24:16.154+0000 7fb779d9b640 1 --2- 172.21.15.64:0/4218703315 >> [v2:172.21.15.64:6800/2403632526,v1:172.21.15.64:6801/2403632526] conn(0x7fb768038fc0 0x7fb76803b480 secure :-1 s=READY pgs=10 cs=0 l=1 rev1=1 crypto rx=0x7fb7640098c0 tx=0x7fb764006db0 comp rx=0 tx=0).ready entity=mgr.14118 client_cookie=0 server_cookie=0 in_seq=0 out_seq=0
2024-08-19T01:24:16.897 INFO:teuthology.orchestra.run.smithi064.stdout:/usr/bin/ceph: stderr
2024-08-19T01:24:16.158+0000 7fb7737fe640 1 -- 172.21.15.64:0/4218703315 <== mon.0 v2:172.21.15.64:3300/0 6 ==== mon_command_ack([{"prefix": "get_command_descriptions"}]=0 v0) ==== 72+0+187871 (secure 0 0 0) 0x7fb76c045360 con 0x7fb77c106320
2024-08-19T01:24:16.897 INFO:teuthology.orchestra.run.smithi064.stdout:/usr/bin/ceph: stderr
2024-08-19T01:24:16.336+0000 7fb780dc3640 1 -- 172.21.15.64:0/4218703315 --> [v2:172.21.15.64:6800/2403632526,v1:172.21.15.64:6801/2403632526] -- mgr_command(tid 0: {"prefix": "cephadm get-pub-key", "target": ["mon-mgr", ""]}) -- 0x7fb77c102dc0 con 0x7fb768038fc0
2024-08-19T01:24:16.897 INFO:teuthology.orchestra.run.smithi064.stdout:/usr/bin/ceph: stderr
2024-08-19T01:24:16.336+0000 7fb7737fe640 1 -- 172.21.15.64:0/4218703315 <== mgr.14118 v2:172.21.15.64:6800/2403632526 1 ==== mgr_command_reply(tid 0: 0 ) ==== 8+0+595 (secure 0 0 0) 0x7fb77c102dc0 con 0x7fb768038fc0
2024-08-19T01:24:16.897 INFO:teuthology.orchestra.run.smithi064.stdout:/usr/bin/ceph: stderr
2024-08-19T01:24:16.338+0000 7fb780dc3640 1 -- 172.21.15.64:0/4218703315 >> [v2:172.21.15.64:6800/2403632526,v1:172.21.15.64:6801/2403632526] conn(0x7fb768038fc0 msgr2=0x7fb76803b480 secure :-1 s=STATE_CONNECTION_ESTABLISHED l=1).mark_down
2024-08-19T01:24:16.897 INFO:teuthology.orchestra.run.smithi064.stdout:/usr/bin/ceph: stderr
2024-08-19T01:24:16.338+0000 7fb780dc3640 1 --2- 172.21.15.64:0/4218703315 >> [v2:172.21.15.64:6800/2403632526,v1:172.21.15.64:6801/2403632526] conn(0x7fb768038fc0 0x7fb76803b480 secure :-1 s=READY pgs=10 cs=0 l=1 rev1=1 crypto rx=0x7fb7640098c0 tx=0x7fb764006db0 comp rx=0 tx=0).stop
2024-08-19T01:24:16.897 INFO:teuthology.orchestra.run.smithi064.stdout:/usr/bin/ceph: stderr
2024-08-19T01:24:16.338+0000 7fb780dc3640 1 -- 172.21.15.64:0/4218703315 >> [v2:172.21.15.64:3300/0,v1:172.21.15.64:6789/0] conn(0x7fb77c106320 msgr2=0x7fb77c07ba10 secure :-1 s=STATE_CONNECTION_ESTABLISHED l=1).mark_down
2024-08-19T01:24:16.897 INFO:teuthology.orchestra.run.smithi064.stdout:/usr/bin/ceph: stderr
2024-08-19T01:24:16.338+0000 7fb780dc3640 1 --2- 172.21.15.64:0/4218703315 >> [v2:172.21.15.64:3300/0,v1:172.21.15.64:6789/0] conn(0x7fb77c106320 0x7fb77c07ba10 secure :-1 s=READY pgs=42 cs=0 l=1 rev1=1 crypto rx=0x7fb76c009940 tx=0x7fb76c032ce0 comp rx=0 tx=0).stop
2024-08-19T01:24:16.897 INFO:teuthology.orchestra.run.smithi064.stdout:/usr/bin/ceph: stderr
2024-08-19T01:24:16.338+0000 7fb780dc3640 1 -- 172.21.15.64:0/4218703315 shutdown_connections
2024-08-19T01:24:16.897 INFO:teuthology.orchestra.run.smithi064.stdout:/usr/bin/ceph: stderr
2024-08-19T01:24:16.338+0000 7fb780dc3640 1 --2- 172.21.15.64:0/4218703315 >> [v2:172.21.15.64:6800/2403632526,v1:172.21.15.64:6801/2403632526] conn(0x7fb768038fc0 0x7fb76803b480 unknown :-1 s=CLOSED pgs=10 cs=0 l=1 rev1=1 crypto rx=0 tx=0 comp rx=0 tx=0).stop
2024-08-19T01:24:16.897 INFO:teuthology.orchestra.run.smithi064.stdout:/usr/bin/ceph: stderr
2024-08-19T01:24:16.338+0000 7fb780dc3640 1 --2- 172.21.15.64:0/4218703315 >> [v2:172.21.15.64:3300/0,v1:172.21.15.64:6789/0] conn(0x7fb77c106320 0x7fb77c07ba10 unknown :-1 s=CLOSED pgs=42 cs=0 l=1 rev1=1 crypto rx=0 tx=0 comp rx=0 tx=0).stop
2024-08-19T01:24:16.898 INFO:teuthology.orchestra.run.smithi064.stdout:/usr/bin/ceph: stderr
2024-08-19T01:24:16.338+0000 7fb780dc3640 1 -- 172.21.15.64:0/4218703315 >> 172.21.15.64:0/4218703315 conn(0x7fb77c101b10 msgr2=0x7fb77c1026b0 unknown :-1 s=STATE_NONE l=0).mark_down
2024-08-19T01:24:16.898 INFO:teuthology.orchestra.run.smithi064.stdout:/usr/bin/ceph: stderr
2024-08-19T01:24:16.338+0000 7fb780dc3640 1 -- 172.21.15.64:0/4218703315 shutdown_connections
2024-08-19T01:24:16.898 INFO:teuthology.orchestra.run.smithi064.stdout:/usr/bin/ceph: stderr
2024-08-19T01:24:16.339+0000 7fb780dc3640 1 -- 172.21.15.64:0/4218703315 wait complete.
2024-08-19T01:24:16.898 INFO:teuthology.orchestra.run.smithi064.stdout:Wrote public SSH key to /home/ubuntu/cephtest/ceph.pub
2024-08-19T01:24:16.898 INFO:teuthology.orchestra.run.smithi064.stdout:Adding key to root@localhost authorized_keys...
2024-08-19T01:24:16.898 INFO:teuthology.orchestra.run.smithi064.stdout:Adding host smithi064...
2024-08-19T01:24:17.639 INFO:journalctl@ceph.mon.a.smithi064.stdout:Aug 19 01:24:17 smithi064 ceph-mon[18515]: from='client.14136 -' entity='client.admin' cmd=[{"prefix": "cephadm get-pub-key", "target": ["mon-mgr", ""]}]: dispatch
2024-08-19T01:24:18.485 INFO:journalctl@ceph.mon.a.smithi064.stdout:Aug 19 01:24:18 smithi064 ceph-mon[18515]: from='client.14138 -' entity='client.admin' cmd=[{"prefix": "orch host add", "hostname": "smithi064", "addr": "172.21.15.64", "target": ["mon-mgr", ""]}]: dispatch
2024-08-19T01:24:19.682 INFO:journalctl@ceph.mon.a.smithi064.stdout:Aug 19 01:24:19 smithi064 ceph-mon[18515]: Deploying cephadm binary to smithi064
2024-08-19T01:24:21.911 INFO:teuthology.orchestra.run.smithi064.stdout:/usr/bin/ceph: stdout Added host 'smithi064' with addr '172.21.15.64'
2024-08-19T01:24:21.911 INFO:teuthology.orchestra.run.smithi064.stdout:/usr/bin/ceph: stderr
2024-08-19T01:24:17.266+0000 7f6651103640 1 Processor -- start
2024-08-19T01:24:21.912 INFO:teuthology.orchestra.run.smithi064.stdout:/usr/bin/ceph: stderr
2024-08-19T01:24:17.266+0000 7f6651103640 1 -- start start
2024-08-19T01:24:21.912 INFO:teuthology.orchestra.run.smithi064.stdout:/usr/bin/ceph: stderr
2024-08-19T01:24:17.267+0000 7f6651103640 1 --2- >> [v2:172.21.15.64:3300/0,v1:172.21.15.64:6789/0] conn(0x7f664c106320 0x7f664c106720 unknown :-1 s=NONE pgs=0 cs=0 l=0 rev1=0 crypto rx=0 tx=0 comp rx=0 tx=0).connect
2024-08-19T01:24:21.912 INFO:teuthology.orchestra.run.smithi064.stdout:/usr/bin/ceph: stderr
2024-08-19T01:24:17.267+0000 7f6651103640 1 -- --> [v2:172.21.15.64:3300/0,v1:172.21.15.64:6789/0] -- mon_getmap magic: 0 -- 0x7f664c106cf0 con 0x7f664c106320
2024-08-19T01:24:21.912 INFO:teuthology.orchestra.run.smithi064.stdout:/usr/bin/ceph: stderr
2024-08-19T01:24:17.267+0000 7f664ad9d640 1 --2- >> [v2:172.21.15.64:3300/0,v1:172.21.15.64:6789/0] conn(0x7f664c106320 0x7f664c106720 unknown :-1 s=BANNER_CONNECTING pgs=0 cs=0 l=0 rev1=0 crypto rx=0 tx=0 comp rx=0 tx=0)._handle_peer_banner_payload supported=3 required=0
2024-08-19T01:24:21.912 INFO:teuthology.orchestra.run.smithi064.stdout:/usr/bin/ceph: stderr
2024-08-19T01:24:17.267+0000 7f664ad9d640 1 --2- >> [v2:172.21.15.64:3300/0,v1:172.21.15.64:6789/0] conn(0x7f664c106320 0x7f664c106720 unknown :-1 s=HELLO_CONNECTING pgs=0 cs=0 l=0 rev1=1 crypto rx=0 tx=0 comp rx=0 tx=0).handle_hello peer v2:172.21.15.64:3300/0 says I am v2:172.21.15.64:34974/0 (socket says 172.21.15.64:34974)
2024-08-19T01:24:21.912 INFO:teuthology.orchestra.run.smithi064.stdout:/usr/bin/ceph: stderr
2024-08-19T01:24:17.267+0000 7f664ad9d640 1 -- 172.21.15.64:0/3136240991 learned_addr learned my addr 172.21.15.64:0/3136240991 (peer_addr_for_me v2:172.21.15.64:0/0)
2024-08-19T01:24:21.912 INFO:teuthology.orchestra.run.smithi064.stdout:/usr/bin/ceph: stderr
2024-08-19T01:24:17.267+0000 7f664ad9d640 1 -- 172.21.15.64:0/3136240991 --> [v2:172.21.15.64:3300/0,v1:172.21.15.64:6789/0] -- mon_subscribe({config=0+,monmap=0+}) -- 0x7f664c107520 con 0x7f664c106320
2024-08-19T01:24:21.912 INFO:teuthology.orchestra.run.smithi064.stdout:/usr/bin/ceph: stderr
2024-08-19T01:24:17.268+0000 7f664ad9d640 1 --2- 172.21.15.64:0/3136240991 >> [v2:172.21.15.64:3300/0,v1:172.21.15.64:6789/0] conn(0x7f664c106320 0x7f664c106720 secure :-1 s=READY pgs=43 cs=0 l=1 rev1=1 crypto rx=0x7f663c009820 tx=0x7f663c02a270 comp rx=0 tx=0).ready entity=mon.0 client_cookie=f314847043b7a57f server_cookie=0 in_seq=0 out_seq=0
2024-08-19T01:24:21.912 INFO:teuthology.orchestra.run.smithi064.stdout:/usr/bin/ceph: stderr
2024-08-19T01:24:17.268+0000 7f664a59c640 1 -- 172.21.15.64:0/3136240991 <== mon.0 v2:172.21.15.64:3300/0 1 ==== mon_map magic: 0 ==== 205+0+0 (secure 0 0 0) 0x7f663c037070 con 0x7f664c106320
2024-08-19T01:24:21.912 INFO:teuthology.orchestra.run.smithi064.stdout:/usr/bin/ceph: stderr
2024-08-19T01:24:17.268+0000 7f664a59c640 1 -- 172.21.15.64:0/3136240991 <== mon.0 v2:172.21.15.64:3300/0 2 ==== config(27 keys) ==== 1109+0+0 (secure 0 0 0) 0x7f663c032900 con 0x7f664c106320
2024-08-19T01:24:21.912 INFO:teuthology.orchestra.run.smithi064.stdout:/usr/bin/ceph: stderr
2024-08-19T01:24:17.268+0000 7f664a59c640 1 -- 172.21.15.64:0/3136240991 <== mon.0 v2:172.21.15.64:3300/0 3 ==== mon_map magic: 0 ==== 205+0+0 (secure 0 0 0) 0x7f663c030850 con 0x7f664c106320
2024-08-19T01:24:21.913 INFO:teuthology.orchestra.run.smithi064.stdout:/usr/bin/ceph: stderr
2024-08-19T01:24:17.269+0000 7f6651103640 1 -- 172.21.15.64:0/3136240991 >> [v2:172.21.15.64:3300/0,v1:172.21.15.64:6789/0] conn(0x7f664c106320 msgr2=0x7f664c106720 secure :-1 s=STATE_CONNECTION_ESTABLISHED l=1).mark_down
2024-08-19T01:24:21.913 INFO:teuthology.orchestra.run.smithi064.stdout:/usr/bin/ceph: stderr
2024-08-19T01:24:17.269+0000 7f6651103640 1 --2- 172.21.15.64:0/3136240991 >> [v2:172.21.15.64:3300/0,v1:172.21.15.64:6789/0] conn(0x7f664c106320 0x7f664c106720 secure :-1 s=READY pgs=43 cs=0 l=1 rev1=1 crypto rx=0x7f663c009820 tx=0x7f663c02a270 comp rx=0 tx=0).stop
2024-08-19T01:24:21.913 INFO:teuthology.orchestra.run.smithi064.stdout:/usr/bin/ceph: stderr
2024-08-19T01:24:17.269+0000 7f6651103640 1 -- 172.21.15.64:0/3136240991 shutdown_connections
2024-08-19T01:24:21.913 INFO:teuthology.orchestra.run.smithi064.stdout:/usr/bin/ceph: stderr
2024-08-19T01:24:17.269+0000 7f6651103640 1 --2- 172.21.15.64:0/3136240991 >> [v2:172.21.15.64:3300/0,v1:172.21.15.64:6789/0] conn(0x7f664c106320 0x7f664c106720 unknown :-1 s=CLOSED pgs=43 cs=0 l=1 rev1=1 crypto rx=0 tx=0 comp rx=0 tx=0).stop
2024-08-19T01:24:21.913 INFO:teuthology.orchestra.run.smithi064.stdout:/usr/bin/ceph: stderr
2024-08-19T01:24:17.269+0000 7f6651103640 1 -- 172.21.15.64:0/3136240991 >> 172.21.15.64:0/3136240991 conn(0x7f664c101b10 msgr2=0x7f664c103f30 unknown :-1 s=STATE_NONE l=0).mark_down
2024-08-19T01:24:21.913 INFO:teuthology.orchestra.run.smithi064.stdout:/usr/bin/ceph: stderr
2024-08-19T01:24:17.269+0000 7f6651103640 1 -- 172.21.15.64:0/3136240991 shutdown_connections
2024-08-19T01:24:21.913 INFO:teuthology.orchestra.run.smithi064.stdout:/usr/bin/ceph: stderr
2024-08-19T01:24:17.269+0000 7f6651103640 1 -- 172.21.15.64:0/3136240991 wait complete.
2024-08-19T01:24:21.913 INFO:teuthology.orchestra.run.smithi064.stdout:/usr/bin/ceph: stderr
2024-08-19T01:24:17.270+0000 7f6651103640 1 Processor -- start
2024-08-19T01:24:21.913 INFO:teuthology.orchestra.run.smithi064.stdout:/usr/bin/ceph: stderr
2024-08-19T01:24:17.270+0000 7f6651103640 1 -- start start
2024-08-19T01:24:21.913 INFO:teuthology.orchestra.run.smithi064.stdout:/usr/bin/ceph: stderr
2024-08-19T01:24:17.270+0000 7f6651103640 1 --2- >> [v2:172.21.15.64:3300/0,v1:172.21.15.64:6789/0] conn(0x7f664c106320 0x7f664c19b4e0 unknown :-1 s=NONE pgs=0 cs=0 l=1 rev1=0 crypto rx=0 tx=0 comp rx=0 tx=0).connect
2024-08-19T01:24:21.913 INFO:teuthology.orchestra.run.smithi064.stdout:/usr/bin/ceph: stderr
2024-08-19T01:24:17.270+0000 7f6651103640 1 -- --> [v2:172.21.15.64:3300/0,v1:172.21.15.64:6789/0] -- mon_getmap magic: 0 -- 0x7f664c10a8d0 con 0x7f664c106320
2024-08-19T01:24:21.914 INFO:teuthology.orchestra.run.smithi064.stdout:/usr/bin/ceph: stderr
2024-08-19T01:24:17.270+0000 7f664ad9d640 1 --2- >> [v2:172.21.15.64:3300/0,v1:172.21.15.64:6789/0] conn(0x7f664c106320 0x7f664c19b4e0 unknown :-1 s=BANNER_CONNECTING pgs=0 cs=0 l=1 rev1=0 crypto rx=0 tx=0 comp rx=0 tx=0)._handle_peer_banner_payload supported=3 required=0
2024-08-19T01:24:21.914 INFO:teuthology.orchestra.run.smithi064.stdout:/usr/bin/ceph: stderr
2024-08-19T01:24:17.270+0000 7f664ad9d640 1 --2- >> [v2:172.21.15.64:3300/0,v1:172.21.15.64:6789/0] conn(0x7f664c106320 0x7f664c19b4e0 unknown :-1 s=HELLO_CONNECTING pgs=0 cs=0 l=1 rev1=1 crypto rx=0 tx=0 comp rx=0 tx=0).handle_hello peer v2:172.21.15.64:3300/0 says I am v2:172.21.15.64:34978/0 (socket says 172.21.15.64:34978)
2024-08-19T01:24:21.914 INFO:teuthology.orchestra.run.smithi064.stdout:/usr/bin/ceph: stderr
2024-08-19T01:24:17.270+0000 7f664ad9d640 1 -- 172.21.15.64:0/3046337500 learned_addr learned my addr 172.21.15.64:0/3046337500 (peer_addr_for_me v2:172.21.15.64:0/0)
2024-08-19T01:24:21.914 INFO:teuthology.orchestra.run.smithi064.stdout:/usr/bin/ceph: stderr
2024-08-19T01:24:17.270+0000 7f664ad9d640 1 -- 172.21.15.64:0/3046337500 --> [v2:172.21.15.64:3300/0,v1:172.21.15.64:6789/0] -- mon_subscribe({config=0+,monmap=0+}) -- 0x7f664c19ba20 con 0x7f664c106320
2024-08-19T01:24:21.914 INFO:teuthology.orchestra.run.smithi064.stdout:/usr/bin/ceph: stderr
2024-08-19T01:24:17.270+0000 7f664ad9d640 1 --2- 172.21.15.64:0/3046337500 >> [v2:172.21.15.64:3300/0,v1:172.21.15.64:6789/0] conn(0x7f664c106320 0x7f664c19b4e0 secure :-1 s=READY pgs=44 cs=0 l=1 rev1=1 crypto rx=0x7f663c0097f0 tx=0x7f663c030d80 comp rx=0 tx=0).ready entity=mon.0 client_cookie=0 server_cookie=0 in_seq=0 out_seq=0
2024-08-19T01:24:21.914 INFO:teuthology.orchestra.run.smithi064.stdout:/usr/bin/ceph: stderr
2024-08-19T01:24:17.271+0000 7f6648d99640 1 -- 172.21.15.64:0/3046337500 <== mon.0 v2:172.21.15.64:3300/0 1 ==== mon_map magic: 0 ==== 205+0+0 (secure 0 0 0) 0x7f663c037040 con 0x7f664c106320
2024-08-19T01:24:21.915 INFO:teuthology.orchestra.run.smithi064.stdout:/usr/bin/ceph: stderr
2024-08-19T01:24:17.271+0000 7f6648d99640 1 -- 172.21.15.64:0/3046337500 <== mon.0 v2:172.21.15.64:3300/0 2 ==== config(27 keys) ==== 1109+0+0 (secure 0 0 0) 0x7f663c040070 con 0x7f664c106320
2024-08-19T01:24:21.915 INFO:teuthology.orchestra.run.smithi064.stdout:/usr/bin/ceph: stderr
2024-08-19T01:24:17.271+0000 7f6651103640 1 -- 172.21.15.64:0/3046337500 --> [v2:172.21.15.64:3300/0,v1:172.21.15.64:6789/0] -- mon_subscribe({mgrmap=0+}) -- 0x7f664c19bcb0 con 0x7f664c106320
2024-08-19T01:24:21.915 INFO:teuthology.orchestra.run.smithi064.stdout:/usr/bin/ceph: stderr
2024-08-19T01:24:17.271+0000 7f6648d99640 1 -- 172.21.15.64:0/3046337500 <== mon.0 v2:172.21.15.64:3300/0 3 ==== mon_map magic: 0 ==== 205+0+0 (secure 0 0 0) 0x7f663c03a390 con 0x7f664c106320
2024-08-19T01:24:21.915 INFO:teuthology.orchestra.run.smithi064.stdout:/usr/bin/ceph: stderr
2024-08-19T01:24:17.271+0000 7f6651103640 1 -- 172.21.15.64:0/3046337500 --> [v2:172.21.15.64:3300/0,v1:172.21.15.64:6789/0] -- mon_subscribe({osdmap=0}) -- 0x7f664c19e9a0 con 0x7f664c106320
2024-08-19T01:24:21.915 INFO:teuthology.orchestra.run.smithi064.stdout:/usr/bin/ceph: stderr
2024-08-19T01:24:17.272+0000 7f6648d99640 1 -- 172.21.15.64:0/3046337500 <== mon.0 v2:172.21.15.64:3300/0 4 ==== mgrmap(e 8) ==== 46287+0+0 (secure 0 0 0) 0x7f663c03a600 con 0x7f664c106320
2024-08-19T01:24:21.915 INFO:teuthology.orchestra.run.smithi064.stdout:/usr/bin/ceph: stderr
2024-08-19T01:24:17.272+0000 7f6651103640 1 -- 172.21.15.64:0/3046337500 --> [v2:172.21.15.64:3300/0,v1:172.21.15.64:6789/0] -- mon_command({"prefix": "get_command_descriptions"} v 0) -- 0x7f664c10aa50 con 0x7f664c106320
2024-08-19T01:24:21.915 INFO:teuthology.orchestra.run.smithi064.stdout:/usr/bin/ceph: stderr
2024-08-19T01:24:17.272+0000 7f6648d99640 1 --2- 172.21.15.64:0/3046337500 >> [v2:172.21.15.64:6800/2403632526,v1:172.21.15.64:6801/2403632526] conn(0x7f6638038fc0 0x7f663803b480 unknown :-1 s=NONE pgs=0 cs=0 l=1 rev1=0 crypto rx=0 tx=0 comp rx=0 tx=0).connect
2024-08-19T01:24:21.915 INFO:teuthology.orchestra.run.smithi064.stdout:/usr/bin/ceph: stderr
2024-08-19T01:24:17.272+0000 7f6648d99640 1 -- 172.21.15.64:0/3046337500 <== mon.0 v2:172.21.15.64:3300/0 5 ==== osd_map(2..2 src has 1..2) ==== 940+0+0 (secure 0 0 0) 0x7f663c06c450 con 0x7f664c106320
2024-08-19T01:24:21.915 INFO:teuthology.orchestra.run.smithi064.stdout:/usr/bin/ceph: stderr
2024-08-19T01:24:17.272+0000 7f6643fff640 1 --2- 172.21.15.64:0/3046337500 >> [v2:172.21.15.64:6800/2403632526,v1:172.21.15.64:6801/2403632526] conn(0x7f6638038fc0 0x7f663803b480 unknown :-1 s=BANNER_CONNECTING pgs=0 cs=0 l=1 rev1=0 crypto rx=0 tx=0 comp rx=0 tx=0)._handle_peer_banner_payload supported=3 required=0
2024-08-19T01:24:21.915 INFO:teuthology.orchestra.run.smithi064.stdout:/usr/bin/ceph: stderr
2024-08-19T01:24:17.272+0000 7f6643fff640 1 --2- 172.21.15.64:0/3046337500 >> [v2:172.21.15.64:6800/2403632526,v1:172.21.15.64:6801/2403632526] conn(0x7f6638038fc0 0x7f663803b480 secure :-1 s=READY pgs=11 cs=0 l=1 rev1=1 crypto rx=0x7f66340098c0 tx=0x7f6634006db0 comp rx=0 tx=0).ready entity=mgr.14118 client_cookie=0 server_cookie=0 in_seq=0 out_seq=0
2024-08-19T01:24:21.915 INFO:teuthology.orchestra.run.smithi064.stdout:/usr/bin/ceph: stderr
2024-08-19T01:24:17.277+0000 7f6648d99640 1 -- 172.21.15.64:0/3046337500 <== mon.0 v2:172.21.15.64:3300/0 6 ==== mon_command_ack([{"prefix": "get_command_descriptions"}]=0 v0) ==== 72+0+187871 (secure 0 0 0) 0x7f663c03a9f0 con 0x7f664c106320
2024-08-19T01:24:21.915 INFO:teuthology.orchestra.run.smithi064.stdout:/usr/bin/ceph: stderr
2024-08-19T01:24:17.457+0000 7f6651103640 1 -- 172.21.15.64:0/3046337500 --> [v2:172.21.15.64:6800/2403632526,v1:172.21.15.64:6801/2403632526] -- mgr_command(tid 0: {"prefix": "orch host add", "hostname": "smithi064", "addr": "172.21.15.64", "target": ["mon-mgr", ""]}) -- 0x7f664c02d860 con 0x7f6638038fc0
2024-08-19T01:24:21.915 INFO:teuthology.orchestra.run.smithi064.stdout:/usr/bin/ceph: stderr
2024-08-19T01:24:21.319+0000 7f6648d99640 1 -- 172.21.15.64:0/3046337500 <== mgr.14118 v2:172.21.15.64:6800/2403632526 1 ==== mgr_command_reply(tid 0: 0 ) ==== 8+0+48 (secure 0 0 0) 0x7f664c02d860 con 0x7f6638038fc0
2024-08-19T01:24:21.916 INFO:teuthology.orchestra.run.smithi064.stdout:/usr/bin/ceph: stderr
2024-08-19T01:24:21.321+0000 7f6651103640 1 -- 172.21.15.64:0/3046337500 >> [v2:172.21.15.64:6800/2403632526,v1:172.21.15.64:6801/2403632526] conn(0x7f6638038fc0 msgr2=0x7f663803b480 secure :-1 s=STATE_CONNECTION_ESTABLISHED l=1).mark_down
2024-08-19T01:24:21.916 INFO:teuthology.orchestra.run.smithi064.stdout:/usr/bin/ceph: stderr
2024-08-19T01:24:21.321+0000 7f6651103640 1 --2- 172.21.15.64:0/3046337500 >> [v2:172.21.15.64:6800/2403632526,v1:172.21.15.64:6801/2403632526] conn(0x7f6638038fc0 0x7f663803b480 secure :-1 s=READY pgs=11 cs=0 l=1 rev1=1 crypto rx=0x7f66340098c0 tx=0x7f6634006db0 comp rx=0 tx=0).stop
2024-08-19T01:24:21.916 INFO:teuthology.orchestra.run.smithi064.stdout:/usr/bin/ceph: stderr
2024-08-19T01:24:21.321+0000 7f6651103640 1 -- 172.21.15.64:0/3046337500 >> [v2:172.21.15.64:3300/0,v1:172.21.15.64:6789/0] conn(0x7f664c106320 msgr2=0x7f664c19b4e0 secure :-1 s=STATE_CONNECTION_ESTABLISHED l=1).mark_down
2024-08-19T01:24:21.916 INFO:teuthology.orchestra.run.smithi064.stdout:/usr/bin/ceph: stderr
2024-08-19T01:24:21.321+0000 7f6651103640 1 --2- 172.21.15.64:0/3046337500 >> [v2:172.21.15.64:3300/0,v1:172.21.15.64:6789/0] conn(0x7f664c106320 0x7f664c19b4e0 secure :-1 s=READY pgs=44 cs=0 l=1 rev1=1 crypto rx=0x7f663c0097f0 tx=0x7f663c030d80 comp rx=0 tx=0).stop
2024-08-19T01:24:21.916 INFO:teuthology.orchestra.run.smithi064.stdout:/usr/bin/ceph: stderr
2024-08-19T01:24:21.322+0000 7f6651103640 1 -- 172.21.15.64:0/3046337500 shutdown_connections
2024-08-19T01:24:21.916 INFO:teuthology.orchestra.run.smithi064.stdout:/usr/bin/ceph: stderr
2024-08-19T01:24:21.322+0000 7f6651103640 1 --2- 172.21.15.64:0/3046337500 >> [v2:172.21.15.64:6800/2403632526,v1:172.21.15.64:6801/2403632526] conn(0x7f6638038fc0 0x7f663803b480 unknown :-1 s=CLOSED pgs=11 cs=0 l=1 rev1=1 crypto rx=0 tx=0 comp rx=0 tx=0).stop
2024-08-19T01:24:21.916 INFO:teuthology.orchestra.run.smithi064.stdout:/usr/bin/ceph: stderr
2024-08-19T01:24:21.322+0000 7f6651103640 1 --2- 172.21.15.64:0/3046337500 >> [v2:172.21.15.64:3300/0,v1:172.21.15.64:6789/0] conn(0x7f664c106320 0x7f664c19b4e0 unknown :-1 s=CLOSED pgs=44 cs=0 l=1 rev1=1 crypto rx=0 tx=0 comp rx=0 tx=0).stop
2024-08-19T01:24:21.916 INFO:teuthology.orchestra.run.smithi064.stdout:/usr/bin/ceph: stderr
2024-08-19T01:24:21.322+0000 7f6651103640 1 -- 172.21.15.64:0/3046337500 >> 172.21.15.64:0/3046337500 conn(0x7f664c101b10 msgr2=0x7f664c102a80 unknown :-1 s=STATE_NONE l=0).mark_down
2024-08-19T01:24:21.916 INFO:teuthology.orchestra.run.smithi064.stdout:/usr/bin/ceph: stderr
2024-08-19T01:24:21.322+0000 7f6651103640 1 -- 172.21.15.64:0/3046337500 shutdown_connections
2024-08-19T01:24:21.916 INFO:teuthology.orchestra.run.smithi064.stdout:/usr/bin/ceph: stderr
2024-08-19T01:24:21.322+0000 7f6651103640 1 -- 172.21.15.64:0/3046337500 wait complete.
2024-08-19T01:24:21.916 INFO:teuthology.orchestra.run.smithi064.stdout:Deploying unmanaged mon service...
2024-08-19T01:24:22.535 INFO:journalctl@ceph.mon.a.smithi064.stdout:Aug 19 01:24:22 smithi064 ceph-mon[18515]: from='mgr.14118 172.21.15.64:0/2388279968' entity='mgr.x'
2024-08-19T01:24:22.535 INFO:journalctl@ceph.mon.a.smithi064.stdout:Aug 19 01:24:22 smithi064 ceph-mon[18515]: Added host smithi064
2024-08-19T01:24:22.535 INFO:journalctl@ceph.mon.a.smithi064.stdout:Aug 19 01:24:22 smithi064 ceph-mon[18515]: from='mgr.14118 172.21.15.64:0/2388279968' entity='mgr.x' cmd=[{"prefix": "config dump", "format": "json"}]: dispatch
2024-08-19T01:24:23.270 INFO:teuthology.orchestra.run.smithi064.stdout:/usr/bin/ceph: stdout Scheduled mon update...
2024-08-19T01:24:23.270 INFO:teuthology.orchestra.run.smithi064.stdout:/usr/bin/ceph: stderr
2024-08-19T01:24:22.277+0000 7fd9789a2640 1 Processor -- start
2024-08-19T01:24:23.270 INFO:teuthology.orchestra.run.smithi064.stdout:/usr/bin/ceph: stderr
2024-08-19T01:24:22.277+0000 7fd9789a2640 1 -- start start
2024-08-19T01:24:23.270 INFO:teuthology.orchestra.run.smithi064.stdout:/usr/bin/ceph: stderr
2024-08-19T01:24:22.277+0000 7fd9789a2640 1 --2- >> [v2:172.21.15.64:3300/0,v1:172.21.15.64:6789/0] conn(0x7fd974105df0 0x7fd9741061f0 unknown :-1 s=NONE pgs=0 cs=0 l=0 rev1=0 crypto rx=0 tx=0 comp rx=0 tx=0).connect
2024-08-19T01:24:23.270 INFO:teuthology.orchestra.run.smithi064.stdout:/usr/bin/ceph: stderr
2024-08-19T01:24:22.277+0000 7fd9789a2640 1 -- --> [v2:172.21.15.64:3300/0,v1:172.21.15.64:6789/0] -- mon_getmap magic: 0 -- 0x7fd97407bda0 con 0x7fd974105df0
2024-08-19T01:24:23.270 INFO:teuthology.orchestra.run.smithi064.stdout:/usr/bin/ceph: stderr
2024-08-19T01:24:22.278+0000 7fd97259c640 1 --2- >> [v2:172.21.15.64:3300/0,v1:172.21.15.64:6789/0] conn(0x7fd974105df0 0x7fd9741061f0 unknown :-1 s=BANNER_CONNECTING pgs=0 cs=0 l=0 rev1=0 crypto rx=0 tx=0 comp rx=0 tx=0)._handle_peer_banner_payload supported=3 required=0
2024-08-19T01:24:23.270 INFO:teuthology.orchestra.run.smithi064.stdout:/usr/bin/ceph: stderr
2024-08-19T01:24:22.278+0000 7fd97259c640 1 --2- >> [v2:172.21.15.64:3300/0,v1:172.21.15.64:6789/0] conn(0x7fd974105df0 0x7fd9741061f0 unknown :-1 s=HELLO_CONNECTING pgs=0 cs=0 l=0 rev1=1 crypto rx=0 tx=0 comp rx=0 tx=0).handle_hello peer v2:172.21.15.64:3300/0 says I am v2:172.21.15.64:40004/0 (socket says 172.21.15.64:40004)
2024-08-19T01:24:23.270 INFO:teuthology.orchestra.run.smithi064.stdout:/usr/bin/ceph: stderr
2024-08-19T01:24:22.278+0000 7fd97259c640 1 -- 172.21.15.64:0/1372087050 learned_addr learned my addr 172.21.15.64:0/1372087050 (peer_addr_for_me v2:172.21.15.64:0/0)
2024-08-19T01:24:23.270 INFO:teuthology.orchestra.run.smithi064.stdout:/usr/bin/ceph: stderr
2024-08-19T01:24:22.278+0000 7fd97259c640 1 -- 172.21.15.64:0/1372087050 --> [v2:172.21.15.64:3300/0,v1:172.21.15.64:6789/0] -- mon_subscribe({config=0+,monmap=0+}) -- 0x7fd974106730 con 0x7fd974105df0
2024-08-19T01:24:23.270 INFO:teuthology.orchestra.run.smithi064.stdout:/usr/bin/ceph: stderr
2024-08-19T01:24:22.279+0000 7fd97259c640 1 --2- 172.21.15.64:0/1372087050 >> [v2:172.21.15.64:3300/0,v1:172.21.15.64:6789/0] conn(0x7fd974105df0 0x7fd9741061f0 secure :-1 s=READY pgs=45 cs=0 l=1 rev1=1 crypto rx=0x7fd964009820 tx=0x7fd96402a270 comp rx=0 tx=0).ready entity=mon.0 client_cookie=f521e6db34f2db88 server_cookie=0 in_seq=0 out_seq=0
2024-08-19T01:24:23.270 INFO:teuthology.orchestra.run.smithi064.stdout:/usr/bin/ceph: stderr
2024-08-19T01:24:22.279+0000 7fd97159a640 1 -- 172.21.15.64:0/1372087050 <== mon.0 v2:172.21.15.64:3300/0 1 ==== mon_map magic: 0 ==== 205+0+0 (secure 0 0 0) 0x7fd964037070 con 0x7fd974105df0
2024-08-19T01:24:23.270 INFO:teuthology.orchestra.run.smithi064.stdout:/usr/bin/ceph: stderr
2024-08-19T01:24:22.279+0000 7fd97159a640 1 -- 172.21.15.64:0/1372087050 <== mon.0 v2:172.21.15.64:3300/0 2 ==== config(27 keys) ==== 1109+0+0 (secure 0 0 0) 0x7fd964032900 con 0x7fd974105df0
2024-08-19T01:24:23.271 INFO:teuthology.orchestra.run.smithi064.stdout:/usr/bin/ceph: stderr
2024-08-19T01:24:22.279+0000 7fd97159a640 1 -- 172.21.15.64:0/1372087050 <== mon.0 v2:172.21.15.64:3300/0 3 ==== mon_map magic: 0 ==== 205+0+0 (secure 0 0 0) 0x7fd964030850 con 0x7fd974105df0
2024-08-19T01:24:23.271 INFO:teuthology.orchestra.run.smithi064.stdout:/usr/bin/ceph: stderr
2024-08-19T01:24:22.280+0000 7fd9789a2640 1 -- 172.21.15.64:0/1372087050 >> [v2:172.21.15.64:3300/0,v1:172.21.15.64:6789/0] conn(0x7fd974105df0 msgr2=0x7fd9741061f0 secure :-1 s=STATE_CONNECTION_ESTABLISHED l=1).mark_down
2024-08-19T01:24:23.271 INFO:teuthology.orchestra.run.smithi064.stdout:/usr/bin/ceph: stderr
2024-08-19T01:24:22.280+0000 7fd9789a2640 1 --2- 172.21.15.64:0/1372087050 >> [v2:172.21.15.64:3300/0,v1:172.21.15.64:6789/0] conn(0x7fd974105df0 0x7fd9741061f0 secure :-1 s=READY pgs=45 cs=0 l=1 rev1=1 crypto rx=0x7fd964009820 tx=0x7fd96402a270 comp rx=0 tx=0).stop
2024-08-19T01:24:23.271 INFO:teuthology.orchestra.run.smithi064.stdout:/usr/bin/ceph: stderr
2024-08-19T01:24:22.280+0000 7fd9789a2640 1 -- 172.21.15.64:0/1372087050 shutdown_connections
2024-08-19T01:24:23.271 INFO:teuthology.orchestra.run.smithi064.stdout:/usr/bin/ceph: stderr
2024-08-19T01:24:22.280+0000 7fd9789a2640 1 --2- 172.21.15.64:0/1372087050 >> [v2:172.21.15.64:3300/0,v1:172.21.15.64:6789/0] conn(0x7fd974105df0 0x7fd9741061f0 unknown :-1 s=CLOSED pgs=45 cs=0 l=1 rev1=1 crypto rx=0 tx=0 comp rx=0 tx=0).stop
2024-08-19T01:24:23.271 INFO:teuthology.orchestra.run.smithi064.stdout:/usr/bin/ceph: stderr
2024-08-19T01:24:22.280+0000 7fd9789a2640 1 -- 172.21.15.64:0/1372087050 >> 172.21.15.64:0/1372087050 conn(0x7fd974101b60 msgr2=0x7fd974103fe0 unknown :-1 s=STATE_NONE l=0).mark_down
2024-08-19T01:24:23.271 INFO:teuthology.orchestra.run.smithi064.stdout:/usr/bin/ceph: stderr
2024-08-19T01:24:22.280+0000 7fd9789a2640 1 -- 172.21.15.64:0/1372087050 shutdown_connections
2024-08-19T01:24:23.271 INFO:teuthology.orchestra.run.smithi064.stdout:/usr/bin/ceph: stderr
2024-08-19T01:24:22.280+0000 7fd9789a2640 1 -- 172.21.15.64:0/1372087050 wait complete.
2024-08-19T01:24:23.271 INFO:teuthology.orchestra.run.smithi064.stdout:/usr/bin/ceph: stderr
2024-08-19T01:24:22.281+0000 7fd9789a2640 1 Processor -- start
2024-08-19T01:24:23.271 INFO:teuthology.orchestra.run.smithi064.stdout:/usr/bin/ceph: stderr
2024-08-19T01:24:22.281+0000 7fd9789a2640 1 -- start start
2024-08-19T01:24:23.271 INFO:teuthology.orchestra.run.smithi064.stdout:/usr/bin/ceph: stderr
2024-08-19T01:24:22.281+0000 7fd9789a2640 1 --2- >> [v2:172.21.15.64:3300/0,v1:172.21.15.64:6789/0] conn(0x7fd974105df0 0x7fd97419d640 unknown :-1 s=NONE pgs=0 cs=0 l=1 rev1=0 crypto rx=0 tx=0 comp rx=0 tx=0).connect
2024-08-19T01:24:23.271 INFO:teuthology.orchestra.run.smithi064.stdout:/usr/bin/ceph: stderr
2024-08-19T01:24:22.281+0000 7fd9789a2640 1 -- --> [v2:172.21.15.64:3300/0,v1:172.21.15.64:6789/0] -- mon_getmap magic: 0 -- 0x7fd974107640 con 0x7fd974105df0
2024-08-19T01:24:23.271 INFO:teuthology.orchestra.run.smithi064.stdout:/usr/bin/ceph: stderr
2024-08-19T01:24:22.281+0000 7fd97259c640 1 --2- >> [v2:172.21.15.64:3300/0,v1:172.21.15.64:6789/0] conn(0x7fd974105df0 0x7fd97419d640 unknown :-1 s=BANNER_CONNECTING pgs=0 cs=0 l=1 rev1=0 crypto rx=0 tx=0 comp rx=0 tx=0)._handle_peer_banner_payload supported=3 required=0
2024-08-19T01:24:23.271 INFO:teuthology.orchestra.run.smithi064.stdout:/usr/bin/ceph: stderr
2024-08-19T01:24:22.281+0000 7fd97259c640 1 --2- >> [v2:172.21.15.64:3300/0,v1:172.21.15.64:6789/0] conn(0x7fd974105df0 0x7fd97419d640 unknown :-1 s=HELLO_CONNECTING pgs=0 cs=0 l=1 rev1=1 crypto rx=0 tx=0 comp rx=0 tx=0).handle_hello peer v2:172.21.15.64:3300/0 says I am v2:172.21.15.64:40016/0 (socket says 172.21.15.64:40016)
2024-08-19T01:24:23.271 INFO:teuthology.orchestra.run.smithi064.stdout:/usr/bin/ceph: stderr
2024-08-19T01:24:22.281+0000 7fd97259c640 1 -- 172.21.15.64:0/345321458 learned_addr learned my addr 172.21.15.64:0/345321458 (peer_addr_for_me v2:172.21.15.64:0/0)
2024-08-19T01:24:23.272 INFO:teuthology.orchestra.run.smithi064.stdout:/usr/bin/ceph: stderr
2024-08-19T01:24:22.281+0000 7fd97259c640 1 -- 172.21.15.64:0/345321458 --> [v2:172.21.15.64:3300/0,v1:172.21.15.64:6789/0] -- mon_subscribe({config=0+,monmap=0+}) -- 0x7fd97419db80 con 0x7fd974105df0
2024-08-19T01:24:23.272 INFO:teuthology.orchestra.run.smithi064.stdout:/usr/bin/ceph: stderr
2024-08-19T01:24:22.281+0000 7fd97259c640 1 --2- 172.21.15.64:0/345321458 >> [v2:172.21.15.64:3300/0,v1:172.21.15.64:6789/0] conn(0x7fd974105df0 0x7fd97419d640 secure :-1 s=READY pgs=46 cs=0 l=1 rev1=1 crypto rx=0x7fd964031000 tx=0x7fd9640326e0 comp rx=0 tx=0).ready entity=mon.0 client_cookie=0 server_cookie=0 in_seq=0 out_seq=0
2024-08-19T01:24:23.272 INFO:teuthology.orchestra.run.smithi064.stdout:/usr/bin/ceph: stderr
2024-08-19T01:24:22.282+0000 7fd9637fe640 1 -- 172.21.15.64:0/345321458 <== mon.0 v2:172.21.15.64:3300/0 1 ==== mon_map magic: 0 ==== 205+0+0 (secure 0 0 0) 0x7fd964042070 con 0x7fd974105df0
2024-08-19T01:24:23.272 INFO:teuthology.orchestra.run.smithi064.stdout:/usr/bin/ceph: stderr
2024-08-19T01:24:22.282+0000 7fd9637fe640 1 -- 172.21.15.64:0/345321458 <== mon.0 v2:172.21.15.64:3300/0 2 ==== config(27 keys) ==== 1109+0+0 (secure 0 0 0) 0x7fd964032be0 con 0x7fd974105df0
2024-08-19T01:24:23.272 INFO:teuthology.orchestra.run.smithi064.stdout:/usr/bin/ceph: stderr
2024-08-19T01:24:22.282+0000 7fd9789a2640 1 -- 172.21.15.64:0/345321458 --> [v2:172.21.15.64:3300/0,v1:172.21.15.64:6789/0] -- mon_subscribe({mgrmap=0+}) -- 0x7fd97419de10 con 0x7fd974105df0
2024-08-19T01:24:23.272 INFO:teuthology.orchestra.run.smithi064.stdout:/usr/bin/ceph: stderr
2024-08-19T01:24:22.282+0000 7fd9789a2640 1 -- 172.21.15.64:0/345321458 --> [v2:172.21.15.64:3300/0,v1:172.21.15.64:6789/0] -- mon_subscribe({osdmap=0}) -- 0x7fd9741a0b00 con 0x7fd974105df0
2024-08-19T01:24:23.272 INFO:teuthology.orchestra.run.smithi064.stdout:/usr/bin/ceph: stderr
2024-08-19T01:24:22.282+0000 7fd9637fe640 1 -- 172.21.15.64:0/345321458 <== mon.0 v2:172.21.15.64:3300/0 3 ==== mon_map magic: 0 ==== 205+0+0 (secure 0 0 0) 0x7fd964037040 con 0x7fd974105df0
2024-08-19T01:24:23.272 INFO:teuthology.orchestra.run.smithi064.stdout:/usr/bin/ceph: stderr
2024-08-19T01:24:22.283+0000 7fd9637fe640 1 -- 172.21.15.64:0/345321458 <== mon.0 v2:172.21.15.64:3300/0 4 ==== mgrmap(e 8) ==== 46287+0+0 (secure 0 0 0) 0x7fd964045070 con 0x7fd974105df0
2024-08-19T01:24:23.272 INFO:teuthology.orchestra.run.smithi064.stdout:/usr/bin/ceph: stderr
2024-08-19T01:24:22.283+0000 7fd9789a2640 1 -- 172.21.15.64:0/345321458 --> [v2:172.21.15.64:3300/0,v1:172.21.15.64:6789/0] -- mon_command({"prefix": "get_command_descriptions"} v 0) -- 0x7fd9540052c0 con 0x7fd974105df0
2024-08-19T01:24:23.272 INFO:teuthology.orchestra.run.smithi064.stdout:/usr/bin/ceph: stderr
2024-08-19T01:24:22.283+0000 7fd9637fe640 1 --2- 172.21.15.64:0/345321458 >> [v2:172.21.15.64:6800/2403632526,v1:172.21.15.64:6801/2403632526] conn(0x7fd95c038fc0 0x7fd95c03b480 unknown :-1 s=NONE pgs=0 cs=0 l=1 rev1=0 crypto rx=0 tx=0 comp rx=0 tx=0).connect
2024-08-19T01:24:23.272 INFO:teuthology.orchestra.run.smithi064.stdout:/usr/bin/ceph: stderr
2024-08-19T01:24:22.283+0000 7fd9637fe640 1 -- 172.21.15.64:0/345321458 <== mon.0 v2:172.21.15.64:3300/0 5 ==== osd_map(2..2 src has 1..2) ==== 940+0+0 (secure 0 0 0) 0x7fd96406d020 con 0x7fd974105df0
2024-08-19T01:24:23.272 INFO:teuthology.orchestra.run.smithi064.stdout:/usr/bin/ceph: stderr
2024-08-19T01:24:22.283+0000 7fd971d9b640 1 --2- 172.21.15.64:0/345321458 >> [v2:172.21.15.64:6800/2403632526,v1:172.21.15.64:6801/2403632526] conn(0x7fd95c038fc0 0x7fd95c03b480 unknown :-1 s=BANNER_CONNECTING pgs=0 cs=0 l=1 rev1=0 crypto rx=0 tx=0 comp rx=0 tx=0)._handle_peer_banner_payload supported=3 required=0
2024-08-19T01:24:23.272 INFO:teuthology.orchestra.run.smithi064.stdout:/usr/bin/ceph: stderr
2024-08-19T01:24:22.284+0000 7fd971d9b640 1 --2- 172.21.15.64:0/345321458 >> [v2:172.21.15.64:6800/2403632526,v1:172.21.15.64:6801/2403632526] conn(0x7fd95c038fc0 0x7fd95c03b480 secure :-1 s=READY pgs=12 cs=0 l=1 rev1=1 crypto rx=0x7fd9680098c0 tx=0x7fd968006db0 comp rx=0 tx=0).ready entity=mgr.14118 client_cookie=0 server_cookie=0 in_seq=0 out_seq=0
2024-08-19T01:24:23.272 INFO:teuthology.orchestra.run.smithi064.stdout:/usr/bin/ceph: stderr
2024-08-19T01:24:22.290+0000 7fd9637fe640 1 -- 172.21.15.64:0/345321458 <== mon.0 v2:172.21.15.64:3300/0 6 ==== mon_command_ack([{"prefix": "get_command_descriptions"}]=0 v0) ==== 72+0+187871 (secure 0 0 0) 0x7fd964045360 con 0x7fd974105df0
2024-08-19T01:24:23.272 INFO:teuthology.orchestra.run.smithi064.stdout:/usr/bin/ceph: stderr
2024-08-19T01:24:22.491+0000 7fd9789a2640 1 -- 172.21.15.64:0/345321458 --> [v2:172.21.15.64:6800/2403632526,v1:172.21.15.64:6801/2403632526] -- mgr_command(tid 0: {"prefix": "orch apply", "service_type": "mon", "unmanaged": true, "target": ["mon-mgr", ""]}) -- 0x7fd954000bf0 con 0x7fd95c038fc0
2024-08-19T01:24:23.273 INFO:teuthology.orchestra.run.smithi064.stdout:/usr/bin/ceph: stderr
2024-08-19T01:24:22.495+0000 7fd9637fe640 1 -- 172.21.15.64:0/345321458 <== mgr.14118 v2:172.21.15.64:6800/2403632526 1 ==== mgr_command_reply(tid 0: 0 ) ==== 8+0+24 (secure 0 0 0) 0x7fd954000bf0 con 0x7fd95c038fc0
2024-08-19T01:24:23.273 INFO:teuthology.orchestra.run.smithi064.stdout:/usr/bin/ceph: stderr
2024-08-19T01:24:22.497+0000 7fd9789a2640 1 -- 172.21.15.64:0/345321458 >> [v2:172.21.15.64:6800/2403632526,v1:172.21.15.64:6801/2403632526] conn(0x7fd95c038fc0 msgr2=0x7fd95c03b480 secure :-1 s=STATE_CONNECTION_ESTABLISHED l=1).mark_down
2024-08-19T01:24:23.273 INFO:teuthology.orchestra.run.smithi064.stdout:/usr/bin/ceph: stderr
2024-08-19T01:24:22.497+0000 7fd9789a2640 1 --2- 172.21.15.64:0/345321458 >> [v2:172.21.15.64:6800/2403632526,v1:172.21.15.64:6801/2403632526] conn(0x7fd95c038fc0 0x7fd95c03b480 secure :-1 s=READY pgs=12 cs=0 l=1 rev1=1 crypto rx=0x7fd9680098c0 tx=0x7fd968006db0 comp rx=0 tx=0).stop
2024-08-19T01:24:23.273 INFO:teuthology.orchestra.run.smithi064.stdout:/usr/bin/ceph: stderr
2024-08-19T01:24:22.497+0000 7fd9789a2640 1 -- 172.21.15.64:0/345321458 >> [v2:172.21.15.64:3300/0,v1:172.21.15.64:6789/0] conn(0x7fd974105df0 msgr2=0x7fd97419d640 secure :-1 s=STATE_CONNECTION_ESTABLISHED l=1).mark_down
2024-08-19T01:24:23.273 INFO:teuthology.orchestra.run.smithi064.stdout:/usr/bin/ceph: stderr
2024-08-19T01:24:22.497+0000 7fd9789a2640 1 --2- 172.21.15.64:0/345321458 >> [v2:172.21.15.64:3300/0,v1:172.21.15.64:6789/0] conn(0x7fd974105df0 0x7fd97419d640 secure :-1 s=READY pgs=46 cs=0 l=1 rev1=1 crypto rx=0x7fd964031000 tx=0x7fd9640326e0 comp rx=0 tx=0).stop
2024-08-19T01:24:23.273 INFO:teuthology.orchestra.run.smithi064.stdout:/usr/bin/ceph: stderr
2024-08-19T01:24:22.497+0000 7fd9789a2640 1 -- 172.21.15.64:0/345321458 shutdown_connections
2024-08-19T01:24:23.273 INFO:teuthology.orchestra.run.smithi064.stdout:/usr/bin/ceph: stderr
2024-08-19T01:24:22.497+0000 7fd9789a2640 1 --2- 172.21.15.64:0/345321458 >> [v2:172.21.15.64:6800/2403632526,v1:172.21.15.64:6801/2403632526] conn(0x7fd95c038fc0 0x7fd95c03b480 unknown :-1 s=CLOSED pgs=12 cs=0 l=1 rev1=1 crypto rx=0 tx=0 comp rx=0 tx=0).stop
2024-08-19T01:24:23.273 INFO:teuthology.orchestra.run.smithi064.stdout:/usr/bin/ceph: stderr
2024-08-19T01:24:22.497+0000 7fd9789a2640 1 --2- 172.21.15.64:0/345321458 >> [v2:172.21.15.64:3300/0,v1:172.21.15.64:6789/0] conn(0x7fd974105df0 0x7fd97419d640 unknown :-1 s=CLOSED pgs=46 cs=0 l=1 rev1=1 crypto rx=0 tx=0 comp rx=0 tx=0).stop
2024-08-19T01:24:23.273 INFO:teuthology.orchestra.run.smithi064.stdout:/usr/bin/ceph: stderr
2024-08-19T01:24:22.497+0000 7fd9789a2640 1 -- 172.21.15.64:0/345321458 >> 172.21.15.64:0/345321458 conn(0x7fd974101b60 msgr2=0x7fd9741942a0 unknown :-1 s=STATE_NONE l=0).mark_down
2024-08-19T01:24:23.273 INFO:teuthology.orchestra.run.smithi064.stdout:/usr/bin/ceph: stderr
2024-08-19T01:24:22.498+0000 7fd9789a2640 1 -- 172.21.15.64:0/345321458 shutdown_connections
2024-08-19T01:24:23.273 INFO:teuthology.orchestra.run.smithi064.stdout:/usr/bin/ceph: stderr
2024-08-19T01:24:22.498+0000 7fd9789a2640 1 -- 172.21.15.64:0/345321458 wait complete.
2024-08-19T01:24:23.273 INFO:teuthology.orchestra.run.smithi064.stdout:Deploying unmanaged mgr service...
2024-08-19T01:24:23.586 INFO:journalctl@ceph.mon.a.smithi064.stdout:Aug 19 01:24:23 smithi064 ceph-mon[18515]: from='client.14140 -' entity='client.admin' cmd=[{"prefix": "orch apply", "service_type": "mon", "unmanaged": true, "target": ["mon-mgr", ""]}]: dispatch
2024-08-19T01:24:23.586 INFO:journalctl@ceph.mon.a.smithi064.stdout:Aug 19 01:24:23 smithi064 ceph-mon[18515]: Saving service mon spec with placement count:5
2024-08-19T01:24:23.586 INFO:journalctl@ceph.mon.a.smithi064.stdout:Aug 19 01:24:23 smithi064 ceph-mon[18515]: from='mgr.14118 172.21.15.64:0/2388279968' entity='mgr.x'
2024-08-19T01:24:24.411 INFO:teuthology.orchestra.run.smithi064.stdout:/usr/bin/ceph: stdout Scheduled mgr update...
2024-08-19T01:24:24.411 INFO:teuthology.orchestra.run.smithi064.stdout:/usr/bin/ceph: stderr
2024-08-19T01:24:23.687+0000 7f045b447640 1 Processor -- start
2024-08-19T01:24:24.411 INFO:teuthology.orchestra.run.smithi064.stdout:/usr/bin/ceph: stderr
2024-08-19T01:24:23.687+0000 7f045b447640 1 -- start start
2024-08-19T01:24:24.411 INFO:teuthology.orchestra.run.smithi064.stdout:/usr/bin/ceph: stderr
2024-08-19T01:24:23.687+0000 7f045b447640 1 --2- >> [v2:172.21.15.64:3300/0,v1:172.21.15.64:6789/0] conn(0x7f0454107f80 0x7f045410a370 unknown :-1 s=NONE pgs=0 cs=0 l=0 rev1=0 crypto rx=0 tx=0 comp rx=0 tx=0).connect
2024-08-19T01:24:24.411 INFO:teuthology.orchestra.run.smithi064.stdout:/usr/bin/ceph: stderr
2024-08-19T01:24:23.687+0000 7f045b447640 1 -- --> [v2:172.21.15.64:3300/0,v1:172.21.15.64:6789/0] -- mon_getmap magic: 0 -- 0x7f045407bda0 con 0x7f0454107f80
2024-08-19T01:24:24.411 INFO:teuthology.orchestra.run.smithi064.stdout:/usr/bin/ceph: stderr
2024-08-19T01:24:23.688+0000 7f04591e3640 1 --2- >> [v2:172.21.15.64:3300/0,v1:172.21.15.64:6789/0] conn(0x7f0454107f80 0x7f045410a370 unknown :-1 s=BANNER_CONNECTING pgs=0 cs=0 l=0 rev1=0 crypto rx=0 tx=0 comp rx=0 tx=0)._handle_peer_banner_payload supported=3 required=0
2024-08-19T01:24:24.411 INFO:teuthology.orchestra.run.smithi064.stdout:/usr/bin/ceph: stderr
2024-08-19T01:24:23.688+0000 7f04591e3640 1 --2- >> [v2:172.21.15.64:3300/0,v1:172.21.15.64:6789/0] conn(0x7f0454107f80 0x7f045410a370 unknown :-1 s=HELLO_CONNECTING pgs=0 cs=0 l=0 rev1=1 crypto rx=0 tx=0 comp rx=0 tx=0).handle_hello peer v2:172.21.15.64:3300/0 says I am v2:172.21.15.64:40020/0 (socket says 172.21.15.64:40020)
2024-08-19T01:24:24.411 INFO:teuthology.orchestra.run.smithi064.stdout:/usr/bin/ceph: stderr
2024-08-19T01:24:23.688+0000 7f04591e3640 1 -- 172.21.15.64:0/462481967 learned_addr learned my addr 172.21.15.64:0/462481967 (peer_addr_for_me v2:172.21.15.64:0/0)
2024-08-19T01:24:24.412 INFO:teuthology.orchestra.run.smithi064.stdout:/usr/bin/ceph: stderr
2024-08-19T01:24:23.688+0000 7f04591e3640 1 -- 172.21.15.64:0/462481967 --> [v2:172.21.15.64:3300/0,v1:172.21.15.64:6789/0] -- mon_subscribe({config=0+,monmap=0+}) -- 0x7f045410a8b0 con 0x7f0454107f80
2024-08-19T01:24:24.412 INFO:teuthology.orchestra.run.smithi064.stdout:/usr/bin/ceph: stderr
2024-08-19T01:24:23.689+0000 7f04591e3640 1 --2- 172.21.15.64:0/462481967 >> [v2:172.21.15.64:3300/0,v1:172.21.15.64:6789/0] conn(0x7f0454107f80 0x7f045410a370 secure :-1 s=READY pgs=47 cs=0 l=1 rev1=1 crypto rx=0x7f044c009820 tx=0x7f044c02a270 comp rx=0 tx=0).ready entity=mon.0 client_cookie=6fa673a2f34b90e3 server_cookie=0 in_seq=0 out_seq=0
2024-08-19T01:24:24.412 INFO:teuthology.orchestra.run.smithi064.stdout:/usr/bin/ceph: stderr
2024-08-19T01:24:23.689+0000 7f0453fff640 1 -- 172.21.15.64:0/462481967 <== mon.0 v2:172.21.15.64:3300/0 1 ==== mon_map magic: 0 ==== 205+0+0 (secure 0 0 0) 0x7f044c037070 con 0x7f0454107f80
2024-08-19T01:24:24.412 INFO:teuthology.orchestra.run.smithi064.stdout:/usr/bin/ceph: stderr
2024-08-19T01:24:23.689+0000 7f0453fff640 1 -- 172.21.15.64:0/462481967 <== mon.0 v2:172.21.15.64:3300/0 2 ==== config(27 keys) ==== 1109+0+0 (secure 0 0 0) 0x7f044c032900 con 0x7f0454107f80
2024-08-19T01:24:24.412 INFO:teuthology.orchestra.run.smithi064.stdout:/usr/bin/ceph: stderr
2024-08-19T01:24:23.689+0000 7f0453fff640 1 -- 172.21.15.64:0/462481967 <== mon.0 v2:172.21.15.64:3300/0 3 ==== mon_map magic: 0 ==== 205+0+0 (secure 0 0 0) 0x7f044c030850 con 0x7f0454107f80
2024-08-19T01:24:24.412 INFO:teuthology.orchestra.run.smithi064.stdout:/usr/bin/ceph: stderr
2024-08-19T01:24:23.689+0000 7f045b447640 1 -- 172.21.15.64:0/462481967 >> [v2:172.21.15.64:3300/0,v1:172.21.15.64:6789/0] conn(0x7f0454107f80 msgr2=0x7f045410a370 secure :-1 s=STATE_CONNECTION_ESTABLISHED l=1).mark_down
2024-08-19T01:24:24.412 INFO:teuthology.orchestra.run.smithi064.stdout:/usr/bin/ceph: stderr
2024-08-19T01:24:23.689+0000 7f045b447640 1 --2- 172.21.15.64:0/462481967 >> [v2:172.21.15.64:3300/0,v1:172.21.15.64:6789/0] conn(0x7f0454107f80 0x7f045410a370 secure :-1 s=READY pgs=47 cs=0 l=1 rev1=1 crypto rx=0x7f044c009820 tx=0x7f044c02a270 comp rx=0 tx=0).stop
2024-08-19T01:24:24.412 INFO:teuthology.orchestra.run.smithi064.stdout:/usr/bin/ceph: stderr
2024-08-19T01:24:23.689+0000 7f045b447640 1 -- 172.21.15.64:0/462481967 shutdown_connections
2024-08-19T01:24:24.412 INFO:teuthology.orchestra.run.smithi064.stdout:/usr/bin/ceph: stderr
2024-08-19T01:24:23.689+0000 7f045b447640 1 --2- 172.21.15.64:0/462481967 >> [v2:172.21.15.64:3300/0,v1:172.21.15.64:6789/0] conn(0x7f0454107f80 0x7f045410a370 unknown :-1 s=CLOSED pgs=47 cs=0 l=1 rev1=1 crypto rx=0 tx=0 comp rx=0 tx=0).stop
2024-08-19T01:24:24.412 INFO:teuthology.orchestra.run.smithi064.stdout:/usr/bin/ceph: stderr
2024-08-19T01:24:23.689+0000 7f045b447640 1 -- 172.21.15.64:0/462481967 >> 172.21.15.64:0/462481967 conn(0x7f0454101b60 msgr2=0x7f0454103f80 unknown :-1 s=STATE_NONE l=0).mark_down
2024-08-19T01:24:24.412 INFO:teuthology.orchestra.run.smithi064.stdout:/usr/bin/ceph: stderr
2024-08-19T01:24:23.690+0000 7f045b447640 1 -- 172.21.15.64:0/462481967 shutdown_connections
2024-08-19T01:24:24.412 INFO:teuthology.orchestra.run.smithi064.stdout:/usr/bin/ceph: stderr
2024-08-19T01:24:23.690+0000 7f045b447640 1 -- 172.21.15.64:0/462481967 wait complete.
2024-08-19T01:24:24.412 INFO:teuthology.orchestra.run.smithi064.stdout:/usr/bin/ceph: stderr
2024-08-19T01:24:23.690+0000 7f045b447640 1 Processor -- start
2024-08-19T01:24:24.413 INFO:teuthology.orchestra.run.smithi064.stdout:/usr/bin/ceph: stderr
2024-08-19T01:24:23.690+0000 7f045b447640 1 -- start start
2024-08-19T01:24:24.413 INFO:teuthology.orchestra.run.smithi064.stdout:/usr/bin/ceph: stderr
2024-08-19T01:24:23.690+0000 7f045b447640 1 --2- >> [v2:172.21.15.64:3300/0,v1:172.21.15.64:6789/0] conn(0x7f0454107f80 0x7f045419b400 unknown :-1 s=NONE pgs=0 cs=0 l=1 rev1=0 crypto rx=0 tx=0 comp rx=0 tx=0).connect
2024-08-19T01:24:24.413 INFO:teuthology.orchestra.run.smithi064.stdout:/usr/bin/ceph: stderr
2024-08-19T01:24:23.690+0000 7f045b447640 1 -- --> [v2:172.21.15.64:3300/0,v1:172.21.15.64:6789/0] -- mon_getmap magic: 0 -- 0x7f045410b830 con 0x7f0454107f80
2024-08-19T01:24:24.413 INFO:teuthology.orchestra.run.smithi064.stdout:/usr/bin/ceph: stderr
2024-08-19T01:24:23.690+0000 7f04591e3640 1 --2- >> [v2:172.21.15.64:3300/0,v1:172.21.15.64:6789/0] conn(0x7f0454107f80 0x7f045419b400 unknown :-1 s=BANNER_CONNECTING pgs=0 cs=0 l=1 rev1=0 crypto rx=0 tx=0 comp rx=0 tx=0)._handle_peer_banner_payload supported=3 required=0
2024-08-19T01:24:24.413 INFO:teuthology.orchestra.run.smithi064.stdout:/usr/bin/ceph: stderr
2024-08-19T01:24:23.691+0000 7f04591e3640 1 --2- >> [v2:172.21.15.64:3300/0,v1:172.21.15.64:6789/0] conn(0x7f0454107f80 0x7f045419b400 unknown :-1 s=HELLO_CONNECTING pgs=0 cs=0 l=1 rev1=1 crypto rx=0 tx=0 comp rx=0 tx=0).handle_hello peer v2:172.21.15.64:3300/0 says I am v2:172.21.15.64:40026/0 (socket says 172.21.15.64:40026)
2024-08-19T01:24:24.413 INFO:teuthology.orchestra.run.smithi064.stdout:/usr/bin/ceph: stderr
2024-08-19T01:24:23.691+0000 7f04591e3640 1 -- 172.21.15.64:0/896814432 learned_addr learned my addr 172.21.15.64:0/896814432 (peer_addr_for_me v2:172.21.15.64:0/0)
2024-08-19T01:24:24.413 INFO:teuthology.orchestra.run.smithi064.stdout:/usr/bin/ceph: stderr
2024-08-19T01:24:23.691+0000 7f04591e3640 1 -- 172.21.15.64:0/896814432 --> [v2:172.21.15.64:3300/0,v1:172.21.15.64:6789/0] -- mon_subscribe({config=0+,monmap=0+}) -- 0x7f045419b940 con 0x7f0454107f80
2024-08-19T01:24:24.413 INFO:teuthology.orchestra.run.smithi064.stdout:/usr/bin/ceph: stderr
2024-08-19T01:24:23.691+0000 7f04591e3640 1 --2- 172.21.15.64:0/896814432 >> [v2:172.21.15.64:3300/0,v1:172.21.15.64:6789/0] conn(0x7f0454107f80 0x7f045419b400 secure :-1 s=READY pgs=48 cs=0 l=1 rev1=1 crypto rx=0x7f044c032ce0 tx=0x7f044c032d10 comp rx=0 tx=0).ready entity=mon.0 client_cookie=0 server_cookie=0 in_seq=0 out_seq=0
2024-08-19T01:24:24.413 INFO:teuthology.orchestra.run.smithi064.stdout:/usr/bin/ceph: stderr
2024-08-19T01:24:23.691+0000 7f04527fc640 1 -- 172.21.15.64:0/896814432 <== mon.0 v2:172.21.15.64:3300/0 1 ==== mon_map magic: 0 ==== 205+0+0 (secure 0 0 0) 0x7f044c042070 con 0x7f0454107f80
2024-08-19T01:24:24.413 INFO:teuthology.orchestra.run.smithi064.stdout:/usr/bin/ceph: stderr
2024-08-19T01:24:23.691+0000 7f04527fc640 1 -- 172.21.15.64:0/896814432 <== mon.0 v2:172.21.15.64:3300/0 2 ==== config(27 keys) ==== 1109+0+0 (secure 0 0 0) 0x7f044c0308c0 con 0x7f0454107f80
2024-08-19T01:24:24.414 INFO:teuthology.orchestra.run.smithi064.stdout:/usr/bin/ceph: stderr
2024-08-19T01:24:23.691+0000 7f045b447640 1 -- 172.21.15.64:0/896814432 --> [v2:172.21.15.64:3300/0,v1:172.21.15.64:6789/0] -- mon_subscribe({mgrmap=0+}) -- 0x7f045419bbd0 con 0x7f0454107f80
2024-08-19T01:24:24.414 INFO:teuthology.orchestra.run.smithi064.stdout:/usr/bin/ceph: stderr
2024-08-19T01:24:23.691+0000 7f04527fc640 1 -- 172.21.15.64:0/896814432 <== mon.0 v2:172.21.15.64:3300/0 3 ==== mon_map magic: 0 ==== 205+0+0 (secure 0 0 0) 0x7f044c037040 con 0x7f0454107f80
2024-08-19T01:24:24.414 INFO:teuthology.orchestra.run.smithi064.stdout:/usr/bin/ceph: stderr
2024-08-19T01:24:23.691+0000 7f045b447640 1 -- 172.21.15.64:0/896814432 --> [v2:172.21.15.64:3300/0,v1:172.21.15.64:6789/0] -- mon_subscribe({osdmap=0}) -- 0x7f045419e8c0 con 0x7f0454107f80
2024-08-19T01:24:24.414 INFO:teuthology.orchestra.run.smithi064.stdout:/usr/bin/ceph: stderr
2024-08-19T01:24:23.692+0000 7f04527fc640 1 -- 172.21.15.64:0/896814432 <== mon.0 v2:172.21.15.64:3300/0 4 ==== mgrmap(e 8) ==== 46287+0+0 (secure 0 0 0) 0x7f044c045070 con 0x7f0454107f80
2024-08-19T01:24:24.414 INFO:teuthology.orchestra.run.smithi064.stdout:/usr/bin/ceph: stderr
2024-08-19T01:24:23.692+0000 7f045b447640 1 -- 172.21.15.64:0/896814432 --> [v2:172.21.15.64:3300/0,v1:172.21.15.64:6789/0] -- mon_command({"prefix": "get_command_descriptions"} v 0) -- 0x7f04541083e0 con 0x7f0454107f80
2024-08-19T01:24:24.414 INFO:teuthology.orchestra.run.smithi064.stdout:/usr/bin/ceph: stderr
2024-08-19T01:24:23.692+0000 7f04527fc640 1 --2- 172.21.15.64:0/896814432 >> [v2:172.21.15.64:6800/2403632526,v1:172.21.15.64:6801/2403632526] conn(0x7f043c038fc0 0x7f043c03b480 unknown :-1 s=NONE pgs=0 cs=0 l=1 rev1=0 crypto rx=0 tx=0 comp rx=0 tx=0).connect
2024-08-19T01:24:24.414 INFO:teuthology.orchestra.run.smithi064.stdout:/usr/bin/ceph: stderr
2024-08-19T01:24:23.692+0000 7f04527fc640 1 -- 172.21.15.64:0/896814432 <== mon.0 v2:172.21.15.64:3300/0 5 ==== osd_map(2..2 src has 1..2) ==== 940+0+0 (secure 0 0 0) 0x7f044c06bfd0 con 0x7f0454107f80
2024-08-19T01:24:24.414 INFO:teuthology.orchestra.run.smithi064.stdout:/usr/bin/ceph: stderr
2024-08-19T01:24:23.693+0000 7f04589e2640 1 --2- 172.21.15.64:0/896814432 >> [v2:172.21.15.64:6800/2403632526,v1:172.21.15.64:6801/2403632526] conn(0x7f043c038fc0 0x7f043c03b480 unknown :-1 s=BANNER_CONNECTING pgs=0 cs=0 l=1 rev1=0 crypto rx=0 tx=0 comp rx=0 tx=0)._handle_peer_banner_payload supported=3 required=0
2024-08-19T01:24:24.414 INFO:teuthology.orchestra.run.smithi064.stdout:/usr/bin/ceph: stderr
