2024-08-19T08:54:06.417+0000 7fd2006b9640 1 -- 172.21.15.103:0/4098588544 >> [v2:172.21.15.103:6800/698535890,v1:172.21.15.103:6801/698535890] conn(0x7fd1e403c890 msgr2=0x7fd1e403ec80 secure :-1 s=STATE_CONNECTION_ESTABLISHED l=1).mark_down
2024-08-19T08:54:07.227 INFO:teuthology.orchestra.run.smithi103.stdout:/usr/bin/ceph: stderr
2024-08-19T08:54:06.417+0000 7fd2006b9640 1 --2- 172.21.15.103:0/4098588544 >> [v2:172.21.15.103:6800/698535890,v1:172.21.15.103:6801/698535890] conn(0x7fd1e403c890 0x7fd1e403ec80 secure :-1 s=READY pgs=1 cs=0 l=1 rev1=1 crypto rx=0x7fd1e8003980 tx=0x7fd1e8006e10 comp rx=0 tx=0).stop
2024-08-19T08:54:07.227 INFO:teuthology.orchestra.run.smithi103.stdout:/usr/bin/ceph: stderr
2024-08-19T08:54:06.417+0000 7fd2006b9640 1 -- 172.21.15.103:0/4098588544 >> [v2:172.21.15.103:3300/0,v1:172.21.15.103:6789/0] conn(0x7fd1f8106610 msgr2=0x7fd1f81918b0 secure :-1 s=STATE_CONNECTION_ESTABLISHED l=1).mark_down
2024-08-19T08:54:07.227 INFO:teuthology.orchestra.run.smithi103.stdout:/usr/bin/ceph: stderr
2024-08-19T08:54:06.417+0000 7fd2006b9640 1 --2- 172.21.15.103:0/4098588544 >> [v2:172.21.15.103:3300/0,v1:172.21.15.103:6789/0] conn(0x7fd1f8106610 0x7fd1f81918b0 secure :-1 s=READY pgs=60 cs=0 l=1 rev1=1 crypto rx=0x7fd1f4032ea0 tx=0x7fd1f4032ed0 comp rx=0 tx=0).stop
2024-08-19T08:54:07.228 INFO:teuthology.orchestra.run.smithi103.stdout:/usr/bin/ceph: stderr
2024-08-19T08:54:06.417+0000 7fd2006b9640 1 -- 172.21.15.103:0/4098588544 shutdown_connections
2024-08-19T08:54:07.228 INFO:teuthology.orchestra.run.smithi103.stdout:/usr/bin/ceph: stderr
2024-08-19T08:54:06.417+0000 7fd2006b9640 1 --2- 172.21.15.103:0/4098588544 >> [v2:172.21.15.103:6800/698535890,v1:172.21.15.103:6801/698535890] conn(0x7fd1e403c890 0x7fd1e403ec80 unknown :-1 s=CLOSED pgs=1 cs=0 l=1 rev1=1 crypto rx=0 tx=0 comp rx=0 tx=0).stop
2024-08-19T08:54:07.228 INFO:teuthology.orchestra.run.smithi103.stdout:/usr/bin/ceph: stderr
2024-08-19T08:54:06.417+0000 7fd2006b9640 1 --2- 172.21.15.103:0/4098588544 >> [v2:172.21.15.103:6800/4169542482,v1:172.21.15.103:6801/4169542482] conn(0x7fd1e4038fc0 0x7fd1e403b480 unknown :-1 s=CLOSED pgs=0 cs=0 l=1 rev1=0 crypto rx=0 tx=0 comp rx=0 tx=0).stop
2024-08-19T08:54:07.228 INFO:teuthology.orchestra.run.smithi103.stdout:/usr/bin/ceph: stderr
2024-08-19T08:54:06.417+0000 7fd2006b9640 1 --2- 172.21.15.103:0/4098588544 >> [v2:172.21.15.103:3300/0,v1:172.21.15.103:6789/0] conn(0x7fd1f8106610 0x7fd1f81918b0 unknown :-1 s=CLOSED pgs=60 cs=0 l=1 rev1=1 crypto rx=0 tx=0 comp rx=0 tx=0).stop
2024-08-19T08:54:07.228 INFO:teuthology.orchestra.run.smithi103.stdout:/usr/bin/ceph: stderr
2024-08-19T08:54:06.417+0000 7fd2006b9640 1 -- 172.21.15.103:0/4098588544 >> 172.21.15.103:0/4098588544 conn(0x7fd1f8101da0 msgr2=0x7fd1f8102c50 unknown :-1 s=STATE_NONE l=0).mark_down
2024-08-19T08:54:07.228 INFO:teuthology.orchestra.run.smithi103.stdout:/usr/bin/ceph: stderr
2024-08-19T08:54:06.417+0000 7fd2006b9640 1 -- 172.21.15.103:0/4098588544 shutdown_connections
2024-08-19T08:54:07.228 INFO:teuthology.orchestra.run.smithi103.stdout:/usr/bin/ceph: stderr
2024-08-19T08:54:06.417+0000 7fd2006b9640 1 -- 172.21.15.103:0/4098588544 wait complete.
2024-08-19T08:54:07.228 INFO:teuthology.orchestra.run.smithi103.stdout:mgr epoch 9 is available
2024-08-19T08:54:07.228 INFO:teuthology.orchestra.run.smithi103.stdout:Generating a dashboard self-signed certificate...
2024-08-19T08:54:07.463 INFO:journalctl@ceph.mon.a.smithi103.stdout:Aug 19 08:54:07 smithi103 ceph-mon[18441]: from='client.14154 -' entity='client.admin' cmd=[{"prefix": "get_command_descriptions"}]: dispatch
2024-08-19T08:54:07.464 INFO:journalctl@ceph.mon.a.smithi103.stdout:Aug 19 08:54:07 smithi103 ceph-mon[18441]: mgrmap e11: x(active, since 1.0063s)
2024-08-19T08:54:07.464 INFO:journalctl@ceph.mon.a.smithi103.stdout:Aug 19 08:54:07 smithi103 ceph-mon[18441]: from='client.14154 -' entity='client.admin' cmd=[{"prefix": "mgr_status"}]: dispatch
2024-08-19T08:54:07.464 INFO:journalctl@ceph.mgr.x.smithi103.stdout:Aug 19 08:54:07 smithi103 ceph-58012ce6-5e08-11ef-bccf-c7b262605968-mgr-x[18681]:
2024-08-19T08:54:07.189+0000 7f9be8289640 -1 log_channel(cephadm) log [ERR] : [19/Aug/2024:08:54:07] ENGINE Error in HTTPServer.serve
2024-08-19T08:54:07.464 INFO:journalctl@ceph.mgr.x.smithi103.stdout:Aug 19 08:54:07 smithi103 ceph-58012ce6-5e08-11ef-bccf-c7b262605968-mgr-x[18681]: Traceback (most recent call last):
2024-08-19T08:54:07.464 INFO:journalctl@ceph.mgr.x.smithi103.stdout:Aug 19 08:54:07 smithi103 ceph-58012ce6-5e08-11ef-bccf-c7b262605968-mgr-x[18681]: File "/lib/python3.9/site-packages/cheroot/server.py", line 1823, in serve
2024-08-19T08:54:07.464 INFO:journalctl@ceph.mgr.x.smithi103.stdout:Aug 19 08:54:07 smithi103 ceph-58012ce6-5e08-11ef-bccf-c7b262605968-mgr-x[18681]: self._connections.run(self.expiration_interval)
2024-08-19T08:54:07.464 INFO:journalctl@ceph.mgr.x.smithi103.stdout:Aug 19 08:54:07 smithi103 ceph-58012ce6-5e08-11ef-bccf-c7b262605968-mgr-x[18681]: File "/lib/python3.9/site-packages/cheroot/connections.py", line 203, in run
2024-08-19T08:54:07.464 INFO:journalctl@ceph.mgr.x.smithi103.stdout:Aug 19 08:54:07 smithi103 ceph-58012ce6-5e08-11ef-bccf-c7b262605968-mgr-x[18681]: self._run(expiration_interval)
2024-08-19T08:54:07.465 INFO:journalctl@ceph.mgr.x.smithi103.stdout:Aug 19 08:54:07 smithi103 ceph-58012ce6-5e08-11ef-bccf-c7b262605968-mgr-x[18681]: File "/lib/python3.9/site-packages/cheroot/connections.py", line 246, in _run
2024-08-19T08:54:07.465 INFO:journalctl@ceph.mgr.x.smithi103.stdout:Aug 19 08:54:07 smithi103 ceph-58012ce6-5e08-11ef-bccf-c7b262605968-mgr-x[18681]: new_conn = self._from_server_socket(self.server.socket)
2024-08-19T08:54:07.465 INFO:journalctl@ceph.mgr.x.smithi103.stdout:Aug 19 08:54:07 smithi103 ceph-58012ce6-5e08-11ef-bccf-c7b262605968-mgr-x[18681]: File "/lib/python3.9/site-packages/cheroot/connections.py", line 300, in _from_server_socket
2024-08-19T08:54:07.465 INFO:journalctl@ceph.mgr.x.smithi103.stdout:Aug 19 08:54:07 smithi103 ceph-58012ce6-5e08-11ef-bccf-c7b262605968-mgr-x[18681]: s, ssl_env = self.server.ssl_adapter.wrap(s)
2024-08-19T08:54:07.465 INFO:journalctl@ceph.mgr.x.smithi103.stdout:Aug 19 08:54:07 smithi103 ceph-58012ce6-5e08-11ef-bccf-c7b262605968-mgr-x[18681]: File "/lib/python3.9/site-packages/cheroot/ssl/builtin.py", line 277, in wrap
2024-08-19T08:54:07.465 INFO:journalctl@ceph.mgr.x.smithi103.stdout:Aug 19 08:54:07 smithi103 ceph-58012ce6-5e08-11ef-bccf-c7b262605968-mgr-x[18681]: s = self.context.wrap_socket(
2024-08-19T08:54:07.465 INFO:journalctl@ceph.mgr.x.smithi103.stdout:Aug 19 08:54:07 smithi103 ceph-58012ce6-5e08-11ef-bccf-c7b262605968-mgr-x[18681]: File "/lib64/python3.9/ssl.py", line 501, in wrap_socket
2024-08-19T08:54:07.465 INFO:journalctl@ceph.mgr.x.smithi103.stdout:Aug 19 08:54:07 smithi103 ceph-58012ce6-5e08-11ef-bccf-c7b262605968-mgr-x[18681]: return self.sslsocket_class._create(
2024-08-19T08:54:07.465 INFO:journalctl@ceph.mgr.x.smithi103.stdout:Aug 19 08:54:07 smithi103 ceph-58012ce6-5e08-11ef-bccf-c7b262605968-mgr-x[18681]: File "/lib64/python3.9/ssl.py", line 1074, in _create
2024-08-19T08:54:07.465 INFO:journalctl@ceph.mgr.x.smithi103.stdout:Aug 19 08:54:07 smithi103 ceph-58012ce6-5e08-11ef-bccf-c7b262605968-mgr-x[18681]: self.do_handshake()
2024-08-19T08:54:07.465 INFO:journalctl@ceph.mgr.x.smithi103.stdout:Aug 19 08:54:07 smithi103 ceph-58012ce6-5e08-11ef-bccf-c7b262605968-mgr-x[18681]: File "/lib64/python3.9/ssl.py", line 1343, in do_handshake
2024-08-19T08:54:07.465 INFO:journalctl@ceph.mgr.x.smithi103.stdout:Aug 19 08:54:07 smithi103 ceph-58012ce6-5e08-11ef-bccf-c7b262605968-mgr-x[18681]: self._sslobj.do_handshake()
2024-08-19T08:54:07.465 INFO:journalctl@ceph.mgr.x.smithi103.stdout:Aug 19 08:54:07 smithi103 ceph-58012ce6-5e08-11ef-bccf-c7b262605968-mgr-x[18681]: ssl.SSLZeroReturnError: TLS/SSL connection has been closed (EOF) (_ssl.c:1133)
2024-08-19T08:54:07.465 INFO:journalctl@ceph.mgr.x.smithi103.stdout:Aug 19 08:54:07 smithi103 ceph-58012ce6-5e08-11ef-bccf-c7b262605968-mgr-x[18681]:
2024-08-19T08:54:08.470 INFO:teuthology.orchestra.run.smithi103.stdout:/usr/bin/ceph: stdout Self-signed certificate created
2024-08-19T08:54:08.470 INFO:teuthology.orchestra.run.smithi103.stdout:/usr/bin/ceph: stderr
2024-08-19T08:54:07.659+0000 7fa483fa1640 1 Processor -- start
2024-08-19T08:54:08.470 INFO:teuthology.orchestra.run.smithi103.stdout:/usr/bin/ceph: stderr
2024-08-19T08:54:07.659+0000 7fa483fa1640 1 -- start start
2024-08-19T08:54:08.470 INFO:teuthology.orchestra.run.smithi103.stdout:/usr/bin/ceph: stderr
2024-08-19T08:54:07.659+0000 7fa483fa1640 1 --2- >> [v2:172.21.15.103:3300/0,v1:172.21.15.103:6789/0] conn(0x7fa47c1065a0 0x7fa47c1069a0 unknown :-1 s=NONE pgs=0 cs=0 l=0 rev1=0 crypto rx=0 tx=0 comp rx=0 tx=0).connect
2024-08-19T08:54:08.471 INFO:teuthology.orchestra.run.smithi103.stdout:/usr/bin/ceph: stderr
2024-08-19T08:54:07.659+0000 7fa483fa1640 1 -- --> [v2:172.21.15.103:3300/0,v1:172.21.15.103:6789/0] -- mon_getmap magic: 0 -- 0x7fa47c106f70 con 0x7fa47c1065a0
2024-08-19T08:54:08.471 INFO:teuthology.orchestra.run.smithi103.stdout:/usr/bin/ceph: stderr
2024-08-19T08:54:07.660+0000 7fa481d3d640 1 --2- >> [v2:172.21.15.103:3300/0,v1:172.21.15.103:6789/0] conn(0x7fa47c1065a0 0x7fa47c1069a0 unknown :-1 s=BANNER_CONNECTING pgs=0 cs=0 l=0 rev1=0 crypto rx=0 tx=0 comp rx=0 tx=0)._handle_peer_banner_payload supported=3 required=0
2024-08-19T08:54:08.471 INFO:teuthology.orchestra.run.smithi103.stdout:/usr/bin/ceph: stderr
2024-08-19T08:54:07.660+0000 7fa481d3d640 1 --2- >> [v2:172.21.15.103:3300/0,v1:172.21.15.103:6789/0] conn(0x7fa47c1065a0 0x7fa47c1069a0 unknown :-1 s=HELLO_CONNECTING pgs=0 cs=0 l=0 rev1=1 crypto rx=0 tx=0 comp rx=0 tx=0).handle_hello peer v2:172.21.15.103:3300/0 says I am v2:172.21.15.103:54930/0 (socket says 172.21.15.103:54930)
2024-08-19T08:54:08.471 INFO:teuthology.orchestra.run.smithi103.stdout:/usr/bin/ceph: stderr
2024-08-19T08:54:07.660+0000 7fa481d3d640 1 -- 172.21.15.103:0/411055031 learned_addr learned my addr 172.21.15.103:0/411055031 (peer_addr_for_me v2:172.21.15.103:0/0)
2024-08-19T08:54:08.471 INFO:teuthology.orchestra.run.smithi103.stdout:/usr/bin/ceph: stderr
2024-08-19T08:54:07.660+0000 7fa481d3d640 1 -- 172.21.15.103:0/411055031 --> [v2:172.21.15.103:3300/0,v1:172.21.15.103:6789/0] -- mon_subscribe({config=0+,monmap=0+}) -- 0x7fa47c1077a0 con 0x7fa47c1065a0
2024-08-19T08:54:08.471 INFO:teuthology.orchestra.run.smithi103.stdout:/usr/bin/ceph: stderr
2024-08-19T08:54:07.661+0000 7fa481d3d640 1 --2- 172.21.15.103:0/411055031 >> [v2:172.21.15.103:3300/0,v1:172.21.15.103:6789/0] conn(0x7fa47c1065a0 0x7fa47c1069a0 secure :-1 s=READY pgs=68 cs=0 l=1 rev1=1 crypto rx=0x7fa478009820 tx=0x7fa47802a270 comp rx=0 tx=0).ready entity=mon.0 client_cookie=8a6e390beb0ffb02 server_cookie=0 in_seq=0 out_seq=0
2024-08-19T08:54:08.471 INFO:teuthology.orchestra.run.smithi103.stdout:/usr/bin/ceph: stderr
2024-08-19T08:54:07.661+0000 7fa480d3b640 1 -- 172.21.15.103:0/411055031 <== mon.0 v2:172.21.15.103:3300/0 1 ==== mon_map magic: 0 ==== 205+0+0 (secure 0 0 0) 0x7fa478037070 con 0x7fa47c1065a0
2024-08-19T08:54:08.471 INFO:teuthology.orchestra.run.smithi103.stdout:/usr/bin/ceph: stderr
2024-08-19T08:54:07.661+0000 7fa480d3b640 1 -- 172.21.15.103:0/411055031 <== mon.0 v2:172.21.15.103:3300/0 2 ==== config(29 keys) ==== 1209+0+0 (secure 0 0 0) 0x7fa478032960 con 0x7fa47c1065a0
2024-08-19T08:54:08.471 INFO:teuthology.orchestra.run.smithi103.stdout:/usr/bin/ceph: stderr
2024-08-19T08:54:07.661+0000 7fa480d3b640 1 -- 172.21.15.103:0/411055031 <== mon.0 v2:172.21.15.103:3300/0 3 ==== mon_map magic: 0 ==== 205+0+0 (secure 0 0 0) 0x7fa478030980 con 0x7fa47c1065a0
2024-08-19T08:54:08.471 INFO:teuthology.orchestra.run.smithi103.stdout:/usr/bin/ceph: stderr
2024-08-19T08:54:07.661+0000 7fa483fa1640 1 -- 172.21.15.103:0/411055031 >> [v2:172.21.15.103:3300/0,v1:172.21.15.103:6789/0] conn(0x7fa47c1065a0 msgr2=0x7fa47c1069a0 secure :-1 s=STATE_CONNECTION_ESTABLISHED l=1).mark_down
2024-08-19T08:54:08.471 INFO:teuthology.orchestra.run.smithi103.stdout:/usr/bin/ceph: stderr
2024-08-19T08:54:07.661+0000 7fa483fa1640 1 --2- 172.21.15.103:0/411055031 >> [v2:172.21.15.103:3300/0,v1:172.21.15.103:6789/0] conn(0x7fa47c1065a0 0x7fa47c1069a0 secure :-1 s=READY pgs=68 cs=0 l=1 rev1=1 crypto rx=0x7fa478009820 tx=0x7fa47802a270 comp rx=0 tx=0).stop
2024-08-19T08:54:08.471 INFO:teuthology.orchestra.run.smithi103.stdout:/usr/bin/ceph: stderr
2024-08-19T08:54:07.662+0000 7fa483fa1640 1 -- 172.21.15.103:0/411055031 shutdown_connections
2024-08-19T08:54:08.472 INFO:teuthology.orchestra.run.smithi103.stdout:/usr/bin/ceph: stderr
2024-08-19T08:54:07.662+0000 7fa483fa1640 1 --2- 172.21.15.103:0/411055031 >> [v2:172.21.15.103:3300/0,v1:172.21.15.103:6789/0] conn(0x7fa47c1065a0 0x7fa47c1069a0 unknown :-1 s=CLOSED pgs=68 cs=0 l=1 rev1=1 crypto rx=0 tx=0 comp rx=0 tx=0).stop
2024-08-19T08:54:08.472 INFO:teuthology.orchestra.run.smithi103.stdout:/usr/bin/ceph: stderr
2024-08-19T08:54:07.662+0000 7fa483fa1640 1 -- 172.21.15.103:0/411055031 >> 172.21.15.103:0/411055031 conn(0x7fa47c101cf0 msgr2=0x7fa47c104170 unknown :-1 s=STATE_NONE l=0).mark_down
2024-08-19T08:54:08.472 INFO:teuthology.orchestra.run.smithi103.stdout:/usr/bin/ceph: stderr
2024-08-19T08:54:07.662+0000 7fa483fa1640 1 -- 172.21.15.103:0/411055031 shutdown_connections
2024-08-19T08:54:08.472 INFO:teuthology.orchestra.run.smithi103.stdout:/usr/bin/ceph: stderr
2024-08-19T08:54:07.662+0000 7fa483fa1640 1 -- 172.21.15.103:0/411055031 wait complete.
2024-08-19T08:54:08.472 INFO:teuthology.orchestra.run.smithi103.stdout:/usr/bin/ceph: stderr
2024-08-19T08:54:07.662+0000 7fa483fa1640 1 Processor -- start
2024-08-19T08:54:08.472 INFO:teuthology.orchestra.run.smithi103.stdout:/usr/bin/ceph: stderr
2024-08-19T08:54:07.662+0000 7fa483fa1640 1 -- start start
2024-08-19T08:54:08.472 INFO:teuthology.orchestra.run.smithi103.stdout:/usr/bin/ceph: stderr
2024-08-19T08:54:07.662+0000 7fa483fa1640 1 --2- >> [v2:172.21.15.103:3300/0,v1:172.21.15.103:6789/0] conn(0x7fa47c1065a0 0x7fa47c19b740 unknown :-1 s=NONE pgs=0 cs=0 l=1 rev1=0 crypto rx=0 tx=0 comp rx=0 tx=0).connect
2024-08-19T08:54:08.472 INFO:teuthology.orchestra.run.smithi103.stdout:/usr/bin/ceph: stderr
2024-08-19T08:54:07.662+0000 7fa483fa1640 1 -- --> [v2:172.21.15.103:3300/0,v1:172.21.15.103:6789/0] -- mon_getmap magic: 0 -- 0x7fa47c10ab50 con 0x7fa47c1065a0
2024-08-19T08:54:08.472 INFO:teuthology.orchestra.run.smithi103.stdout:/usr/bin/ceph: stderr
2024-08-19T08:54:07.662+0000 7fa481d3d640 1 --2- >> [v2:172.21.15.103:3300/0,v1:172.21.15.103:6789/0] conn(0x7fa47c1065a0 0x7fa47c19b740 unknown :-1 s=BANNER_CONNECTING pgs=0 cs=0 l=1 rev1=0 crypto rx=0 tx=0 comp rx=0 tx=0)._handle_peer_banner_payload supported=3 required=0
2024-08-19T08:54:08.472 INFO:teuthology.orchestra.run.smithi103.stdout:/usr/bin/ceph: stderr
2024-08-19T08:54:07.662+0000 7fa481d3d640 1 --2- >> [v2:172.21.15.103:3300/0,v1:172.21.15.103:6789/0] conn(0x7fa47c1065a0 0x7fa47c19b740 unknown :-1 s=HELLO_CONNECTING pgs=0 cs=0 l=1 rev1=1 crypto rx=0 tx=0 comp rx=0 tx=0).handle_hello peer v2:172.21.15.103:3300/0 says I am v2:172.21.15.103:54934/0 (socket says 172.21.15.103:54934)
2024-08-19T08:54:08.472 INFO:teuthology.orchestra.run.smithi103.stdout:/usr/bin/ceph: stderr
2024-08-19T08:54:07.662+0000 7fa481d3d640 1 -- 172.21.15.103:0/3971571549 learned_addr learned my addr 172.21.15.103:0/3971571549 (peer_addr_for_me v2:172.21.15.103:0/0)
2024-08-19T08:54:08.472 INFO:teuthology.orchestra.run.smithi103.stdout:/usr/bin/ceph: stderr
2024-08-19T08:54:07.663+0000 7fa481d3d640 1 -- 172.21.15.103:0/3971571549 --> [v2:172.21.15.103:3300/0,v1:172.21.15.103:6789/0] -- mon_subscribe({config=0+,monmap=0+}) -- 0x7fa47c19bc80 con 0x7fa47c1065a0
2024-08-19T08:54:08.472 INFO:teuthology.orchestra.run.smithi103.stdout:/usr/bin/ceph: stderr
2024-08-19T08:54:07.663+0000 7fa481d3d640 1 --2- 172.21.15.103:0/3971571549 >> [v2:172.21.15.103:3300/0,v1:172.21.15.103:6789/0] conn(0x7fa47c1065a0 0x7fa47c19b740 secure :-1 s=READY pgs=69 cs=0 l=1 rev1=1 crypto rx=0x7fa4780097f0 tx=0x7fa478032e80 comp rx=0 tx=0).ready entity=mon.0 client_cookie=0 server_cookie=0 in_seq=0 out_seq=0
2024-08-19T08:54:08.472 INFO:teuthology.orchestra.run.smithi103.stdout:/usr/bin/ceph: stderr
2024-08-19T08:54:07.663+0000 7fa472ffd640 1 -- 172.21.15.103:0/3971571549 <== mon.0 v2:172.21.15.103:3300/0 1 ==== mon_map magic: 0 ==== 205+0+0 (secure 0 0 0) 0x7fa478042070 con 0x7fa47c1065a0
2024-08-19T08:54:08.473 INFO:teuthology.orchestra.run.smithi103.stdout:/usr/bin/ceph: stderr
2024-08-19T08:54:07.663+0000 7fa472ffd640 1 -- 172.21.15.103:0/3971571549 <== mon.0 v2:172.21.15.103:3300/0 2 ==== config(29 keys) ==== 1209+0+0 (secure 0 0 0) 0x7fa4780326c0 con 0x7fa47c1065a0
2024-08-19T08:54:08.473 INFO:teuthology.orchestra.run.smithi103.stdout:/usr/bin/ceph: stderr
2024-08-19T08:54:07.663+0000 7fa483fa1640 1 -- 172.21.15.103:0/3971571549 --> [v2:172.21.15.103:3300/0,v1:172.21.15.103:6789/0] -- mon_subscribe({mgrmap=0+}) -- 0x7fa47c19bf10 con 0x7fa47c1065a0
2024-08-19T08:54:08.473 INFO:teuthology.orchestra.run.smithi103.stdout:/usr/bin/ceph: stderr
2024-08-19T08:54:07.663+0000 7fa472ffd640 1 -- 172.21.15.103:0/3971571549 <== mon.0 v2:172.21.15.103:3300/0 3 ==== mon_map magic: 0 ==== 205+0+0 (secure 0 0 0) 0x7fa478037040 con 0x7fa47c1065a0
2024-08-19T08:54:08.473 INFO:teuthology.orchestra.run.smithi103.stdout:/usr/bin/ceph: stderr
2024-08-19T08:54:07.663+0000 7fa483fa1640 1 -- 172.21.15.103:0/3971571549 --> [v2:172.21.15.103:3300/0,v1:172.21.15.103:6789/0] -- mon_subscribe({osdmap=0}) -- 0x7fa47c19ec00 con 0x7fa47c1065a0
2024-08-19T08:54:08.473 INFO:teuthology.orchestra.run.smithi103.stdout:/usr/bin/ceph: stderr
2024-08-19T08:54:07.664+0000 7fa472ffd640 1 -- 172.21.15.103:0/3971571549 <== mon.0 v2:172.21.15.103:3300/0 4 ==== mgrmap(e 12) ==== 46300+0+0 (secure 0 0 0) 0x7fa478045070 con 0x7fa47c1065a0
2024-08-19T08:54:08.473 INFO:teuthology.orchestra.run.smithi103.stdout:/usr/bin/ceph: stderr
2024-08-19T08:54:07.664+0000 7fa472ffd640 1 --2- 172.21.15.103:0/3971571549 >> [v2:172.21.15.103:6800/698535890,v1:172.21.15.103:6801/698535890] conn(0x7fa468038fc0 0x7fa46803b480 unknown :-1 s=NONE pgs=0 cs=0 l=1 rev1=0 crypto rx=0 tx=0 comp rx=0 tx=0).connect
2024-08-19T08:54:08.473 INFO:teuthology.orchestra.run.smithi103.stdout:/usr/bin/ceph: stderr
2024-08-19T08:54:07.664+0000 7fa472ffd640 1 -- 172.21.15.103:0/3971571549 <== mon.0 v2:172.21.15.103:3300/0 5 ==== osd_map(3..3 src has 1..3) ==== 1155+0+0 (secure 0 0 0) 0x7fa47806c1d0 con 0x7fa47c1065a0
2024-08-19T08:54:08.473 INFO:teuthology.orchestra.run.smithi103.stdout:/usr/bin/ceph: stderr
2024-08-19T08:54:07.664+0000 7fa483fa1640 1 -- 172.21.15.103:0/3971571549 --> [v2:172.21.15.103:3300/0,v1:172.21.15.103:6789/0] -- mon_command({"prefix": "get_command_descriptions"} v 0) -- 0x7fa47c1069a0 con 0x7fa47c1065a0
2024-08-19T08:54:08.473 INFO:teuthology.orchestra.run.smithi103.stdout:/usr/bin/ceph: stderr
2024-08-19T08:54:07.664+0000 7fa48153c640 1 --2- 172.21.15.103:0/3971571549 >> [v2:172.21.15.103:6800/698535890,v1:172.21.15.103:6801/698535890] conn(0x7fa468038fc0 0x7fa46803b480 unknown :-1 s=BANNER_CONNECTING pgs=0 cs=0 l=1 rev1=0 crypto rx=0 tx=0 comp rx=0 tx=0)._handle_peer_banner_payload supported=3 required=0
2024-08-19T08:54:08.473 INFO:teuthology.orchestra.run.smithi103.stdout:/usr/bin/ceph: stderr
2024-08-19T08:54:07.665+0000 7fa48153c640 1 --2- 172.21.15.103:0/3971571549 >> [v2:172.21.15.103:6800/698535890,v1:172.21.15.103:6801/698535890] conn(0x7fa468038fc0 0x7fa46803b480 secure :-1 s=READY pgs=7 cs=0 l=1 rev1=1 crypto rx=0x7fa46c0098c0 tx=0x7fa46c006db0 comp rx=0 tx=0).ready entity=mgr.14150 client_cookie=0 server_cookie=0 in_seq=0 out_seq=0
2024-08-19T08:54:08.473 INFO:teuthology.orchestra.run.smithi103.stdout:/usr/bin/ceph: stderr
2024-08-19T08:54:07.669+0000 7fa472ffd640 1 -- 172.21.15.103:0/3971571549 <== mon.0 v2:172.21.15.103:3300/0 6 ==== mon_command_ack([{"prefix": "get_command_descriptions"}]=0 v0) ==== 72+0+187871 (secure 0 0 0) 0x7fa4780371e0 con 0x7fa47c1065a0
2024-08-19T08:54:08.473 INFO:teuthology.orchestra.run.smithi103.stdout:/usr/bin/ceph: stderr
2024-08-19T08:54:07.854+0000 7fa483fa1640 1 -- 172.21.15.103:0/3971571549 --> [v2:172.21.15.103:6800/698535890,v1:172.21.15.103:6801/698535890] -- mgr_command(tid 0: {"prefix": "dashboard create-self-signed-cert", "target": ["mon-mgr", ""]}) -- 0x7fa47c02d7d0 con 0x7fa468038fc0
2024-08-19T08:54:08.473 INFO:teuthology.orchestra.run.smithi103.stdout:/usr/bin/ceph: stderr
2024-08-19T08:54:07.939+0000 7fa472ffd640 1 -- 172.21.15.103:0/3971571549 <== mgr.14150 v2:172.21.15.103:6800/698535890 1 ==== mgr_command_reply(tid 0: 0 ) ==== 8+0+32 (secure 0 0 0) 0x7fa47c02d7d0 con 0x7fa468038fc0
2024-08-19T08:54:08.473 INFO:teuthology.orchestra.run.smithi103.stdout:/usr/bin/ceph: stderr
2024-08-19T08:54:07.941+0000 7fa483fa1640 1 -- 172.21.15.103:0/3971571549 >> [v2:172.21.15.103:6800/698535890,v1:172.21.15.103:6801/698535890] conn(0x7fa468038fc0 msgr2=0x7fa46803b480 secure :-1 s=STATE_CONNECTION_ESTABLISHED l=1).mark_down
2024-08-19T08:54:08.473 INFO:teuthology.orchestra.run.smithi103.stdout:/usr/bin/ceph: stderr
2024-08-19T08:54:07.941+0000 7fa483fa1640 1 --2- 172.21.15.103:0/3971571549 >> [v2:172.21.15.103:6800/698535890,v1:172.21.15.103:6801/698535890] conn(0x7fa468038fc0 0x7fa46803b480 secure :-1 s=READY pgs=7 cs=0 l=1 rev1=1 crypto rx=0x7fa46c0098c0 tx=0x7fa46c006db0 comp rx=0 tx=0).stop
2024-08-19T08:54:08.474 INFO:teuthology.orchestra.run.smithi103.stdout:/usr/bin/ceph: stderr
2024-08-19T08:54:07.941+0000 7fa483fa1640 1 -- 172.21.15.103:0/3971571549 >> [v2:172.21.15.103:3300/0,v1:172.21.15.103:6789/0] conn(0x7fa47c1065a0 msgr2=0x7fa47c19b740 secure :-1 s=STATE_CONNECTION_ESTABLISHED l=1).mark_down
2024-08-19T08:54:08.474 INFO:teuthology.orchestra.run.smithi103.stdout:/usr/bin/ceph: stderr
2024-08-19T08:54:07.941+0000 7fa483fa1640 1 --2- 172.21.15.103:0/3971571549 >> [v2:172.21.15.103:3300/0,v1:172.21.15.103:6789/0] conn(0x7fa47c1065a0 0x7fa47c19b740 secure :-1 s=READY pgs=69 cs=0 l=1 rev1=1 crypto rx=0x7fa4780097f0 tx=0x7fa478032e80 comp rx=0 tx=0).stop
2024-08-19T08:54:08.474 INFO:teuthology.orchestra.run.smithi103.stdout:/usr/bin/ceph: stderr
2024-08-19T08:54:07.942+0000 7fa483fa1640 1 -- 172.21.15.103:0/3971571549 shutdown_connections
2024-08-19T08:54:08.474 INFO:teuthology.orchestra.run.smithi103.stdout:/usr/bin/ceph: stderr
2024-08-19T08:54:07.942+0000 7fa483fa1640 1 --2- 172.21.15.103:0/3971571549 >> [v2:172.21.15.103:6800/698535890,v1:172.21.15.103:6801/698535890] conn(0x7fa468038fc0 0x7fa46803b480 unknown :-1 s=CLOSED pgs=7 cs=0 l=1 rev1=1 crypto rx=0 tx=0 comp rx=0 tx=0).stop
2024-08-19T08:54:08.474 INFO:teuthology.orchestra.run.smithi103.stdout:/usr/bin/ceph: stderr
2024-08-19T08:54:07.942+0000 7fa483fa1640 1 --2- 172.21.15.103:0/3971571549 >> [v2:172.21.15.103:3300/0,v1:172.21.15.103:6789/0] conn(0x7fa47c1065a0 0x7fa47c19b740 unknown :-1 s=CLOSED pgs=69 cs=0 l=1 rev1=1 crypto rx=0 tx=0 comp rx=0 tx=0).stop
2024-08-19T08:54:08.474 INFO:teuthology.orchestra.run.smithi103.stdout:/usr/bin/ceph: stderr
2024-08-19T08:54:07.942+0000 7fa483fa1640 1 -- 172.21.15.103:0/3971571549 >> 172.21.15.103:0/3971571549 conn(0x7fa47c101cf0 msgr2=0x7fa47c102be0 unknown :-1 s=STATE_NONE l=0).mark_down
2024-08-19T08:54:08.474 INFO:teuthology.orchestra.run.smithi103.stdout:/usr/bin/ceph: stderr
2024-08-19T08:54:07.942+0000 7fa483fa1640 1 -- 172.21.15.103:0/3971571549 shutdown_connections
2024-08-19T08:54:08.474 INFO:teuthology.orchestra.run.smithi103.stdout:/usr/bin/ceph: stderr
2024-08-19T08:54:07.942+0000 7fa483fa1640 1 -- 172.21.15.103:0/3971571549 wait complete.
2024-08-19T08:54:08.474 INFO:teuthology.orchestra.run.smithi103.stdout:Creating initial admin user...
2024-08-19T08:54:08.706 INFO:journalctl@ceph.mon.a.smithi103.stdout:Aug 19 08:54:08 smithi103 ceph-mon[18441]: [19/Aug/2024:08:54:06] ENGINE Bus STARTING
2024-08-19T08:54:08.706 INFO:journalctl@ceph.mon.a.smithi103.stdout:Aug 19 08:54:08 smithi103 ceph-mon[18441]: [19/Aug/2024:08:54:07] ENGINE Serving on http://172.21.15.103:8765
2024-08-19T08:54:08.706 INFO:journalctl@ceph.mon.a.smithi103.stdout:Aug 19 08:54:08 smithi103 ceph-mon[18441]: [19/Aug/2024:08:54:07] ENGINE Serving on https://172.21.15.103:7150
2024-08-19T08:54:08.706 INFO:journalctl@ceph.mon.a.smithi103.stdout:Aug 19 08:54:08 smithi103 ceph-mon[18441]: [19/Aug/2024:08:54:07] ENGINE Bus STARTED
2024-08-19T08:54:08.706 INFO:journalctl@ceph.mon.a.smithi103.stdout:Aug 19 08:54:08 smithi103 ceph-mon[18441]: [19/Aug/2024:08:54:07] ENGINE Error in HTTPServer.serve
2024-08-19T08:54:08.706 INFO:journalctl@ceph.mon.a.smithi103.stdout: Traceback (most recent call last):
2024-08-19T08:54:08.706 INFO:journalctl@ceph.mon.a.smithi103.stdout: File "/lib/python3.9/site-packages/cheroot/server.py", line 1823, in serve
2024-08-19T08:54:08.706 INFO:journalctl@ceph.mon.a.smithi103.stdout: self._connections.run(self.expiration_interval)
2024-08-19T08:54:08.706 INFO:journalctl@ceph.mon.a.smithi103.stdout: File "/lib/python3.9/site-packages/cheroot/connections.py", line 203, in run
2024-08-19T08:54:08.706 INFO:journalctl@ceph.mon.a.smithi103.stdout: self._run(expiration_interval)
2024-08-19T08:54:08.706 INFO:journalctl@ceph.mon.a.smithi103.stdout: File "/lib/python3.9/site-packages/cheroot/connections.py", line 246, in _run
2024-08-19T08:54:08.707 INFO:journalctl@ceph.mon.a.smithi103.stdout: new_conn = self._from_server_socket(self.server.socket)
2024-08-19T08:54:08.707 INFO:journalctl@ceph.mon.a.smithi103.stdout: File "/lib/python3.9/site-packages/cheroot/connections.py", line 300, in _from_server_socket
2024-08-19T08:54:08.707 INFO:journalctl@ceph.mon.a.smithi103.stdout: s, ssl_env = self.server.ssl_adapter.wrap(s)
2024-08-19T08:54:08.707 INFO:journalctl@ceph.mon.a.smithi103.stdout: File "/lib/python3.9/site-packages/cheroot/ssl/builtin.py", line 277, in wrap
2024-08-19T08:54:08.707 INFO:journalctl@ceph.mon.a.smithi103.stdout: s = self.context.wrap_socket(
2024-08-19T08:54:08.707 INFO:journalctl@ceph.mon.a.smithi103.stdout: File "/lib64/python3.9/ssl.py", line 501, in wrap_socket
2024-08-19T08:54:08.707 INFO:journalctl@ceph.mon.a.smithi103.stdout: return self.sslsocket_class._create(
2024-08-19T08:54:08.707 INFO:journalctl@ceph.mon.a.smithi103.stdout: File "/lib64/python3.9/ssl.py", line 1074, in _create
2024-08-19T08:54:08.707 INFO:journalctl@ceph.mon.a.smithi103.stdout: self.do_handshake()
2024-08-19T08:54:08.707 INFO:journalctl@ceph.mon.a.smithi103.stdout: File "/lib64/python3.9/ssl.py", line 1343, in do_handshake
2024-08-19T08:54:08.707 INFO:journalctl@ceph.mon.a.smithi103.stdout: self._sslobj.do_handshake()
2024-08-19T08:54:08.707 INFO:journalctl@ceph.mon.a.smithi103.stdout: ssl.SSLZeroReturnError: TLS/SSL connection has been closed (EOF) (_ssl.c:1133)
2024-08-19T08:54:08.707 INFO:journalctl@ceph.mon.a.smithi103.stdout:Aug 19 08:54:08 smithi103 ceph-mon[18441]: mgrmap e12: x(active, since 2s)
2024-08-19T08:54:08.708 INFO:journalctl@ceph.mon.a.smithi103.stdout:Aug 19 08:54:08 smithi103 ceph-mon[18441]: from='mgr.14150 172.21.15.103:0/717274651' entity='mgr.x'
2024-08-19T08:54:08.708 INFO:journalctl@ceph.mon.a.smithi103.stdout:Aug 19 08:54:08 smithi103 ceph-mon[18441]: from='mgr.14150 172.21.15.103:0/717274651' entity='mgr.x'
2024-08-19T08:54:08.708 INFO:journalctl@ceph.mon.a.smithi103.stdout:Aug 19 08:54:08 smithi103 ceph-mon[18441]: from='mgr.14150 172.21.15.103:0/717274651' entity='mgr.x'
2024-08-19T08:54:09.677 INFO:journalctl@ceph.mon.a.smithi103.stdout:Aug 19 08:54:09 smithi103 ceph-mon[18441]: from='client.14162 -' entity='client.admin' cmd=[{"prefix": "dashboard create-self-signed-cert", "target": ["mon-mgr", ""]}]: dispatch
2024-08-19T08:54:09.677 INFO:journalctl@ceph.mon.a.smithi103.stdout:Aug 19 08:54:09 smithi103 ceph-mon[18441]: from='mgr.14150 172.21.15.103:0/717274651' entity='mgr.x'
2024-08-19T08:54:09.969 INFO:teuthology.orchestra.run.smithi103.stdout:/usr/bin/ceph: stdout {"username": "admin", "password": "$2b$12$dQxjLpfuZHMVU19eODXrp.RVdl/Tct0vG8c.5BNd.530pbAc/ESMy", "roles": ["administrator"], "name": null, "email": null, "lastUpdate": 1724057649, "enabled": true, "pwdExpirationDate": null, "pwdUpdateRequired": true}
2024-08-19T08:54:09.969 INFO:teuthology.orchestra.run.smithi103.stdout:/usr/bin/ceph: stderr
2024-08-19T08:54:08.947+0000 7fa9c1535640 1 Processor -- start
2024-08-19T08:54:09.969 INFO:teuthology.orchestra.run.smithi103.stdout:/usr/bin/ceph: stderr
2024-08-19T08:54:08.947+0000 7fa9c1535640 1 -- start start
2024-08-19T08:54:09.969 INFO:teuthology.orchestra.run.smithi103.stdout:/usr/bin/ceph: stderr
2024-08-19T08:54:08.947+0000 7fa9c1535640 1 --2- >> [v2:172.21.15.103:3300/0,v1:172.21.15.103:6789/0] conn(0x7fa9bc106610 0x7fa9bc106a10 unknown :-1 s=NONE pgs=0 cs=0 l=0 rev1=0 crypto rx=0 tx=0 comp rx=0 tx=0).connect
2024-08-19T08:54:09.969 INFO:teuthology.orchestra.run.smithi103.stdout:/usr/bin/ceph: stderr
2024-08-19T08:54:08.947+0000 7fa9c1535640 1 -- --> [v2:172.21.15.103:3300/0,v1:172.21.15.103:6789/0] -- mon_getmap magic: 0 -- 0x7fa9bc106fe0 con 0x7fa9bc106610
2024-08-19T08:54:09.970 INFO:teuthology.orchestra.run.smithi103.stdout:/usr/bin/ceph: stderr
2024-08-19T08:54:08.947+0000 7fa9baffd640 1 --2- >> [v2:172.21.15.103:3300/0,v1:172.21.15.103:6789/0] conn(0x7fa9bc106610 0x7fa9bc106a10 unknown :-1 s=BANNER_CONNECTING pgs=0 cs=0 l=0 rev1=0 crypto rx=0 tx=0 comp rx=0 tx=0)._handle_peer_banner_payload supported=3 required=0
2024-08-19T08:54:09.970 INFO:teuthology.orchestra.run.smithi103.stdout:/usr/bin/ceph: stderr
2024-08-19T08:54:08.947+0000 7fa9baffd640 1 --2- >> [v2:172.21.15.103:3300/0,v1:172.21.15.103:6789/0] conn(0x7fa9bc106610 0x7fa9bc106a10 unknown :-1 s=HELLO_CONNECTING pgs=0 cs=0 l=0 rev1=1 crypto rx=0 tx=0 comp rx=0 tx=0).handle_hello peer v2:172.21.15.103:3300/0 says I am v2:172.21.15.103:58182/0 (socket says 172.21.15.103:58182)
2024-08-19T08:54:09.970 INFO:teuthology.orchestra.run.smithi103.stdout:/usr/bin/ceph: stderr
2024-08-19T08:54:08.947+0000 7fa9baffd640 1 -- 172.21.15.103:0/4124864718 learned_addr learned my addr 172.21.15.103:0/4124864718 (peer_addr_for_me v2:172.21.15.103:0/0)
2024-08-19T08:54:09.970 INFO:teuthology.orchestra.run.smithi103.stdout:/usr/bin/ceph: stderr
2024-08-19T08:54:08.948+0000 7fa9baffd640 1 -- 172.21.15.103:0/4124864718 --> [v2:172.21.15.103:3300/0,v1:172.21.15.103:6789/0] -- mon_subscribe({config=0+,monmap=0+}) -- 0x7fa9bc1077c0 con 0x7fa9bc106610
2024-08-19T08:54:09.970 INFO:teuthology.orchestra.run.smithi103.stdout:/usr/bin/ceph: stderr
2024-08-19T08:54:08.948+0000 7fa9baffd640 1 --2- 172.21.15.103:0/4124864718 >> [v2:172.21.15.103:3300/0,v1:172.21.15.103:6789/0] conn(0x7fa9bc106610 0x7fa9bc106a10 secure :-1 s=READY pgs=70 cs=0 l=1 rev1=1 crypto rx=0x7fa9ac009820 tx=0x7fa9ac02a270 comp rx=0 tx=0).ready entity=mon.0 client_cookie=8b8591c22e34c2bc server_cookie=0 in_seq=0 out_seq=0
2024-08-19T08:54:09.970 INFO:teuthology.orchestra.run.smithi103.stdout:/usr/bin/ceph: stderr
2024-08-19T08:54:08.949+0000 7fa9ba7fc640 1 -- 172.21.15.103:0/4124864718 <== mon.0 v2:172.21.15.103:3300/0 1 ==== mon_map magic: 0 ==== 205+0+0 (secure 0 0 0) 0x7fa9ac037070 con 0x7fa9bc106610
2024-08-19T08:54:09.970 INFO:teuthology.orchestra.run.smithi103.stdout:/usr/bin/ceph: stderr
2024-08-19T08:54:08.949+0000 7fa9ba7fc640 1 -- 172.21.15.103:0/4124864718 <== mon.0 v2:172.21.15.103:3300/0 2 ==== config(29 keys) ==== 1209+0+0 (secure 0 0 0) 0x7fa9ac032960 con 0x7fa9bc106610
2024-08-19T08:54:09.970 INFO:teuthology.orchestra.run.smithi103.stdout:/usr/bin/ceph: stderr
2024-08-19T08:54:08.949+0000 7fa9ba7fc640 1 -- 172.21.15.103:0/4124864718 <== mon.0 v2:172.21.15.103:3300/0 3 ==== mon_map magic: 0 ==== 205+0+0 (secure 0 0 0) 0x7fa9ac030980 con 0x7fa9bc106610
2024-08-19T08:54:09.970 INFO:teuthology.orchestra.run.smithi103.stdout:/usr/bin/ceph: stderr
2024-08-19T08:54:08.949+0000 7fa9c1535640 1 -- 172.21.15.103:0/4124864718 >> [v2:172.21.15.103:3300/0,v1:172.21.15.103:6789/0] conn(0x7fa9bc106610 msgr2=0x7fa9bc106a10 secure :-1 s=STATE_CONNECTION_ESTABLISHED l=1).mark_down
2024-08-19T08:54:09.970 INFO:teuthology.orchestra.run.smithi103.stdout:/usr/bin/ceph: stderr
2024-08-19T08:54:08.949+0000 7fa9c1535640 1 --2- 172.21.15.103:0/4124864718 >> [v2:172.21.15.103:3300/0,v1:172.21.15.103:6789/0] conn(0x7fa9bc106610 0x7fa9bc106a10 secure :-1 s=READY pgs=70 cs=0 l=1 rev1=1 crypto rx=0x7fa9ac009820 tx=0x7fa9ac02a270 comp rx=0 tx=0).stop
2024-08-19T08:54:09.971 INFO:teuthology.orchestra.run.smithi103.stdout:/usr/bin/ceph: stderr
2024-08-19T08:54:08.949+0000 7fa9c1535640 1 -- 172.21.15.103:0/4124864718 shutdown_connections
2024-08-19T08:54:09.971 INFO:teuthology.orchestra.run.smithi103.stdout:/usr/bin/ceph: stderr
2024-08-19T08:54:08.949+0000 7fa9c1535640 1 --2- 172.21.15.103:0/4124864718 >> [v2:172.21.15.103:3300/0,v1:172.21.15.103:6789/0] conn(0x7fa9bc106610 0x7fa9bc106a10 unknown :-1 s=CLOSED pgs=70 cs=0 l=1 rev1=1 crypto rx=0 tx=0 comp rx=0 tx=0).stop
2024-08-19T08:54:09.971 INFO:teuthology.orchestra.run.smithi103.stdout:/usr/bin/ceph: stderr
2024-08-19T08:54:08.949+0000 7fa9c1535640 1 -- 172.21.15.103:0/4124864718 >> 172.21.15.103:0/4124864718 conn(0x7fa9bc101da0 msgr2=0x7fa9bc1041e0 unknown :-1 s=STATE_NONE l=0).mark_down
2024-08-19T08:54:09.971 INFO:teuthology.orchestra.run.smithi103.stdout:/usr/bin/ceph: stderr
2024-08-19T08:54:08.949+0000 7fa9c1535640 1 -- 172.21.15.103:0/4124864718 shutdown_connections
2024-08-19T08:54:09.971 INFO:teuthology.orchestra.run.smithi103.stdout:/usr/bin/ceph: stderr
2024-08-19T08:54:08.949+0000 7fa9c1535640 1 -- 172.21.15.103:0/4124864718 wait complete.
2024-08-19T08:54:09.971 INFO:teuthology.orchestra.run.smithi103.stdout:/usr/bin/ceph: stderr
2024-08-19T08:54:08.950+0000 7fa9c1535640 1 Processor -- start
2024-08-19T08:54:09.971 INFO:teuthology.orchestra.run.smithi103.stdout:/usr/bin/ceph: stderr
2024-08-19T08:54:08.950+0000 7fa9c1535640 1 -- start start
2024-08-19T08:54:09.971 INFO:teuthology.orchestra.run.smithi103.stdout:/usr/bin/ceph: stderr
2024-08-19T08:54:08.950+0000 7fa9c1535640 1 --2- >> [v2:172.21.15.103:3300/0,v1:172.21.15.103:6789/0] conn(0x7fa9bc106610 0x7fa9bc19a640 unknown :-1 s=NONE pgs=0 cs=0 l=1 rev1=0 crypto rx=0 tx=0 comp rx=0 tx=0).connect
2024-08-19T08:54:09.971 INFO:teuthology.orchestra.run.smithi103.stdout:/usr/bin/ceph: stderr
2024-08-19T08:54:08.950+0000 7fa9c1535640 1 -- --> [v2:172.21.15.103:3300/0,v1:172.21.15.103:6789/0] -- mon_getmap magic: 0 -- 0x7fa9bc10ab70 con 0x7fa9bc106610
2024-08-19T08:54:09.971 INFO:teuthology.orchestra.run.smithi103.stdout:/usr/bin/ceph: stderr
2024-08-19T08:54:08.950+0000 7fa9baffd640 1 --2- >> [v2:172.21.15.103:3300/0,v1:172.21.15.103:6789/0] conn(0x7fa9bc106610 0x7fa9bc19a640 unknown :-1 s=BANNER_CONNECTING pgs=0 cs=0 l=1 rev1=0 crypto rx=0 tx=0 comp rx=0 tx=0)._handle_peer_banner_payload supported=3 required=0
2024-08-19T08:54:09.971 INFO:teuthology.orchestra.run.smithi103.stdout:/usr/bin/ceph: stderr
2024-08-19T08:54:08.950+0000 7fa9baffd640 1 --2- >> [v2:172.21.15.103:3300/0,v1:172.21.15.103:6789/0] conn(0x7fa9bc106610 0x7fa9bc19a640 unknown :-1 s=HELLO_CONNECTING pgs=0 cs=0 l=1 rev1=1 crypto rx=0 tx=0 comp rx=0 tx=0).handle_hello peer v2:172.21.15.103:3300/0 says I am v2:172.21.15.103:58192/0 (socket says 172.21.15.103:58192)
2024-08-19T08:54:09.971 INFO:teuthology.orchestra.run.smithi103.stdout:/usr/bin/ceph: stderr
2024-08-19T08:54:08.950+0000 7fa9baffd640 1 -- 172.21.15.103:0/4100587243 learned_addr learned my addr 172.21.15.103:0/4100587243 (peer_addr_for_me v2:172.21.15.103:0/0)
2024-08-19T08:54:09.972 INFO:teuthology.orchestra.run.smithi103.stdout:/usr/bin/ceph: stderr
2024-08-19T08:54:08.950+0000 7fa9baffd640 1 -- 172.21.15.103:0/4100587243 --> [v2:172.21.15.103:3300/0,v1:172.21.15.103:6789/0] -- mon_subscribe({config=0+,monmap=0+}) -- 0x7fa9bc19ab80 con 0x7fa9bc106610
2024-08-19T08:54:09.972 INFO:teuthology.orchestra.run.smithi103.stdout:/usr/bin/ceph: stderr
2024-08-19T08:54:08.950+0000 7fa9baffd640 1 --2- 172.21.15.103:0/4100587243 >> [v2:172.21.15.103:3300/0,v1:172.21.15.103:6789/0] conn(0x7fa9bc106610 0x7fa9bc19a640 secure :-1 s=READY pgs=71 cs=0 l=1 rev1=1 crypto rx=0x7fa9ac032ea0 tx=0x7fa9ac032ed0 comp rx=0 tx=0).ready entity=mon.0 client_cookie=0 server_cookie=0 in_seq=0 out_seq=0
2024-08-19T08:54:09.972 INFO:teuthology.orchestra.run.smithi103.stdout:/usr/bin/ceph: stderr
2024-08-19T08:54:08.951+0000 7fa9b8ff9640 1 -- 172.21.15.103:0/4100587243 <== mon.0 v2:172.21.15.103:3300/0 1 ==== mon_map magic: 0 ==== 205+0+0 (secure 0 0 0) 0x7fa9ac042070 con 0x7fa9bc106610
2024-08-19T08:54:09.972 INFO:teuthology.orchestra.run.smithi103.stdout:/usr/bin/ceph: stderr
2024-08-19T08:54:08.951+0000 7fa9c1535640 1 -- 172.21.15.103:0/4100587243 --> [v2:172.21.15.103:3300/0,v1:172.21.15.103:6789/0] -- mon_subscribe({mgrmap=0+}) -- 0x7fa9bc19ae10 con 0x7fa9bc106610
2024-08-19T08:54:09.972 INFO:teuthology.orchestra.run.smithi103.stdout:/usr/bin/ceph: stderr
2024-08-19T08:54:08.951+0000 7fa9b8ff9640 1 -- 172.21.15.103:0/4100587243 <== mon.0 v2:172.21.15.103:3300/0 2 ==== config(29 keys) ==== 1209+0+0 (secure 0 0 0) 0x7fa9ac0326c0 con 0x7fa9bc106610
2024-08-19T08:54:09.972 INFO:teuthology.orchestra.run.smithi103.stdout:/usr/bin/ceph: stderr
2024-08-19T08:54:08.951+0000 7fa9b8ff9640 1 -- 172.21.15.103:0/4100587243 <== mon.0 v2:172.21.15.103:3300/0 3 ==== mon_map magic: 0 ==== 205+0+0 (secure 0 0 0) 0x7fa9ac037040 con 0x7fa9bc106610
2024-08-19T08:54:09.972 INFO:teuthology.orchestra.run.smithi103.stdout:/usr/bin/ceph: stderr
2024-08-19T08:54:08.951+0000 7fa9c1535640 1 -- 172.21.15.103:0/4100587243 --> [v2:172.21.15.103:3300/0,v1:172.21.15.103:6789/0] -- mon_subscribe({osdmap=0}) -- 0x7fa9bc19db00 con 0x7fa9bc106610
2024-08-19T08:54:09.972 INFO:teuthology.orchestra.run.smithi103.stdout:/usr/bin/ceph: stderr
2024-08-19T08:54:08.951+0000 7fa9b8ff9640 1 -- 172.21.15.103:0/4100587243 <== mon.0 v2:172.21.15.103:3300/0 4 ==== mgrmap(e 12) ==== 46300+0+0 (secure 0 0 0) 0x7fa9ac045070 con 0x7fa9bc106610
2024-08-19T08:54:09.972 INFO:teuthology.orchestra.run.smithi103.stdout:/usr/bin/ceph: stderr
2024-08-19T08:54:08.952+0000 7fa9b8ff9640 1 --2- 172.21.15.103:0/4100587243 >> [v2:172.21.15.103:6800/698535890,v1:172.21.15.103:6801/698535890] conn(0x7fa9a8039020 0x7fa9a803b4e0 unknown :-1 s=NONE pgs=0 cs=0 l=1 rev1=0 crypto rx=0 tx=0 comp rx=0 tx=0).connect
2024-08-19T08:54:09.972 INFO:teuthology.orchestra.run.smithi103.stdout:/usr/bin/ceph: stderr
2024-08-19T08:54:08.952+0000 7fa9b8ff9640 1 -- 172.21.15.103:0/4100587243 <== mon.0 v2:172.21.15.103:3300/0 5 ==== osd_map(3..3 src has 1..3) ==== 1155+0+0 (secure 0 0 0) 0x7fa9ac06c1a0 con 0x7fa9bc106610
2024-08-19T08:54:09.972 INFO:teuthology.orchestra.run.smithi103.stdout:/usr/bin/ceph: stderr
2024-08-19T08:54:08.952+0000 7fa9b3fff640 1 --2- 172.21.15.103:0/4100587243 >> [v2:172.21.15.103:6800/698535890,v1:172.21.15.103:6801/698535890] conn(0x7fa9a8039020 0x7fa9a803b4e0 unknown :-1 s=BANNER_CONNECTING pgs=0 cs=0 l=1 rev1=0 crypto rx=0 tx=0 comp rx=0 tx=0)._handle_peer_banner_payload supported=3 required=0
2024-08-19T08:54:09.973 INFO:teuthology.orchestra.run.smithi103.stdout:/usr/bin/ceph: stderr
2024-08-19T08:54:08.952+0000 7fa9c1535640 1 -- 172.21.15.103:0/4100587243 --> [v2:172.21.15.103:3300/0,v1:172.21.15.103:6789/0] -- mon_command({"prefix": "get_command_descriptions"} v 0) -- 0x7fa9bc106a10 con 0x7fa9bc106610
2024-08-19T08:54:09.973 INFO:teuthology.orchestra.run.smithi103.stdout:/usr/bin/ceph: stderr
2024-08-19T08:54:08.952+0000 7fa9b3fff640 1 --2- 172.21.15.103:0/4100587243 >> [v2:172.21.15.103:6800/698535890,v1:172.21.15.103:6801/698535890] conn(0x7fa9a8039020 0x7fa9a803b4e0 secure :-1 s=READY pgs=8 cs=0 l=1 rev1=1 crypto rx=0x7fa9a40098c0 tx=0x7fa9a4006db0 comp rx=0 tx=0).ready entity=mgr.14150 client_cookie=0 server_cookie=0 in_seq=0 out_seq=0
2024-08-19T08:54:09.973 INFO:teuthology.orchestra.run.smithi103.stdout:/usr/bin/ceph: stderr
2024-08-19T08:54:08.957+0000 7fa9b8ff9640 1 -- 172.21.15.103:0/4100587243 <== mon.0 v2:172.21.15.103:3300/0 6 ==== mon_command_ack([{"prefix": "get_command_descriptions"}]=0 v0) ==== 72+0+187871 (secure 0 0 0) 0x7fa9ac03ce10 con 0x7fa9bc106610
2024-08-19T08:54:09.973 INFO:teuthology.orchestra.run.smithi103.stdout:/usr/bin/ceph: stderr
2024-08-19T08:54:09.137+0000 7fa9c1535640 1 -- 172.21.15.103:0/4100587243 --> [v2:172.21.15.103:6800/698535890,v1:172.21.15.103:6801/698535890] -- mgr_command(tid 0: {"prefix": "dashboard ac-user-create", "username": "admin", "rolename": "administrator", "force_password": true, "pwd_update_required": true, "target": ["mon-mgr", ""]}) -- 0x7fa9bc103020 con 0x7fa9a8039020
2024-08-19T08:54:09.973 INFO:teuthology.orchestra.run.smithi103.stdout:/usr/bin/ceph: stderr
2024-08-19T08:54:09.368+0000 7fa9b8ff9640 1 -- 172.21.15.103:0/4100587243 <== mgr.14150 v2:172.21.15.103:6800/698535890 1 ==== mgr_command_reply(tid 0: 0 ) ==== 8+0+252 (secure 0 0 0) 0x7fa9bc103020 con 0x7fa9a8039020
2024-08-19T08:54:09.973 INFO:teuthology.orchestra.run.smithi103.stdout:/usr/bin/ceph: stderr
2024-08-19T08:54:09.371+0000 7fa9c1535640 1 -- 172.21.15.103:0/4100587243 >> [v2:172.21.15.103:6800/698535890,v1:172.21.15.103:6801/698535890] conn(0x7fa9a8039020 msgr2=0x7fa9a803b4e0 secure :-1 s=STATE_CONNECTION_ESTABLISHED l=1).mark_down
2024-08-19T08:54:09.973 INFO:teuthology.orchestra.run.smithi103.stdout:/usr/bin/ceph: stderr
2024-08-19T08:54:09.371+0000 7fa9c1535640 1 --2- 172.21.15.103:0/4100587243 >> [v2:172.21.15.103:6800/698535890,v1:172.21.15.103:6801/698535890] conn(0x7fa9a8039020 0x7fa9a803b4e0 secure :-1 s=READY pgs=8 cs=0 l=1 rev1=1 crypto rx=0x7fa9a40098c0 tx=0x7fa9a4006db0 comp rx=0 tx=0).stop
2024-08-19T08:54:09.973 INFO:teuthology.orchestra.run.smithi103.stdout:/usr/bin/ceph: stderr
2024-08-19T08:54:09.371+0000 7fa9c1535640 1 -- 172.21.15.103:0/4100587243 >> [v2:172.21.15.103:3300/0,v1:172.21.15.103:6789/0] conn(0x7fa9bc106610 msgr2=0x7fa9bc19a640 secure :-1 s=STATE_CONNECTION_ESTABLISHED l=1).mark_down
2024-08-19T08:54:09.973 INFO:teuthology.orchestra.run.smithi103.stdout:/usr/bin/ceph: stderr
2024-08-19T08:54:09.371+0000 7fa9c1535640 1 --2- 172.21.15.103:0/4100587243 >> [v2:172.21.15.103:3300/0,v1:172.21.15.103:6789/0] conn(0x7fa9bc106610 0x7fa9bc19a640 secure :-1 s=READY pgs=71 cs=0 l=1 rev1=1 crypto rx=0x7fa9ac032ea0 tx=0x7fa9ac032ed0 comp rx=0 tx=0).stop
2024-08-19T08:54:09.973 INFO:teuthology.orchestra.run.smithi103.stdout:/usr/bin/ceph: stderr
2024-08-19T08:54:09.371+0000 7fa9c1535640 1 -- 172.21.15.103:0/4100587243 shutdown_connections
2024-08-19T08:54:09.973 INFO:teuthology.orchestra.run.smithi103.stdout:/usr/bin/ceph: stderr
2024-08-19T08:54:09.371+0000 7fa9c1535640 1 --2- 172.21.15.103:0/4100587243 >> [v2:172.21.15.103:6800/698535890,v1:172.21.15.103:6801/698535890] conn(0x7fa9a8039020 0x7fa9a803b4e0 unknown :-1 s=CLOSED pgs=8 cs=0 l=1 rev1=1 crypto rx=0 tx=0 comp rx=0 tx=0).stop
2024-08-19T08:54:09.973 INFO:teuthology.orchestra.run.smithi103.stdout:/usr/bin/ceph: stderr
2024-08-19T08:54:09.371+0000 7fa9c1535640 1 --2- 172.21.15.103:0/4100587243 >> [v2:172.21.15.103:3300/0,v1:172.21.15.103:6789/0] conn(0x7fa9bc106610 0x7fa9bc19a640 unknown :-1 s=CLOSED pgs=71 cs=0 l=1 rev1=1 crypto rx=0 tx=0 comp rx=0 tx=0).stop
2024-08-19T08:54:09.973 INFO:teuthology.orchestra.run.smithi103.stdout:/usr/bin/ceph: stderr
2024-08-19T08:54:09.371+0000 7fa9c1535640 1 -- 172.21.15.103:0/4100587243 >> 172.21.15.103:0/4100587243 conn(0x7fa9bc101da0 msgr2=0x7fa9bc102910 unknown :-1 s=STATE_NONE l=0).mark_down
2024-08-19T08:54:09.974 INFO:teuthology.orchestra.run.smithi103.stdout:/usr/bin/ceph: stderr
2024-08-19T08:54:09.372+0000 7fa9c1535640 1 -- 172.21.15.103:0/4100587243 shutdown_connections
2024-08-19T08:54:09.974 INFO:teuthology.orchestra.run.smithi103.stdout:/usr/bin/ceph: stderr
2024-08-19T08:54:09.372+0000 7fa9c1535640 1 -- 172.21.15.103:0/4100587243 wait complete.
2024-08-19T08:54:09.974 INFO:teuthology.orchestra.run.smithi103.stdout:Fetching dashboard port number...
2024-08-19T08:54:10.543 INFO:journalctl@ceph.mon.a.smithi103.stdout:Aug 19 08:54:10 smithi103 ceph-mon[18441]: from='client.14164 -' entity='client.admin' cmd=[{"prefix": "dashboard ac-user-create", "username": "admin", "rolename": "administrator", "force_password": true, "pwd_update_required": true, "target": ["mon-mgr", ""]}]: dispatch
2024-08-19T08:54:10.543 INFO:journalctl@ceph.mon.a.smithi103.stdout:Aug 19 08:54:10 smithi103 ceph-mon[18441]: from='mgr.14150 172.21.15.103:0/717274651' entity='mgr.x'
2024-08-19T08:54:11.793 INFO:journalctl@ceph.mon.a.smithi103.stdout:Aug 19 08:54:11 smithi103 ceph-mon[18441]: from='client.? 172.21.15.103:0/1337323129' entity='client.admin' cmd=[{"prefix": "config get", "who": "mgr", "key": "mgr/dashboard/ssl_server_port"}]: dispatch
2024-08-19T08:54:12.110 INFO:teuthology.orchestra.run.smithi103.stdout:/usr/bin/ceph: stdout 8443
2024-08-19T08:54:12.110 INFO:teuthology.orchestra.run.smithi103.stdout:/usr/bin/ceph: stderr
2024-08-19T08:54:10.383+0000 7fd3c6512640 1 Processor -- start
2024-08-19T08:54:12.111 INFO:teuthology.orchestra.run.smithi103.stdout:/usr/bin/ceph: stderr
2024-08-19T08:54:10.383+0000 7fd3c6512640 1 -- start start
2024-08-19T08:54:12.111 INFO:teuthology.orchestra.run.smithi103.stdout:/usr/bin/ceph: stderr
2024-08-19T08:54:10.383+0000 7fd3c6512640 1 --2- >> [v2:172.21.15.103:3300/0,v1:172.21.15.103:6789/0] conn(0x7fd3c0108180 0x7fd3c010a570 unknown :-1 s=NONE pgs=0 cs=0 l=0 rev1=0 crypto rx=0 tx=0 comp rx=0 tx=0).connect
2024-08-19T08:54:12.111 INFO:teuthology.orchestra.run.smithi103.stdout:/usr/bin/ceph: stderr
2024-08-19T08:54:10.383+0000 7fd3c6512640 1 -- --> [v2:172.21.15.103:3300/0,v1:172.21.15.103:6789/0] -- mon_getmap magic: 0 -- 0x7fd3c007bd90 con 0x7fd3c0108180
2024-08-19T08:54:12.111 INFO:teuthology.orchestra.run.smithi103.stdout:/usr/bin/ceph: stderr
2024-08-19T08:54:10.383+0000 7fd3bffff640 1 --2- >> [v2:172.21.15.103:3300/0,v1:172.21.15.103:6789/0] conn(0x7fd3c0108180 0x7fd3c010a570 unknown :-1 s=BANNER_CONNECTING pgs=0 cs=0 l=0 rev1=0 crypto rx=0 tx=0 comp rx=0 tx=0)._handle_peer_banner_payload supported=3 required=0
2024-08-19T08:54:12.111 INFO:teuthology.orchestra.run.smithi103.stdout:/usr/bin/ceph: stderr
2024-08-19T08:54:10.383+0000 7fd3bffff640 1 --2- >> [v2:172.21.15.103:3300/0,v1:172.21.15.103:6789/0] conn(0x7fd3c0108180 0x7fd3c010a570 unknown :-1 s=HELLO_CONNECTING pgs=0 cs=0 l=0 rev1=1 crypto rx=0 tx=0 comp rx=0 tx=0).handle_hello peer v2:172.21.15.103:3300/0 says I am v2:172.21.15.103:58194/0 (socket says 172.21.15.103:58194)
2024-08-19T08:54:12.111 INFO:teuthology.orchestra.run.smithi103.stdout:/usr/bin/ceph: stderr
2024-08-19T08:54:10.383+0000 7fd3bffff640 1 -- 172.21.15.103:0/1175743908 learned_addr learned my addr 172.21.15.103:0/1175743908 (peer_addr_for_me v2:172.21.15.103:0/0)
2024-08-19T08:54:12.111 INFO:teuthology.orchestra.run.smithi103.stdout:/usr/bin/ceph: stderr
2024-08-19T08:54:10.383+0000 7fd3bffff640 1 -- 172.21.15.103:0/1175743908 --> [v2:172.21.15.103:3300/0,v1:172.21.15.103:6789/0] -- mon_subscribe({config=0+,monmap=0+}) -- 0x7fd3c010aab0 con 0x7fd3c0108180
2024-08-19T08:54:12.111 INFO:teuthology.orchestra.run.smithi103.stdout:/usr/bin/ceph: stderr
2024-08-19T08:54:10.384+0000 7fd3bffff640 1 --2- 172.21.15.103:0/1175743908 >> [v2:172.21.15.103:3300/0,v1:172.21.15.103:6789/0] conn(0x7fd3c0108180 0x7fd3c010a570 secure :-1 s=READY pgs=72 cs=0 l=1 rev1=1 crypto rx=0x7fd3b0009820 tx=0x7fd3b002a270 comp rx=0 tx=0).ready entity=mon.0 client_cookie=4ea9ca7d1fb3d66b server_cookie=0 in_seq=0 out_seq=0
2024-08-19T08:54:12.111 INFO:teuthology.orchestra.run.smithi103.stdout:/usr/bin/ceph: stderr
2024-08-19T08:54:10.384+0000 7fd3beffd640 1 -- 172.21.15.103:0/1175743908 <== mon.0 v2:172.21.15.103:3300/0 1 ==== mon_map magic: 0 ==== 205+0+0 (secure 0 0 0) 0x7fd3b0037070 con 0x7fd3c0108180
2024-08-19T08:54:12.111 INFO:teuthology.orchestra.run.smithi103.stdout:/usr/bin/ceph: stderr
2024-08-19T08:54:10.384+0000 7fd3beffd640 1 -- 172.21.15.103:0/1175743908 <== mon.0 v2:172.21.15.103:3300/0 2 ==== config(29 keys) ==== 1209+0+0 (secure 0 0 0) 0x7fd3b0032960 con 0x7fd3c0108180
2024-08-19T08:54:12.111 INFO:teuthology.orchestra.run.smithi103.stdout:/usr/bin/ceph: stderr
2024-08-19T08:54:10.384+0000 7fd3beffd640 1 -- 172.21.15.103:0/1175743908 <== mon.0 v2:172.21.15.103:3300/0 3 ==== mon_map magic: 0 ==== 205+0+0 (secure 0 0 0) 0x7fd3b0030980 con 0x7fd3c0108180
2024-08-19T08:54:12.111 INFO:teuthology.orchestra.run.smithi103.stdout:/usr/bin/ceph: stderr
2024-08-19T08:54:10.385+0000 7fd3c6512640 1 -- 172.21.15.103:0/1175743908 >> [v2:172.21.15.103:3300/0,v1:172.21.15.103:6789/0] conn(0x7fd3c0108180 msgr2=0x7fd3c010a570 secure :-1 s=STATE_CONNECTION_ESTABLISHED l=1).mark_down
2024-08-19T08:54:12.112 INFO:teuthology.orchestra.run.smithi103.stdout:/usr/bin/ceph: stderr
2024-08-19T08:54:10.385+0000 7fd3c6512640 1 --2- 172.21.15.103:0/1175743908 >> [v2:172.21.15.103:3300/0,v1:172.21.15.103:6789/0] conn(0x7fd3c0108180 0x7fd3c010a570 secure :-1 s=READY pgs=72 cs=0 l=1 rev1=1 crypto rx=0x7fd3b0009820 tx=0x7fd3b002a270 comp rx=0 tx=0).stop
2024-08-19T08:54:12.112 INFO:teuthology.orchestra.run.smithi103.stdout:/usr/bin/ceph: stderr
2024-08-19T08:54:10.385+0000 7fd3c6512640 1 -- 172.21.15.103:0/1175743908 shutdown_connections
2024-08-19T08:54:12.112 INFO:teuthology.orchestra.run.smithi103.stdout:/usr/bin/ceph: stderr
2024-08-19T08:54:10.385+0000 7fd3c6512640 1 --2- 172.21.15.103:0/1175743908 >> [v2:172.21.15.103:3300/0,v1:172.21.15.103:6789/0] conn(0x7fd3c0108180 0x7fd3c010a570 unknown :-1 s=CLOSED pgs=72 cs=0 l=1 rev1=1 crypto rx=0 tx=0 comp rx=0 tx=0).stop
2024-08-19T08:54:12.112 INFO:teuthology.orchestra.run.smithi103.stdout:/usr/bin/ceph: stderr
2024-08-19T08:54:10.385+0000 7fd3c6512640 1 -- 172.21.15.103:0/1175743908 >> 172.21.15.103:0/1175743908 conn(0x7fd3c0101d20 msgr2=0x7fd3c0104180 unknown :-1 s=STATE_NONE l=0).mark_down
