2024-08-19T08:53:48.155 INFO:teuthology.orchestra.run.smithi103.stdout:/usr/bin/ceph: stderr
2024-08-19T08:53:47.434+0000 7fbb2f7fe640 1 -- 172.21.15.103:0/1202332212 <== mon.0 v2:172.21.15.103:3300/0 3 ==== mon_map magic: 0 ==== 205+0+0 (secure 0 0 0) 0x7fbb30037040 con 0x7fbb401076c0
2024-08-19T08:53:48.155 INFO:teuthology.orchestra.run.smithi103.stdout:/usr/bin/ceph: stderr
2024-08-19T08:53:47.434+0000 7fbb44835640 1 -- 172.21.15.103:0/1202332212 --> [v2:172.21.15.103:3300/0,v1:172.21.15.103:6789/0] -- mon_subscribe({osdmap=0}) -- 0x7fbb4019ec90 con 0x7fbb401076c0
2024-08-19T08:53:48.155 INFO:teuthology.orchestra.run.smithi103.stdout:/usr/bin/ceph: stderr
2024-08-19T08:53:47.435+0000 7fbb2f7fe640 1 -- 172.21.15.103:0/1202332212 <== mon.0 v2:172.21.15.103:3300/0 4 ==== mgrmap(e 8) ==== 46287+0+0 (secure 0 0 0) 0x7fbb30045070 con 0x7fbb401076c0
2024-08-19T08:53:48.155 INFO:teuthology.orchestra.run.smithi103.stdout:/usr/bin/ceph: stderr
2024-08-19T08:53:47.435+0000 7fbb44835640 1 -- 172.21.15.103:0/1202332212 --> [v2:172.21.15.103:3300/0,v1:172.21.15.103:6789/0] -- mon_command({"prefix": "get_command_descriptions"} v 0) -- 0x7fbb40107b40 con 0x7fbb401076c0
2024-08-19T08:53:48.155 INFO:teuthology.orchestra.run.smithi103.stdout:/usr/bin/ceph: stderr
2024-08-19T08:53:47.435+0000 7fbb2f7fe640 1 --2- 172.21.15.103:0/1202332212 >> [v2:172.21.15.103:6800/4169542482,v1:172.21.15.103:6801/4169542482] conn(0x7fbb28038fc0 0x7fbb2803b480 unknown :-1 s=NONE pgs=0 cs=0 l=1 rev1=0 crypto rx=0 tx=0 comp rx=0 tx=0).connect
2024-08-19T08:53:48.155 INFO:teuthology.orchestra.run.smithi103.stdout:/usr/bin/ceph: stderr
2024-08-19T08:53:47.435+0000 7fbb2f7fe640 1 -- 172.21.15.103:0/1202332212 <== mon.0 v2:172.21.15.103:3300/0 5 ==== osd_map(2..2 src has 1..2) ==== 940+0+0 (secure 0 0 0) 0x7fbb3006beb0 con 0x7fbb401076c0
2024-08-19T08:53:48.155 INFO:teuthology.orchestra.run.smithi103.stdout:/usr/bin/ceph: stderr
2024-08-19T08:53:47.435+0000 7fbb3dd9b640 1 --2- 172.21.15.103:0/1202332212 >> [v2:172.21.15.103:6800/4169542482,v1:172.21.15.103:6801/4169542482] conn(0x7fbb28038fc0 0x7fbb2803b480 unknown :-1 s=BANNER_CONNECTING pgs=0 cs=0 l=1 rev1=0 crypto rx=0 tx=0 comp rx=0 tx=0)._handle_peer_banner_payload supported=3 required=0
2024-08-19T08:53:48.156 INFO:teuthology.orchestra.run.smithi103.stdout:/usr/bin/ceph: stderr
2024-08-19T08:53:47.435+0000 7fbb3dd9b640 1 --2- 172.21.15.103:0/1202332212 >> [v2:172.21.15.103:6800/4169542482,v1:172.21.15.103:6801/4169542482] conn(0x7fbb28038fc0 0x7fbb2803b480 secure :-1 s=READY pgs=10 cs=0 l=1 rev1=1 crypto rx=0x7fbb340098c0 tx=0x7fbb34006db0 comp rx=0 tx=0).ready entity=mgr.14118 client_cookie=0 server_cookie=0 in_seq=0 out_seq=0
2024-08-19T08:53:48.156 INFO:teuthology.orchestra.run.smithi103.stdout:/usr/bin/ceph: stderr
2024-08-19T08:53:47.440+0000 7fbb2f7fe640 1 -- 172.21.15.103:0/1202332212 <== mon.0 v2:172.21.15.103:3300/0 6 ==== mon_command_ack([{"prefix": "get_command_descriptions"}]=0 v0) ==== 72+0+187871 (secure 0 0 0) 0x7fbb3003dbf0 con 0x7fbb401076c0
2024-08-19T08:53:48.156 INFO:teuthology.orchestra.run.smithi103.stdout:/usr/bin/ceph: stderr
2024-08-19T08:53:47.608+0000 7fbb44835640 1 -- 172.21.15.103:0/1202332212 --> [v2:172.21.15.103:6800/4169542482,v1:172.21.15.103:6801/4169542482] -- mgr_command(tid 0: {"prefix": "cephadm get-pub-key", "target": ["mon-mgr", ""]}) -- 0x7fbb401040e0 con 0x7fbb28038fc0
2024-08-19T08:53:48.156 INFO:teuthology.orchestra.run.smithi103.stdout:/usr/bin/ceph: stderr
2024-08-19T08:53:47.609+0000 7fbb2f7fe640 1 -- 172.21.15.103:0/1202332212 <== mgr.14118 v2:172.21.15.103:6800/4169542482 1 ==== mgr_command_reply(tid 0: 0 ) ==== 8+0+595 (secure 0 0 0) 0x7fbb401040e0 con 0x7fbb28038fc0
2024-08-19T08:53:48.156 INFO:teuthology.orchestra.run.smithi103.stdout:/usr/bin/ceph: stderr
2024-08-19T08:53:47.611+0000 7fbb44835640 1 -- 172.21.15.103:0/1202332212 >> [v2:172.21.15.103:6800/4169542482,v1:172.21.15.103:6801/4169542482] conn(0x7fbb28038fc0 msgr2=0x7fbb2803b480 secure :-1 s=STATE_CONNECTION_ESTABLISHED l=1).mark_down
2024-08-19T08:53:48.156 INFO:teuthology.orchestra.run.smithi103.stdout:/usr/bin/ceph: stderr
2024-08-19T08:53:47.611+0000 7fbb44835640 1 --2- 172.21.15.103:0/1202332212 >> [v2:172.21.15.103:6800/4169542482,v1:172.21.15.103:6801/4169542482] conn(0x7fbb28038fc0 0x7fbb2803b480 secure :-1 s=READY pgs=10 cs=0 l=1 rev1=1 crypto rx=0x7fbb340098c0 tx=0x7fbb34006db0 comp rx=0 tx=0).stop
2024-08-19T08:53:48.156 INFO:teuthology.orchestra.run.smithi103.stdout:/usr/bin/ceph: stderr
2024-08-19T08:53:47.611+0000 7fbb44835640 1 -- 172.21.15.103:0/1202332212 >> [v2:172.21.15.103:3300/0,v1:172.21.15.103:6789/0] conn(0x7fbb401076c0 msgr2=0x7fbb4019b7d0 secure :-1 s=STATE_CONNECTION_ESTABLISHED l=1).mark_down
2024-08-19T08:53:48.156 INFO:teuthology.orchestra.run.smithi103.stdout:/usr/bin/ceph: stderr
2024-08-19T08:53:47.611+0000 7fbb44835640 1 --2- 172.21.15.103:0/1202332212 >> [v2:172.21.15.103:3300/0,v1:172.21.15.103:6789/0] conn(0x7fbb401076c0 0x7fbb4019b7d0 secure :-1 s=READY pgs=42 cs=0 l=1 rev1=1 crypto rx=0x7fbb30032e60 tx=0x7fbb30032e90 comp rx=0 tx=0).stop
2024-08-19T08:53:48.156 INFO:teuthology.orchestra.run.smithi103.stdout:/usr/bin/ceph: stderr
2024-08-19T08:53:47.611+0000 7fbb44835640 1 -- 172.21.15.103:0/1202332212 shutdown_connections
2024-08-19T08:53:48.156 INFO:teuthology.orchestra.run.smithi103.stdout:/usr/bin/ceph: stderr
2024-08-19T08:53:47.611+0000 7fbb44835640 1 --2- 172.21.15.103:0/1202332212 >> [v2:172.21.15.103:6800/4169542482,v1:172.21.15.103:6801/4169542482] conn(0x7fbb28038fc0 0x7fbb2803b480 unknown :-1 s=CLOSED pgs=10 cs=0 l=1 rev1=1 crypto rx=0 tx=0 comp rx=0 tx=0).stop
2024-08-19T08:53:48.156 INFO:teuthology.orchestra.run.smithi103.stdout:/usr/bin/ceph: stderr
2024-08-19T08:53:47.611+0000 7fbb44835640 1 --2- 172.21.15.103:0/1202332212 >> [v2:172.21.15.103:3300/0,v1:172.21.15.103:6789/0] conn(0x7fbb401076c0 0x7fbb4019b7d0 unknown :-1 s=CLOSED pgs=42 cs=0 l=1 rev1=1 crypto rx=0 tx=0 comp rx=0 tx=0).stop
2024-08-19T08:53:48.156 INFO:teuthology.orchestra.run.smithi103.stdout:/usr/bin/ceph: stderr
2024-08-19T08:53:47.611+0000 7fbb44835640 1 -- 172.21.15.103:0/1202332212 >> 172.21.15.103:0/1202332212 conn(0x7fbb40102e30 msgr2=0x7fbb401039d0 unknown :-1 s=STATE_NONE l=0).mark_down
2024-08-19T08:53:48.156 INFO:teuthology.orchestra.run.smithi103.stdout:/usr/bin/ceph: stderr
2024-08-19T08:53:47.611+0000 7fbb44835640 1 -- 172.21.15.103:0/1202332212 shutdown_connections
2024-08-19T08:53:48.157 INFO:teuthology.orchestra.run.smithi103.stdout:/usr/bin/ceph: stderr
2024-08-19T08:53:47.611+0000 7fbb44835640 1 -- 172.21.15.103:0/1202332212 wait complete.
2024-08-19T08:53:48.157 INFO:teuthology.orchestra.run.smithi103.stdout:Wrote public SSH key to /home/ubuntu/cephtest/ceph.pub
2024-08-19T08:53:48.157 INFO:teuthology.orchestra.run.smithi103.stdout:Adding key to root@localhost authorized_keys...
2024-08-19T08:53:48.157 INFO:teuthology.orchestra.run.smithi103.stdout:Adding host smithi103...
2024-08-19T08:53:48.792 INFO:journalctl@ceph.mon.a.smithi103.stdout:Aug 19 08:53:48 smithi103 ceph-mon[18441]: from='client.14136 -' entity='client.admin' cmd=[{"prefix": "cephadm get-pub-key", "target": ["mon-mgr", ""]}]: dispatch
2024-08-19T08:53:49.700 INFO:journalctl@ceph.mon.a.smithi103.stdout:Aug 19 08:53:49 smithi103 ceph-mon[18441]: from='client.14138 -' entity='client.admin' cmd=[{"prefix": "orch host add", "hostname": "smithi103", "addr": "172.21.15.103", "target": ["mon-mgr", ""]}]: dispatch
2024-08-19T08:53:50.661 INFO:journalctl@ceph.mon.a.smithi103.stdout:Aug 19 08:53:50 smithi103 ceph-mon[18441]: Deploying cephadm binary to smithi103
2024-08-19T08:53:52.649 INFO:teuthology.orchestra.run.smithi103.stdout:/usr/bin/ceph: stdout Added host 'smithi103' with addr '172.21.15.103'
2024-08-19T08:53:52.650 INFO:teuthology.orchestra.run.smithi103.stdout:/usr/bin/ceph: stderr
2024-08-19T08:53:48.723+0000 7f76e1e52640 1 Processor -- start
2024-08-19T08:53:52.650 INFO:teuthology.orchestra.run.smithi103.stdout:/usr/bin/ceph: stderr
2024-08-19T08:53:48.723+0000 7f76e1e52640 1 -- start start
2024-08-19T08:53:52.650 INFO:teuthology.orchestra.run.smithi103.stdout:/usr/bin/ceph: stderr
2024-08-19T08:53:48.723+0000 7f76e1e52640 1 --2- >> [v2:172.21.15.103:3300/0,v1:172.21.15.103:6789/0] conn(0x7f76dc1059a0 0x7f76dc105da0 unknown :-1 s=NONE pgs=0 cs=0 l=0 rev1=0 crypto rx=0 tx=0 comp rx=0 tx=0).connect
2024-08-19T08:53:52.650 INFO:teuthology.orchestra.run.smithi103.stdout:/usr/bin/ceph: stderr
2024-08-19T08:53:48.723+0000 7f76e1e52640 1 -- --> [v2:172.21.15.103:3300/0,v1:172.21.15.103:6789/0] -- mon_getmap magic: 0 -- 0x7f76dc106370 con 0x7f76dc1059a0
2024-08-19T08:53:52.650 INFO:teuthology.orchestra.run.smithi103.stdout:/usr/bin/ceph: stderr
2024-08-19T08:53:48.724+0000 7f76db7fe640 1 --2- >> [v2:172.21.15.103:3300/0,v1:172.21.15.103:6789/0] conn(0x7f76dc1059a0 0x7f76dc105da0 unknown :-1 s=BANNER_CONNECTING pgs=0 cs=0 l=0 rev1=0 crypto rx=0 tx=0 comp rx=0 tx=0)._handle_peer_banner_payload supported=3 required=0
2024-08-19T08:53:52.650 INFO:teuthology.orchestra.run.smithi103.stdout:/usr/bin/ceph: stderr
2024-08-19T08:53:48.724+0000 7f76db7fe640 1 --2- >> [v2:172.21.15.103:3300/0,v1:172.21.15.103:6789/0] conn(0x7f76dc1059a0 0x7f76dc105da0 unknown :-1 s=HELLO_CONNECTING pgs=0 cs=0 l=0 rev1=1 crypto rx=0 tx=0 comp rx=0 tx=0).handle_hello peer v2:172.21.15.103:3300/0 says I am v2:172.21.15.103:41418/0 (socket says 172.21.15.103:41418)
2024-08-19T08:53:52.650 INFO:teuthology.orchestra.run.smithi103.stdout:/usr/bin/ceph: stderr
2024-08-19T08:53:48.724+0000 7f76db7fe640 1 -- 172.21.15.103:0/1755753834 learned_addr learned my addr 172.21.15.103:0/1755753834 (peer_addr_for_me v2:172.21.15.103:0/0)
2024-08-19T08:53:52.650 INFO:teuthology.orchestra.run.smithi103.stdout:/usr/bin/ceph: stderr
2024-08-19T08:53:48.724+0000 7f76db7fe640 1 -- 172.21.15.103:0/1755753834 --> [v2:172.21.15.103:3300/0,v1:172.21.15.103:6789/0] -- mon_subscribe({config=0+,monmap=0+}) -- 0x7f76dc108980 con 0x7f76dc1059a0
2024-08-19T08:53:52.650 INFO:teuthology.orchestra.run.smithi103.stdout:/usr/bin/ceph: stderr
2024-08-19T08:53:48.725+0000 7f76db7fe640 1 --2- 172.21.15.103:0/1755753834 >> [v2:172.21.15.103:3300/0,v1:172.21.15.103:6789/0] conn(0x7f76dc1059a0 0x7f76dc105da0 secure :-1 s=READY pgs=43 cs=0 l=1 rev1=1 crypto rx=0x7f76cc009820 tx=0x7f76cc02a270 comp rx=0 tx=0).ready entity=mon.0 client_cookie=25d553ef199e3a31 server_cookie=0 in_seq=0 out_seq=0
2024-08-19T08:53:52.650 INFO:teuthology.orchestra.run.smithi103.stdout:/usr/bin/ceph: stderr
2024-08-19T08:53:48.725+0000 7f76da7fc640 1 -- 172.21.15.103:0/1755753834 <== mon.0 v2:172.21.15.103:3300/0 1 ==== mon_map magic: 0 ==== 205+0+0 (secure 0 0 0) 0x7f76cc037070 con 0x7f76dc1059a0
2024-08-19T08:53:52.651 INFO:teuthology.orchestra.run.smithi103.stdout:/usr/bin/ceph: stderr
2024-08-19T08:53:48.725+0000 7f76da7fc640 1 -- 172.21.15.103:0/1755753834 <== mon.0 v2:172.21.15.103:3300/0 2 ==== config(29 keys) ==== 1178+0+0 (secure 0 0 0) 0x7f76cc032940 con 0x7f76dc1059a0
2024-08-19T08:53:52.651 INFO:teuthology.orchestra.run.smithi103.stdout:/usr/bin/ceph: stderr
2024-08-19T08:53:48.725+0000 7f76da7fc640 1 -- 172.21.15.103:0/1755753834 <== mon.0 v2:172.21.15.103:3300/0 3 ==== mon_map magic: 0 ==== 205+0+0 (secure 0 0 0) 0x7f76cc0309c0 con 0x7f76dc1059a0
2024-08-19T08:53:52.651 INFO:teuthology.orchestra.run.smithi103.stdout:/usr/bin/ceph: stderr
2024-08-19T08:53:48.725+0000 7f76e1e52640 1 -- 172.21.15.103:0/1755753834 >> [v2:172.21.15.103:3300/0,v1:172.21.15.103:6789/0] conn(0x7f76dc1059a0 msgr2=0x7f76dc105da0 secure :-1 s=STATE_CONNECTION_ESTABLISHED l=1).mark_down
2024-08-19T08:53:52.651 INFO:teuthology.orchestra.run.smithi103.stdout:/usr/bin/ceph: stderr
2024-08-19T08:53:48.725+0000 7f76e1e52640 1 --2- 172.21.15.103:0/1755753834 >> [v2:172.21.15.103:3300/0,v1:172.21.15.103:6789/0] conn(0x7f76dc1059a0 0x7f76dc105da0 secure :-1 s=READY pgs=43 cs=0 l=1 rev1=1 crypto rx=0x7f76cc009820 tx=0x7f76cc02a270 comp rx=0 tx=0).stop
2024-08-19T08:53:52.651 INFO:teuthology.orchestra.run.smithi103.stdout:/usr/bin/ceph: stderr
2024-08-19T08:53:48.726+0000 7f76e1e52640 1 -- 172.21.15.103:0/1755753834 shutdown_connections
2024-08-19T08:53:52.651 INFO:teuthology.orchestra.run.smithi103.stdout:/usr/bin/ceph: stderr
2024-08-19T08:53:48.726+0000 7f76e1e52640 1 --2- 172.21.15.103:0/1755753834 >> [v2:172.21.15.103:3300/0,v1:172.21.15.103:6789/0] conn(0x7f76dc1059a0 0x7f76dc105da0 unknown :-1 s=CLOSED pgs=43 cs=0 l=1 rev1=1 crypto rx=0 tx=0 comp rx=0 tx=0).stop
2024-08-19T08:53:52.651 INFO:teuthology.orchestra.run.smithi103.stdout:/usr/bin/ceph: stderr
2024-08-19T08:53:48.726+0000 7f76e1e52640 1 -- 172.21.15.103:0/1755753834 >> 172.21.15.103:0/1755753834 conn(0x7f76dc1014d0 msgr2=0x7f76dc103930 unknown :-1 s=STATE_NONE l=0).mark_down
2024-08-19T08:53:52.651 INFO:teuthology.orchestra.run.smithi103.stdout:/usr/bin/ceph: stderr
2024-08-19T08:53:48.726+0000 7f76e1e52640 1 -- 172.21.15.103:0/1755753834 shutdown_connections
2024-08-19T08:53:52.651 INFO:teuthology.orchestra.run.smithi103.stdout:/usr/bin/ceph: stderr
2024-08-19T08:53:48.726+0000 7f76e1e52640 1 -- 172.21.15.103:0/1755753834 wait complete.
2024-08-19T08:53:52.651 INFO:teuthology.orchestra.run.smithi103.stdout:/usr/bin/ceph: stderr
2024-08-19T08:53:48.726+0000 7f76e1e52640 1 Processor -- start
2024-08-19T08:53:52.651 INFO:teuthology.orchestra.run.smithi103.stdout:/usr/bin/ceph: stderr
2024-08-19T08:53:48.726+0000 7f76e1e52640 1 -- start start
2024-08-19T08:53:52.652 INFO:teuthology.orchestra.run.smithi103.stdout:/usr/bin/ceph: stderr
2024-08-19T08:53:48.727+0000 7f76e1e52640 1 --2- >> [v2:172.21.15.103:3300/0,v1:172.21.15.103:6789/0] conn(0x7f76dc1059a0 0x7f76dc108200 unknown :-1 s=NONE pgs=0 cs=0 l=1 rev1=0 crypto rx=0 tx=0 comp rx=0 tx=0).connect
2024-08-19T08:53:52.652 INFO:teuthology.orchestra.run.smithi103.stdout:/usr/bin/ceph: stderr
2024-08-19T08:53:48.727+0000 7f76e1e52640 1 -- --> [v2:172.21.15.103:3300/0,v1:172.21.15.103:6789/0] -- mon_getmap magic: 0 -- 0x7f76dc10bd30 con 0x7f76dc1059a0
2024-08-19T08:53:52.652 INFO:teuthology.orchestra.run.smithi103.stdout:/usr/bin/ceph: stderr
2024-08-19T08:53:48.727+0000 7f76db7fe640 1 --2- >> [v2:172.21.15.103:3300/0,v1:172.21.15.103:6789/0] conn(0x7f76dc1059a0 0x7f76dc108200 unknown :-1 s=BANNER_CONNECTING pgs=0 cs=0 l=1 rev1=0 crypto rx=0 tx=0 comp rx=0 tx=0)._handle_peer_banner_payload supported=3 required=0
2024-08-19T08:53:52.652 INFO:teuthology.orchestra.run.smithi103.stdout:/usr/bin/ceph: stderr
2024-08-19T08:53:48.727+0000 7f76db7fe640 1 --2- >> [v2:172.21.15.103:3300/0,v1:172.21.15.103:6789/0] conn(0x7f76dc1059a0 0x7f76dc108200 unknown :-1 s=HELLO_CONNECTING pgs=0 cs=0 l=1 rev1=1 crypto rx=0 tx=0 comp rx=0 tx=0).handle_hello peer v2:172.21.15.103:3300/0 says I am v2:172.21.15.103:41420/0 (socket says 172.21.15.103:41420)
2024-08-19T08:53:52.652 INFO:teuthology.orchestra.run.smithi103.stdout:/usr/bin/ceph: stderr
2024-08-19T08:53:48.727+0000 7f76db7fe640 1 -- 172.21.15.103:0/3544357075 learned_addr learned my addr 172.21.15.103:0/3544357075 (peer_addr_for_me v2:172.21.15.103:0/0)
2024-08-19T08:53:52.652 INFO:teuthology.orchestra.run.smithi103.stdout:/usr/bin/ceph: stderr
2024-08-19T08:53:48.727+0000 7f76db7fe640 1 -- 172.21.15.103:0/3544357075 --> [v2:172.21.15.103:3300/0,v1:172.21.15.103:6789/0] -- mon_subscribe({config=0+,monmap=0+}) -- 0x7f76dc108740 con 0x7f76dc1059a0
2024-08-19T08:53:52.652 INFO:teuthology.orchestra.run.smithi103.stdout:/usr/bin/ceph: stderr
2024-08-19T08:53:48.727+0000 7f76db7fe640 1 --2- 172.21.15.103:0/3544357075 >> [v2:172.21.15.103:3300/0,v1:172.21.15.103:6789/0] conn(0x7f76dc1059a0 0x7f76dc108200 secure :-1 s=READY pgs=44 cs=0 l=1 rev1=1 crypto rx=0x7f76cc032e60 tx=0x7f76cc032e90 comp rx=0 tx=0).ready entity=mon.0 client_cookie=0 server_cookie=0 in_seq=0 out_seq=0
2024-08-19T08:53:52.652 INFO:teuthology.orchestra.run.smithi103.stdout:/usr/bin/ceph: stderr
2024-08-19T08:53:48.727+0000 7f76d8ff9640 1 -- 172.21.15.103:0/3544357075 <== mon.0 v2:172.21.15.103:3300/0 1 ==== mon_map magic: 0 ==== 205+0+0 (secure 0 0 0) 0x7f76cc042070 con 0x7f76dc1059a0
2024-08-19T08:53:52.652 INFO:teuthology.orchestra.run.smithi103.stdout:/usr/bin/ceph: stderr
2024-08-19T08:53:48.727+0000 7f76d8ff9640 1 -- 172.21.15.103:0/3544357075 <== mon.0 v2:172.21.15.103:3300/0 2 ==== config(29 keys) ==== 1178+0+0 (secure 0 0 0) 0x7f76cc032570 con 0x7f76dc1059a0
2024-08-19T08:53:52.652 INFO:teuthology.orchestra.run.smithi103.stdout:/usr/bin/ceph: stderr
2024-08-19T08:53:48.727+0000 7f76e1e52640 1 -- 172.21.15.103:0/3544357075 --> [v2:172.21.15.103:3300/0,v1:172.21.15.103:6789/0] -- mon_subscribe({mgrmap=0+}) -- 0x7f76dc106930 con 0x7f76dc1059a0
2024-08-19T08:53:52.652 INFO:teuthology.orchestra.run.smithi103.stdout:/usr/bin/ceph: stderr
2024-08-19T08:53:48.727+0000 7f76d8ff9640 1 -- 172.21.15.103:0/3544357075 <== mon.0 v2:172.21.15.103:3300/0 3 ==== mon_map magic: 0 ==== 205+0+0 (secure 0 0 0) 0x7f76cc037040 con 0x7f76dc1059a0
2024-08-19T08:53:52.652 INFO:teuthology.orchestra.run.smithi103.stdout:/usr/bin/ceph: stderr
2024-08-19T08:53:48.727+0000 7f76e1e52640 1 -- 172.21.15.103:0/3544357075 --> [v2:172.21.15.103:3300/0,v1:172.21.15.103:6789/0] -- mon_subscribe({osdmap=0}) -- 0x7f76dc106e70 con 0x7f76dc1059a0
2024-08-19T08:53:52.652 INFO:teuthology.orchestra.run.smithi103.stdout:/usr/bin/ceph: stderr
2024-08-19T08:53:48.728+0000 7f76d8ff9640 1 -- 172.21.15.103:0/3544357075 <== mon.0 v2:172.21.15.103:3300/0 4 ==== mgrmap(e 8) ==== 46287+0+0 (secure 0 0 0) 0x7f76cc045070 con 0x7f76dc1059a0
2024-08-19T08:53:52.653 INFO:teuthology.orchestra.run.smithi103.stdout:/usr/bin/ceph: stderr
2024-08-19T08:53:48.728+0000 7f76d8ff9640 1 --2- 172.21.15.103:0/3544357075 >> [v2:172.21.15.103:6800/4169542482,v1:172.21.15.103:6801/4169542482] conn(0x7f76c4038fc0 0x7f76c403b480 unknown :-1 s=NONE pgs=0 cs=0 l=1 rev1=0 crypto rx=0 tx=0 comp rx=0 tx=0).connect
2024-08-19T08:53:52.653 INFO:teuthology.orchestra.run.smithi103.stdout:/usr/bin/ceph: stderr
2024-08-19T08:53:48.728+0000 7f76e1e52640 1 -- 172.21.15.103:0/3544357075 --> [v2:172.21.15.103:3300/0,v1:172.21.15.103:6789/0] -- mon_command({"prefix": "get_command_descriptions"} v 0) -- 0x7f76dc10beb0 con 0x7f76dc1059a0
2024-08-19T08:53:52.653 INFO:teuthology.orchestra.run.smithi103.stdout:/usr/bin/ceph: stderr
2024-08-19T08:53:48.729+0000 7f76d8ff9640 1 -- 172.21.15.103:0/3544357075 <== mon.0 v2:172.21.15.103:3300/0 5 ==== osd_map(2..2 src has 1..2) ==== 940+0+0 (secure 0 0 0) 0x7f76cc06c100 con 0x7f76dc1059a0
2024-08-19T08:53:52.653 INFO:teuthology.orchestra.run.smithi103.stdout:/usr/bin/ceph: stderr
2024-08-19T08:53:48.729+0000 7f76daffd640 1 --2- 172.21.15.103:0/3544357075 >> [v2:172.21.15.103:6800/4169542482,v1:172.21.15.103:6801/4169542482] conn(0x7f76c4038fc0 0x7f76c403b480 unknown :-1 s=BANNER_CONNECTING pgs=0 cs=0 l=1 rev1=0 crypto rx=0 tx=0 comp rx=0 tx=0)._handle_peer_banner_payload supported=3 required=0
2024-08-19T08:53:52.653 INFO:teuthology.orchestra.run.smithi103.stdout:/usr/bin/ceph: stderr
2024-08-19T08:53:48.729+0000 7f76daffd640 1 --2- 172.21.15.103:0/3544357075 >> [v2:172.21.15.103:6800/4169542482,v1:172.21.15.103:6801/4169542482] conn(0x7f76c4038fc0 0x7f76c403b480 secure :-1 s=READY pgs=11 cs=0 l=1 rev1=1 crypto rx=0x7f76d00098c0 tx=0x7f76d0006db0 comp rx=0 tx=0).ready entity=mgr.14118 client_cookie=0 server_cookie=0 in_seq=0 out_seq=0
2024-08-19T08:53:52.653 INFO:teuthology.orchestra.run.smithi103.stdout:/usr/bin/ceph: stderr
2024-08-19T08:53:48.733+0000 7f76d8ff9640 1 -- 172.21.15.103:0/3544357075 <== mon.0 v2:172.21.15.103:3300/0 6 ==== mon_command_ack([{"prefix": "get_command_descriptions"}]=0 v0) ==== 72+0+187871 (secure 0 0 0) 0x7f76cc03cd80 con 0x7f76dc1059a0
2024-08-19T08:53:52.653 INFO:teuthology.orchestra.run.smithi103.stdout:/usr/bin/ceph: stderr
2024-08-19T08:53:48.905+0000 7f76e1e52640 1 -- 172.21.15.103:0/3544357075 --> [v2:172.21.15.103:6800/4169542482,v1:172.21.15.103:6801/4169542482] -- mgr_command(tid 0: {"prefix": "orch host add", "hostname": "smithi103", "addr": "172.21.15.103", "target": ["mon-mgr", ""]}) -- 0x7f76dc107700 con 0x7f76c4038fc0
2024-08-19T08:53:52.653 INFO:teuthology.orchestra.run.smithi103.stdout:/usr/bin/ceph: stderr
2024-08-19T08:53:52.086+0000 7f76d8ff9640 1 -- 172.21.15.103:0/3544357075 <== mgr.14118 v2:172.21.15.103:6800/4169542482 1 ==== mgr_command_reply(tid 0: 0 ) ==== 8+0+49 (secure 0 0 0) 0x7f76dc107700 con 0x7f76c4038fc0
2024-08-19T08:53:52.653 INFO:teuthology.orchestra.run.smithi103.stdout:/usr/bin/ceph: stderr
2024-08-19T08:53:52.089+0000 7f76e1e52640 1 -- 172.21.15.103:0/3544357075 >> [v2:172.21.15.103:6800/4169542482,v1:172.21.15.103:6801/4169542482] conn(0x7f76c4038fc0 msgr2=0x7f76c403b480 secure :-1 s=STATE_CONNECTION_ESTABLISHED l=1).mark_down
2024-08-19T08:53:52.653 INFO:teuthology.orchestra.run.smithi103.stdout:/usr/bin/ceph: stderr
2024-08-19T08:53:52.089+0000 7f76e1e52640 1 --2- 172.21.15.103:0/3544357075 >> [v2:172.21.15.103:6800/4169542482,v1:172.21.15.103:6801/4169542482] conn(0x7f76c4038fc0 0x7f76c403b480 secure :-1 s=READY pgs=11 cs=0 l=1 rev1=1 crypto rx=0x7f76d00098c0 tx=0x7f76d0006db0 comp rx=0 tx=0).stop
2024-08-19T08:53:52.653 INFO:teuthology.orchestra.run.smithi103.stdout:/usr/bin/ceph: stderr
2024-08-19T08:53:52.089+0000 7f76e1e52640 1 -- 172.21.15.103:0/3544357075 >> [v2:172.21.15.103:3300/0,v1:172.21.15.103:6789/0] conn(0x7f76dc1059a0 msgr2=0x7f76dc108200 secure :-1 s=STATE_CONNECTION_ESTABLISHED l=1).mark_down
2024-08-19T08:53:52.653 INFO:teuthology.orchestra.run.smithi103.stdout:/usr/bin/ceph: stderr
2024-08-19T08:53:52.089+0000 7f76e1e52640 1 --2- 172.21.15.103:0/3544357075 >> [v2:172.21.15.103:3300/0,v1:172.21.15.103:6789/0] conn(0x7f76dc1059a0 0x7f76dc108200 secure :-1 s=READY pgs=44 cs=0 l=1 rev1=1 crypto rx=0x7f76cc032e60 tx=0x7f76cc032e90 comp rx=0 tx=0).stop
2024-08-19T08:53:52.653 INFO:teuthology.orchestra.run.smithi103.stdout:/usr/bin/ceph: stderr
2024-08-19T08:53:52.089+0000 7f76e1e52640 1 -- 172.21.15.103:0/3544357075 shutdown_connections
2024-08-19T08:53:52.654 INFO:teuthology.orchestra.run.smithi103.stdout:/usr/bin/ceph: stderr
2024-08-19T08:53:52.089+0000 7f76e1e52640 1 --2- 172.21.15.103:0/3544357075 >> [v2:172.21.15.103:6800/4169542482,v1:172.21.15.103:6801/4169542482] conn(0x7f76c4038fc0 0x7f76c403b480 unknown :-1 s=CLOSED pgs=11 cs=0 l=1 rev1=1 crypto rx=0 tx=0 comp rx=0 tx=0).stop
2024-08-19T08:53:52.654 INFO:teuthology.orchestra.run.smithi103.stdout:/usr/bin/ceph: stderr
2024-08-19T08:53:52.089+0000 7f76e1e52640 1 --2- 172.21.15.103:0/3544357075 >> [v2:172.21.15.103:3300/0,v1:172.21.15.103:6789/0] conn(0x7f76dc1059a0 0x7f76dc108200 unknown :-1 s=CLOSED pgs=44 cs=0 l=1 rev1=1 crypto rx=0 tx=0 comp rx=0 tx=0).stop
2024-08-19T08:53:52.654 INFO:teuthology.orchestra.run.smithi103.stdout:/usr/bin/ceph: stderr
2024-08-19T08:53:52.089+0000 7f76e1e52640 1 -- 172.21.15.103:0/3544357075 >> 172.21.15.103:0/3544357075 conn(0x7f76dc1014d0 msgr2=0x7f76dc102070 unknown :-1 s=STATE_NONE l=0).mark_down
2024-08-19T08:53:52.654 INFO:teuthology.orchestra.run.smithi103.stdout:/usr/bin/ceph: stderr
2024-08-19T08:53:52.090+0000 7f76e1e52640 1 -- 172.21.15.103:0/3544357075 shutdown_connections
2024-08-19T08:53:52.654 INFO:teuthology.orchestra.run.smithi103.stdout:/usr/bin/ceph: stderr
2024-08-19T08:53:52.090+0000 7f76e1e52640 1 -- 172.21.15.103:0/3544357075 wait complete.
2024-08-19T08:53:52.654 INFO:teuthology.orchestra.run.smithi103.stdout:Deploying unmanaged mon service...
2024-08-19T08:53:53.344 INFO:journalctl@ceph.mon.a.smithi103.stdout:Aug 19 08:53:53 smithi103 ceph-mon[18441]: from='mgr.14118 172.21.15.103:0/3009151873' entity='mgr.x'
2024-08-19T08:53:53.345 INFO:journalctl@ceph.mon.a.smithi103.stdout:Aug 19 08:53:53 smithi103 ceph-mon[18441]: Added host smithi103
2024-08-19T08:53:53.345 INFO:journalctl@ceph.mon.a.smithi103.stdout:Aug 19 08:53:53 smithi103 ceph-mon[18441]: from='mgr.14118 172.21.15.103:0/3009151873' entity='mgr.x' cmd=[{"prefix": "config dump", "format": "json"}]: dispatch
2024-08-19T08:53:54.674 INFO:journalctl@ceph.mon.a.smithi103.stdout:Aug 19 08:53:54 smithi103 ceph-mon[18441]: from='client.14140 -' entity='client.admin' cmd=[{"prefix": "orch apply", "service_type": "mon", "unmanaged": true, "target": ["mon-mgr", ""]}]: dispatch
2024-08-19T08:53:54.675 INFO:journalctl@ceph.mon.a.smithi103.stdout:Aug 19 08:53:54 smithi103 ceph-mon[18441]: Saving service mon spec with placement count:5
2024-08-19T08:53:54.675 INFO:journalctl@ceph.mon.a.smithi103.stdout:Aug 19 08:53:54 smithi103 ceph-mon[18441]: from='mgr.14118 172.21.15.103:0/3009151873' entity='mgr.x'
2024-08-19T08:53:55.135 INFO:teuthology.orchestra.run.smithi103.stdout:/usr/bin/ceph: stdout Scheduled mon update...
2024-08-19T08:53:55.135 INFO:teuthology.orchestra.run.smithi103.stdout:/usr/bin/ceph: stderr
2024-08-19T08:53:53.150+0000 7f5d36427640 1 Processor -- start
2024-08-19T08:53:55.135 INFO:teuthology.orchestra.run.smithi103.stdout:/usr/bin/ceph: stderr
2024-08-19T08:53:53.150+0000 7f5d36427640 1 -- start start
2024-08-19T08:53:55.135 INFO:teuthology.orchestra.run.smithi103.stdout:/usr/bin/ceph: stderr
2024-08-19T08:53:53.150+0000 7f5d36427640 1 --2- >> [v2:172.21.15.103:3300/0,v1:172.21.15.103:6789/0] conn(0x7f5d301065a0 0x7f5d301069a0 unknown :-1 s=NONE pgs=0 cs=0 l=0 rev1=0 crypto rx=0 tx=0 comp rx=0 tx=0).connect
2024-08-19T08:53:55.136 INFO:teuthology.orchestra.run.smithi103.stdout:/usr/bin/ceph: stderr
2024-08-19T08:53:53.150+0000 7f5d36427640 1 -- --> [v2:172.21.15.103:3300/0,v1:172.21.15.103:6789/0] -- mon_getmap magic: 0 -- 0x7f5d30106f70 con 0x7f5d301065a0
2024-08-19T08:53:55.136 INFO:teuthology.orchestra.run.smithi103.stdout:/usr/bin/ceph: stderr
2024-08-19T08:53:53.150+0000 7f5d2ffff640 1 --2- >> [v2:172.21.15.103:3300/0,v1:172.21.15.103:6789/0] conn(0x7f5d301065a0 0x7f5d301069a0 unknown :-1 s=BANNER_CONNECTING pgs=0 cs=0 l=0 rev1=0 crypto rx=0 tx=0 comp rx=0 tx=0)._handle_peer_banner_payload supported=3 required=0
2024-08-19T08:53:55.136 INFO:teuthology.orchestra.run.smithi103.stdout:/usr/bin/ceph: stderr
2024-08-19T08:53:53.150+0000 7f5d2ffff640 1 --2- >> [v2:172.21.15.103:3300/0,v1:172.21.15.103:6789/0] conn(0x7f5d301065a0 0x7f5d301069a0 unknown :-1 s=HELLO_CONNECTING pgs=0 cs=0 l=0 rev1=1 crypto rx=0 tx=0 comp rx=0 tx=0).handle_hello peer v2:172.21.15.103:3300/0 says I am v2:172.21.15.103:41428/0 (socket says 172.21.15.103:41428)
2024-08-19T08:53:55.136 INFO:teuthology.orchestra.run.smithi103.stdout:/usr/bin/ceph: stderr
2024-08-19T08:53:53.150+0000 7f5d2ffff640 1 -- 172.21.15.103:0/294262610 learned_addr learned my addr 172.21.15.103:0/294262610 (peer_addr_for_me v2:172.21.15.103:0/0)
2024-08-19T08:53:55.136 INFO:teuthology.orchestra.run.smithi103.stdout:/usr/bin/ceph: stderr
2024-08-19T08:53:53.151+0000 7f5d2ffff640 1 -- 172.21.15.103:0/294262610 --> [v2:172.21.15.103:3300/0,v1:172.21.15.103:6789/0] -- mon_subscribe({config=0+,monmap=0+}) -- 0x7f5d301077a0 con 0x7f5d301065a0
2024-08-19T08:53:55.136 INFO:teuthology.orchestra.run.smithi103.stdout:/usr/bin/ceph: stderr
2024-08-19T08:53:53.151+0000 7f5d2ffff640 1 --2- 172.21.15.103:0/294262610 >> [v2:172.21.15.103:3300/0,v1:172.21.15.103:6789/0] conn(0x7f5d301065a0 0x7f5d301069a0 secure :-1 s=READY pgs=45 cs=0 l=1 rev1=1 crypto rx=0x7f5d20009820 tx=0x7f5d2002a270 comp rx=0 tx=0).ready entity=mon.0 client_cookie=fab1f4c987b7b208 server_cookie=0 in_seq=0 out_seq=0
2024-08-19T08:53:55.136 INFO:teuthology.orchestra.run.smithi103.stdout:/usr/bin/ceph: stderr
2024-08-19T08:53:53.151+0000 7f5d2effd640 1 -- 172.21.15.103:0/294262610 <== mon.0 v2:172.21.15.103:3300/0 1 ==== mon_map magic: 0 ==== 205+0+0 (secure 0 0 0) 0x7f5d20037070 con 0x7f5d301065a0
2024-08-19T08:53:55.136 INFO:teuthology.orchestra.run.smithi103.stdout:/usr/bin/ceph: stderr
2024-08-19T08:53:53.151+0000 7f5d2effd640 1 -- 172.21.15.103:0/294262610 <== mon.0 v2:172.21.15.103:3300/0 2 ==== config(29 keys) ==== 1178+0+0 (secure 0 0 0) 0x7f5d20032940 con 0x7f5d301065a0
2024-08-19T08:53:55.136 INFO:teuthology.orchestra.run.smithi103.stdout:/usr/bin/ceph: stderr
2024-08-19T08:53:53.151+0000 7f5d2effd640 1 -- 172.21.15.103:0/294262610 <== mon.0 v2:172.21.15.103:3300/0 3 ==== mon_map magic: 0 ==== 205+0+0 (secure 0 0 0) 0x7f5d200309c0 con 0x7f5d301065a0
2024-08-19T08:53:55.137 INFO:teuthology.orchestra.run.smithi103.stdout:/usr/bin/ceph: stderr
2024-08-19T08:53:53.152+0000 7f5d36427640 1 -- 172.21.15.103:0/294262610 >> [v2:172.21.15.103:3300/0,v1:172.21.15.103:6789/0] conn(0x7f5d301065a0 msgr2=0x7f5d301069a0 secure :-1 s=STATE_CONNECTION_ESTABLISHED l=1).mark_down
2024-08-19T08:53:55.137 INFO:teuthology.orchestra.run.smithi103.stdout:/usr/bin/ceph: stderr
2024-08-19T08:53:53.152+0000 7f5d36427640 1 --2- 172.21.15.103:0/294262610 >> [v2:172.21.15.103:3300/0,v1:172.21.15.103:6789/0] conn(0x7f5d301065a0 0x7f5d301069a0 secure :-1 s=READY pgs=45 cs=0 l=1 rev1=1 crypto rx=0x7f5d20009820 tx=0x7f5d2002a270 comp rx=0 tx=0).stop
2024-08-19T08:53:55.137 INFO:teuthology.orchestra.run.smithi103.stdout:/usr/bin/ceph: stderr
2024-08-19T08:53:53.152+0000 7f5d36427640 1 -- 172.21.15.103:0/294262610 shutdown_connections
2024-08-19T08:53:55.137 INFO:teuthology.orchestra.run.smithi103.stdout:/usr/bin/ceph: stderr
2024-08-19T08:53:53.152+0000 7f5d36427640 1 --2- 172.21.15.103:0/294262610 >> [v2:172.21.15.103:3300/0,v1:172.21.15.103:6789/0] conn(0x7f5d301065a0 0x7f5d301069a0 unknown :-1 s=CLOSED pgs=45 cs=0 l=1 rev1=1 crypto rx=0 tx=0 comp rx=0 tx=0).stop
2024-08-19T08:53:55.137 INFO:teuthology.orchestra.run.smithi103.stdout:/usr/bin/ceph: stderr
2024-08-19T08:53:53.152+0000 7f5d36427640 1 -- 172.21.15.103:0/294262610 >> 172.21.15.103:0/294262610 conn(0x7f5d30101cf0 msgr2=0x7f5d30104170 unknown :-1 s=STATE_NONE l=0).mark_down
2024-08-19T08:53:55.137 INFO:teuthology.orchestra.run.smithi103.stdout:/usr/bin/ceph: stderr
2024-08-19T08:53:53.152+0000 7f5d36427640 1 -- 172.21.15.103:0/294262610 shutdown_connections
2024-08-19T08:53:55.137 INFO:teuthology.orchestra.run.smithi103.stdout:/usr/bin/ceph: stderr
2024-08-19T08:53:53.152+0000 7f5d36427640 1 -- 172.21.15.103:0/294262610 wait complete.
2024-08-19T08:53:55.137 INFO:teuthology.orchestra.run.smithi103.stdout:/usr/bin/ceph: stderr
2024-08-19T08:53:53.152+0000 7f5d36427640 1 Processor -- start
2024-08-19T08:53:55.137 INFO:teuthology.orchestra.run.smithi103.stdout:/usr/bin/ceph: stderr
2024-08-19T08:53:53.153+0000 7f5d36427640 1 -- start start
2024-08-19T08:53:55.137 INFO:teuthology.orchestra.run.smithi103.stdout:/usr/bin/ceph: stderr
2024-08-19T08:53:53.153+0000 7f5d36427640 1 --2- >> [v2:172.21.15.103:3300/0,v1:172.21.15.103:6789/0] conn(0x7f5d301065a0 0x7f5d3019da10 unknown :-1 s=NONE pgs=0 cs=0 l=1 rev1=0 crypto rx=0 tx=0 comp rx=0 tx=0).connect
2024-08-19T08:53:55.138 INFO:teuthology.orchestra.run.smithi103.stdout:/usr/bin/ceph: stderr
2024-08-19T08:53:53.153+0000 7f5d36427640 1 -- --> [v2:172.21.15.103:3300/0,v1:172.21.15.103:6789/0] -- mon_getmap magic: 0 -- 0x7f5d3010ab50 con 0x7f5d301065a0
2024-08-19T08:53:55.138 INFO:teuthology.orchestra.run.smithi103.stdout:/usr/bin/ceph: stderr
2024-08-19T08:53:53.153+0000 7f5d2ffff640 1 --2- >> [v2:172.21.15.103:3300/0,v1:172.21.15.103:6789/0] conn(0x7f5d301065a0 0x7f5d3019da10 unknown :-1 s=BANNER_CONNECTING pgs=0 cs=0 l=1 rev1=0 crypto rx=0 tx=0 comp rx=0 tx=0)._handle_peer_banner_payload supported=3 required=0
2024-08-19T08:53:55.138 INFO:teuthology.orchestra.run.smithi103.stdout:/usr/bin/ceph: stderr
2024-08-19T08:53:53.153+0000 7f5d2ffff640 1 --2- >> [v2:172.21.15.103:3300/0,v1:172.21.15.103:6789/0] conn(0x7f5d301065a0 0x7f5d3019da10 unknown :-1 s=HELLO_CONNECTING pgs=0 cs=0 l=1 rev1=1 crypto rx=0 tx=0 comp rx=0 tx=0).handle_hello peer v2:172.21.15.103:3300/0 says I am v2:172.21.15.103:41444/0 (socket says 172.21.15.103:41444)
2024-08-19T08:53:55.138 INFO:teuthology.orchestra.run.smithi103.stdout:/usr/bin/ceph: stderr
2024-08-19T08:53:53.153+0000 7f5d2ffff640 1 -- 172.21.15.103:0/1466620068 learned_addr learned my addr 172.21.15.103:0/1466620068 (peer_addr_for_me v2:172.21.15.103:0/0)
2024-08-19T08:53:55.138 INFO:teuthology.orchestra.run.smithi103.stdout:/usr/bin/ceph: stderr
2024-08-19T08:53:53.153+0000 7f5d2ffff640 1 -- 172.21.15.103:0/1466620068 --> [v2:172.21.15.103:3300/0,v1:172.21.15.103:6789/0] -- mon_subscribe({config=0+,monmap=0+}) -- 0x7f5d3019df50 con 0x7f5d301065a0
2024-08-19T08:53:55.138 INFO:teuthology.orchestra.run.smithi103.stdout:/usr/bin/ceph: stderr
2024-08-19T08:53:53.153+0000 7f5d2ffff640 1 --2- 172.21.15.103:0/1466620068 >> [v2:172.21.15.103:3300/0,v1:172.21.15.103:6789/0] conn(0x7f5d301065a0 0x7f5d3019da10 secure :-1 s=READY pgs=46 cs=0 l=1 rev1=1 crypto rx=0x7f5d20032d70 tx=0x7f5d20032da0 comp rx=0 tx=0).ready entity=mon.0 client_cookie=0 server_cookie=0 in_seq=0 out_seq=0
2024-08-19T08:53:55.138 INFO:teuthology.orchestra.run.smithi103.stdout:/usr/bin/ceph: stderr
2024-08-19T08:53:53.154+0000 7f5d2d7fa640 1 -- 172.21.15.103:0/1466620068 <== mon.0 v2:172.21.15.103:3300/0 1 ==== mon_map magic: 0 ==== 205+0+0 (secure 0 0 0) 0x7f5d20042070 con 0x7f5d301065a0
2024-08-19T08:53:55.138 INFO:teuthology.orchestra.run.smithi103.stdout:/usr/bin/ceph: stderr
2024-08-19T08:53:53.154+0000 7f5d36427640 1 -- 172.21.15.103:0/1466620068 --> [v2:172.21.15.103:3300/0,v1:172.21.15.103:6789/0] -- mon_subscribe({mgrmap=0+}) -- 0x7f5d3019e1e0 con 0x7f5d301065a0
2024-08-19T08:53:55.138 INFO:teuthology.orchestra.run.smithi103.stdout:/usr/bin/ceph: stderr
2024-08-19T08:53:53.154+0000 7f5d2d7fa640 1 -- 172.21.15.103:0/1466620068 <== mon.0 v2:172.21.15.103:3300/0 2 ==== config(29 keys) ==== 1178+0+0 (secure 0 0 0) 0x7f5d20032570 con 0x7f5d301065a0
2024-08-19T08:53:55.138 INFO:teuthology.orchestra.run.smithi103.stdout:/usr/bin/ceph: stderr
2024-08-19T08:53:53.154+0000 7f5d2d7fa640 1 -- 172.21.15.103:0/1466620068 <== mon.0 v2:172.21.15.103:3300/0 3 ==== mon_map magic: 0 ==== 205+0+0 (secure 0 0 0) 0x7f5d20037040 con 0x7f5d301065a0
2024-08-19T08:53:55.139 INFO:teuthology.orchestra.run.smithi103.stdout:/usr/bin/ceph: stderr
2024-08-19T08:53:53.154+0000 7f5d36427640 1 -- 172.21.15.103:0/1466620068 --> [v2:172.21.15.103:3300/0,v1:172.21.15.103:6789/0] -- mon_subscribe({osdmap=0}) -- 0x7f5d301a0ed0 con 0x7f5d301065a0
2024-08-19T08:53:55.139 INFO:teuthology.orchestra.run.smithi103.stdout:/usr/bin/ceph: stderr
2024-08-19T08:53:53.154+0000 7f5d2d7fa640 1 -- 172.21.15.103:0/1466620068 <== mon.0 v2:172.21.15.103:3300/0 4 ==== mgrmap(e 8) ==== 46287+0+0 (secure 0 0 0) 0x7f5d20045070 con 0x7f5d301065a0
2024-08-19T08:53:55.139 INFO:teuthology.orchestra.run.smithi103.stdout:/usr/bin/ceph: stderr
2024-08-19T08:53:53.155+0000 7f5d36427640 1 -- 172.21.15.103:0/1466620068 --> [v2:172.21.15.103:3300/0,v1:172.21.15.103:6789/0] -- mon_command({"prefix": "get_command_descriptions"} v 0) -- 0x7f5d30106a20 con 0x7f5d301065a0
2024-08-19T08:53:55.139 INFO:teuthology.orchestra.run.smithi103.stdout:/usr/bin/ceph: stderr
2024-08-19T08:53:53.155+0000 7f5d2d7fa640 1 --2- 172.21.15.103:0/1466620068 >> [v2:172.21.15.103:6800/4169542482,v1:172.21.15.103:6801/4169542482] conn(0x7f5d18038f70 0x7f5d1803b430 unknown :-1 s=NONE pgs=0 cs=0 l=1 rev1=0 crypto rx=0 tx=0 comp rx=0 tx=0).connect
2024-08-19T08:53:55.139 INFO:teuthology.orchestra.run.smithi103.stdout:/usr/bin/ceph: stderr
2024-08-19T08:53:53.155+0000 7f5d2d7fa640 1 -- 172.21.15.103:0/1466620068 <== mon.0 v2:172.21.15.103:3300/0 5 ==== osd_map(2..2 src has 1..2) ==== 940+0+0 (secure 0 0 0) 0x7f5d2006bf20 con 0x7f5d301065a0
2024-08-19T08:53:55.139 INFO:teuthology.orchestra.run.smithi103.stdout:/usr/bin/ceph: stderr
2024-08-19T08:53:53.155+0000 7f5d2f7fe640 1 --2- 172.21.15.103:0/1466620068 >> [v2:172.21.15.103:6800/4169542482,v1:172.21.15.103:6801/4169542482] conn(0x7f5d18038f70 0x7f5d1803b430 unknown :-1 s=BANNER_CONNECTING pgs=0 cs=0 l=1 rev1=0 crypto rx=0 tx=0 comp rx=0 tx=0)._handle_peer_banner_payload supported=3 required=0
2024-08-19T08:53:55.139 INFO:teuthology.orchestra.run.smithi103.stdout:/usr/bin/ceph: stderr
2024-08-19T08:53:53.155+0000 7f5d2f7fe640 1 --2- 172.21.15.103:0/1466620068 >> [v2:172.21.15.103:6800/4169542482,v1:172.21.15.103:6801/4169542482] conn(0x7f5d18038f70 0x7f5d1803b430 secure :-1 s=READY pgs=12 cs=0 l=1 rev1=1 crypto rx=0x7f5d240098c0 tx=0x7f5d24006db0 comp rx=0 tx=0).ready entity=mgr.14118 client_cookie=0 server_cookie=0 in_seq=0 out_seq=0
2024-08-19T08:53:55.139 INFO:teuthology.orchestra.run.smithi103.stdout:/usr/bin/ceph: stderr
2024-08-19T08:53:53.159+0000 7f5d2d7fa640 1 -- 172.21.15.103:0/1466620068 <== mon.0 v2:172.21.15.103:3300/0 6 ==== mon_command_ack([{"prefix": "get_command_descriptions"}]=0 v0) ==== 72+0+187871 (secure 0 0 0) 0x7f5d2003db80 con 0x7f5d301065a0
2024-08-19T08:53:55.139 INFO:teuthology.orchestra.run.smithi103.stdout:/usr/bin/ceph: stderr
2024-08-19T08:53:53.342+0000 7f5d36427640 1 -- 172.21.15.103:0/1466620068 --> [v2:172.21.15.103:6800/4169542482,v1:172.21.15.103:6801/4169542482] -- mgr_command(tid 0: {"prefix": "orch apply", "service_type": "mon", "unmanaged": true, "target": ["mon-mgr", ""]}) -- 0x7f5d3002d8d0 con 0x7f5d18038f70
2024-08-19T08:53:55.139 INFO:teuthology.orchestra.run.smithi103.stdout:/usr/bin/ceph: stderr
2024-08-19T08:53:53.347+0000 7f5d2d7fa640 1 -- 172.21.15.103:0/1466620068 <== mgr.14118 v2:172.21.15.103:6800/4169542482 1 ==== mgr_command_reply(tid 0: 0 ) ==== 8+0+24 (secure 0 0 0) 0x7f5d3002d8d0 con 0x7f5d18038f70
2024-08-19T08:53:55.139 INFO:teuthology.orchestra.run.smithi103.stdout:/usr/bin/ceph: stderr
2024-08-19T08:53:53.349+0000 7f5d36427640 1 -- 172.21.15.103:0/1466620068 >> [v2:172.21.15.103:6800/4169542482,v1:172.21.15.103:6801/4169542482] conn(0x7f5d18038f70 msgr2=0x7f5d1803b430 secure :-1 s=STATE_CONNECTION_ESTABLISHED l=1).mark_down
2024-08-19T08:53:55.139 INFO:teuthology.orchestra.run.smithi103.stdout:/usr/bin/ceph: stderr
2024-08-19T08:53:53.349+0000 7f5d36427640 1 --2- 172.21.15.103:0/1466620068 >> [v2:172.21.15.103:6800/4169542482,v1:172.21.15.103:6801/4169542482] conn(0x7f5d18038f70 0x7f5d1803b430 secure :-1 s=READY pgs=12 cs=0 l=1 rev1=1 crypto rx=0x7f5d240098c0 tx=0x7f5d24006db0 comp rx=0 tx=0).stop
2024-08-19T08:53:55.140 INFO:teuthology.orchestra.run.smithi103.stdout:/usr/bin/ceph: stderr
2024-08-19T08:53:53.349+0000 7f5d36427640 1 -- 172.21.15.103:0/1466620068 >> [v2:172.21.15.103:3300/0,v1:172.21.15.103:6789/0] conn(0x7f5d301065a0 msgr2=0x7f5d3019da10 secure :-1 s=STATE_CONNECTION_ESTABLISHED l=1).mark_down
2024-08-19T08:53:55.140 INFO:teuthology.orchestra.run.smithi103.stdout:/usr/bin/ceph: stderr
2024-08-19T08:53:53.349+0000 7f5d36427640 1 --2- 172.21.15.103:0/1466620068 >> [v2:172.21.15.103:3300/0,v1:172.21.15.103:6789/0] conn(0x7f5d301065a0 0x7f5d3019da10 secure :-1 s=READY pgs=46 cs=0 l=1 rev1=1 crypto rx=0x7f5d20032d70 tx=0x7f5d20032da0 comp rx=0 tx=0).stop
2024-08-19T08:53:55.140 INFO:teuthology.orchestra.run.smithi103.stdout:/usr/bin/ceph: stderr
2024-08-19T08:53:53.349+0000 7f5d36427640 1 -- 172.21.15.103:0/1466620068 shutdown_connections
2024-08-19T08:53:55.140 INFO:teuthology.orchestra.run.smithi103.stdout:/usr/bin/ceph: stderr
2024-08-19T08:53:53.349+0000 7f5d36427640 1 --2- 172.21.15.103:0/1466620068 >> [v2:172.21.15.103:6800/4169542482,v1:172.21.15.103:6801/4169542482] conn(0x7f5d18038f70 0x7f5d1803b430 unknown :-1 s=CLOSED pgs=12 cs=0 l=1 rev1=1 crypto rx=0 tx=0 comp rx=0 tx=0).stop
2024-08-19T08:53:55.140 INFO:teuthology.orchestra.run.smithi103.stdout:/usr/bin/ceph: stderr
2024-08-19T08:53:53.349+0000 7f5d36427640 1 --2- 172.21.15.103:0/1466620068 >> [v2:172.21.15.103:3300/0,v1:172.21.15.103:6789/0] conn(0x7f5d301065a0 0x7f5d3019da10 unknown :-1 s=CLOSED pgs=46 cs=0 l=1 rev1=1 crypto rx=0 tx=0 comp rx=0 tx=0).stop
2024-08-19T08:53:55.140 INFO:teuthology.orchestra.run.smithi103.stdout:/usr/bin/ceph: stderr
2024-08-19T08:53:53.349+0000 7f5d36427640 1 -- 172.21.15.103:0/1466620068 >> 172.21.15.103:0/1466620068 conn(0x7f5d30101cf0 msgr2=0x7f5d30102c60 unknown :-1 s=STATE_NONE l=0).mark_down
2024-08-19T08:53:55.140 INFO:teuthology.orchestra.run.smithi103.stdout:/usr/bin/ceph: stderr
2024-08-19T08:53:53.349+0000 7f5d36427640 1 -- 172.21.15.103:0/1466620068 shutdown_connections
2024-08-19T08:53:55.140 INFO:teuthology.orchestra.run.smithi103.stdout:/usr/bin/ceph: stderr
2024-08-19T08:53:53.349+0000 7f5d36427640 1 -- 172.21.15.103:0/1466620068 wait complete.
2024-08-19T08:53:55.140 INFO:teuthology.orchestra.run.smithi103.stdout:Deploying unmanaged mgr service...
2024-08-19T08:53:56.042 INFO:journalctl@ceph.mon.a.smithi103.stdout:Aug 19 08:53:55 smithi103 ceph-mon[18441]: from='mgr.14118 172.21.15.103:0/3009151873' entity='mgr.x'
2024-08-19T08:53:56.043 INFO:journalctl@ceph.mon.a.smithi103.stdout:Aug 19 08:53:55 smithi103 ceph-mon[18441]: from='mgr.14118 172.21.15.103:0/3009151873' entity='mgr.x'
2024-08-19T08:53:56.328 INFO:teuthology.orchestra.run.smithi103.stdout:/usr/bin/ceph: stdout Scheduled mgr update...
2024-08-19T08:53:56.329 INFO:teuthology.orchestra.run.smithi103.stdout:/usr/bin/ceph: stderr
2024-08-19T08:53:55.515+0000 7f5f3d252640 1 Processor -- start
2024-08-19T08:53:56.329 INFO:teuthology.orchestra.run.smithi103.stdout:/usr/bin/ceph: stderr
2024-08-19T08:53:55.516+0000 7f5f3d252640 1 -- start start
2024-08-19T08:53:56.329 INFO:teuthology.orchestra.run.smithi103.stdout:/usr/bin/ceph: stderr
2024-08-19T08:53:55.516+0000 7f5f3d252640 1 --2- >> [v2:172.21.15.103:3300/0,v1:172.21.15.103:6789/0] conn(0x7f5f381081e0 0x7f5f3810a5d0 unknown :-1 s=NONE pgs=0 cs=0 l=0 rev1=0 crypto rx=0 tx=0 comp rx=0 tx=0).connect
2024-08-19T08:53:56.329 INFO:teuthology.orchestra.run.smithi103.stdout:/usr/bin/ceph: stderr
2024-08-19T08:53:55.516+0000 7f5f3d252640 1 -- --> [v2:172.21.15.103:3300/0,v1:172.21.15.103:6789/0] -- mon_getmap magic: 0 -- 0x7f5f3807bd40 con 0x7f5f381081e0
2024-08-19T08:53:56.329 INFO:teuthology.orchestra.run.smithi103.stdout:/usr/bin/ceph: stderr
2024-08-19T08:53:55.516+0000 7f5f36d9d640 1 --2- >> [v2:172.21.15.103:3300/0,v1:172.21.15.103:6789/0] conn(0x7f5f381081e0 0x7f5f3810a5d0 unknown :-1 s=BANNER_CONNECTING pgs=0 cs=0 l=0 rev1=0 crypto rx=0 tx=0 comp rx=0 tx=0)._handle_peer_banner_payload supported=3 required=0
2024-08-19T08:53:56.329 INFO:teuthology.orchestra.run.smithi103.stdout:/usr/bin/ceph: stderr
2024-08-19T08:53:55.516+0000 7f5f36d9d640 1 --2- >> [v2:172.21.15.103:3300/0,v1:172.21.15.103:6789/0] conn(0x7f5f381081e0 0x7f5f3810a5d0 unknown :-1 s=HELLO_CONNECTING pgs=0 cs=0 l=0 rev1=1 crypto rx=0 tx=0 comp rx=0 tx=0).handle_hello peer v2:172.21.15.103:3300/0 says I am v2:172.21.15.103:41448/0 (socket says 172.21.15.103:41448)
2024-08-19T08:53:56.329 INFO:teuthology.orchestra.run.smithi103.stdout:/usr/bin/ceph: stderr
2024-08-19T08:53:55.516+0000 7f5f36d9d640 1 -- 172.21.15.103:0/4064035695 learned_addr learned my addr 172.21.15.103:0/4064035695 (peer_addr_for_me v2:172.21.15.103:0/0)
2024-08-19T08:53:56.329 INFO:teuthology.orchestra.run.smithi103.stdout:/usr/bin/ceph: stderr
2024-08-19T08:53:55.516+0000 7f5f36d9d640 1 -- 172.21.15.103:0/4064035695 --> [v2:172.21.15.103:3300/0,v1:172.21.15.103:6789/0] -- mon_subscribe({config=0+,monmap=0+}) -- 0x7f5f3810ab10 con 0x7f5f381081e0
2024-08-19T08:53:56.329 INFO:teuthology.orchestra.run.smithi103.stdout:/usr/bin/ceph: stderr
2024-08-19T08:53:55.517+0000 7f5f36d9d640 1 --2- 172.21.15.103:0/4064035695 >> [v2:172.21.15.103:3300/0,v1:172.21.15.103:6789/0] conn(0x7f5f381081e0 0x7f5f3810a5d0 secure :-1 s=READY pgs=47 cs=0 l=1 rev1=1 crypto rx=0x7f5f28009820 tx=0x7f5f2802a270 comp rx=0 tx=0).ready entity=mon.0 client_cookie=9eeff2e13aa80842 server_cookie=0 in_seq=0 out_seq=0
2024-08-19T08:53:56.329 INFO:teuthology.orchestra.run.smithi103.stdout:/usr/bin/ceph: stderr
2024-08-19T08:53:55.517+0000 7f5f35d9b640 1 -- 172.21.15.103:0/4064035695 <== mon.0 v2:172.21.15.103:3300/0 1 ==== mon_map magic: 0 ==== 205+0+0 (secure 0 0 0) 0x7f5f28037070 con 0x7f5f381081e0
2024-08-19T08:53:56.329 INFO:teuthology.orchestra.run.smithi103.stdout:/usr/bin/ceph: stderr
2024-08-19T08:53:55.517+0000 7f5f35d9b640 1 -- 172.21.15.103:0/4064035695 <== mon.0 v2:172.21.15.103:3300/0 2 ==== config(29 keys) ==== 1209+0+0 (secure 0 0 0) 0x7f5f28032960 con 0x7f5f381081e0
2024-08-19T08:53:56.329 INFO:teuthology.orchestra.run.smithi103.stdout:/usr/bin/ceph: stderr
2024-08-19T08:53:55.517+0000 7f5f35d9b640 1 -- 172.21.15.103:0/4064035695 <== mon.0 v2:172.21.15.103:3300/0 3 ==== mon_map magic: 0 ==== 205+0+0 (secure 0 0 0) 0x7f5f28030980 con 0x7f5f381081e0
2024-08-19T08:53:56.330 INFO:teuthology.orchestra.run.smithi103.stdout:/usr/bin/ceph: stderr
2024-08-19T08:53:55.518+0000 7f5f3d252640 1 -- 172.21.15.103:0/4064035695 >> [v2:172.21.15.103:3300/0,v1:172.21.15.103:6789/0] conn(0x7f5f381081e0 msgr2=0x7f5f3810a5d0 secure :-1 s=STATE_CONNECTION_ESTABLISHED l=1).mark_down
2024-08-19T08:53:56.330 INFO:teuthology.orchestra.run.smithi103.stdout:/usr/bin/ceph: stderr
2024-08-19T08:53:55.518+0000 7f5f3d252640 1 --2- 172.21.15.103:0/4064035695 >> [v2:172.21.15.103:3300/0,v1:172.21.15.103:6789/0] conn(0x7f5f381081e0 0x7f5f3810a5d0 secure :-1 s=READY pgs=47 cs=0 l=1 rev1=1 crypto rx=0x7f5f28009820 tx=0x7f5f2802a270 comp rx=0 tx=0).stop
2024-08-19T08:53:56.330 INFO:teuthology.orchestra.run.smithi103.stdout:/usr/bin/ceph: stderr
2024-08-19T08:53:55.518+0000 7f5f3d252640 1 -- 172.21.15.103:0/4064035695 shutdown_connections
2024-08-19T08:53:56.330 INFO:teuthology.orchestra.run.smithi103.stdout:/usr/bin/ceph: stderr
2024-08-19T08:53:55.518+0000 7f5f3d252640 1 --2- 172.21.15.103:0/4064035695 >> [v2:172.21.15.103:3300/0,v1:172.21.15.103:6789/0] conn(0x7f5f381081e0 0x7f5f3810a5d0 unknown :-1 s=CLOSED pgs=47 cs=0 l=1 rev1=1 crypto rx=0 tx=0 comp rx=0 tx=0).stop
2024-08-19T08:53:56.330 INFO:teuthology.orchestra.run.smithi103.stdout:/usr/bin/ceph: stderr
2024-08-19T08:53:55.518+0000 7f5f3d252640 1 -- 172.21.15.103:0/4064035695 >> 172.21.15.103:0/4064035695 conn(0x7f5f38101da0 msgr2=0x7f5f381041e0 unknown :-1 s=STATE_NONE l=0).mark_down
2024-08-19T08:53:56.330 INFO:teuthology.orchestra.run.smithi103.stdout:/usr/bin/ceph: stderr
2024-08-19T08:53:55.518+0000 7f5f3d252640 1 -- 172.21.15.103:0/4064035695 shutdown_connections
2024-08-19T08:53:56.330 INFO:teuthology.orchestra.run.smithi103.stdout:/usr/bin/ceph: stderr
2024-08-19T08:53:55.518+0000 7f5f3d252640 1 -- 172.21.15.103:0/4064035695 wait complete.
2024-08-19T08:53:56.330 INFO:teuthology.orchestra.run.smithi103.stdout:/usr/bin/ceph: stderr
2024-08-19T08:53:55.518+0000 7f5f3d252640 1 Processor -- start
2024-08-19T08:53:56.330 INFO:teuthology.orchestra.run.smithi103.stdout:/usr/bin/ceph: stderr
2024-08-19T08:53:55.519+0000 7f5f3d252640 1 -- start start
2024-08-19T08:53:56.330 INFO:teuthology.orchestra.run.smithi103.stdout:/usr/bin/ceph: stderr
2024-08-19T08:53:55.519+0000 7f5f3d252640 1 --2- >> [v2:172.21.15.103:3300/0,v1:172.21.15.103:6789/0] conn(0x7f5f381081e0 0x7f5f3819d930 unknown :-1 s=NONE pgs=0 cs=0 l=1 rev1=0 crypto rx=0 tx=0 comp rx=0 tx=0).connect
2024-08-19T08:53:56.330 INFO:teuthology.orchestra.run.smithi103.stdout:/usr/bin/ceph: stderr
2024-08-19T08:53:55.519+0000 7f5f3d252640 1 -- --> [v2:172.21.15.103:3300/0,v1:172.21.15.103:6789/0] -- mon_getmap magic: 0 -- 0x7f5f3810bbf0 con 0x7f5f381081e0
2024-08-19T08:53:56.330 INFO:teuthology.orchestra.run.smithi103.stdout:/usr/bin/ceph: stderr
2024-08-19T08:53:55.519+0000 7f5f36d9d640 1 --2- >> [v2:172.21.15.103:3300/0,v1:172.21.15.103:6789/0] conn(0x7f5f381081e0 0x7f5f3819d930 unknown :-1 s=BANNER_CONNECTING pgs=0 cs=0 l=1 rev1=0 crypto rx=0 tx=0 comp rx=0 tx=0)._handle_peer_banner_payload supported=3 required=0
2024-08-19T08:53:56.331 INFO:teuthology.orchestra.run.smithi103.stdout:/usr/bin/ceph: stderr
2024-08-19T08:53:55.519+0000 7f5f36d9d640 1 --2- >> [v2:172.21.15.103:3300/0,v1:172.21.15.103:6789/0] conn(0x7f5f381081e0 0x7f5f3819d930 unknown :-1 s=HELLO_CONNECTING pgs=0 cs=0 l=1 rev1=1 crypto rx=0 tx=0 comp rx=0 tx=0).handle_hello peer v2:172.21.15.103:3300/0 says I am v2:172.21.15.103:41454/0 (socket says 172.21.15.103:41454)
2024-08-19T08:53:56.331 INFO:teuthology.orchestra.run.smithi103.stdout:/usr/bin/ceph: stderr
2024-08-19T08:53:55.519+0000 7f5f36d9d640 1 -- 172.21.15.103:0/3147727472 learned_addr learned my addr 172.21.15.103:0/3147727472 (peer_addr_for_me v2:172.21.15.103:0/0)
2024-08-19T08:53:56.331 INFO:teuthology.orchestra.run.smithi103.stdout:/usr/bin/ceph: stderr
2024-08-19T08:53:55.519+0000 7f5f36d9d640 1 -- 172.21.15.103:0/3147727472 --> [v2:172.21.15.103:3300/0,v1:172.21.15.103:6789/0] -- mon_subscribe({config=0+,monmap=0+}) -- 0x7f5f3819de70 con 0x7f5f381081e0
2024-08-19T08:53:56.331 INFO:teuthology.orchestra.run.smithi103.stdout:/usr/bin/ceph: stderr
2024-08-19T08:53:55.519+0000 7f5f36d9d640 1 --2- 172.21.15.103:0/3147727472 >> [v2:172.21.15.103:3300/0,v1:172.21.15.103:6789/0] conn(0x7f5f381081e0 0x7f5f3819d930 secure :-1 s=READY pgs=48 cs=0 l=1 rev1=1 crypto rx=0x7f5f28032e80 tx=0x7f5f28032eb0 comp rx=0 tx=0).ready entity=mon.0 client_cookie=0 server_cookie=0 in_seq=0 out_seq=0
2024-08-19T08:53:56.331 INFO:teuthology.orchestra.run.smithi103.stdout:/usr/bin/ceph: stderr
2024-08-19T08:53:55.520+0000 7f5f1ffff640 1 -- 172.21.15.103:0/3147727472 <== mon.0 v2:172.21.15.103:3300/0 1 ==== mon_map magic: 0 ==== 205+0+0 (secure 0 0 0) 0x7f5f28042070 con 0x7f5f381081e0
2024-08-19T08:53:56.331 INFO:teuthology.orchestra.run.smithi103.stdout:/usr/bin/ceph: stderr
2024-08-19T08:53:55.520+0000 7f5f1ffff640 1 -- 172.21.15.103:0/3147727472 <== mon.0 v2:172.21.15.103:3300/0 2 ==== config(29 keys) ==== 1209+0+0 (secure 0 0 0) 0x7f5f280326c0 con 0x7f5f381081e0
2024-08-19T08:53:56.331 INFO:teuthology.orchestra.run.smithi103.stdout:/usr/bin/ceph: stderr
2024-08-19T08:53:55.520+0000 7f5f3d252640 1 -- 172.21.15.103:0/3147727472 --> [v2:172.21.15.103:3300/0,v1:172.21.15.103:6789/0] -- mon_subscribe({mgrmap=0+}) -- 0x7f5f3819e100 con 0x7f5f381081e0
2024-08-19T08:53:56.331 INFO:teuthology.orchestra.run.smithi103.stdout:/usr/bin/ceph: stderr
