2024-08-25T23:53:35.273+0000 7fb508e00640 1 --2- 172.21.15.42:0/1997415830 >> [v2:172.21.15.42:3300/0,v1:172.21.15.42:6789/0] conn(0x7fb504107350 0x7fb504107750 unknown :-1 s=CLOSED pgs=68 cs=0 l=1 rev1=1 crypto rx=0 tx=0 comp rx=0 tx=0).stop
2024-08-25T23:53:36.218 INFO:teuthology.orchestra.run.smithi042.stdout:/usr/bin/ceph: stderr
2024-08-25T23:53:35.273+0000 7fb508e00640 1 -- 172.21.15.42:0/1997415830 >> 172.21.15.42:0/1997415830 conn(0x7fb504102b20 msgr2=0x7fb504104f40 unknown :-1 s=STATE_NONE l=0).mark_down
2024-08-25T23:53:36.218 INFO:teuthology.orchestra.run.smithi042.stdout:/usr/bin/ceph: stderr
2024-08-25T23:53:35.273+0000 7fb508e00640 1 -- 172.21.15.42:0/1997415830 shutdown_connections
2024-08-25T23:53:36.218 INFO:teuthology.orchestra.run.smithi042.stdout:/usr/bin/ceph: stderr
2024-08-25T23:53:35.273+0000 7fb508e00640 1 -- 172.21.15.42:0/1997415830 wait complete.
2024-08-25T23:53:36.218 INFO:teuthology.orchestra.run.smithi042.stdout:/usr/bin/ceph: stderr
2024-08-25T23:53:35.275+0000 7fb508e00640 1 Processor -- start
2024-08-25T23:53:36.218 INFO:teuthology.orchestra.run.smithi042.stdout:/usr/bin/ceph: stderr
2024-08-25T23:53:35.275+0000 7fb508e00640 1 -- start start
2024-08-25T23:53:36.218 INFO:teuthology.orchestra.run.smithi042.stdout:/usr/bin/ceph: stderr
2024-08-25T23:53:35.275+0000 7fb508e00640 1 --2- >> [v2:172.21.15.42:3300/0,v1:172.21.15.42:6789/0] conn(0x7fb504107350 0x7fb50419d750 unknown :-1 s=NONE pgs=0 cs=0 l=1 rev1=0 crypto rx=0 tx=0 comp rx=0 tx=0).connect
2024-08-25T23:53:36.218 INFO:teuthology.orchestra.run.smithi042.stdout:/usr/bin/ceph: stderr
2024-08-25T23:53:35.275+0000 7fb508e00640 1 -- --> [v2:172.21.15.42:3300/0,v1:172.21.15.42:6789/0] -- mon_getmap magic: 0 -- 0x7fb50410b8b0 con 0x7fb504107350
2024-08-25T23:53:36.218 INFO:teuthology.orchestra.run.smithi042.stdout:/usr/bin/ceph: stderr
2024-08-25T23:53:35.276+0000 7fb503400640 1 --2- >> [v2:172.21.15.42:3300/0,v1:172.21.15.42:6789/0] conn(0x7fb504107350 0x7fb50419d750 unknown :-1 s=BANNER_CONNECTING pgs=0 cs=0 l=1 rev1=0 crypto rx=0 tx=0 comp rx=0 tx=0)._handle_peer_banner_payload supported=3 required=0
2024-08-25T23:53:36.218 INFO:teuthology.orchestra.run.smithi042.stdout:/usr/bin/ceph: stderr
2024-08-25T23:53:35.276+0000 7fb503400640 1 --2- >> [v2:172.21.15.42:3300/0,v1:172.21.15.42:6789/0] conn(0x7fb504107350 0x7fb50419d750 unknown :-1 s=HELLO_CONNECTING pgs=0 cs=0 l=1 rev1=1 crypto rx=0 tx=0 comp rx=0 tx=0).handle_hello peer v2:172.21.15.42:3300/0 says I am v2:172.21.15.42:35608/0 (socket says 172.21.15.42:35608)
2024-08-25T23:53:36.218 INFO:teuthology.orchestra.run.smithi042.stdout:/usr/bin/ceph: stderr
2024-08-25T23:53:35.276+0000 7fb503400640 1 -- 172.21.15.42:0/1111953622 learned_addr learned my addr 172.21.15.42:0/1111953622 (peer_addr_for_me v2:172.21.15.42:0/0)
2024-08-25T23:53:36.218 INFO:teuthology.orchestra.run.smithi042.stdout:/usr/bin/ceph: stderr
2024-08-25T23:53:35.276+0000 7fb503400640 1 -- 172.21.15.42:0/1111953622 --> [v2:172.21.15.42:3300/0,v1:172.21.15.42:6789/0] -- mon_subscribe({config=0+,monmap=0+}) -- 0x7fb50419dc90 con 0x7fb504107350
2024-08-25T23:53:36.218 INFO:teuthology.orchestra.run.smithi042.stdout:/usr/bin/ceph: stderr
2024-08-25T23:53:35.277+0000 7fb503400640 1 --2- 172.21.15.42:0/1111953622 >> [v2:172.21.15.42:3300/0,v1:172.21.15.42:6789/0] conn(0x7fb504107350 0x7fb50419d750 secure :-1 s=READY pgs=69 cs=0 l=1 rev1=1 crypto rx=0x7fb4f40097f0 tx=0x7fb4f40327b0 comp rx=0 tx=0).ready entity=mon.0 client_cookie=0 server_cookie=0 in_seq=0 out_seq=0
2024-08-25T23:53:36.219 INFO:teuthology.orchestra.run.smithi042.stdout:/usr/bin/ceph: stderr
2024-08-25T23:53:35.278+0000 7fb4fbe00640 1 -- 172.21.15.42:0/1111953622 <== mon.0 v2:172.21.15.42:3300/0 1 ==== mon_map magic: 0 ==== 205+0+0 (secure 0 0 0) 0x7fb4f4037040 con 0x7fb504107350
2024-08-25T23:53:36.219 INFO:teuthology.orchestra.run.smithi042.stdout:/usr/bin/ceph: stderr
2024-08-25T23:53:35.278+0000 7fb4fbe00640 1 -- 172.21.15.42:0/1111953622 <== mon.0 v2:172.21.15.42:3300/0 2 ==== config(27 keys) ==== 1140+0+0 (secure 0 0 0) 0x7fb4f4030cc0 con 0x7fb504107350
2024-08-25T23:53:36.219 INFO:teuthology.orchestra.run.smithi042.stdout:/usr/bin/ceph: stderr
2024-08-25T23:53:35.278+0000 7fb4fbe00640 1 -- 172.21.15.42:0/1111953622 <== mon.0 v2:172.21.15.42:3300/0 3 ==== mon_map magic: 0 ==== 205+0+0 (secure 0 0 0) 0x7fb4f403a640 con 0x7fb504107350
2024-08-25T23:53:36.219 INFO:teuthology.orchestra.run.smithi042.stdout:/usr/bin/ceph: stderr
2024-08-25T23:53:35.278+0000 7fb508e00640 1 -- 172.21.15.42:0/1111953622 --> [v2:172.21.15.42:3300/0,v1:172.21.15.42:6789/0] -- mon_subscribe({mgrmap=0+}) -- 0x7fb50419df20 con 0x7fb504107350
2024-08-25T23:53:36.219 INFO:teuthology.orchestra.run.smithi042.stdout:/usr/bin/ceph: stderr
2024-08-25T23:53:35.278+0000 7fb508e00640 1 -- 172.21.15.42:0/1111953622 --> [v2:172.21.15.42:3300/0,v1:172.21.15.42:6789/0] -- mon_subscribe({osdmap=0}) -- 0x7fb5041a0c10 con 0x7fb504107350
2024-08-25T23:53:36.219 INFO:teuthology.orchestra.run.smithi042.stdout:/usr/bin/ceph: stderr
2024-08-25T23:53:35.279+0000 7fb4fbe00640 1 -- 172.21.15.42:0/1111953622 <== mon.0 v2:172.21.15.42:3300/0 4 ==== mgrmap(e 12) ==== 46300+0+0 (secure 0 0 0) 0x7fb4f403b3f0 con 0x7fb504107350
2024-08-25T23:53:36.219 INFO:teuthology.orchestra.run.smithi042.stdout:/usr/bin/ceph: stderr
2024-08-25T23:53:35.280+0000 7fb508e00640 1 -- 172.21.15.42:0/1111953622 --> [v2:172.21.15.42:3300/0,v1:172.21.15.42:6789/0] -- mon_command({"prefix": "get_command_descriptions"} v 0) -- 0x7fb5041077d0 con 0x7fb504107350
2024-08-25T23:53:36.219 INFO:teuthology.orchestra.run.smithi042.stdout:/usr/bin/ceph: stderr
2024-08-25T23:53:35.280+0000 7fb4fbe00640 1 --2- 172.21.15.42:0/1111953622 >> [v2:172.21.15.42:6800/22448279,v1:172.21.15.42:6801/22448279] conn(0x7fb4e8039070 0x7fb4e803b530 unknown :-1 s=NONE pgs=0 cs=0 l=1 rev1=0 crypto rx=0 tx=0 comp rx=0 tx=0).connect
2024-08-25T23:53:36.219 INFO:teuthology.orchestra.run.smithi042.stdout:/usr/bin/ceph: stderr
2024-08-25T23:53:35.280+0000 7fb4fbe00640 1 -- 172.21.15.42:0/1111953622 <== mon.0 v2:172.21.15.42:3300/0 5 ==== osd_map(3..3 src has 1..3) ==== 1155+0+0 (secure 0 0 0) 0x7fb4f406c660 con 0x7fb504107350
2024-08-25T23:53:36.219 INFO:teuthology.orchestra.run.smithi042.stdout:/usr/bin/ceph: stderr
2024-08-25T23:53:35.281+0000 7fb502a00640 1 --2- 172.21.15.42:0/1111953622 >> [v2:172.21.15.42:6800/22448279,v1:172.21.15.42:6801/22448279] conn(0x7fb4e8039070 0x7fb4e803b530 unknown :-1 s=BANNER_CONNECTING pgs=0 cs=0 l=1 rev1=0 crypto rx=0 tx=0 comp rx=0 tx=0)._handle_peer_banner_payload supported=3 required=0
2024-08-25T23:53:36.219 INFO:teuthology.orchestra.run.smithi042.stdout:/usr/bin/ceph: stderr
2024-08-25T23:53:35.281+0000 7fb502a00640 1 --2- 172.21.15.42:0/1111953622 >> [v2:172.21.15.42:6800/22448279,v1:172.21.15.42:6801/22448279] conn(0x7fb4e8039070 0x7fb4e803b530 secure :-1 s=READY pgs=7 cs=0 l=1 rev1=1 crypto rx=0x7fb4f00098c0 tx=0x7fb4f0006db0 comp rx=0 tx=0).ready entity=mgr.14150 client_cookie=0 server_cookie=0 in_seq=0 out_seq=0
2024-08-25T23:53:36.219 INFO:teuthology.orchestra.run.smithi042.stdout:/usr/bin/ceph: stderr
2024-08-25T23:53:35.286+0000 7fb4fbe00640 1 -- 172.21.15.42:0/1111953622 <== mon.0 v2:172.21.15.42:3300/0 6 ==== mon_command_ack([{"prefix": "get_command_descriptions"}]=0 v0) ==== 72+0+187871 (secure 0 0 0) 0x7fb4f4040210 con 0x7fb504107350
2024-08-25T23:53:36.219 INFO:teuthology.orchestra.run.smithi042.stdout:/usr/bin/ceph: stderr
2024-08-25T23:53:35.478+0000 7fb508e00640 1 -- 172.21.15.42:0/1111953622 --> [v2:172.21.15.42:6800/22448279,v1:172.21.15.42:6801/22448279] -- mgr_command(tid 0: {"prefix": "dashboard create-self-signed-cert", "target": ["mon-mgr", ""]}) -- 0x7fb504103ee0 con 0x7fb4e8039070
2024-08-25T23:53:36.220 INFO:teuthology.orchestra.run.smithi042.stdout:/usr/bin/ceph: stderr
2024-08-25T23:53:35.545+0000 7fb4fbe00640 1 -- 172.21.15.42:0/1111953622 <== mgr.14150 v2:172.21.15.42:6800/22448279 1 ==== mgr_command_reply(tid 0: 0 ) ==== 8+0+32 (secure 0 0 0) 0x7fb504103ee0 con 0x7fb4e8039070
2024-08-25T23:53:36.220 INFO:teuthology.orchestra.run.smithi042.stdout:/usr/bin/ceph: stderr
2024-08-25T23:53:35.547+0000 7fb508e00640 1 -- 172.21.15.42:0/1111953622 >> [v2:172.21.15.42:6800/22448279,v1:172.21.15.42:6801/22448279] conn(0x7fb4e8039070 msgr2=0x7fb4e803b530 secure :-1 s=STATE_CONNECTION_ESTABLISHED l=1).mark_down
2024-08-25T23:53:36.220 INFO:teuthology.orchestra.run.smithi042.stdout:/usr/bin/ceph: stderr
2024-08-25T23:53:35.547+0000 7fb508e00640 1 --2- 172.21.15.42:0/1111953622 >> [v2:172.21.15.42:6800/22448279,v1:172.21.15.42:6801/22448279] conn(0x7fb4e8039070 0x7fb4e803b530 secure :-1 s=READY pgs=7 cs=0 l=1 rev1=1 crypto rx=0x7fb4f00098c0 tx=0x7fb4f0006db0 comp rx=0 tx=0).stop
2024-08-25T23:53:36.220 INFO:teuthology.orchestra.run.smithi042.stdout:/usr/bin/ceph: stderr
2024-08-25T23:53:35.548+0000 7fb508e00640 1 -- 172.21.15.42:0/1111953622 >> [v2:172.21.15.42:3300/0,v1:172.21.15.42:6789/0] conn(0x7fb504107350 msgr2=0x7fb50419d750 secure :-1 s=STATE_CONNECTION_ESTABLISHED l=1).mark_down
2024-08-25T23:53:36.220 INFO:teuthology.orchestra.run.smithi042.stdout:/usr/bin/ceph: stderr
2024-08-25T23:53:35.548+0000 7fb508e00640 1 --2- 172.21.15.42:0/1111953622 >> [v2:172.21.15.42:3300/0,v1:172.21.15.42:6789/0] conn(0x7fb504107350 0x7fb50419d750 secure :-1 s=READY pgs=69 cs=0 l=1 rev1=1 crypto rx=0x7fb4f40097f0 tx=0x7fb4f40327b0 comp rx=0 tx=0).stop
2024-08-25T23:53:36.220 INFO:teuthology.orchestra.run.smithi042.stdout:/usr/bin/ceph: stderr
2024-08-25T23:53:35.548+0000 7fb508e00640 1 -- 172.21.15.42:0/1111953622 shutdown_connections
2024-08-25T23:53:36.220 INFO:teuthology.orchestra.run.smithi042.stdout:/usr/bin/ceph: stderr
2024-08-25T23:53:35.548+0000 7fb508e00640 1 --2- 172.21.15.42:0/1111953622 >> [v2:172.21.15.42:6800/22448279,v1:172.21.15.42:6801/22448279] conn(0x7fb4e8039070 0x7fb4e803b530 unknown :-1 s=CLOSED pgs=7 cs=0 l=1 rev1=1 crypto rx=0 tx=0 comp rx=0 tx=0).stop
2024-08-25T23:53:36.220 INFO:teuthology.orchestra.run.smithi042.stdout:/usr/bin/ceph: stderr
2024-08-25T23:53:35.548+0000 7fb508e00640 1 --2- 172.21.15.42:0/1111953622 >> [v2:172.21.15.42:3300/0,v1:172.21.15.42:6789/0] conn(0x7fb504107350 0x7fb50419d750 unknown :-1 s=CLOSED pgs=69 cs=0 l=1 rev1=1 crypto rx=0 tx=0 comp rx=0 tx=0).stop
2024-08-25T23:53:36.220 INFO:teuthology.orchestra.run.smithi042.stdout:/usr/bin/ceph: stderr
2024-08-25T23:53:35.548+0000 7fb508e00640 1 -- 172.21.15.42:0/1111953622 >> 172.21.15.42:0/1111953622 conn(0x7fb504102b20 msgr2=0x7fb5041037d0 unknown :-1 s=STATE_NONE l=0).mark_down
2024-08-25T23:53:36.220 INFO:teuthology.orchestra.run.smithi042.stdout:/usr/bin/ceph: stderr
2024-08-25T23:53:35.548+0000 7fb508e00640 1 -- 172.21.15.42:0/1111953622 shutdown_connections
2024-08-25T23:53:36.220 INFO:teuthology.orchestra.run.smithi042.stdout:/usr/bin/ceph: stderr
2024-08-25T23:53:35.548+0000 7fb508e00640 1 -- 172.21.15.42:0/1111953622 wait complete.
2024-08-25T23:53:36.220 INFO:teuthology.orchestra.run.smithi042.stdout:Creating initial admin user...
2024-08-25T23:53:36.491 INFO:journalctl@ceph.mon.a.smithi042.stdout:Aug 25 23:53:36 smithi042 ceph-mon[17225]: [25/Aug/2024:23:53:34] ENGINE Bus STARTING
2024-08-25T23:53:36.491 INFO:journalctl@ceph.mon.a.smithi042.stdout:Aug 25 23:53:36 smithi042 ceph-mon[17225]: [25/Aug/2024:23:53:35] ENGINE Serving on https://172.21.15.42:7150
2024-08-25T23:53:36.491 INFO:journalctl@ceph.mon.a.smithi042.stdout:Aug 25 23:53:36 smithi042 ceph-mon[17225]: [25/Aug/2024:23:53:35] ENGINE Error in HTTPServer.serve
2024-08-25T23:53:36.491 INFO:journalctl@ceph.mon.a.smithi042.stdout: Traceback (most recent call last):
2024-08-25T23:53:36.491 INFO:journalctl@ceph.mon.a.smithi042.stdout: File "/lib/python3.9/site-packages/cheroot/server.py", line 1823, in serve
2024-08-25T23:53:36.491 INFO:journalctl@ceph.mon.a.smithi042.stdout: self._connections.run(self.expiration_interval)
2024-08-25T23:53:36.491 INFO:journalctl@ceph.mon.a.smithi042.stdout: File "/lib/python3.9/site-packages/cheroot/connections.py", line 203, in run
2024-08-25T23:53:36.492 INFO:journalctl@ceph.mon.a.smithi042.stdout: self._run(expiration_interval)
2024-08-25T23:53:36.492 INFO:journalctl@ceph.mon.a.smithi042.stdout: File "/lib/python3.9/site-packages/cheroot/connections.py", line 246, in _run
2024-08-25T23:53:36.492 INFO:journalctl@ceph.mon.a.smithi042.stdout: new_conn = self._from_server_socket(self.server.socket)
2024-08-25T23:53:36.492 INFO:journalctl@ceph.mon.a.smithi042.stdout: File "/lib/python3.9/site-packages/cheroot/connections.py", line 300, in _from_server_socket
2024-08-25T23:53:36.492 INFO:journalctl@ceph.mon.a.smithi042.stdout: s, ssl_env = self.server.ssl_adapter.wrap(s)
2024-08-25T23:53:36.492 INFO:journalctl@ceph.mon.a.smithi042.stdout: File "/lib/python3.9/site-packages/cheroot/ssl/builtin.py", line 277, in wrap
2024-08-25T23:53:36.492 INFO:journalctl@ceph.mon.a.smithi042.stdout: s = self.context.wrap_socket(
2024-08-25T23:53:36.492 INFO:journalctl@ceph.mon.a.smithi042.stdout: File "/lib64/python3.9/ssl.py", line 501, in wrap_socket
2024-08-25T23:53:36.492 INFO:journalctl@ceph.mon.a.smithi042.stdout: return self.sslsocket_class._create(
2024-08-25T23:53:36.492 INFO:journalctl@ceph.mon.a.smithi042.stdout: File "/lib64/python3.9/ssl.py", line 1074, in _create
2024-08-25T23:53:36.492 INFO:journalctl@ceph.mon.a.smithi042.stdout: self.do_handshake()
2024-08-25T23:53:36.493 INFO:journalctl@ceph.mon.a.smithi042.stdout: File "/lib64/python3.9/ssl.py", line 1343, in do_handshake
2024-08-25T23:53:36.493 INFO:journalctl@ceph.mon.a.smithi042.stdout: self._sslobj.do_handshake()
2024-08-25T23:53:36.493 INFO:journalctl@ceph.mon.a.smithi042.stdout: ssl.SSLZeroReturnError: TLS/SSL connection has been closed (EOF) (_ssl.c:1133)
2024-08-25T23:53:36.493 INFO:journalctl@ceph.mon.a.smithi042.stdout:Aug 25 23:53:36 smithi042 ceph-mon[17225]: mgrmap e12: x(active, since 2s)
2024-08-25T23:53:36.493 INFO:journalctl@ceph.mon.a.smithi042.stdout:Aug 25 23:53:36 smithi042 ceph-mon[17225]: [25/Aug/2024:23:53:35] ENGINE Serving on http://172.21.15.42:8765
2024-08-25T23:53:36.493 INFO:journalctl@ceph.mon.a.smithi042.stdout:Aug 25 23:53:36 smithi042 ceph-mon[17225]: [25/Aug/2024:23:53:35] ENGINE Bus STARTED
2024-08-25T23:53:36.493 INFO:journalctl@ceph.mon.a.smithi042.stdout:Aug 25 23:53:36 smithi042 ceph-mon[17225]: from='mgr.14150 172.21.15.42:0/4138692641' entity='mgr.x'
2024-08-25T23:53:36.493 INFO:journalctl@ceph.mon.a.smithi042.stdout:Aug 25 23:53:36 smithi042 ceph-mon[17225]: from='mgr.14150 172.21.15.42:0/4138692641' entity='mgr.x'
2024-08-25T23:53:36.493 INFO:journalctl@ceph.mon.a.smithi042.stdout:Aug 25 23:53:36 smithi042 ceph-mon[17225]: from='mgr.14150 172.21.15.42:0/4138692641' entity='mgr.x'
2024-08-25T23:53:37.406 INFO:journalctl@ceph.mon.a.smithi042.stdout:Aug 25 23:53:37 smithi042 ceph-mon[17225]: from='client.14162 -' entity='client.admin' cmd=[{"prefix": "dashboard create-self-signed-cert", "target": ["mon-mgr", ""]}]: dispatch
2024-08-25T23:53:38.169 INFO:teuthology.orchestra.run.smithi042.stdout:/usr/bin/ceph: stdout {"username": "admin", "password": "$2b$12$fUTo0XAPn8gEEVjt4A4TVeGYPEMCJXbCSEORxl8OVJnkkIm40nKoG", "roles": ["administrator"], "name": null, "email": null, "lastUpdate": 1724630017, "enabled": true, "pwdExpirationDate": null, "pwdUpdateRequired": true}
2024-08-25T23:53:38.169 INFO:teuthology.orchestra.run.smithi042.stdout:/usr/bin/ceph: stderr
2024-08-25T23:53:36.741+0000 7f48c6800640 1 Processor -- start
2024-08-25T23:53:38.170 INFO:teuthology.orchestra.run.smithi042.stdout:/usr/bin/ceph: stderr
2024-08-25T23:53:36.741+0000 7f48c6800640 1 -- start start
2024-08-25T23:53:38.170 INFO:teuthology.orchestra.run.smithi042.stdout:/usr/bin/ceph: stderr
2024-08-25T23:53:36.742+0000 7f48c6800640 1 --2- >> [v2:172.21.15.42:3300/0,v1:172.21.15.42:6789/0] conn(0x7f48c007de40 0x7f48c007c2f0 unknown :-1 s=NONE pgs=0 cs=0 l=0 rev1=0 crypto rx=0 tx=0 comp rx=0 tx=0).connect
2024-08-25T23:53:38.170 INFO:teuthology.orchestra.run.smithi042.stdout:/usr/bin/ceph: stderr
2024-08-25T23:53:36.742+0000 7f48c6800640 1 -- --> [v2:172.21.15.42:3300/0,v1:172.21.15.42:6789/0] -- mon_getmap magic: 0 -- 0x7f48c007c830 con 0x7f48c007de40
2024-08-25T23:53:38.170 INFO:teuthology.orchestra.run.smithi042.stdout:/usr/bin/ceph: stderr
2024-08-25T23:53:36.742+0000 7f48bf400640 1 --2- >> [v2:172.21.15.42:3300/0,v1:172.21.15.42:6789/0] conn(0x7f48c007de40 0x7f48c007c2f0 unknown :-1 s=BANNER_CONNECTING pgs=0 cs=0 l=0 rev1=0 crypto rx=0 tx=0 comp rx=0 tx=0)._handle_peer_banner_payload supported=3 required=0
2024-08-25T23:53:38.170 INFO:teuthology.orchestra.run.smithi042.stdout:/usr/bin/ceph: stderr
2024-08-25T23:53:36.742+0000 7f48bf400640 1 --2- >> [v2:172.21.15.42:3300/0,v1:172.21.15.42:6789/0] conn(0x7f48c007de40 0x7f48c007c2f0 unknown :-1 s=HELLO_CONNECTING pgs=0 cs=0 l=0 rev1=1 crypto rx=0 tx=0 comp rx=0 tx=0).handle_hello peer v2:172.21.15.42:3300/0 says I am v2:172.21.15.42:35612/0 (socket says 172.21.15.42:35612)
2024-08-25T23:53:38.170 INFO:teuthology.orchestra.run.smithi042.stdout:/usr/bin/ceph: stderr
2024-08-25T23:53:36.742+0000 7f48bf400640 1 -- 172.21.15.42:0/1516831728 learned_addr learned my addr 172.21.15.42:0/1516831728 (peer_addr_for_me v2:172.21.15.42:0/0)
2024-08-25T23:53:38.170 INFO:teuthology.orchestra.run.smithi042.stdout:/usr/bin/ceph: stderr
2024-08-25T23:53:36.743+0000 7f48bf400640 1 -- 172.21.15.42:0/1516831728 --> [v2:172.21.15.42:3300/0,v1:172.21.15.42:6789/0] -- mon_subscribe({config=0+,monmap=0+}) -- 0x7f48c007c9b0 con 0x7f48c007de40
2024-08-25T23:53:38.170 INFO:teuthology.orchestra.run.smithi042.stdout:/usr/bin/ceph: stderr
2024-08-25T23:53:36.744+0000 7f48bf400640 1 --2- 172.21.15.42:0/1516831728 >> [v2:172.21.15.42:3300/0,v1:172.21.15.42:6789/0] conn(0x7f48c007de40 0x7f48c007c2f0 secure :-1 s=READY pgs=70 cs=0 l=1 rev1=1 crypto rx=0x7f48b0009820 tx=0x7f48b002a270 comp rx=0 tx=0).ready entity=mon.0 client_cookie=c14f5e6b7e4562c server_cookie=0 in_seq=0 out_seq=0
2024-08-25T23:53:38.170 INFO:teuthology.orchestra.run.smithi042.stdout:/usr/bin/ceph: stderr
2024-08-25T23:53:36.744+0000 7f48bea00640 1 -- 172.21.15.42:0/1516831728 <== mon.0 v2:172.21.15.42:3300/0 1 ==== mon_map magic: 0 ==== 205+0+0 (secure 0 0 0) 0x7f48b0037070 con 0x7f48c007de40
2024-08-25T23:53:38.170 INFO:teuthology.orchestra.run.smithi042.stdout:/usr/bin/ceph: stderr
2024-08-25T23:53:36.744+0000 7f48bea00640 1 -- 172.21.15.42:0/1516831728 <== mon.0 v2:172.21.15.42:3300/0 2 ==== config(27 keys) ==== 1140+0+0 (secure 0 0 0) 0x7f48b0032920 con 0x7f48c007de40
2024-08-25T23:53:38.170 INFO:teuthology.orchestra.run.smithi042.stdout:/usr/bin/ceph: stderr
2024-08-25T23:53:36.744+0000 7f48bea00640 1 -- 172.21.15.42:0/1516831728 <== mon.0 v2:172.21.15.42:3300/0 3 ==== mon_map magic: 0 ==== 205+0+0 (secure 0 0 0) 0x7f48b0030810 con 0x7f48c007de40
2024-08-25T23:53:38.170 INFO:teuthology.orchestra.run.smithi042.stdout:/usr/bin/ceph: stderr
2024-08-25T23:53:36.745+0000 7f48c6800640 1 -- 172.21.15.42:0/1516831728 >> [v2:172.21.15.42:3300/0,v1:172.21.15.42:6789/0] conn(0x7f48c007de40 msgr2=0x7f48c007c2f0 secure :-1 s=STATE_CONNECTION_ESTABLISHED l=1).mark_down
2024-08-25T23:53:38.170 INFO:teuthology.orchestra.run.smithi042.stdout:/usr/bin/ceph: stderr
2024-08-25T23:53:36.745+0000 7f48c6800640 1 --2- 172.21.15.42:0/1516831728 >> [v2:172.21.15.42:3300/0,v1:172.21.15.42:6789/0] conn(0x7f48c007de40 0x7f48c007c2f0 secure :-1 s=READY pgs=70 cs=0 l=1 rev1=1 crypto rx=0x7f48b0009820 tx=0x7f48b002a270 comp rx=0 tx=0).stop
2024-08-25T23:53:38.171 INFO:teuthology.orchestra.run.smithi042.stdout:/usr/bin/ceph: stderr
2024-08-25T23:53:36.745+0000 7f48c6800640 1 -- 172.21.15.42:0/1516831728 shutdown_connections
2024-08-25T23:53:38.171 INFO:teuthology.orchestra.run.smithi042.stdout:/usr/bin/ceph: stderr
2024-08-25T23:53:36.745+0000 7f48c6800640 1 --2- 172.21.15.42:0/1516831728 >> [v2:172.21.15.42:3300/0,v1:172.21.15.42:6789/0] conn(0x7f48c007de40 0x7f48c007c2f0 unknown :-1 s=CLOSED pgs=70 cs=0 l=1 rev1=1 crypto rx=0 tx=0 comp rx=0 tx=0).stop
2024-08-25T23:53:38.171 INFO:teuthology.orchestra.run.smithi042.stdout:/usr/bin/ceph: stderr
2024-08-25T23:53:36.745+0000 7f48c6800640 1 -- 172.21.15.42:0/1516831728 >> 172.21.15.42:0/1516831728 conn(0x7f48c0102c80 msgr2=0x7f48c01050c0 unknown :-1 s=STATE_NONE l=0).mark_down
2024-08-25T23:53:38.171 INFO:teuthology.orchestra.run.smithi042.stdout:/usr/bin/ceph: stderr
2024-08-25T23:53:36.745+0000 7f48c6800640 1 -- 172.21.15.42:0/1516831728 shutdown_connections
2024-08-25T23:53:38.171 INFO:teuthology.orchestra.run.smithi042.stdout:/usr/bin/ceph: stderr
2024-08-25T23:53:36.745+0000 7f48c6800640 1 -- 172.21.15.42:0/1516831728 wait complete.
2024-08-25T23:53:38.171 INFO:teuthology.orchestra.run.smithi042.stdout:/usr/bin/ceph: stderr
2024-08-25T23:53:36.746+0000 7f48c6800640 1 Processor -- start
2024-08-25T23:53:38.171 INFO:teuthology.orchestra.run.smithi042.stdout:/usr/bin/ceph: stderr
2024-08-25T23:53:36.747+0000 7f48c6800640 1 -- start start
2024-08-25T23:53:38.171 INFO:teuthology.orchestra.run.smithi042.stdout:/usr/bin/ceph: stderr
2024-08-25T23:53:36.747+0000 7f48c6800640 1 --2- >> [v2:172.21.15.42:3300/0,v1:172.21.15.42:6789/0] conn(0x7f48c007de40 0x7f48c019d930 unknown :-1 s=NONE pgs=0 cs=0 l=1 rev1=0 crypto rx=0 tx=0 comp rx=0 tx=0).connect
2024-08-25T23:53:38.171 INFO:teuthology.orchestra.run.smithi042.stdout:/usr/bin/ceph: stderr
2024-08-25T23:53:36.747+0000 7f48c6800640 1 -- --> [v2:172.21.15.42:3300/0,v1:172.21.15.42:6789/0] -- mon_getmap magic: 0 -- 0x7f48c010dab0 con 0x7f48c007de40
2024-08-25T23:53:38.171 INFO:teuthology.orchestra.run.smithi042.stdout:/usr/bin/ceph: stderr
2024-08-25T23:53:36.747+0000 7f48bf400640 1 --2- >> [v2:172.21.15.42:3300/0,v1:172.21.15.42:6789/0] conn(0x7f48c007de40 0x7f48c019d930 unknown :-1 s=BANNER_CONNECTING pgs=0 cs=0 l=1 rev1=0 crypto rx=0 tx=0 comp rx=0 tx=0)._handle_peer_banner_payload supported=3 required=0
2024-08-25T23:53:38.171 INFO:teuthology.orchestra.run.smithi042.stdout:/usr/bin/ceph: stderr
2024-08-25T23:53:36.747+0000 7f48bf400640 1 --2- >> [v2:172.21.15.42:3300/0,v1:172.21.15.42:6789/0] conn(0x7f48c007de40 0x7f48c019d930 unknown :-1 s=HELLO_CONNECTING pgs=0 cs=0 l=1 rev1=1 crypto rx=0 tx=0 comp rx=0 tx=0).handle_hello peer v2:172.21.15.42:3300/0 says I am v2:172.21.15.42:35618/0 (socket says 172.21.15.42:35618)
2024-08-25T23:53:38.171 INFO:teuthology.orchestra.run.smithi042.stdout:/usr/bin/ceph: stderr
2024-08-25T23:53:36.747+0000 7f48bf400640 1 -- 172.21.15.42:0/883961347 learned_addr learned my addr 172.21.15.42:0/883961347 (peer_addr_for_me v2:172.21.15.42:0/0)
2024-08-25T23:53:38.171 INFO:teuthology.orchestra.run.smithi042.stdout:/usr/bin/ceph: stderr
2024-08-25T23:53:36.748+0000 7f48bf400640 1 -- 172.21.15.42:0/883961347 --> [v2:172.21.15.42:3300/0,v1:172.21.15.42:6789/0] -- mon_subscribe({config=0+,monmap=0+}) -- 0x7f48c019de70 con 0x7f48c007de40
2024-08-25T23:53:38.172 INFO:teuthology.orchestra.run.smithi042.stdout:/usr/bin/ceph: stderr
2024-08-25T23:53:36.748+0000 7f48bf400640 1 --2- 172.21.15.42:0/883961347 >> [v2:172.21.15.42:3300/0,v1:172.21.15.42:6789/0] conn(0x7f48c007de40 0x7f48c019d930 secure :-1 s=READY pgs=71 cs=0 l=1 rev1=1 crypto rx=0x7f48b00097f0 tx=0x7f48b00327b0 comp rx=0 tx=0).ready entity=mon.0 client_cookie=0 server_cookie=0 in_seq=0 out_seq=0
2024-08-25T23:53:38.172 INFO:teuthology.orchestra.run.smithi042.stdout:/usr/bin/ceph: stderr
2024-08-25T23:53:36.748+0000 7f48bcc00640 1 -- 172.21.15.42:0/883961347 <== mon.0 v2:172.21.15.42:3300/0 1 ==== mon_map magic: 0 ==== 205+0+0 (secure 0 0 0) 0x7f48b0037040 con 0x7f48c007de40
2024-08-25T23:53:38.172 INFO:teuthology.orchestra.run.smithi042.stdout:/usr/bin/ceph: stderr
2024-08-25T23:53:36.748+0000 7f48bcc00640 1 -- 172.21.15.42:0/883961347 <== mon.0 v2:172.21.15.42:3300/0 2 ==== config(27 keys) ==== 1140+0+0 (secure 0 0 0) 0x7f48b0030cc0 con 0x7f48c007de40
2024-08-25T23:53:38.172 INFO:teuthology.orchestra.run.smithi042.stdout:/usr/bin/ceph: stderr
2024-08-25T23:53:36.748+0000 7f48c6800640 1 -- 172.21.15.42:0/883961347 --> [v2:172.21.15.42:3300/0,v1:172.21.15.42:6789/0] -- mon_subscribe({mgrmap=0+}) -- 0x7f48c019e100 con 0x7f48c007de40
2024-08-25T23:53:38.172 INFO:teuthology.orchestra.run.smithi042.stdout:/usr/bin/ceph: stderr
2024-08-25T23:53:36.748+0000 7f48bcc00640 1 -- 172.21.15.42:0/883961347 <== mon.0 v2:172.21.15.42:3300/0 3 ==== mon_map magic: 0 ==== 205+0+0 (secure 0 0 0) 0x7f48b003a6b0 con 0x7f48c007de40
2024-08-25T23:53:38.172 INFO:teuthology.orchestra.run.smithi042.stdout:/usr/bin/ceph: stderr
2024-08-25T23:53:36.748+0000 7f48c6800640 1 -- 172.21.15.42:0/883961347 --> [v2:172.21.15.42:3300/0,v1:172.21.15.42:6789/0] -- mon_subscribe({osdmap=0}) -- 0x7f48c01a0df0 con 0x7f48c007de40
2024-08-25T23:53:38.172 INFO:teuthology.orchestra.run.smithi042.stdout:/usr/bin/ceph: stderr
2024-08-25T23:53:36.750+0000 7f48bcc00640 1 -- 172.21.15.42:0/883961347 <== mon.0 v2:172.21.15.42:3300/0 4 ==== mgrmap(e 12) ==== 46300+0+0 (secure 0 0 0) 0x7f48b003a850 con 0x7f48c007de40
2024-08-25T23:53:38.172 INFO:teuthology.orchestra.run.smithi042.stdout:/usr/bin/ceph: stderr
2024-08-25T23:53:36.750+0000 7f48c6800640 1 -- 172.21.15.42:0/883961347 --> [v2:172.21.15.42:3300/0,v1:172.21.15.42:6789/0] -- mon_command({"prefix": "get_command_descriptions"} v 0) -- 0x7f48c007c370 con 0x7f48c007de40
2024-08-25T23:53:38.172 INFO:teuthology.orchestra.run.smithi042.stdout:/usr/bin/ceph: stderr
2024-08-25T23:53:36.750+0000 7f48bcc00640 1 --2- 172.21.15.42:0/883961347 >> [v2:172.21.15.42:6800/22448279,v1:172.21.15.42:6801/22448279] conn(0x7f48a4039020 0x7f48a403b4e0 unknown :-1 s=NONE pgs=0 cs=0 l=1 rev1=0 crypto rx=0 tx=0 comp rx=0 tx=0).connect
2024-08-25T23:53:38.172 INFO:teuthology.orchestra.run.smithi042.stdout:/usr/bin/ceph: stderr
2024-08-25T23:53:36.750+0000 7f48bcc00640 1 -- 172.21.15.42:0/883961347 <== mon.0 v2:172.21.15.42:3300/0 5 ==== osd_map(3..3 src has 1..3) ==== 1155+0+0 (secure 0 0 0) 0x7f48b006c780 con 0x7f48c007de40
2024-08-25T23:53:38.172 INFO:teuthology.orchestra.run.smithi042.stdout:/usr/bin/ceph: stderr
2024-08-25T23:53:36.751+0000 7f48b7e00640 1 --2- 172.21.15.42:0/883961347 >> [v2:172.21.15.42:6800/22448279,v1:172.21.15.42:6801/22448279] conn(0x7f48a4039020 0x7f48a403b4e0 unknown :-1 s=BANNER_CONNECTING pgs=0 cs=0 l=1 rev1=0 crypto rx=0 tx=0 comp rx=0 tx=0)._handle_peer_banner_payload supported=3 required=0
2024-08-25T23:53:38.172 INFO:teuthology.orchestra.run.smithi042.stdout:/usr/bin/ceph: stderr
2024-08-25T23:53:36.751+0000 7f48b7e00640 1 --2- 172.21.15.42:0/883961347 >> [v2:172.21.15.42:6800/22448279,v1:172.21.15.42:6801/22448279] conn(0x7f48a4039020 0x7f48a403b4e0 secure :-1 s=READY pgs=8 cs=0 l=1 rev1=1 crypto rx=0x7f48a80098c0 tx=0x7f48a8006db0 comp rx=0 tx=0).ready entity=mgr.14150 client_cookie=0 server_cookie=0 in_seq=0 out_seq=0
2024-08-25T23:53:38.172 INFO:teuthology.orchestra.run.smithi042.stdout:/usr/bin/ceph: stderr
2024-08-25T23:53:36.757+0000 7f48bcc00640 1 -- 172.21.15.42:0/883961347 <== mon.0 v2:172.21.15.42:3300/0 6 ==== mon_command_ack([{"prefix": "get_command_descriptions"}]=0 v0) ==== 72+0+187871 (secure 0 0 0) 0x7f48b0044920 con 0x7f48c007de40
2024-08-25T23:53:38.172 INFO:teuthology.orchestra.run.smithi042.stdout:/usr/bin/ceph: stderr
2024-08-25T23:53:36.960+0000 7f48c6800640 1 -- 172.21.15.42:0/883961347 --> [v2:172.21.15.42:6800/22448279,v1:172.21.15.42:6801/22448279] -- mgr_command(tid 0: {"prefix": "dashboard ac-user-create", "username": "admin", "rolename": "administrator", "force_password": true, "pwd_update_required": true, "target": ["mon-mgr", ""]}) -- 0x7f48c019e5e0 con 0x7f48a4039020
2024-08-25T23:53:38.173 INFO:teuthology.orchestra.run.smithi042.stdout:/usr/bin/ceph: stderr
2024-08-25T23:53:37.210+0000 7f48bcc00640 1 -- 172.21.15.42:0/883961347 <== mgr.14150 v2:172.21.15.42:6800/22448279 1 ==== mgr_command_reply(tid 0: 0 ) ==== 8+0+252 (secure 0 0 0) 0x7f48c019e5e0 con 0x7f48a4039020
2024-08-25T23:53:38.173 INFO:teuthology.orchestra.run.smithi042.stdout:/usr/bin/ceph: stderr
2024-08-25T23:53:37.213+0000 7f48c6800640 1 -- 172.21.15.42:0/883961347 >> [v2:172.21.15.42:6800/22448279,v1:172.21.15.42:6801/22448279] conn(0x7f48a4039020 msgr2=0x7f48a403b4e0 secure :-1 s=STATE_CONNECTION_ESTABLISHED l=1).mark_down
2024-08-25T23:53:38.173 INFO:teuthology.orchestra.run.smithi042.stdout:/usr/bin/ceph: stderr
2024-08-25T23:53:37.213+0000 7f48c6800640 1 --2- 172.21.15.42:0/883961347 >> [v2:172.21.15.42:6800/22448279,v1:172.21.15.42:6801/22448279] conn(0x7f48a4039020 0x7f48a403b4e0 secure :-1 s=READY pgs=8 cs=0 l=1 rev1=1 crypto rx=0x7f48a80098c0 tx=0x7f48a8006db0 comp rx=0 tx=0).stop
2024-08-25T23:53:38.173 INFO:teuthology.orchestra.run.smithi042.stdout:/usr/bin/ceph: stderr
2024-08-25T23:53:37.213+0000 7f48c6800640 1 -- 172.21.15.42:0/883961347 >> [v2:172.21.15.42:3300/0,v1:172.21.15.42:6789/0] conn(0x7f48c007de40 msgr2=0x7f48c019d930 secure :-1 s=STATE_CONNECTION_ESTABLISHED l=1).mark_down
2024-08-25T23:53:38.173 INFO:teuthology.orchestra.run.smithi042.stdout:/usr/bin/ceph: stderr
2024-08-25T23:53:37.213+0000 7f48c6800640 1 --2- 172.21.15.42:0/883961347 >> [v2:172.21.15.42:3300/0,v1:172.21.15.42:6789/0] conn(0x7f48c007de40 0x7f48c019d930 secure :-1 s=READY pgs=71 cs=0 l=1 rev1=1 crypto rx=0x7f48b00097f0 tx=0x7f48b00327b0 comp rx=0 tx=0).stop
2024-08-25T23:53:38.173 INFO:teuthology.orchestra.run.smithi042.stdout:/usr/bin/ceph: stderr
2024-08-25T23:53:37.213+0000 7f48c6800640 1 -- 172.21.15.42:0/883961347 shutdown_connections
2024-08-25T23:53:38.173 INFO:teuthology.orchestra.run.smithi042.stdout:/usr/bin/ceph: stderr
2024-08-25T23:53:37.213+0000 7f48c6800640 1 --2- 172.21.15.42:0/883961347 >> [v2:172.21.15.42:6800/22448279,v1:172.21.15.42:6801/22448279] conn(0x7f48a4039020 0x7f48a403b4e0 unknown :-1 s=CLOSED pgs=8 cs=0 l=1 rev1=1 crypto rx=0 tx=0 comp rx=0 tx=0).stop
2024-08-25T23:53:38.173 INFO:teuthology.orchestra.run.smithi042.stdout:/usr/bin/ceph: stderr
2024-08-25T23:53:37.213+0000 7f48c6800640 1 --2- 172.21.15.42:0/883961347 >> [v2:172.21.15.42:3300/0,v1:172.21.15.42:6789/0] conn(0x7f48c007de40 0x7f48c019d930 unknown :-1 s=CLOSED pgs=71 cs=0 l=1 rev1=1 crypto rx=0 tx=0 comp rx=0 tx=0).stop
2024-08-25T23:53:38.173 INFO:teuthology.orchestra.run.smithi042.stdout:/usr/bin/ceph: stderr
2024-08-25T23:53:37.213+0000 7f48c6800640 1 -- 172.21.15.42:0/883961347 >> 172.21.15.42:0/883961347 conn(0x7f48c0102c80 msgr2=0x7f48c01039c0 unknown :-1 s=STATE_NONE l=0).mark_down
2024-08-25T23:53:38.173 INFO:teuthology.orchestra.run.smithi042.stdout:/usr/bin/ceph: stderr
2024-08-25T23:53:37.213+0000 7f48c6800640 1 -- 172.21.15.42:0/883961347 shutdown_connections
2024-08-25T23:53:38.173 INFO:teuthology.orchestra.run.smithi042.stdout:/usr/bin/ceph: stderr
2024-08-25T23:53:37.213+0000 7f48c6800640 1 -- 172.21.15.42:0/883961347 wait complete.
2024-08-25T23:53:38.173 INFO:teuthology.orchestra.run.smithi042.stdout:Fetching dashboard port number...
2024-08-25T23:53:38.533 INFO:journalctl@ceph.mon.a.smithi042.stdout:Aug 25 23:53:38 smithi042 ceph-mon[17225]: from='client.14164 -' entity='client.admin' cmd=[{"prefix": "dashboard ac-user-create", "username": "admin", "rolename": "administrator", "force_password": true, "pwd_update_required": true, "target": ["mon-mgr", ""]}]: dispatch
2024-08-25T23:53:38.533 INFO:journalctl@ceph.mon.a.smithi042.stdout:Aug 25 23:53:38 smithi042 ceph-mon[17225]: from='mgr.14150 172.21.15.42:0/4138692641' entity='mgr.x'
2024-08-25T23:53:39.533 INFO:journalctl@ceph.mon.a.smithi042.stdout:Aug 25 23:53:39 smithi042 ceph-mon[17225]: from='client.? 172.21.15.42:0/84809974' entity='client.admin' cmd=[{"prefix": "config get", "who": "mgr", "key": "mgr/dashboard/ssl_server_port"}]: dispatch
2024-08-25T23:53:39.663 INFO:teuthology.orchestra.run.smithi042.stdout:/usr/bin/ceph: stdout 8443
2024-08-25T23:53:39.663 INFO:teuthology.orchestra.run.smithi042.stdout:/usr/bin/ceph: stderr
2024-08-25T23:53:38.873+0000 7f297e600640 1 Processor -- start
2024-08-25T23:53:39.663 INFO:teuthology.orchestra.run.smithi042.stdout:/usr/bin/ceph: stderr
2024-08-25T23:53:38.873+0000 7f297e600640 1 -- start start
2024-08-25T23:53:39.663 INFO:teuthology.orchestra.run.smithi042.stdout:/usr/bin/ceph: stderr
2024-08-25T23:53:38.874+0000 7f297e600640 1 --2- >> [v2:172.21.15.42:3300/0,v1:172.21.15.42:6789/0] conn(0x7f2978107500 0x7f2978107900 unknown :-1 s=NONE pgs=0 cs=0 l=0 rev1=0 crypto rx=0 tx=0 comp rx=0 tx=0).connect
2024-08-25T23:53:39.663 INFO:teuthology.orchestra.run.smithi042.stdout:/usr/bin/ceph: stderr
2024-08-25T23:53:38.874+0000 7f297e600640 1 -- --> [v2:172.21.15.42:3300/0,v1:172.21.15.42:6789/0] -- mon_getmap magic: 0 -- 0x7f2978107ed0 con 0x7f2978107500
2024-08-25T23:53:39.663 INFO:teuthology.orchestra.run.smithi042.stdout:/usr/bin/ceph: stderr
2024-08-25T23:53:38.874+0000 7f2977400640 1 --2- >> [v2:172.21.15.42:3300/0,v1:172.21.15.42:6789/0] conn(0x7f2978107500 0x7f2978107900 unknown :-1 s=BANNER_CONNECTING pgs=0 cs=0 l=0 rev1=0 crypto rx=0 tx=0 comp rx=0 tx=0)._handle_peer_banner_payload supported=3 required=0
2024-08-25T23:53:39.663 INFO:teuthology.orchestra.run.smithi042.stdout:/usr/bin/ceph: stderr
2024-08-25T23:53:38.874+0000 7f2977400640 1 --2- >> [v2:172.21.15.42:3300/0,v1:172.21.15.42:6789/0] conn(0x7f2978107500 0x7f2978107900 unknown :-1 s=HELLO_CONNECTING pgs=0 cs=0 l=0 rev1=1 crypto rx=0 tx=0 comp rx=0 tx=0).handle_hello peer v2:172.21.15.42:3300/0 says I am v2:172.21.15.42:35620/0 (socket says 172.21.15.42:35620)
2024-08-25T23:53:39.663 INFO:teuthology.orchestra.run.smithi042.stdout:/usr/bin/ceph: stderr
2024-08-25T23:53:38.874+0000 7f2977400640 1 -- 172.21.15.42:0/332511363 learned_addr learned my addr 172.21.15.42:0/332511363 (peer_addr_for_me v2:172.21.15.42:0/0)
2024-08-25T23:53:39.663 INFO:teuthology.orchestra.run.smithi042.stdout:/usr/bin/ceph: stderr
2024-08-25T23:53:38.875+0000 7f2977400640 1 -- 172.21.15.42:0/332511363 --> [v2:172.21.15.42:3300/0,v1:172.21.15.42:6789/0] -- mon_subscribe({config=0+,monmap=0+}) -- 0x7f2978108700 con 0x7f2978107500
2024-08-25T23:53:39.664 INFO:teuthology.orchestra.run.smithi042.stdout:/usr/bin/ceph: stderr
2024-08-25T23:53:38.876+0000 7f2977400640 1 --2- 172.21.15.42:0/332511363 >> [v2:172.21.15.42:3300/0,v1:172.21.15.42:6789/0] conn(0x7f2978107500 0x7f2978107900 secure :-1 s=READY pgs=72 cs=0 l=1 rev1=1 crypto rx=0x7f2968009820 tx=0x7f296802a270 comp rx=0 tx=0).ready entity=mon.0 client_cookie=dfe5ceaf51350362 server_cookie=0 in_seq=0 out_seq=0
2024-08-25T23:53:39.664 INFO:teuthology.orchestra.run.smithi042.stdout:/usr/bin/ceph: stderr
2024-08-25T23:53:38.876+0000 7f2976a00640 1 -- 172.21.15.42:0/332511363 <== mon.0 v2:172.21.15.42:3300/0 1 ==== mon_map magic: 0 ==== 205+0+0 (secure 0 0 0) 0x7f2968037070 con 0x7f2978107500
2024-08-25T23:53:39.664 INFO:teuthology.orchestra.run.smithi042.stdout:/usr/bin/ceph: stderr
2024-08-25T23:53:38.876+0000 7f2976a00640 1 -- 172.21.15.42:0/332511363 <== mon.0 v2:172.21.15.42:3300/0 2 ==== config(27 keys) ==== 1140+0+0 (secure 0 0 0) 0x7f2968032920 con 0x7f2978107500
2024-08-25T23:53:39.664 INFO:teuthology.orchestra.run.smithi042.stdout:/usr/bin/ceph: stderr
2024-08-25T23:53:38.876+0000 7f2976a00640 1 -- 172.21.15.42:0/332511363 <== mon.0 v2:172.21.15.42:3300/0 3 ==== mon_map magic: 0 ==== 205+0+0 (secure 0 0 0) 0x7f2968030810 con 0x7f2978107500
2024-08-25T23:53:39.664 INFO:teuthology.orchestra.run.smithi042.stdout:/usr/bin/ceph: stderr
2024-08-25T23:53:38.877+0000 7f297e600640 1 -- 172.21.15.42:0/332511363 >> [v2:172.21.15.42:3300/0,v1:172.21.15.42:6789/0] conn(0x7f2978107500 msgr2=0x7f2978107900 secure :-1 s=STATE_CONNECTION_ESTABLISHED l=1).mark_down
2024-08-25T23:53:39.664 INFO:teuthology.orchestra.run.smithi042.stdout:/usr/bin/ceph: stderr
2024-08-25T23:53:38.877+0000 7f297e600640 1 --2- 172.21.15.42:0/332511363 >> [v2:172.21.15.42:3300/0,v1:172.21.15.42:6789/0] conn(0x7f2978107500 0x7f2978107900 secure :-1 s=READY pgs=72 cs=0 l=1 rev1=1 crypto rx=0x7f2968009820 tx=0x7f296802a270 comp rx=0 tx=0).stop
2024-08-25T23:53:39.664 INFO:teuthology.orchestra.run.smithi042.stdout:/usr/bin/ceph: stderr
2024-08-25T23:53:38.877+0000 7f297e600640 1 -- 172.21.15.42:0/332511363 shutdown_connections
2024-08-25T23:53:39.665 INFO:teuthology.orchestra.run.smithi042.stdout:/usr/bin/ceph: stderr
2024-08-25T23:53:38.877+0000 7f297e600640 1 --2- 172.21.15.42:0/332511363 >> [v2:172.21.15.42:3300/0,v1:172.21.15.42:6789/0] conn(0x7f2978107500 0x7f2978107900 unknown :-1 s=CLOSED pgs=72 cs=0 l=1 rev1=1 crypto rx=0 tx=0 comp rx=0 tx=0).stop
2024-08-25T23:53:39.665 INFO:teuthology.orchestra.run.smithi042.stdout:/usr/bin/ceph: stderr
2024-08-25T23:53:38.877+0000 7f297e600640 1 -- 172.21.15.42:0/332511363 >> 172.21.15.42:0/332511363 conn(0x7f2978102cd0 msgr2=0x7f29781050f0 unknown :-1 s=STATE_NONE l=0).mark_down
2024-08-25T23:53:39.665 INFO:teuthology.orchestra.run.smithi042.stdout:/usr/bin/ceph: stderr
2024-08-25T23:53:38.877+0000 7f297e600640 1 -- 172.21.15.42:0/332511363 shutdown_connections
2024-08-25T23:53:39.665 INFO:teuthology.orchestra.run.smithi042.stdout:/usr/bin/ceph: stderr
2024-08-25T23:53:38.877+0000 7f297e600640 1 -- 172.21.15.42:0/332511363 wait complete.
2024-08-25T23:53:39.665 INFO:teuthology.orchestra.run.smithi042.stdout:/usr/bin/ceph: stderr
2024-08-25T23:53:38.878+0000 7f297e600640 1 Processor -- start
2024-08-25T23:53:39.665 INFO:teuthology.orchestra.run.smithi042.stdout:/usr/bin/ceph: stderr
2024-08-25T23:53:38.878+0000 7f297e600640 1 -- start start
2024-08-25T23:53:39.665 INFO:teuthology.orchestra.run.smithi042.stdout:/usr/bin/ceph: stderr
2024-08-25T23:53:38.878+0000 7f297e600640 1 --2- >> [v2:172.21.15.42:3300/0,v1:172.21.15.42:6789/0] conn(0x7f2978107500 0x7f297807db80 unknown :-1 s=NONE pgs=0 cs=0 l=1 rev1=0 crypto rx=0 tx=0 comp rx=0 tx=0).connect
2024-08-25T23:53:39.665 INFO:teuthology.orchestra.run.smithi042.stdout:/usr/bin/ceph: stderr
2024-08-25T23:53:38.878+0000 7f297e600640 1 -- --> [v2:172.21.15.42:3300/0,v1:172.21.15.42:6789/0] -- mon_getmap magic: 0 -- 0x7f297810bab0 con 0x7f2978107500
2024-08-25T23:53:39.665 INFO:teuthology.orchestra.run.smithi042.stdout:/usr/bin/ceph: stderr
2024-08-25T23:53:38.879+0000 7f2977400640 1 --2- >> [v2:172.21.15.42:3300/0,v1:172.21.15.42:6789/0] conn(0x7f2978107500 0x7f297807db80 unknown :-1 s=BANNER_CONNECTING pgs=0 cs=0 l=1 rev1=0 crypto rx=0 tx=0 comp rx=0 tx=0)._handle_peer_banner_payload supported=3 required=0
2024-08-25T23:53:39.665 INFO:teuthology.orchestra.run.smithi042.stdout:/usr/bin/ceph: stderr
2024-08-25T23:53:38.879+0000 7f2977400640 1 --2- >> [v2:172.21.15.42:3300/0,v1:172.21.15.42:6789/0] conn(0x7f2978107500 0x7f297807db80 unknown :-1 s=HELLO_CONNECTING pgs=0 cs=0 l=1 rev1=1 crypto rx=0 tx=0 comp rx=0 tx=0).handle_hello peer v2:172.21.15.42:3300/0 says I am v2:172.21.15.42:35624/0 (socket says 172.21.15.42:35624)
2024-08-25T23:53:39.665 INFO:teuthology.orchestra.run.smithi042.stdout:/usr/bin/ceph: stderr
2024-08-25T23:53:38.879+0000 7f2977400640 1 -- 172.21.15.42:0/84809974 learned_addr learned my addr 172.21.15.42:0/84809974 (peer_addr_for_me v2:172.21.15.42:0/0)
2024-08-25T23:53:39.665 INFO:teuthology.orchestra.run.smithi042.stdout:/usr/bin/ceph: stderr
2024-08-25T23:53:38.879+0000 7f2977400640 1 -- 172.21.15.42:0/84809974 --> [v2:172.21.15.42:3300/0,v1:172.21.15.42:6789/0] -- mon_subscribe({config=0+,monmap=0+}) -- 0x7f297807e0c0 con 0x7f2978107500
2024-08-25T23:53:39.665 INFO:teuthology.orchestra.run.smithi042.stdout:/usr/bin/ceph: stderr
2024-08-25T23:53:38.879+0000 7f2977400640 1 --2- 172.21.15.42:0/84809974 >> [v2:172.21.15.42:3300/0,v1:172.21.15.42:6789/0] conn(0x7f2978107500 0x7f297807db80 secure :-1 s=READY pgs=73 cs=0 l=1 rev1=1 crypto rx=0x7f2968030560 tx=0x7f2968032670 comp rx=0 tx=0).ready entity=mon.0 client_cookie=0 server_cookie=0 in_seq=0 out_seq=0
2024-08-25T23:53:39.666 INFO:teuthology.orchestra.run.smithi042.stdout:/usr/bin/ceph: stderr
2024-08-25T23:53:38.880+0000 7f2974c00640 1 -- 172.21.15.42:0/84809974 <== mon.0 v2:172.21.15.42:3300/0 1 ==== mon_map magic: 0 ==== 205+0+0 (secure 0 0 0) 0x7f2968037040 con 0x7f2978107500
2024-08-25T23:53:39.666 INFO:teuthology.orchestra.run.smithi042.stdout:/usr/bin/ceph: stderr
2024-08-25T23:53:38.880+0000 7f2974c00640 1 -- 172.21.15.42:0/84809974 <== mon.0 v2:172.21.15.42:3300/0 2 ==== config(27 keys) ==== 1140+0+0 (secure 0 0 0) 0x7f2968040070 con 0x7f2978107500
2024-08-25T23:53:39.666 INFO:teuthology.orchestra.run.smithi042.stdout:/usr/bin/ceph: stderr
2024-08-25T23:53:38.880+0000 7f297e600640 1 -- 172.21.15.42:0/84809974 --> [v2:172.21.15.42:3300/0,v1:172.21.15.42:6789/0] -- mon_subscribe({mgrmap=0+}) -- 0x7f297807c2b0 con 0x7f2978107500
2024-08-25T23:53:39.666 INFO:teuthology.orchestra.run.smithi042.stdout:/usr/bin/ceph: stderr
2024-08-25T23:53:38.880+0000 7f2974c00640 1 -- 172.21.15.42:0/84809974 <== mon.0 v2:172.21.15.42:3300/0 3 ==== mon_map magic: 0 ==== 205+0+0 (secure 0 0 0) 0x7f296803a740 con 0x7f2978107500
2024-08-25T23:53:39.666 INFO:teuthology.orchestra.run.smithi042.stdout:/usr/bin/ceph: stderr
2024-08-25T23:53:38.880+0000 7f297e600640 1 -- 172.21.15.42:0/84809974 --> [v2:172.21.15.42:3300/0,v1:172.21.15.42:6789/0] -- mon_subscribe({osdmap=0}) -- 0x7f297807c7f0 con 0x7f2978107500
2024-08-25T23:53:39.666 INFO:teuthology.orchestra.run.smithi042.stdout:/usr/bin/ceph: stderr
2024-08-25T23:53:38.881+0000 7f2974c00640 1 -- 172.21.15.42:0/84809974 <== mon.0 v2:172.21.15.42:3300/0 4 ==== mgrmap(e 12) ==== 46300+0+0 (secure 0 0 0) 0x7f296803bb90 con 0x7f2978107500
2024-08-25T23:53:39.666 INFO:teuthology.orchestra.run.smithi042.stdout:/usr/bin/ceph: stderr
2024-08-25T23:53:38.881+0000 7f297e600640 1 -- 172.21.15.42:0/84809974 --> [v2:172.21.15.42:3300/0,v1:172.21.15.42:6789/0] -- mon_command({"prefix": "get_command_descriptions"} v 0) -- 0x7f2978107980 con 0x7f2978107500
2024-08-25T23:53:39.666 INFO:teuthology.orchestra.run.smithi042.stdout:/usr/bin/ceph: stderr
2024-08-25T23:53:38.881+0000 7f2974c00640 1 --2- 172.21.15.42:0/84809974 >> [v2:172.21.15.42:6800/22448279,v1:172.21.15.42:6801/22448279] conn(0x7f295c039020 0x7f295c03b4e0 unknown :-1 s=NONE pgs=0 cs=0 l=1 rev1=0 crypto rx=0 tx=0 comp rx=0 tx=0).connect
2024-08-25T23:53:39.666 INFO:teuthology.orchestra.run.smithi042.stdout:/usr/bin/ceph: stderr
2024-08-25T23:53:38.881+0000 7f2974c00640 1 -- 172.21.15.42:0/84809974 <== mon.0 v2:172.21.15.42:3300/0 5 ==== osd_map(3..3 src has 1..3) ==== 1155+0+0 (secure 0 0 0) 0x7f296806c720 con 0x7f2978107500
2024-08-25T23:53:39.666 INFO:teuthology.orchestra.run.smithi042.stdout:/usr/bin/ceph: stderr
2024-08-25T23:53:38.882+0000 7f296ea00640 1 --2- 172.21.15.42:0/84809974 >> [v2:172.21.15.42:6800/22448279,v1:172.21.15.42:6801/22448279] conn(0x7f295c039020 0x7f295c03b4e0 unknown :-1 s=BANNER_CONNECTING pgs=0 cs=0 l=1 rev1=0 crypto rx=0 tx=0 comp rx=0 tx=0)._handle_peer_banner_payload supported=3 required=0
2024-08-25T23:53:39.666 INFO:teuthology.orchestra.run.smithi042.stdout:/usr/bin/ceph: stderr
2024-08-25T23:53:38.882+0000 7f296ea00640 1 --2- 172.21.15.42:0/84809974 >> [v2:172.21.15.42:6800/22448279,v1:172.21.15.42:6801/22448279] conn(0x7f295c039020 0x7f295c03b4e0 secure :-1 s=READY pgs=9 cs=0 l=1 rev1=1 crypto rx=0x7f29600098c0 tx=0x7f2960006db0 comp rx=0 tx=0).ready entity=mgr.14150 client_cookie=0 server_cookie=0 in_seq=0 out_seq=0
2024-08-25T23:53:39.666 INFO:teuthology.orchestra.run.smithi042.stdout:/usr/bin/ceph: stderr
2024-08-25T23:53:38.886+0000 7f2974c00640 1 -- 172.21.15.42:0/84809974 <== mon.0 v2:172.21.15.42:3300/0 6 ==== mon_command_ack([{"prefix": "get_command_descriptions"}]=0 v0) ==== 72+0+187871 (secure 0 0 0) 0x7f296804a200 con 0x7f2978107500
2024-08-25T23:53:39.667 INFO:teuthology.orchestra.run.smithi042.stdout:/usr/bin/ceph: stderr
2024-08-25T23:53:39.072+0000 7f297e600640 1 -- 172.21.15.42:0/84809974 --> [v2:172.21.15.42:3300/0,v1:172.21.15.42:6789/0] -- mon_command({"prefix": "config get", "who": "mgr", "key": "mgr/dashboard/ssl_server_port"} v 0) -- 0x7f2978194ea0 con 0x7f2978107500
2024-08-25T23:53:39.667 INFO:teuthology.orchestra.run.smithi042.stdout:/usr/bin/ceph: stderr
2024-08-25T23:53:39.072+0000 7f2974c00640 1 -- 172.21.15.42:0/84809974 <== mon.0 v2:172.21.15.42:3300/0 7 ==== mon_command_ack([{"prefix": "config get", "who": "mgr", "key": "mgr/dashboard/ssl_server_port"}]=0 v8) ==== 112+0+5 (secure 0 0 0) 0x7f2968031e80 con 0x7f2978107500
2024-08-25T23:53:39.667 INFO:teuthology.orchestra.run.smithi042.stdout:/usr/bin/ceph: stderr
2024-08-25T23:53:39.074+0000 7f297e600640 1 -- 172.21.15.42:0/84809974 >> [v2:172.21.15.42:6800/22448279,v1:172.21.15.42:6801/22448279] conn(0x7f295c039020 msgr2=0x7f295c03b4e0 secure :-1 s=STATE_CONNECTION_ESTABLISHED l=1).mark_down
2024-08-25T23:53:39.667 INFO:teuthology.orchestra.run.smithi042.stdout:/usr/bin/ceph: stderr
2024-08-25T23:53:39.074+0000 7f297e600640 1 --2- 172.21.15.42:0/84809974 >> [v2:172.21.15.42:6800/22448279,v1:172.21.15.42:6801/22448279] conn(0x7f295c039020 0x7f295c03b4e0 secure :-1 s=READY pgs=9 cs=0 l=1 rev1=1 crypto rx=0x7f29600098c0 tx=0x7f2960006db0 comp rx=0 tx=0).stop
2024-08-25T23:53:39.667 INFO:teuthology.orchestra.run.smithi042.stdout:/usr/bin/ceph: stderr
2024-08-25T23:53:39.074+0000 7f297e600640 1 -- 172.21.15.42:0/84809974 >> [v2:172.21.15.42:3300/0,v1:172.21.15.42:6789/0] conn(0x7f2978107500 msgr2=0x7f297807db80 secure :-1 s=STATE_CONNECTION_ESTABLISHED l=1).mark_down
2024-08-25T23:53:39.667 INFO:teuthology.orchestra.run.smithi042.stdout:/usr/bin/ceph: stderr
2024-08-25T23:53:39.074+0000 7f297e600640 1 --2- 172.21.15.42:0/84809974 >> [v2:172.21.15.42:3300/0,v1:172.21.15.42:6789/0] conn(0x7f2978107500 0x7f297807db80 secure :-1 s=READY pgs=73 cs=0 l=1 rev1=1 crypto rx=0x7f2968030560 tx=0x7f2968032670 comp rx=0 tx=0).stop
2024-08-25T23:53:39.667 INFO:teuthology.orchestra.run.smithi042.stdout:/usr/bin/ceph: stderr
2024-08-25T23:53:39.075+0000 7f297e600640 1 -- 172.21.15.42:0/84809974 shutdown_connections
2024-08-25T23:53:39.667 INFO:teuthology.orchestra.run.smithi042.stdout:/usr/bin/ceph: stderr
2024-08-25T23:53:39.075+0000 7f297e600640 1 --2- 172.21.15.42:0/84809974 >> [v2:172.21.15.42:6800/22448279,v1:172.21.15.42:6801/22448279] conn(0x7f295c039020 0x7f295c03b4e0 unknown :-1 s=CLOSED pgs=9 cs=0 l=1 rev1=1 crypto rx=0 tx=0 comp rx=0 tx=0).stop
2024-08-25T23:53:39.667 INFO:teuthology.orchestra.run.smithi042.stdout:/usr/bin/ceph: stderr
2024-08-25T23:53:39.075+0000 7f297e600640 1 --2- 172.21.15.42:0/84809974 >> [v2:172.21.15.42:3300/0,v1:172.21.15.42:6789/0] conn(0x7f2978107500 0x7f297807db80 unknown :-1 s=CLOSED pgs=73 cs=0 l=1 rev1=1 crypto rx=0 tx=0 comp rx=0 tx=0).stop
2024-08-25T23:53:39.667 INFO:teuthology.orchestra.run.smithi042.stdout:/usr/bin/ceph: stderr
2024-08-25T23:53:39.075+0000 7f297e600640 1 -- 172.21.15.42:0/84809974 >> 172.21.15.42:0/84809974 conn(0x7f2978102cd0 msgr2=0x7f2978103a10 unknown :-1 s=STATE_NONE l=0).mark_down
2024-08-25T23:53:39.667 INFO:teuthology.orchestra.run.smithi042.stdout:/usr/bin/ceph: stderr
2024-08-25T23:53:39.075+0000 7f297e600640 1 -- 172.21.15.42:0/84809974 shutdown_connections
2024-08-25T23:53:39.667 INFO:teuthology.orchestra.run.smithi042.stdout:/usr/bin/ceph: stderr
2024-08-25T23:53:39.075+0000 7f297e600640 1 -- 172.21.15.42:0/84809974 wait complete.
2024-08-25T23:53:39.678 INFO:teuthology.orchestra.run.smithi042.stdout:Non-zero exit code 1 from systemctl is-enabled firewalld.service
2024-08-25T23:53:39.678 INFO:teuthology.orchestra.run.smithi042.stdout:systemctl: stdout disabled
2024-08-25T23:53:39.692 INFO:teuthology.orchestra.run.smithi042.stdout:Non-zero exit code 3 from systemctl is-active firewalld.service
2024-08-25T23:53:39.692 INFO:teuthology.orchestra.run.smithi042.stdout:systemctl: stdout inactive
2024-08-25T23:53:39.692 INFO:teuthology.orchestra.run.smithi042.stdout:firewalld.service is not enabled
2024-08-25T23:53:39.692 INFO:teuthology.orchestra.run.smithi042.stdout:Not possible to open ports <[8443]>. firewalld.service is not available
2024-08-25T23:53:39.695 INFO:teuthology.orchestra.run.smithi042.stdout:Ceph Dashboard is now available at:
2024-08-25T23:53:39.695 INFO:teuthology.orchestra.run.smithi042.stdout:
2024-08-25T23:53:39.695 INFO:teuthology.orchestra.run.smithi042.stdout: URL: https://smithi042.front.sepia.ceph.com:8443/
2024-08-25T23:53:39.695 INFO:teuthology.orchestra.run.smithi042.stdout: User: admin
2024-08-25T23:53:39.695 INFO:teuthology.orchestra.run.smithi042.stdout: Password: ker7xb4969
2024-08-25T23:53:39.695 INFO:teuthology.orchestra.run.smithi042.stdout:
2024-08-25T23:53:39.696 INFO:teuthology.orchestra.run.smithi042.stdout:Saving cluster configuration to /var/lib/ceph/f89d317a-633c-11ef-bcd2-c7b262605968/config directory
2024-08-25T23:53:40.453 INFO:journalctl@ceph.mon.a.smithi042.stdout:Aug 25 23:53:40 smithi042 ceph-mon[17225]: mgrmap e13: x(active, since 6s)
2024-08-25T23:53:41.060 INFO:teuthology.orchestra.run.smithi042.stdout:/usr/bin/ceph: stderr
2024-08-25T23:53:40.162+0000 7ff5a9800640 1 Processor -- start
2024-08-25T23:53:41.060 INFO:teuthology.orchestra.run.smithi042.stdout:/usr/bin/ceph: stderr
2024-08-25T23:53:40.162+0000 7ff5a9800640 1 -- start start
2024-08-25T23:53:41.060 INFO:teuthology.orchestra.run.smithi042.stdout:/usr/bin/ceph: stderr
2024-08-25T23:53:40.163+0000 7ff5a9800640 1 --2- >> [v2:172.21.15.42:3300/0,v1:172.21.15.42:6789/0] conn(0x7ff5a41074d0 0x7ff5a41078d0 unknown :-1 s=NONE pgs=0 cs=0 l=0 rev1=0 crypto rx=0 tx=0 comp rx=0 tx=0).connect
2024-08-25T23:53:41.060 INFO:teuthology.orchestra.run.smithi042.stdout:/usr/bin/ceph: stderr
2024-08-25T23:53:40.163+0000 7ff5a9800640 1 -- --> [v2:172.21.15.42:3300/0,v1:172.21.15.42:6789/0] -- mon_getmap magic: 0 -- 0x7ff5a4107ea0 con 0x7ff5a41074d0
2024-08-25T23:53:41.060 INFO:teuthology.orchestra.run.smithi042.stdout:/usr/bin/ceph: stderr
2024-08-25T23:53:40.163+0000 7ff5a2a00640 1 --2- >> [v2:172.21.15.42:3300/0,v1:172.21.15.42:6789/0] conn(0x7ff5a41074d0 0x7ff5a41078d0 unknown :-1 s=BANNER_CONNECTING pgs=0 cs=0 l=0 rev1=0 crypto rx=0 tx=0 comp rx=0 tx=0)._handle_peer_banner_payload supported=3 required=0
