2024-08-31T02:43:43.617+0000 7fa7180d0640 1 -- 172.21.15.22:0/3583252347 --> [v2:172.21.15.22:6800/4053326689,v1:172.21.15.22:6801/4053326689] -- mgr_command(tid 0: {"prefix": "orch apply", "service_type": "node-exporter", "target": ["mon-mgr", ""]}) v1 -- 0x7fa710113a50 con 0x7fa6f8039490
2024-08-31T02:43:44.293 INFO:teuthology.orchestra.run.smithi022.stdout:/usr/bin/ceph: stderr
2024-08-31T02:43:43.621+0000 7fa70e7fc640 1 -- 172.21.15.22:0/3583252347 <== mgr.14118 v2:172.21.15.22:6800/4053326689 1 ==== mgr_command_reply(tid 0: 0 ) v1 ==== 8+0+34 (secure 0 0 0) 0x7fa710113a50 con 0x7fa6f8039490
2024-08-31T02:43:44.293 INFO:teuthology.orchestra.run.smithi022.stdout:/usr/bin/ceph: stderr
2024-08-31T02:43:43.623+0000 7fa7180d0640 1 -- 172.21.15.22:0/3583252347 >> [v2:172.21.15.22:6800/4053326689,v1:172.21.15.22:6801/4053326689] conn(0x7fa6f8039490 msgr2=0x7fa6f803b940 secure :-1 s=STATE_CONNECTION_ESTABLISHED l=1).mark_down
2024-08-31T02:43:44.293 INFO:teuthology.orchestra.run.smithi022.stdout:/usr/bin/ceph: stderr
2024-08-31T02:43:43.623+0000 7fa7180d0640 1 --2- 172.21.15.22:0/3583252347 >> [v2:172.21.15.22:6800/4053326689,v1:172.21.15.22:6801/4053326689] conn(0x7fa6f8039490 0x7fa6f803b940 secure :-1 s=READY pgs=17 cs=0 l=1 rev1=1 crypto rx=0x7fa704006fd0 tx=0x7fa704006db0 comp rx=0 tx=0).stop
2024-08-31T02:43:44.293 INFO:teuthology.orchestra.run.smithi022.stdout:/usr/bin/ceph: stderr
2024-08-31T02:43:43.623+0000 7fa7180d0640 1 -- 172.21.15.22:0/3583252347 >> [v2:172.21.15.22:3300/0,v1:172.21.15.22:6789/0] conn(0x7fa710076ba0 msgr2=0x7fa710112ea0 secure :-1 s=STATE_CONNECTION_ESTABLISHED l=1).mark_down
2024-08-31T02:43:44.293 INFO:teuthology.orchestra.run.smithi022.stdout:/usr/bin/ceph: stderr
2024-08-31T02:43:43.623+0000 7fa7180d0640 1 --2- 172.21.15.22:0/3583252347 >> [v2:172.21.15.22:3300/0,v1:172.21.15.22:6789/0] conn(0x7fa710076ba0 0x7fa710112ea0 secure :-1 s=READY pgs=56 cs=0 l=1 rev1=1 crypto rx=0x7fa70002abe0 tx=0x7fa700009840 comp rx=0 tx=0).stop
2024-08-31T02:43:44.293 INFO:teuthology.orchestra.run.smithi022.stdout:/usr/bin/ceph: stderr
2024-08-31T02:43:43.623+0000 7fa7180d0640 1 -- 172.21.15.22:0/3583252347 shutdown_connections
2024-08-31T02:43:44.293 INFO:teuthology.orchestra.run.smithi022.stdout:/usr/bin/ceph: stderr
2024-08-31T02:43:43.623+0000 7fa7180d0640 1 --2- 172.21.15.22:0/3583252347 >> [v2:172.21.15.22:6800/4053326689,v1:172.21.15.22:6801/4053326689] conn(0x7fa6f8039490 0x7fa6f803b940 unknown :-1 s=CLOSED pgs=17 cs=0 l=1 rev1=1 crypto rx=0 tx=0 comp rx=0 tx=0).stop
2024-08-31T02:43:44.293 INFO:teuthology.orchestra.run.smithi022.stdout:/usr/bin/ceph: stderr
2024-08-31T02:43:43.623+0000 7fa7180d0640 1 --2- 172.21.15.22:0/3583252347 >> [v2:172.21.15.22:3300/0,v1:172.21.15.22:6789/0] conn(0x7fa710076ba0 0x7fa710112ea0 unknown :-1 s=CLOSED pgs=56 cs=0 l=1 rev1=1 crypto rx=0 tx=0 comp rx=0 tx=0).stop
2024-08-31T02:43:44.293 INFO:teuthology.orchestra.run.smithi022.stdout:/usr/bin/ceph: stderr
2024-08-31T02:43:43.623+0000 7fa7180d0640 1 -- 172.21.15.22:0/3583252347 >> 172.21.15.22:0/3583252347 conn(0x7fa7100fc580 msgr2=0x7fa7100fd110 unknown :-1 s=STATE_NONE l=0).mark_down
2024-08-31T02:43:44.293 INFO:teuthology.orchestra.run.smithi022.stdout:/usr/bin/ceph: stderr
2024-08-31T02:43:43.623+0000 7fa7180d0640 1 -- 172.21.15.22:0/3583252347 shutdown_connections
2024-08-31T02:43:44.294 INFO:teuthology.orchestra.run.smithi022.stdout:/usr/bin/ceph: stderr
2024-08-31T02:43:43.623+0000 7fa7180d0640 1 -- 172.21.15.22:0/3583252347 wait complete.
2024-08-31T02:43:44.294 INFO:teuthology.orchestra.run.smithi022.stdout:Deploying alertmanager service with default placement...
2024-08-31T02:43:45.265 INFO:journalctl@ceph.mon.smithi022.smithi022.stdout:Aug 31 02:43:45 smithi022 ceph-mon[17079]: from='client.14150 -' entity='client.admin' cmd=[{"prefix": "orch apply", "service_type": "node-exporter", "target": ["mon-mgr", ""]}]: dispatch
2024-08-31T02:43:45.265 INFO:journalctl@ceph.mon.smithi022.smithi022.stdout:Aug 31 02:43:45 smithi022 ceph-mon[17079]: Saving service node-exporter spec with placement *
2024-08-31T02:43:46.077 INFO:journalctl@ceph.mon.smithi022.smithi022.stdout:Aug 31 02:43:46 smithi022 ceph-mon[17079]: pgmap v3: 0 pgs: ; 0 B data, 0 B used, 0 B / 0 B avail
2024-08-31T02:43:46.077 INFO:journalctl@ceph.mon.smithi022.smithi022.stdout:Aug 31 02:43:46 smithi022 ceph-mon[17079]: from='mgr.14118 172.21.15.22:0/1893422741' entity='mgr.smithi022.vtrflx'
2024-08-31T02:43:46.084 INFO:teuthology.orchestra.run.smithi022.stdout:/usr/bin/ceph: stdout Scheduled alertmanager update...
2024-08-31T02:43:46.084 INFO:teuthology.orchestra.run.smithi022.stdout:/usr/bin/ceph: stderr
2024-08-31T02:43:45.080+0000 7f214598c640 1 Processor -- start
2024-08-31T02:43:46.084 INFO:teuthology.orchestra.run.smithi022.stdout:/usr/bin/ceph: stderr
2024-08-31T02:43:45.080+0000 7f214598c640 1 -- start start
2024-08-31T02:43:46.084 INFO:teuthology.orchestra.run.smithi022.stdout:/usr/bin/ceph: stderr
2024-08-31T02:43:45.080+0000 7f214598c640 1 --2- >> [v2:172.21.15.22:3300/0,v1:172.21.15.22:6789/0] conn(0x7f2140076c90 0x7f21401049f0 unknown :-1 s=NONE pgs=0 cs=0 l=0 rev1=0 crypto rx=0 tx=0 comp rx=0 tx=0).connect
2024-08-31T02:43:46.084 INFO:teuthology.orchestra.run.smithi022.stdout:/usr/bin/ceph: stderr
2024-08-31T02:43:45.080+0000 7f214598c640 1 -- --> [v2:172.21.15.22:3300/0,v1:172.21.15.22:6789/0] -- mon_getmap magic: 0 v1 -- 0x7f2140104f30 con 0x7f2140076c90
2024-08-31T02:43:46.084 INFO:teuthology.orchestra.run.smithi022.stdout:/usr/bin/ceph: stderr
2024-08-31T02:43:45.081+0000 7f213effd640 1 --2- >> [v2:172.21.15.22:3300/0,v1:172.21.15.22:6789/0] conn(0x7f2140076c90 0x7f21401049f0 unknown :-1 s=BANNER_CONNECTING pgs=0 cs=0 l=0 rev1=0 crypto rx=0 tx=0 comp rx=0 tx=0)._handle_peer_banner_payload supported=3 required=0
2024-08-31T02:43:46.084 INFO:teuthology.orchestra.run.smithi022.stdout:/usr/bin/ceph: stderr
2024-08-31T02:43:45.081+0000 7f213effd640 1 --2- >> [v2:172.21.15.22:3300/0,v1:172.21.15.22:6789/0] conn(0x7f2140076c90 0x7f21401049f0 unknown :-1 s=HELLO_CONNECTING pgs=0 cs=0 l=0 rev1=1 crypto rx=0 tx=0 comp rx=0 tx=0).handle_hello peer v2:172.21.15.22:3300/0 says I am v2:172.21.15.22:42322/0 (socket says 172.21.15.22:42322)
2024-08-31T02:43:46.084 INFO:teuthology.orchestra.run.smithi022.stdout:/usr/bin/ceph: stderr
2024-08-31T02:43:45.081+0000 7f213effd640 1 -- 172.21.15.22:0/2222449887 learned_addr learned my addr 172.21.15.22:0/2222449887 (peer_addr_for_me v2:172.21.15.22:0/0)
2024-08-31T02:43:46.084 INFO:teuthology.orchestra.run.smithi022.stdout:/usr/bin/ceph: stderr
2024-08-31T02:43:45.081+0000 7f213effd640 1 -- 172.21.15.22:0/2222449887 --> [v2:172.21.15.22:3300/0,v1:172.21.15.22:6789/0] -- mon_subscribe({config=0+,monmap=0+}) v3 -- 0x7f2140105070 con 0x7f2140076c90
2024-08-31T02:43:46.084 INFO:teuthology.orchestra.run.smithi022.stdout:/usr/bin/ceph: stderr
2024-08-31T02:43:45.082+0000 7f213effd640 1 --2- 172.21.15.22:0/2222449887 >> [v2:172.21.15.22:3300/0,v1:172.21.15.22:6789/0] conn(0x7f2140076c90 0x7f21401049f0 secure :-1 s=READY pgs=57 cs=0 l=1 rev1=1 crypto rx=0x7f2138009840 tx=0x7f21380091d0 comp rx=0 tx=0).ready entity=mon.0 client_cookie=b65d6db2062693b4 server_cookie=0 in_seq=0 out_seq=0
2024-08-31T02:43:46.084 INFO:teuthology.orchestra.run.smithi022.stdout:/usr/bin/ceph: stderr
2024-08-31T02:43:45.082+0000 7f213dffb640 1 -- 172.21.15.22:0/2222449887 <== mon.0 v2:172.21.15.22:3300/0 1 ==== mon_map magic: 0 v1 ==== 229+0+0 (secure 0 0 0) 0x7f2138032440 con 0x7f2140076c90
2024-08-31T02:43:46.085 INFO:teuthology.orchestra.run.smithi022.stdout:/usr/bin/ceph: stderr
2024-08-31T02:43:45.082+0000 7f213dffb640 1 -- 172.21.15.22:0/2222449887 <== mon.0 v2:172.21.15.22:3300/0 2 ==== config(26 keys) v1 ==== 1070+0+0 (secure 0 0 0) 0x7f2138032a40 con 0x7f2140076c90
2024-08-31T02:43:46.085 INFO:teuthology.orchestra.run.smithi022.stdout:/usr/bin/ceph: stderr
2024-08-31T02:43:45.082+0000 7f213dffb640 1 -- 172.21.15.22:0/2222449887 <== mon.0 v2:172.21.15.22:3300/0 3 ==== mon_map magic: 0 v1 ==== 229+0+0 (secure 0 0 0) 0x7f2138031a70 con 0x7f2140076c90
2024-08-31T02:43:46.085 INFO:teuthology.orchestra.run.smithi022.stdout:/usr/bin/ceph: stderr
2024-08-31T02:43:45.082+0000 7f214598c640 1 -- 172.21.15.22:0/2222449887 >> [v2:172.21.15.22:3300/0,v1:172.21.15.22:6789/0] conn(0x7f2140076c90 msgr2=0x7f21401049f0 secure :-1 s=STATE_CONNECTION_ESTABLISHED l=1).mark_down
2024-08-31T02:43:46.085 INFO:teuthology.orchestra.run.smithi022.stdout:/usr/bin/ceph: stderr
2024-08-31T02:43:45.082+0000 7f214598c640 1 --2- 172.21.15.22:0/2222449887 >> [v2:172.21.15.22:3300/0,v1:172.21.15.22:6789/0] conn(0x7f2140076c90 0x7f21401049f0 secure :-1 s=READY pgs=57 cs=0 l=1 rev1=1 crypto rx=0x7f2138009840 tx=0x7f21380091d0 comp rx=0 tx=0).stop
2024-08-31T02:43:46.085 INFO:teuthology.orchestra.run.smithi022.stdout:/usr/bin/ceph: stderr
2024-08-31T02:43:45.082+0000 7f214598c640 1 -- 172.21.15.22:0/2222449887 shutdown_connections
2024-08-31T02:43:46.085 INFO:teuthology.orchestra.run.smithi022.stdout:/usr/bin/ceph: stderr
2024-08-31T02:43:45.082+0000 7f214598c640 1 --2- 172.21.15.22:0/2222449887 >> [v2:172.21.15.22:3300/0,v1:172.21.15.22:6789/0] conn(0x7f2140076c90 0x7f21401049f0 unknown :-1 s=CLOSED pgs=57 cs=0 l=1 rev1=1 crypto rx=0 tx=0 comp rx=0 tx=0).stop
2024-08-31T02:43:46.085 INFO:teuthology.orchestra.run.smithi022.stdout:/usr/bin/ceph: stderr
2024-08-31T02:43:45.082+0000 7f214598c640 1 -- 172.21.15.22:0/2222449887 >> 172.21.15.22:0/2222449887 conn(0x7f21400fc520 msgr2=0x7f21400fe930 unknown :-1 s=STATE_NONE l=0).mark_down
2024-08-31T02:43:46.085 INFO:teuthology.orchestra.run.smithi022.stdout:/usr/bin/ceph: stderr
2024-08-31T02:43:45.082+0000 7f214598c640 1 -- 172.21.15.22:0/2222449887 shutdown_connections
2024-08-31T02:43:46.085 INFO:teuthology.orchestra.run.smithi022.stdout:/usr/bin/ceph: stderr
2024-08-31T02:43:45.083+0000 7f214598c640 1 -- 172.21.15.22:0/2222449887 wait complete.
2024-08-31T02:43:46.085 INFO:teuthology.orchestra.run.smithi022.stdout:/usr/bin/ceph: stderr
2024-08-31T02:43:45.083+0000 7f214598c640 1 Processor -- start
2024-08-31T02:43:46.085 INFO:teuthology.orchestra.run.smithi022.stdout:/usr/bin/ceph: stderr
2024-08-31T02:43:45.083+0000 7f214598c640 1 -- start start
2024-08-31T02:43:46.086 INFO:teuthology.orchestra.run.smithi022.stdout:/usr/bin/ceph: stderr
2024-08-31T02:43:45.083+0000 7f214598c640 1 --2- >> [v2:172.21.15.22:3300/0,v1:172.21.15.22:6789/0] conn(0x7f2140076c90 0x7f2140110c30 unknown :-1 s=NONE pgs=0 cs=0 l=1 rev1=0 crypto rx=0 tx=0 comp rx=0 tx=0).connect
2024-08-31T02:43:46.086 INFO:teuthology.orchestra.run.smithi022.stdout:/usr/bin/ceph: stderr
2024-08-31T02:43:45.083+0000 7f214598c640 1 -- --> [v2:172.21.15.22:3300/0,v1:172.21.15.22:6789/0] -- mon_getmap magic: 0 v1 -- 0x7f2140111170 con 0x7f2140076c90
2024-08-31T02:43:46.086 INFO:teuthology.orchestra.run.smithi022.stdout:/usr/bin/ceph: stderr
2024-08-31T02:43:45.084+0000 7f213effd640 1 --2- >> [v2:172.21.15.22:3300/0,v1:172.21.15.22:6789/0] conn(0x7f2140076c90 0x7f2140110c30 unknown :-1 s=BANNER_CONNECTING pgs=0 cs=0 l=1 rev1=0 crypto rx=0 tx=0 comp rx=0 tx=0)._handle_peer_banner_payload supported=3 required=0
2024-08-31T02:43:46.086 INFO:teuthology.orchestra.run.smithi022.stdout:/usr/bin/ceph: stderr
2024-08-31T02:43:45.084+0000 7f213effd640 1 --2- >> [v2:172.21.15.22:3300/0,v1:172.21.15.22:6789/0] conn(0x7f2140076c90 0x7f2140110c30 unknown :-1 s=HELLO_CONNECTING pgs=0 cs=0 l=1 rev1=1 crypto rx=0 tx=0 comp rx=0 tx=0).handle_hello peer v2:172.21.15.22:3300/0 says I am v2:172.21.15.22:42338/0 (socket says 172.21.15.22:42338)
2024-08-31T02:43:46.086 INFO:teuthology.orchestra.run.smithi022.stdout:/usr/bin/ceph: stderr
2024-08-31T02:43:45.084+0000 7f213effd640 1 -- 172.21.15.22:0/3473107360 learned_addr learned my addr 172.21.15.22:0/3473107360 (peer_addr_for_me v2:172.21.15.22:0/0)
2024-08-31T02:43:46.086 INFO:teuthology.orchestra.run.smithi022.stdout:/usr/bin/ceph: stderr
2024-08-31T02:43:45.084+0000 7f213effd640 1 -- 172.21.15.22:0/3473107360 --> [v2:172.21.15.22:3300/0,v1:172.21.15.22:6789/0] -- mon_subscribe({config=0+,monmap=0+}) v3 -- 0x7f2138009450 con 0x7f2140076c90
2024-08-31T02:43:46.086 INFO:teuthology.orchestra.run.smithi022.stdout:/usr/bin/ceph: stderr
2024-08-31T02:43:45.084+0000 7f213effd640 1 --2- 172.21.15.22:0/3473107360 >> [v2:172.21.15.22:3300/0,v1:172.21.15.22:6789/0] conn(0x7f2140076c90 0x7f2140110c30 secure :-1 s=READY pgs=58 cs=0 l=1 rev1=1 crypto rx=0x7f2138009420 tx=0x7f21380091d0 comp rx=0 tx=0).ready entity=mon.0 client_cookie=0 server_cookie=0 in_seq=0 out_seq=0
2024-08-31T02:43:46.086 INFO:teuthology.orchestra.run.smithi022.stdout:/usr/bin/ceph: stderr
2024-08-31T02:43:45.084+0000 7f21377fe640 1 -- 172.21.15.22:0/3473107360 <== mon.0 v2:172.21.15.22:3300/0 1 ==== mon_map magic: 0 v1 ==== 229+0+0 (secure 0 0 0) 0x7f213803c400 con 0x7f2140076c90
2024-08-31T02:43:46.086 INFO:teuthology.orchestra.run.smithi022.stdout:/usr/bin/ceph: stderr
2024-08-31T02:43:45.084+0000 7f21377fe640 1 -- 172.21.15.22:0/3473107360 <== mon.0 v2:172.21.15.22:3300/0 2 ==== config(26 keys) v1 ==== 1070+0+0 (secure 0 0 0) 0x7f213803ca00 con 0x7f2140076c90
2024-08-31T02:43:46.086 INFO:teuthology.orchestra.run.smithi022.stdout:/usr/bin/ceph: stderr
2024-08-31T02:43:45.084+0000 7f214598c640 1 -- 172.21.15.22:0/3473107360 --> [v2:172.21.15.22:3300/0,v1:172.21.15.22:6789/0] -- mon_subscribe({mgrmap=0+}) v3 -- 0x7f2140111370 con 0x7f2140076c90
2024-08-31T02:43:46.086 INFO:teuthology.orchestra.run.smithi022.stdout:/usr/bin/ceph: stderr
2024-08-31T02:43:45.084+0000 7f21377fe640 1 -- 172.21.15.22:0/3473107360 <== mon.0 v2:172.21.15.22:3300/0 3 ==== mon_map magic: 0 v1 ==== 229+0+0 (secure 0 0 0) 0x7f213803a920 con 0x7f2140076c90
2024-08-31T02:43:46.086 INFO:teuthology.orchestra.run.smithi022.stdout:/usr/bin/ceph: stderr
2024-08-31T02:43:45.084+0000 7f214598c640 1 -- 172.21.15.22:0/3473107360 --> [v2:172.21.15.22:3300/0,v1:172.21.15.22:6789/0] -- mon_subscribe({osdmap=0}) v3 -- 0x7f21401117e0 con 0x7f2140076c90
2024-08-31T02:43:46.086 INFO:teuthology.orchestra.run.smithi022.stdout:/usr/bin/ceph: stderr
2024-08-31T02:43:45.085+0000 7f21377fe640 1 -- 172.21.15.22:0/3473107360 <== mon.0 v2:172.21.15.22:3300/0 4 ==== mgrmap(e 8) v1 ==== 45507+0+0 (secure 0 0 0) 0x7f213803c560 con 0x7f2140076c90
2024-08-31T02:43:46.086 INFO:teuthology.orchestra.run.smithi022.stdout:/usr/bin/ceph: stderr
2024-08-31T02:43:45.086+0000 7f214598c640 1 -- 172.21.15.22:0/3473107360 --> [v2:172.21.15.22:3300/0,v1:172.21.15.22:6789/0] -- mon_command({"prefix": "get_command_descriptions"} v 0) v1 -- 0x7f214004b680 con 0x7f2140076c90
2024-08-31T02:43:46.087 INFO:teuthology.orchestra.run.smithi022.stdout:/usr/bin/ceph: stderr
2024-08-31T02:43:45.086+0000 7f21377fe640 1 --2- 172.21.15.22:0/3473107360 >> [v2:172.21.15.22:6800/4053326689,v1:172.21.15.22:6801/4053326689] conn(0x7f212c0394e0 0x7f212c03b990 unknown :-1 s=NONE pgs=0 cs=0 l=1 rev1=0 crypto rx=0 tx=0 comp rx=0 tx=0).connect
2024-08-31T02:43:46.087 INFO:teuthology.orchestra.run.smithi022.stdout:/usr/bin/ceph: stderr
2024-08-31T02:43:45.086+0000 7f21377fe640 1 -- 172.21.15.22:0/3473107360 <== mon.0 v2:172.21.15.22:3300/0 5 ==== osd_map(2..2 src has 1..2) v4 ==== 936+0+0 (secure 0 0 0) 0x7f213806cca0 con 0x7f2140076c90
2024-08-31T02:43:46.087 INFO:teuthology.orchestra.run.smithi022.stdout:/usr/bin/ceph: stderr
2024-08-31T02:43:45.086+0000 7f213e7fc640 1 --2- 172.21.15.22:0/3473107360 >> [v2:172.21.15.22:6800/4053326689,v1:172.21.15.22:6801/4053326689] conn(0x7f212c0394e0 0x7f212c03b990 unknown :-1 s=BANNER_CONNECTING pgs=0 cs=0 l=1 rev1=0 crypto rx=0 tx=0 comp rx=0 tx=0)._handle_peer_banner_payload supported=3 required=0
2024-08-31T02:43:46.087 INFO:teuthology.orchestra.run.smithi022.stdout:/usr/bin/ceph: stderr
2024-08-31T02:43:45.086+0000 7f213e7fc640 1 --2- 172.21.15.22:0/3473107360 >> [v2:172.21.15.22:6800/4053326689,v1:172.21.15.22:6801/4053326689] conn(0x7f212c0394e0 0x7f212c03b990 secure :-1 s=READY pgs=18 cs=0 l=1 rev1=1 crypto rx=0x7f2128006fd0 tx=0x7f2128006db0 comp rx=0 tx=0).ready entity=mgr.14118 client_cookie=0 server_cookie=0 in_seq=0 out_seq=0
2024-08-31T02:43:46.087 INFO:teuthology.orchestra.run.smithi022.stdout:/usr/bin/ceph: stderr
2024-08-31T02:43:45.090+0000 7f21377fe640 1 -- 172.21.15.22:0/3473107360 <== mon.0 v2:172.21.15.22:3300/0 6 ==== mon_command_ack([{"prefix": "get_command_descriptions"}]=0 v0) v1 ==== 72+0+176781 (secure 0 0 0) 0x7f213803b360 con 0x7f2140076c90
2024-08-31T02:43:46.088 INFO:teuthology.orchestra.run.smithi022.stdout:/usr/bin/ceph: stderr
2024-08-31T02:43:45.267+0000 7f214598c640 1 -- 172.21.15.22:0/3473107360 --> [v2:172.21.15.22:6800/4053326689,v1:172.21.15.22:6801/4053326689] -- mgr_command(tid 0: {"prefix": "orch apply", "service_type": "alertmanager", "target": ["mon-mgr", ""]}) v1 -- 0x7f21401117e0 con 0x7f212c0394e0
2024-08-31T02:43:46.088 INFO:teuthology.orchestra.run.smithi022.stdout:/usr/bin/ceph: stderr
2024-08-31T02:43:45.271+0000 7f21377fe640 1 -- 172.21.15.22:0/3473107360 <== mgr.14118 v2:172.21.15.22:6800/4053326689 1 ==== mgr_command_reply(tid 0: 0 ) v1 ==== 8+0+33 (secure 0 0 0) 0x7f21401117e0 con 0x7f212c0394e0
2024-08-31T02:43:46.088 INFO:teuthology.orchestra.run.smithi022.stdout:/usr/bin/ceph: stderr
2024-08-31T02:43:45.273+0000 7f214598c640 1 -- 172.21.15.22:0/3473107360 >> [v2:172.21.15.22:6800/4053326689,v1:172.21.15.22:6801/4053326689] conn(0x7f212c0394e0 msgr2=0x7f212c03b990 secure :-1 s=STATE_CONNECTION_ESTABLISHED l=1).mark_down
2024-08-31T02:43:46.088 INFO:teuthology.orchestra.run.smithi022.stdout:/usr/bin/ceph: stderr
2024-08-31T02:43:45.273+0000 7f214598c640 1 --2- 172.21.15.22:0/3473107360 >> [v2:172.21.15.22:6800/4053326689,v1:172.21.15.22:6801/4053326689] conn(0x7f212c0394e0 0x7f212c03b990 secure :-1 s=READY pgs=18 cs=0 l=1 rev1=1 crypto rx=0x7f2128006fd0 tx=0x7f2128006db0 comp rx=0 tx=0).stop
2024-08-31T02:43:46.088 INFO:teuthology.orchestra.run.smithi022.stdout:/usr/bin/ceph: stderr
2024-08-31T02:43:45.273+0000 7f214598c640 1 -- 172.21.15.22:0/3473107360 >> [v2:172.21.15.22:3300/0,v1:172.21.15.22:6789/0] conn(0x7f2140076c90 msgr2=0x7f2140110c30 secure :-1 s=STATE_CONNECTION_ESTABLISHED l=1).mark_down
2024-08-31T02:43:46.088 INFO:teuthology.orchestra.run.smithi022.stdout:/usr/bin/ceph: stderr
2024-08-31T02:43:45.273+0000 7f214598c640 1 --2- 172.21.15.22:0/3473107360 >> [v2:172.21.15.22:3300/0,v1:172.21.15.22:6789/0] conn(0x7f2140076c90 0x7f2140110c30 secure :-1 s=READY pgs=58 cs=0 l=1 rev1=1 crypto rx=0x7f2138009420 tx=0x7f21380091d0 comp rx=0 tx=0).stop
2024-08-31T02:43:46.088 INFO:teuthology.orchestra.run.smithi022.stdout:/usr/bin/ceph: stderr
2024-08-31T02:43:45.273+0000 7f214598c640 1 -- 172.21.15.22:0/3473107360 shutdown_connections
2024-08-31T02:43:46.089 INFO:teuthology.orchestra.run.smithi022.stdout:/usr/bin/ceph: stderr
2024-08-31T02:43:45.273+0000 7f214598c640 1 --2- 172.21.15.22:0/3473107360 >> [v2:172.21.15.22:6800/4053326689,v1:172.21.15.22:6801/4053326689] conn(0x7f212c0394e0 0x7f212c03b990 unknown :-1 s=CLOSED pgs=18 cs=0 l=1 rev1=1 crypto rx=0 tx=0 comp rx=0 tx=0).stop
2024-08-31T02:43:46.089 INFO:teuthology.orchestra.run.smithi022.stdout:/usr/bin/ceph: stderr
2024-08-31T02:43:45.273+0000 7f214598c640 1 --2- 172.21.15.22:0/3473107360 >> [v2:172.21.15.22:3300/0,v1:172.21.15.22:6789/0] conn(0x7f2140076c90 0x7f2140110c30 unknown :-1 s=CLOSED pgs=58 cs=0 l=1 rev1=1 crypto rx=0 tx=0 comp rx=0 tx=0).stop
2024-08-31T02:43:46.089 INFO:teuthology.orchestra.run.smithi022.stdout:/usr/bin/ceph: stderr
2024-08-31T02:43:45.273+0000 7f214598c640 1 -- 172.21.15.22:0/3473107360 >> 172.21.15.22:0/3473107360 conn(0x7f21400fc520 msgr2=0x7f21400fd080 unknown :-1 s=STATE_NONE l=0).mark_down
2024-08-31T02:43:46.089 INFO:teuthology.orchestra.run.smithi022.stdout:/usr/bin/ceph: stderr
2024-08-31T02:43:45.273+0000 7f214598c640 1 -- 172.21.15.22:0/3473107360 shutdown_connections
2024-08-31T02:43:46.089 INFO:teuthology.orchestra.run.smithi022.stdout:/usr/bin/ceph: stderr
2024-08-31T02:43:45.273+0000 7f214598c640 1 -- 172.21.15.22:0/3473107360 wait complete.
2024-08-31T02:43:47.284 INFO:journalctl@ceph.mon.smithi022.smithi022.stdout:Aug 31 02:43:47 smithi022 ceph-mon[17079]: from='client.14152 -' entity='client.admin' cmd=[{"prefix": "orch apply", "service_type": "alertmanager", "target": ["mon-mgr", ""]}]: dispatch
2024-08-31T02:43:47.284 INFO:journalctl@ceph.mon.smithi022.smithi022.stdout:Aug 31 02:43:47 smithi022 ceph-mon[17079]: Saving service alertmanager spec with placement count:1
2024-08-31T02:43:47.284 INFO:journalctl@ceph.mon.smithi022.smithi022.stdout:Aug 31 02:43:47 smithi022 ceph-mon[17079]: from='client.? 172.21.15.22:0/3608679134' entity='client.admin'
2024-08-31T02:43:47.292 INFO:teuthology.orchestra.run.smithi022.stdout:/usr/bin/ceph: stderr
2024-08-31T02:43:46.501+0000 7f3672a0f640 1 Processor -- start
2024-08-31T02:43:47.292 INFO:teuthology.orchestra.run.smithi022.stdout:/usr/bin/ceph: stderr
2024-08-31T02:43:46.501+0000 7f3672a0f640 1 -- start start
2024-08-31T02:43:47.292 INFO:teuthology.orchestra.run.smithi022.stdout:/usr/bin/ceph: stderr
2024-08-31T02:43:46.501+0000 7f3672a0f640 1 --2- >> [v2:172.21.15.22:3300/0,v1:172.21.15.22:6789/0] conn(0x7f366c101fc0 0x7f366c1023d0 unknown :-1 s=NONE pgs=0 cs=0 l=0 rev1=0 crypto rx=0 tx=0 comp rx=0 tx=0).connect
2024-08-31T02:43:47.292 INFO:teuthology.orchestra.run.smithi022.stdout:/usr/bin/ceph: stderr
2024-08-31T02:43:46.501+0000 7f3672a0f640 1 -- --> [v2:172.21.15.22:3300/0,v1:172.21.15.22:6789/0] -- mon_getmap magic: 0 v1 -- 0x7f366c102910 con 0x7f366c101fc0
2024-08-31T02:43:47.292 INFO:teuthology.orchestra.run.smithi022.stdout:/usr/bin/ceph: stderr
2024-08-31T02:43:46.501+0000 7f366bfff640 1 --2- >> [v2:172.21.15.22:3300/0,v1:172.21.15.22:6789/0] conn(0x7f366c101fc0 0x7f366c1023d0 unknown :-1 s=BANNER_CONNECTING pgs=0 cs=0 l=0 rev1=0 crypto rx=0 tx=0 comp rx=0 tx=0)._handle_peer_banner_payload supported=3 required=0
2024-08-31T02:43:47.292 INFO:teuthology.orchestra.run.smithi022.stdout:/usr/bin/ceph: stderr
2024-08-31T02:43:46.501+0000 7f366bfff640 1 --2- >> [v2:172.21.15.22:3300/0,v1:172.21.15.22:6789/0] conn(0x7f366c101fc0 0x7f366c1023d0 unknown :-1 s=HELLO_CONNECTING pgs=0 cs=0 l=0 rev1=1 crypto rx=0 tx=0 comp rx=0 tx=0).handle_hello peer v2:172.21.15.22:3300/0 says I am v2:172.21.15.22:42342/0 (socket says 172.21.15.22:42342)
2024-08-31T02:43:47.293 INFO:teuthology.orchestra.run.smithi022.stdout:/usr/bin/ceph: stderr
2024-08-31T02:43:46.501+0000 7f366bfff640 1 -- 172.21.15.22:0/1924204505 learned_addr learned my addr 172.21.15.22:0/1924204505 (peer_addr_for_me v2:172.21.15.22:0/0)
2024-08-31T02:43:47.293 INFO:teuthology.orchestra.run.smithi022.stdout:/usr/bin/ceph: stderr
2024-08-31T02:43:46.502+0000 7f366bfff640 1 -- 172.21.15.22:0/1924204505 --> [v2:172.21.15.22:3300/0,v1:172.21.15.22:6789/0] -- mon_subscribe({config=0+,monmap=0+}) v3 -- 0x7f366c102a50 con 0x7f366c101fc0
2024-08-31T02:43:47.293 INFO:teuthology.orchestra.run.smithi022.stdout:/usr/bin/ceph: stderr
2024-08-31T02:43:46.502+0000 7f366bfff640 1 --2- 172.21.15.22:0/1924204505 >> [v2:172.21.15.22:3300/0,v1:172.21.15.22:6789/0] conn(0x7f366c101fc0 0x7f366c1023d0 secure :-1 s=READY pgs=59 cs=0 l=1 rev1=1 crypto rx=0x7f365c009840 tx=0x7f365c0091d0 comp rx=0 tx=0).ready entity=mon.0 client_cookie=83ae77f3d7d29980 server_cookie=0 in_seq=0 out_seq=0
2024-08-31T02:43:47.293 INFO:teuthology.orchestra.run.smithi022.stdout:/usr/bin/ceph: stderr
2024-08-31T02:43:46.503+0000 7f366b7fe640 1 -- 172.21.15.22:0/1924204505 <== mon.0 v2:172.21.15.22:3300/0 1 ==== mon_map magic: 0 v1 ==== 229+0+0 (secure 0 0 0) 0x7f365c032440 con 0x7f366c101fc0
2024-08-31T02:43:47.293 INFO:teuthology.orchestra.run.smithi022.stdout:/usr/bin/ceph: stderr
2024-08-31T02:43:46.503+0000 7f366b7fe640 1 -- 172.21.15.22:0/1924204505 <== mon.0 v2:172.21.15.22:3300/0 2 ==== config(26 keys) v1 ==== 1070+0+0 (secure 0 0 0) 0x7f365c032a40 con 0x7f366c101fc0
2024-08-31T02:43:47.293 INFO:teuthology.orchestra.run.smithi022.stdout:/usr/bin/ceph: stderr
2024-08-31T02:43:46.503+0000 7f366b7fe640 1 -- 172.21.15.22:0/1924204505 <== mon.0 v2:172.21.15.22:3300/0 3 ==== mon_map magic: 0 v1 ==== 229+0+0 (secure 0 0 0) 0x7f365c031aa0 con 0x7f366c101fc0
2024-08-31T02:43:47.293 INFO:teuthology.orchestra.run.smithi022.stdout:/usr/bin/ceph: stderr
2024-08-31T02:43:46.503+0000 7f3672a0f640 1 -- 172.21.15.22:0/1924204505 >> [v2:172.21.15.22:3300/0,v1:172.21.15.22:6789/0] conn(0x7f366c101fc0 msgr2=0x7f366c1023d0 secure :-1 s=STATE_CONNECTION_ESTABLISHED l=1).mark_down
2024-08-31T02:43:47.293 INFO:teuthology.orchestra.run.smithi022.stdout:/usr/bin/ceph: stderr
2024-08-31T02:43:46.503+0000 7f3672a0f640 1 --2- 172.21.15.22:0/1924204505 >> [v2:172.21.15.22:3300/0,v1:172.21.15.22:6789/0] conn(0x7f366c101fc0 0x7f366c1023d0 secure :-1 s=READY pgs=59 cs=0 l=1 rev1=1 crypto rx=0x7f365c009840 tx=0x7f365c0091d0 comp rx=0 tx=0).stop
2024-08-31T02:43:47.293 INFO:teuthology.orchestra.run.smithi022.stdout:/usr/bin/ceph: stderr
2024-08-31T02:43:46.503+0000 7f3672a0f640 1 -- 172.21.15.22:0/1924204505 shutdown_connections
2024-08-31T02:43:47.293 INFO:teuthology.orchestra.run.smithi022.stdout:/usr/bin/ceph: stderr
2024-08-31T02:43:46.503+0000 7f3672a0f640 1 --2- 172.21.15.22:0/1924204505 >> [v2:172.21.15.22:3300/0,v1:172.21.15.22:6789/0] conn(0x7f366c101fc0 0x7f366c1023d0 unknown :-1 s=CLOSED pgs=59 cs=0 l=1 rev1=1 crypto rx=0 tx=0 comp rx=0 tx=0).stop
2024-08-31T02:43:47.293 INFO:teuthology.orchestra.run.smithi022.stdout:/usr/bin/ceph: stderr
2024-08-31T02:43:46.503+0000 7f3672a0f640 1 -- 172.21.15.22:0/1924204505 >> 172.21.15.22:0/1924204505 conn(0x7f366c0fd720 msgr2=0x7f366c0ffb30 unknown :-1 s=STATE_NONE l=0).mark_down
2024-08-31T02:43:47.293 INFO:teuthology.orchestra.run.smithi022.stdout:/usr/bin/ceph: stderr
2024-08-31T02:43:46.504+0000 7f3672a0f640 1 -- 172.21.15.22:0/1924204505 shutdown_connections
2024-08-31T02:43:47.293 INFO:teuthology.orchestra.run.smithi022.stdout:/usr/bin/ceph: stderr
2024-08-31T02:43:46.504+0000 7f3672a0f640 1 -- 172.21.15.22:0/1924204505 wait complete.
2024-08-31T02:43:47.294 INFO:teuthology.orchestra.run.smithi022.stdout:/usr/bin/ceph: stderr
2024-08-31T02:43:46.504+0000 7f3672a0f640 1 Processor -- start
2024-08-31T02:43:47.294 INFO:teuthology.orchestra.run.smithi022.stdout:/usr/bin/ceph: stderr
2024-08-31T02:43:46.504+0000 7f3672a0f640 1 -- start start
2024-08-31T02:43:47.294 INFO:teuthology.orchestra.run.smithi022.stdout:/usr/bin/ceph: stderr
2024-08-31T02:43:46.504+0000 7f3672a0f640 1 --2- >> [v2:172.21.15.22:3300/0,v1:172.21.15.22:6789/0] conn(0x7f366c101fc0 0x7f366c110cc0 unknown :-1 s=NONE pgs=0 cs=0 l=1 rev1=0 crypto rx=0 tx=0 comp rx=0 tx=0).connect
2024-08-31T02:43:47.294 INFO:teuthology.orchestra.run.smithi022.stdout:/usr/bin/ceph: stderr
2024-08-31T02:43:46.504+0000 7f3672a0f640 1 -- --> [v2:172.21.15.22:3300/0,v1:172.21.15.22:6789/0] -- mon_getmap magic: 0 v1 -- 0x7f366c111200 con 0x7f366c101fc0
2024-08-31T02:43:47.294 INFO:teuthology.orchestra.run.smithi022.stdout:/usr/bin/ceph: stderr
2024-08-31T02:43:46.504+0000 7f366bfff640 1 --2- >> [v2:172.21.15.22:3300/0,v1:172.21.15.22:6789/0] conn(0x7f366c101fc0 0x7f366c110cc0 unknown :-1 s=BANNER_CONNECTING pgs=0 cs=0 l=1 rev1=0 crypto rx=0 tx=0 comp rx=0 tx=0)._handle_peer_banner_payload supported=3 required=0
2024-08-31T02:43:47.294 INFO:teuthology.orchestra.run.smithi022.stdout:/usr/bin/ceph: stderr
2024-08-31T02:43:46.504+0000 7f366bfff640 1 --2- >> [v2:172.21.15.22:3300/0,v1:172.21.15.22:6789/0] conn(0x7f366c101fc0 0x7f366c110cc0 unknown :-1 s=HELLO_CONNECTING pgs=0 cs=0 l=1 rev1=1 crypto rx=0 tx=0 comp rx=0 tx=0).handle_hello peer v2:172.21.15.22:3300/0 says I am v2:172.21.15.22:42352/0 (socket says 172.21.15.22:42352)
2024-08-31T02:43:47.294 INFO:teuthology.orchestra.run.smithi022.stdout:/usr/bin/ceph: stderr
2024-08-31T02:43:46.504+0000 7f366bfff640 1 -- 172.21.15.22:0/3608679134 learned_addr learned my addr 172.21.15.22:0/3608679134 (peer_addr_for_me v2:172.21.15.22:0/0)
2024-08-31T02:43:47.294 INFO:teuthology.orchestra.run.smithi022.stdout:/usr/bin/ceph: stderr
2024-08-31T02:43:46.505+0000 7f366bfff640 1 -- 172.21.15.22:0/3608679134 --> [v2:172.21.15.22:3300/0,v1:172.21.15.22:6789/0] -- mon_subscribe({config=0+,monmap=0+}) v3 -- 0x7f365c009450 con 0x7f366c101fc0
2024-08-31T02:43:47.294 INFO:teuthology.orchestra.run.smithi022.stdout:/usr/bin/ceph: stderr
2024-08-31T02:43:46.505+0000 7f366bfff640 1 --2- 172.21.15.22:0/3608679134 >> [v2:172.21.15.22:3300/0,v1:172.21.15.22:6789/0] conn(0x7f366c101fc0 0x7f366c110cc0 secure :-1 s=READY pgs=60 cs=0 l=1 rev1=1 crypto rx=0x7f365c031780 tx=0x7f365c0091d0 comp rx=0 tx=0).ready entity=mon.0 client_cookie=0 server_cookie=0 in_seq=0 out_seq=0
2024-08-31T02:43:47.294 INFO:teuthology.orchestra.run.smithi022.stdout:/usr/bin/ceph: stderr
2024-08-31T02:43:46.505+0000 7f36697fa640 1 -- 172.21.15.22:0/3608679134 <== mon.0 v2:172.21.15.22:3300/0 1 ==== mon_map magic: 0 v1 ==== 229+0+0 (secure 0 0 0) 0x7f365c0327b0 con 0x7f366c101fc0
2024-08-31T02:43:47.294 INFO:teuthology.orchestra.run.smithi022.stdout:/usr/bin/ceph: stderr
2024-08-31T02:43:46.505+0000 7f36697fa640 1 -- 172.21.15.22:0/3608679134 <== mon.0 v2:172.21.15.22:3300/0 2 ==== config(26 keys) v1 ==== 1070+0+0 (secure 0 0 0) 0x7f365c03b8d0 con 0x7f366c101fc0
2024-08-31T02:43:47.294 INFO:teuthology.orchestra.run.smithi022.stdout:/usr/bin/ceph: stderr
2024-08-31T02:43:46.505+0000 7f3672a0f640 1 -- 172.21.15.22:0/3608679134 --> [v2:172.21.15.22:3300/0,v1:172.21.15.22:6789/0] -- mon_subscribe({mgrmap=0+}) v3 -- 0x7f366c111400 con 0x7f366c101fc0
2024-08-31T02:43:47.294 INFO:teuthology.orchestra.run.smithi022.stdout:/usr/bin/ceph: stderr
2024-08-31T02:43:46.505+0000 7f36697fa640 1 -- 172.21.15.22:0/3608679134 <== mon.0 v2:172.21.15.22:3300/0 3 ==== mon_map magic: 0 v1 ==== 229+0+0 (secure 0 0 0) 0x7f365c03a790 con 0x7f366c101fc0
2024-08-31T02:43:47.295 INFO:teuthology.orchestra.run.smithi022.stdout:/usr/bin/ceph: stderr
2024-08-31T02:43:46.505+0000 7f3672a0f640 1 -- 172.21.15.22:0/3608679134 --> [v2:172.21.15.22:3300/0,v1:172.21.15.22:6789/0] -- mon_subscribe({osdmap=0}) v3 -- 0x7f366c111870 con 0x7f366c101fc0
2024-08-31T02:43:47.295 INFO:teuthology.orchestra.run.smithi022.stdout:/usr/bin/ceph: stderr
2024-08-31T02:43:46.506+0000 7f36697fa640 1 -- 172.21.15.22:0/3608679134 <== mon.0 v2:172.21.15.22:3300/0 4 ==== mgrmap(e 8) v1 ==== 45507+0+0 (secure 0 0 0) 0x7f365c039040 con 0x7f366c101fc0
2024-08-31T02:43:47.295 INFO:teuthology.orchestra.run.smithi022.stdout:/usr/bin/ceph: stderr
2024-08-31T02:43:46.506+0000 7f3672a0f640 1 -- 172.21.15.22:0/3608679134 --> [v2:172.21.15.22:3300/0,v1:172.21.15.22:6789/0] -- mon_command({"prefix": "get_command_descriptions"} v 0) v1 -- 0x7f366c04b680 con 0x7f366c101fc0
2024-08-31T02:43:47.295 INFO:teuthology.orchestra.run.smithi022.stdout:/usr/bin/ceph: stderr
2024-08-31T02:43:46.506+0000 7f36697fa640 1 --2- 172.21.15.22:0/3608679134 >> [v2:172.21.15.22:6800/4053326689,v1:172.21.15.22:6801/4053326689] conn(0x7f36580394e0 0x7f365803b990 unknown :-1 s=NONE pgs=0 cs=0 l=1 rev1=0 crypto rx=0 tx=0 comp rx=0 tx=0).connect
2024-08-31T02:43:47.295 INFO:teuthology.orchestra.run.smithi022.stdout:/usr/bin/ceph: stderr
2024-08-31T02:43:46.506+0000 7f36697fa640 1 -- 172.21.15.22:0/3608679134 <== mon.0 v2:172.21.15.22:3300/0 5 ==== osd_map(2..2 src has 1..2) v4 ==== 936+0+0 (secure 0 0 0) 0x7f365c06c920 con 0x7f366c101fc0
2024-08-31T02:43:47.295 INFO:teuthology.orchestra.run.smithi022.stdout:/usr/bin/ceph: stderr
2024-08-31T02:43:46.507+0000 7f3663fff640 1 --2- 172.21.15.22:0/3608679134 >> [v2:172.21.15.22:6800/4053326689,v1:172.21.15.22:6801/4053326689] conn(0x7f36580394e0 0x7f365803b990 unknown :-1 s=BANNER_CONNECTING pgs=0 cs=0 l=1 rev1=0 crypto rx=0 tx=0 comp rx=0 tx=0)._handle_peer_banner_payload supported=3 required=0
2024-08-31T02:43:47.295 INFO:teuthology.orchestra.run.smithi022.stdout:/usr/bin/ceph: stderr
2024-08-31T02:43:46.507+0000 7f3663fff640 1 --2- 172.21.15.22:0/3608679134 >> [v2:172.21.15.22:6800/4053326689,v1:172.21.15.22:6801/4053326689] conn(0x7f36580394e0 0x7f365803b990 secure :-1 s=READY pgs=19 cs=0 l=1 rev1=1 crypto rx=0x7f3654006fd0 tx=0x7f3654006db0 comp rx=0 tx=0).ready entity=mgr.14118 client_cookie=0 server_cookie=0 in_seq=0 out_seq=0
2024-08-31T02:43:47.295 INFO:teuthology.orchestra.run.smithi022.stdout:/usr/bin/ceph: stderr
2024-08-31T02:43:46.511+0000 7f36697fa640 1 -- 172.21.15.22:0/3608679134 <== mon.0 v2:172.21.15.22:3300/0 6 ==== mon_command_ack([{"prefix": "get_command_descriptions"}]=0 v0) v1 ==== 72+0+176781 (secure 0 0 0) 0x7f365c044400 con 0x7f366c101fc0
2024-08-31T02:43:47.295 INFO:teuthology.orchestra.run.smithi022.stdout:/usr/bin/ceph: stderr
2024-08-31T02:43:46.675+0000 7f3672a0f640 1 -- 172.21.15.22:0/3608679134 --> [v2:172.21.15.22:3300/0,v1:172.21.15.22:6789/0] -- mon_command([{prefix=config set, name=mgr/cephadm/container_init}] v 0) v1 -- 0x7f366c111870 con 0x7f366c101fc0
2024-08-31T02:43:47.295 INFO:teuthology.orchestra.run.smithi022.stdout:/usr/bin/ceph: stderr
2024-08-31T02:43:46.678+0000 7f36697fa640 1 -- 172.21.15.22:0/3608679134 <== mon.0 v2:172.21.15.22:3300/0 7 ==== mon_command_ack([{prefix=config set, name=mgr/cephadm/container_init}]=0 v7)=0 v7) v1 ==== 142+0+0 (secure 0 0 0) 0x7f365c03f070 con 0x7f366c101fc0
2024-08-31T02:43:47.295 INFO:teuthology.orchestra.run.smithi022.stdout:/usr/bin/ceph: stderr
2024-08-31T02:43:46.681+0000 7f3672a0f640 1 -- 172.21.15.22:0/3608679134 >> [v2:172.21.15.22:6800/4053326689,v1:172.21.15.22:6801/4053326689] conn(0x7f36580394e0 msgr2=0x7f365803b990 secure :-1 s=STATE_CONNECTION_ESTABLISHED l=1).mark_down
2024-08-31T02:43:47.295 INFO:teuthology.orchestra.run.smithi022.stdout:/usr/bin/ceph: stderr
2024-08-31T02:43:46.681+0000 7f3672a0f640 1 --2- 172.21.15.22:0/3608679134 >> [v2:172.21.15.22:6800/4053326689,v1:172.21.15.22:6801/4053326689] conn(0x7f36580394e0 0x7f365803b990 secure :-1 s=READY pgs=19 cs=0 l=1 rev1=1 crypto rx=0x7f3654006fd0 tx=0x7f3654006db0 comp rx=0 tx=0).stop
2024-08-31T02:43:47.295 INFO:teuthology.orchestra.run.smithi022.stdout:/usr/bin/ceph: stderr
2024-08-31T02:43:46.681+0000 7f3672a0f640 1 -- 172.21.15.22:0/3608679134 >> [v2:172.21.15.22:3300/0,v1:172.21.15.22:6789/0] conn(0x7f366c101fc0 msgr2=0x7f366c110cc0 secure :-1 s=STATE_CONNECTION_ESTABLISHED l=1).mark_down
2024-08-31T02:43:47.296 INFO:teuthology.orchestra.run.smithi022.stdout:/usr/bin/ceph: stderr
2024-08-31T02:43:46.681+0000 7f3672a0f640 1 --2- 172.21.15.22:0/3608679134 >> [v2:172.21.15.22:3300/0,v1:172.21.15.22:6789/0] conn(0x7f366c101fc0 0x7f366c110cc0 secure :-1 s=READY pgs=60 cs=0 l=1 rev1=1 crypto rx=0x7f365c031780 tx=0x7f365c0091d0 comp rx=0 tx=0).stop
2024-08-31T02:43:47.296 INFO:teuthology.orchestra.run.smithi022.stdout:/usr/bin/ceph: stderr
2024-08-31T02:43:46.681+0000 7f3672a0f640 1 -- 172.21.15.22:0/3608679134 shutdown_connections
2024-08-31T02:43:47.296 INFO:teuthology.orchestra.run.smithi022.stdout:/usr/bin/ceph: stderr
2024-08-31T02:43:46.681+0000 7f3672a0f640 1 --2- 172.21.15.22:0/3608679134 >> [v2:172.21.15.22:6800/4053326689,v1:172.21.15.22:6801/4053326689] conn(0x7f36580394e0 0x7f365803b990 unknown :-1 s=CLOSED pgs=19 cs=0 l=1 rev1=1 crypto rx=0 tx=0 comp rx=0 tx=0).stop
2024-08-31T02:43:47.296 INFO:teuthology.orchestra.run.smithi022.stdout:/usr/bin/ceph: stderr
2024-08-31T02:43:46.681+0000 7f3672a0f640 1 --2- 172.21.15.22:0/3608679134 >> [v2:172.21.15.22:3300/0,v1:172.21.15.22:6789/0] conn(0x7f366c101fc0 0x7f366c110cc0 unknown :-1 s=CLOSED pgs=60 cs=0 l=1 rev1=1 crypto rx=0 tx=0 comp rx=0 tx=0).stop
2024-08-31T02:43:47.296 INFO:teuthology.orchestra.run.smithi022.stdout:/usr/bin/ceph: stderr
2024-08-31T02:43:46.681+0000 7f3672a0f640 1 -- 172.21.15.22:0/3608679134 >> 172.21.15.22:0/3608679134 conn(0x7f366c0fd720 msgr2=0x7f366c0fe1e0 unknown :-1 s=STATE_NONE l=0).mark_down
2024-08-31T02:43:47.296 INFO:teuthology.orchestra.run.smithi022.stdout:/usr/bin/ceph: stderr
2024-08-31T02:43:46.681+0000 7f3672a0f640 1 -- 172.21.15.22:0/3608679134 shutdown_connections
2024-08-31T02:43:47.296 INFO:teuthology.orchestra.run.smithi022.stdout:/usr/bin/ceph: stderr
2024-08-31T02:43:46.681+0000 7f3672a0f640 1 -- 172.21.15.22:0/3608679134 wait complete.
2024-08-31T02:43:48.131 INFO:journalctl@ceph.mon.smithi022.smithi022.stdout:Aug 31 02:43:48 smithi022 ceph-mon[17079]: pgmap v4: 0 pgs: ; 0 B data, 0 B used, 0 B / 0 B avail
2024-08-31T02:43:48.131 INFO:journalctl@ceph.mon.smithi022.smithi022.stdout:Aug 31 02:43:48 smithi022 ceph-mon[17079]: from='client.? 172.21.15.22:0/183912897' entity='client.admin'
2024-08-31T02:43:48.406 INFO:teuthology.orchestra.run.smithi022.stdout:/usr/bin/ceph: stderr
2024-08-31T02:43:47.664+0000 7f4c1bef5640 1 Processor -- start
2024-08-31T02:43:48.406 INFO:teuthology.orchestra.run.smithi022.stdout:/usr/bin/ceph: stderr
2024-08-31T02:43:47.664+0000 7f4c1bef5640 1 -- start start
2024-08-31T02:43:48.406 INFO:teuthology.orchestra.run.smithi022.stdout:/usr/bin/ceph: stderr
2024-08-31T02:43:47.665+0000 7f4c1bef5640 1 --2- >> [v2:172.21.15.22:3300/0,v1:172.21.15.22:6789/0] conn(0x7f4c14076be0 0x7f4c14106ef0 unknown :-1 s=NONE pgs=0 cs=0 l=0 rev1=0 crypto rx=0 tx=0 comp rx=0 tx=0).connect
2024-08-31T02:43:48.406 INFO:teuthology.orchestra.run.smithi022.stdout:/usr/bin/ceph: stderr
2024-08-31T02:43:47.665+0000 7f4c1bef5640 1 -- --> [v2:172.21.15.22:3300/0,v1:172.21.15.22:6789/0] -- mon_getmap magic: 0 v1 -- 0x7f4c141028e0 con 0x7f4c14076be0
2024-08-31T02:43:48.406 INFO:teuthology.orchestra.run.smithi022.stdout:/usr/bin/ceph: stderr
2024-08-31T02:43:47.665+0000 7f4c19c91640 1 --2- >> [v2:172.21.15.22:3300/0,v1:172.21.15.22:6789/0] conn(0x7f4c14076be0 0x7f4c14106ef0 unknown :-1 s=BANNER_CONNECTING pgs=0 cs=0 l=0 rev1=0 crypto rx=0 tx=0 comp rx=0 tx=0)._handle_peer_banner_payload supported=3 required=0
2024-08-31T02:43:48.406 INFO:teuthology.orchestra.run.smithi022.stdout:/usr/bin/ceph: stderr
2024-08-31T02:43:47.665+0000 7f4c19c91640 1 --2- >> [v2:172.21.15.22:3300/0,v1:172.21.15.22:6789/0] conn(0x7f4c14076be0 0x7f4c14106ef0 unknown :-1 s=HELLO_CONNECTING pgs=0 cs=0 l=0 rev1=1 crypto rx=0 tx=0 comp rx=0 tx=0).handle_hello peer v2:172.21.15.22:3300/0 says I am v2:172.21.15.22:42362/0 (socket says 172.21.15.22:42362)
2024-08-31T02:43:48.406 INFO:teuthology.orchestra.run.smithi022.stdout:/usr/bin/ceph: stderr
2024-08-31T02:43:47.665+0000 7f4c19c91640 1 -- 172.21.15.22:0/3349406999 learned_addr learned my addr 172.21.15.22:0/3349406999 (peer_addr_for_me v2:172.21.15.22:0/0)
2024-08-31T02:43:48.407 INFO:teuthology.orchestra.run.smithi022.stdout:/usr/bin/ceph: stderr
2024-08-31T02:43:47.665+0000 7f4c19c91640 1 -- 172.21.15.22:0/3349406999 --> [v2:172.21.15.22:3300/0,v1:172.21.15.22:6789/0] -- mon_subscribe({config=0+,monmap=0+}) v3 -- 0x7f4c14107430 con 0x7f4c14076be0
2024-08-31T02:43:48.407 INFO:teuthology.orchestra.run.smithi022.stdout:/usr/bin/ceph: stderr
2024-08-31T02:43:47.666+0000 7f4c19c91640 1 --2- 172.21.15.22:0/3349406999 >> [v2:172.21.15.22:3300/0,v1:172.21.15.22:6789/0] conn(0x7f4c14076be0 0x7f4c14106ef0 secure :-1 s=READY pgs=61 cs=0 l=1 rev1=1 crypto rx=0x7f4c10009840 tx=0x7f4c100091d0 comp rx=0 tx=0).ready entity=mon.0 client_cookie=7bbeaaeed6977d43 server_cookie=0 in_seq=0 out_seq=0
2024-08-31T02:43:48.407 INFO:teuthology.orchestra.run.smithi022.stdout:/usr/bin/ceph: stderr
2024-08-31T02:43:47.666+0000 7f4c18c8f640 1 -- 172.21.15.22:0/3349406999 <== mon.0 v2:172.21.15.22:3300/0 1 ==== mon_map magic: 0 v1 ==== 229+0+0 (secure 0 0 0) 0x7f4c10032440 con 0x7f4c14076be0
2024-08-31T02:43:48.407 INFO:teuthology.orchestra.run.smithi022.stdout:/usr/bin/ceph: stderr
2024-08-31T02:43:47.666+0000 7f4c18c8f640 1 -- 172.21.15.22:0/3349406999 <== mon.0 v2:172.21.15.22:3300/0 2 ==== config(26 keys) v1 ==== 1070+0+0 (secure 0 0 0) 0x7f4c10032a40 con 0x7f4c14076be0
2024-08-31T02:43:48.407 INFO:teuthology.orchestra.run.smithi022.stdout:/usr/bin/ceph: stderr
2024-08-31T02:43:47.666+0000 7f4c18c8f640 1 -- 172.21.15.22:0/3349406999 <== mon.0 v2:172.21.15.22:3300/0 3 ==== mon_map magic: 0 v1 ==== 229+0+0 (secure 0 0 0) 0x7f4c10031a70 con 0x7f4c14076be0
2024-08-31T02:43:48.407 INFO:teuthology.orchestra.run.smithi022.stdout:/usr/bin/ceph: stderr
2024-08-31T02:43:47.667+0000 7f4c1bef5640 1 -- 172.21.15.22:0/3349406999 >> [v2:172.21.15.22:3300/0,v1:172.21.15.22:6789/0] conn(0x7f4c14076be0 msgr2=0x7f4c14106ef0 secure :-1 s=STATE_CONNECTION_ESTABLISHED l=1).mark_down
2024-08-31T02:43:48.407 INFO:teuthology.orchestra.run.smithi022.stdout:/usr/bin/ceph: stderr
2024-08-31T02:43:47.667+0000 7f4c1bef5640 1 --2- 172.21.15.22:0/3349406999 >> [v2:172.21.15.22:3300/0,v1:172.21.15.22:6789/0] conn(0x7f4c14076be0 0x7f4c14106ef0 secure :-1 s=READY pgs=61 cs=0 l=1 rev1=1 crypto rx=0x7f4c10009840 tx=0x7f4c100091d0 comp rx=0 tx=0).stop
2024-08-31T02:43:48.407 INFO:teuthology.orchestra.run.smithi022.stdout:/usr/bin/ceph: stderr
2024-08-31T02:43:47.667+0000 7f4c1bef5640 1 -- 172.21.15.22:0/3349406999 shutdown_connections
2024-08-31T02:43:48.407 INFO:teuthology.orchestra.run.smithi022.stdout:/usr/bin/ceph: stderr
2024-08-31T02:43:47.667+0000 7f4c1bef5640 1 --2- 172.21.15.22:0/3349406999 >> [v2:172.21.15.22:3300/0,v1:172.21.15.22:6789/0] conn(0x7f4c14076be0 0x7f4c14106ef0 unknown :-1 s=CLOSED pgs=61 cs=0 l=1 rev1=1 crypto rx=0 tx=0 comp rx=0 tx=0).stop
2024-08-31T02:43:48.407 INFO:teuthology.orchestra.run.smithi022.stdout:/usr/bin/ceph: stderr
2024-08-31T02:43:47.667+0000 7f4c1bef5640 1 -- 172.21.15.22:0/3349406999 >> 172.21.15.22:0/3349406999 conn(0x7f4c140fc5a0 msgr2=0x7f4c140fe9b0 unknown :-1 s=STATE_NONE l=0).mark_down
2024-08-31T02:43:48.407 INFO:teuthology.orchestra.run.smithi022.stdout:/usr/bin/ceph: stderr
2024-08-31T02:43:47.667+0000 7f4c1bef5640 1 -- 172.21.15.22:0/3349406999 shutdown_connections
2024-08-31T02:43:48.407 INFO:teuthology.orchestra.run.smithi022.stdout:/usr/bin/ceph: stderr
2024-08-31T02:43:47.667+0000 7f4c1bef5640 1 -- 172.21.15.22:0/3349406999 wait complete.
2024-08-31T02:43:48.407 INFO:teuthology.orchestra.run.smithi022.stdout:/usr/bin/ceph: stderr
2024-08-31T02:43:47.667+0000 7f4c1bef5640 1 Processor -- start
2024-08-31T02:43:48.407 INFO:teuthology.orchestra.run.smithi022.stdout:/usr/bin/ceph: stderr
2024-08-31T02:43:47.667+0000 7f4c1bef5640 1 -- start start
2024-08-31T02:43:48.408 INFO:teuthology.orchestra.run.smithi022.stdout:/usr/bin/ceph: stderr
2024-08-31T02:43:47.667+0000 7f4c1bef5640 1 --2- >> [v2:172.21.15.22:3300/0,v1:172.21.15.22:6789/0] conn(0x7f4c14076be0 0x7f4c14112f80 unknown :-1 s=NONE pgs=0 cs=0 l=1 rev1=0 crypto rx=0 tx=0 comp rx=0 tx=0).connect
2024-08-31T02:43:48.408 INFO:teuthology.orchestra.run.smithi022.stdout:/usr/bin/ceph: stderr
2024-08-31T02:43:47.667+0000 7f4c1bef5640 1 -- --> [v2:172.21.15.22:3300/0,v1:172.21.15.22:6789/0] -- mon_getmap magic: 0 v1 -- 0x7f4c141134c0 con 0x7f4c14076be0
2024-08-31T02:43:48.408 INFO:teuthology.orchestra.run.smithi022.stdout:/usr/bin/ceph: stderr
2024-08-31T02:43:47.668+0000 7f4c19c91640 1 --2- >> [v2:172.21.15.22:3300/0,v1:172.21.15.22:6789/0] conn(0x7f4c14076be0 0x7f4c14112f80 unknown :-1 s=BANNER_CONNECTING pgs=0 cs=0 l=1 rev1=0 crypto rx=0 tx=0 comp rx=0 tx=0)._handle_peer_banner_payload supported=3 required=0
2024-08-31T02:43:48.408 INFO:teuthology.orchestra.run.smithi022.stdout:/usr/bin/ceph: stderr
2024-08-31T02:43:47.668+0000 7f4c19c91640 1 --2- >> [v2:172.21.15.22:3300/0,v1:172.21.15.22:6789/0] conn(0x7f4c14076be0 0x7f4c14112f80 unknown :-1 s=HELLO_CONNECTING pgs=0 cs=0 l=1 rev1=1 crypto rx=0 tx=0 comp rx=0 tx=0).handle_hello peer v2:172.21.15.22:3300/0 says I am v2:172.21.15.22:42366/0 (socket says 172.21.15.22:42366)
2024-08-31T02:43:48.408 INFO:teuthology.orchestra.run.smithi022.stdout:/usr/bin/ceph: stderr
2024-08-31T02:43:47.668+0000 7f4c19c91640 1 -- 172.21.15.22:0/183912897 learned_addr learned my addr 172.21.15.22:0/183912897 (peer_addr_for_me v2:172.21.15.22:0/0)
2024-08-31T02:43:48.408 INFO:teuthology.orchestra.run.smithi022.stdout:/usr/bin/ceph: stderr
2024-08-31T02:43:47.668+0000 7f4c19c91640 1 -- 172.21.15.22:0/183912897 --> [v2:172.21.15.22:3300/0,v1:172.21.15.22:6789/0] -- mon_subscribe({config=0+,monmap=0+}) v3 -- 0x7f4c10009450 con 0x7f4c14076be0
2024-08-31T02:43:48.408 INFO:teuthology.orchestra.run.smithi022.stdout:/usr/bin/ceph: stderr
2024-08-31T02:43:47.668+0000 7f4c19c91640 1 --2- 172.21.15.22:0/183912897 >> [v2:172.21.15.22:3300/0,v1:172.21.15.22:6789/0] conn(0x7f4c14076be0 0x7f4c14112f80 secure :-1 s=READY pgs=62 cs=0 l=1 rev1=1 crypto rx=0x7f4c10006f00 tx=0x7f4c100091d0 comp rx=0 tx=0).ready entity=mon.0 client_cookie=0 server_cookie=0 in_seq=0 out_seq=0
2024-08-31T02:43:48.408 INFO:teuthology.orchestra.run.smithi022.stdout:/usr/bin/ceph: stderr
2024-08-31T02:43:47.668+0000 7f4c0a7fc640 1 -- 172.21.15.22:0/183912897 <== mon.0 v2:172.21.15.22:3300/0 1 ==== mon_map magic: 0 v1 ==== 229+0+0 (secure 0 0 0) 0x7f4c1003c400 con 0x7f4c14076be0
2024-08-31T02:43:48.408 INFO:teuthology.orchestra.run.smithi022.stdout:/usr/bin/ceph: stderr
2024-08-31T02:43:47.668+0000 7f4c0a7fc640 1 -- 172.21.15.22:0/183912897 <== mon.0 v2:172.21.15.22:3300/0 2 ==== config(26 keys) v1 ==== 1070+0+0 (secure 0 0 0) 0x7f4c1003ca00 con 0x7f4c14076be0
2024-08-31T02:43:48.409 INFO:teuthology.orchestra.run.smithi022.stdout:/usr/bin/ceph: stderr
2024-08-31T02:43:47.668+0000 7f4c1bef5640 1 -- 172.21.15.22:0/183912897 --> [v2:172.21.15.22:3300/0,v1:172.21.15.22:6789/0] -- mon_subscribe({mgrmap=0+}) v3 -- 0x7f4c141136c0 con 0x7f4c14076be0
2024-08-31T02:43:48.409 INFO:teuthology.orchestra.run.smithi022.stdout:/usr/bin/ceph: stderr
2024-08-31T02:43:47.668+0000 7f4c0a7fc640 1 -- 172.21.15.22:0/183912897 <== mon.0 v2:172.21.15.22:3300/0 3 ==== mon_map magic: 0 v1 ==== 229+0+0 (secure 0 0 0) 0x7f4c1003a8f0 con 0x7f4c14076be0
2024-08-31T02:43:48.409 INFO:teuthology.orchestra.run.smithi022.stdout:/usr/bin/ceph: stderr
2024-08-31T02:43:47.668+0000 7f4c1bef5640 1 -- 172.21.15.22:0/183912897 --> [v2:172.21.15.22:3300/0,v1:172.21.15.22:6789/0] -- mon_subscribe({osdmap=0}) v3 -- 0x7f4c14113b30 con 0x7f4c14076be0
2024-08-31T02:43:48.409 INFO:teuthology.orchestra.run.smithi022.stdout:/usr/bin/ceph: stderr
2024-08-31T02:43:47.669+0000 7f4c0a7fc640 1 -- 172.21.15.22:0/183912897 <== mon.0 v2:172.21.15.22:3300/0 4 ==== mgrmap(e 8) v1 ==== 45507+0+0 (secure 0 0 0) 0x7f4c1003cb70 con 0x7f4c14076be0
2024-08-31T02:43:48.409 INFO:teuthology.orchestra.run.smithi022.stdout:/usr/bin/ceph: stderr
2024-08-31T02:43:47.669+0000 7f4c1bef5640 1 -- 172.21.15.22:0/183912897 --> [v2:172.21.15.22:3300/0,v1:172.21.15.22:6789/0] -- mon_command({"prefix": "get_command_descriptions"} v 0) v1 -- 0x7f4c1404b680 con 0x7f4c14076be0
2024-08-31T02:43:48.409 INFO:teuthology.orchestra.run.smithi022.stdout:/usr/bin/ceph: stderr
2024-08-31T02:43:47.669+0000 7f4c0a7fc640 1 --2- 172.21.15.22:0/183912897 >> [v2:172.21.15.22:6800/4053326689,v1:172.21.15.22:6801/4053326689] conn(0x7f4c000394e0 0x7f4c0003b990 unknown :-1 s=NONE pgs=0 cs=0 l=1 rev1=0 crypto rx=0 tx=0 comp rx=0 tx=0).connect
2024-08-31T02:43:48.409 INFO:teuthology.orchestra.run.smithi022.stdout:/usr/bin/ceph: stderr
2024-08-31T02:43:47.669+0000 7f4c0a7fc640 1 -- 172.21.15.22:0/183912897 <== mon.0 v2:172.21.15.22:3300/0 5 ==== osd_map(2..2 src has 1..2) v4 ==== 936+0+0 (secure 0 0 0) 0x7f4c1006cb90 con 0x7f4c14076be0
2024-08-31T02:43:48.409 INFO:teuthology.orchestra.run.smithi022.stdout:/usr/bin/ceph: stderr
2024-08-31T02:43:47.669+0000 7f4c19490640 1 --2- 172.21.15.22:0/183912897 >> [v2:172.21.15.22:6800/4053326689,v1:172.21.15.22:6801/4053326689] conn(0x7f4c000394e0 0x7f4c0003b990 unknown :-1 s=BANNER_CONNECTING pgs=0 cs=0 l=1 rev1=0 crypto rx=0 tx=0 comp rx=0 tx=0)._handle_peer_banner_payload supported=3 required=0
2024-08-31T02:43:48.409 INFO:teuthology.orchestra.run.smithi022.stdout:/usr/bin/ceph: stderr
2024-08-31T02:43:47.670+0000 7f4c19490640 1 --2- 172.21.15.22:0/183912897 >> [v2:172.21.15.22:6800/4053326689,v1:172.21.15.22:6801/4053326689] conn(0x7f4c000394e0 0x7f4c0003b990 secure :-1 s=READY pgs=20 cs=0 l=1 rev1=1 crypto rx=0x7f4c04006fd0 tx=0x7f4c04006db0 comp rx=0 tx=0).ready entity=mgr.14118 client_cookie=0 server_cookie=0 in_seq=0 out_seq=0
2024-08-31T02:43:48.409 INFO:teuthology.orchestra.run.smithi022.stdout:/usr/bin/ceph: stderr
2024-08-31T02:43:47.674+0000 7f4c0a7fc640 1 -- 172.21.15.22:0/183912897 <== mon.0 v2:172.21.15.22:3300/0 6 ==== mon_command_ack([{"prefix": "get_command_descriptions"}]=0 v0) v1 ==== 72+0+176781 (secure 0 0 0) 0x7f4c1003b920 con 0x7f4c14076be0
2024-08-31T02:43:48.409 INFO:teuthology.orchestra.run.smithi022.stdout:/usr/bin/ceph: stderr
2024-08-31T02:43:47.838+0000 7f4c1bef5640 1 -- 172.21.15.22:0/183912897 --> [v2:172.21.15.22:3300/0,v1:172.21.15.22:6789/0] -- mon_command([{prefix=config set, name=mgr/dashboard/ssl_server_port}] v 0) v1 -- 0x7f4c14113b30 con 0x7f4c14076be0
2024-08-31T02:43:48.409 INFO:teuthology.orchestra.run.smithi022.stdout:/usr/bin/ceph: stderr
2024-08-31T02:43:47.841+0000 7f4c0a7fc640 1 -- 172.21.15.22:0/183912897 <== mon.0 v2:172.21.15.22:3300/0 7 ==== mon_command_ack([{prefix=config set, name=mgr/dashboard/ssl_server_port}]=0 v8)=0 v8) v1 ==== 130+0+0 (secure 0 0 0) 0x7f4c10037020 con 0x7f4c14076be0
2024-08-31T02:43:48.410 INFO:teuthology.orchestra.run.smithi022.stdout:/usr/bin/ceph: stderr
2024-08-31T02:43:47.843+0000 7f4c1bef5640 1 -- 172.21.15.22:0/183912897 >> [v2:172.21.15.22:6800/4053326689,v1:172.21.15.22:6801/4053326689] conn(0x7f4c000394e0 msgr2=0x7f4c0003b990 secure :-1 s=STATE_CONNECTION_ESTABLISHED l=1).mark_down
2024-08-31T02:43:48.410 INFO:teuthology.orchestra.run.smithi022.stdout:/usr/bin/ceph: stderr
2024-08-31T02:43:47.843+0000 7f4c1bef5640 1 --2- 172.21.15.22:0/183912897 >> [v2:172.21.15.22:6800/4053326689,v1:172.21.15.22:6801/4053326689] conn(0x7f4c000394e0 0x7f4c0003b990 secure :-1 s=READY pgs=20 cs=0 l=1 rev1=1 crypto rx=0x7f4c04006fd0 tx=0x7f4c04006db0 comp rx=0 tx=0).stop
2024-08-31T02:43:48.410 INFO:teuthology.orchestra.run.smithi022.stdout:/usr/bin/ceph: stderr
