2024-09-05T00:59:37.950+0000 7f6e21c99640 1 --2- 172.21.15.149:0/3678387205 >> [v2:172.21.15.149:3300/0,v1:172.21.15.149:6789/0] conn(0x7f6e1c107790 0x7f6e1c07db40 secure :-1 s=READY pgs=38 cs=0 l=1 rev1=1 crypto rx=0x7f6e0c009940 tx=0x7f6e0c032d90 comp rx=0 tx=0).stop
2024-09-05T00:59:38.559 INFO:teuthology.orchestra.run.smithi149.stdout:/usr/bin/ceph: stderr
2024-09-05T00:59:37.951+0000 7f6e21c99640 1 -- 172.21.15.149:0/3678387205 shutdown_connections
2024-09-05T00:59:38.559 INFO:teuthology.orchestra.run.smithi149.stdout:/usr/bin/ceph: stderr
2024-09-05T00:59:37.951+0000 7f6e21c99640 1 --2- 172.21.15.149:0/3678387205 >> [v2:172.21.15.149:6800/4257214395,v1:172.21.15.149:6801/4257214395] conn(0x7f6e04038f70 0x7f6e0403b430 unknown :-1 s=CLOSED pgs=8 cs=0 l=1 rev1=1 crypto rx=0 tx=0 comp rx=0 tx=0).stop
2024-09-05T00:59:38.559 INFO:teuthology.orchestra.run.smithi149.stdout:/usr/bin/ceph: stderr
2024-09-05T00:59:37.951+0000 7f6e21c99640 1 --2- 172.21.15.149:0/3678387205 >> [v2:172.21.15.149:3300/0,v1:172.21.15.149:6789/0] conn(0x7f6e1c107790 0x7f6e1c07db40 unknown :-1 s=CLOSED pgs=38 cs=0 l=1 rev1=1 crypto rx=0 tx=0 comp rx=0 tx=0).stop
2024-09-05T00:59:38.559 INFO:teuthology.orchestra.run.smithi149.stdout:/usr/bin/ceph: stderr
2024-09-05T00:59:37.951+0000 7f6e21c99640 1 -- 172.21.15.149:0/3678387205 >> 172.21.15.149:0/3678387205 conn(0x7f6e1c102f80 msgr2=0x7f6e1c103bb0 unknown :-1 s=STATE_NONE l=0).mark_down
2024-09-05T00:59:38.559 INFO:teuthology.orchestra.run.smithi149.stdout:/usr/bin/ceph: stderr
2024-09-05T00:59:37.951+0000 7f6e21c99640 1 -- 172.21.15.149:0/3678387205 shutdown_connections
2024-09-05T00:59:38.559 INFO:teuthology.orchestra.run.smithi149.stdout:/usr/bin/ceph: stderr
2024-09-05T00:59:37.951+0000 7f6e21c99640 1 -- 172.21.15.149:0/3678387205 wait complete.
2024-09-05T00:59:38.560 INFO:teuthology.orchestra.run.smithi149.stdout:Generating ssh key...
2024-09-05T00:59:39.085 INFO:journalctl@ceph.mon.a.smithi149.stdout:Sep 05 00:59:38 smithi149 ceph-mon[31691]: from='client.14132 -' entity='client.admin' cmd=[{"prefix": "cephadm set-user", "user": "root", "target": ["mon-mgr", ""]}]: dispatch
2024-09-05T00:59:39.585 INFO:journalctl@ceph.mgr.x.smithi149.stdout:Sep 05 00:59:39 smithi149 ceph-eb9173b4-6b21-11ef-bcd6-c7b262605968-mgr-x[31918]: Generating public/private rsa key pair.
2024-09-05T00:59:39.585 INFO:journalctl@ceph.mgr.x.smithi149.stdout:Sep 05 00:59:39 smithi149 ceph-eb9173b4-6b21-11ef-bcd6-c7b262605968-mgr-x[31918]: Your identification has been saved in /tmp/tmpg1tqn76u/key
2024-09-05T00:59:39.585 INFO:journalctl@ceph.mgr.x.smithi149.stdout:Sep 05 00:59:39 smithi149 ceph-eb9173b4-6b21-11ef-bcd6-c7b262605968-mgr-x[31918]: Your public key has been saved in /tmp/tmpg1tqn76u/key.pub
2024-09-05T00:59:39.586 INFO:journalctl@ceph.mgr.x.smithi149.stdout:Sep 05 00:59:39 smithi149 ceph-eb9173b4-6b21-11ef-bcd6-c7b262605968-mgr-x[31918]: The key fingerprint is:
2024-09-05T00:59:39.586 INFO:journalctl@ceph.mgr.x.smithi149.stdout:Sep 05 00:59:39 smithi149 ceph-eb9173b4-6b21-11ef-bcd6-c7b262605968-mgr-x[31918]: SHA256:CVlfFCci2VJme9pXJNy1ZsvPy/xjUJndSg9sHHmBe4g ceph-eb9173b4-6b21-11ef-bcd6-c7b262605968
2024-09-05T00:59:39.586 INFO:journalctl@ceph.mgr.x.smithi149.stdout:Sep 05 00:59:39 smithi149 ceph-eb9173b4-6b21-11ef-bcd6-c7b262605968-mgr-x[31918]: The key's randomart image is:
2024-09-05T00:59:39.586 INFO:journalctl@ceph.mgr.x.smithi149.stdout:Sep 05 00:59:39 smithi149 ceph-eb9173b4-6b21-11ef-bcd6-c7b262605968-mgr-x[31918]: +---[RSA 3072]----+
2024-09-05T00:59:39.586 INFO:journalctl@ceph.mgr.x.smithi149.stdout:Sep 05 00:59:39 smithi149 ceph-eb9173b4-6b21-11ef-bcd6-c7b262605968-mgr-x[31918]: | o+=.=o++=|
2024-09-05T00:59:39.586 INFO:journalctl@ceph.mgr.x.smithi149.stdout:Sep 05 00:59:39 smithi149 ceph-eb9173b4-6b21-11ef-bcd6-c7b262605968-mgr-x[31918]: | oo=.+ ++o+|
2024-09-05T00:59:39.586 INFO:journalctl@ceph.mgr.x.smithi149.stdout:Sep 05 00:59:39 smithi149 ceph-eb9173b4-6b21-11ef-bcd6-c7b262605968-mgr-x[31918]: | o .o ooo**|
2024-09-05T00:59:39.586 INFO:journalctl@ceph.mgr.x.smithi149.stdout:Sep 05 00:59:39 smithi149 ceph-eb9173b4-6b21-11ef-bcd6-c7b262605968-mgr-x[31918]: | . . E oX*+|
2024-09-05T00:59:39.586 INFO:journalctl@ceph.mgr.x.smithi149.stdout:Sep 05 00:59:39 smithi149 ceph-eb9173b4-6b21-11ef-bcd6-c7b262605968-mgr-x[31918]: | S . .o+* |
2024-09-05T00:59:39.586 INFO:journalctl@ceph.mgr.x.smithi149.stdout:Sep 05 00:59:39 smithi149 ceph-eb9173b4-6b21-11ef-bcd6-c7b262605968-mgr-x[31918]: | o..o|
2024-09-05T00:59:39.587 INFO:journalctl@ceph.mgr.x.smithi149.stdout:Sep 05 00:59:39 smithi149 ceph-eb9173b4-6b21-11ef-bcd6-c7b262605968-mgr-x[31918]: | . o|
2024-09-05T00:59:39.587 INFO:journalctl@ceph.mgr.x.smithi149.stdout:Sep 05 00:59:39 smithi149 ceph-eb9173b4-6b21-11ef-bcd6-c7b262605968-mgr-x[31918]: | oo.|
2024-09-05T00:59:39.587 INFO:journalctl@ceph.mgr.x.smithi149.stdout:Sep 05 00:59:39 smithi149 ceph-eb9173b4-6b21-11ef-bcd6-c7b262605968-mgr-x[31918]: | .++|
2024-09-05T00:59:39.587 INFO:journalctl@ceph.mgr.x.smithi149.stdout:Sep 05 00:59:39 smithi149 ceph-eb9173b4-6b21-11ef-bcd6-c7b262605968-mgr-x[31918]: +----[SHA256]-----+
2024-09-05T00:59:39.913 INFO:teuthology.orchestra.run.smithi149.stdout:/usr/bin/ceph: stderr
2024-09-05T00:59:38.986+0000 7f4d4fb2c640 1 Processor -- start
2024-09-05T00:59:39.913 INFO:teuthology.orchestra.run.smithi149.stdout:/usr/bin/ceph: stderr
2024-09-05T00:59:38.986+0000 7f4d4fb2c640 1 -- start start
2024-09-05T00:59:39.913 INFO:teuthology.orchestra.run.smithi149.stdout:/usr/bin/ceph: stderr
2024-09-05T00:59:38.986+0000 7f4d4fb2c640 1 --2- >> [v2:172.21.15.149:3300/0,v1:172.21.15.149:6789/0] conn(0x7f4d48107730 0x7f4d48107b30 unknown :-1 s=NONE pgs=0 cs=0 l=0 rev1=0 crypto rx=0 tx=0 comp rx=0 tx=0).connect
2024-09-05T00:59:39.913 INFO:teuthology.orchestra.run.smithi149.stdout:/usr/bin/ceph: stderr
2024-09-05T00:59:38.986+0000 7f4d4fb2c640 1 -- --> [v2:172.21.15.149:3300/0,v1:172.21.15.149:6789/0] -- mon_getmap magic: 0 -- 0x7f4d48108100 con 0x7f4d48107730
2024-09-05T00:59:39.913 INFO:teuthology.orchestra.run.smithi149.stdout:/usr/bin/ceph: stderr
2024-09-05T00:59:38.986+0000 7f4d4d8c8640 1 --2- >> [v2:172.21.15.149:3300/0,v1:172.21.15.149:6789/0] conn(0x7f4d48107730 0x7f4d48107b30 unknown :-1 s=BANNER_CONNECTING pgs=0 cs=0 l=0 rev1=0 crypto rx=0 tx=0 comp rx=0 tx=0)._handle_peer_banner_payload supported=3 required=0
2024-09-05T00:59:39.913 INFO:teuthology.orchestra.run.smithi149.stdout:/usr/bin/ceph: stderr
2024-09-05T00:59:38.986+0000 7f4d4d8c8640 1 --2- >> [v2:172.21.15.149:3300/0,v1:172.21.15.149:6789/0] conn(0x7f4d48107730 0x7f4d48107b30 unknown :-1 s=HELLO_CONNECTING pgs=0 cs=0 l=0 rev1=1 crypto rx=0 tx=0 comp rx=0 tx=0).handle_hello peer v2:172.21.15.149:3300/0 says I am v2:172.21.15.149:38826/0 (socket says 172.21.15.149:38826)
2024-09-05T00:59:39.913 INFO:teuthology.orchestra.run.smithi149.stdout:/usr/bin/ceph: stderr
2024-09-05T00:59:38.986+0000 7f4d4d8c8640 1 -- 172.21.15.149:0/725934907 learned_addr learned my addr 172.21.15.149:0/725934907 (peer_addr_for_me v2:172.21.15.149:0/0)
2024-09-05T00:59:39.914 INFO:teuthology.orchestra.run.smithi149.stdout:/usr/bin/ceph: stderr
2024-09-05T00:59:38.986+0000 7f4d4d8c8640 1 -- 172.21.15.149:0/725934907 --> [v2:172.21.15.149:3300/0,v1:172.21.15.149:6789/0] -- mon_subscribe({config=0+,monmap=0+}) -- 0x7f4d48108930 con 0x7f4d48107730
2024-09-05T00:59:39.914 INFO:teuthology.orchestra.run.smithi149.stdout:/usr/bin/ceph: stderr
2024-09-05T00:59:38.987+0000 7f4d4d8c8640 1 --2- 172.21.15.149:0/725934907 >> [v2:172.21.15.149:3300/0,v1:172.21.15.149:6789/0] conn(0x7f4d48107730 0x7f4d48107b30 secure :-1 s=READY pgs=39 cs=0 l=1 rev1=1 crypto rx=0x7f4d40009820 tx=0x7f4d4002a270 comp rx=0 tx=0).ready entity=mon.0 client_cookie=f17967566cfcec55 server_cookie=0 in_seq=0 out_seq=0
2024-09-05T00:59:39.914 INFO:teuthology.orchestra.run.smithi149.stdout:/usr/bin/ceph: stderr
2024-09-05T00:59:38.987+0000 7f4d4c8c6640 1 -- 172.21.15.149:0/725934907 <== mon.0 v2:172.21.15.149:3300/0 1 ==== mon_map magic: 0 ==== 205+0+0 (secure 0 0 0) 0x7f4d40037070 con 0x7f4d48107730
2024-09-05T00:59:39.914 INFO:teuthology.orchestra.run.smithi149.stdout:/usr/bin/ceph: stderr
2024-09-05T00:59:38.987+0000 7f4d4c8c6640 1 -- 172.21.15.149:0/725934907 <== mon.0 v2:172.21.15.149:3300/0 2 ==== config(28 keys) ==== 1140+0+0 (secure 0 0 0) 0x7f4d40032920 con 0x7f4d48107730
2024-09-05T00:59:39.914 INFO:teuthology.orchestra.run.smithi149.stdout:/usr/bin/ceph: stderr
2024-09-05T00:59:38.987+0000 7f4d4c8c6640 1 -- 172.21.15.149:0/725934907 <== mon.0 v2:172.21.15.149:3300/0 3 ==== mon_map magic: 0 ==== 205+0+0 (secure 0 0 0) 0x7f4d40030950 con 0x7f4d48107730
2024-09-05T00:59:39.914 INFO:teuthology.orchestra.run.smithi149.stdout:/usr/bin/ceph: stderr
2024-09-05T00:59:38.987+0000 7f4d4fb2c640 1 -- 172.21.15.149:0/725934907 >> [v2:172.21.15.149:3300/0,v1:172.21.15.149:6789/0] conn(0x7f4d48107730 msgr2=0x7f4d48107b30 secure :-1 s=STATE_CONNECTION_ESTABLISHED l=1).mark_down
2024-09-05T00:59:39.914 INFO:teuthology.orchestra.run.smithi149.stdout:/usr/bin/ceph: stderr
2024-09-05T00:59:38.987+0000 7f4d4fb2c640 1 --2- 172.21.15.149:0/725934907 >> [v2:172.21.15.149:3300/0,v1:172.21.15.149:6789/0] conn(0x7f4d48107730 0x7f4d48107b30 secure :-1 s=READY pgs=39 cs=0 l=1 rev1=1 crypto rx=0x7f4d40009820 tx=0x7f4d4002a270 comp rx=0 tx=0).stop
2024-09-05T00:59:39.914 INFO:teuthology.orchestra.run.smithi149.stdout:/usr/bin/ceph: stderr
2024-09-05T00:59:38.988+0000 7f4d4fb2c640 1 -- 172.21.15.149:0/725934907 shutdown_connections
2024-09-05T00:59:39.914 INFO:teuthology.orchestra.run.smithi149.stdout:/usr/bin/ceph: stderr
2024-09-05T00:59:38.988+0000 7f4d4fb2c640 1 --2- 172.21.15.149:0/725934907 >> [v2:172.21.15.149:3300/0,v1:172.21.15.149:6789/0] conn(0x7f4d48107730 0x7f4d48107b30 unknown :-1 s=CLOSED pgs=39 cs=0 l=1 rev1=1 crypto rx=0 tx=0 comp rx=0 tx=0).stop
2024-09-05T00:59:39.914 INFO:teuthology.orchestra.run.smithi149.stdout:/usr/bin/ceph: stderr
2024-09-05T00:59:38.988+0000 7f4d4fb2c640 1 -- 172.21.15.149:0/725934907 >> 172.21.15.149:0/725934907 conn(0x7f4d48102ee0 msgr2=0x7f4d48105300 unknown :-1 s=STATE_NONE l=0).mark_down
2024-09-05T00:59:39.914 INFO:teuthology.orchestra.run.smithi149.stdout:/usr/bin/ceph: stderr
2024-09-05T00:59:38.988+0000 7f4d4fb2c640 1 -- 172.21.15.149:0/725934907 shutdown_connections
2024-09-05T00:59:39.914 INFO:teuthology.orchestra.run.smithi149.stdout:/usr/bin/ceph: stderr
2024-09-05T00:59:38.988+0000 7f4d4fb2c640 1 -- 172.21.15.149:0/725934907 wait complete.
2024-09-05T00:59:39.914 INFO:teuthology.orchestra.run.smithi149.stdout:/usr/bin/ceph: stderr
2024-09-05T00:59:38.988+0000 7f4d4fb2c640 1 Processor -- start
2024-09-05T00:59:39.914 INFO:teuthology.orchestra.run.smithi149.stdout:/usr/bin/ceph: stderr
2024-09-05T00:59:38.988+0000 7f4d4fb2c640 1 -- start start
2024-09-05T00:59:39.915 INFO:teuthology.orchestra.run.smithi149.stdout:/usr/bin/ceph: stderr
2024-09-05T00:59:38.988+0000 7f4d4fb2c640 1 --2- >> [v2:172.21.15.149:3300/0,v1:172.21.15.149:6789/0] conn(0x7f4d48107730 0x7f4d4807db40 unknown :-1 s=NONE pgs=0 cs=0 l=1 rev1=0 crypto rx=0 tx=0 comp rx=0 tx=0).connect
2024-09-05T00:59:39.915 INFO:teuthology.orchestra.run.smithi149.stdout:/usr/bin/ceph: stderr
2024-09-05T00:59:38.988+0000 7f4d4fb2c640 1 -- --> [v2:172.21.15.149:3300/0,v1:172.21.15.149:6789/0] -- mon_getmap magic: 0 -- 0x7f4d4810bce0 con 0x7f4d48107730
2024-09-05T00:59:39.915 INFO:teuthology.orchestra.run.smithi149.stdout:/usr/bin/ceph: stderr
2024-09-05T00:59:38.988+0000 7f4d4d8c8640 1 --2- >> [v2:172.21.15.149:3300/0,v1:172.21.15.149:6789/0] conn(0x7f4d48107730 0x7f4d4807db40 unknown :-1 s=BANNER_CONNECTING pgs=0 cs=0 l=1 rev1=0 crypto rx=0 tx=0 comp rx=0 tx=0)._handle_peer_banner_payload supported=3 required=0
2024-09-05T00:59:39.915 INFO:teuthology.orchestra.run.smithi149.stdout:/usr/bin/ceph: stderr
2024-09-05T00:59:38.988+0000 7f4d4d8c8640 1 --2- >> [v2:172.21.15.149:3300/0,v1:172.21.15.149:6789/0] conn(0x7f4d48107730 0x7f4d4807db40 unknown :-1 s=HELLO_CONNECTING pgs=0 cs=0 l=1 rev1=1 crypto rx=0 tx=0 comp rx=0 tx=0).handle_hello peer v2:172.21.15.149:3300/0 says I am v2:172.21.15.149:38830/0 (socket says 172.21.15.149:38830)
2024-09-05T00:59:39.915 INFO:teuthology.orchestra.run.smithi149.stdout:/usr/bin/ceph: stderr
2024-09-05T00:59:38.988+0000 7f4d4d8c8640 1 -- 172.21.15.149:0/1064955571 learned_addr learned my addr 172.21.15.149:0/1064955571 (peer_addr_for_me v2:172.21.15.149:0/0)
2024-09-05T00:59:39.915 INFO:teuthology.orchestra.run.smithi149.stdout:/usr/bin/ceph: stderr
2024-09-05T00:59:38.989+0000 7f4d4d8c8640 1 -- 172.21.15.149:0/1064955571 --> [v2:172.21.15.149:3300/0,v1:172.21.15.149:6789/0] -- mon_subscribe({config=0+,monmap=0+}) -- 0x7f4d4807e080 con 0x7f4d48107730
2024-09-05T00:59:39.915 INFO:teuthology.orchestra.run.smithi149.stdout:/usr/bin/ceph: stderr
2024-09-05T00:59:38.989+0000 7f4d4d8c8640 1 --2- 172.21.15.149:0/1064955571 >> [v2:172.21.15.149:3300/0,v1:172.21.15.149:6789/0] conn(0x7f4d48107730 0x7f4d4807db40 secure :-1 s=READY pgs=40 cs=0 l=1 rev1=1 crypto rx=0x7f4d40009940 tx=0x7f4d40032d90 comp rx=0 tx=0).ready entity=mon.0 client_cookie=0 server_cookie=0 in_seq=0 out_seq=0
2024-09-05T00:59:39.915 INFO:teuthology.orchestra.run.smithi149.stdout:/usr/bin/ceph: stderr
2024-09-05T00:59:38.989+0000 7f4d46ffd640 1 -- 172.21.15.149:0/1064955571 <== mon.0 v2:172.21.15.149:3300/0 1 ==== mon_map magic: 0 ==== 205+0+0 (secure 0 0 0) 0x7f4d40042070 con 0x7f4d48107730
2024-09-05T00:59:39.915 INFO:teuthology.orchestra.run.smithi149.stdout:/usr/bin/ceph: stderr
2024-09-05T00:59:38.989+0000 7f4d46ffd640 1 -- 172.21.15.149:0/1064955571 <== mon.0 v2:172.21.15.149:3300/0 2 ==== config(28 keys) ==== 1140+0+0 (secure 0 0 0) 0x7f4d40032570 con 0x7f4d48107730
2024-09-05T00:59:39.915 INFO:teuthology.orchestra.run.smithi149.stdout:/usr/bin/ceph: stderr
2024-09-05T00:59:38.989+0000 7f4d4fb2c640 1 -- 172.21.15.149:0/1064955571 --> [v2:172.21.15.149:3300/0,v1:172.21.15.149:6789/0] -- mon_subscribe({mgrmap=0+}) -- 0x7f4d4807c270 con 0x7f4d48107730
2024-09-05T00:59:39.915 INFO:teuthology.orchestra.run.smithi149.stdout:/usr/bin/ceph: stderr
2024-09-05T00:59:38.989+0000 7f4d46ffd640 1 -- 172.21.15.149:0/1064955571 <== mon.0 v2:172.21.15.149:3300/0 3 ==== mon_map magic: 0 ==== 205+0+0 (secure 0 0 0) 0x7f4d40037040 con 0x7f4d48107730
2024-09-05T00:59:39.916 INFO:teuthology.orchestra.run.smithi149.stdout:/usr/bin/ceph: stderr
2024-09-05T00:59:38.989+0000 7f4d4fb2c640 1 -- 172.21.15.149:0/1064955571 --> [v2:172.21.15.149:3300/0,v1:172.21.15.149:6789/0] -- mon_subscribe({osdmap=0}) -- 0x7f4d4807c7b0 con 0x7f4d48107730
2024-09-05T00:59:39.916 INFO:teuthology.orchestra.run.smithi149.stdout:/usr/bin/ceph: stderr
2024-09-05T00:59:38.990+0000 7f4d46ffd640 1 -- 172.21.15.149:0/1064955571 <== mon.0 v2:172.21.15.149:3300/0 4 ==== mgrmap(e 8) ==== 46287+0+0 (secure 0 0 0) 0x7f4d40045070 con 0x7f4d48107730
2024-09-05T00:59:39.916 INFO:teuthology.orchestra.run.smithi149.stdout:/usr/bin/ceph: stderr
2024-09-05T00:59:38.990+0000 7f4d46ffd640 1 --2- 172.21.15.149:0/1064955571 >> [v2:172.21.15.149:6800/4257214395,v1:172.21.15.149:6801/4257214395] conn(0x7f4d30038fc0 0x7f4d3003b480 unknown :-1 s=NONE pgs=0 cs=0 l=1 rev1=0 crypto rx=0 tx=0 comp rx=0 tx=0).connect
2024-09-05T00:59:39.916 INFO:teuthology.orchestra.run.smithi149.stdout:/usr/bin/ceph: stderr
2024-09-05T00:59:38.990+0000 7f4d4fb2c640 1 -- 172.21.15.149:0/1064955571 --> [v2:172.21.15.149:3300/0,v1:172.21.15.149:6789/0] -- mon_command({"prefix": "get_command_descriptions"} v 0) -- 0x7f4d48107bb0 con 0x7f4d48107730
2024-09-05T00:59:39.916 INFO:teuthology.orchestra.run.smithi149.stdout:/usr/bin/ceph: stderr
2024-09-05T00:59:38.990+0000 7f4d46ffd640 1 -- 172.21.15.149:0/1064955571 <== mon.0 v2:172.21.15.149:3300/0 5 ==== osd_map(2..2 src has 1..2) ==== 940+0+0 (secure 0 0 0) 0x7f4d4006bfe0 con 0x7f4d48107730
2024-09-05T00:59:39.916 INFO:teuthology.orchestra.run.smithi149.stdout:/usr/bin/ceph: stderr
2024-09-05T00:59:38.990+0000 7f4d4d0c7640 1 --2- 172.21.15.149:0/1064955571 >> [v2:172.21.15.149:6800/4257214395,v1:172.21.15.149:6801/4257214395] conn(0x7f4d30038fc0 0x7f4d3003b480 unknown :-1 s=BANNER_CONNECTING pgs=0 cs=0 l=1 rev1=0 crypto rx=0 tx=0 comp rx=0 tx=0)._handle_peer_banner_payload supported=3 required=0
2024-09-05T00:59:39.916 INFO:teuthology.orchestra.run.smithi149.stdout:/usr/bin/ceph: stderr
2024-09-05T00:59:38.991+0000 7f4d4d0c7640 1 --2- 172.21.15.149:0/1064955571 >> [v2:172.21.15.149:6800/4257214395,v1:172.21.15.149:6801/4257214395] conn(0x7f4d30038fc0 0x7f4d3003b480 secure :-1 s=READY pgs=9 cs=0 l=1 rev1=1 crypto rx=0x7f4d3c0098c0 tx=0x7f4d3c006db0 comp rx=0 tx=0).ready entity=mgr.14118 client_cookie=0 server_cookie=0 in_seq=0 out_seq=0
2024-09-05T00:59:39.916 INFO:teuthology.orchestra.run.smithi149.stdout:/usr/bin/ceph: stderr
2024-09-05T00:59:38.995+0000 7f4d46ffd640 1 -- 172.21.15.149:0/1064955571 <== mon.0 v2:172.21.15.149:3300/0 6 ==== mon_command_ack([{"prefix": "get_command_descriptions"}]=0 v0) ==== 72+0+188821 (secure 0 0 0) 0x7f4d4006b930 con 0x7f4d48107730
2024-09-05T00:59:39.916 INFO:teuthology.orchestra.run.smithi149.stdout:/usr/bin/ceph: stderr
2024-09-05T00:59:39.162+0000 7f4d4fb2c640 1 -- 172.21.15.149:0/1064955571 --> [v2:172.21.15.149:6800/4257214395,v1:172.21.15.149:6801/4257214395] -- mgr_command(tid 0: {"prefix": "cephadm generate-key", "target": ["mon-mgr", ""]}) -- 0x7f4d4807d100 con 0x7f4d30038fc0
2024-09-05T00:59:39.916 INFO:teuthology.orchestra.run.smithi149.stdout:/usr/bin/ceph: stderr
2024-09-05T00:59:39.390+0000 7f4d46ffd640 1 -- 172.21.15.149:0/1064955571 <== mgr.14118 v2:172.21.15.149:6800/4257214395 1 ==== mgr_command_reply(tid 0: 0 ) ==== 8+0+0 (secure 0 0 0) 0x7f4d4807d100 con 0x7f4d30038fc0
2024-09-05T00:59:39.916 INFO:teuthology.orchestra.run.smithi149.stdout:/usr/bin/ceph: stderr
2024-09-05T00:59:39.392+0000 7f4d4fb2c640 1 -- 172.21.15.149:0/1064955571 >> [v2:172.21.15.149:6800/4257214395,v1:172.21.15.149:6801/4257214395] conn(0x7f4d30038fc0 msgr2=0x7f4d3003b480 secure :-1 s=STATE_CONNECTION_ESTABLISHED l=1).mark_down
2024-09-05T00:59:39.916 INFO:teuthology.orchestra.run.smithi149.stdout:/usr/bin/ceph: stderr
2024-09-05T00:59:39.392+0000 7f4d4fb2c640 1 --2- 172.21.15.149:0/1064955571 >> [v2:172.21.15.149:6800/4257214395,v1:172.21.15.149:6801/4257214395] conn(0x7f4d30038fc0 0x7f4d3003b480 secure :-1 s=READY pgs=9 cs=0 l=1 rev1=1 crypto rx=0x7f4d3c0098c0 tx=0x7f4d3c006db0 comp rx=0 tx=0).stop
2024-09-05T00:59:39.916 INFO:teuthology.orchestra.run.smithi149.stdout:/usr/bin/ceph: stderr
2024-09-05T00:59:39.392+0000 7f4d4fb2c640 1 -- 172.21.15.149:0/1064955571 >> [v2:172.21.15.149:3300/0,v1:172.21.15.149:6789/0] conn(0x7f4d48107730 msgr2=0x7f4d4807db40 secure :-1 s=STATE_CONNECTION_ESTABLISHED l=1).mark_down
2024-09-05T00:59:39.916 INFO:teuthology.orchestra.run.smithi149.stdout:/usr/bin/ceph: stderr
2024-09-05T00:59:39.392+0000 7f4d4fb2c640 1 --2- 172.21.15.149:0/1064955571 >> [v2:172.21.15.149:3300/0,v1:172.21.15.149:6789/0] conn(0x7f4d48107730 0x7f4d4807db40 secure :-1 s=READY pgs=40 cs=0 l=1 rev1=1 crypto rx=0x7f4d40009940 tx=0x7f4d40032d90 comp rx=0 tx=0).stop
2024-09-05T00:59:39.917 INFO:teuthology.orchestra.run.smithi149.stdout:/usr/bin/ceph: stderr
2024-09-05T00:59:39.392+0000 7f4d4fb2c640 1 -- 172.21.15.149:0/1064955571 shutdown_connections
2024-09-05T00:59:39.917 INFO:teuthology.orchestra.run.smithi149.stdout:/usr/bin/ceph: stderr
2024-09-05T00:59:39.392+0000 7f4d4fb2c640 1 --2- 172.21.15.149:0/1064955571 >> [v2:172.21.15.149:6800/4257214395,v1:172.21.15.149:6801/4257214395] conn(0x7f4d30038fc0 0x7f4d3003b480 unknown :-1 s=CLOSED pgs=9 cs=0 l=1 rev1=1 crypto rx=0 tx=0 comp rx=0 tx=0).stop
2024-09-05T00:59:39.917 INFO:teuthology.orchestra.run.smithi149.stdout:/usr/bin/ceph: stderr
2024-09-05T00:59:39.392+0000 7f4d4fb2c640 1 --2- 172.21.15.149:0/1064955571 >> [v2:172.21.15.149:3300/0,v1:172.21.15.149:6789/0] conn(0x7f4d48107730 0x7f4d4807db40 unknown :-1 s=CLOSED pgs=40 cs=0 l=1 rev1=1 crypto rx=0 tx=0 comp rx=0 tx=0).stop
2024-09-05T00:59:39.917 INFO:teuthology.orchestra.run.smithi149.stdout:/usr/bin/ceph: stderr
2024-09-05T00:59:39.392+0000 7f4d4fb2c640 1 -- 172.21.15.149:0/1064955571 >> 172.21.15.149:0/1064955571 conn(0x7f4d48102ee0 msgr2=0x7f4d48103a70 unknown :-1 s=STATE_NONE l=0).mark_down
2024-09-05T00:59:39.917 INFO:teuthology.orchestra.run.smithi149.stdout:/usr/bin/ceph: stderr
2024-09-05T00:59:39.392+0000 7f4d4fb2c640 1 -- 172.21.15.149:0/1064955571 shutdown_connections
2024-09-05T00:59:39.917 INFO:teuthology.orchestra.run.smithi149.stdout:/usr/bin/ceph: stderr
2024-09-05T00:59:39.392+0000 7f4d4fb2c640 1 -- 172.21.15.149:0/1064955571 wait complete.
2024-09-05T00:59:40.585 INFO:journalctl@ceph.mon.a.smithi149.stdout:Sep 05 00:59:40 smithi149 ceph-mon[31691]: from='client.14134 -' entity='client.admin' cmd=[{"prefix": "cephadm generate-key", "target": ["mon-mgr", ""]}]: dispatch
2024-09-05T00:59:40.585 INFO:journalctl@ceph.mon.a.smithi149.stdout:Sep 05 00:59:40 smithi149 ceph-mon[31691]: Generating ssh key...
2024-09-05T00:59:40.586 INFO:journalctl@ceph.mon.a.smithi149.stdout:Sep 05 00:59:40 smithi149 ceph-mon[31691]: from='mgr.14118 172.21.15.149:0/3308670584' entity='mgr.x'
2024-09-05T00:59:40.586 INFO:journalctl@ceph.mon.a.smithi149.stdout:Sep 05 00:59:40 smithi149 ceph-mon[31691]: from='mgr.14118 172.21.15.149:0/3308670584' entity='mgr.x'
2024-09-05T00:59:41.138 INFO:teuthology.orchestra.run.smithi149.stdout:/usr/bin/ceph: stdout ssh-rsa AAAAB3NzaC1yc2EAAAADAQABAAABgQDN+0AEA/qfJgO3ryTfInpWKfQYCdnDSl0ui9dCqZUXCtb0NHwMagsxldS/iw1aWqTKHhg43+M8+mZ0VvNC5YN0Xh6N1AAIw4XTtrK20GuGstH66zm8anAvBX2xZGvTK3l1vpvfsCLESAZ8vWvGyfX/zdvrwp5RzOs/DnGWFiya8zdaWYjVO6H0B7LzAy+8lNerH2Yft3AnMXJkZUk2WQ50sPmA6DGTvRQ/CYV3DtBUPPDaNZrLI+7Ono/ZoYK6muDps/85BYPYBEhSLBYZf1KT0dWXXsEE+Pm/fhm15WlZ90Q4pMtg2pzMi198QZEXn2CKg+Y7PYBLO47w1sxpmLpO2AlPcqdSZTPpNPpkKq1us1PnbMSHYTWY/kPSv1FDOZzd9Mu6uz9pgq8Db3J+v9KBb7Z43bZ/uZwV0kBrbnHGIWRN/lvLq628259XdbG0HxwqpQJCnuQTujKqdAGdu0wwaX1fEpGt5ltIhD9WXYm1A6PYHWlPlzUVLAqjahcpCjE= ceph-eb9173b4-6b21-11ef-bcd6-c7b262605968
2024-09-05T00:59:41.139 INFO:teuthology.orchestra.run.smithi149.stdout:/usr/bin/ceph: stderr
2024-09-05T00:59:40.308+0000 7fbf9b68f640 1 Processor -- start
2024-09-05T00:59:41.139 INFO:teuthology.orchestra.run.smithi149.stdout:/usr/bin/ceph: stderr
2024-09-05T00:59:40.308+0000 7fbf9b68f640 1 -- start start
2024-09-05T00:59:41.139 INFO:teuthology.orchestra.run.smithi149.stdout:/usr/bin/ceph: stderr
2024-09-05T00:59:40.308+0000 7fbf9b68f640 1 --2- >> [v2:172.21.15.149:3300/0,v1:172.21.15.149:6789/0] conn(0x7fbf941059f0 0x7fbf94105df0 unknown :-1 s=NONE pgs=0 cs=0 l=0 rev1=0 crypto rx=0 tx=0 comp rx=0 tx=0).connect
2024-09-05T00:59:41.139 INFO:teuthology.orchestra.run.smithi149.stdout:/usr/bin/ceph: stderr
2024-09-05T00:59:40.308+0000 7fbf9b68f640 1 -- --> [v2:172.21.15.149:3300/0,v1:172.21.15.149:6789/0] -- mon_getmap magic: 0 -- 0x7fbf941063c0 con 0x7fbf941059f0
2024-09-05T00:59:41.139 INFO:teuthology.orchestra.run.smithi149.stdout:/usr/bin/ceph: stderr
2024-09-05T00:59:40.309+0000 7fbf9942b640 1 --2- >> [v2:172.21.15.149:3300/0,v1:172.21.15.149:6789/0] conn(0x7fbf941059f0 0x7fbf94105df0 unknown :-1 s=BANNER_CONNECTING pgs=0 cs=0 l=0 rev1=0 crypto rx=0 tx=0 comp rx=0 tx=0)._handle_peer_banner_payload supported=3 required=0
2024-09-05T00:59:41.139 INFO:teuthology.orchestra.run.smithi149.stdout:/usr/bin/ceph: stderr
2024-09-05T00:59:40.309+0000 7fbf9942b640 1 --2- >> [v2:172.21.15.149:3300/0,v1:172.21.15.149:6789/0] conn(0x7fbf941059f0 0x7fbf94105df0 unknown :-1 s=HELLO_CONNECTING pgs=0 cs=0 l=0 rev1=1 crypto rx=0 tx=0 comp rx=0 tx=0).handle_hello peer v2:172.21.15.149:3300/0 says I am v2:172.21.15.149:38838/0 (socket says 172.21.15.149:38838)
2024-09-05T00:59:41.139 INFO:teuthology.orchestra.run.smithi149.stdout:/usr/bin/ceph: stderr
2024-09-05T00:59:40.309+0000 7fbf9942b640 1 -- 172.21.15.149:0/286676753 learned_addr learned my addr 172.21.15.149:0/286676753 (peer_addr_for_me v2:172.21.15.149:0/0)
2024-09-05T00:59:41.139 INFO:teuthology.orchestra.run.smithi149.stdout:/usr/bin/ceph: stderr
2024-09-05T00:59:40.309+0000 7fbf9942b640 1 -- 172.21.15.149:0/286676753 --> [v2:172.21.15.149:3300/0,v1:172.21.15.149:6789/0] -- mon_subscribe({config=0+,monmap=0+}) -- 0x7fbf941089d0 con 0x7fbf941059f0
2024-09-05T00:59:41.139 INFO:teuthology.orchestra.run.smithi149.stdout:/usr/bin/ceph: stderr
2024-09-05T00:59:40.310+0000 7fbf9942b640 1 --2- 172.21.15.149:0/286676753 >> [v2:172.21.15.149:3300/0,v1:172.21.15.149:6789/0] conn(0x7fbf941059f0 0x7fbf94105df0 secure :-1 s=READY pgs=41 cs=0 l=1 rev1=1 crypto rx=0x7fbf90009820 tx=0x7fbf9002a270 comp rx=0 tx=0).ready entity=mon.0 client_cookie=3646fb57832328c4 server_cookie=0 in_seq=0 out_seq=0
2024-09-05T00:59:41.139 INFO:teuthology.orchestra.run.smithi149.stdout:/usr/bin/ceph: stderr
2024-09-05T00:59:40.310+0000 7fbf8bfff640 1 -- 172.21.15.149:0/286676753 <== mon.0 v2:172.21.15.149:3300/0 1 ==== mon_map magic: 0 ==== 205+0+0 (secure 0 0 0) 0x7fbf90037070 con 0x7fbf941059f0
2024-09-05T00:59:41.139 INFO:teuthology.orchestra.run.smithi149.stdout:/usr/bin/ceph: stderr
2024-09-05T00:59:40.310+0000 7fbf8bfff640 1 -- 172.21.15.149:0/286676753 <== mon.0 v2:172.21.15.149:3300/0 2 ==== config(28 keys) ==== 1140+0+0 (secure 0 0 0) 0x7fbf90032920 con 0x7fbf941059f0
2024-09-05T00:59:41.139 INFO:teuthology.orchestra.run.smithi149.stdout:/usr/bin/ceph: stderr
2024-09-05T00:59:40.310+0000 7fbf8bfff640 1 -- 172.21.15.149:0/286676753 <== mon.0 v2:172.21.15.149:3300/0 3 ==== mon_map magic: 0 ==== 205+0+0 (secure 0 0 0) 0x7fbf90030950 con 0x7fbf941059f0
2024-09-05T00:59:41.140 INFO:teuthology.orchestra.run.smithi149.stdout:/usr/bin/ceph: stderr
2024-09-05T00:59:40.310+0000 7fbf9b68f640 1 -- 172.21.15.149:0/286676753 >> [v2:172.21.15.149:3300/0,v1:172.21.15.149:6789/0] conn(0x7fbf941059f0 msgr2=0x7fbf94105df0 secure :-1 s=STATE_CONNECTION_ESTABLISHED l=1).mark_down
2024-09-05T00:59:41.140 INFO:teuthology.orchestra.run.smithi149.stdout:/usr/bin/ceph: stderr
2024-09-05T00:59:40.310+0000 7fbf9b68f640 1 --2- 172.21.15.149:0/286676753 >> [v2:172.21.15.149:3300/0,v1:172.21.15.149:6789/0] conn(0x7fbf941059f0 0x7fbf94105df0 secure :-1 s=READY pgs=41 cs=0 l=1 rev1=1 crypto rx=0x7fbf90009820 tx=0x7fbf9002a270 comp rx=0 tx=0).stop
2024-09-05T00:59:41.140 INFO:teuthology.orchestra.run.smithi149.stdout:/usr/bin/ceph: stderr
2024-09-05T00:59:40.311+0000 7fbf9b68f640 1 -- 172.21.15.149:0/286676753 shutdown_connections
2024-09-05T00:59:41.140 INFO:teuthology.orchestra.run.smithi149.stdout:/usr/bin/ceph: stderr
2024-09-05T00:59:40.311+0000 7fbf9b68f640 1 --2- 172.21.15.149:0/286676753 >> [v2:172.21.15.149:3300/0,v1:172.21.15.149:6789/0] conn(0x7fbf941059f0 0x7fbf94105df0 unknown :-1 s=CLOSED pgs=41 cs=0 l=1 rev1=1 crypto rx=0 tx=0 comp rx=0 tx=0).stop
2024-09-05T00:59:41.140 INFO:teuthology.orchestra.run.smithi149.stdout:/usr/bin/ceph: stderr
2024-09-05T00:59:40.311+0000 7fbf9b68f640 1 -- 172.21.15.149:0/286676753 >> 172.21.15.149:0/286676753 conn(0x7fbf94101560 msgr2=0x7fbf94103980 unknown :-1 s=STATE_NONE l=0).mark_down
2024-09-05T00:59:41.140 INFO:teuthology.orchestra.run.smithi149.stdout:/usr/bin/ceph: stderr
2024-09-05T00:59:40.311+0000 7fbf9b68f640 1 -- 172.21.15.149:0/286676753 shutdown_connections
2024-09-05T00:59:41.140 INFO:teuthology.orchestra.run.smithi149.stdout:/usr/bin/ceph: stderr
2024-09-05T00:59:40.311+0000 7fbf9b68f640 1 -- 172.21.15.149:0/286676753 wait complete.
2024-09-05T00:59:41.140 INFO:teuthology.orchestra.run.smithi149.stdout:/usr/bin/ceph: stderr
2024-09-05T00:59:40.311+0000 7fbf9b68f640 1 Processor -- start
2024-09-05T00:59:41.140 INFO:teuthology.orchestra.run.smithi149.stdout:/usr/bin/ceph: stderr
2024-09-05T00:59:40.311+0000 7fbf9b68f640 1 -- start start
2024-09-05T00:59:41.140 INFO:teuthology.orchestra.run.smithi149.stdout:/usr/bin/ceph: stderr
2024-09-05T00:59:40.311+0000 7fbf9b68f640 1 --2- >> [v2:172.21.15.149:3300/0,v1:172.21.15.149:6789/0] conn(0x7fbf941059f0 0x7fbf94108250 unknown :-1 s=NONE pgs=0 cs=0 l=1 rev1=0 crypto rx=0 tx=0 comp rx=0 tx=0).connect
2024-09-05T00:59:41.140 INFO:teuthology.orchestra.run.smithi149.stdout:/usr/bin/ceph: stderr
2024-09-05T00:59:40.311+0000 7fbf9b68f640 1 -- --> [v2:172.21.15.149:3300/0,v1:172.21.15.149:6789/0] -- mon_getmap magic: 0 -- 0x7fbf9410bc00 con 0x7fbf941059f0
2024-09-05T00:59:41.141 INFO:teuthology.orchestra.run.smithi149.stdout:/usr/bin/ceph: stderr
2024-09-05T00:59:40.311+0000 7fbf9942b640 1 --2- >> [v2:172.21.15.149:3300/0,v1:172.21.15.149:6789/0] conn(0x7fbf941059f0 0x7fbf94108250 unknown :-1 s=BANNER_CONNECTING pgs=0 cs=0 l=1 rev1=0 crypto rx=0 tx=0 comp rx=0 tx=0)._handle_peer_banner_payload supported=3 required=0
2024-09-05T00:59:41.141 INFO:teuthology.orchestra.run.smithi149.stdout:/usr/bin/ceph: stderr
2024-09-05T00:59:40.312+0000 7fbf9942b640 1 --2- >> [v2:172.21.15.149:3300/0,v1:172.21.15.149:6789/0] conn(0x7fbf941059f0 0x7fbf94108250 unknown :-1 s=HELLO_CONNECTING pgs=0 cs=0 l=1 rev1=1 crypto rx=0 tx=0 comp rx=0 tx=0).handle_hello peer v2:172.21.15.149:3300/0 says I am v2:172.21.15.149:38854/0 (socket says 172.21.15.149:38854)
2024-09-05T00:59:41.141 INFO:teuthology.orchestra.run.smithi149.stdout:/usr/bin/ceph: stderr
2024-09-05T00:59:40.312+0000 7fbf9942b640 1 -- 172.21.15.149:0/3876595211 learned_addr learned my addr 172.21.15.149:0/3876595211 (peer_addr_for_me v2:172.21.15.149:0/0)
2024-09-05T00:59:41.141 INFO:teuthology.orchestra.run.smithi149.stdout:/usr/bin/ceph: stderr
2024-09-05T00:59:40.312+0000 7fbf9942b640 1 -- 172.21.15.149:0/3876595211 --> [v2:172.21.15.149:3300/0,v1:172.21.15.149:6789/0] -- mon_subscribe({config=0+,monmap=0+}) -- 0x7fbf94108790 con 0x7fbf941059f0
2024-09-05T00:59:41.141 INFO:teuthology.orchestra.run.smithi149.stdout:/usr/bin/ceph: stderr
2024-09-05T00:59:40.312+0000 7fbf9942b640 1 --2- 172.21.15.149:0/3876595211 >> [v2:172.21.15.149:3300/0,v1:172.21.15.149:6789/0] conn(0x7fbf941059f0 0x7fbf94108250 secure :-1 s=READY pgs=42 cs=0 l=1 rev1=1 crypto rx=0x7fbf90009940 tx=0x7fbf90032d90 comp rx=0 tx=0).ready entity=mon.0 client_cookie=0 server_cookie=0 in_seq=0 out_seq=0
2024-09-05T00:59:41.141 INFO:teuthology.orchestra.run.smithi149.stdout:/usr/bin/ceph: stderr
2024-09-05T00:59:40.312+0000 7fbf8a7fc640 1 -- 172.21.15.149:0/3876595211 <== mon.0 v2:172.21.15.149:3300/0 1 ==== mon_map magic: 0 ==== 205+0+0 (secure 0 0 0) 0x7fbf90042070 con 0x7fbf941059f0
2024-09-05T00:59:41.141 INFO:teuthology.orchestra.run.smithi149.stdout:/usr/bin/ceph: stderr
2024-09-05T00:59:40.312+0000 7fbf8a7fc640 1 -- 172.21.15.149:0/3876595211 <== mon.0 v2:172.21.15.149:3300/0 2 ==== config(28 keys) ==== 1140+0+0 (secure 0 0 0) 0x7fbf90032570 con 0x7fbf941059f0
2024-09-05T00:59:41.141 INFO:teuthology.orchestra.run.smithi149.stdout:/usr/bin/ceph: stderr
2024-09-05T00:59:40.312+0000 7fbf8a7fc640 1 -- 172.21.15.149:0/3876595211 <== mon.0 v2:172.21.15.149:3300/0 3 ==== mon_map magic: 0 ==== 205+0+0 (secure 0 0 0) 0x7fbf90037040 con 0x7fbf941059f0
2024-09-05T00:59:41.141 INFO:teuthology.orchestra.run.smithi149.stdout:/usr/bin/ceph: stderr
2024-09-05T00:59:40.312+0000 7fbf9b68f640 1 -- 172.21.15.149:0/3876595211 --> [v2:172.21.15.149:3300/0,v1:172.21.15.149:6789/0] -- mon_subscribe({mgrmap=0+}) -- 0x7fbf94106980 con 0x7fbf941059f0
2024-09-05T00:59:41.141 INFO:teuthology.orchestra.run.smithi149.stdout:/usr/bin/ceph: stderr
2024-09-05T00:59:40.312+0000 7fbf9b68f640 1 -- 172.21.15.149:0/3876595211 --> [v2:172.21.15.149:3300/0,v1:172.21.15.149:6789/0] -- mon_subscribe({osdmap=0}) -- 0x7fbf94106ec0 con 0x7fbf941059f0
2024-09-05T00:59:41.141 INFO:teuthology.orchestra.run.smithi149.stdout:/usr/bin/ceph: stderr
2024-09-05T00:59:40.313+0000 7fbf8a7fc640 1 -- 172.21.15.149:0/3876595211 <== mon.0 v2:172.21.15.149:3300/0 4 ==== mgrmap(e 8) ==== 46287+0+0 (secure 0 0 0) 0x7fbf90045070 con 0x7fbf941059f0
2024-09-05T00:59:41.141 INFO:teuthology.orchestra.run.smithi149.stdout:/usr/bin/ceph: stderr
2024-09-05T00:59:40.313+0000 7fbf9b68f640 1 -- 172.21.15.149:0/3876595211 --> [v2:172.21.15.149:3300/0,v1:172.21.15.149:6789/0] -- mon_command({"prefix": "get_command_descriptions"} v 0) -- 0x7fbf94105e70 con 0x7fbf941059f0
2024-09-05T00:59:41.141 INFO:teuthology.orchestra.run.smithi149.stdout:/usr/bin/ceph: stderr
2024-09-05T00:59:40.313+0000 7fbf8a7fc640 1 --2- 172.21.15.149:0/3876595211 >> [v2:172.21.15.149:6800/4257214395,v1:172.21.15.149:6801/4257214395] conn(0x7fbf80038fc0 0x7fbf8003b480 unknown :-1 s=NONE pgs=0 cs=0 l=1 rev1=0 crypto rx=0 tx=0 comp rx=0 tx=0).connect
2024-09-05T00:59:41.142 INFO:teuthology.orchestra.run.smithi149.stdout:/usr/bin/ceph: stderr
2024-09-05T00:59:40.313+0000 7fbf8a7fc640 1 -- 172.21.15.149:0/3876595211 <== mon.0 v2:172.21.15.149:3300/0 5 ==== osd_map(2..2 src has 1..2) ==== 940+0+0 (secure 0 0 0) 0x7fbf9006bf60 con 0x7fbf941059f0
2024-09-05T00:59:41.142 INFO:teuthology.orchestra.run.smithi149.stdout:/usr/bin/ceph: stderr
2024-09-05T00:59:40.314+0000 7fbf98c2a640 1 --2- 172.21.15.149:0/3876595211 >> [v2:172.21.15.149:6800/4257214395,v1:172.21.15.149:6801/4257214395] conn(0x7fbf80038fc0 0x7fbf8003b480 unknown :-1 s=BANNER_CONNECTING pgs=0 cs=0 l=1 rev1=0 crypto rx=0 tx=0 comp rx=0 tx=0)._handle_peer_banner_payload supported=3 required=0
2024-09-05T00:59:41.142 INFO:teuthology.orchestra.run.smithi149.stdout:/usr/bin/ceph: stderr
2024-09-05T00:59:40.314+0000 7fbf98c2a640 1 --2- 172.21.15.149:0/3876595211 >> [v2:172.21.15.149:6800/4257214395,v1:172.21.15.149:6801/4257214395] conn(0x7fbf80038fc0 0x7fbf8003b480 secure :-1 s=READY pgs=10 cs=0 l=1 rev1=1 crypto rx=0x7fbf840098c0 tx=0x7fbf84006db0 comp rx=0 tx=0).ready entity=mgr.14118 client_cookie=0 server_cookie=0 in_seq=0 out_seq=0
2024-09-05T00:59:41.142 INFO:teuthology.orchestra.run.smithi149.stdout:/usr/bin/ceph: stderr
2024-09-05T00:59:40.318+0000 7fbf8a7fc640 1 -- 172.21.15.149:0/3876595211 <== mon.0 v2:172.21.15.149:3300/0 6 ==== mon_command_ack([{"prefix": "get_command_descriptions"}]=0 v0) ==== 72+0+188821 (secure 0 0 0) 0x7fbf9004b170 con 0x7fbf941059f0
2024-09-05T00:59:41.142 INFO:teuthology.orchestra.run.smithi149.stdout:/usr/bin/ceph: stderr
2024-09-05T00:59:40.486+0000 7fbf9b68f640 1 -- 172.21.15.149:0/3876595211 --> [v2:172.21.15.149:6800/4257214395,v1:172.21.15.149:6801/4257214395] -- mgr_command(tid 0: {"prefix": "cephadm get-pub-key", "target": ["mon-mgr", ""]}) -- 0x7fbf94107810 con 0x7fbf80038fc0
2024-09-05T00:59:41.142 INFO:teuthology.orchestra.run.smithi149.stdout:/usr/bin/ceph: stderr
2024-09-05T00:59:40.487+0000 7fbf8a7fc640 1 -- 172.21.15.149:0/3876595211 <== mgr.14118 v2:172.21.15.149:6800/4257214395 1 ==== mgr_command_reply(tid 0: 0 ) ==== 8+0+595 (secure 0 0 0) 0x7fbf94107810 con 0x7fbf80038fc0
2024-09-05T00:59:41.142 INFO:teuthology.orchestra.run.smithi149.stdout:/usr/bin/ceph: stderr
2024-09-05T00:59:40.489+0000 7fbf9b68f640 1 -- 172.21.15.149:0/3876595211 >> [v2:172.21.15.149:6800/4257214395,v1:172.21.15.149:6801/4257214395] conn(0x7fbf80038fc0 msgr2=0x7fbf8003b480 secure :-1 s=STATE_CONNECTION_ESTABLISHED l=1).mark_down
2024-09-05T00:59:41.142 INFO:teuthology.orchestra.run.smithi149.stdout:/usr/bin/ceph: stderr
2024-09-05T00:59:40.489+0000 7fbf9b68f640 1 --2- 172.21.15.149:0/3876595211 >> [v2:172.21.15.149:6800/4257214395,v1:172.21.15.149:6801/4257214395] conn(0x7fbf80038fc0 0x7fbf8003b480 secure :-1 s=READY pgs=10 cs=0 l=1 rev1=1 crypto rx=0x7fbf840098c0 tx=0x7fbf84006db0 comp rx=0 tx=0).stop
2024-09-05T00:59:41.142 INFO:teuthology.orchestra.run.smithi149.stdout:/usr/bin/ceph: stderr
2024-09-05T00:59:40.489+0000 7fbf9b68f640 1 -- 172.21.15.149:0/3876595211 >> [v2:172.21.15.149:3300/0,v1:172.21.15.149:6789/0] conn(0x7fbf941059f0 msgr2=0x7fbf94108250 secure :-1 s=STATE_CONNECTION_ESTABLISHED l=1).mark_down
2024-09-05T00:59:41.142 INFO:teuthology.orchestra.run.smithi149.stdout:/usr/bin/ceph: stderr
2024-09-05T00:59:40.489+0000 7fbf9b68f640 1 --2- 172.21.15.149:0/3876595211 >> [v2:172.21.15.149:3300/0,v1:172.21.15.149:6789/0] conn(0x7fbf941059f0 0x7fbf94108250 secure :-1 s=READY pgs=42 cs=0 l=1 rev1=1 crypto rx=0x7fbf90009940 tx=0x7fbf90032d90 comp rx=0 tx=0).stop
2024-09-05T00:59:41.142 INFO:teuthology.orchestra.run.smithi149.stdout:/usr/bin/ceph: stderr
2024-09-05T00:59:40.489+0000 7fbf9b68f640 1 -- 172.21.15.149:0/3876595211 shutdown_connections
2024-09-05T00:59:41.143 INFO:teuthology.orchestra.run.smithi149.stdout:/usr/bin/ceph: stderr
2024-09-05T00:59:40.489+0000 7fbf9b68f640 1 --2- 172.21.15.149:0/3876595211 >> [v2:172.21.15.149:6800/4257214395,v1:172.21.15.149:6801/4257214395] conn(0x7fbf80038fc0 0x7fbf8003b480 unknown :-1 s=CLOSED pgs=10 cs=0 l=1 rev1=1 crypto rx=0 tx=0 comp rx=0 tx=0).stop
2024-09-05T00:59:41.143 INFO:teuthology.orchestra.run.smithi149.stdout:/usr/bin/ceph: stderr
2024-09-05T00:59:40.489+0000 7fbf9b68f640 1 --2- 172.21.15.149:0/3876595211 >> [v2:172.21.15.149:3300/0,v1:172.21.15.149:6789/0] conn(0x7fbf941059f0 0x7fbf94108250 unknown :-1 s=CLOSED pgs=42 cs=0 l=1 rev1=1 crypto rx=0 tx=0 comp rx=0 tx=0).stop
2024-09-05T00:59:41.143 INFO:teuthology.orchestra.run.smithi149.stdout:/usr/bin/ceph: stderr
2024-09-05T00:59:40.489+0000 7fbf9b68f640 1 -- 172.21.15.149:0/3876595211 >> 172.21.15.149:0/3876595211 conn(0x7fbf94101560 msgr2=0x7fbf94102150 unknown :-1 s=STATE_NONE l=0).mark_down
2024-09-05T00:59:41.143 INFO:teuthology.orchestra.run.smithi149.stdout:/usr/bin/ceph: stderr
2024-09-05T00:59:40.489+0000 7fbf9b68f640 1 -- 172.21.15.149:0/3876595211 shutdown_connections
2024-09-05T00:59:41.143 INFO:teuthology.orchestra.run.smithi149.stdout:/usr/bin/ceph: stderr
2024-09-05T00:59:40.489+0000 7fbf9b68f640 1 -- 172.21.15.149:0/3876595211 wait complete.
2024-09-05T00:59:41.143 INFO:teuthology.orchestra.run.smithi149.stdout:Wrote public SSH key to /home/ubuntu/cephtest/ceph.pub
2024-09-05T00:59:41.143 INFO:teuthology.orchestra.run.smithi149.stdout:Adding key to root@localhost authorized_keys...
2024-09-05T00:59:41.143 INFO:teuthology.orchestra.run.smithi149.stdout:Adding host smithi149...
2024-09-05T00:59:41.702 INFO:journalctl@ceph.mon.a.smithi149.stdout:Sep 05 00:59:41 smithi149 ceph-mon[31691]: from='client.14136 -' entity='client.admin' cmd=[{"prefix": "cephadm get-pub-key", "target": ["mon-mgr", ""]}]: dispatch
2024-09-05T00:59:42.478 INFO:journalctl@ceph.mon.a.smithi149.stdout:Sep 05 00:59:42 smithi149 ceph-mon[31691]: from='client.14138 -' entity='client.admin' cmd=[{"prefix": "orch host add", "hostname": "smithi149", "addr": "172.21.15.149", "target": ["mon-mgr", ""]}]: dispatch
2024-09-05T00:59:43.585 INFO:journalctl@ceph.mon.a.smithi149.stdout:Sep 05 00:59:43 smithi149 ceph-mon[31691]: Deploying cephadm binary to smithi149
2024-09-05T00:59:45.430 INFO:teuthology.orchestra.run.smithi149.stdout:/usr/bin/ceph: stdout Added host 'smithi149' with addr '172.21.15.149'
2024-09-05T00:59:45.431 INFO:teuthology.orchestra.run.smithi149.stdout:/usr/bin/ceph: stderr
2024-09-05T00:59:41.520+0000 7fca72a39640 1 Processor -- start
2024-09-05T00:59:45.431 INFO:teuthology.orchestra.run.smithi149.stdout:/usr/bin/ceph: stderr
2024-09-05T00:59:41.520+0000 7fca72a39640 1 -- start start
2024-09-05T00:59:45.431 INFO:teuthology.orchestra.run.smithi149.stdout:/usr/bin/ceph: stderr
2024-09-05T00:59:41.521+0000 7fca72a39640 1 --2- >> [v2:172.21.15.149:3300/0,v1:172.21.15.149:6789/0] conn(0x7fca6c107730 0x7fca6c107b30 unknown :-1 s=NONE pgs=0 cs=0 l=0 rev1=0 crypto rx=0 tx=0 comp rx=0 tx=0).connect
2024-09-05T00:59:45.431 INFO:teuthology.orchestra.run.smithi149.stdout:/usr/bin/ceph: stderr
2024-09-05T00:59:41.521+0000 7fca72a39640 1 -- --> [v2:172.21.15.149:3300/0,v1:172.21.15.149:6789/0] -- mon_getmap magic: 0 -- 0x7fca6c108100 con 0x7fca6c107730
2024-09-05T00:59:45.431 INFO:teuthology.orchestra.run.smithi149.stdout:/usr/bin/ceph: stderr
2024-09-05T00:59:41.521+0000 7fca6bfff640 1 --2- >> [v2:172.21.15.149:3300/0,v1:172.21.15.149:6789/0] conn(0x7fca6c107730 0x7fca6c107b30 unknown :-1 s=BANNER_CONNECTING pgs=0 cs=0 l=0 rev1=0 crypto rx=0 tx=0 comp rx=0 tx=0)._handle_peer_banner_payload supported=3 required=0
2024-09-05T00:59:45.432 INFO:teuthology.orchestra.run.smithi149.stdout:/usr/bin/ceph: stderr
2024-09-05T00:59:41.521+0000 7fca6bfff640 1 --2- >> [v2:172.21.15.149:3300/0,v1:172.21.15.149:6789/0] conn(0x7fca6c107730 0x7fca6c107b30 unknown :-1 s=HELLO_CONNECTING pgs=0 cs=0 l=0 rev1=1 crypto rx=0 tx=0 comp rx=0 tx=0).handle_hello peer v2:172.21.15.149:3300/0 says I am v2:172.21.15.149:34002/0 (socket says 172.21.15.149:34002)
2024-09-05T00:59:45.432 INFO:teuthology.orchestra.run.smithi149.stdout:/usr/bin/ceph: stderr
2024-09-05T00:59:41.521+0000 7fca6bfff640 1 -- 172.21.15.149:0/3811523395 learned_addr learned my addr 172.21.15.149:0/3811523395 (peer_addr_for_me v2:172.21.15.149:0/0)
2024-09-05T00:59:45.432 INFO:teuthology.orchestra.run.smithi149.stdout:/usr/bin/ceph: stderr
2024-09-05T00:59:41.521+0000 7fca6bfff640 1 -- 172.21.15.149:0/3811523395 --> [v2:172.21.15.149:3300/0,v1:172.21.15.149:6789/0] -- mon_subscribe({config=0+,monmap=0+}) -- 0x7fca6c108930 con 0x7fca6c107730
2024-09-05T00:59:45.432 INFO:teuthology.orchestra.run.smithi149.stdout:/usr/bin/ceph: stderr
2024-09-05T00:59:41.522+0000 7fca6bfff640 1 --2- 172.21.15.149:0/3811523395 >> [v2:172.21.15.149:3300/0,v1:172.21.15.149:6789/0] conn(0x7fca6c107730 0x7fca6c107b30 secure :-1 s=READY pgs=43 cs=0 l=1 rev1=1 crypto rx=0x7fca5c009820 tx=0x7fca5c02a270 comp rx=0 tx=0).ready entity=mon.0 client_cookie=4f76fd895c23fe5b server_cookie=0 in_seq=0 out_seq=0
2024-09-05T00:59:45.432 INFO:teuthology.orchestra.run.smithi149.stdout:/usr/bin/ceph: stderr
2024-09-05T00:59:41.522+0000 7fca6b7fe640 1 -- 172.21.15.149:0/3811523395 <== mon.0 v2:172.21.15.149:3300/0 1 ==== mon_map magic: 0 ==== 205+0+0 (secure 0 0 0) 0x7fca5c037070 con 0x7fca6c107730
2024-09-05T00:59:45.432 INFO:teuthology.orchestra.run.smithi149.stdout:/usr/bin/ceph: stderr
2024-09-05T00:59:41.522+0000 7fca6b7fe640 1 -- 172.21.15.149:0/3811523395 <== mon.0 v2:172.21.15.149:3300/0 2 ==== config(28 keys) ==== 1140+0+0 (secure 0 0 0) 0x7fca5c032920 con 0x7fca6c107730
2024-09-05T00:59:45.432 INFO:teuthology.orchestra.run.smithi149.stdout:/usr/bin/ceph: stderr
2024-09-05T00:59:41.522+0000 7fca6b7fe640 1 -- 172.21.15.149:0/3811523395 <== mon.0 v2:172.21.15.149:3300/0 3 ==== mon_map magic: 0 ==== 205+0+0 (secure 0 0 0) 0x7fca5c030950 con 0x7fca6c107730
2024-09-05T00:59:45.432 INFO:teuthology.orchestra.run.smithi149.stdout:/usr/bin/ceph: stderr
2024-09-05T00:59:41.523+0000 7fca72a39640 1 -- 172.21.15.149:0/3811523395 >> [v2:172.21.15.149:3300/0,v1:172.21.15.149:6789/0] conn(0x7fca6c107730 msgr2=0x7fca6c107b30 secure :-1 s=STATE_CONNECTION_ESTABLISHED l=1).mark_down
2024-09-05T00:59:45.432 INFO:teuthology.orchestra.run.smithi149.stdout:/usr/bin/ceph: stderr
2024-09-05T00:59:41.523+0000 7fca72a39640 1 --2- 172.21.15.149:0/3811523395 >> [v2:172.21.15.149:3300/0,v1:172.21.15.149:6789/0] conn(0x7fca6c107730 0x7fca6c107b30 secure :-1 s=READY pgs=43 cs=0 l=1 rev1=1 crypto rx=0x7fca5c009820 tx=0x7fca5c02a270 comp rx=0 tx=0).stop
2024-09-05T00:59:45.432 INFO:teuthology.orchestra.run.smithi149.stdout:/usr/bin/ceph: stderr
2024-09-05T00:59:41.523+0000 7fca72a39640 1 -- 172.21.15.149:0/3811523395 shutdown_connections
2024-09-05T00:59:45.432 INFO:teuthology.orchestra.run.smithi149.stdout:/usr/bin/ceph: stderr
2024-09-05T00:59:41.523+0000 7fca72a39640 1 --2- 172.21.15.149:0/3811523395 >> [v2:172.21.15.149:3300/0,v1:172.21.15.149:6789/0] conn(0x7fca6c107730 0x7fca6c107b30 unknown :-1 s=CLOSED pgs=43 cs=0 l=1 rev1=1 crypto rx=0 tx=0 comp rx=0 tx=0).stop
2024-09-05T00:59:45.432 INFO:teuthology.orchestra.run.smithi149.stdout:/usr/bin/ceph: stderr
2024-09-05T00:59:41.523+0000 7fca72a39640 1 -- 172.21.15.149:0/3811523395 >> 172.21.15.149:0/3811523395 conn(0x7fca6c102ee0 msgr2=0x7fca6c105300 unknown :-1 s=STATE_NONE l=0).mark_down
2024-09-05T00:59:45.433 INFO:teuthology.orchestra.run.smithi149.stdout:/usr/bin/ceph: stderr
2024-09-05T00:59:41.523+0000 7fca72a39640 1 -- 172.21.15.149:0/3811523395 shutdown_connections
2024-09-05T00:59:45.433 INFO:teuthology.orchestra.run.smithi149.stdout:/usr/bin/ceph: stderr
2024-09-05T00:59:41.523+0000 7fca72a39640 1 -- 172.21.15.149:0/3811523395 wait complete.
2024-09-05T00:59:45.433 INFO:teuthology.orchestra.run.smithi149.stdout:/usr/bin/ceph: stderr
2024-09-05T00:59:41.523+0000 7fca72a39640 1 Processor -- start
2024-09-05T00:59:45.433 INFO:teuthology.orchestra.run.smithi149.stdout:/usr/bin/ceph: stderr
2024-09-05T00:59:41.523+0000 7fca72a39640 1 -- start start
2024-09-05T00:59:45.433 INFO:teuthology.orchestra.run.smithi149.stdout:/usr/bin/ceph: stderr
2024-09-05T00:59:41.523+0000 7fca72a39640 1 --2- >> [v2:172.21.15.149:3300/0,v1:172.21.15.149:6789/0] conn(0x7fca6c107730 0x7fca6c19b7c0 unknown :-1 s=NONE pgs=0 cs=0 l=1 rev1=0 crypto rx=0 tx=0 comp rx=0 tx=0).connect
2024-09-05T00:59:45.433 INFO:teuthology.orchestra.run.smithi149.stdout:/usr/bin/ceph: stderr
2024-09-05T00:59:41.523+0000 7fca72a39640 1 -- --> [v2:172.21.15.149:3300/0,v1:172.21.15.149:6789/0] -- mon_getmap magic: 0 -- 0x7fca6c10bce0 con 0x7fca6c107730
2024-09-05T00:59:45.433 INFO:teuthology.orchestra.run.smithi149.stdout:/usr/bin/ceph: stderr
2024-09-05T00:59:41.524+0000 7fca6bfff640 1 --2- >> [v2:172.21.15.149:3300/0,v1:172.21.15.149:6789/0] conn(0x7fca6c107730 0x7fca6c19b7c0 unknown :-1 s=BANNER_CONNECTING pgs=0 cs=0 l=1 rev1=0 crypto rx=0 tx=0 comp rx=0 tx=0)._handle_peer_banner_payload supported=3 required=0
2024-09-05T00:59:45.433 INFO:teuthology.orchestra.run.smithi149.stdout:/usr/bin/ceph: stderr
2024-09-05T00:59:41.524+0000 7fca6bfff640 1 --2- >> [v2:172.21.15.149:3300/0,v1:172.21.15.149:6789/0] conn(0x7fca6c107730 0x7fca6c19b7c0 unknown :-1 s=HELLO_CONNECTING pgs=0 cs=0 l=1 rev1=1 crypto rx=0 tx=0 comp rx=0 tx=0).handle_hello peer v2:172.21.15.149:3300/0 says I am v2:172.21.15.149:34004/0 (socket says 172.21.15.149:34004)
2024-09-05T00:59:45.433 INFO:teuthology.orchestra.run.smithi149.stdout:/usr/bin/ceph: stderr
2024-09-05T00:59:41.524+0000 7fca6bfff640 1 -- 172.21.15.149:0/576548326 learned_addr learned my addr 172.21.15.149:0/576548326 (peer_addr_for_me v2:172.21.15.149:0/0)
2024-09-05T00:59:45.433 INFO:teuthology.orchestra.run.smithi149.stdout:/usr/bin/ceph: stderr
2024-09-05T00:59:41.524+0000 7fca6bfff640 1 -- 172.21.15.149:0/576548326 --> [v2:172.21.15.149:3300/0,v1:172.21.15.149:6789/0] -- mon_subscribe({config=0+,monmap=0+}) -- 0x7fca6c19bd00 con 0x7fca6c107730
2024-09-05T00:59:45.433 INFO:teuthology.orchestra.run.smithi149.stdout:/usr/bin/ceph: stderr
2024-09-05T00:59:41.524+0000 7fca6bfff640 1 --2- 172.21.15.149:0/576548326 >> [v2:172.21.15.149:3300/0,v1:172.21.15.149:6789/0] conn(0x7fca6c107730 0x7fca6c19b7c0 secure :-1 s=READY pgs=44 cs=0 l=1 rev1=1 crypto rx=0x7fca5c009940 tx=0x7fca5c032d90 comp rx=0 tx=0).ready entity=mon.0 client_cookie=0 server_cookie=0 in_seq=0 out_seq=0
2024-09-05T00:59:45.434 INFO:teuthology.orchestra.run.smithi149.stdout:/usr/bin/ceph: stderr
2024-09-05T00:59:41.524+0000 7fca69ffb640 1 -- 172.21.15.149:0/576548326 <== mon.0 v2:172.21.15.149:3300/0 1 ==== mon_map magic: 0 ==== 205+0+0 (secure 0 0 0) 0x7fca5c042070 con 0x7fca6c107730
2024-09-05T00:59:45.434 INFO:teuthology.orchestra.run.smithi149.stdout:/usr/bin/ceph: stderr
2024-09-05T00:59:41.524+0000 7fca72a39640 1 -- 172.21.15.149:0/576548326 --> [v2:172.21.15.149:3300/0,v1:172.21.15.149:6789/0] -- mon_subscribe({mgrmap=0+}) -- 0x7fca6c19bf90 con 0x7fca6c107730
2024-09-05T00:59:45.434 INFO:teuthology.orchestra.run.smithi149.stdout:/usr/bin/ceph: stderr
2024-09-05T00:59:41.524+0000 7fca69ffb640 1 -- 172.21.15.149:0/576548326 <== mon.0 v2:172.21.15.149:3300/0 2 ==== config(28 keys) ==== 1140+0+0 (secure 0 0 0) 0x7fca5c032570 con 0x7fca6c107730
2024-09-05T00:59:45.434 INFO:teuthology.orchestra.run.smithi149.stdout:/usr/bin/ceph: stderr
2024-09-05T00:59:41.524+0000 7fca69ffb640 1 -- 172.21.15.149:0/576548326 <== mon.0 v2:172.21.15.149:3300/0 3 ==== mon_map magic: 0 ==== 205+0+0 (secure 0 0 0) 0x7fca5c037040 con 0x7fca6c107730
2024-09-05T00:59:45.434 INFO:teuthology.orchestra.run.smithi149.stdout:/usr/bin/ceph: stderr
2024-09-05T00:59:41.524+0000 7fca72a39640 1 -- 172.21.15.149:0/576548326 --> [v2:172.21.15.149:3300/0,v1:172.21.15.149:6789/0] -- mon_subscribe({osdmap=0}) -- 0x7fca6c19ec80 con 0x7fca6c107730
2024-09-05T00:59:45.434 INFO:teuthology.orchestra.run.smithi149.stdout:/usr/bin/ceph: stderr
2024-09-05T00:59:41.525+0000 7fca69ffb640 1 -- 172.21.15.149:0/576548326 <== mon.0 v2:172.21.15.149:3300/0 4 ==== mgrmap(e 8) ==== 46287+0+0 (secure 0 0 0) 0x7fca5c045070 con 0x7fca6c107730
2024-09-05T00:59:45.434 INFO:teuthology.orchestra.run.smithi149.stdout:/usr/bin/ceph: stderr
2024-09-05T00:59:41.525+0000 7fca72a39640 1 -- 172.21.15.149:0/576548326 --> [v2:172.21.15.149:3300/0,v1:172.21.15.149:6789/0] -- mon_command({"prefix": "get_command_descriptions"} v 0) -- 0x7fca6c107bb0 con 0x7fca6c107730
2024-09-05T00:59:45.434 INFO:teuthology.orchestra.run.smithi149.stdout:/usr/bin/ceph: stderr
2024-09-05T00:59:41.525+0000 7fca69ffb640 1 --2- 172.21.15.149:0/576548326 >> [v2:172.21.15.149:6800/4257214395,v1:172.21.15.149:6801/4257214395] conn(0x7fca58038f70 0x7fca5803b430 unknown :-1 s=NONE pgs=0 cs=0 l=1 rev1=0 crypto rx=0 tx=0 comp rx=0 tx=0).connect
2024-09-05T00:59:45.434 INFO:teuthology.orchestra.run.smithi149.stdout:/usr/bin/ceph: stderr
2024-09-05T00:59:41.526+0000 7fca69ffb640 1 -- 172.21.15.149:0/576548326 <== mon.0 v2:172.21.15.149:3300/0 5 ==== osd_map(2..2 src has 1..2) ==== 940+0+0 (secure 0 0 0) 0x7fca5c06bf80 con 0x7fca6c107730
2024-09-05T00:59:45.434 INFO:teuthology.orchestra.run.smithi149.stdout:/usr/bin/ceph: stderr
2024-09-05T00:59:41.526+0000 7fca63fff640 1 --2- 172.21.15.149:0/576548326 >> [v2:172.21.15.149:6800/4257214395,v1:172.21.15.149:6801/4257214395] conn(0x7fca58038f70 0x7fca5803b430 unknown :-1 s=BANNER_CONNECTING pgs=0 cs=0 l=1 rev1=0 crypto rx=0 tx=0 comp rx=0 tx=0)._handle_peer_banner_payload supported=3 required=0
2024-09-05T00:59:45.434 INFO:teuthology.orchestra.run.smithi149.stdout:/usr/bin/ceph: stderr
