2024-09-05T00:59:53.645+0000 7fc4d9ffb640 1 --2- 172.21.15.149:0/2059694618 >> [v2:172.21.15.149:6800/4257214395,v1:172.21.15.149:6801/4257214395] conn(0x7fc4cc038fc0 0x7fc4cc03b480 unknown :-1 s=NONE pgs=0 cs=0 l=1 rev1=0 crypto rx=0 tx=0 comp rx=0 tx=0).connect
2024-09-05T00:59:54.451 INFO:teuthology.orchestra.run.smithi149.stdout:/usr/bin/ceph: stderr
2024-09-05T00:59:53.645+0000 7fc4d9ffb640 1 -- 172.21.15.149:0/2059694618 <== mon.0 v2:172.21.15.149:3300/0 5 ==== osd_map(2..2 src has 1..2) ==== 940+0+0 (secure 0 0 0) 0x7fc4d006bff0 con 0x7fc4dc107750
2024-09-05T00:59:54.451 INFO:teuthology.orchestra.run.smithi149.stdout:/usr/bin/ceph: stderr
2024-09-05T00:59:53.645+0000 7fc4dbfff640 1 -- 172.21.15.149:0/2059694618 >> [v2:172.21.15.149:6800/4257214395,v1:172.21.15.149:6801/4257214395] conn(0x7fc4cc038fc0 msgr2=0x7fc4cc03b480 unknown :-1 s=STATE_CONNECTING_RE l=1).process reconnect failed to v2:172.21.15.149:6800/4257214395
2024-09-05T00:59:54.451 INFO:teuthology.orchestra.run.smithi149.stdout:/usr/bin/ceph: stderr
2024-09-05T00:59:53.645+0000 7fc4dbfff640 1 --2- 172.21.15.149:0/2059694618 >> [v2:172.21.15.149:6800/4257214395,v1:172.21.15.149:6801/4257214395] conn(0x7fc4cc038fc0 0x7fc4cc03b480 unknown :-1 s=START_CONNECT pgs=0 cs=0 l=1 rev1=0 crypto rx=0 tx=0 comp rx=0 tx=0)._fault waiting 0.200000
2024-09-05T00:59:54.452 INFO:teuthology.orchestra.run.smithi149.stdout:/usr/bin/ceph: stderr
2024-09-05T00:59:53.650+0000 7fc4d9ffb640 1 -- 172.21.15.149:0/2059694618 <== mon.0 v2:172.21.15.149:3300/0 6 ==== mon_command_ack([{"prefix": "get_command_descriptions"}]=0 v0) ==== 72+0+188821 (secure 0 0 0) 0x7fc4d003c810 con 0x7fc4dc107750
2024-09-05T00:59:54.452 INFO:teuthology.orchestra.run.smithi149.stdout:/usr/bin/ceph: stderr
2024-09-05T00:59:53.846+0000 7fc4dbfff640 1 -- 172.21.15.149:0/2059694618 >> [v2:172.21.15.149:6800/4257214395,v1:172.21.15.149:6801/4257214395] conn(0x7fc4cc038fc0 msgr2=0x7fc4cc03b480 unknown :-1 s=STATE_CONNECTING_RE l=1).process reconnect failed to v2:172.21.15.149:6800/4257214395
2024-09-05T00:59:54.452 INFO:teuthology.orchestra.run.smithi149.stdout:/usr/bin/ceph: stderr
2024-09-05T00:59:53.846+0000 7fc4dbfff640 1 --2- 172.21.15.149:0/2059694618 >> [v2:172.21.15.149:6800/4257214395,v1:172.21.15.149:6801/4257214395] conn(0x7fc4cc038fc0 0x7fc4cc03b480 unknown :-1 s=START_CONNECT pgs=0 cs=0 l=1 rev1=0 crypto rx=0 tx=0 comp rx=0 tx=0)._fault waiting 0.400000
2024-09-05T00:59:54.452 INFO:teuthology.orchestra.run.smithi149.stdout:/usr/bin/ceph: stderr
2024-09-05T00:59:53.870+0000 7fc4e2f73640 1 -- 172.21.15.149:0/2059694618 --> [v2:172.21.15.149:3300/0,v1:172.21.15.149:6789/0] -- mon_command({"prefix": "mgr stat"} v 0) -- 0x7fc4dc19ef20 con 0x7fc4dc107750
2024-09-05T00:59:54.452 INFO:teuthology.orchestra.run.smithi149.stdout:/usr/bin/ceph: stderr
2024-09-05T00:59:53.870+0000 7fc4d9ffb640 1 -- 172.21.15.149:0/2059694618 <== mon.0 v2:172.21.15.149:3300/0 7 ==== mon_command_ack([{"prefix": "mgr stat"}]=0 v9) ==== 56+0+88 (secure 0 0 0) 0x7fc4dc19ef20 con 0x7fc4dc107750
2024-09-05T00:59:54.452 INFO:teuthology.orchestra.run.smithi149.stdout:/usr/bin/ceph: stderr
2024-09-05T00:59:53.873+0000 7fc4e2f73640 1 -- 172.21.15.149:0/2059694618 >> [v2:172.21.15.149:6800/4257214395,v1:172.21.15.149:6801/4257214395] conn(0x7fc4cc038fc0 msgr2=0x7fc4cc03b480 unknown :-1 s=STATE_CONNECTING l=1).mark_down
2024-09-05T00:59:54.452 INFO:teuthology.orchestra.run.smithi149.stdout:/usr/bin/ceph: stderr
2024-09-05T00:59:53.873+0000 7fc4e2f73640 1 --2- 172.21.15.149:0/2059694618 >> [v2:172.21.15.149:6800/4257214395,v1:172.21.15.149:6801/4257214395] conn(0x7fc4cc038fc0 0x7fc4cc03b480 unknown :-1 s=START_CONNECT pgs=0 cs=0 l=1 rev1=0 crypto rx=0 tx=0 comp rx=0 tx=0).stop
2024-09-05T00:59:54.452 INFO:teuthology.orchestra.run.smithi149.stdout:/usr/bin/ceph: stderr
2024-09-05T00:59:53.873+0000 7fc4e2f73640 1 -- 172.21.15.149:0/2059694618 >> [v2:172.21.15.149:3300/0,v1:172.21.15.149:6789/0] conn(0x7fc4dc107750 msgr2=0x7fc4dc19b890 secure :-1 s=STATE_CONNECTION_ESTABLISHED l=1).mark_down
2024-09-05T00:59:54.452 INFO:teuthology.orchestra.run.smithi149.stdout:/usr/bin/ceph: stderr
2024-09-05T00:59:53.873+0000 7fc4e2f73640 1 --2- 172.21.15.149:0/2059694618 >> [v2:172.21.15.149:3300/0,v1:172.21.15.149:6789/0] conn(0x7fc4dc107750 0x7fc4dc19b890 secure :-1 s=READY pgs=58 cs=0 l=1 rev1=1 crypto rx=0x7fc4d0009940 tx=0x7fc4d0032e60 comp rx=0 tx=0).stop
2024-09-05T00:59:54.452 INFO:teuthology.orchestra.run.smithi149.stdout:/usr/bin/ceph: stderr
2024-09-05T00:59:53.873+0000 7fc4e2f73640 1 -- 172.21.15.149:0/2059694618 shutdown_connections
2024-09-05T00:59:54.452 INFO:teuthology.orchestra.run.smithi149.stdout:/usr/bin/ceph: stderr
2024-09-05T00:59:53.873+0000 7fc4e2f73640 1 --2- 172.21.15.149:0/2059694618 >> [v2:172.21.15.149:6800/4257214395,v1:172.21.15.149:6801/4257214395] conn(0x7fc4cc038fc0 0x7fc4cc03b480 unknown :-1 s=CLOSED pgs=0 cs=0 l=1 rev1=0 crypto rx=0 tx=0 comp rx=0 tx=0).stop
2024-09-05T00:59:54.452 INFO:teuthology.orchestra.run.smithi149.stdout:/usr/bin/ceph: stderr
2024-09-05T00:59:53.873+0000 7fc4e2f73640 1 --2- 172.21.15.149:0/2059694618 >> [v2:172.21.15.149:3300/0,v1:172.21.15.149:6789/0] conn(0x7fc4dc107750 0x7fc4dc19b890 unknown :-1 s=CLOSED pgs=58 cs=0 l=1 rev1=1 crypto rx=0 tx=0 comp rx=0 tx=0).stop
2024-09-05T00:59:54.452 INFO:teuthology.orchestra.run.smithi149.stdout:/usr/bin/ceph: stderr
2024-09-05T00:59:53.873+0000 7fc4e2f73640 1 -- 172.21.15.149:0/2059694618 >> 172.21.15.149:0/2059694618 conn(0x7fc4dc102f20 msgr2=0x7fc4dc103b70 unknown :-1 s=STATE_NONE l=0).mark_down
2024-09-05T00:59:54.452 INFO:teuthology.orchestra.run.smithi149.stdout:/usr/bin/ceph: stderr
2024-09-05T00:59:53.873+0000 7fc4e2f73640 1 -- 172.21.15.149:0/2059694618 shutdown_connections
2024-09-05T00:59:54.453 INFO:teuthology.orchestra.run.smithi149.stdout:/usr/bin/ceph: stderr
2024-09-05T00:59:53.873+0000 7fc4e2f73640 1 -- 172.21.15.149:0/2059694618 wait complete.
2024-09-05T00:59:54.453 INFO:teuthology.orchestra.run.smithi149.stdout:Waiting for the mgr to restart...
2024-09-05T00:59:54.453 INFO:teuthology.orchestra.run.smithi149.stdout:Waiting for mgr epoch 9...
2024-09-05T00:59:54.648 INFO:journalctl@ceph.mon.a.smithi149.stdout:Sep 05 00:59:54 smithi149 ceph-mon[31691]: from='client.? 172.21.15.149:0/2059694618' entity='client.admin' cmd=[{"prefix": "mgr stat"}]: dispatch
2024-09-05T00:59:55.036 INFO:journalctl@ceph.mgr.x.smithi149.stdout:Sep 05 00:59:54 smithi149 ceph-eb9173b4-6b21-11ef-bcd6-c7b262605968-mgr-x[31918]:
2024-09-05T00:59:54.825+0000 7f8b5f5b1040 -1 mgr[py] Module telemetry has missing NOTIFY_TYPES member
2024-09-05T00:59:55.036 INFO:journalctl@ceph.mgr.x.smithi149.stdout:Sep 05 00:59:54 smithi149 ceph-eb9173b4-6b21-11ef-bcd6-c7b262605968-mgr-x[31918]:
2024-09-05T00:59:54.894+0000 7f8b5f5b1040 -1 mgr[py] Module balancer has missing NOTIFY_TYPES member
2024-09-05T00:59:55.731 INFO:journalctl@ceph.mgr.x.smithi149.stdout:Sep 05 00:59:55 smithi149 ceph-eb9173b4-6b21-11ef-bcd6-c7b262605968-mgr-x[31918]:
2024-09-05T00:59:55.613+0000 7f8b5f5b1040 -1 mgr[py] Module rook has missing NOTIFY_TYPES member
2024-09-05T00:59:55.731 INFO:journalctl@ceph.mgr.x.smithi149.stdout:Sep 05 00:59:55 smithi149 ceph-eb9173b4-6b21-11ef-bcd6-c7b262605968-mgr-x[31918]:
2024-09-05T00:59:55.730+0000 7f8b5f5b1040 -1 mgr[py] Module iostat has missing NOTIFY_TYPES member
2024-09-05T00:59:56.083 INFO:journalctl@ceph.mgr.x.smithi149.stdout:Sep 05 00:59:55 smithi149 ceph-eb9173b4-6b21-11ef-bcd6-c7b262605968-mgr-x[31918]:
2024-09-05T00:59:55.873+0000 7f8b5f5b1040 -1 mgr[py] Module orchestrator has missing NOTIFY_TYPES member
2024-09-05T00:59:56.084 INFO:journalctl@ceph.mgr.x.smithi149.stdout:Sep 05 00:59:55 smithi149 ceph-eb9173b4-6b21-11ef-bcd6-c7b262605968-mgr-x[31918]:
2024-09-05T00:59:55.933+0000 7f8b5f5b1040 -1 mgr[py] Module devicehealth has missing NOTIFY_TYPES member
2024-09-05T00:59:56.084 INFO:journalctl@ceph.mgr.x.smithi149.stdout:Sep 05 00:59:56 smithi149 ceph-eb9173b4-6b21-11ef-bcd6-c7b262605968-mgr-x[31918]:
2024-09-05T00:59:56.082+0000 7f8b5f5b1040 -1 mgr[py] Module rgw has missing NOTIFY_TYPES member
2024-09-05T00:59:56.335 INFO:journalctl@ceph.mgr.x.smithi149.stdout:Sep 05 00:59:56 smithi149 ceph-eb9173b4-6b21-11ef-bcd6-c7b262605968-mgr-x[31918]:
2024-09-05T00:59:56.151+0000 7f8b5f5b1040 -1 mgr[py] Module alerts has missing NOTIFY_TYPES member
2024-09-05T00:59:56.335 INFO:journalctl@ceph.mgr.x.smithi149.stdout:Sep 05 00:59:56 smithi149 ceph-eb9173b4-6b21-11ef-bcd6-c7b262605968-mgr-x[31918]:
2024-09-05T00:59:56.211+0000 7f8b5f5b1040 -1 mgr[py] Module progress has missing NOTIFY_TYPES member
2024-09-05T00:59:56.641 INFO:journalctl@ceph.mgr.x.smithi149.stdout:Sep 05 00:59:56 smithi149 ceph-eb9173b4-6b21-11ef-bcd6-c7b262605968-mgr-x[31918]:
2024-09-05T00:59:56.370+0000 7f8b5f5b1040 -1 mgr[py] Module nfs has missing NOTIFY_TYPES member
2024-09-05T00:59:56.642 INFO:journalctl@ceph.mgr.x.smithi149.stdout:Sep 05 00:59:56 smithi149 ceph-eb9173b4-6b21-11ef-bcd6-c7b262605968-mgr-x[31918]:
2024-09-05T00:59:56.434+0000 7f8b5f5b1040 -1 mgr[py] Module status has missing NOTIFY_TYPES member
2024-09-05T00:59:56.642 INFO:journalctl@ceph.mgr.x.smithi149.stdout:Sep 05 00:59:56 smithi149 ceph-eb9173b4-6b21-11ef-bcd6-c7b262605968-mgr-x[31918]:
2024-09-05T00:59:56.501+0000 7f8b5f5b1040 -1 mgr[py] Module pg_autoscaler has missing NOTIFY_TYPES member
2024-09-05T00:59:56.642 INFO:journalctl@ceph.mgr.x.smithi149.stdout:Sep 05 00:59:56 smithi149 ceph-eb9173b4-6b21-11ef-bcd6-c7b262605968-mgr-x[31918]:
2024-09-05T00:59:56.582+0000 7f8b5f5b1040 -1 mgr[py] Module rbd_support has missing NOTIFY_TYPES member
2024-09-05T00:59:56.642 INFO:journalctl@ceph.mgr.x.smithi149.stdout:Sep 05 00:59:56 smithi149 ceph-eb9173b4-6b21-11ef-bcd6-c7b262605968-mgr-x[31918]:
2024-09-05T00:59:56.640+0000 7f8b5f5b1040 -1 mgr[py] Module influx has missing NOTIFY_TYPES member
2024-09-05T00:59:57.085 INFO:journalctl@ceph.mgr.x.smithi149.stdout:Sep 05 00:59:56 smithi149 ceph-eb9173b4-6b21-11ef-bcd6-c7b262605968-mgr-x[31918]:
2024-09-05T00:59:56.700+0000 7f8b5f5b1040 -1 mgr[py] Module zabbix has missing NOTIFY_TYPES member
2024-09-05T00:59:57.835 INFO:journalctl@ceph.mgr.x.smithi149.stdout:Sep 05 00:59:57 smithi149 ceph-eb9173b4-6b21-11ef-bcd6-c7b262605968-mgr-x[31918]:
2024-09-05T00:59:57.481+0000 7f8b5f5b1040 -1 mgr[py] Module telegraf has missing NOTIFY_TYPES member
2024-09-05T00:59:57.835 INFO:journalctl@ceph.mon.a.smithi149.stdout:Sep 05 00:59:57 smithi149 ceph-mon[31691]: Active manager daemon x restarted
2024-09-05T00:59:57.835 INFO:journalctl@ceph.mon.a.smithi149.stdout:Sep 05 00:59:57 smithi149 ceph-mon[31691]: Activating manager daemon x
2024-09-05T00:59:57.835 INFO:journalctl@ceph.mon.a.smithi149.stdout:Sep 05 00:59:57 smithi149 ceph-mon[31691]: osdmap e3: 0 total, 0 up, 0 in
2024-09-05T00:59:57.835 INFO:journalctl@ceph.mon.a.smithi149.stdout:Sep 05 00:59:57 smithi149 ceph-mon[31691]: mgrmap e10: x(active, starting, since 0.00350695s)
2024-09-05T00:59:57.835 INFO:journalctl@ceph.mon.a.smithi149.stdout:Sep 05 00:59:57 smithi149 ceph-mon[31691]: from='mgr.14150 172.21.15.149:0/2220382036' entity='mgr.x' cmd=[{"prefix": "mon metadata", "id": "a"}]: dispatch
2024-09-05T00:59:57.835 INFO:journalctl@ceph.mon.a.smithi149.stdout:Sep 05 00:59:57 smithi149 ceph-mon[31691]: from='mgr.14150 172.21.15.149:0/2220382036' entity='mgr.x' cmd=[{"prefix": "mgr metadata", "who": "x", "id": "x"}]: dispatch
2024-09-05T00:59:57.836 INFO:journalctl@ceph.mon.a.smithi149.stdout:Sep 05 00:59:57 smithi149 ceph-mon[31691]: from='mgr.14150 172.21.15.149:0/2220382036' entity='mgr.x' cmd=[{"prefix": "mds metadata"}]: dispatch
2024-09-05T00:59:57.836 INFO:journalctl@ceph.mon.a.smithi149.stdout:Sep 05 00:59:57 smithi149 ceph-mon[31691]: from='mgr.14150 172.21.15.149:0/2220382036' entity='mgr.x' cmd=[{"prefix": "osd metadata"}]: dispatch
2024-09-05T00:59:57.836 INFO:journalctl@ceph.mon.a.smithi149.stdout:Sep 05 00:59:57 smithi149 ceph-mon[31691]: from='mgr.14150 172.21.15.149:0/2220382036' entity='mgr.x' cmd=[{"prefix": "mon metadata"}]: dispatch
2024-09-05T00:59:57.836 INFO:journalctl@ceph.mon.a.smithi149.stdout:Sep 05 00:59:57 smithi149 ceph-mon[31691]: Manager daemon x is now available
2024-09-05T00:59:57.836 INFO:journalctl@ceph.mon.a.smithi149.stdout:Sep 05 00:59:57 smithi149 ceph-mon[31691]: from='mgr.14150 172.21.15.149:0/2220382036' entity='mgr.x' cmd=[{"prefix": "config dump", "format": "json"}]: dispatch
2024-09-05T00:59:57.836 INFO:journalctl@ceph.mon.a.smithi149.stdout:Sep 05 00:59:57 smithi149 ceph-mon[31691]: from='mgr.14150 172.21.15.149:0/2220382036' entity='mgr.x' cmd=[{"prefix":"config rm","who":"mgr","name":"mgr/rbd_support/x/mirror_snapshot_schedule"}]: dispatch
2024-09-05T00:59:57.836 INFO:journalctl@ceph.mon.a.smithi149.stdout:Sep 05 00:59:57 smithi149 ceph-mon[31691]: from='mgr.14150 172.21.15.149:0/2220382036' entity='mgr.x' cmd=[{"prefix":"config rm","who":"mgr","name":"mgr/rbd_support/x/trash_purge_schedule"}]: dispatch
2024-09-05T00:59:59.293 INFO:teuthology.orchestra.run.smithi149.stdout:/usr/bin/ceph: stdout {
2024-09-05T00:59:59.294 INFO:teuthology.orchestra.run.smithi149.stdout:/usr/bin/ceph: stdout "mgrmap_epoch": 11,
2024-09-05T00:59:59.294 INFO:teuthology.orchestra.run.smithi149.stdout:/usr/bin/ceph: stdout "initialized": true
2024-09-05T00:59:59.294 INFO:teuthology.orchestra.run.smithi149.stdout:/usr/bin/ceph: stdout }
2024-09-05T00:59:59.294 INFO:teuthology.orchestra.run.smithi149.stdout:/usr/bin/ceph: stderr
2024-09-05T00:59:54.829+0000 7f4452aa6640 1 Processor -- start
2024-09-05T00:59:59.294 INFO:teuthology.orchestra.run.smithi149.stdout:/usr/bin/ceph: stderr
2024-09-05T00:59:54.829+0000 7f4452aa6640 1 -- start start
2024-09-05T00:59:59.294 INFO:teuthology.orchestra.run.smithi149.stdout:/usr/bin/ceph: stderr
2024-09-05T00:59:54.829+0000 7f4452aa6640 1 --2- >> [v2:172.21.15.149:3300/0,v1:172.21.15.149:6789/0] conn(0x7f444c1081c0 0x7f444c10a5b0 unknown :-1 s=NONE pgs=0 cs=0 l=0 rev1=0 crypto rx=0 tx=0 comp rx=0 tx=0).connect
2024-09-05T00:59:59.294 INFO:teuthology.orchestra.run.smithi149.stdout:/usr/bin/ceph: stderr
2024-09-05T00:59:54.829+0000 7f4452aa6640 1 -- --> [v2:172.21.15.149:3300/0,v1:172.21.15.149:6789/0] -- mon_getmap magic: 0 -- 0x7f444c07be30 con 0x7f444c1081c0
2024-09-05T00:59:59.294 INFO:teuthology.orchestra.run.smithi149.stdout:/usr/bin/ceph: stderr
2024-09-05T00:59:54.829+0000 7f4450842640 1 --2- >> [v2:172.21.15.149:3300/0,v1:172.21.15.149:6789/0] conn(0x7f444c1081c0 0x7f444c10a5b0 unknown :-1 s=BANNER_CONNECTING pgs=0 cs=0 l=0 rev1=0 crypto rx=0 tx=0 comp rx=0 tx=0)._handle_peer_banner_payload supported=3 required=0
2024-09-05T00:59:59.294 INFO:teuthology.orchestra.run.smithi149.stdout:/usr/bin/ceph: stderr
2024-09-05T00:59:54.829+0000 7f4450842640 1 --2- >> [v2:172.21.15.149:3300/0,v1:172.21.15.149:6789/0] conn(0x7f444c1081c0 0x7f444c10a5b0 unknown :-1 s=HELLO_CONNECTING pgs=0 cs=0 l=0 rev1=1 crypto rx=0 tx=0 comp rx=0 tx=0).handle_hello peer v2:172.21.15.149:3300/0 says I am v2:172.21.15.149:50704/0 (socket says 172.21.15.149:50704)
2024-09-05T00:59:59.294 INFO:teuthology.orchestra.run.smithi149.stdout:/usr/bin/ceph: stderr
2024-09-05T00:59:54.829+0000 7f4450842640 1 -- 172.21.15.149:0/1925845117 learned_addr learned my addr 172.21.15.149:0/1925845117 (peer_addr_for_me v2:172.21.15.149:0/0)
2024-09-05T00:59:59.294 INFO:teuthology.orchestra.run.smithi149.stdout:/usr/bin/ceph: stderr
2024-09-05T00:59:54.830+0000 7f4450842640 1 -- 172.21.15.149:0/1925845117 --> [v2:172.21.15.149:3300/0,v1:172.21.15.149:6789/0] -- mon_subscribe({config=0+,monmap=0+}) -- 0x7f444c10aaf0 con 0x7f444c1081c0
2024-09-05T00:59:59.295 INFO:teuthology.orchestra.run.smithi149.stdout:/usr/bin/ceph: stderr
2024-09-05T00:59:54.830+0000 7f4450842640 1 --2- 172.21.15.149:0/1925845117 >> [v2:172.21.15.149:3300/0,v1:172.21.15.149:6789/0] conn(0x7f444c1081c0 0x7f444c10a5b0 secure :-1 s=READY pgs=59 cs=0 l=1 rev1=1 crypto rx=0x7f4440009820 tx=0x7f444002a270 comp rx=0 tx=0).ready entity=mon.0 client_cookie=bd7fc38fa8040732 server_cookie=0 in_seq=0 out_seq=0
2024-09-05T00:59:59.295 INFO:teuthology.orchestra.run.smithi149.stdout:/usr/bin/ceph: stderr
2024-09-05T00:59:54.831+0000 7f444b7fe640 1 -- 172.21.15.149:0/1925845117 <== mon.0 v2:172.21.15.149:3300/0 1 ==== mon_map magic: 0 ==== 205+0+0 (secure 0 0 0) 0x7f4440037070 con 0x7f444c1081c0
2024-09-05T00:59:59.295 INFO:teuthology.orchestra.run.smithi149.stdout:/usr/bin/ceph: stderr
2024-09-05T00:59:54.831+0000 7f444b7fe640 1 -- 172.21.15.149:0/1925845117 <== mon.0 v2:172.21.15.149:3300/0 2 ==== config(28 keys) ==== 1171+0+0 (secure 0 0 0) 0x7f4440032940 con 0x7f444c1081c0
2024-09-05T00:59:59.295 INFO:teuthology.orchestra.run.smithi149.stdout:/usr/bin/ceph: stderr
2024-09-05T00:59:54.831+0000 7f444b7fe640 1 -- 172.21.15.149:0/1925845117 <== mon.0 v2:172.21.15.149:3300/0 3 ==== mon_map magic: 0 ==== 205+0+0 (secure 0 0 0) 0x7f44400308b0 con 0x7f444c1081c0
2024-09-05T00:59:59.295 INFO:teuthology.orchestra.run.smithi149.stdout:/usr/bin/ceph: stderr
2024-09-05T00:59:54.831+0000 7f4452aa6640 1 -- 172.21.15.149:0/1925845117 >> [v2:172.21.15.149:3300/0,v1:172.21.15.149:6789/0] conn(0x7f444c1081c0 msgr2=0x7f444c10a5b0 secure :-1 s=STATE_CONNECTION_ESTABLISHED l=1).mark_down
2024-09-05T00:59:59.295 INFO:teuthology.orchestra.run.smithi149.stdout:/usr/bin/ceph: stderr
2024-09-05T00:59:54.831+0000 7f4452aa6640 1 --2- 172.21.15.149:0/1925845117 >> [v2:172.21.15.149:3300/0,v1:172.21.15.149:6789/0] conn(0x7f444c1081c0 0x7f444c10a5b0 secure :-1 s=READY pgs=59 cs=0 l=1 rev1=1 crypto rx=0x7f4440009820 tx=0x7f444002a270 comp rx=0 tx=0).stop
2024-09-05T00:59:59.295 INFO:teuthology.orchestra.run.smithi149.stdout:/usr/bin/ceph: stderr
2024-09-05T00:59:54.831+0000 7f4452aa6640 1 -- 172.21.15.149:0/1925845117 shutdown_connections
2024-09-05T00:59:59.295 INFO:teuthology.orchestra.run.smithi149.stdout:/usr/bin/ceph: stderr
2024-09-05T00:59:54.831+0000 7f4452aa6640 1 --2- 172.21.15.149:0/1925845117 >> [v2:172.21.15.149:3300/0,v1:172.21.15.149:6789/0] conn(0x7f444c1081c0 0x7f444c10a5b0 unknown :-1 s=CLOSED pgs=59 cs=0 l=1 rev1=1 crypto rx=0 tx=0 comp rx=0 tx=0).stop
2024-09-05T00:59:59.295 INFO:teuthology.orchestra.run.smithi149.stdout:/usr/bin/ceph: stderr
2024-09-05T00:59:54.831+0000 7f4452aa6640 1 -- 172.21.15.149:0/1925845117 >> 172.21.15.149:0/1925845117 conn(0x7f444c101de0 msgr2=0x7f444c104220 unknown :-1 s=STATE_NONE l=0).mark_down
2024-09-05T00:59:59.295 INFO:teuthology.orchestra.run.smithi149.stdout:/usr/bin/ceph: stderr
2024-09-05T00:59:54.831+0000 7f4452aa6640 1 -- 172.21.15.149:0/1925845117 shutdown_connections
2024-09-05T00:59:59.295 INFO:teuthology.orchestra.run.smithi149.stdout:/usr/bin/ceph: stderr
2024-09-05T00:59:54.831+0000 7f4452aa6640 1 -- 172.21.15.149:0/1925845117 wait complete.
2024-09-05T00:59:59.295 INFO:teuthology.orchestra.run.smithi149.stdout:/usr/bin/ceph: stderr
2024-09-05T00:59:54.832+0000 7f4452aa6640 1 Processor -- start
2024-09-05T00:59:59.296 INFO:teuthology.orchestra.run.smithi149.stdout:/usr/bin/ceph: stderr
2024-09-05T00:59:54.832+0000 7f4452aa6640 1 -- start start
2024-09-05T00:59:59.296 INFO:teuthology.orchestra.run.smithi149.stdout:/usr/bin/ceph: stderr
2024-09-05T00:59:54.832+0000 7f4452aa6640 1 --2- >> [v2:172.21.15.149:3300/0,v1:172.21.15.149:6789/0] conn(0x7f444c1081c0 0x7f444c19b7c0 unknown :-1 s=NONE pgs=0 cs=0 l=1 rev1=0 crypto rx=0 tx=0 comp rx=0 tx=0).connect
2024-09-05T00:59:59.296 INFO:teuthology.orchestra.run.smithi149.stdout:/usr/bin/ceph: stderr
2024-09-05T00:59:54.832+0000 7f4452aa6640 1 -- --> [v2:172.21.15.149:3300/0,v1:172.21.15.149:6789/0] -- mon_getmap magic: 0 -- 0x7f444c10bbd0 con 0x7f444c1081c0
2024-09-05T00:59:59.296 INFO:teuthology.orchestra.run.smithi149.stdout:/usr/bin/ceph: stderr
2024-09-05T00:59:54.832+0000 7f4450842640 1 --2- >> [v2:172.21.15.149:3300/0,v1:172.21.15.149:6789/0] conn(0x7f444c1081c0 0x7f444c19b7c0 unknown :-1 s=BANNER_CONNECTING pgs=0 cs=0 l=1 rev1=0 crypto rx=0 tx=0 comp rx=0 tx=0)._handle_peer_banner_payload supported=3 required=0
2024-09-05T00:59:59.296 INFO:teuthology.orchestra.run.smithi149.stdout:/usr/bin/ceph: stderr
2024-09-05T00:59:54.832+0000 7f4450842640 1 --2- >> [v2:172.21.15.149:3300/0,v1:172.21.15.149:6789/0] conn(0x7f444c1081c0 0x7f444c19b7c0 unknown :-1 s=HELLO_CONNECTING pgs=0 cs=0 l=1 rev1=1 crypto rx=0 tx=0 comp rx=0 tx=0).handle_hello peer v2:172.21.15.149:3300/0 says I am v2:172.21.15.149:50718/0 (socket says 172.21.15.149:50718)
2024-09-05T00:59:59.296 INFO:teuthology.orchestra.run.smithi149.stdout:/usr/bin/ceph: stderr
2024-09-05T00:59:54.832+0000 7f4450842640 1 -- 172.21.15.149:0/3376839105 learned_addr learned my addr 172.21.15.149:0/3376839105 (peer_addr_for_me v2:172.21.15.149:0/0)
2024-09-05T00:59:59.296 INFO:teuthology.orchestra.run.smithi149.stdout:/usr/bin/ceph: stderr
2024-09-05T00:59:54.832+0000 7f4450842640 1 -- 172.21.15.149:0/3376839105 --> [v2:172.21.15.149:3300/0,v1:172.21.15.149:6789/0] -- mon_subscribe({config=0+,monmap=0+}) -- 0x7f444c19bd00 con 0x7f444c1081c0
2024-09-05T00:59:59.296 INFO:teuthology.orchestra.run.smithi149.stdout:/usr/bin/ceph: stderr
2024-09-05T00:59:54.833+0000 7f4450842640 1 --2- 172.21.15.149:0/3376839105 >> [v2:172.21.15.149:3300/0,v1:172.21.15.149:6789/0] conn(0x7f444c1081c0 0x7f444c19b7c0 secure :-1 s=READY pgs=60 cs=0 l=1 rev1=1 crypto rx=0x7f4440032670 tx=0x7f44400326a0 comp rx=0 tx=0).ready entity=mon.0 client_cookie=0 server_cookie=0 in_seq=0 out_seq=0
2024-09-05T00:59:59.296 INFO:teuthology.orchestra.run.smithi149.stdout:/usr/bin/ceph: stderr
2024-09-05T00:59:54.833+0000 7f4449ffb640 1 -- 172.21.15.149:0/3376839105 <== mon.0 v2:172.21.15.149:3300/0 1 ==== mon_map magic: 0 ==== 205+0+0 (secure 0 0 0) 0x7f4440042070 con 0x7f444c1081c0
2024-09-05T00:59:59.296 INFO:teuthology.orchestra.run.smithi149.stdout:/usr/bin/ceph: stderr
2024-09-05T00:59:54.833+0000 7f4452aa6640 1 -- 172.21.15.149:0/3376839105 --> [v2:172.21.15.149:3300/0,v1:172.21.15.149:6789/0] -- mon_subscribe({mgrmap=0+}) -- 0x7f444c19bf90 con 0x7f444c1081c0
2024-09-05T00:59:59.296 INFO:teuthology.orchestra.run.smithi149.stdout:/usr/bin/ceph: stderr
2024-09-05T00:59:54.833+0000 7f4449ffb640 1 -- 172.21.15.149:0/3376839105 <== mon.0 v2:172.21.15.149:3300/0 2 ==== config(28 keys) ==== 1171+0+0 (secure 0 0 0) 0x7f4440030e60 con 0x7f444c1081c0
2024-09-05T00:59:59.296 INFO:teuthology.orchestra.run.smithi149.stdout:/usr/bin/ceph: stderr
2024-09-05T00:59:54.833+0000 7f4449ffb640 1 -- 172.21.15.149:0/3376839105 <== mon.0 v2:172.21.15.149:3300/0 3 ==== mon_map magic: 0 ==== 205+0+0 (secure 0 0 0) 0x7f4440037040 con 0x7f444c1081c0
2024-09-05T00:59:59.296 INFO:teuthology.orchestra.run.smithi149.stdout:/usr/bin/ceph: stderr
2024-09-05T00:59:54.833+0000 7f4452aa6640 1 -- 172.21.15.149:0/3376839105 --> [v2:172.21.15.149:3300/0,v1:172.21.15.149:6789/0] -- mon_subscribe({osdmap=0}) -- 0x7f444c19ec80 con 0x7f444c1081c0
2024-09-05T00:59:59.296 INFO:teuthology.orchestra.run.smithi149.stdout:/usr/bin/ceph: stderr
2024-09-05T00:59:54.834+0000 7f4449ffb640 1 -- 172.21.15.149:0/3376839105 <== mon.0 v2:172.21.15.149:3300/0 4 ==== mgrmap(e 9) ==== 46300+0+0 (secure 0 0 0) 0x7f4440045070 con 0x7f444c1081c0
2024-09-05T00:59:59.297 INFO:teuthology.orchestra.run.smithi149.stdout:/usr/bin/ceph: stderr
2024-09-05T00:59:54.834+0000 7f4449ffb640 1 --2- 172.21.15.149:0/3376839105 >> [v2:172.21.15.149:6800/4257214395,v1:172.21.15.149:6801/4257214395] conn(0x7f443c038fc0 0x7f443c03b480 unknown :-1 s=NONE pgs=0 cs=0 l=1 rev1=0 crypto rx=0 tx=0 comp rx=0 tx=0).connect
2024-09-05T00:59:59.297 INFO:teuthology.orchestra.run.smithi149.stdout:/usr/bin/ceph: stderr
2024-09-05T00:59:54.834+0000 7f4449ffb640 1 -- 172.21.15.149:0/3376839105 --> [v2:172.21.15.149:6800/4257214395,v1:172.21.15.149:6801/4257214395] -- command(tid 0: {"prefix": "get_command_descriptions"}) -- 0x7f443c03bb90 con 0x7f443c038fc0
2024-09-05T00:59:59.297 INFO:teuthology.orchestra.run.smithi149.stdout:/usr/bin/ceph: stderr
2024-09-05T00:59:54.834+0000 7f4449ffb640 1 -- 172.21.15.149:0/3376839105 <== mon.0 v2:172.21.15.149:3300/0 5 ==== osd_map(2..2 src has 1..2) ==== 940+0+0 (secure 0 0 0) 0x7f444006c360 con 0x7f444c1081c0
2024-09-05T00:59:59.297 INFO:teuthology.orchestra.run.smithi149.stdout:/usr/bin/ceph: stderr
2024-09-05T00:59:54.834+0000 7f444bfff640 1 -- 172.21.15.149:0/3376839105 >> [v2:172.21.15.149:6800/4257214395,v1:172.21.15.149:6801/4257214395] conn(0x7f443c038fc0 msgr2=0x7f443c03b480 unknown :-1 s=STATE_CONNECTING_RE l=1).process reconnect failed to v2:172.21.15.149:6800/4257214395
2024-09-05T00:59:59.297 INFO:teuthology.orchestra.run.smithi149.stdout:/usr/bin/ceph: stderr
2024-09-05T00:59:54.834+0000 7f444bfff640 1 --2- 172.21.15.149:0/3376839105 >> [v2:172.21.15.149:6800/4257214395,v1:172.21.15.149:6801/4257214395] conn(0x7f443c038fc0 0x7f443c03b480 unknown :-1 s=START_CONNECT pgs=0 cs=0 l=1 rev1=0 crypto rx=0 tx=0 comp rx=0 tx=0)._fault waiting 0.200000
2024-09-05T00:59:59.297 INFO:teuthology.orchestra.run.smithi149.stdout:/usr/bin/ceph: stderr
2024-09-05T00:59:55.035+0000 7f444bfff640 1 -- 172.21.15.149:0/3376839105 >> [v2:172.21.15.149:6800/4257214395,v1:172.21.15.149:6801/4257214395] conn(0x7f443c038fc0 msgr2=0x7f443c03b480 unknown :-1 s=STATE_CONNECTING_RE l=1).process reconnect failed to v2:172.21.15.149:6800/4257214395
2024-09-05T00:59:59.297 INFO:teuthology.orchestra.run.smithi149.stdout:/usr/bin/ceph: stderr
2024-09-05T00:59:55.035+0000 7f444bfff640 1 --2- 172.21.15.149:0/3376839105 >> [v2:172.21.15.149:6800/4257214395,v1:172.21.15.149:6801/4257214395] conn(0x7f443c038fc0 0x7f443c03b480 unknown :-1 s=START_CONNECT pgs=0 cs=0 l=1 rev1=0 crypto rx=0 tx=0 comp rx=0 tx=0)._fault waiting 0.400000
2024-09-05T00:59:59.297 INFO:teuthology.orchestra.run.smithi149.stdout:/usr/bin/ceph: stderr
2024-09-05T00:59:55.436+0000 7f444bfff640 1 -- 172.21.15.149:0/3376839105 >> [v2:172.21.15.149:6800/4257214395,v1:172.21.15.149:6801/4257214395] conn(0x7f443c038fc0 msgr2=0x7f443c03b480 unknown :-1 s=STATE_CONNECTING_RE l=1).process reconnect failed to v2:172.21.15.149:6800/4257214395
2024-09-05T00:59:59.297 INFO:teuthology.orchestra.run.smithi149.stdout:/usr/bin/ceph: stderr
2024-09-05T00:59:55.436+0000 7f444bfff640 1 --2- 172.21.15.149:0/3376839105 >> [v2:172.21.15.149:6800/4257214395,v1:172.21.15.149:6801/4257214395] conn(0x7f443c038fc0 0x7f443c03b480 unknown :-1 s=START_CONNECT pgs=0 cs=0 l=1 rev1=0 crypto rx=0 tx=0 comp rx=0 tx=0)._fault waiting 0.800000
2024-09-05T00:59:59.297 INFO:teuthology.orchestra.run.smithi149.stdout:/usr/bin/ceph: stderr
2024-09-05T00:59:56.237+0000 7f444bfff640 1 -- 172.21.15.149:0/3376839105 >> [v2:172.21.15.149:6800/4257214395,v1:172.21.15.149:6801/4257214395] conn(0x7f443c038fc0 msgr2=0x7f443c03b480 unknown :-1 s=STATE_CONNECTING_RE l=1).process reconnect failed to v2:172.21.15.149:6800/4257214395
2024-09-05T00:59:59.297 INFO:teuthology.orchestra.run.smithi149.stdout:/usr/bin/ceph: stderr
2024-09-05T00:59:56.237+0000 7f444bfff640 1 --2- 172.21.15.149:0/3376839105 >> [v2:172.21.15.149:6800/4257214395,v1:172.21.15.149:6801/4257214395] conn(0x7f443c038fc0 0x7f443c03b480 unknown :-1 s=START_CONNECT pgs=0 cs=0 l=1 rev1=0 crypto rx=0 tx=0 comp rx=0 tx=0)._fault waiting 1.600000
2024-09-05T00:59:59.297 INFO:teuthology.orchestra.run.smithi149.stdout:/usr/bin/ceph: stderr
2024-09-05T00:59:57.485+0000 7f4449ffb640 1 -- 172.21.15.149:0/3376839105 <== mon.0 v2:172.21.15.149:3300/0 6 ==== mgrmap(e 10) ==== 46067+0+0 (secure 0 0 0) 0x7f444003cd20 con 0x7f444c1081c0
2024-09-05T00:59:59.297 INFO:teuthology.orchestra.run.smithi149.stdout:/usr/bin/ceph: stderr
2024-09-05T00:59:57.485+0000 7f4449ffb640 1 -- 172.21.15.149:0/3376839105 >> [v2:172.21.15.149:6800/4257214395,v1:172.21.15.149:6801/4257214395] conn(0x7f443c038fc0 msgr2=0x7f443c03b480 unknown :-1 s=STATE_CONNECTING l=1).mark_down
2024-09-05T00:59:59.297 INFO:teuthology.orchestra.run.smithi149.stdout:/usr/bin/ceph: stderr
2024-09-05T00:59:57.485+0000 7f4449ffb640 1 --2- 172.21.15.149:0/3376839105 >> [v2:172.21.15.149:6800/4257214395,v1:172.21.15.149:6801/4257214395] conn(0x7f443c038fc0 0x7f443c03b480 unknown :-1 s=START_CONNECT pgs=0 cs=0 l=1 rev1=0 crypto rx=0 tx=0 comp rx=0 tx=0).stop
2024-09-05T00:59:59.298 INFO:teuthology.orchestra.run.smithi149.stdout:/usr/bin/ceph: stderr
2024-09-05T00:59:58.486+0000 7f4449ffb640 1 -- 172.21.15.149:0/3376839105 <== mon.0 v2:172.21.15.149:3300/0 7 ==== mgrmap(e 11) ==== 46194+0+0 (secure 0 0 0) 0x7f4440007040 con 0x7f444c1081c0
2024-09-05T00:59:59.298 INFO:teuthology.orchestra.run.smithi149.stdout:/usr/bin/ceph: stderr
2024-09-05T00:59:58.486+0000 7f4449ffb640 1 --2- 172.21.15.149:0/3376839105 >> [v2:172.21.15.149:6800/2647181892,v1:172.21.15.149:6801/2647181892] conn(0x7f443c03ca80 0x7f443c03ee70 unknown :-1 s=NONE pgs=0 cs=0 l=1 rev1=0 crypto rx=0 tx=0 comp rx=0 tx=0).connect
2024-09-05T00:59:59.298 INFO:teuthology.orchestra.run.smithi149.stdout:/usr/bin/ceph: stderr
2024-09-05T00:59:58.487+0000 7f4449ffb640 1 -- 172.21.15.149:0/3376839105 --> [v2:172.21.15.149:6800/2647181892,v1:172.21.15.149:6801/2647181892] -- command(tid 0: {"prefix": "get_command_descriptions"}) -- 0x7f4440049e50 con 0x7f443c03ca80
2024-09-05T00:59:59.298 INFO:teuthology.orchestra.run.smithi149.stdout:/usr/bin/ceph: stderr
2024-09-05T00:59:58.487+0000 7f444bfff640 1 --2- 172.21.15.149:0/3376839105 >> [v2:172.21.15.149:6800/2647181892,v1:172.21.15.149:6801/2647181892] conn(0x7f443c03ca80 0x7f443c03ee70 unknown :-1 s=BANNER_CONNECTING pgs=0 cs=0 l=1 rev1=0 crypto rx=0 tx=0 comp rx=0 tx=0)._handle_peer_banner_payload supported=3 required=0
2024-09-05T00:59:59.298 INFO:teuthology.orchestra.run.smithi149.stdout:/usr/bin/ceph: stderr
2024-09-05T00:59:58.488+0000 7f444bfff640 1 --2- 172.21.15.149:0/3376839105 >> [v2:172.21.15.149:6800/2647181892,v1:172.21.15.149:6801/2647181892] conn(0x7f443c03ca80 0x7f443c03ee70 secure :-1 s=READY pgs=1 cs=0 l=1 rev1=1 crypto rx=0x7f4438003980 tx=0x7f4438006e10 comp rx=0 tx=0).ready entity=mgr.14150 client_cookie=0 server_cookie=0 in_seq=0 out_seq=0
2024-09-05T00:59:59.298 INFO:teuthology.orchestra.run.smithi149.stdout:/usr/bin/ceph: stderr
2024-09-05T00:59:58.488+0000 7f4449ffb640 1 -- 172.21.15.149:0/3376839105 <== mgr.14150 v2:172.21.15.149:6800/2647181892 1 ==== command_reply(tid 0: 0 ) ==== 8+0+9564 (secure 0 0 0) 0x7f4440049e50 con 0x7f443c03ca80
2024-09-05T00:59:59.298 INFO:teuthology.orchestra.run.smithi149.stdout:/usr/bin/ceph: stderr
2024-09-05T00:59:58.495+0000 7f4452aa6640 1 -- 172.21.15.149:0/3376839105 --> [v2:172.21.15.149:6800/2647181892,v1:172.21.15.149:6801/2647181892] -- command(tid 1: {"prefix": "mgr_status"}) -- 0x7f444c108620 con 0x7f443c03ca80
2024-09-05T00:59:59.298 INFO:teuthology.orchestra.run.smithi149.stdout:/usr/bin/ceph: stderr
2024-09-05T00:59:58.495+0000 7f4449ffb640 1 -- 172.21.15.149:0/3376839105 <== mgr.14150 v2:172.21.15.149:6800/2647181892 2 ==== command_reply(tid 1: 0 ) ==== 8+0+52 (secure 0 0 0) 0x7f444c108620 con 0x7f443c03ca80
2024-09-05T00:59:59.298 INFO:teuthology.orchestra.run.smithi149.stdout:/usr/bin/ceph: stderr
2024-09-05T00:59:58.496+0000 7f4452aa6640 1 -- 172.21.15.149:0/3376839105 >> [v2:172.21.15.149:6800/2647181892,v1:172.21.15.149:6801/2647181892] conn(0x7f443c03ca80 msgr2=0x7f443c03ee70 secure :-1 s=STATE_CONNECTION_ESTABLISHED l=1).mark_down
2024-09-05T00:59:59.298 INFO:teuthology.orchestra.run.smithi149.stdout:/usr/bin/ceph: stderr
2024-09-05T00:59:58.496+0000 7f4452aa6640 1 --2- 172.21.15.149:0/3376839105 >> [v2:172.21.15.149:6800/2647181892,v1:172.21.15.149:6801/2647181892] conn(0x7f443c03ca80 0x7f443c03ee70 secure :-1 s=READY pgs=1 cs=0 l=1 rev1=1 crypto rx=0x7f4438003980 tx=0x7f4438006e10 comp rx=0 tx=0).stop
2024-09-05T00:59:59.298 INFO:teuthology.orchestra.run.smithi149.stdout:/usr/bin/ceph: stderr
2024-09-05T00:59:58.496+0000 7f4452aa6640 1 -- 172.21.15.149:0/3376839105 >> [v2:172.21.15.149:3300/0,v1:172.21.15.149:6789/0] conn(0x7f444c1081c0 msgr2=0x7f444c19b7c0 secure :-1 s=STATE_CONNECTION_ESTABLISHED l=1).mark_down
2024-09-05T00:59:59.298 INFO:teuthology.orchestra.run.smithi149.stdout:/usr/bin/ceph: stderr
2024-09-05T00:59:58.496+0000 7f4452aa6640 1 --2- 172.21.15.149:0/3376839105 >> [v2:172.21.15.149:3300/0,v1:172.21.15.149:6789/0] conn(0x7f444c1081c0 0x7f444c19b7c0 secure :-1 s=READY pgs=60 cs=0 l=1 rev1=1 crypto rx=0x7f4440032670 tx=0x7f44400326a0 comp rx=0 tx=0).stop
2024-09-05T00:59:59.298 INFO:teuthology.orchestra.run.smithi149.stdout:/usr/bin/ceph: stderr
2024-09-05T00:59:58.496+0000 7f4452aa6640 1 -- 172.21.15.149:0/3376839105 shutdown_connections
2024-09-05T00:59:59.298 INFO:teuthology.orchestra.run.smithi149.stdout:/usr/bin/ceph: stderr
2024-09-05T00:59:58.496+0000 7f4452aa6640 1 --2- 172.21.15.149:0/3376839105 >> [v2:172.21.15.149:6800/2647181892,v1:172.21.15.149:6801/2647181892] conn(0x7f443c03ca80 0x7f443c03ee70 unknown :-1 s=CLOSED pgs=1 cs=0 l=1 rev1=1 crypto rx=0 tx=0 comp rx=0 tx=0).stop
2024-09-05T00:59:59.299 INFO:teuthology.orchestra.run.smithi149.stdout:/usr/bin/ceph: stderr
2024-09-05T00:59:58.496+0000 7f4452aa6640 1 --2- 172.21.15.149:0/3376839105 >> [v2:172.21.15.149:6800/4257214395,v1:172.21.15.149:6801/4257214395] conn(0x7f443c038fc0 0x7f443c03b480 unknown :-1 s=CLOSED pgs=0 cs=0 l=1 rev1=0 crypto rx=0 tx=0 comp rx=0 tx=0).stop
2024-09-05T00:59:59.299 INFO:teuthology.orchestra.run.smithi149.stdout:/usr/bin/ceph: stderr
2024-09-05T00:59:58.496+0000 7f4452aa6640 1 --2- 172.21.15.149:0/3376839105 >> [v2:172.21.15.149:3300/0,v1:172.21.15.149:6789/0] conn(0x7f444c1081c0 0x7f444c19b7c0 unknown :-1 s=CLOSED pgs=60 cs=0 l=1 rev1=1 crypto rx=0 tx=0 comp rx=0 tx=0).stop
2024-09-05T00:59:59.299 INFO:teuthology.orchestra.run.smithi149.stdout:/usr/bin/ceph: stderr
2024-09-05T00:59:58.496+0000 7f4452aa6640 1 -- 172.21.15.149:0/3376839105 >> 172.21.15.149:0/3376839105 conn(0x7f444c101de0 msgr2=0x7f444c1029e0 unknown :-1 s=STATE_NONE l=0).mark_down
2024-09-05T00:59:59.299 INFO:teuthology.orchestra.run.smithi149.stdout:/usr/bin/ceph: stderr
2024-09-05T00:59:58.496+0000 7f4452aa6640 1 -- 172.21.15.149:0/3376839105 shutdown_connections
2024-09-05T00:59:59.299 INFO:teuthology.orchestra.run.smithi149.stdout:/usr/bin/ceph: stderr
2024-09-05T00:59:58.496+0000 7f4452aa6640 1 -- 172.21.15.149:0/3376839105 wait complete.
2024-09-05T00:59:59.299 INFO:teuthology.orchestra.run.smithi149.stdout:mgr epoch 9 is available
2024-09-05T00:59:59.299 INFO:teuthology.orchestra.run.smithi149.stdout:Generating a dashboard self-signed certificate...
2024-09-05T00:59:59.585 INFO:journalctl@ceph.mon.a.smithi149.stdout:Sep 05 00:59:59 smithi149 ceph-mon[31691]: from='client.14154 -' entity='client.admin' cmd=[{"prefix": "get_command_descriptions"}]: dispatch
2024-09-05T00:59:59.585 INFO:journalctl@ceph.mon.a.smithi149.stdout:Sep 05 00:59:59 smithi149 ceph-mon[31691]: mgrmap e11: x(active, since 1.00617s)
2024-09-05T00:59:59.585 INFO:journalctl@ceph.mon.a.smithi149.stdout:Sep 05 00:59:59 smithi149 ceph-mon[31691]: from='client.14154 -' entity='client.admin' cmd=[{"prefix": "mgr_status"}]: dispatch
2024-09-05T00:59:59.585 INFO:journalctl@ceph.mgr.x.smithi149.stdout:Sep 05 00:59:59 smithi149 ceph-eb9173b4-6b21-11ef-bcd6-c7b262605968-mgr-x[31918]:
2024-09-05T00:59:59.362+0000 7f8aca8c6640 -1 log_channel(cephadm) log [ERR] : [05/Sep/2024:00:59:59] ENGINE Error in HTTPServer.serve
2024-09-05T00:59:59.585 INFO:journalctl@ceph.mgr.x.smithi149.stdout:Sep 05 00:59:59 smithi149 ceph-eb9173b4-6b21-11ef-bcd6-c7b262605968-mgr-x[31918]: Traceback (most recent call last):
2024-09-05T00:59:59.585 INFO:journalctl@ceph.mgr.x.smithi149.stdout:Sep 05 00:59:59 smithi149 ceph-eb9173b4-6b21-11ef-bcd6-c7b262605968-mgr-x[31918]: File "/lib/python3.9/site-packages/cheroot/server.py", line 1823, in serve
2024-09-05T00:59:59.586 INFO:journalctl@ceph.mgr.x.smithi149.stdout:Sep 05 00:59:59 smithi149 ceph-eb9173b4-6b21-11ef-bcd6-c7b262605968-mgr-x[31918]: self._connections.run(self.expiration_interval)
2024-09-05T00:59:59.586 INFO:journalctl@ceph.mgr.x.smithi149.stdout:Sep 05 00:59:59 smithi149 ceph-eb9173b4-6b21-11ef-bcd6-c7b262605968-mgr-x[31918]: File "/lib/python3.9/site-packages/cheroot/connections.py", line 203, in run
2024-09-05T00:59:59.586 INFO:journalctl@ceph.mgr.x.smithi149.stdout:Sep 05 00:59:59 smithi149 ceph-eb9173b4-6b21-11ef-bcd6-c7b262605968-mgr-x[31918]: self._run(expiration_interval)
2024-09-05T00:59:59.586 INFO:journalctl@ceph.mgr.x.smithi149.stdout:Sep 05 00:59:59 smithi149 ceph-eb9173b4-6b21-11ef-bcd6-c7b262605968-mgr-x[31918]: File "/lib/python3.9/site-packages/cheroot/connections.py", line 246, in _run
2024-09-05T00:59:59.586 INFO:journalctl@ceph.mgr.x.smithi149.stdout:Sep 05 00:59:59 smithi149 ceph-eb9173b4-6b21-11ef-bcd6-c7b262605968-mgr-x[31918]: new_conn = self._from_server_socket(self.server.socket)
2024-09-05T00:59:59.586 INFO:journalctl@ceph.mgr.x.smithi149.stdout:Sep 05 00:59:59 smithi149 ceph-eb9173b4-6b21-11ef-bcd6-c7b262605968-mgr-x[31918]: File "/lib/python3.9/site-packages/cheroot/connections.py", line 300, in _from_server_socket
2024-09-05T00:59:59.586 INFO:journalctl@ceph.mgr.x.smithi149.stdout:Sep 05 00:59:59 smithi149 ceph-eb9173b4-6b21-11ef-bcd6-c7b262605968-mgr-x[31918]: s, ssl_env = self.server.ssl_adapter.wrap(s)
2024-09-05T00:59:59.586 INFO:journalctl@ceph.mgr.x.smithi149.stdout:Sep 05 00:59:59 smithi149 ceph-eb9173b4-6b21-11ef-bcd6-c7b262605968-mgr-x[31918]: File "/lib/python3.9/site-packages/cheroot/ssl/builtin.py", line 277, in wrap
2024-09-05T00:59:59.586 INFO:journalctl@ceph.mgr.x.smithi149.stdout:Sep 05 00:59:59 smithi149 ceph-eb9173b4-6b21-11ef-bcd6-c7b262605968-mgr-x[31918]: s = self.context.wrap_socket(
2024-09-05T00:59:59.586 INFO:journalctl@ceph.mgr.x.smithi149.stdout:Sep 05 00:59:59 smithi149 ceph-eb9173b4-6b21-11ef-bcd6-c7b262605968-mgr-x[31918]: File "/lib64/python3.9/ssl.py", line 501, in wrap_socket
2024-09-05T00:59:59.586 INFO:journalctl@ceph.mgr.x.smithi149.stdout:Sep 05 00:59:59 smithi149 ceph-eb9173b4-6b21-11ef-bcd6-c7b262605968-mgr-x[31918]: return self.sslsocket_class._create(
2024-09-05T00:59:59.586 INFO:journalctl@ceph.mgr.x.smithi149.stdout:Sep 05 00:59:59 smithi149 ceph-eb9173b4-6b21-11ef-bcd6-c7b262605968-mgr-x[31918]: File "/lib64/python3.9/ssl.py", line 1074, in _create
2024-09-05T00:59:59.586 INFO:journalctl@ceph.mgr.x.smithi149.stdout:Sep 05 00:59:59 smithi149 ceph-eb9173b4-6b21-11ef-bcd6-c7b262605968-mgr-x[31918]: self.do_handshake()
2024-09-05T00:59:59.587 INFO:journalctl@ceph.mgr.x.smithi149.stdout:Sep 05 00:59:59 smithi149 ceph-eb9173b4-6b21-11ef-bcd6-c7b262605968-mgr-x[31918]: File "/lib64/python3.9/ssl.py", line 1343, in do_handshake
2024-09-05T00:59:59.587 INFO:journalctl@ceph.mgr.x.smithi149.stdout:Sep 05 00:59:59 smithi149 ceph-eb9173b4-6b21-11ef-bcd6-c7b262605968-mgr-x[31918]: self._sslobj.do_handshake()
2024-09-05T00:59:59.587 INFO:journalctl@ceph.mgr.x.smithi149.stdout:Sep 05 00:59:59 smithi149 ceph-eb9173b4-6b21-11ef-bcd6-c7b262605968-mgr-x[31918]: ssl.SSLZeroReturnError: TLS/SSL connection has been closed (EOF) (_ssl.c:1133)
2024-09-05T00:59:59.587 INFO:journalctl@ceph.mgr.x.smithi149.stdout:Sep 05 00:59:59 smithi149 ceph-eb9173b4-6b21-11ef-bcd6-c7b262605968-mgr-x[31918]:
2024-09-05T01:00:00.662 INFO:teuthology.orchestra.run.smithi149.stdout:/usr/bin/ceph: stdout Self-signed certificate created
2024-09-05T01:00:00.662 INFO:teuthology.orchestra.run.smithi149.stdout:/usr/bin/ceph: stderr
2024-09-05T00:59:59.686+0000 7f99f3bbd640 1 Processor -- start
2024-09-05T01:00:00.662 INFO:teuthology.orchestra.run.smithi149.stdout:/usr/bin/ceph: stderr
2024-09-05T00:59:59.686+0000 7f99f3bbd640 1 -- start start
2024-09-05T01:00:00.662 INFO:teuthology.orchestra.run.smithi149.stdout:/usr/bin/ceph: stderr
2024-09-05T00:59:59.686+0000 7f99f3bbd640 1 --2- >> [v2:172.21.15.149:3300/0,v1:172.21.15.149:6789/0] conn(0x7f99ec1065f0 0x7f99ec1069f0 unknown :-1 s=NONE pgs=0 cs=0 l=0 rev1=0 crypto rx=0 tx=0 comp rx=0 tx=0).connect
2024-09-05T01:00:00.662 INFO:teuthology.orchestra.run.smithi149.stdout:/usr/bin/ceph: stderr
2024-09-05T00:59:59.686+0000 7f99f3bbd640 1 -- --> [v2:172.21.15.149:3300/0,v1:172.21.15.149:6789/0] -- mon_getmap magic: 0 -- 0x7f99ec106fc0 con 0x7f99ec1065f0
2024-09-05T01:00:00.662 INFO:teuthology.orchestra.run.smithi149.stdout:/usr/bin/ceph: stderr
2024-09-05T00:59:59.687+0000 7f99f1959640 1 --2- >> [v2:172.21.15.149:3300/0,v1:172.21.15.149:6789/0] conn(0x7f99ec1065f0 0x7f99ec1069f0 unknown :-1 s=BANNER_CONNECTING pgs=0 cs=0 l=0 rev1=0 crypto rx=0 tx=0 comp rx=0 tx=0)._handle_peer_banner_payload supported=3 required=0
2024-09-05T01:00:00.662 INFO:teuthology.orchestra.run.smithi149.stdout:/usr/bin/ceph: stderr
2024-09-05T00:59:59.687+0000 7f99f1959640 1 --2- >> [v2:172.21.15.149:3300/0,v1:172.21.15.149:6789/0] conn(0x7f99ec1065f0 0x7f99ec1069f0 unknown :-1 s=HELLO_CONNECTING pgs=0 cs=0 l=0 rev1=1 crypto rx=0 tx=0 comp rx=0 tx=0).handle_hello peer v2:172.21.15.149:3300/0 says I am v2:172.21.15.149:50784/0 (socket says 172.21.15.149:50784)
2024-09-05T01:00:00.663 INFO:teuthology.orchestra.run.smithi149.stdout:/usr/bin/ceph: stderr
2024-09-05T00:59:59.687+0000 7f99f1959640 1 -- 172.21.15.149:0/2767972378 learned_addr learned my addr 172.21.15.149:0/2767972378 (peer_addr_for_me v2:172.21.15.149:0/0)
2024-09-05T01:00:00.663 INFO:teuthology.orchestra.run.smithi149.stdout:/usr/bin/ceph: stderr
2024-09-05T00:59:59.687+0000 7f99f1959640 1 -- 172.21.15.149:0/2767972378 --> [v2:172.21.15.149:3300/0,v1:172.21.15.149:6789/0] -- mon_subscribe({config=0+,monmap=0+}) -- 0x7f99ec1077f0 con 0x7f99ec1065f0
2024-09-05T01:00:00.663 INFO:teuthology.orchestra.run.smithi149.stdout:/usr/bin/ceph: stderr
2024-09-05T00:59:59.688+0000 7f99f1959640 1 --2- 172.21.15.149:0/2767972378 >> [v2:172.21.15.149:3300/0,v1:172.21.15.149:6789/0] conn(0x7f99ec1065f0 0x7f99ec1069f0 secure :-1 s=READY pgs=68 cs=0 l=1 rev1=1 crypto rx=0x7f99e8009820 tx=0x7f99e802a270 comp rx=0 tx=0).ready entity=mon.0 client_cookie=67f3fed767f1a3ab server_cookie=0 in_seq=0 out_seq=0
2024-09-05T01:00:00.663 INFO:teuthology.orchestra.run.smithi149.stdout:/usr/bin/ceph: stderr
2024-09-05T00:59:59.688+0000 7f99f0957640 1 -- 172.21.15.149:0/2767972378 <== mon.0 v2:172.21.15.149:3300/0 1 ==== mon_map magic: 0 ==== 205+0+0 (secure 0 0 0) 0x7f99e8037070 con 0x7f99ec1065f0
2024-09-05T01:00:00.663 INFO:teuthology.orchestra.run.smithi149.stdout:/usr/bin/ceph: stderr
2024-09-05T00:59:59.688+0000 7f99f0957640 1 -- 172.21.15.149:0/2767972378 <== mon.0 v2:172.21.15.149:3300/0 2 ==== config(28 keys) ==== 1171+0+0 (secure 0 0 0) 0x7f99e8032940 con 0x7f99ec1065f0
2024-09-05T01:00:00.663 INFO:teuthology.orchestra.run.smithi149.stdout:/usr/bin/ceph: stderr
2024-09-05T00:59:59.688+0000 7f99f0957640 1 -- 172.21.15.149:0/2767972378 <== mon.0 v2:172.21.15.149:3300/0 3 ==== mon_map magic: 0 ==== 205+0+0 (secure 0 0 0) 0x7f99e80308b0 con 0x7f99ec1065f0
2024-09-05T01:00:00.663 INFO:teuthology.orchestra.run.smithi149.stdout:/usr/bin/ceph: stderr
2024-09-05T00:59:59.688+0000 7f99f3bbd640 1 -- 172.21.15.149:0/2767972378 >> [v2:172.21.15.149:3300/0,v1:172.21.15.149:6789/0] conn(0x7f99ec1065f0 msgr2=0x7f99ec1069f0 secure :-1 s=STATE_CONNECTION_ESTABLISHED l=1).mark_down
2024-09-05T01:00:00.663 INFO:teuthology.orchestra.run.smithi149.stdout:/usr/bin/ceph: stderr
2024-09-05T00:59:59.688+0000 7f99f3bbd640 1 --2- 172.21.15.149:0/2767972378 >> [v2:172.21.15.149:3300/0,v1:172.21.15.149:6789/0] conn(0x7f99ec1065f0 0x7f99ec1069f0 secure :-1 s=READY pgs=68 cs=0 l=1 rev1=1 crypto rx=0x7f99e8009820 tx=0x7f99e802a270 comp rx=0 tx=0).stop
2024-09-05T01:00:00.663 INFO:teuthology.orchestra.run.smithi149.stdout:/usr/bin/ceph: stderr
2024-09-05T00:59:59.688+0000 7f99f3bbd640 1 -- 172.21.15.149:0/2767972378 shutdown_connections
2024-09-05T01:00:00.663 INFO:teuthology.orchestra.run.smithi149.stdout:/usr/bin/ceph: stderr
2024-09-05T00:59:59.688+0000 7f99f3bbd640 1 --2- 172.21.15.149:0/2767972378 >> [v2:172.21.15.149:3300/0,v1:172.21.15.149:6789/0] conn(0x7f99ec1065f0 0x7f99ec1069f0 unknown :-1 s=CLOSED pgs=68 cs=0 l=1 rev1=1 crypto rx=0 tx=0 comp rx=0 tx=0).stop
2024-09-05T01:00:00.663 INFO:teuthology.orchestra.run.smithi149.stdout:/usr/bin/ceph: stderr
2024-09-05T00:59:59.688+0000 7f99f3bbd640 1 -- 172.21.15.149:0/2767972378 >> 172.21.15.149:0/2767972378 conn(0x7f99ec101e20 msgr2=0x7f99ec104240 unknown :-1 s=STATE_NONE l=0).mark_down
2024-09-05T01:00:00.664 INFO:teuthology.orchestra.run.smithi149.stdout:/usr/bin/ceph: stderr
2024-09-05T00:59:59.689+0000 7f99f3bbd640 1 -- 172.21.15.149:0/2767972378 shutdown_connections
2024-09-05T01:00:00.664 INFO:teuthology.orchestra.run.smithi149.stdout:/usr/bin/ceph: stderr
2024-09-05T00:59:59.689+0000 7f99f3bbd640 1 -- 172.21.15.149:0/2767972378 wait complete.
2024-09-05T01:00:00.664 INFO:teuthology.orchestra.run.smithi149.stdout:/usr/bin/ceph: stderr
2024-09-05T00:59:59.689+0000 7f99f3bbd640 1 Processor -- start
2024-09-05T01:00:00.664 INFO:teuthology.orchestra.run.smithi149.stdout:/usr/bin/ceph: stderr
2024-09-05T00:59:59.689+0000 7f99f3bbd640 1 -- start start
2024-09-05T01:00:00.664 INFO:teuthology.orchestra.run.smithi149.stdout:/usr/bin/ceph: stderr
2024-09-05T00:59:59.689+0000 7f99f3bbd640 1 --2- >> [v2:172.21.15.149:3300/0,v1:172.21.15.149:6789/0] conn(0x7f99ec1065f0 0x7f99ec191880 unknown :-1 s=NONE pgs=0 cs=0 l=1 rev1=0 crypto rx=0 tx=0 comp rx=0 tx=0).connect
2024-09-05T01:00:00.664 INFO:teuthology.orchestra.run.smithi149.stdout:/usr/bin/ceph: stderr
2024-09-05T00:59:59.689+0000 7f99f3bbd640 1 -- --> [v2:172.21.15.149:3300/0,v1:172.21.15.149:6789/0] -- mon_getmap magic: 0 -- 0x7f99ec10aba0 con 0x7f99ec1065f0
2024-09-05T01:00:00.664 INFO:teuthology.orchestra.run.smithi149.stdout:/usr/bin/ceph: stderr
2024-09-05T00:59:59.689+0000 7f99f1959640 1 --2- >> [v2:172.21.15.149:3300/0,v1:172.21.15.149:6789/0] conn(0x7f99ec1065f0 0x7f99ec191880 unknown :-1 s=BANNER_CONNECTING pgs=0 cs=0 l=1 rev1=0 crypto rx=0 tx=0 comp rx=0 tx=0)._handle_peer_banner_payload supported=3 required=0
2024-09-05T01:00:00.664 INFO:teuthology.orchestra.run.smithi149.stdout:/usr/bin/ceph: stderr
2024-09-05T00:59:59.689+0000 7f99f1959640 1 --2- >> [v2:172.21.15.149:3300/0,v1:172.21.15.149:6789/0] conn(0x7f99ec1065f0 0x7f99ec191880 unknown :-1 s=HELLO_CONNECTING pgs=0 cs=0 l=1 rev1=1 crypto rx=0 tx=0 comp rx=0 tx=0).handle_hello peer v2:172.21.15.149:3300/0 says I am v2:172.21.15.149:50792/0 (socket says 172.21.15.149:50792)
2024-09-05T01:00:00.664 INFO:teuthology.orchestra.run.smithi149.stdout:/usr/bin/ceph: stderr
2024-09-05T00:59:59.689+0000 7f99f1959640 1 -- 172.21.15.149:0/2039227027 learned_addr learned my addr 172.21.15.149:0/2039227027 (peer_addr_for_me v2:172.21.15.149:0/0)
2024-09-05T01:00:00.664 INFO:teuthology.orchestra.run.smithi149.stdout:/usr/bin/ceph: stderr
2024-09-05T00:59:59.690+0000 7f99f1959640 1 -- 172.21.15.149:0/2039227027 --> [v2:172.21.15.149:3300/0,v1:172.21.15.149:6789/0] -- mon_subscribe({config=0+,monmap=0+}) -- 0x7f99ec191dc0 con 0x7f99ec1065f0
2024-09-05T01:00:00.664 INFO:teuthology.orchestra.run.smithi149.stdout:/usr/bin/ceph: stderr
2024-09-05T00:59:59.690+0000 7f99f1959640 1 --2- 172.21.15.149:0/2039227027 >> [v2:172.21.15.149:3300/0,v1:172.21.15.149:6789/0] conn(0x7f99ec1065f0 0x7f99ec191880 secure :-1 s=READY pgs=69 cs=0 l=1 rev1=1 crypto rx=0x7f99e80097f0 tx=0x7f99e8032670 comp rx=0 tx=0).ready entity=mon.0 client_cookie=0 server_cookie=0 in_seq=0 out_seq=0
2024-09-05T01:00:00.664 INFO:teuthology.orchestra.run.smithi149.stdout:/usr/bin/ceph: stderr
2024-09-05T00:59:59.690+0000 7f99e2ffd640 1 -- 172.21.15.149:0/2039227027 <== mon.0 v2:172.21.15.149:3300/0 1 ==== mon_map magic: 0 ==== 205+0+0 (secure 0 0 0) 0x7f99e8042070 con 0x7f99ec1065f0
2024-09-05T01:00:00.664 INFO:teuthology.orchestra.run.smithi149.stdout:/usr/bin/ceph: stderr
2024-09-05T00:59:59.690+0000 7f99e2ffd640 1 -- 172.21.15.149:0/2039227027 <== mon.0 v2:172.21.15.149:3300/0 2 ==== config(28 keys) ==== 1171+0+0 (secure 0 0 0) 0x7f99e8030e80 con 0x7f99ec1065f0
2024-09-05T01:00:00.665 INFO:teuthology.orchestra.run.smithi149.stdout:/usr/bin/ceph: stderr
2024-09-05T00:59:59.690+0000 7f99f3bbd640 1 -- 172.21.15.149:0/2039227027 --> [v2:172.21.15.149:3300/0,v1:172.21.15.149:6789/0] -- mon_subscribe({mgrmap=0+}) -- 0x7f99ec18ffb0 con 0x7f99ec1065f0
2024-09-05T01:00:00.665 INFO:teuthology.orchestra.run.smithi149.stdout:/usr/bin/ceph: stderr
2024-09-05T00:59:59.690+0000 7f99e2ffd640 1 -- 172.21.15.149:0/2039227027 <== mon.0 v2:172.21.15.149:3300/0 3 ==== mon_map magic: 0 ==== 205+0+0 (secure 0 0 0) 0x7f99e8037040 con 0x7f99ec1065f0
2024-09-05T01:00:00.665 INFO:teuthology.orchestra.run.smithi149.stdout:/usr/bin/ceph: stderr
2024-09-05T00:59:59.690+0000 7f99f3bbd640 1 -- 172.21.15.149:0/2039227027 --> [v2:172.21.15.149:3300/0,v1:172.21.15.149:6789/0] -- mon_subscribe({osdmap=0}) -- 0x7f99ec1904f0 con 0x7f99ec1065f0
2024-09-05T01:00:00.665 INFO:teuthology.orchestra.run.smithi149.stdout:/usr/bin/ceph: stderr
2024-09-05T00:59:59.691+0000 7f99e2ffd640 1 -- 172.21.15.149:0/2039227027 <== mon.0 v2:172.21.15.149:3300/0 4 ==== mgrmap(e 12) ==== 46300+0+0 (secure 0 0 0) 0x7f99e8045070 con 0x7f99ec1065f0
2024-09-05T01:00:00.665 INFO:teuthology.orchestra.run.smithi149.stdout:/usr/bin/ceph: stderr
2024-09-05T00:59:59.691+0000 7f99f3bbd640 1 -- 172.21.15.149:0/2039227027 --> [v2:172.21.15.149:3300/0,v1:172.21.15.149:6789/0] -- mon_command({"prefix": "get_command_descriptions"} v 0) -- 0x7f99ec106a70 con 0x7f99ec1065f0
2024-09-05T01:00:00.665 INFO:teuthology.orchestra.run.smithi149.stdout:/usr/bin/ceph: stderr
2024-09-05T00:59:59.691+0000 7f99e2ffd640 1 --2- 172.21.15.149:0/2039227027 >> [v2:172.21.15.149:6800/2647181892,v1:172.21.15.149:6801/2647181892] conn(0x7f99d8039020 0x7f99d803b4e0 unknown :-1 s=NONE pgs=0 cs=0 l=1 rev1=0 crypto rx=0 tx=0 comp rx=0 tx=0).connect
2024-09-05T01:00:00.665 INFO:teuthology.orchestra.run.smithi149.stdout:/usr/bin/ceph: stderr
2024-09-05T00:59:59.692+0000 7f99e2ffd640 1 -- 172.21.15.149:0/2039227027 <== mon.0 v2:172.21.15.149:3300/0 5 ==== osd_map(3..3 src has 1..3) ==== 1155+0+0 (secure 0 0 0) 0x7f99e806c150 con 0x7f99ec1065f0
