2024-09-05T01:00:00.665 INFO:teuthology.orchestra.run.smithi149.stdout:/usr/bin/ceph: stderr
2024-09-05T00:59:59.692+0000 7f99f1158640 1 --2- 172.21.15.149:0/2039227027 >> [v2:172.21.15.149:6800/2647181892,v1:172.21.15.149:6801/2647181892] conn(0x7f99d8039020 0x7f99d803b4e0 unknown :-1 s=BANNER_CONNECTING pgs=0 cs=0 l=1 rev1=0 crypto rx=0 tx=0 comp rx=0 tx=0)._handle_peer_banner_payload supported=3 required=0
2024-09-05T01:00:00.665 INFO:teuthology.orchestra.run.smithi149.stdout:/usr/bin/ceph: stderr
2024-09-05T00:59:59.692+0000 7f99f1158640 1 --2- 172.21.15.149:0/2039227027 >> [v2:172.21.15.149:6800/2647181892,v1:172.21.15.149:6801/2647181892] conn(0x7f99d8039020 0x7f99d803b4e0 secure :-1 s=READY pgs=7 cs=0 l=1 rev1=1 crypto rx=0x7f99dc0098c0 tx=0x7f99dc006db0 comp rx=0 tx=0).ready entity=mgr.14150 client_cookie=0 server_cookie=0 in_seq=0 out_seq=0
2024-09-05T01:00:00.665 INFO:teuthology.orchestra.run.smithi149.stdout:/usr/bin/ceph: stderr
2024-09-05T00:59:59.696+0000 7f99e2ffd640 1 -- 172.21.15.149:0/2039227027 <== mon.0 v2:172.21.15.149:3300/0 6 ==== mon_command_ack([{"prefix": "get_command_descriptions"}]=0 v0) ==== 72+0+188821 (secure 0 0 0) 0x7f99e804b170 con 0x7f99ec1065f0
2024-09-05T01:00:00.665 INFO:teuthology.orchestra.run.smithi149.stdout:/usr/bin/ceph: stderr
2024-09-05T00:59:59.887+0000 7f99f3bbd640 1 -- 172.21.15.149:0/2039227027 --> [v2:172.21.15.149:6800/2647181892,v1:172.21.15.149:6801/2647181892] -- mgr_command(tid 0: {"prefix": "dashboard create-self-signed-cert", "target": ["mon-mgr", ""]}) -- 0x7f99ec195640 con 0x7f99d8039020
2024-09-05T01:00:00.665 INFO:teuthology.orchestra.run.smithi149.stdout:/usr/bin/ceph: stderr
2024-09-05T00:59:59.962+0000 7f99e2ffd640 1 -- 172.21.15.149:0/2039227027 <== mgr.14150 v2:172.21.15.149:6800/2647181892 1 ==== mgr_command_reply(tid 0: 0 ) ==== 8+0+32 (secure 0 0 0) 0x7f99ec195640 con 0x7f99d8039020
2024-09-05T01:00:00.665 INFO:teuthology.orchestra.run.smithi149.stdout:/usr/bin/ceph: stderr
2024-09-05T00:59:59.964+0000 7f99f3bbd640 1 -- 172.21.15.149:0/2039227027 >> [v2:172.21.15.149:6800/2647181892,v1:172.21.15.149:6801/2647181892] conn(0x7f99d8039020 msgr2=0x7f99d803b4e0 secure :-1 s=STATE_CONNECTION_ESTABLISHED l=1).mark_down
2024-09-05T01:00:00.666 INFO:teuthology.orchestra.run.smithi149.stdout:/usr/bin/ceph: stderr
2024-09-05T00:59:59.964+0000 7f99f3bbd640 1 --2- 172.21.15.149:0/2039227027 >> [v2:172.21.15.149:6800/2647181892,v1:172.21.15.149:6801/2647181892] conn(0x7f99d8039020 0x7f99d803b4e0 secure :-1 s=READY pgs=7 cs=0 l=1 rev1=1 crypto rx=0x7f99dc0098c0 tx=0x7f99dc006db0 comp rx=0 tx=0).stop
2024-09-05T01:00:00.666 INFO:teuthology.orchestra.run.smithi149.stdout:/usr/bin/ceph: stderr
2024-09-05T00:59:59.964+0000 7f99f3bbd640 1 -- 172.21.15.149:0/2039227027 >> [v2:172.21.15.149:3300/0,v1:172.21.15.149:6789/0] conn(0x7f99ec1065f0 msgr2=0x7f99ec191880 secure :-1 s=STATE_CONNECTION_ESTABLISHED l=1).mark_down
2024-09-05T01:00:00.666 INFO:teuthology.orchestra.run.smithi149.stdout:/usr/bin/ceph: stderr
2024-09-05T00:59:59.964+0000 7f99f3bbd640 1 --2- 172.21.15.149:0/2039227027 >> [v2:172.21.15.149:3300/0,v1:172.21.15.149:6789/0] conn(0x7f99ec1065f0 0x7f99ec191880 secure :-1 s=READY pgs=69 cs=0 l=1 rev1=1 crypto rx=0x7f99e80097f0 tx=0x7f99e8032670 comp rx=0 tx=0).stop
2024-09-05T01:00:00.666 INFO:teuthology.orchestra.run.smithi149.stdout:/usr/bin/ceph: stderr
2024-09-05T00:59:59.964+0000 7f99f3bbd640 1 -- 172.21.15.149:0/2039227027 shutdown_connections
2024-09-05T01:00:00.666 INFO:teuthology.orchestra.run.smithi149.stdout:/usr/bin/ceph: stderr
2024-09-05T00:59:59.965+0000 7f99f3bbd640 1 --2- 172.21.15.149:0/2039227027 >> [v2:172.21.15.149:6800/2647181892,v1:172.21.15.149:6801/2647181892] conn(0x7f99d8039020 0x7f99d803b4e0 unknown :-1 s=CLOSED pgs=7 cs=0 l=1 rev1=1 crypto rx=0 tx=0 comp rx=0 tx=0).stop
2024-09-05T01:00:00.666 INFO:teuthology.orchestra.run.smithi149.stdout:/usr/bin/ceph: stderr
2024-09-05T00:59:59.965+0000 7f99f3bbd640 1 --2- 172.21.15.149:0/2039227027 >> [v2:172.21.15.149:3300/0,v1:172.21.15.149:6789/0] conn(0x7f99ec1065f0 0x7f99ec191880 unknown :-1 s=CLOSED pgs=69 cs=0 l=1 rev1=1 crypto rx=0 tx=0 comp rx=0 tx=0).stop
2024-09-05T01:00:00.666 INFO:teuthology.orchestra.run.smithi149.stdout:/usr/bin/ceph: stderr
2024-09-05T00:59:59.965+0000 7f99f3bbd640 1 -- 172.21.15.149:0/2039227027 >> 172.21.15.149:0/2039227027 conn(0x7f99ec101e20 msgr2=0x7f99ec102dc0 unknown :-1 s=STATE_NONE l=0).mark_down
2024-09-05T01:00:00.666 INFO:teuthology.orchestra.run.smithi149.stdout:/usr/bin/ceph: stderr
2024-09-05T00:59:59.965+0000 7f99f3bbd640 1 -- 172.21.15.149:0/2039227027 shutdown_connections
2024-09-05T01:00:00.666 INFO:teuthology.orchestra.run.smithi149.stdout:/usr/bin/ceph: stderr
2024-09-05T00:59:59.965+0000 7f99f3bbd640 1 -- 172.21.15.149:0/2039227027 wait complete.
2024-09-05T01:00:00.666 INFO:teuthology.orchestra.run.smithi149.stdout:Creating initial admin user...
2024-09-05T01:00:00.781 INFO:journalctl@ceph.mon.a.smithi149.stdout:Sep 05 01:00:00 smithi149 ceph-mon[31691]: [05/Sep/2024:00:59:59] ENGINE Bus STARTING
2024-09-05T01:00:00.781 INFO:journalctl@ceph.mon.a.smithi149.stdout:Sep 05 01:00:00 smithi149 ceph-mon[31691]: [05/Sep/2024:00:59:59] ENGINE Serving on https://172.21.15.149:7150
2024-09-05T01:00:00.781 INFO:journalctl@ceph.mon.a.smithi149.stdout:Sep 05 01:00:00 smithi149 ceph-mon[31691]: [05/Sep/2024:00:59:59] ENGINE Error in HTTPServer.serve
2024-09-05T01:00:00.781 INFO:journalctl@ceph.mon.a.smithi149.stdout: Traceback (most recent call last):
2024-09-05T01:00:00.781 INFO:journalctl@ceph.mon.a.smithi149.stdout: File "/lib/python3.9/site-packages/cheroot/server.py", line 1823, in serve
2024-09-05T01:00:00.782 INFO:journalctl@ceph.mon.a.smithi149.stdout: self._connections.run(self.expiration_interval)
2024-09-05T01:00:00.782 INFO:journalctl@ceph.mon.a.smithi149.stdout: File "/lib/python3.9/site-packages/cheroot/connections.py", line 203, in run
2024-09-05T01:00:00.782 INFO:journalctl@ceph.mon.a.smithi149.stdout: self._run(expiration_interval)
2024-09-05T01:00:00.782 INFO:journalctl@ceph.mon.a.smithi149.stdout: File "/lib/python3.9/site-packages/cheroot/connections.py", line 246, in _run
2024-09-05T01:00:00.782 INFO:journalctl@ceph.mon.a.smithi149.stdout: new_conn = self._from_server_socket(self.server.socket)
2024-09-05T01:00:00.782 INFO:journalctl@ceph.mon.a.smithi149.stdout: File "/lib/python3.9/site-packages/cheroot/connections.py", line 300, in _from_server_socket
2024-09-05T01:00:00.782 INFO:journalctl@ceph.mon.a.smithi149.stdout: s, ssl_env = self.server.ssl_adapter.wrap(s)
2024-09-05T01:00:00.782 INFO:journalctl@ceph.mon.a.smithi149.stdout: File "/lib/python3.9/site-packages/cheroot/ssl/builtin.py", line 277, in wrap
2024-09-05T01:00:00.782 INFO:journalctl@ceph.mon.a.smithi149.stdout: s = self.context.wrap_socket(
2024-09-05T01:00:00.782 INFO:journalctl@ceph.mon.a.smithi149.stdout: File "/lib64/python3.9/ssl.py", line 501, in wrap_socket
2024-09-05T01:00:00.782 INFO:journalctl@ceph.mon.a.smithi149.stdout: return self.sslsocket_class._create(
2024-09-05T01:00:00.782 INFO:journalctl@ceph.mon.a.smithi149.stdout: File "/lib64/python3.9/ssl.py", line 1074, in _create
2024-09-05T01:00:00.782 INFO:journalctl@ceph.mon.a.smithi149.stdout: self.do_handshake()
2024-09-05T01:00:00.783 INFO:journalctl@ceph.mon.a.smithi149.stdout: File "/lib64/python3.9/ssl.py", line 1343, in do_handshake
2024-09-05T01:00:00.783 INFO:journalctl@ceph.mon.a.smithi149.stdout: self._sslobj.do_handshake()
2024-09-05T01:00:00.783 INFO:journalctl@ceph.mon.a.smithi149.stdout: ssl.SSLZeroReturnError: TLS/SSL connection has been closed (EOF) (_ssl.c:1133)
2024-09-05T01:00:00.783 INFO:journalctl@ceph.mon.a.smithi149.stdout:Sep 05 01:00:00 smithi149 ceph-mon[31691]: [05/Sep/2024:00:59:59] ENGINE Serving on http://172.21.15.149:8765
2024-09-05T01:00:00.783 INFO:journalctl@ceph.mon.a.smithi149.stdout:Sep 05 01:00:00 smithi149 ceph-mon[31691]: [05/Sep/2024:00:59:59] ENGINE Bus STARTED
2024-09-05T01:00:00.783 INFO:journalctl@ceph.mon.a.smithi149.stdout:Sep 05 01:00:00 smithi149 ceph-mon[31691]: mgrmap e12: x(active, since 2s)
2024-09-05T01:00:00.783 INFO:journalctl@ceph.mon.a.smithi149.stdout:Sep 05 01:00:00 smithi149 ceph-mon[31691]: from='mgr.14150 172.21.15.149:0/2220382036' entity='mgr.x'
2024-09-05T01:00:00.783 INFO:journalctl@ceph.mon.a.smithi149.stdout:Sep 05 01:00:00 smithi149 ceph-mon[31691]: from='mgr.14150 172.21.15.149:0/2220382036' entity='mgr.x'
2024-09-05T01:00:00.783 INFO:journalctl@ceph.mon.a.smithi149.stdout:Sep 05 01:00:00 smithi149 ceph-mon[31691]: from='mgr.14150 172.21.15.149:0/2220382036' entity='mgr.x'
2024-09-05T01:00:01.559 INFO:journalctl@ceph.mon.a.smithi149.stdout:Sep 05 01:00:01 smithi149 ceph-mon[31691]: from='client.14162 -' entity='client.admin' cmd=[{"prefix": "dashboard create-self-signed-cert", "target": ["mon-mgr", ""]}]: dispatch
2024-09-05T01:00:01.559 INFO:journalctl@ceph.mon.a.smithi149.stdout:Sep 05 01:00:01 smithi149 ceph-mon[31691]: from='mgr.14150 172.21.15.149:0/2220382036' entity='mgr.x'
2024-09-05T01:00:02.399 INFO:teuthology.orchestra.run.smithi149.stdout:/usr/bin/ceph: stdout {"username": "admin", "password": "$2b$12$/vchds/EqFpLpRX9ZgUgD.AyDE9U6w2LMq9r.3/JDF75xwTEpouyO", "roles": ["administrator"], "name": null, "email": null, "lastUpdate": 1725498001, "enabled": true, "pwdExpirationDate": null, "pwdUpdateRequired": true}
2024-09-05T01:00:02.399 INFO:teuthology.orchestra.run.smithi149.stdout:/usr/bin/ceph: stderr
2024-09-05T01:00:01.114+0000 7f2cc0faf640 1 Processor -- start
2024-09-05T01:00:02.399 INFO:teuthology.orchestra.run.smithi149.stdout:/usr/bin/ceph: stderr
2024-09-05T01:00:01.114+0000 7f2cc0faf640 1 -- start start
2024-09-05T01:00:02.399 INFO:teuthology.orchestra.run.smithi149.stdout:/usr/bin/ceph: stderr
2024-09-05T01:00:01.114+0000 7f2cc0faf640 1 --2- >> [v2:172.21.15.149:3300/0,v1:172.21.15.149:6789/0] conn(0x7f2cbc107730 0x7f2cbc107b30 unknown :-1 s=NONE pgs=0 cs=0 l=0 rev1=0 crypto rx=0 tx=0 comp rx=0 tx=0).connect
2024-09-05T01:00:02.399 INFO:teuthology.orchestra.run.smithi149.stdout:/usr/bin/ceph: stderr
2024-09-05T01:00:01.114+0000 7f2cc0faf640 1 -- --> [v2:172.21.15.149:3300/0,v1:172.21.15.149:6789/0] -- mon_getmap magic: 0 -- 0x7f2cbc108100 con 0x7f2cbc107730
2024-09-05T01:00:02.399 INFO:teuthology.orchestra.run.smithi149.stdout:/usr/bin/ceph: stderr
2024-09-05T01:00:01.114+0000 7f2cb259c640 1 --2- >> [v2:172.21.15.149:3300/0,v1:172.21.15.149:6789/0] conn(0x7f2cbc107730 0x7f2cbc107b30 unknown :-1 s=BANNER_CONNECTING pgs=0 cs=0 l=0 rev1=0 crypto rx=0 tx=0 comp rx=0 tx=0)._handle_peer_banner_payload supported=3 required=0
2024-09-05T01:00:02.399 INFO:teuthology.orchestra.run.smithi149.stdout:/usr/bin/ceph: stderr
2024-09-05T01:00:01.114+0000 7f2cb259c640 1 --2- >> [v2:172.21.15.149:3300/0,v1:172.21.15.149:6789/0] conn(0x7f2cbc107730 0x7f2cbc107b30 unknown :-1 s=HELLO_CONNECTING pgs=0 cs=0 l=0 rev1=1 crypto rx=0 tx=0 comp rx=0 tx=0).handle_hello peer v2:172.21.15.149:3300/0 says I am v2:172.21.15.149:48964/0 (socket says 172.21.15.149:48964)
2024-09-05T01:00:02.399 INFO:teuthology.orchestra.run.smithi149.stdout:/usr/bin/ceph: stderr
2024-09-05T01:00:01.114+0000 7f2cb259c640 1 -- 172.21.15.149:0/1370987331 learned_addr learned my addr 172.21.15.149:0/1370987331 (peer_addr_for_me v2:172.21.15.149:0/0)
2024-09-05T01:00:02.399 INFO:teuthology.orchestra.run.smithi149.stdout:/usr/bin/ceph: stderr
2024-09-05T01:00:01.115+0000 7f2cb259c640 1 -- 172.21.15.149:0/1370987331 --> [v2:172.21.15.149:3300/0,v1:172.21.15.149:6789/0] -- mon_subscribe({config=0+,monmap=0+}) -- 0x7f2cbc108930 con 0x7f2cbc107730
2024-09-05T01:00:02.400 INFO:teuthology.orchestra.run.smithi149.stdout:/usr/bin/ceph: stderr
2024-09-05T01:00:01.115+0000 7f2cb259c640 1 --2- 172.21.15.149:0/1370987331 >> [v2:172.21.15.149:3300/0,v1:172.21.15.149:6789/0] conn(0x7f2cbc107730 0x7f2cbc107b30 secure :-1 s=READY pgs=70 cs=0 l=1 rev1=1 crypto rx=0x7f2cac009820 tx=0x7f2cac02a270 comp rx=0 tx=0).ready entity=mon.0 client_cookie=58f30d1195f31d65 server_cookie=0 in_seq=0 out_seq=0
2024-09-05T01:00:02.400 INFO:teuthology.orchestra.run.smithi149.stdout:/usr/bin/ceph: stderr
2024-09-05T01:00:01.115+0000 7f2cb9d9b640 1 -- 172.21.15.149:0/1370987331 <== mon.0 v2:172.21.15.149:3300/0 1 ==== mon_map magic: 0 ==== 205+0+0 (secure 0 0 0) 0x7f2cac037070 con 0x7f2cbc107730
2024-09-05T01:00:02.400 INFO:teuthology.orchestra.run.smithi149.stdout:/usr/bin/ceph: stderr
2024-09-05T01:00:01.116+0000 7f2cb9d9b640 1 -- 172.21.15.149:0/1370987331 <== mon.0 v2:172.21.15.149:3300/0 2 ==== config(28 keys) ==== 1171+0+0 (secure 0 0 0) 0x7f2cac032940 con 0x7f2cbc107730
2024-09-05T01:00:02.400 INFO:teuthology.orchestra.run.smithi149.stdout:/usr/bin/ceph: stderr
2024-09-05T01:00:01.116+0000 7f2cb9d9b640 1 -- 172.21.15.149:0/1370987331 <== mon.0 v2:172.21.15.149:3300/0 3 ==== mon_map magic: 0 ==== 205+0+0 (secure 0 0 0) 0x7f2cac0308b0 con 0x7f2cbc107730
2024-09-05T01:00:02.400 INFO:teuthology.orchestra.run.smithi149.stdout:/usr/bin/ceph: stderr
2024-09-05T01:00:01.116+0000 7f2cc0faf640 1 -- 172.21.15.149:0/1370987331 >> [v2:172.21.15.149:3300/0,v1:172.21.15.149:6789/0] conn(0x7f2cbc107730 msgr2=0x7f2cbc107b30 secure :-1 s=STATE_CONNECTION_ESTABLISHED l=1).mark_down
2024-09-05T01:00:02.400 INFO:teuthology.orchestra.run.smithi149.stdout:/usr/bin/ceph: stderr
2024-09-05T01:00:01.116+0000 7f2cc0faf640 1 --2- 172.21.15.149:0/1370987331 >> [v2:172.21.15.149:3300/0,v1:172.21.15.149:6789/0] conn(0x7f2cbc107730 0x7f2cbc107b30 secure :-1 s=READY pgs=70 cs=0 l=1 rev1=1 crypto rx=0x7f2cac009820 tx=0x7f2cac02a270 comp rx=0 tx=0).stop
2024-09-05T01:00:02.400 INFO:teuthology.orchestra.run.smithi149.stdout:/usr/bin/ceph: stderr
2024-09-05T01:00:01.116+0000 7f2cc0faf640 1 -- 172.21.15.149:0/1370987331 shutdown_connections
2024-09-05T01:00:02.400 INFO:teuthology.orchestra.run.smithi149.stdout:/usr/bin/ceph: stderr
2024-09-05T01:00:01.116+0000 7f2cc0faf640 1 --2- 172.21.15.149:0/1370987331 >> [v2:172.21.15.149:3300/0,v1:172.21.15.149:6789/0] conn(0x7f2cbc107730 0x7f2cbc107b30 unknown :-1 s=CLOSED pgs=70 cs=0 l=1 rev1=1 crypto rx=0 tx=0 comp rx=0 tx=0).stop
2024-09-05T01:00:02.400 INFO:teuthology.orchestra.run.smithi149.stdout:/usr/bin/ceph: stderr
2024-09-05T01:00:01.116+0000 7f2cc0faf640 1 -- 172.21.15.149:0/1370987331 >> 172.21.15.149:0/1370987331 conn(0x7f2cbc102ee0 msgr2=0x7f2cbc105300 unknown :-1 s=STATE_NONE l=0).mark_down
2024-09-05T01:00:02.400 INFO:teuthology.orchestra.run.smithi149.stdout:/usr/bin/ceph: stderr
2024-09-05T01:00:01.116+0000 7f2cc0faf640 1 -- 172.21.15.149:0/1370987331 shutdown_connections
2024-09-05T01:00:02.400 INFO:teuthology.orchestra.run.smithi149.stdout:/usr/bin/ceph: stderr
2024-09-05T01:00:01.116+0000 7f2cc0faf640 1 -- 172.21.15.149:0/1370987331 wait complete.
2024-09-05T01:00:02.400 INFO:teuthology.orchestra.run.smithi149.stdout:/usr/bin/ceph: stderr
2024-09-05T01:00:01.117+0000 7f2cc0faf640 1 Processor -- start
2024-09-05T01:00:02.400 INFO:teuthology.orchestra.run.smithi149.stdout:/usr/bin/ceph: stderr
2024-09-05T01:00:01.117+0000 7f2cc0faf640 1 -- start start
2024-09-05T01:00:02.401 INFO:teuthology.orchestra.run.smithi149.stdout:/usr/bin/ceph: stderr
2024-09-05T01:00:01.117+0000 7f2cc0faf640 1 --2- >> [v2:172.21.15.149:3300/0,v1:172.21.15.149:6789/0] conn(0x7f2cbc107730 0x7f2cbc07db40 unknown :-1 s=NONE pgs=0 cs=0 l=1 rev1=0 crypto rx=0 tx=0 comp rx=0 tx=0).connect
2024-09-05T01:00:02.401 INFO:teuthology.orchestra.run.smithi149.stdout:/usr/bin/ceph: stderr
2024-09-05T01:00:01.117+0000 7f2cc0faf640 1 -- --> [v2:172.21.15.149:3300/0,v1:172.21.15.149:6789/0] -- mon_getmap magic: 0 -- 0x7f2cbc10bce0 con 0x7f2cbc107730
2024-09-05T01:00:02.401 INFO:teuthology.orchestra.run.smithi149.stdout:/usr/bin/ceph: stderr
2024-09-05T01:00:01.117+0000 7f2cb259c640 1 --2- >> [v2:172.21.15.149:3300/0,v1:172.21.15.149:6789/0] conn(0x7f2cbc107730 0x7f2cbc07db40 unknown :-1 s=BANNER_CONNECTING pgs=0 cs=0 l=1 rev1=0 crypto rx=0 tx=0 comp rx=0 tx=0)._handle_peer_banner_payload supported=3 required=0
2024-09-05T01:00:02.401 INFO:teuthology.orchestra.run.smithi149.stdout:/usr/bin/ceph: stderr
2024-09-05T01:00:01.117+0000 7f2cb259c640 1 --2- >> [v2:172.21.15.149:3300/0,v1:172.21.15.149:6789/0] conn(0x7f2cbc107730 0x7f2cbc07db40 unknown :-1 s=HELLO_CONNECTING pgs=0 cs=0 l=1 rev1=1 crypto rx=0 tx=0 comp rx=0 tx=0).handle_hello peer v2:172.21.15.149:3300/0 says I am v2:172.21.15.149:48970/0 (socket says 172.21.15.149:48970)
2024-09-05T01:00:02.401 INFO:teuthology.orchestra.run.smithi149.stdout:/usr/bin/ceph: stderr
2024-09-05T01:00:01.117+0000 7f2cb259c640 1 -- 172.21.15.149:0/3648032915 learned_addr learned my addr 172.21.15.149:0/3648032915 (peer_addr_for_me v2:172.21.15.149:0/0)
2024-09-05T01:00:02.401 INFO:teuthology.orchestra.run.smithi149.stdout:/usr/bin/ceph: stderr
2024-09-05T01:00:01.118+0000 7f2cb259c640 1 -- 172.21.15.149:0/3648032915 --> [v2:172.21.15.149:3300/0,v1:172.21.15.149:6789/0] -- mon_subscribe({config=0+,monmap=0+}) -- 0x7f2cbc07e080 con 0x7f2cbc107730
2024-09-05T01:00:02.401 INFO:teuthology.orchestra.run.smithi149.stdout:/usr/bin/ceph: stderr
2024-09-05T01:00:01.118+0000 7f2cb259c640 1 --2- 172.21.15.149:0/3648032915 >> [v2:172.21.15.149:3300/0,v1:172.21.15.149:6789/0] conn(0x7f2cbc107730 0x7f2cbc07db40 secure :-1 s=READY pgs=71 cs=0 l=1 rev1=1 crypto rx=0x7f2cac009940 tx=0x7f2cac032670 comp rx=0 tx=0).ready entity=mon.0 client_cookie=0 server_cookie=0 in_seq=0 out_seq=0
2024-09-05T01:00:02.401 INFO:teuthology.orchestra.run.smithi149.stdout:/usr/bin/ceph: stderr
2024-09-05T01:00:01.118+0000 7f2cb3fff640 1 -- 172.21.15.149:0/3648032915 <== mon.0 v2:172.21.15.149:3300/0 1 ==== mon_map magic: 0 ==== 205+0+0 (secure 0 0 0) 0x7f2cac042070 con 0x7f2cbc107730
2024-09-05T01:00:02.401 INFO:teuthology.orchestra.run.smithi149.stdout:/usr/bin/ceph: stderr
2024-09-05T01:00:01.118+0000 7f2cb3fff640 1 -- 172.21.15.149:0/3648032915 <== mon.0 v2:172.21.15.149:3300/0 2 ==== config(28 keys) ==== 1171+0+0 (secure 0 0 0) 0x7f2cac030e60 con 0x7f2cbc107730
2024-09-05T01:00:02.401 INFO:teuthology.orchestra.run.smithi149.stdout:/usr/bin/ceph: stderr
2024-09-05T01:00:01.118+0000 7f2cc0faf640 1 -- 172.21.15.149:0/3648032915 --> [v2:172.21.15.149:3300/0,v1:172.21.15.149:6789/0] -- mon_subscribe({mgrmap=0+}) -- 0x7f2cbc07c270 con 0x7f2cbc107730
2024-09-05T01:00:02.401 INFO:teuthology.orchestra.run.smithi149.stdout:/usr/bin/ceph: stderr
2024-09-05T01:00:01.118+0000 7f2cb3fff640 1 -- 172.21.15.149:0/3648032915 <== mon.0 v2:172.21.15.149:3300/0 3 ==== mon_map magic: 0 ==== 205+0+0 (secure 0 0 0) 0x7f2cac037040 con 0x7f2cbc107730
2024-09-05T01:00:02.401 INFO:teuthology.orchestra.run.smithi149.stdout:/usr/bin/ceph: stderr
2024-09-05T01:00:01.118+0000 7f2cc0faf640 1 -- 172.21.15.149:0/3648032915 --> [v2:172.21.15.149:3300/0,v1:172.21.15.149:6789/0] -- mon_subscribe({osdmap=0}) -- 0x7f2cbc07c7b0 con 0x7f2cbc107730
2024-09-05T01:00:02.401 INFO:teuthology.orchestra.run.smithi149.stdout:/usr/bin/ceph: stderr
2024-09-05T01:00:01.119+0000 7f2cb3fff640 1 -- 172.21.15.149:0/3648032915 <== mon.0 v2:172.21.15.149:3300/0 4 ==== mgrmap(e 12) ==== 46300+0+0 (secure 0 0 0) 0x7f2cac045070 con 0x7f2cbc107730
2024-09-05T01:00:02.401 INFO:teuthology.orchestra.run.smithi149.stdout:/usr/bin/ceph: stderr
2024-09-05T01:00:01.119+0000 7f2cb3fff640 1 --2- 172.21.15.149:0/3648032915 >> [v2:172.21.15.149:6800/2647181892,v1:172.21.15.149:6801/2647181892] conn(0x7f2ca8039020 0x7f2ca803b4e0 unknown :-1 s=NONE pgs=0 cs=0 l=1 rev1=0 crypto rx=0 tx=0 comp rx=0 tx=0).connect
2024-09-05T01:00:02.402 INFO:teuthology.orchestra.run.smithi149.stdout:/usr/bin/ceph: stderr
2024-09-05T01:00:01.119+0000 7f2cb3fff640 1 -- 172.21.15.149:0/3648032915 <== mon.0 v2:172.21.15.149:3300/0 5 ==== osd_map(3..3 src has 1..3) ==== 1155+0+0 (secure 0 0 0) 0x7f2cac06d1a0 con 0x7f2cbc107730
2024-09-05T01:00:02.402 INFO:teuthology.orchestra.run.smithi149.stdout:/usr/bin/ceph: stderr
2024-09-05T01:00:01.119+0000 7f2cba59c640 1 --2- 172.21.15.149:0/3648032915 >> [v2:172.21.15.149:6800/2647181892,v1:172.21.15.149:6801/2647181892] conn(0x7f2ca8039020 0x7f2ca803b4e0 unknown :-1 s=BANNER_CONNECTING pgs=0 cs=0 l=1 rev1=0 crypto rx=0 tx=0 comp rx=0 tx=0)._handle_peer_banner_payload supported=3 required=0
2024-09-05T01:00:02.402 INFO:teuthology.orchestra.run.smithi149.stdout:/usr/bin/ceph: stderr
2024-09-05T01:00:01.119+0000 7f2cc0faf640 1 -- 172.21.15.149:0/3648032915 --> [v2:172.21.15.149:3300/0,v1:172.21.15.149:6789/0] -- mon_command({"prefix": "get_command_descriptions"} v 0) -- 0x7f2cbc107bb0 con 0x7f2cbc107730
2024-09-05T01:00:02.402 INFO:teuthology.orchestra.run.smithi149.stdout:/usr/bin/ceph: stderr
2024-09-05T01:00:01.119+0000 7f2cba59c640 1 --2- 172.21.15.149:0/3648032915 >> [v2:172.21.15.149:6800/2647181892,v1:172.21.15.149:6801/2647181892] conn(0x7f2ca8039020 0x7f2ca803b4e0 secure :-1 s=READY pgs=8 cs=0 l=1 rev1=1 crypto rx=0x7f2ca40098c0 tx=0x7f2ca4006db0 comp rx=0 tx=0).ready entity=mgr.14150 client_cookie=0 server_cookie=0 in_seq=0 out_seq=0
2024-09-05T01:00:02.402 INFO:teuthology.orchestra.run.smithi149.stdout:/usr/bin/ceph: stderr
2024-09-05T01:00:01.124+0000 7f2cb3fff640 1 -- 172.21.15.149:0/3648032915 <== mon.0 v2:172.21.15.149:3300/0 6 ==== mon_command_ack([{"prefix": "get_command_descriptions"}]=0 v0) ==== 72+0+188821 (secure 0 0 0) 0x7f2cac03be90 con 0x7f2cbc107730
2024-09-05T01:00:02.402 INFO:teuthology.orchestra.run.smithi149.stdout:/usr/bin/ceph: stderr
2024-09-05T01:00:01.333+0000 7f2cc0faf640 1 -- 172.21.15.149:0/3648032915 --> [v2:172.21.15.149:6800/2647181892,v1:172.21.15.149:6801/2647181892] -- mgr_command(tid 0: {"prefix": "dashboard ac-user-create", "username": "admin", "rolename": "administrator", "force_password": true, "pwd_update_required": true, "target": ["mon-mgr", ""]}) -- 0x7f2cbc07ce30 con 0x7f2ca8039020
2024-09-05T01:00:02.402 INFO:teuthology.orchestra.run.smithi149.stdout:/usr/bin/ceph: stderr
2024-09-05T01:00:01.558+0000 7f2cb3fff640 1 -- 172.21.15.149:0/3648032915 <== mgr.14150 v2:172.21.15.149:6800/2647181892 1 ==== mgr_command_reply(tid 0: 0 ) ==== 8+0+252 (secure 0 0 0) 0x7f2cbc07ce30 con 0x7f2ca8039020
2024-09-05T01:00:02.402 INFO:teuthology.orchestra.run.smithi149.stdout:/usr/bin/ceph: stderr
2024-09-05T01:00:01.560+0000 7f2cc0faf640 1 -- 172.21.15.149:0/3648032915 >> [v2:172.21.15.149:6800/2647181892,v1:172.21.15.149:6801/2647181892] conn(0x7f2ca8039020 msgr2=0x7f2ca803b4e0 secure :-1 s=STATE_CONNECTION_ESTABLISHED l=1).mark_down
2024-09-05T01:00:02.402 INFO:teuthology.orchestra.run.smithi149.stdout:/usr/bin/ceph: stderr
2024-09-05T01:00:01.560+0000 7f2cc0faf640 1 --2- 172.21.15.149:0/3648032915 >> [v2:172.21.15.149:6800/2647181892,v1:172.21.15.149:6801/2647181892] conn(0x7f2ca8039020 0x7f2ca803b4e0 secure :-1 s=READY pgs=8 cs=0 l=1 rev1=1 crypto rx=0x7f2ca40098c0 tx=0x7f2ca4006db0 comp rx=0 tx=0).stop
2024-09-05T01:00:02.402 INFO:teuthology.orchestra.run.smithi149.stdout:/usr/bin/ceph: stderr
2024-09-05T01:00:01.560+0000 7f2cc0faf640 1 -- 172.21.15.149:0/3648032915 >> [v2:172.21.15.149:3300/0,v1:172.21.15.149:6789/0] conn(0x7f2cbc107730 msgr2=0x7f2cbc07db40 secure :-1 s=STATE_CONNECTION_ESTABLISHED l=1).mark_down
2024-09-05T01:00:02.402 INFO:teuthology.orchestra.run.smithi149.stdout:/usr/bin/ceph: stderr
2024-09-05T01:00:01.560+0000 7f2cc0faf640 1 --2- 172.21.15.149:0/3648032915 >> [v2:172.21.15.149:3300/0,v1:172.21.15.149:6789/0] conn(0x7f2cbc107730 0x7f2cbc07db40 secure :-1 s=READY pgs=71 cs=0 l=1 rev1=1 crypto rx=0x7f2cac009940 tx=0x7f2cac032670 comp rx=0 tx=0).stop
2024-09-05T01:00:02.402 INFO:teuthology.orchestra.run.smithi149.stdout:/usr/bin/ceph: stderr
2024-09-05T01:00:01.560+0000 7f2cc0faf640 1 -- 172.21.15.149:0/3648032915 shutdown_connections
2024-09-05T01:00:02.403 INFO:teuthology.orchestra.run.smithi149.stdout:/usr/bin/ceph: stderr
2024-09-05T01:00:01.560+0000 7f2cc0faf640 1 --2- 172.21.15.149:0/3648032915 >> [v2:172.21.15.149:6800/2647181892,v1:172.21.15.149:6801/2647181892] conn(0x7f2ca8039020 0x7f2ca803b4e0 unknown :-1 s=CLOSED pgs=8 cs=0 l=1 rev1=1 crypto rx=0 tx=0 comp rx=0 tx=0).stop
2024-09-05T01:00:02.403 INFO:teuthology.orchestra.run.smithi149.stdout:/usr/bin/ceph: stderr
2024-09-05T01:00:01.560+0000 7f2cc0faf640 1 --2- 172.21.15.149:0/3648032915 >> [v2:172.21.15.149:3300/0,v1:172.21.15.149:6789/0] conn(0x7f2cbc107730 0x7f2cbc07db40 unknown :-1 s=CLOSED pgs=71 cs=0 l=1 rev1=1 crypto rx=0 tx=0 comp rx=0 tx=0).stop
2024-09-05T01:00:02.403 INFO:teuthology.orchestra.run.smithi149.stdout:/usr/bin/ceph: stderr
2024-09-05T01:00:01.560+0000 7f2cc0faf640 1 -- 172.21.15.149:0/3648032915 >> 172.21.15.149:0/3648032915 conn(0x7f2cbc102ee0 msgr2=0x7f2cbc103a70 unknown :-1 s=STATE_NONE l=0).mark_down
2024-09-05T01:00:02.403 INFO:teuthology.orchestra.run.smithi149.stdout:/usr/bin/ceph: stderr
2024-09-05T01:00:01.560+0000 7f2cc0faf640 1 -- 172.21.15.149:0/3648032915 shutdown_connections
2024-09-05T01:00:02.403 INFO:teuthology.orchestra.run.smithi149.stdout:/usr/bin/ceph: stderr
2024-09-05T01:00:01.560+0000 7f2cc0faf640 1 -- 172.21.15.149:0/3648032915 wait complete.
2024-09-05T01:00:02.403 INFO:teuthology.orchestra.run.smithi149.stdout:Fetching dashboard port number...
2024-09-05T01:00:02.652 INFO:journalctl@ceph.mon.a.smithi149.stdout:Sep 05 01:00:02 smithi149 ceph-mon[31691]: from='client.14164 -' entity='client.admin' cmd=[{"prefix": "dashboard ac-user-create", "username": "admin", "rolename": "administrator", "force_password": true, "pwd_update_required": true, "target": ["mon-mgr", ""]}]: dispatch
2024-09-05T01:00:02.652 INFO:journalctl@ceph.mon.a.smithi149.stdout:Sep 05 01:00:02 smithi149 ceph-mon[31691]: from='mgr.14150 172.21.15.149:0/2220382036' entity='mgr.x'
2024-09-05T01:00:03.789 INFO:journalctl@ceph.mon.a.smithi149.stdout:Sep 05 01:00:03 smithi149 ceph-mon[31691]: from='client.? 172.21.15.149:0/796661970' entity='client.admin' cmd=[{"prefix": "config get", "who": "mgr", "key": "mgr/dashboard/ssl_server_port"}]: dispatch
2024-09-05T01:00:04.057 INFO:teuthology.orchestra.run.smithi149.stdout:/usr/bin/ceph: stdout 8443
2024-09-05T01:00:04.057 INFO:teuthology.orchestra.run.smithi149.stdout:/usr/bin/ceph: stderr
2024-09-05T01:00:03.256+0000 7f6b2d830640 1 Processor -- start
2024-09-05T01:00:04.057 INFO:teuthology.orchestra.run.smithi149.stdout:/usr/bin/ceph: stderr
2024-09-05T01:00:03.257+0000 7f6b2d830640 1 -- start start
2024-09-05T01:00:04.057 INFO:teuthology.orchestra.run.smithi149.stdout:/usr/bin/ceph: stderr
2024-09-05T01:00:03.257+0000 7f6b2d830640 1 --2- >> [v2:172.21.15.149:3300/0,v1:172.21.15.149:6789/0] conn(0x7f6b28107730 0x7f6b28107b30 unknown :-1 s=NONE pgs=0 cs=0 l=0 rev1=0 crypto rx=0 tx=0 comp rx=0 tx=0).connect
2024-09-05T01:00:04.057 INFO:teuthology.orchestra.run.smithi149.stdout:/usr/bin/ceph: stderr
2024-09-05T01:00:03.257+0000 7f6b2d830640 1 -- --> [v2:172.21.15.149:3300/0,v1:172.21.15.149:6789/0] -- mon_getmap magic: 0 -- 0x7f6b28108100 con 0x7f6b28107730
2024-09-05T01:00:04.057 INFO:teuthology.orchestra.run.smithi149.stdout:/usr/bin/ceph: stderr
2024-09-05T01:00:03.257+0000 7f6b26ffd640 1 --2- >> [v2:172.21.15.149:3300/0,v1:172.21.15.149:6789/0] conn(0x7f6b28107730 0x7f6b28107b30 unknown :-1 s=BANNER_CONNECTING pgs=0 cs=0 l=0 rev1=0 crypto rx=0 tx=0 comp rx=0 tx=0)._handle_peer_banner_payload supported=3 required=0
2024-09-05T01:00:04.058 INFO:teuthology.orchestra.run.smithi149.stdout:/usr/bin/ceph: stderr
2024-09-05T01:00:03.257+0000 7f6b26ffd640 1 --2- >> [v2:172.21.15.149:3300/0,v1:172.21.15.149:6789/0] conn(0x7f6b28107730 0x7f6b28107b30 unknown :-1 s=HELLO_CONNECTING pgs=0 cs=0 l=0 rev1=1 crypto rx=0 tx=0 comp rx=0 tx=0).handle_hello peer v2:172.21.15.149:3300/0 says I am v2:172.21.15.149:48982/0 (socket says 172.21.15.149:48982)
2024-09-05T01:00:04.058 INFO:teuthology.orchestra.run.smithi149.stdout:/usr/bin/ceph: stderr
2024-09-05T01:00:03.257+0000 7f6b26ffd640 1 -- 172.21.15.149:0/3276776383 learned_addr learned my addr 172.21.15.149:0/3276776383 (peer_addr_for_me v2:172.21.15.149:0/0)
2024-09-05T01:00:04.058 INFO:teuthology.orchestra.run.smithi149.stdout:/usr/bin/ceph: stderr
2024-09-05T01:00:03.257+0000 7f6b26ffd640 1 -- 172.21.15.149:0/3276776383 --> [v2:172.21.15.149:3300/0,v1:172.21.15.149:6789/0] -- mon_subscribe({config=0+,monmap=0+}) -- 0x7f6b28108930 con 0x7f6b28107730
2024-09-05T01:00:04.058 INFO:teuthology.orchestra.run.smithi149.stdout:/usr/bin/ceph: stderr
2024-09-05T01:00:03.258+0000 7f6b26ffd640 1 --2- 172.21.15.149:0/3276776383 >> [v2:172.21.15.149:3300/0,v1:172.21.15.149:6789/0] conn(0x7f6b28107730 0x7f6b28107b30 secure :-1 s=READY pgs=72 cs=0 l=1 rev1=1 crypto rx=0x7f6b18009820 tx=0x7f6b1802a270 comp rx=0 tx=0).ready entity=mon.0 client_cookie=ccc9d213f8da5855 server_cookie=0 in_seq=0 out_seq=0
2024-09-05T01:00:04.058 INFO:teuthology.orchestra.run.smithi149.stdout:/usr/bin/ceph: stderr
2024-09-05T01:00:03.258+0000 7f6b25ffb640 1 -- 172.21.15.149:0/3276776383 <== mon.0 v2:172.21.15.149:3300/0 1 ==== mon_map magic: 0 ==== 205+0+0 (secure 0 0 0) 0x7f6b18037070 con 0x7f6b28107730
2024-09-05T01:00:04.058 INFO:teuthology.orchestra.run.smithi149.stdout:/usr/bin/ceph: stderr
2024-09-05T01:00:03.258+0000 7f6b25ffb640 1 -- 172.21.15.149:0/3276776383 <== mon.0 v2:172.21.15.149:3300/0 2 ==== config(28 keys) ==== 1171+0+0 (secure 0 0 0) 0x7f6b18032940 con 0x7f6b28107730
2024-09-05T01:00:04.058 INFO:teuthology.orchestra.run.smithi149.stdout:/usr/bin/ceph: stderr
2024-09-05T01:00:03.258+0000 7f6b25ffb640 1 -- 172.21.15.149:0/3276776383 <== mon.0 v2:172.21.15.149:3300/0 3 ==== mon_map magic: 0 ==== 205+0+0 (secure 0 0 0) 0x7f6b180308b0 con 0x7f6b28107730
2024-09-05T01:00:04.058 INFO:teuthology.orchestra.run.smithi149.stdout:/usr/bin/ceph: stderr
2024-09-05T01:00:03.259+0000 7f6b2d830640 1 -- 172.21.15.149:0/3276776383 >> [v2:172.21.15.149:3300/0,v1:172.21.15.149:6789/0] conn(0x7f6b28107730 msgr2=0x7f6b28107b30 secure :-1 s=STATE_CONNECTION_ESTABLISHED l=1).mark_down
2024-09-05T01:00:04.058 INFO:teuthology.orchestra.run.smithi149.stdout:/usr/bin/ceph: stderr
2024-09-05T01:00:03.259+0000 7f6b2d830640 1 --2- 172.21.15.149:0/3276776383 >> [v2:172.21.15.149:3300/0,v1:172.21.15.149:6789/0] conn(0x7f6b28107730 0x7f6b28107b30 secure :-1 s=READY pgs=72 cs=0 l=1 rev1=1 crypto rx=0x7f6b18009820 tx=0x7f6b1802a270 comp rx=0 tx=0).stop
2024-09-05T01:00:04.058 INFO:teuthology.orchestra.run.smithi149.stdout:/usr/bin/ceph: stderr
2024-09-05T01:00:03.259+0000 7f6b2d830640 1 -- 172.21.15.149:0/3276776383 shutdown_connections
2024-09-05T01:00:04.058 INFO:teuthology.orchestra.run.smithi149.stdout:/usr/bin/ceph: stderr
2024-09-05T01:00:03.259+0000 7f6b2d830640 1 --2- 172.21.15.149:0/3276776383 >> [v2:172.21.15.149:3300/0,v1:172.21.15.149:6789/0] conn(0x7f6b28107730 0x7f6b28107b30 unknown :-1 s=CLOSED pgs=72 cs=0 l=1 rev1=1 crypto rx=0 tx=0 comp rx=0 tx=0).stop
2024-09-05T01:00:04.058 INFO:teuthology.orchestra.run.smithi149.stdout:/usr/bin/ceph: stderr
2024-09-05T01:00:03.259+0000 7f6b2d830640 1 -- 172.21.15.149:0/3276776383 >> 172.21.15.149:0/3276776383 conn(0x7f6b28102ee0 msgr2=0x7f6b28105300 unknown :-1 s=STATE_NONE l=0).mark_down
2024-09-05T01:00:04.059 INFO:teuthology.orchestra.run.smithi149.stdout:/usr/bin/ceph: stderr
2024-09-05T01:00:03.259+0000 7f6b2d830640 1 -- 172.21.15.149:0/3276776383 shutdown_connections
2024-09-05T01:00:04.059 INFO:teuthology.orchestra.run.smithi149.stdout:/usr/bin/ceph: stderr
2024-09-05T01:00:03.259+0000 7f6b2d830640 1 -- 172.21.15.149:0/3276776383 wait complete.
2024-09-05T01:00:04.059 INFO:teuthology.orchestra.run.smithi149.stdout:/usr/bin/ceph: stderr
2024-09-05T01:00:03.259+0000 7f6b2d830640 1 Processor -- start
2024-09-05T01:00:04.059 INFO:teuthology.orchestra.run.smithi149.stdout:/usr/bin/ceph: stderr
2024-09-05T01:00:03.260+0000 7f6b2d830640 1 -- start start
2024-09-05T01:00:04.059 INFO:teuthology.orchestra.run.smithi149.stdout:/usr/bin/ceph: stderr
2024-09-05T01:00:03.260+0000 7f6b2d830640 1 --2- >> [v2:172.21.15.149:3300/0,v1:172.21.15.149:6789/0] conn(0x7f6b28107730 0x7f6b2819b7e0 unknown :-1 s=NONE pgs=0 cs=0 l=1 rev1=0 crypto rx=0 tx=0 comp rx=0 tx=0).connect
2024-09-05T01:00:04.059 INFO:teuthology.orchestra.run.smithi149.stdout:/usr/bin/ceph: stderr
2024-09-05T01:00:03.260+0000 7f6b2d830640 1 -- --> [v2:172.21.15.149:3300/0,v1:172.21.15.149:6789/0] -- mon_getmap magic: 0 -- 0x7f6b2810bce0 con 0x7f6b28107730
2024-09-05T01:00:04.059 INFO:teuthology.orchestra.run.smithi149.stdout:/usr/bin/ceph: stderr
2024-09-05T01:00:03.260+0000 7f6b26ffd640 1 --2- >> [v2:172.21.15.149:3300/0,v1:172.21.15.149:6789/0] conn(0x7f6b28107730 0x7f6b2819b7e0 unknown :-1 s=BANNER_CONNECTING pgs=0 cs=0 l=1 rev1=0 crypto rx=0 tx=0 comp rx=0 tx=0)._handle_peer_banner_payload supported=3 required=0
2024-09-05T01:00:04.059 INFO:teuthology.orchestra.run.smithi149.stdout:/usr/bin/ceph: stderr
2024-09-05T01:00:03.260+0000 7f6b26ffd640 1 --2- >> [v2:172.21.15.149:3300/0,v1:172.21.15.149:6789/0] conn(0x7f6b28107730 0x7f6b2819b7e0 unknown :-1 s=HELLO_CONNECTING pgs=0 cs=0 l=1 rev1=1 crypto rx=0 tx=0 comp rx=0 tx=0).handle_hello peer v2:172.21.15.149:3300/0 says I am v2:172.21.15.149:48994/0 (socket says 172.21.15.149:48994)
2024-09-05T01:00:04.059 INFO:teuthology.orchestra.run.smithi149.stdout:/usr/bin/ceph: stderr
2024-09-05T01:00:03.260+0000 7f6b26ffd640 1 -- 172.21.15.149:0/796661970 learned_addr learned my addr 172.21.15.149:0/796661970 (peer_addr_for_me v2:172.21.15.149:0/0)
2024-09-05T01:00:04.059 INFO:teuthology.orchestra.run.smithi149.stdout:/usr/bin/ceph: stderr
2024-09-05T01:00:03.260+0000 7f6b26ffd640 1 -- 172.21.15.149:0/796661970 --> [v2:172.21.15.149:3300/0,v1:172.21.15.149:6789/0] -- mon_subscribe({config=0+,monmap=0+}) -- 0x7f6b2819bd20 con 0x7f6b28107730
2024-09-05T01:00:04.059 INFO:teuthology.orchestra.run.smithi149.stdout:/usr/bin/ceph: stderr
2024-09-05T01:00:03.260+0000 7f6b26ffd640 1 --2- 172.21.15.149:0/796661970 >> [v2:172.21.15.149:3300/0,v1:172.21.15.149:6789/0] conn(0x7f6b28107730 0x7f6b2819b7e0 secure :-1 s=READY pgs=73 cs=0 l=1 rev1=1 crypto rx=0x7f6b18009940 tx=0x7f6b18032670 comp rx=0 tx=0).ready entity=mon.0 client_cookie=0 server_cookie=0 in_seq=0 out_seq=0
2024-09-05T01:00:04.059 INFO:teuthology.orchestra.run.smithi149.stdout:/usr/bin/ceph: stderr
2024-09-05T01:00:03.260+0000 7f6b2c82e640 1 -- 172.21.15.149:0/796661970 <== mon.0 v2:172.21.15.149:3300/0 1 ==== mon_map magic: 0 ==== 205+0+0 (secure 0 0 0) 0x7f6b18042070 con 0x7f6b28107730
2024-09-05T01:00:04.059 INFO:teuthology.orchestra.run.smithi149.stdout:/usr/bin/ceph: stderr
2024-09-05T01:00:03.260+0000 7f6b2c82e640 1 -- 172.21.15.149:0/796661970 <== mon.0 v2:172.21.15.149:3300/0 2 ==== config(28 keys) ==== 1171+0+0 (secure 0 0 0) 0x7f6b18030e60 con 0x7f6b28107730
2024-09-05T01:00:04.059 INFO:teuthology.orchestra.run.smithi149.stdout:/usr/bin/ceph: stderr
2024-09-05T01:00:03.260+0000 7f6b2d830640 1 -- 172.21.15.149:0/796661970 --> [v2:172.21.15.149:3300/0,v1:172.21.15.149:6789/0] -- mon_subscribe({mgrmap=0+}) -- 0x7f6b2819bfb0 con 0x7f6b28107730
2024-09-05T01:00:04.060 INFO:teuthology.orchestra.run.smithi149.stdout:/usr/bin/ceph: stderr
2024-09-05T01:00:03.260+0000 7f6b2c82e640 1 -- 172.21.15.149:0/796661970 <== mon.0 v2:172.21.15.149:3300/0 3 ==== mon_map magic: 0 ==== 205+0+0 (secure 0 0 0) 0x7f6b18037040 con 0x7f6b28107730
2024-09-05T01:00:04.060 INFO:teuthology.orchestra.run.smithi149.stdout:/usr/bin/ceph: stderr
2024-09-05T01:00:03.261+0000 7f6b2d830640 1 -- 172.21.15.149:0/796661970 --> [v2:172.21.15.149:3300/0,v1:172.21.15.149:6789/0] -- mon_subscribe({osdmap=0}) -- 0x7f6b2819eca0 con 0x7f6b28107730
2024-09-05T01:00:04.060 INFO:teuthology.orchestra.run.smithi149.stdout:/usr/bin/ceph: stderr
2024-09-05T01:00:03.262+0000 7f6b2c82e640 1 -- 172.21.15.149:0/796661970 <== mon.0 v2:172.21.15.149:3300/0 4 ==== mgrmap(e 12) ==== 46300+0+0 (secure 0 0 0) 0x7f6b18045070 con 0x7f6b28107730
2024-09-05T01:00:04.060 INFO:teuthology.orchestra.run.smithi149.stdout:/usr/bin/ceph: stderr
2024-09-05T01:00:03.262+0000 7f6b2d830640 1 -- 172.21.15.149:0/796661970 --> [v2:172.21.15.149:3300/0,v1:172.21.15.149:6789/0] -- mon_command({"prefix": "get_command_descriptions"} v 0) -- 0x7f6b28107bb0 con 0x7f6b28107730
2024-09-05T01:00:04.060 INFO:teuthology.orchestra.run.smithi149.stdout:/usr/bin/ceph: stderr
2024-09-05T01:00:03.262+0000 7f6b2c82e640 1 --2- 172.21.15.149:0/796661970 >> [v2:172.21.15.149:6800/2647181892,v1:172.21.15.149:6801/2647181892] conn(0x7f6b10038fc0 0x7f6b1003b480 unknown :-1 s=NONE pgs=0 cs=0 l=1 rev1=0 crypto rx=0 tx=0 comp rx=0 tx=0).connect
2024-09-05T01:00:04.060 INFO:teuthology.orchestra.run.smithi149.stdout:/usr/bin/ceph: stderr
2024-09-05T01:00:03.262+0000 7f6b2c82e640 1 -- 172.21.15.149:0/796661970 <== mon.0 v2:172.21.15.149:3300/0 5 ==== osd_map(3..3 src has 1..3) ==== 1155+0+0 (secure 0 0 0) 0x7f6b1806c280 con 0x7f6b28107730
2024-09-05T01:00:04.060 INFO:teuthology.orchestra.run.smithi149.stdout:/usr/bin/ceph: stderr
2024-09-05T01:00:03.262+0000 7f6b267fc640 1 --2- 172.21.15.149:0/796661970 >> [v2:172.21.15.149:6800/2647181892,v1:172.21.15.149:6801/2647181892] conn(0x7f6b10038fc0 0x7f6b1003b480 unknown :-1 s=BANNER_CONNECTING pgs=0 cs=0 l=1 rev1=0 crypto rx=0 tx=0 comp rx=0 tx=0)._handle_peer_banner_payload supported=3 required=0
2024-09-05T01:00:04.060 INFO:teuthology.orchestra.run.smithi149.stdout:/usr/bin/ceph: stderr
2024-09-05T01:00:03.262+0000 7f6b267fc640 1 --2- 172.21.15.149:0/796661970 >> [v2:172.21.15.149:6800/2647181892,v1:172.21.15.149:6801/2647181892] conn(0x7f6b10038fc0 0x7f6b1003b480 secure :-1 s=READY pgs=9 cs=0 l=1 rev1=1 crypto rx=0x7f6b1c0098c0 tx=0x7f6b1c006db0 comp rx=0 tx=0).ready entity=mgr.14150 client_cookie=0 server_cookie=0 in_seq=0 out_seq=0
2024-09-05T01:00:04.060 INFO:teuthology.orchestra.run.smithi149.stdout:/usr/bin/ceph: stderr
2024-09-05T01:00:03.267+0000 7f6b2c82e640 1 -- 172.21.15.149:0/796661970 <== mon.0 v2:172.21.15.149:3300/0 6 ==== mon_command_ack([{"prefix": "get_command_descriptions"}]=0 v0) ==== 72+0+188821 (secure 0 0 0) 0x7f6b18045520 con 0x7f6b28107730
2024-09-05T01:00:04.060 INFO:teuthology.orchestra.run.smithi149.stdout:/usr/bin/ceph: stderr
2024-09-05T01:00:03.438+0000 7f6b2d830640 1 -- 172.21.15.149:0/796661970 --> [v2:172.21.15.149:3300/0,v1:172.21.15.149:6789/0] -- mon_command({"prefix": "config get", "who": "mgr", "key": "mgr/dashboard/ssl_server_port"} v 0) -- 0x7f6b2819ee70 con 0x7f6b28107730
2024-09-05T01:00:04.060 INFO:teuthology.orchestra.run.smithi149.stdout:/usr/bin/ceph: stderr
2024-09-05T01:00:03.438+0000 7f6b2c82e640 1 -- 172.21.15.149:0/796661970 <== mon.0 v2:172.21.15.149:3300/0 7 ==== mon_command_ack([{"prefix": "config get", "who": "mgr", "key": "mgr/dashboard/ssl_server_port"}]=0 v8) ==== 112+0+5 (secure 0 0 0) 0x7f6b1803c810 con 0x7f6b28107730
2024-09-05T01:00:04.060 INFO:teuthology.orchestra.run.smithi149.stdout:/usr/bin/ceph: stderr
2024-09-05T01:00:03.440+0000 7f6b2d830640 1 -- 172.21.15.149:0/796661970 >> [v2:172.21.15.149:6800/2647181892,v1:172.21.15.149:6801/2647181892] conn(0x7f6b10038fc0 msgr2=0x7f6b1003b480 secure :-1 s=STATE_CONNECTION_ESTABLISHED l=1).mark_down
2024-09-05T01:00:04.060 INFO:teuthology.orchestra.run.smithi149.stdout:/usr/bin/ceph: stderr
2024-09-05T01:00:03.440+0000 7f6b2d830640 1 --2- 172.21.15.149:0/796661970 >> [v2:172.21.15.149:6800/2647181892,v1:172.21.15.149:6801/2647181892] conn(0x7f6b10038fc0 0x7f6b1003b480 secure :-1 s=READY pgs=9 cs=0 l=1 rev1=1 crypto rx=0x7f6b1c0098c0 tx=0x7f6b1c006db0 comp rx=0 tx=0).stop
2024-09-05T01:00:04.061 INFO:teuthology.orchestra.run.smithi149.stdout:/usr/bin/ceph: stderr
2024-09-05T01:00:03.440+0000 7f6b2d830640 1 -- 172.21.15.149:0/796661970 >> [v2:172.21.15.149:3300/0,v1:172.21.15.149:6789/0] conn(0x7f6b28107730 msgr2=0x7f6b2819b7e0 secure :-1 s=STATE_CONNECTION_ESTABLISHED l=1).mark_down
2024-09-05T01:00:04.061 INFO:teuthology.orchestra.run.smithi149.stdout:/usr/bin/ceph: stderr
2024-09-05T01:00:03.440+0000 7f6b2d830640 1 --2- 172.21.15.149:0/796661970 >> [v2:172.21.15.149:3300/0,v1:172.21.15.149:6789/0] conn(0x7f6b28107730 0x7f6b2819b7e0 secure :-1 s=READY pgs=73 cs=0 l=1 rev1=1 crypto rx=0x7f6b18009940 tx=0x7f6b18032670 comp rx=0 tx=0).stop
2024-09-05T01:00:04.061 INFO:teuthology.orchestra.run.smithi149.stdout:/usr/bin/ceph: stderr
2024-09-05T01:00:03.440+0000 7f6b2d830640 1 -- 172.21.15.149:0/796661970 shutdown_connections
2024-09-05T01:00:04.061 INFO:teuthology.orchestra.run.smithi149.stdout:/usr/bin/ceph: stderr
2024-09-05T01:00:03.440+0000 7f6b2d830640 1 --2- 172.21.15.149:0/796661970 >> [v2:172.21.15.149:6800/2647181892,v1:172.21.15.149:6801/2647181892] conn(0x7f6b10038fc0 0x7f6b1003b480 unknown :-1 s=CLOSED pgs=9 cs=0 l=1 rev1=1 crypto rx=0 tx=0 comp rx=0 tx=0).stop
2024-09-05T01:00:04.061 INFO:teuthology.orchestra.run.smithi149.stdout:/usr/bin/ceph: stderr
2024-09-05T01:00:03.440+0000 7f6b2d830640 1 --2- 172.21.15.149:0/796661970 >> [v2:172.21.15.149:3300/0,v1:172.21.15.149:6789/0] conn(0x7f6b28107730 0x7f6b2819b7e0 unknown :-1 s=CLOSED pgs=73 cs=0 l=1 rev1=1 crypto rx=0 tx=0 comp rx=0 tx=0).stop
2024-09-05T01:00:04.061 INFO:teuthology.orchestra.run.smithi149.stdout:/usr/bin/ceph: stderr
2024-09-05T01:00:03.440+0000 7f6b2d830640 1 -- 172.21.15.149:0/796661970 >> 172.21.15.149:0/796661970 conn(0x7f6b28102ee0 msgr2=0x7f6b28103a70 unknown :-1 s=STATE_NONE l=0).mark_down
2024-09-05T01:00:04.061 INFO:teuthology.orchestra.run.smithi149.stdout:/usr/bin/ceph: stderr
2024-09-05T01:00:03.440+0000 7f6b2d830640 1 -- 172.21.15.149:0/796661970 shutdown_connections
2024-09-05T01:00:04.061 INFO:teuthology.orchestra.run.smithi149.stdout:/usr/bin/ceph: stderr
2024-09-05T01:00:03.440+0000 7f6b2d830640 1 -- 172.21.15.149:0/796661970 wait complete.
2024-09-05T01:00:04.062 INFO:teuthology.orchestra.run.smithi149.stdout:Non-zero exit code 1 from systemctl is-enabled firewalld.service
2024-09-05T01:00:04.062 INFO:teuthology.orchestra.run.smithi149.stdout:systemctl: stdout disabled
2024-09-05T01:00:04.069 INFO:teuthology.orchestra.run.smithi149.stdout:Non-zero exit code 3 from systemctl is-active firewalld.service
2024-09-05T01:00:04.069 INFO:teuthology.orchestra.run.smithi149.stdout:systemctl: stdout inactive
2024-09-05T01:00:04.069 INFO:teuthology.orchestra.run.smithi149.stdout:firewalld.service is not enabled
2024-09-05T01:00:04.069 INFO:teuthology.orchestra.run.smithi149.stdout:Not possible to open ports <[8443]>. firewalld.service is not available
2024-09-05T01:00:04.071 INFO:teuthology.orchestra.run.smithi149.stdout:Ceph Dashboard is now available at:
2024-09-05T01:00:04.071 INFO:teuthology.orchestra.run.smithi149.stdout:
2024-09-05T01:00:04.071 INFO:teuthology.orchestra.run.smithi149.stdout: URL: https://smithi149:8443/
2024-09-05T01:00:04.071 INFO:teuthology.orchestra.run.smithi149.stdout: User: admin
2024-09-05T01:00:04.071 INFO:teuthology.orchestra.run.smithi149.stdout: Password: 1drygcvvx3
2024-09-05T01:00:04.071 INFO:teuthology.orchestra.run.smithi149.stdout:
2024-09-05T01:00:04.071 INFO:teuthology.orchestra.run.smithi149.stdout:Saving cluster configuration to /var/lib/ceph/eb9173b4-6b21-11ef-bcd6-c7b262605968/config directory
2024-09-05T01:00:04.836 INFO:journalctl@ceph.mon.a.smithi149.stdout:Sep 05 01:00:04 smithi149 ceph-mon[31691]: mgrmap e13: x(active, since 6s)
2024-09-05T01:00:05.328 INFO:teuthology.orchestra.run.smithi149.stdout:/usr/bin/ceph: stderr
2024-09-05T01:00:04.496+0000 7eff6c2c6640 1 Processor -- start
2024-09-05T01:00:05.328 INFO:teuthology.orchestra.run.smithi149.stdout:/usr/bin/ceph: stderr
2024-09-05T01:00:04.496+0000 7eff6c2c6640 1 -- start start
2024-09-05T01:00:05.328 INFO:teuthology.orchestra.run.smithi149.stdout:/usr/bin/ceph: stderr
2024-09-05T01:00:04.497+0000 7eff6c2c6640 1 --2- >> [v2:172.21.15.149:3300/0,v1:172.21.15.149:6789/0] conn(0x7eff641081c0 0x7eff6410a5b0 unknown :-1 s=NONE pgs=0 cs=0 l=0 rev1=0 crypto rx=0 tx=0 comp rx=0 tx=0).connect
2024-09-05T01:00:05.328 INFO:teuthology.orchestra.run.smithi149.stdout:/usr/bin/ceph: stderr
2024-09-05T01:00:04.497+0000 7eff6c2c6640 1 -- --> [v2:172.21.15.149:3300/0,v1:172.21.15.149:6789/0] -- mon_getmap magic: 0 -- 0x7eff64075790 con 0x7eff641081c0
2024-09-05T01:00:05.328 INFO:teuthology.orchestra.run.smithi149.stdout:/usr/bin/ceph: stderr
2024-09-05T01:00:04.497+0000 7eff6a062640 1 --2- >> [v2:172.21.15.149:3300/0,v1:172.21.15.149:6789/0] conn(0x7eff641081c0 0x7eff6410a5b0 unknown :-1 s=BANNER_CONNECTING pgs=0 cs=0 l=0 rev1=0 crypto rx=0 tx=0 comp rx=0 tx=0)._handle_peer_banner_payload supported=3 required=0
2024-09-05T01:00:05.329 INFO:teuthology.orchestra.run.smithi149.stdout:/usr/bin/ceph: stderr
2024-09-05T01:00:04.497+0000 7eff6a062640 1 --2- >> [v2:172.21.15.149:3300/0,v1:172.21.15.149:6789/0] conn(0x7eff641081c0 0x7eff6410a5b0 unknown :-1 s=HELLO_CONNECTING pgs=0 cs=0 l=0 rev1=1 crypto rx=0 tx=0 comp rx=0 tx=0).handle_hello peer v2:172.21.15.149:3300/0 says I am v2:172.21.15.149:49006/0 (socket says 172.21.15.149:49006)
2024-09-05T01:00:05.329 INFO:teuthology.orchestra.run.smithi149.stdout:/usr/bin/ceph: stderr
2024-09-05T01:00:04.497+0000 7eff6a062640 1 -- 172.21.15.149:0/3032945093 learned_addr learned my addr 172.21.15.149:0/3032945093 (peer_addr_for_me v2:172.21.15.149:0/0)
2024-09-05T01:00:05.329 INFO:teuthology.orchestra.run.smithi149.stdout:/usr/bin/ceph: stderr
2024-09-05T01:00:04.497+0000 7eff6a062640 1 -- 172.21.15.149:0/3032945093 --> [v2:172.21.15.149:3300/0,v1:172.21.15.149:6789/0] -- mon_subscribe({config=0+,monmap=0+}) -- 0x7eff6410aaf0 con 0x7eff641081c0
2024-09-05T01:00:05.329 INFO:teuthology.orchestra.run.smithi149.stdout:/usr/bin/ceph: stderr
2024-09-05T01:00:04.498+0000 7eff6a062640 1 --2- 172.21.15.149:0/3032945093 >> [v2:172.21.15.149:3300/0,v1:172.21.15.149:6789/0] conn(0x7eff641081c0 0x7eff6410a5b0 secure :-1 s=READY pgs=74 cs=0 l=1 rev1=1 crypto rx=0x7eff60009820 tx=0x7eff6002a270 comp rx=0 tx=0).ready entity=mon.0 client_cookie=939460ee9680735d server_cookie=0 in_seq=0 out_seq=0
2024-09-05T01:00:05.329 INFO:teuthology.orchestra.run.smithi149.stdout:/usr/bin/ceph: stderr
2024-09-05T01:00:04.498+0000 7eff69060640 1 -- 172.21.15.149:0/3032945093 <== mon.0 v2:172.21.15.149:3300/0 1 ==== mon_map magic: 0 ==== 205+0+0 (secure 0 0 0) 0x7eff60037070 con 0x7eff641081c0
2024-09-05T01:00:05.329 INFO:teuthology.orchestra.run.smithi149.stdout:/usr/bin/ceph: stderr
2024-09-05T01:00:04.498+0000 7eff69060640 1 -- 172.21.15.149:0/3032945093 <== mon.0 v2:172.21.15.149:3300/0 2 ==== config(28 keys) ==== 1171+0+0 (secure 0 0 0) 0x7eff60032940 con 0x7eff641081c0
2024-09-05T01:00:05.329 INFO:teuthology.orchestra.run.smithi149.stdout:/usr/bin/ceph: stderr
2024-09-05T01:00:04.498+0000 7eff69060640 1 -- 172.21.15.149:0/3032945093 <== mon.0 v2:172.21.15.149:3300/0 3 ==== mon_map magic: 0 ==== 205+0+0 (secure 0 0 0) 0x7eff600308b0 con 0x7eff641081c0
2024-09-05T01:00:05.329 INFO:teuthology.orchestra.run.smithi149.stdout:/usr/bin/ceph: stderr
2024-09-05T01:00:04.498+0000 7eff6c2c6640 1 -- 172.21.15.149:0/3032945093 >> [v2:172.21.15.149:3300/0,v1:172.21.15.149:6789/0] conn(0x7eff641081c0 msgr2=0x7eff6410a5b0 secure :-1 s=STATE_CONNECTION_ESTABLISHED l=1).mark_down
2024-09-05T01:00:05.329 INFO:teuthology.orchestra.run.smithi149.stdout:/usr/bin/ceph: stderr
2024-09-05T01:00:04.498+0000 7eff6c2c6640 1 --2- 172.21.15.149:0/3032945093 >> [v2:172.21.15.149:3300/0,v1:172.21.15.149:6789/0] conn(0x7eff641081c0 0x7eff6410a5b0 secure :-1 s=READY pgs=74 cs=0 l=1 rev1=1 crypto rx=0x7eff60009820 tx=0x7eff6002a270 comp rx=0 tx=0).stop
2024-09-05T01:00:05.329 INFO:teuthology.orchestra.run.smithi149.stdout:/usr/bin/ceph: stderr
2024-09-05T01:00:04.499+0000 7eff6c2c6640 1 -- 172.21.15.149:0/3032945093 shutdown_connections
2024-09-05T01:00:05.329 INFO:teuthology.orchestra.run.smithi149.stdout:/usr/bin/ceph: stderr
2024-09-05T01:00:04.499+0000 7eff6c2c6640 1 --2- 172.21.15.149:0/3032945093 >> [v2:172.21.15.149:3300/0,v1:172.21.15.149:6789/0] conn(0x7eff641081c0 0x7eff6410a5b0 unknown :-1 s=CLOSED pgs=74 cs=0 l=1 rev1=1 crypto rx=0 tx=0 comp rx=0 tx=0).stop
2024-09-05T01:00:05.330 INFO:teuthology.orchestra.run.smithi149.stdout:/usr/bin/ceph: stderr
2024-09-05T01:00:04.499+0000 7eff6c2c6640 1 -- 172.21.15.149:0/3032945093 >> 172.21.15.149:0/3032945093 conn(0x7eff64101e20 msgr2=0x7eff64104240 unknown :-1 s=STATE_NONE l=0).mark_down
2024-09-05T01:00:05.330 INFO:teuthology.orchestra.run.smithi149.stdout:/usr/bin/ceph: stderr
2024-09-05T01:00:04.499+0000 7eff6c2c6640 1 -- 172.21.15.149:0/3032945093 shutdown_connections
2024-09-05T01:00:05.330 INFO:teuthology.orchestra.run.smithi149.stdout:/usr/bin/ceph: stderr
2024-09-05T01:00:04.499+0000 7eff6c2c6640 1 -- 172.21.15.149:0/3032945093 wait complete.
2024-09-05T01:00:05.330 INFO:teuthology.orchestra.run.smithi149.stdout:/usr/bin/ceph: stderr
2024-09-05T01:00:04.499+0000 7eff6c2c6640 1 Processor -- start
2024-09-05T01:00:05.330 INFO:teuthology.orchestra.run.smithi149.stdout:/usr/bin/ceph: stderr
2024-09-05T01:00:04.499+0000 7eff6c2c6640 1 -- start start
2024-09-05T01:00:05.330 INFO:teuthology.orchestra.run.smithi149.stdout:/usr/bin/ceph: stderr
2024-09-05T01:00:04.499+0000 7eff6c2c6640 1 --2- >> [v2:172.21.15.149:3300/0,v1:172.21.15.149:6789/0] conn(0x7eff641081c0 0x7eff6419b7d0 unknown :-1 s=NONE pgs=0 cs=0 l=1 rev1=0 crypto rx=0 tx=0 comp rx=0 tx=0).connect
2024-09-05T01:00:05.330 INFO:teuthology.orchestra.run.smithi149.stdout:/usr/bin/ceph: stderr
2024-09-05T01:00:04.499+0000 7eff6c2c6640 1 -- --> [v2:172.21.15.149:3300/0,v1:172.21.15.149:6789/0] -- mon_getmap magic: 0 -- 0x7eff6410bbd0 con 0x7eff641081c0
2024-09-05T01:00:05.330 INFO:teuthology.orchestra.run.smithi149.stdout:/usr/bin/ceph: stderr
2024-09-05T01:00:04.500+0000 7eff6a062640 1 --2- >> [v2:172.21.15.149:3300/0,v1:172.21.15.149:6789/0] conn(0x7eff641081c0 0x7eff6419b7d0 unknown :-1 s=BANNER_CONNECTING pgs=0 cs=0 l=1 rev1=0 crypto rx=0 tx=0 comp rx=0 tx=0)._handle_peer_banner_payload supported=3 required=0
2024-09-05T01:00:05.330 INFO:teuthology.orchestra.run.smithi149.stdout:/usr/bin/ceph: stderr
