2024-09-05T01:06:15.004 INFO:teuthology.orchestra.run.smithi129.stdout:/usr/bin/ceph: stderr
2024-09-05T01:06:14.195+0000 7ff490dd0640 1 -- 172.21.15.129:0/3364659557 >> [v2:172.21.15.129:6800/3942407634,v1:172.21.15.129:6801/3942407634] conn(0x7ff478039080 msgr2=0x7ff47803b540 unknown :-1 s=STATE_CONNECTING_RE l=1).process reconnect failed to v2:172.21.15.129:6800/3942407634
2024-09-05T01:06:15.004 INFO:teuthology.orchestra.run.smithi129.stdout:/usr/bin/ceph: stderr
2024-09-05T01:06:14.195+0000 7ff4827fc640 1 -- 172.21.15.129:0/3364659557 <== mon.0 v2:172.21.15.129:3300/0 5 ==== osd_map(2..2 src has 1..2) ==== 940+0+0 (secure 0 0 0) 0x7ff48806c0d0 con 0x7ff48c107fb0
2024-09-05T01:06:15.004 INFO:teuthology.orchestra.run.smithi129.stdout:/usr/bin/ceph: stderr
2024-09-05T01:06:14.195+0000 7ff490dd0640 1 --2- 172.21.15.129:0/3364659557 >> [v2:172.21.15.129:6800/3942407634,v1:172.21.15.129:6801/3942407634] conn(0x7ff478039080 0x7ff47803b540 unknown :-1 s=START_CONNECT pgs=0 cs=0 l=1 rev1=0 crypto rx=0 tx=0 comp rx=0 tx=0)._fault waiting 0.200000
2024-09-05T01:06:15.004 INFO:teuthology.orchestra.run.smithi129.stdout:/usr/bin/ceph: stderr
2024-09-05T01:06:14.200+0000 7ff4827fc640 1 -- 172.21.15.129:0/3364659557 <== mon.0 v2:172.21.15.129:3300/0 6 ==== mon_command_ack([{"prefix": "get_command_descriptions"}]=0 v0) ==== 72+0+188821 (secure 0 0 0) 0x7ff488034e00 con 0x7ff48c107fb0
2024-09-05T01:06:15.004 INFO:teuthology.orchestra.run.smithi129.stdout:/usr/bin/ceph: stderr
2024-09-05T01:06:14.396+0000 7ff490dd0640 1 -- 172.21.15.129:0/3364659557 >> [v2:172.21.15.129:6800/3942407634,v1:172.21.15.129:6801/3942407634] conn(0x7ff478039080 msgr2=0x7ff47803b540 unknown :-1 s=STATE_CONNECTING_RE l=1).process reconnect failed to v2:172.21.15.129:6800/3942407634
2024-09-05T01:06:15.004 INFO:teuthology.orchestra.run.smithi129.stdout:/usr/bin/ceph: stderr
2024-09-05T01:06:14.396+0000 7ff490dd0640 1 --2- 172.21.15.129:0/3364659557 >> [v2:172.21.15.129:6800/3942407634,v1:172.21.15.129:6801/3942407634] conn(0x7ff478039080 0x7ff47803b540 unknown :-1 s=START_CONNECT pgs=0 cs=0 l=1 rev1=0 crypto rx=0 tx=0 comp rx=0 tx=0)._fault waiting 0.400000
2024-09-05T01:06:15.004 INFO:teuthology.orchestra.run.smithi129.stdout:/usr/bin/ceph: stderr
2024-09-05T01:06:14.421+0000 7ff493835640 1 -- 172.21.15.129:0/3364659557 --> [v2:172.21.15.129:3300/0,v1:172.21.15.129:6789/0] -- mon_command({"prefix": "mgr stat"} v 0) -- 0x7ff48c106720 con 0x7ff48c107fb0
2024-09-05T01:06:15.004 INFO:teuthology.orchestra.run.smithi129.stdout:/usr/bin/ceph: stderr
2024-09-05T01:06:14.421+0000 7ff4827fc640 1 -- 172.21.15.129:0/3364659557 <== mon.0 v2:172.21.15.129:3300/0 7 ==== mon_command_ack([{"prefix": "mgr stat"}]=0 v9) ==== 56+0+88 (secure 0 0 0) 0x7ff48802ed90 con 0x7ff48c107fb0
2024-09-05T01:06:15.004 INFO:teuthology.orchestra.run.smithi129.stdout:/usr/bin/ceph: stderr
2024-09-05T01:06:14.423+0000 7ff493835640 1 -- 172.21.15.129:0/3364659557 >> [v2:172.21.15.129:6800/3942407634,v1:172.21.15.129:6801/3942407634] conn(0x7ff478039080 msgr2=0x7ff47803b540 unknown :-1 s=STATE_CONNECTING l=1).mark_down
2024-09-05T01:06:15.004 INFO:teuthology.orchestra.run.smithi129.stdout:/usr/bin/ceph: stderr
2024-09-05T01:06:14.423+0000 7ff493835640 1 --2- 172.21.15.129:0/3364659557 >> [v2:172.21.15.129:6800/3942407634,v1:172.21.15.129:6801/3942407634] conn(0x7ff478039080 0x7ff47803b540 unknown :-1 s=START_CONNECT pgs=0 cs=0 l=1 rev1=0 crypto rx=0 tx=0 comp rx=0 tx=0).stop
2024-09-05T01:06:15.004 INFO:teuthology.orchestra.run.smithi129.stdout:/usr/bin/ceph: stderr
2024-09-05T01:06:14.423+0000 7ff493835640 1 -- 172.21.15.129:0/3364659557 >> [v2:172.21.15.129:3300/0,v1:172.21.15.129:6789/0] conn(0x7ff48c107fb0 msgr2=0x7ff48c107830 secure :-1 s=STATE_CONNECTION_ESTABLISHED l=1).mark_down
2024-09-05T01:06:15.005 INFO:teuthology.orchestra.run.smithi129.stdout:/usr/bin/ceph: stderr
2024-09-05T01:06:14.423+0000 7ff493835640 1 --2- 172.21.15.129:0/3364659557 >> [v2:172.21.15.129:3300/0,v1:172.21.15.129:6789/0] conn(0x7ff48c107fb0 0x7ff48c107830 secure :-1 s=READY pgs=58 cs=0 l=1 rev1=1 crypto rx=0x7ff488030cc0 tx=0x7ff488030cf0 comp rx=0 tx=0).stop
2024-09-05T01:06:15.005 INFO:teuthology.orchestra.run.smithi129.stdout:/usr/bin/ceph: stderr
2024-09-05T01:06:14.423+0000 7ff493835640 1 -- 172.21.15.129:0/3364659557 shutdown_connections
2024-09-05T01:06:15.005 INFO:teuthology.orchestra.run.smithi129.stdout:/usr/bin/ceph: stderr
2024-09-05T01:06:14.423+0000 7ff493835640 1 --2- 172.21.15.129:0/3364659557 >> [v2:172.21.15.129:6800/3942407634,v1:172.21.15.129:6801/3942407634] conn(0x7ff478039080 0x7ff47803b540 unknown :-1 s=CLOSED pgs=0 cs=0 l=1 rev1=0 crypto rx=0 tx=0 comp rx=0 tx=0).stop
2024-09-05T01:06:15.005 INFO:teuthology.orchestra.run.smithi129.stdout:/usr/bin/ceph: stderr
2024-09-05T01:06:14.423+0000 7ff493835640 1 --2- 172.21.15.129:0/3364659557 >> [v2:172.21.15.129:3300/0,v1:172.21.15.129:6789/0] conn(0x7ff48c107fb0 0x7ff48c107830 unknown :-1 s=CLOSED pgs=58 cs=0 l=1 rev1=1 crypto rx=0 tx=0 comp rx=0 tx=0).stop
2024-09-05T01:06:15.005 INFO:teuthology.orchestra.run.smithi129.stdout:/usr/bin/ceph: stderr
2024-09-05T01:06:14.423+0000 7ff493835640 1 -- 172.21.15.129:0/3364659557 >> 172.21.15.129:0/3364659557 conn(0x7ff48c101b30 msgr2=0x7ff48c102640 unknown :-1 s=STATE_NONE l=0).mark_down
2024-09-05T01:06:15.005 INFO:teuthology.orchestra.run.smithi129.stdout:/usr/bin/ceph: stderr
2024-09-05T01:06:14.423+0000 7ff493835640 1 -- 172.21.15.129:0/3364659557 shutdown_connections
2024-09-05T01:06:15.005 INFO:teuthology.orchestra.run.smithi129.stdout:/usr/bin/ceph: stderr
2024-09-05T01:06:14.423+0000 7ff493835640 1 -- 172.21.15.129:0/3364659557 wait complete.
2024-09-05T01:06:15.005 INFO:teuthology.orchestra.run.smithi129.stdout:Waiting for the mgr to restart...
2024-09-05T01:06:15.005 INFO:teuthology.orchestra.run.smithi129.stdout:Waiting for mgr epoch 9...
2024-09-05T01:06:15.242 INFO:journalctl@ceph.mgr.x.smithi129.stdout:Sep 05 01:06:14 smithi129 ceph-c8062bdc-6b22-11ef-bcd6-c7b262605968-mgr-x[31204]:
2024-09-05T01:06:14.986+0000 7f2793484040 -1 mgr[py] Module telemetry has missing NOTIFY_TYPES member
2024-09-05T01:06:15.242 INFO:journalctl@ceph.mgr.x.smithi129.stdout:Sep 05 01:06:15 smithi129 ceph-c8062bdc-6b22-11ef-bcd6-c7b262605968-mgr-x[31204]:
2024-09-05T01:06:15.059+0000 7f2793484040 -1 mgr[py] Module balancer has missing NOTIFY_TYPES member
2024-09-05T01:06:15.901 INFO:journalctl@ceph.mgr.x.smithi129.stdout:Sep 05 01:06:15 smithi129 ceph-c8062bdc-6b22-11ef-bcd6-c7b262605968-mgr-x[31204]:
2024-09-05T01:06:15.785+0000 7f2793484040 -1 mgr[py] Module rook has missing NOTIFY_TYPES member
2024-09-05T01:06:16.242 INFO:journalctl@ceph.mgr.x.smithi129.stdout:Sep 05 01:06:15 smithi129 ceph-c8062bdc-6b22-11ef-bcd6-c7b262605968-mgr-x[31204]:
2024-09-05T01:06:15.900+0000 7f2793484040 -1 mgr[py] Module iostat has missing NOTIFY_TYPES member
2024-09-05T01:06:16.242 INFO:journalctl@ceph.mgr.x.smithi129.stdout:Sep 05 01:06:16 smithi129 ceph-c8062bdc-6b22-11ef-bcd6-c7b262605968-mgr-x[31204]:
2024-09-05T01:06:16.044+0000 7f2793484040 -1 mgr[py] Module orchestrator has missing NOTIFY_TYPES member
2024-09-05T01:06:16.242 INFO:journalctl@ceph.mgr.x.smithi129.stdout:Sep 05 01:06:16 smithi129 ceph-c8062bdc-6b22-11ef-bcd6-c7b262605968-mgr-x[31204]:
2024-09-05T01:06:16.105+0000 7f2793484040 -1 mgr[py] Module devicehealth has missing NOTIFY_TYPES member
2024-09-05T01:06:16.539 INFO:journalctl@ceph.mgr.x.smithi129.stdout:Sep 05 01:06:16 smithi129 ceph-c8062bdc-6b22-11ef-bcd6-c7b262605968-mgr-x[31204]:
2024-09-05T01:06:16.254+0000 7f2793484040 -1 mgr[py] Module rgw has missing NOTIFY_TYPES member
2024-09-05T01:06:16.539 INFO:journalctl@ceph.mgr.x.smithi129.stdout:Sep 05 01:06:16 smithi129 ceph-c8062bdc-6b22-11ef-bcd6-c7b262605968-mgr-x[31204]:
2024-09-05T01:06:16.322+0000 7f2793484040 -1 mgr[py] Module alerts has missing NOTIFY_TYPES member
2024-09-05T01:06:16.540 INFO:journalctl@ceph.mgr.x.smithi129.stdout:Sep 05 01:06:16 smithi129 ceph-c8062bdc-6b22-11ef-bcd6-c7b262605968-mgr-x[31204]:
2024-09-05T01:06:16.382+0000 7f2793484040 -1 mgr[py] Module progress has missing NOTIFY_TYPES member
2024-09-05T01:06:16.540 INFO:journalctl@ceph.mgr.x.smithi129.stdout:Sep 05 01:06:16 smithi129 ceph-c8062bdc-6b22-11ef-bcd6-c7b262605968-mgr-x[31204]:
2024-09-05T01:06:16.538+0000 7f2793484040 -1 mgr[py] Module nfs has missing NOTIFY_TYPES member
2024-09-05T01:06:16.813 INFO:journalctl@ceph.mgr.x.smithi129.stdout:Sep 05 01:06:16 smithi129 ceph-c8062bdc-6b22-11ef-bcd6-c7b262605968-mgr-x[31204]:
2024-09-05T01:06:16.604+0000 7f2793484040 -1 mgr[py] Module status has missing NOTIFY_TYPES member
2024-09-05T01:06:16.813 INFO:journalctl@ceph.mgr.x.smithi129.stdout:Sep 05 01:06:16 smithi129 ceph-c8062bdc-6b22-11ef-bcd6-c7b262605968-mgr-x[31204]:
2024-09-05T01:06:16.671+0000 7f2793484040 -1 mgr[py] Module pg_autoscaler has missing NOTIFY_TYPES member
2024-09-05T01:06:16.814 INFO:journalctl@ceph.mgr.x.smithi129.stdout:Sep 05 01:06:16 smithi129 ceph-c8062bdc-6b22-11ef-bcd6-c7b262605968-mgr-x[31204]:
2024-09-05T01:06:16.753+0000 7f2793484040 -1 mgr[py] Module rbd_support has missing NOTIFY_TYPES member
2024-09-05T01:06:16.814 INFO:journalctl@ceph.mgr.x.smithi129.stdout:Sep 05 01:06:16 smithi129 ceph-c8062bdc-6b22-11ef-bcd6-c7b262605968-mgr-x[31204]:
2024-09-05T01:06:16.812+0000 7f2793484040 -1 mgr[py] Module influx has missing NOTIFY_TYPES member
2024-09-05T01:06:17.242 INFO:journalctl@ceph.mgr.x.smithi129.stdout:Sep 05 01:06:16 smithi129 ceph-c8062bdc-6b22-11ef-bcd6-c7b262605968-mgr-x[31204]:
2024-09-05T01:06:16.872+0000 7f2793484040 -1 mgr[py] Module zabbix has missing NOTIFY_TYPES member
2024-09-05T01:06:17.992 INFO:journalctl@ceph.mgr.x.smithi129.stdout:Sep 05 01:06:17 smithi129 ceph-c8062bdc-6b22-11ef-bcd6-c7b262605968-mgr-x[31204]:
2024-09-05T01:06:17.662+0000 7f2793484040 -1 mgr[py] Module telegraf has missing NOTIFY_TYPES member
2024-09-05T01:06:17.992 INFO:journalctl@ceph.mon.a.smithi129.stdout:Sep 05 01:06:17 smithi129 ceph-mon[30979]: Active manager daemon x restarted
2024-09-05T01:06:17.992 INFO:journalctl@ceph.mon.a.smithi129.stdout:Sep 05 01:06:17 smithi129 ceph-mon[30979]: Activating manager daemon x
2024-09-05T01:06:17.992 INFO:journalctl@ceph.mon.a.smithi129.stdout:Sep 05 01:06:17 smithi129 ceph-mon[30979]: osdmap e3: 0 total, 0 up, 0 in
2024-09-05T01:06:17.993 INFO:journalctl@ceph.mon.a.smithi129.stdout:Sep 05 01:06:17 smithi129 ceph-mon[30979]: mgrmap e10: x(active, starting, since 0.0035688s)
2024-09-05T01:06:17.993 INFO:journalctl@ceph.mon.a.smithi129.stdout:Sep 05 01:06:17 smithi129 ceph-mon[30979]: from='mgr.14150 172.21.15.129:0/2366036160' entity='mgr.x' cmd=[{"prefix": "mon metadata", "id": "a"}]: dispatch
2024-09-05T01:06:17.993 INFO:journalctl@ceph.mon.a.smithi129.stdout:Sep 05 01:06:17 smithi129 ceph-mon[30979]: from='mgr.14150 172.21.15.129:0/2366036160' entity='mgr.x' cmd=[{"prefix": "mgr metadata", "who": "x", "id": "x"}]: dispatch
2024-09-05T01:06:17.993 INFO:journalctl@ceph.mon.a.smithi129.stdout:Sep 05 01:06:17 smithi129 ceph-mon[30979]: from='mgr.14150 172.21.15.129:0/2366036160' entity='mgr.x' cmd=[{"prefix": "mds metadata"}]: dispatch
2024-09-05T01:06:17.993 INFO:journalctl@ceph.mon.a.smithi129.stdout:Sep 05 01:06:17 smithi129 ceph-mon[30979]: from='mgr.14150 172.21.15.129:0/2366036160' entity='mgr.x' cmd=[{"prefix": "osd metadata"}]: dispatch
2024-09-05T01:06:17.993 INFO:journalctl@ceph.mon.a.smithi129.stdout:Sep 05 01:06:17 smithi129 ceph-mon[30979]: from='mgr.14150 172.21.15.129:0/2366036160' entity='mgr.x' cmd=[{"prefix": "mon metadata"}]: dispatch
2024-09-05T01:06:17.993 INFO:journalctl@ceph.mon.a.smithi129.stdout:Sep 05 01:06:17 smithi129 ceph-mon[30979]: Manager daemon x is now available
2024-09-05T01:06:17.993 INFO:journalctl@ceph.mon.a.smithi129.stdout:Sep 05 01:06:17 smithi129 ceph-mon[30979]: from='mgr.14150 172.21.15.129:0/2366036160' entity='mgr.x' cmd=[{"prefix": "config dump", "format": "json"}]: dispatch
2024-09-05T01:06:17.993 INFO:journalctl@ceph.mon.a.smithi129.stdout:Sep 05 01:06:17 smithi129 ceph-mon[30979]: from='mgr.14150 172.21.15.129:0/2366036160' entity='mgr.x' cmd=[{"prefix":"config rm","who":"mgr","name":"mgr/rbd_support/x/mirror_snapshot_schedule"}]: dispatch
2024-09-05T01:06:17.993 INFO:journalctl@ceph.mon.a.smithi129.stdout:Sep 05 01:06:17 smithi129 ceph-mon[30979]: from='mgr.14150 172.21.15.129:0/2366036160' entity='mgr.x' cmd=[{"prefix":"config rm","who":"mgr","name":"mgr/rbd_support/x/trash_purge_schedule"}]: dispatch
2024-09-05T01:06:19.243 INFO:journalctl@ceph.mgr.x.smithi129.stdout:Sep 05 01:06:19 smithi129 ceph-c8062bdc-6b22-11ef-bcd6-c7b262605968-mgr-x[31204]:
2024-09-05T01:06:19.035+0000 7f26f8f4e640 -1 log_channel(cephadm) log [ERR] : [05/Sep/2024:01:06:19] ENGINE Error in HTTPServer.serve
2024-09-05T01:06:19.243 INFO:journalctl@ceph.mgr.x.smithi129.stdout:Sep 05 01:06:19 smithi129 ceph-c8062bdc-6b22-11ef-bcd6-c7b262605968-mgr-x[31204]: Traceback (most recent call last):
2024-09-05T01:06:19.244 INFO:journalctl@ceph.mgr.x.smithi129.stdout:Sep 05 01:06:19 smithi129 ceph-c8062bdc-6b22-11ef-bcd6-c7b262605968-mgr-x[31204]: File "/lib/python3.9/site-packages/cheroot/server.py", line 1823, in serve
2024-09-05T01:06:19.244 INFO:journalctl@ceph.mgr.x.smithi129.stdout:Sep 05 01:06:19 smithi129 ceph-c8062bdc-6b22-11ef-bcd6-c7b262605968-mgr-x[31204]: self._connections.run(self.expiration_interval)
2024-09-05T01:06:19.244 INFO:journalctl@ceph.mgr.x.smithi129.stdout:Sep 05 01:06:19 smithi129 ceph-c8062bdc-6b22-11ef-bcd6-c7b262605968-mgr-x[31204]: File "/lib/python3.9/site-packages/cheroot/connections.py", line 203, in run
2024-09-05T01:06:19.244 INFO:journalctl@ceph.mgr.x.smithi129.stdout:Sep 05 01:06:19 smithi129 ceph-c8062bdc-6b22-11ef-bcd6-c7b262605968-mgr-x[31204]: self._run(expiration_interval)
2024-09-05T01:06:19.244 INFO:journalctl@ceph.mgr.x.smithi129.stdout:Sep 05 01:06:19 smithi129 ceph-c8062bdc-6b22-11ef-bcd6-c7b262605968-mgr-x[31204]: File "/lib/python3.9/site-packages/cheroot/connections.py", line 246, in _run
2024-09-05T01:06:19.244 INFO:journalctl@ceph.mgr.x.smithi129.stdout:Sep 05 01:06:19 smithi129 ceph-c8062bdc-6b22-11ef-bcd6-c7b262605968-mgr-x[31204]: new_conn = self._from_server_socket(self.server.socket)
2024-09-05T01:06:19.244 INFO:journalctl@ceph.mgr.x.smithi129.stdout:Sep 05 01:06:19 smithi129 ceph-c8062bdc-6b22-11ef-bcd6-c7b262605968-mgr-x[31204]: File "/lib/python3.9/site-packages/cheroot/connections.py", line 300, in _from_server_socket
2024-09-05T01:06:19.244 INFO:journalctl@ceph.mgr.x.smithi129.stdout:Sep 05 01:06:19 smithi129 ceph-c8062bdc-6b22-11ef-bcd6-c7b262605968-mgr-x[31204]: s, ssl_env = self.server.ssl_adapter.wrap(s)
2024-09-05T01:06:19.244 INFO:journalctl@ceph.mgr.x.smithi129.stdout:Sep 05 01:06:19 smithi129 ceph-c8062bdc-6b22-11ef-bcd6-c7b262605968-mgr-x[31204]: File "/lib/python3.9/site-packages/cheroot/ssl/builtin.py", line 277, in wrap
2024-09-05T01:06:19.244 INFO:journalctl@ceph.mgr.x.smithi129.stdout:Sep 05 01:06:19 smithi129 ceph-c8062bdc-6b22-11ef-bcd6-c7b262605968-mgr-x[31204]: s = self.context.wrap_socket(
2024-09-05T01:06:19.244 INFO:journalctl@ceph.mgr.x.smithi129.stdout:Sep 05 01:06:19 smithi129 ceph-c8062bdc-6b22-11ef-bcd6-c7b262605968-mgr-x[31204]: File "/lib64/python3.9/ssl.py", line 501, in wrap_socket
2024-09-05T01:06:19.244 INFO:journalctl@ceph.mgr.x.smithi129.stdout:Sep 05 01:06:19 smithi129 ceph-c8062bdc-6b22-11ef-bcd6-c7b262605968-mgr-x[31204]: return self.sslsocket_class._create(
2024-09-05T01:06:19.244 INFO:journalctl@ceph.mgr.x.smithi129.stdout:Sep 05 01:06:19 smithi129 ceph-c8062bdc-6b22-11ef-bcd6-c7b262605968-mgr-x[31204]: File "/lib64/python3.9/ssl.py", line 1074, in _create
2024-09-05T01:06:19.245 INFO:journalctl@ceph.mgr.x.smithi129.stdout:Sep 05 01:06:19 smithi129 ceph-c8062bdc-6b22-11ef-bcd6-c7b262605968-mgr-x[31204]: self.do_handshake()
2024-09-05T01:06:19.245 INFO:journalctl@ceph.mgr.x.smithi129.stdout:Sep 05 01:06:19 smithi129 ceph-c8062bdc-6b22-11ef-bcd6-c7b262605968-mgr-x[31204]: File "/lib64/python3.9/ssl.py", line 1343, in do_handshake
2024-09-05T01:06:19.245 INFO:journalctl@ceph.mgr.x.smithi129.stdout:Sep 05 01:06:19 smithi129 ceph-c8062bdc-6b22-11ef-bcd6-c7b262605968-mgr-x[31204]: self._sslobj.do_handshake()
2024-09-05T01:06:19.245 INFO:journalctl@ceph.mgr.x.smithi129.stdout:Sep 05 01:06:19 smithi129 ceph-c8062bdc-6b22-11ef-bcd6-c7b262605968-mgr-x[31204]: ssl.SSLZeroReturnError: TLS/SSL connection has been closed (EOF) (_ssl.c:1133)
2024-09-05T01:06:19.245 INFO:journalctl@ceph.mgr.x.smithi129.stdout:Sep 05 01:06:19 smithi129 ceph-c8062bdc-6b22-11ef-bcd6-c7b262605968-mgr-x[31204]:
2024-09-05T01:06:19.443 INFO:teuthology.orchestra.run.smithi129.stdout:/usr/bin/ceph: stdout {
2024-09-05T01:06:19.443 INFO:teuthology.orchestra.run.smithi129.stdout:/usr/bin/ceph: stdout "mgrmap_epoch": 11,
2024-09-05T01:06:19.443 INFO:teuthology.orchestra.run.smithi129.stdout:/usr/bin/ceph: stdout "initialized": true
2024-09-05T01:06:19.443 INFO:teuthology.orchestra.run.smithi129.stdout:/usr/bin/ceph: stdout }
2024-09-05T01:06:19.443 INFO:teuthology.orchestra.run.smithi129.stdout:/usr/bin/ceph: stderr
2024-09-05T01:06:15.421+0000 7f2402191640 1 Processor -- start
2024-09-05T01:06:19.443 INFO:teuthology.orchestra.run.smithi129.stdout:/usr/bin/ceph: stderr
2024-09-05T01:06:15.421+0000 7f2402191640 1 -- start start
2024-09-05T01:06:19.443 INFO:teuthology.orchestra.run.smithi129.stdout:/usr/bin/ceph: stderr
2024-09-05T01:06:15.422+0000 7f2402191640 1 --2- >> [v2:172.21.15.129:3300/0,v1:172.21.15.129:6789/0] conn(0x7f23fc1074d0 0x7f23fc1078d0 unknown :-1 s=NONE pgs=0 cs=0 l=0 rev1=0 crypto rx=0 tx=0 comp rx=0 tx=0).connect
2024-09-05T01:06:19.444 INFO:teuthology.orchestra.run.smithi129.stdout:/usr/bin/ceph: stderr
2024-09-05T01:06:15.422+0000 7f2402191640 1 -- --> [v2:172.21.15.129:3300/0,v1:172.21.15.129:6789/0] -- mon_getmap magic: 0 -- 0x7f23fc107ea0 con 0x7f23fc1074d0
2024-09-05T01:06:19.444 INFO:teuthology.orchestra.run.smithi129.stdout:/usr/bin/ceph: stderr
2024-09-05T01:06:15.422+0000 7f23fb7fe640 1 --2- >> [v2:172.21.15.129:3300/0,v1:172.21.15.129:6789/0] conn(0x7f23fc1074d0 0x7f23fc1078d0 unknown :-1 s=BANNER_CONNECTING pgs=0 cs=0 l=0 rev1=0 crypto rx=0 tx=0 comp rx=0 tx=0)._handle_peer_banner_payload supported=3 required=0
2024-09-05T01:06:19.444 INFO:teuthology.orchestra.run.smithi129.stdout:/usr/bin/ceph: stderr
2024-09-05T01:06:15.422+0000 7f23fb7fe640 1 --2- >> [v2:172.21.15.129:3300/0,v1:172.21.15.129:6789/0] conn(0x7f23fc1074d0 0x7f23fc1078d0 unknown :-1 s=HELLO_CONNECTING pgs=0 cs=0 l=0 rev1=1 crypto rx=0 tx=0 comp rx=0 tx=0).handle_hello peer v2:172.21.15.129:3300/0 says I am v2:172.21.15.129:53308/0 (socket says 172.21.15.129:53308)
2024-09-05T01:06:19.444 INFO:teuthology.orchestra.run.smithi129.stdout:/usr/bin/ceph: stderr
2024-09-05T01:06:15.422+0000 7f23fb7fe640 1 -- 172.21.15.129:0/1639427585 learned_addr learned my addr 172.21.15.129:0/1639427585 (peer_addr_for_me v2:172.21.15.129:0/0)
2024-09-05T01:06:19.444 INFO:teuthology.orchestra.run.smithi129.stdout:/usr/bin/ceph: stderr
2024-09-05T01:06:15.422+0000 7f23fb7fe640 1 -- 172.21.15.129:0/1639427585 --> [v2:172.21.15.129:3300/0,v1:172.21.15.129:6789/0] -- mon_subscribe({config=0+,monmap=0+}) -- 0x7f23fc1086d0 con 0x7f23fc1074d0
2024-09-05T01:06:19.444 INFO:teuthology.orchestra.run.smithi129.stdout:/usr/bin/ceph: stderr
2024-09-05T01:06:15.423+0000 7f23fb7fe640 1 --2- 172.21.15.129:0/1639427585 >> [v2:172.21.15.129:3300/0,v1:172.21.15.129:6789/0] conn(0x7f23fc1074d0 0x7f23fc1078d0 secure :-1 s=READY pgs=59 cs=0 l=1 rev1=1 crypto rx=0x7f23f0009820 tx=0x7f23f002a270 comp rx=0 tx=0).ready entity=mon.0 client_cookie=79ddd3013d1a882f server_cookie=0 in_seq=0 out_seq=0
2024-09-05T01:06:19.444 INFO:teuthology.orchestra.run.smithi129.stdout:/usr/bin/ceph: stderr
2024-09-05T01:06:15.423+0000 7f23fa7fc640 1 -- 172.21.15.129:0/1639427585 <== mon.0 v2:172.21.15.129:3300/0 1 ==== mon_map magic: 0 ==== 205+0+0 (secure 0 0 0) 0x7f23f0037070 con 0x7f23fc1074d0
2024-09-05T01:06:19.444 INFO:teuthology.orchestra.run.smithi129.stdout:/usr/bin/ceph: stderr
2024-09-05T01:06:15.423+0000 7f23fa7fc640 1 -- 172.21.15.129:0/1639427585 <== mon.0 v2:172.21.15.129:3300/0 2 ==== config(26 keys) ==== 1102+0+0 (secure 0 0 0) 0x7f23f00328f0 con 0x7f23fc1074d0
2024-09-05T01:06:19.444 INFO:teuthology.orchestra.run.smithi129.stdout:/usr/bin/ceph: stderr
2024-09-05T01:06:15.423+0000 7f23fa7fc640 1 -- 172.21.15.129:0/1639427585 <== mon.0 v2:172.21.15.129:3300/0 3 ==== mon_map magic: 0 ==== 205+0+0 (secure 0 0 0) 0x7f23f0030740 con 0x7f23fc1074d0
2024-09-05T01:06:19.444 INFO:teuthology.orchestra.run.smithi129.stdout:/usr/bin/ceph: stderr
2024-09-05T01:06:15.424+0000 7f2402191640 1 -- 172.21.15.129:0/1639427585 >> [v2:172.21.15.129:3300/0,v1:172.21.15.129:6789/0] conn(0x7f23fc1074d0 msgr2=0x7f23fc1078d0 secure :-1 s=STATE_CONNECTION_ESTABLISHED l=1).mark_down
2024-09-05T01:06:19.444 INFO:teuthology.orchestra.run.smithi129.stdout:/usr/bin/ceph: stderr
2024-09-05T01:06:15.424+0000 7f2402191640 1 --2- 172.21.15.129:0/1639427585 >> [v2:172.21.15.129:3300/0,v1:172.21.15.129:6789/0] conn(0x7f23fc1074d0 0x7f23fc1078d0 secure :-1 s=READY pgs=59 cs=0 l=1 rev1=1 crypto rx=0x7f23f0009820 tx=0x7f23f002a270 comp rx=0 tx=0).stop
2024-09-05T01:06:19.445 INFO:teuthology.orchestra.run.smithi129.stdout:/usr/bin/ceph: stderr
2024-09-05T01:06:15.424+0000 7f2402191640 1 -- 172.21.15.129:0/1639427585 shutdown_connections
2024-09-05T01:06:19.445 INFO:teuthology.orchestra.run.smithi129.stdout:/usr/bin/ceph: stderr
2024-09-05T01:06:15.424+0000 7f2402191640 1 --2- 172.21.15.129:0/1639427585 >> [v2:172.21.15.129:3300/0,v1:172.21.15.129:6789/0] conn(0x7f23fc1074d0 0x7f23fc1078d0 unknown :-1 s=CLOSED pgs=59 cs=0 l=1 rev1=1 crypto rx=0 tx=0 comp rx=0 tx=0).stop
2024-09-05T01:06:19.445 INFO:teuthology.orchestra.run.smithi129.stdout:/usr/bin/ceph: stderr
2024-09-05T01:06:15.424+0000 7f2402191640 1 -- 172.21.15.129:0/1639427585 >> 172.21.15.129:0/1639427585 conn(0x7f23fc102c80 msgr2=0x7f23fc1050a0 unknown :-1 s=STATE_NONE l=0).mark_down
2024-09-05T01:06:19.445 INFO:teuthology.orchestra.run.smithi129.stdout:/usr/bin/ceph: stderr
2024-09-05T01:06:15.424+0000 7f2402191640 1 -- 172.21.15.129:0/1639427585 shutdown_connections
2024-09-05T01:06:19.445 INFO:teuthology.orchestra.run.smithi129.stdout:/usr/bin/ceph: stderr
2024-09-05T01:06:15.424+0000 7f2402191640 1 -- 172.21.15.129:0/1639427585 wait complete.
2024-09-05T01:06:19.445 INFO:teuthology.orchestra.run.smithi129.stdout:/usr/bin/ceph: stderr
2024-09-05T01:06:15.425+0000 7f2402191640 1 Processor -- start
2024-09-05T01:06:19.445 INFO:teuthology.orchestra.run.smithi129.stdout:/usr/bin/ceph: stderr
2024-09-05T01:06:15.425+0000 7f2402191640 1 -- start start
2024-09-05T01:06:19.445 INFO:teuthology.orchestra.run.smithi129.stdout:/usr/bin/ceph: stderr
2024-09-05T01:06:15.425+0000 7f2402191640 1 --2- >> [v2:172.21.15.129:3300/0,v1:172.21.15.129:6789/0] conn(0x7f23fc1074d0 0x7f23fc07db10 unknown :-1 s=NONE pgs=0 cs=0 l=1 rev1=0 crypto rx=0 tx=0 comp rx=0 tx=0).connect
2024-09-05T01:06:19.445 INFO:teuthology.orchestra.run.smithi129.stdout:/usr/bin/ceph: stderr
2024-09-05T01:06:15.425+0000 7f2402191640 1 -- --> [v2:172.21.15.129:3300/0,v1:172.21.15.129:6789/0] -- mon_getmap magic: 0 -- 0x7f23fc10ba80 con 0x7f23fc1074d0
2024-09-05T01:06:19.445 INFO:teuthology.orchestra.run.smithi129.stdout:/usr/bin/ceph: stderr
2024-09-05T01:06:15.425+0000 7f23fb7fe640 1 --2- >> [v2:172.21.15.129:3300/0,v1:172.21.15.129:6789/0] conn(0x7f23fc1074d0 0x7f23fc07db10 unknown :-1 s=BANNER_CONNECTING pgs=0 cs=0 l=1 rev1=0 crypto rx=0 tx=0 comp rx=0 tx=0)._handle_peer_banner_payload supported=3 required=0
2024-09-05T01:06:19.445 INFO:teuthology.orchestra.run.smithi129.stdout:/usr/bin/ceph: stderr
2024-09-05T01:06:15.425+0000 7f23fb7fe640 1 --2- >> [v2:172.21.15.129:3300/0,v1:172.21.15.129:6789/0] conn(0x7f23fc1074d0 0x7f23fc07db10 unknown :-1 s=HELLO_CONNECTING pgs=0 cs=0 l=1 rev1=1 crypto rx=0 tx=0 comp rx=0 tx=0).handle_hello peer v2:172.21.15.129:3300/0 says I am v2:172.21.15.129:53324/0 (socket says 172.21.15.129:53324)
2024-09-05T01:06:19.445 INFO:teuthology.orchestra.run.smithi129.stdout:/usr/bin/ceph: stderr
2024-09-05T01:06:15.425+0000 7f23fb7fe640 1 -- 172.21.15.129:0/2197513581 learned_addr learned my addr 172.21.15.129:0/2197513581 (peer_addr_for_me v2:172.21.15.129:0/0)
2024-09-05T01:06:19.446 INFO:teuthology.orchestra.run.smithi129.stdout:/usr/bin/ceph: stderr
2024-09-05T01:06:15.426+0000 7f23fb7fe640 1 -- 172.21.15.129:0/2197513581 --> [v2:172.21.15.129:3300/0,v1:172.21.15.129:6789/0] -- mon_subscribe({config=0+,monmap=0+}) -- 0x7f23fc07e050 con 0x7f23fc1074d0
2024-09-05T01:06:19.446 INFO:teuthology.orchestra.run.smithi129.stdout:/usr/bin/ceph: stderr
2024-09-05T01:06:15.426+0000 7f23fb7fe640 1 --2- 172.21.15.129:0/2197513581 >> [v2:172.21.15.129:3300/0,v1:172.21.15.129:6789/0] conn(0x7f23fc1074d0 0x7f23fc07db10 secure :-1 s=READY pgs=60 cs=0 l=1 rev1=1 crypto rx=0x7f23f0009940 tx=0x7f23f0030cc0 comp rx=0 tx=0).ready entity=mon.0 client_cookie=0 server_cookie=0 in_seq=0 out_seq=0
2024-09-05T01:06:19.446 INFO:teuthology.orchestra.run.smithi129.stdout:/usr/bin/ceph: stderr
2024-09-05T01:06:15.426+0000 7f23f8ff9640 1 -- 172.21.15.129:0/2197513581 <== mon.0 v2:172.21.15.129:3300/0 1 ==== mon_map magic: 0 ==== 205+0+0 (secure 0 0 0) 0x7f23f0042070 con 0x7f23fc1074d0
2024-09-05T01:06:19.446 INFO:teuthology.orchestra.run.smithi129.stdout:/usr/bin/ceph: stderr
2024-09-05T01:06:15.426+0000 7f2402191640 1 -- 172.21.15.129:0/2197513581 --> [v2:172.21.15.129:3300/0,v1:172.21.15.129:6789/0] -- mon_subscribe({mgrmap=0+}) -- 0x7f23fc07c240 con 0x7f23fc1074d0
2024-09-05T01:06:19.446 INFO:teuthology.orchestra.run.smithi129.stdout:/usr/bin/ceph: stderr
2024-09-05T01:06:15.426+0000 7f23f8ff9640 1 -- 172.21.15.129:0/2197513581 <== mon.0 v2:172.21.15.129:3300/0 2 ==== config(26 keys) ==== 1102+0+0 (secure 0 0 0) 0x7f23f0030e30 con 0x7f23fc1074d0
2024-09-05T01:06:19.446 INFO:teuthology.orchestra.run.smithi129.stdout:/usr/bin/ceph: stderr
2024-09-05T01:06:15.426+0000 7f23f8ff9640 1 -- 172.21.15.129:0/2197513581 <== mon.0 v2:172.21.15.129:3300/0 3 ==== mon_map magic: 0 ==== 205+0+0 (secure 0 0 0) 0x7f23f0037040 con 0x7f23fc1074d0
2024-09-05T01:06:19.446 INFO:teuthology.orchestra.run.smithi129.stdout:/usr/bin/ceph: stderr
2024-09-05T01:06:15.426+0000 7f2402191640 1 -- 172.21.15.129:0/2197513581 --> [v2:172.21.15.129:3300/0,v1:172.21.15.129:6789/0] -- mon_subscribe({osdmap=0}) -- 0x7f23fc07c780 con 0x7f23fc1074d0
2024-09-05T01:06:19.446 INFO:teuthology.orchestra.run.smithi129.stdout:/usr/bin/ceph: stderr
2024-09-05T01:06:15.427+0000 7f23f8ff9640 1 -- 172.21.15.129:0/2197513581 <== mon.0 v2:172.21.15.129:3300/0 4 ==== mgrmap(e 9) ==== 46300+0+0 (secure 0 0 0) 0x7f23f0045070 con 0x7f23fc1074d0
2024-09-05T01:06:19.446 INFO:teuthology.orchestra.run.smithi129.stdout:/usr/bin/ceph: stderr
2024-09-05T01:06:15.427+0000 7f23f8ff9640 1 --2- 172.21.15.129:0/2197513581 >> [v2:172.21.15.129:6800/3942407634,v1:172.21.15.129:6801/3942407634] conn(0x7f23e4039080 0x7f23e403b540 unknown :-1 s=NONE pgs=0 cs=0 l=1 rev1=0 crypto rx=0 tx=0 comp rx=0 tx=0).connect
2024-09-05T01:06:19.446 INFO:teuthology.orchestra.run.smithi129.stdout:/usr/bin/ceph: stderr
2024-09-05T01:06:15.427+0000 7f2402191640 1 -- 172.21.15.129:0/2197513581 --> [v2:172.21.15.129:6800/3942407634,v1:172.21.15.129:6801/3942407634] -- command(tid 0: {"prefix": "get_command_descriptions"}) -- 0x7f23fc107950 con 0x7f23e4039080
2024-09-05T01:06:19.446 INFO:teuthology.orchestra.run.smithi129.stdout:/usr/bin/ceph: stderr
2024-09-05T01:06:15.427+0000 7f23faffd640 1 -- 172.21.15.129:0/2197513581 >> [v2:172.21.15.129:6800/3942407634,v1:172.21.15.129:6801/3942407634] conn(0x7f23e4039080 msgr2=0x7f23e403b540 unknown :-1 s=STATE_CONNECTING_RE l=1).process reconnect failed to v2:172.21.15.129:6800/3942407634
2024-09-05T01:06:19.446 INFO:teuthology.orchestra.run.smithi129.stdout:/usr/bin/ceph: stderr
2024-09-05T01:06:15.427+0000 7f23f8ff9640 1 -- 172.21.15.129:0/2197513581 <== mon.0 v2:172.21.15.129:3300/0 5 ==== osd_map(2..2 src has 1..2) ==== 940+0+0 (secure 0 0 0) 0x7f23f006cfd0 con 0x7f23fc1074d0
2024-09-05T01:06:19.447 INFO:teuthology.orchestra.run.smithi129.stdout:/usr/bin/ceph: stderr
2024-09-05T01:06:15.427+0000 7f23faffd640 1 --2- 172.21.15.129:0/2197513581 >> [v2:172.21.15.129:6800/3942407634,v1:172.21.15.129:6801/3942407634] conn(0x7f23e4039080 0x7f23e403b540 unknown :-1 s=START_CONNECT pgs=0 cs=0 l=1 rev1=0 crypto rx=0 tx=0 comp rx=0 tx=0)._fault waiting 0.200000
2024-09-05T01:06:19.447 INFO:teuthology.orchestra.run.smithi129.stdout:/usr/bin/ceph: stderr
2024-09-05T01:06:15.628+0000 7f23faffd640 1 -- 172.21.15.129:0/2197513581 >> [v2:172.21.15.129:6800/3942407634,v1:172.21.15.129:6801/3942407634] conn(0x7f23e4039080 msgr2=0x7f23e403b540 unknown :-1 s=STATE_CONNECTING_RE l=1).process reconnect failed to v2:172.21.15.129:6800/3942407634
2024-09-05T01:06:19.447 INFO:teuthology.orchestra.run.smithi129.stdout:/usr/bin/ceph: stderr
2024-09-05T01:06:15.628+0000 7f23faffd640 1 --2- 172.21.15.129:0/2197513581 >> [v2:172.21.15.129:6800/3942407634,v1:172.21.15.129:6801/3942407634] conn(0x7f23e4039080 0x7f23e403b540 unknown :-1 s=START_CONNECT pgs=0 cs=0 l=1 rev1=0 crypto rx=0 tx=0 comp rx=0 tx=0)._fault waiting 0.400000
2024-09-05T01:06:19.447 INFO:teuthology.orchestra.run.smithi129.stdout:/usr/bin/ceph: stderr
2024-09-05T01:06:16.029+0000 7f23faffd640 1 -- 172.21.15.129:0/2197513581 >> [v2:172.21.15.129:6800/3942407634,v1:172.21.15.129:6801/3942407634] conn(0x7f23e4039080 msgr2=0x7f23e403b540 unknown :-1 s=STATE_CONNECTING_RE l=1).process reconnect failed to v2:172.21.15.129:6800/3942407634
2024-09-05T01:06:19.447 INFO:teuthology.orchestra.run.smithi129.stdout:/usr/bin/ceph: stderr
2024-09-05T01:06:16.029+0000 7f23faffd640 1 --2- 172.21.15.129:0/2197513581 >> [v2:172.21.15.129:6800/3942407634,v1:172.21.15.129:6801/3942407634] conn(0x7f23e4039080 0x7f23e403b540 unknown :-1 s=START_CONNECT pgs=0 cs=0 l=1 rev1=0 crypto rx=0 tx=0 comp rx=0 tx=0)._fault waiting 0.800000
2024-09-05T01:06:19.447 INFO:teuthology.orchestra.run.smithi129.stdout:/usr/bin/ceph: stderr
2024-09-05T01:06:16.830+0000 7f23faffd640 1 -- 172.21.15.129:0/2197513581 >> [v2:172.21.15.129:6800/3942407634,v1:172.21.15.129:6801/3942407634] conn(0x7f23e4039080 msgr2=0x7f23e403b540 unknown :-1 s=STATE_CONNECTING_RE l=1).process reconnect failed to v2:172.21.15.129:6800/3942407634
2024-09-05T01:06:19.447 INFO:teuthology.orchestra.run.smithi129.stdout:/usr/bin/ceph: stderr
2024-09-05T01:06:16.830+0000 7f23faffd640 1 --2- 172.21.15.129:0/2197513581 >> [v2:172.21.15.129:6800/3942407634,v1:172.21.15.129:6801/3942407634] conn(0x7f23e4039080 0x7f23e403b540 unknown :-1 s=START_CONNECT pgs=0 cs=0 l=1 rev1=0 crypto rx=0 tx=0 comp rx=0 tx=0)._fault waiting 1.600000
2024-09-05T01:06:19.447 INFO:teuthology.orchestra.run.smithi129.stdout:/usr/bin/ceph: stderr
2024-09-05T01:06:17.665+0000 7f23f8ff9640 1 -- 172.21.15.129:0/2197513581 <== mon.0 v2:172.21.15.129:3300/0 6 ==== mgrmap(e 10) ==== 46067+0+0 (secure 0 0 0) 0x7f23f006ba80 con 0x7f23fc1074d0
2024-09-05T01:06:19.447 INFO:teuthology.orchestra.run.smithi129.stdout:/usr/bin/ceph: stderr
2024-09-05T01:06:17.665+0000 7f23f8ff9640 1 -- 172.21.15.129:0/2197513581 >> [v2:172.21.15.129:6800/3942407634,v1:172.21.15.129:6801/3942407634] conn(0x7f23e4039080 msgr2=0x7f23e403b540 unknown :-1 s=STATE_CONNECTING l=1).mark_down
2024-09-05T01:06:19.447 INFO:teuthology.orchestra.run.smithi129.stdout:/usr/bin/ceph: stderr
2024-09-05T01:06:17.665+0000 7f23f8ff9640 1 --2- 172.21.15.129:0/2197513581 >> [v2:172.21.15.129:6800/3942407634,v1:172.21.15.129:6801/3942407634] conn(0x7f23e4039080 0x7f23e403b540 unknown :-1 s=START_CONNECT pgs=0 cs=0 l=1 rev1=0 crypto rx=0 tx=0 comp rx=0 tx=0).stop
2024-09-05T01:06:19.447 INFO:teuthology.orchestra.run.smithi129.stdout:/usr/bin/ceph: stderr
2024-09-05T01:06:18.666+0000 7f23f8ff9640 1 -- 172.21.15.129:0/2197513581 <== mon.0 v2:172.21.15.129:3300/0 7 ==== mgrmap(e 11) ==== 46194+0+0 (secure 0 0 0) 0x7f23f003b330 con 0x7f23fc1074d0
2024-09-05T01:06:19.447 INFO:teuthology.orchestra.run.smithi129.stdout:/usr/bin/ceph: stderr
2024-09-05T01:06:18.667+0000 7f23f8ff9640 1 --2- 172.21.15.129:0/2197513581 >> [v2:172.21.15.129:6800/655841650,v1:172.21.15.129:6801/655841650] conn(0x7f23e403c950 0x7f23e403ed40 unknown :-1 s=NONE pgs=0 cs=0 l=1 rev1=0 crypto rx=0 tx=0 comp rx=0 tx=0).connect
2024-09-05T01:06:19.448 INFO:teuthology.orchestra.run.smithi129.stdout:/usr/bin/ceph: stderr
2024-09-05T01:06:18.667+0000 7f23f8ff9640 1 -- 172.21.15.129:0/2197513581 --> [v2:172.21.15.129:6800/655841650,v1:172.21.15.129:6801/655841650] -- command(tid 0: {"prefix": "get_command_descriptions"}) -- 0x7f23fc107950 con 0x7f23e403c950
2024-09-05T01:06:19.448 INFO:teuthology.orchestra.run.smithi129.stdout:/usr/bin/ceph: stderr
2024-09-05T01:06:18.667+0000 7f23faffd640 1 --2- 172.21.15.129:0/2197513581 >> [v2:172.21.15.129:6800/655841650,v1:172.21.15.129:6801/655841650] conn(0x7f23e403c950 0x7f23e403ed40 unknown :-1 s=BANNER_CONNECTING pgs=0 cs=0 l=1 rev1=0 crypto rx=0 tx=0 comp rx=0 tx=0)._handle_peer_banner_payload supported=3 required=0
2024-09-05T01:06:19.448 INFO:teuthology.orchestra.run.smithi129.stdout:/usr/bin/ceph: stderr
2024-09-05T01:06:18.668+0000 7f23faffd640 1 --2- 172.21.15.129:0/2197513581 >> [v2:172.21.15.129:6800/655841650,v1:172.21.15.129:6801/655841650] conn(0x7f23e403c950 0x7f23e403ed40 secure :-1 s=READY pgs=4 cs=0 l=1 rev1=1 crypto rx=0x7f23ec003980 tx=0x7f23ec006e10 comp rx=0 tx=0).ready entity=mgr.14150 client_cookie=0 server_cookie=0 in_seq=0 out_seq=0
2024-09-05T01:06:19.448 INFO:teuthology.orchestra.run.smithi129.stdout:/usr/bin/ceph: stderr
2024-09-05T01:06:18.669+0000 7f23f8ff9640 1 -- 172.21.15.129:0/2197513581 <== mgr.14150 v2:172.21.15.129:6800/655841650 1 ==== command_reply(tid 0: 0 ) ==== 8+0+9564 (secure 0 0 0) 0x7f23fc107950 con 0x7f23e403c950
2024-09-05T01:06:19.448 INFO:teuthology.orchestra.run.smithi129.stdout:/usr/bin/ceph: stderr
2024-09-05T01:06:18.681+0000 7f2402191640 1 -- 172.21.15.129:0/2197513581 --> [v2:172.21.15.129:6800/655841650,v1:172.21.15.129:6801/655841650] -- command(tid 1: {"prefix": "mgr_status"}) -- 0x7f23fc107950 con 0x7f23e403c950
2024-09-05T01:06:19.448 INFO:teuthology.orchestra.run.smithi129.stdout:/usr/bin/ceph: stderr
2024-09-05T01:06:18.681+0000 7f23f8ff9640 1 -- 172.21.15.129:0/2197513581 <== mgr.14150 v2:172.21.15.129:6800/655841650 2 ==== command_reply(tid 1: 0 ) ==== 8+0+52 (secure 0 0 0) 0x7f23fc107950 con 0x7f23e403c950
2024-09-05T01:06:19.448 INFO:teuthology.orchestra.run.smithi129.stdout:/usr/bin/ceph: stderr
2024-09-05T01:06:18.681+0000 7f2402191640 1 -- 172.21.15.129:0/2197513581 >> [v2:172.21.15.129:6800/655841650,v1:172.21.15.129:6801/655841650] conn(0x7f23e403c950 msgr2=0x7f23e403ed40 secure :-1 s=STATE_CONNECTION_ESTABLISHED l=1).mark_down
2024-09-05T01:06:19.448 INFO:teuthology.orchestra.run.smithi129.stdout:/usr/bin/ceph: stderr
2024-09-05T01:06:18.681+0000 7f2402191640 1 --2- 172.21.15.129:0/2197513581 >> [v2:172.21.15.129:6800/655841650,v1:172.21.15.129:6801/655841650] conn(0x7f23e403c950 0x7f23e403ed40 secure :-1 s=READY pgs=4 cs=0 l=1 rev1=1 crypto rx=0x7f23ec003980 tx=0x7f23ec006e10 comp rx=0 tx=0).stop
2024-09-05T01:06:19.448 INFO:teuthology.orchestra.run.smithi129.stdout:/usr/bin/ceph: stderr
2024-09-05T01:06:18.681+0000 7f2402191640 1 -- 172.21.15.129:0/2197513581 >> [v2:172.21.15.129:3300/0,v1:172.21.15.129:6789/0] conn(0x7f23fc1074d0 msgr2=0x7f23fc07db10 secure :-1 s=STATE_CONNECTION_ESTABLISHED l=1).mark_down
2024-09-05T01:06:19.448 INFO:teuthology.orchestra.run.smithi129.stdout:/usr/bin/ceph: stderr
2024-09-05T01:06:18.681+0000 7f2402191640 1 --2- 172.21.15.129:0/2197513581 >> [v2:172.21.15.129:3300/0,v1:172.21.15.129:6789/0] conn(0x7f23fc1074d0 0x7f23fc07db10 secure :-1 s=READY pgs=60 cs=0 l=1 rev1=1 crypto rx=0x7f23f0009940 tx=0x7f23f0030cc0 comp rx=0 tx=0).stop
2024-09-05T01:06:19.448 INFO:teuthology.orchestra.run.smithi129.stdout:/usr/bin/ceph: stderr
2024-09-05T01:06:18.682+0000 7f2402191640 1 -- 172.21.15.129:0/2197513581 shutdown_connections
2024-09-05T01:06:19.449 INFO:teuthology.orchestra.run.smithi129.stdout:/usr/bin/ceph: stderr
2024-09-05T01:06:18.682+0000 7f2402191640 1 --2- 172.21.15.129:0/2197513581 >> [v2:172.21.15.129:6800/655841650,v1:172.21.15.129:6801/655841650] conn(0x7f23e403c950 0x7f23e403ed40 unknown :-1 s=CLOSED pgs=4 cs=0 l=1 rev1=1 crypto rx=0 tx=0 comp rx=0 tx=0).stop
2024-09-05T01:06:19.449 INFO:teuthology.orchestra.run.smithi129.stdout:/usr/bin/ceph: stderr
2024-09-05T01:06:18.682+0000 7f2402191640 1 --2- 172.21.15.129:0/2197513581 >> [v2:172.21.15.129:6800/3942407634,v1:172.21.15.129:6801/3942407634] conn(0x7f23e4039080 0x7f23e403b540 unknown :-1 s=CLOSED pgs=0 cs=0 l=1 rev1=0 crypto rx=0 tx=0 comp rx=0 tx=0).stop
2024-09-05T01:06:19.449 INFO:teuthology.orchestra.run.smithi129.stdout:/usr/bin/ceph: stderr
2024-09-05T01:06:18.682+0000 7f2402191640 1 --2- 172.21.15.129:0/2197513581 >> [v2:172.21.15.129:3300/0,v1:172.21.15.129:6789/0] conn(0x7f23fc1074d0 0x7f23fc07db10 unknown :-1 s=CLOSED pgs=60 cs=0 l=1 rev1=1 crypto rx=0 tx=0 comp rx=0 tx=0).stop
2024-09-05T01:06:19.449 INFO:teuthology.orchestra.run.smithi129.stdout:/usr/bin/ceph: stderr
2024-09-05T01:06:18.682+0000 7f2402191640 1 -- 172.21.15.129:0/2197513581 >> 172.21.15.129:0/2197513581 conn(0x7f23fc102c80 msgr2=0x7f23fc1036e0 unknown :-1 s=STATE_NONE l=0).mark_down
2024-09-05T01:06:19.449 INFO:teuthology.orchestra.run.smithi129.stdout:/usr/bin/ceph: stderr
2024-09-05T01:06:18.682+0000 7f2402191640 1 -- 172.21.15.129:0/2197513581 shutdown_connections
2024-09-05T01:06:19.449 INFO:teuthology.orchestra.run.smithi129.stdout:/usr/bin/ceph: stderr
2024-09-05T01:06:18.682+0000 7f2402191640 1 -- 172.21.15.129:0/2197513581 wait complete.
2024-09-05T01:06:19.449 INFO:teuthology.orchestra.run.smithi129.stdout:mgr epoch 9 is available
2024-09-05T01:06:19.449 INFO:teuthology.orchestra.run.smithi129.stdout:Generating a dashboard self-signed certificate...
2024-09-05T01:06:19.691 INFO:journalctl@ceph.mon.a.smithi129.stdout:Sep 05 01:06:19 smithi129 ceph-mon[30979]: mgrmap e11: x(active, since 1.00587s)
2024-09-05T01:06:19.691 INFO:journalctl@ceph.mon.a.smithi129.stdout:Sep 05 01:06:19 smithi129 ceph-mon[30979]: [05/Sep/2024:01:06:18] ENGINE Bus STARTING
2024-09-05T01:06:20.700 INFO:teuthology.orchestra.run.smithi129.stdout:/usr/bin/ceph: stdout Self-signed certificate created
2024-09-05T01:06:20.700 INFO:teuthology.orchestra.run.smithi129.stdout:/usr/bin/ceph: stderr
2024-09-05T01:06:19.865+0000 7ff17cafb640 1 Processor -- start
2024-09-05T01:06:20.700 INFO:teuthology.orchestra.run.smithi129.stdout:/usr/bin/ceph: stderr
2024-09-05T01:06:19.865+0000 7ff17cafb640 1 -- start start
2024-09-05T01:06:20.700 INFO:teuthology.orchestra.run.smithi129.stdout:/usr/bin/ceph: stderr
2024-09-05T01:06:19.865+0000 7ff17cafb640 1 --2- >> [v2:172.21.15.129:3300/0,v1:172.21.15.129:6789/0] conn(0x7ff1781063c0 0x7ff1781067c0 unknown :-1 s=NONE pgs=0 cs=0 l=0 rev1=0 crypto rx=0 tx=0 comp rx=0 tx=0).connect
2024-09-05T01:06:20.700 INFO:teuthology.orchestra.run.smithi129.stdout:/usr/bin/ceph: stderr
2024-09-05T01:06:19.865+0000 7ff17cafb640 1 -- --> [v2:172.21.15.129:3300/0,v1:172.21.15.129:6789/0] -- mon_getmap magic: 0 -- 0x7ff178106d90 con 0x7ff1781063c0
2024-09-05T01:06:20.700 INFO:teuthology.orchestra.run.smithi129.stdout:/usr/bin/ceph: stderr
2024-09-05T01:06:19.865+0000 7ff17659c640 1 --2- >> [v2:172.21.15.129:3300/0,v1:172.21.15.129:6789/0] conn(0x7ff1781063c0 0x7ff1781067c0 unknown :-1 s=BANNER_CONNECTING pgs=0 cs=0 l=0 rev1=0 crypto rx=0 tx=0 comp rx=0 tx=0)._handle_peer_banner_payload supported=3 required=0
2024-09-05T01:06:20.700 INFO:teuthology.orchestra.run.smithi129.stdout:/usr/bin/ceph: stderr
2024-09-05T01:06:19.865+0000 7ff17659c640 1 --2- >> [v2:172.21.15.129:3300/0,v1:172.21.15.129:6789/0] conn(0x7ff1781063c0 0x7ff1781067c0 unknown :-1 s=HELLO_CONNECTING pgs=0 cs=0 l=0 rev1=1 crypto rx=0 tx=0 comp rx=0 tx=0).handle_hello peer v2:172.21.15.129:3300/0 says I am v2:172.21.15.129:53386/0 (socket says 172.21.15.129:53386)
2024-09-05T01:06:20.700 INFO:teuthology.orchestra.run.smithi129.stdout:/usr/bin/ceph: stderr
2024-09-05T01:06:19.865+0000 7ff17659c640 1 -- 172.21.15.129:0/1605374944 learned_addr learned my addr 172.21.15.129:0/1605374944 (peer_addr_for_me v2:172.21.15.129:0/0)
2024-09-05T01:06:20.700 INFO:teuthology.orchestra.run.smithi129.stdout:/usr/bin/ceph: stderr
2024-09-05T01:06:19.866+0000 7ff17659c640 1 -- 172.21.15.129:0/1605374944 --> [v2:172.21.15.129:3300/0,v1:172.21.15.129:6789/0] -- mon_subscribe({config=0+,monmap=0+}) -- 0x7ff1781075c0 con 0x7ff1781063c0
2024-09-05T01:06:20.701 INFO:teuthology.orchestra.run.smithi129.stdout:/usr/bin/ceph: stderr
2024-09-05T01:06:19.866+0000 7ff17659c640 1 --2- 172.21.15.129:0/1605374944 >> [v2:172.21.15.129:3300/0,v1:172.21.15.129:6789/0] conn(0x7ff1781063c0 0x7ff1781067c0 secure :-1 s=READY pgs=68 cs=0 l=1 rev1=1 crypto rx=0x7ff168009820 tx=0x7ff16802a270 comp rx=0 tx=0).ready entity=mon.0 client_cookie=6da26b3b4dd42a67 server_cookie=0 in_seq=0 out_seq=0
2024-09-05T01:06:20.701 INFO:teuthology.orchestra.run.smithi129.stdout:/usr/bin/ceph: stderr
2024-09-05T01:06:19.866+0000 7ff175d9b640 1 -- 172.21.15.129:0/1605374944 <== mon.0 v2:172.21.15.129:3300/0 1 ==== mon_map magic: 0 ==== 205+0+0 (secure 0 0 0) 0x7ff168037070 con 0x7ff1781063c0
2024-09-05T01:06:20.701 INFO:teuthology.orchestra.run.smithi129.stdout:/usr/bin/ceph: stderr
2024-09-05T01:06:19.866+0000 7ff175d9b640 1 -- 172.21.15.129:0/1605374944 <== mon.0 v2:172.21.15.129:3300/0 2 ==== config(26 keys) ==== 1102+0+0 (secure 0 0 0) 0x7ff1680328f0 con 0x7ff1781063c0
2024-09-05T01:06:20.701 INFO:teuthology.orchestra.run.smithi129.stdout:/usr/bin/ceph: stderr
2024-09-05T01:06:19.866+0000 7ff175d9b640 1 -- 172.21.15.129:0/1605374944 <== mon.0 v2:172.21.15.129:3300/0 3 ==== mon_map magic: 0 ==== 205+0+0 (secure 0 0 0) 0x7ff168030740 con 0x7ff1781063c0
2024-09-05T01:06:20.701 INFO:teuthology.orchestra.run.smithi129.stdout:/usr/bin/ceph: stderr
2024-09-05T01:06:19.867+0000 7ff17cafb640 1 -- 172.21.15.129:0/1605374944 >> [v2:172.21.15.129:3300/0,v1:172.21.15.129:6789/0] conn(0x7ff1781063c0 msgr2=0x7ff1781067c0 secure :-1 s=STATE_CONNECTION_ESTABLISHED l=1).mark_down
2024-09-05T01:06:20.701 INFO:teuthology.orchestra.run.smithi129.stdout:/usr/bin/ceph: stderr
2024-09-05T01:06:19.867+0000 7ff17cafb640 1 --2- 172.21.15.129:0/1605374944 >> [v2:172.21.15.129:3300/0,v1:172.21.15.129:6789/0] conn(0x7ff1781063c0 0x7ff1781067c0 secure :-1 s=READY pgs=68 cs=0 l=1 rev1=1 crypto rx=0x7ff168009820 tx=0x7ff16802a270 comp rx=0 tx=0).stop
2024-09-05T01:06:20.701 INFO:teuthology.orchestra.run.smithi129.stdout:/usr/bin/ceph: stderr
2024-09-05T01:06:19.867+0000 7ff17cafb640 1 -- 172.21.15.129:0/1605374944 shutdown_connections
2024-09-05T01:06:20.701 INFO:teuthology.orchestra.run.smithi129.stdout:/usr/bin/ceph: stderr
2024-09-05T01:06:19.867+0000 7ff17cafb640 1 --2- 172.21.15.129:0/1605374944 >> [v2:172.21.15.129:3300/0,v1:172.21.15.129:6789/0] conn(0x7ff1781063c0 0x7ff1781067c0 unknown :-1 s=CLOSED pgs=68 cs=0 l=1 rev1=1 crypto rx=0 tx=0 comp rx=0 tx=0).stop
2024-09-05T01:06:20.701 INFO:teuthology.orchestra.run.smithi129.stdout:/usr/bin/ceph: stderr
2024-09-05T01:06:19.867+0000 7ff17cafb640 1 -- 172.21.15.129:0/1605374944 >> 172.21.15.129:0/1605374944 conn(0x7ff178101b30 msgr2=0x7ff178103f90 unknown :-1 s=STATE_NONE l=0).mark_down
2024-09-05T01:06:20.701 INFO:teuthology.orchestra.run.smithi129.stdout:/usr/bin/ceph: stderr
2024-09-05T01:06:19.867+0000 7ff17cafb640 1 -- 172.21.15.129:0/1605374944 shutdown_connections
2024-09-05T01:06:20.701 INFO:teuthology.orchestra.run.smithi129.stdout:/usr/bin/ceph: stderr
2024-09-05T01:06:19.867+0000 7ff17cafb640 1 -- 172.21.15.129:0/1605374944 wait complete.
2024-09-05T01:06:20.701 INFO:teuthology.orchestra.run.smithi129.stdout:/usr/bin/ceph: stderr
2024-09-05T01:06:19.868+0000 7ff17cafb640 1 Processor -- start
2024-09-05T01:06:20.702 INFO:teuthology.orchestra.run.smithi129.stdout:/usr/bin/ceph: stderr
2024-09-05T01:06:19.868+0000 7ff17cafb640 1 -- start start
2024-09-05T01:06:20.702 INFO:teuthology.orchestra.run.smithi129.stdout:/usr/bin/ceph: stderr
2024-09-05T01:06:19.868+0000 7ff17cafb640 1 --2- >> [v2:172.21.15.129:3300/0,v1:172.21.15.129:6789/0] conn(0x7ff1781063c0 0x7ff1781991c0 unknown :-1 s=NONE pgs=0 cs=0 l=1 rev1=0 crypto rx=0 tx=0 comp rx=0 tx=0).connect
2024-09-05T01:06:20.702 INFO:teuthology.orchestra.run.smithi129.stdout:/usr/bin/ceph: stderr
2024-09-05T01:06:19.868+0000 7ff17cafb640 1 -- --> [v2:172.21.15.129:3300/0,v1:172.21.15.129:6789/0] -- mon_getmap magic: 0 -- 0x7ff178074a20 con 0x7ff1781063c0
2024-09-05T01:06:20.702 INFO:teuthology.orchestra.run.smithi129.stdout:/usr/bin/ceph: stderr
2024-09-05T01:06:19.868+0000 7ff17659c640 1 --2- >> [v2:172.21.15.129:3300/0,v1:172.21.15.129:6789/0] conn(0x7ff1781063c0 0x7ff1781991c0 unknown :-1 s=BANNER_CONNECTING pgs=0 cs=0 l=1 rev1=0 crypto rx=0 tx=0 comp rx=0 tx=0)._handle_peer_banner_payload supported=3 required=0
2024-09-05T01:06:20.702 INFO:teuthology.orchestra.run.smithi129.stdout:/usr/bin/ceph: stderr
2024-09-05T01:06:19.868+0000 7ff17659c640 1 --2- >> [v2:172.21.15.129:3300/0,v1:172.21.15.129:6789/0] conn(0x7ff1781063c0 0x7ff1781991c0 unknown :-1 s=HELLO_CONNECTING pgs=0 cs=0 l=1 rev1=1 crypto rx=0 tx=0 comp rx=0 tx=0).handle_hello peer v2:172.21.15.129:3300/0 says I am v2:172.21.15.129:53390/0 (socket says 172.21.15.129:53390)
2024-09-05T01:06:20.702 INFO:teuthology.orchestra.run.smithi129.stdout:/usr/bin/ceph: stderr
2024-09-05T01:06:19.868+0000 7ff17659c640 1 -- 172.21.15.129:0/2633843413 learned_addr learned my addr 172.21.15.129:0/2633843413 (peer_addr_for_me v2:172.21.15.129:0/0)
2024-09-05T01:06:20.702 INFO:teuthology.orchestra.run.smithi129.stdout:/usr/bin/ceph: stderr
2024-09-05T01:06:19.868+0000 7ff17659c640 1 -- 172.21.15.129:0/2633843413 --> [v2:172.21.15.129:3300/0,v1:172.21.15.129:6789/0] -- mon_subscribe({config=0+,monmap=0+}) -- 0x7ff178199700 con 0x7ff1781063c0
2024-09-05T01:06:20.702 INFO:teuthology.orchestra.run.smithi129.stdout:/usr/bin/ceph: stderr
2024-09-05T01:06:19.869+0000 7ff17659c640 1 --2- 172.21.15.129:0/2633843413 >> [v2:172.21.15.129:3300/0,v1:172.21.15.129:6789/0] conn(0x7ff1781063c0 0x7ff1781991c0 secure :-1 s=READY pgs=69 cs=0 l=1 rev1=1 crypto rx=0x7ff168009940 tx=0x7ff168030cc0 comp rx=0 tx=0).ready entity=mon.0 client_cookie=0 server_cookie=0 in_seq=0 out_seq=0
2024-09-05T01:06:20.702 INFO:teuthology.orchestra.run.smithi129.stdout:/usr/bin/ceph: stderr
2024-09-05T01:06:19.869+0000 7ff16f7fe640 1 -- 172.21.15.129:0/2633843413 <== mon.0 v2:172.21.15.129:3300/0 1 ==== mon_map magic: 0 ==== 205+0+0 (secure 0 0 0) 0x7ff168042070 con 0x7ff1781063c0
2024-09-05T01:06:20.702 INFO:teuthology.orchestra.run.smithi129.stdout:/usr/bin/ceph: stderr
2024-09-05T01:06:19.869+0000 7ff16f7fe640 1 -- 172.21.15.129:0/2633843413 <== mon.0 v2:172.21.15.129:3300/0 2 ==== config(26 keys) ==== 1102+0+0 (secure 0 0 0) 0x7ff168030e30 con 0x7ff1781063c0
2024-09-05T01:06:20.702 INFO:teuthology.orchestra.run.smithi129.stdout:/usr/bin/ceph: stderr
2024-09-05T01:06:19.869+0000 7ff16f7fe640 1 -- 172.21.15.129:0/2633843413 <== mon.0 v2:172.21.15.129:3300/0 3 ==== mon_map magic: 0 ==== 205+0+0 (secure 0 0 0) 0x7ff168037040 con 0x7ff1781063c0
2024-09-05T01:06:20.702 INFO:teuthology.orchestra.run.smithi129.stdout:/usr/bin/ceph: stderr
2024-09-05T01:06:19.869+0000 7ff17cafb640 1 -- 172.21.15.129:0/2633843413 --> [v2:172.21.15.129:3300/0,v1:172.21.15.129:6789/0] -- mon_subscribe({mgrmap=0+}) -- 0x7ff178199990 con 0x7ff1781063c0
2024-09-05T01:06:20.702 INFO:teuthology.orchestra.run.smithi129.stdout:/usr/bin/ceph: stderr
2024-09-05T01:06:19.869+0000 7ff17cafb640 1 -- 172.21.15.129:0/2633843413 --> [v2:172.21.15.129:3300/0,v1:172.21.15.129:6789/0] -- mon_subscribe({osdmap=0}) -- 0x7ff17819c680 con 0x7ff1781063c0
2024-09-05T01:06:20.703 INFO:teuthology.orchestra.run.smithi129.stdout:/usr/bin/ceph: stderr
2024-09-05T01:06:19.870+0000 7ff16f7fe640 1 -- 172.21.15.129:0/2633843413 <== mon.0 v2:172.21.15.129:3300/0 4 ==== mgrmap(e 12) ==== 46300+0+0 (secure 0 0 0) 0x7ff168045070 con 0x7ff1781063c0
2024-09-05T01:06:20.703 INFO:teuthology.orchestra.run.smithi129.stdout:/usr/bin/ceph: stderr
2024-09-05T01:06:19.870+0000 7ff16f7fe640 1 --2- 172.21.15.129:0/2633843413 >> [v2:172.21.15.129:6800/655841650,v1:172.21.15.129:6801/655841650] conn(0x7ff16403b2e0 0x7ff16403d7a0 unknown :-1 s=NONE pgs=0 cs=0 l=1 rev1=0 crypto rx=0 tx=0 comp rx=0 tx=0).connect
2024-09-05T01:06:20.703 INFO:teuthology.orchestra.run.smithi129.stdout:/usr/bin/ceph: stderr
2024-09-05T01:06:19.870+0000 7ff16f7fe640 1 -- 172.21.15.129:0/2633843413 <== mon.0 v2:172.21.15.129:3300/0 5 ==== osd_map(3..3 src has 1..3) ==== 1155+0+0 (secure 0 0 0) 0x7ff16806c1a0 con 0x7ff1781063c0
2024-09-05T01:06:20.703 INFO:teuthology.orchestra.run.smithi129.stdout:/usr/bin/ceph: stderr
2024-09-05T01:06:19.870+0000 7ff16ffff640 1 --2- 172.21.15.129:0/2633843413 >> [v2:172.21.15.129:6800/655841650,v1:172.21.15.129:6801/655841650] conn(0x7ff16403b2e0 0x7ff16403d7a0 unknown :-1 s=BANNER_CONNECTING pgs=0 cs=0 l=1 rev1=0 crypto rx=0 tx=0 comp rx=0 tx=0)._handle_peer_banner_payload supported=3 required=0
2024-09-05T01:06:20.703 INFO:teuthology.orchestra.run.smithi129.stdout:/usr/bin/ceph: stderr
2024-09-05T01:06:19.870+0000 7ff17cafb640 1 -- 172.21.15.129:0/2633843413 --> [v2:172.21.15.129:3300/0,v1:172.21.15.129:6789/0] -- mon_command({"prefix": "get_command_descriptions"} v 0) -- 0x7ff1781067c0 con 0x7ff1781063c0
2024-09-05T01:06:20.703 INFO:teuthology.orchestra.run.smithi129.stdout:/usr/bin/ceph: stderr
