2024-09-05T01:06:05.259 INFO:teuthology.orchestra.run.smithi129.stdout:/usr/bin/ceph: stderr
2024-09-05T01:06:01.328+0000 7fafc4ff9640 1 -- 172.21.15.129:0/1267893681 <== mon.0 v2:172.21.15.129:3300/0 6 ==== mon_command_ack([{"prefix": "get_command_descriptions"}]=0 v0) ==== 72+0+188821 (secure 0 0 0) 0x7fafb8045360 con 0x7fafc8105320
2024-09-05T01:06:05.259 INFO:teuthology.orchestra.run.smithi129.stdout:/usr/bin/ceph: stderr
2024-09-05T01:06:01.502+0000 7fafcd30b640 1 -- 172.21.15.129:0/1267893681 --> [v2:172.21.15.129:6800/3942407634,v1:172.21.15.129:6801/3942407634] -- mgr_command(tid 0: {"prefix": "orch host add", "hostname": "smithi129", "addr": "172.21.15.129", "target": ["mon-mgr", ""]}) -- 0x7fafc8102140 con 0x7fafb4039030
2024-09-05T01:06:05.259 INFO:teuthology.orchestra.run.smithi129.stdout:/usr/bin/ceph: stderr
2024-09-05T01:06:04.692+0000 7fafc4ff9640 1 -- 172.21.15.129:0/1267893681 <== mgr.14118 v2:172.21.15.129:6800/3942407634 1 ==== mgr_command_reply(tid 0: 0 ) ==== 8+0+49 (secure 0 0 0) 0x7fafc8102140 con 0x7fafb4039030
2024-09-05T01:06:05.259 INFO:teuthology.orchestra.run.smithi129.stdout:/usr/bin/ceph: stderr
2024-09-05T01:06:04.695+0000 7fafcd30b640 1 -- 172.21.15.129:0/1267893681 >> [v2:172.21.15.129:6800/3942407634,v1:172.21.15.129:6801/3942407634] conn(0x7fafb4039030 msgr2=0x7fafb403b4f0 secure :-1 s=STATE_CONNECTION_ESTABLISHED l=1).mark_down
2024-09-05T01:06:05.259 INFO:teuthology.orchestra.run.smithi129.stdout:/usr/bin/ceph: stderr
2024-09-05T01:06:04.695+0000 7fafcd30b640 1 --2- 172.21.15.129:0/1267893681 >> [v2:172.21.15.129:6800/3942407634,v1:172.21.15.129:6801/3942407634] conn(0x7fafb4039030 0x7fafb403b4f0 secure :-1 s=READY pgs=11 cs=0 l=1 rev1=1 crypto rx=0x7fafb00098c0 tx=0x7fafb0006db0 comp rx=0 tx=0).stop
2024-09-05T01:06:05.259 INFO:teuthology.orchestra.run.smithi129.stdout:/usr/bin/ceph: stderr
2024-09-05T01:06:04.695+0000 7fafcd30b640 1 -- 172.21.15.129:0/1267893681 >> [v2:172.21.15.129:3300/0,v1:172.21.15.129:6789/0] conn(0x7fafc8105320 msgr2=0x7fafc819b430 secure :-1 s=STATE_CONNECTION_ESTABLISHED l=1).mark_down
2024-09-05T01:06:05.259 INFO:teuthology.orchestra.run.smithi129.stdout:/usr/bin/ceph: stderr
2024-09-05T01:06:04.695+0000 7fafcd30b640 1 --2- 172.21.15.129:0/1267893681 >> [v2:172.21.15.129:3300/0,v1:172.21.15.129:6789/0] conn(0x7fafc8105320 0x7fafc819b430 secure :-1 s=READY pgs=44 cs=0 l=1 rev1=1 crypto rx=0x7fafb8032e10 tx=0x7fafb8032e40 comp rx=0 tx=0).stop
2024-09-05T01:06:05.260 INFO:teuthology.orchestra.run.smithi129.stdout:/usr/bin/ceph: stderr
2024-09-05T01:06:04.695+0000 7fafcd30b640 1 -- 172.21.15.129:0/1267893681 shutdown_connections
2024-09-05T01:06:05.260 INFO:teuthology.orchestra.run.smithi129.stdout:/usr/bin/ceph: stderr
2024-09-05T01:06:04.695+0000 7fafcd30b640 1 --2- 172.21.15.129:0/1267893681 >> [v2:172.21.15.129:6800/3942407634,v1:172.21.15.129:6801/3942407634] conn(0x7fafb4039030 0x7fafb403b4f0 unknown :-1 s=CLOSED pgs=11 cs=0 l=1 rev1=1 crypto rx=0 tx=0 comp rx=0 tx=0).stop
2024-09-05T01:06:05.260 INFO:teuthology.orchestra.run.smithi129.stdout:/usr/bin/ceph: stderr
2024-09-05T01:06:04.695+0000 7fafcd30b640 1 --2- 172.21.15.129:0/1267893681 >> [v2:172.21.15.129:3300/0,v1:172.21.15.129:6789/0] conn(0x7fafc8105320 0x7fafc819b430 unknown :-1 s=CLOSED pgs=44 cs=0 l=1 rev1=1 crypto rx=0 tx=0 comp rx=0 tx=0).stop
2024-09-05T01:06:05.260 INFO:teuthology.orchestra.run.smithi129.stdout:/usr/bin/ceph: stderr
2024-09-05T01:06:04.695+0000 7fafcd30b640 1 -- 172.21.15.129:0/1267893681 >> 172.21.15.129:0/1267893681 conn(0x7fafc8100fb0 msgr2=0x7fafc8101a30 unknown :-1 s=STATE_NONE l=0).mark_down
2024-09-05T01:06:05.260 INFO:teuthology.orchestra.run.smithi129.stdout:/usr/bin/ceph: stderr
2024-09-05T01:06:04.695+0000 7fafcd30b640 1 -- 172.21.15.129:0/1267893681 shutdown_connections
2024-09-05T01:06:05.260 INFO:teuthology.orchestra.run.smithi129.stdout:/usr/bin/ceph: stderr
2024-09-05T01:06:04.695+0000 7fafcd30b640 1 -- 172.21.15.129:0/1267893681 wait complete.
2024-09-05T01:06:05.260 INFO:teuthology.orchestra.run.smithi129.stdout:Deploying unmanaged mon service...
2024-09-05T01:06:05.901 INFO:journalctl@ceph.mon.a.smithi129.stdout:Sep 05 01:06:05 smithi129 ceph-mon[30979]: from='mgr.14118 172.21.15.129:0/2727134941' entity='mgr.x'
2024-09-05T01:06:05.902 INFO:journalctl@ceph.mon.a.smithi129.stdout:Sep 05 01:06:05 smithi129 ceph-mon[30979]: Added host smithi129
2024-09-05T01:06:05.902 INFO:journalctl@ceph.mon.a.smithi129.stdout:Sep 05 01:06:05 smithi129 ceph-mon[30979]: from='mgr.14118 172.21.15.129:0/2727134941' entity='mgr.x' cmd=[{"prefix": "config dump", "format": "json"}]: dispatch
2024-09-05T01:06:06.438 INFO:teuthology.orchestra.run.smithi129.stdout:/usr/bin/ceph: stdout Scheduled mon update...
2024-09-05T01:06:06.438 INFO:teuthology.orchestra.run.smithi129.stdout:/usr/bin/ceph: stderr
2024-09-05T01:06:05.713+0000 7fb409b11640 1 Processor -- start
2024-09-05T01:06:06.438 INFO:teuthology.orchestra.run.smithi129.stdout:/usr/bin/ceph: stderr
2024-09-05T01:06:05.713+0000 7fb409b11640 1 -- start start
2024-09-05T01:06:06.438 INFO:teuthology.orchestra.run.smithi129.stdout:/usr/bin/ceph: stderr
2024-09-05T01:06:05.713+0000 7fb409b11640 1 --2- >> [v2:172.21.15.129:3300/0,v1:172.21.15.129:6789/0] conn(0x7fb404107570 0x7fb404107970 unknown :-1 s=NONE pgs=0 cs=0 l=0 rev1=0 crypto rx=0 tx=0 comp rx=0 tx=0).connect
2024-09-05T01:06:06.438 INFO:teuthology.orchestra.run.smithi129.stdout:/usr/bin/ceph: stderr
2024-09-05T01:06:05.713+0000 7fb409b11640 1 -- --> [v2:172.21.15.129:3300/0,v1:172.21.15.129:6789/0] -- mon_getmap magic: 0 -- 0x7fb404107f40 con 0x7fb404107570
2024-09-05T01:06:06.438 INFO:teuthology.orchestra.run.smithi129.stdout:/usr/bin/ceph: stderr
2024-09-05T01:06:05.713+0000 7fb4037fe640 1 --2- >> [v2:172.21.15.129:3300/0,v1:172.21.15.129:6789/0] conn(0x7fb404107570 0x7fb404107970 unknown :-1 s=BANNER_CONNECTING pgs=0 cs=0 l=0 rev1=0 crypto rx=0 tx=0 comp rx=0 tx=0)._handle_peer_banner_payload supported=3 required=0
2024-09-05T01:06:06.438 INFO:teuthology.orchestra.run.smithi129.stdout:/usr/bin/ceph: stderr
2024-09-05T01:06:05.713+0000 7fb4037fe640 1 --2- >> [v2:172.21.15.129:3300/0,v1:172.21.15.129:6789/0] conn(0x7fb404107570 0x7fb404107970 unknown :-1 s=HELLO_CONNECTING pgs=0 cs=0 l=0 rev1=1 crypto rx=0 tx=0 comp rx=0 tx=0).handle_hello peer v2:172.21.15.129:3300/0 says I am v2:172.21.15.129:54226/0 (socket says 172.21.15.129:54226)
2024-09-05T01:06:06.438 INFO:teuthology.orchestra.run.smithi129.stdout:/usr/bin/ceph: stderr
2024-09-05T01:06:05.713+0000 7fb4037fe640 1 -- 172.21.15.129:0/360728008 learned_addr learned my addr 172.21.15.129:0/360728008 (peer_addr_for_me v2:172.21.15.129:0/0)
2024-09-05T01:06:06.438 INFO:teuthology.orchestra.run.smithi129.stdout:/usr/bin/ceph: stderr
2024-09-05T01:06:05.713+0000 7fb4037fe640 1 -- 172.21.15.129:0/360728008 --> [v2:172.21.15.129:3300/0,v1:172.21.15.129:6789/0] -- mon_subscribe({config=0+,monmap=0+}) -- 0x7fb404108770 con 0x7fb404107570
2024-09-05T01:06:06.438 INFO:teuthology.orchestra.run.smithi129.stdout:/usr/bin/ceph: stderr
2024-09-05T01:06:05.714+0000 7fb4037fe640 1 --2- 172.21.15.129:0/360728008 >> [v2:172.21.15.129:3300/0,v1:172.21.15.129:6789/0] conn(0x7fb404107570 0x7fb404107970 secure :-1 s=READY pgs=45 cs=0 l=1 rev1=1 crypto rx=0x7fb3f4009820 tx=0x7fb3f402a270 comp rx=0 tx=0).ready entity=mon.0 client_cookie=b591dbde1fb2037 server_cookie=0 in_seq=0 out_seq=0
2024-09-05T01:06:06.439 INFO:teuthology.orchestra.run.smithi129.stdout:/usr/bin/ceph: stderr
2024-09-05T01:06:05.714+0000 7fb402ffd640 1 -- 172.21.15.129:0/360728008 <== mon.0 v2:172.21.15.129:3300/0 1 ==== mon_map magic: 0 ==== 205+0+0 (secure 0 0 0) 0x7fb3f4037070 con 0x7fb404107570
2024-09-05T01:06:06.439 INFO:teuthology.orchestra.run.smithi129.stdout:/usr/bin/ceph: stderr
2024-09-05T01:06:05.714+0000 7fb402ffd640 1 -- 172.21.15.129:0/360728008 <== mon.0 v2:172.21.15.129:3300/0 2 ==== config(26 keys) ==== 1071+0+0 (secure 0 0 0) 0x7fb3f40328d0 con 0x7fb404107570
2024-09-05T01:06:06.439 INFO:teuthology.orchestra.run.smithi129.stdout:/usr/bin/ceph: stderr
2024-09-05T01:06:05.714+0000 7fb402ffd640 1 -- 172.21.15.129:0/360728008 <== mon.0 v2:172.21.15.129:3300/0 3 ==== mon_map magic: 0 ==== 205+0+0 (secure 0 0 0) 0x7fb3f40307d0 con 0x7fb404107570
2024-09-05T01:06:06.439 INFO:teuthology.orchestra.run.smithi129.stdout:/usr/bin/ceph: stderr
2024-09-05T01:06:05.715+0000 7fb409b11640 1 -- 172.21.15.129:0/360728008 >> [v2:172.21.15.129:3300/0,v1:172.21.15.129:6789/0] conn(0x7fb404107570 msgr2=0x7fb404107970 secure :-1 s=STATE_CONNECTION_ESTABLISHED l=1).mark_down
2024-09-05T01:06:06.439 INFO:teuthology.orchestra.run.smithi129.stdout:/usr/bin/ceph: stderr
2024-09-05T01:06:05.715+0000 7fb409b11640 1 --2- 172.21.15.129:0/360728008 >> [v2:172.21.15.129:3300/0,v1:172.21.15.129:6789/0] conn(0x7fb404107570 0x7fb404107970 secure :-1 s=READY pgs=45 cs=0 l=1 rev1=1 crypto rx=0x7fb3f4009820 tx=0x7fb3f402a270 comp rx=0 tx=0).stop
2024-09-05T01:06:06.439 INFO:teuthology.orchestra.run.smithi129.stdout:/usr/bin/ceph: stderr
2024-09-05T01:06:05.715+0000 7fb409b11640 1 -- 172.21.15.129:0/360728008 shutdown_connections
2024-09-05T01:06:06.439 INFO:teuthology.orchestra.run.smithi129.stdout:/usr/bin/ceph: stderr
2024-09-05T01:06:05.715+0000 7fb409b11640 1 --2- 172.21.15.129:0/360728008 >> [v2:172.21.15.129:3300/0,v1:172.21.15.129:6789/0] conn(0x7fb404107570 0x7fb404107970 unknown :-1 s=CLOSED pgs=45 cs=0 l=1 rev1=1 crypto rx=0 tx=0 comp rx=0 tx=0).stop
2024-09-05T01:06:06.439 INFO:teuthology.orchestra.run.smithi129.stdout:/usr/bin/ceph: stderr
2024-09-05T01:06:05.715+0000 7fb409b11640 1 -- 172.21.15.129:0/360728008 >> 172.21.15.129:0/360728008 conn(0x7fb404102da0 msgr2=0x7fb4041051c0 unknown :-1 s=STATE_NONE l=0).mark_down
2024-09-05T01:06:06.439 INFO:teuthology.orchestra.run.smithi129.stdout:/usr/bin/ceph: stderr
2024-09-05T01:06:05.715+0000 7fb409b11640 1 -- 172.21.15.129:0/360728008 shutdown_connections
2024-09-05T01:06:06.439 INFO:teuthology.orchestra.run.smithi129.stdout:/usr/bin/ceph: stderr
2024-09-05T01:06:05.715+0000 7fb409b11640 1 -- 172.21.15.129:0/360728008 wait complete.
2024-09-05T01:06:06.439 INFO:teuthology.orchestra.run.smithi129.stdout:/usr/bin/ceph: stderr
2024-09-05T01:06:05.715+0000 7fb409b11640 1 Processor -- start
2024-09-05T01:06:06.440 INFO:teuthology.orchestra.run.smithi129.stdout:/usr/bin/ceph: stderr
2024-09-05T01:06:05.715+0000 7fb409b11640 1 -- start start
2024-09-05T01:06:06.440 INFO:teuthology.orchestra.run.smithi129.stdout:/usr/bin/ceph: stderr
2024-09-05T01:06:05.716+0000 7fb409b11640 1 --2- >> [v2:172.21.15.129:3300/0,v1:172.21.15.129:6789/0] conn(0x7fb404107570 0x7fb40419b400 unknown :-1 s=NONE pgs=0 cs=0 l=1 rev1=0 crypto rx=0 tx=0 comp rx=0 tx=0).connect
2024-09-05T01:06:06.440 INFO:teuthology.orchestra.run.smithi129.stdout:/usr/bin/ceph: stderr
2024-09-05T01:06:05.716+0000 7fb409b11640 1 -- --> [v2:172.21.15.129:3300/0,v1:172.21.15.129:6789/0] -- mon_getmap magic: 0 -- 0x7fb40410bb20 con 0x7fb404107570
2024-09-05T01:06:06.440 INFO:teuthology.orchestra.run.smithi129.stdout:/usr/bin/ceph: stderr
2024-09-05T01:06:05.716+0000 7fb4037fe640 1 --2- >> [v2:172.21.15.129:3300/0,v1:172.21.15.129:6789/0] conn(0x7fb404107570 0x7fb40419b400 unknown :-1 s=BANNER_CONNECTING pgs=0 cs=0 l=1 rev1=0 crypto rx=0 tx=0 comp rx=0 tx=0)._handle_peer_banner_payload supported=3 required=0
2024-09-05T01:06:06.440 INFO:teuthology.orchestra.run.smithi129.stdout:/usr/bin/ceph: stderr
2024-09-05T01:06:05.716+0000 7fb4037fe640 1 --2- >> [v2:172.21.15.129:3300/0,v1:172.21.15.129:6789/0] conn(0x7fb404107570 0x7fb40419b400 unknown :-1 s=HELLO_CONNECTING pgs=0 cs=0 l=1 rev1=1 crypto rx=0 tx=0 comp rx=0 tx=0).handle_hello peer v2:172.21.15.129:3300/0 says I am v2:172.21.15.129:54236/0 (socket says 172.21.15.129:54236)
2024-09-05T01:06:06.440 INFO:teuthology.orchestra.run.smithi129.stdout:/usr/bin/ceph: stderr
2024-09-05T01:06:05.716+0000 7fb4037fe640 1 -- 172.21.15.129:0/3050232669 learned_addr learned my addr 172.21.15.129:0/3050232669 (peer_addr_for_me v2:172.21.15.129:0/0)
2024-09-05T01:06:06.440 INFO:teuthology.orchestra.run.smithi129.stdout:/usr/bin/ceph: stderr
2024-09-05T01:06:05.716+0000 7fb4037fe640 1 -- 172.21.15.129:0/3050232669 --> [v2:172.21.15.129:3300/0,v1:172.21.15.129:6789/0] -- mon_subscribe({config=0+,monmap=0+}) -- 0x7fb40419b940 con 0x7fb404107570
2024-09-05T01:06:06.440 INFO:teuthology.orchestra.run.smithi129.stdout:/usr/bin/ceph: stderr
2024-09-05T01:06:05.716+0000 7fb4037fe640 1 --2- 172.21.15.129:0/3050232669 >> [v2:172.21.15.129:3300/0,v1:172.21.15.129:6789/0] conn(0x7fb404107570 0x7fb40419b400 secure :-1 s=READY pgs=46 cs=0 l=1 rev1=1 crypto rx=0x7fb3f4009940 tx=0x7fb3f4032e10 comp rx=0 tx=0).ready entity=mon.0 client_cookie=0 server_cookie=0 in_seq=0 out_seq=0
2024-09-05T01:06:06.440 INFO:teuthology.orchestra.run.smithi129.stdout:/usr/bin/ceph: stderr
2024-09-05T01:06:05.716+0000 7fb4017fa640 1 -- 172.21.15.129:0/3050232669 <== mon.0 v2:172.21.15.129:3300/0 1 ==== mon_map magic: 0 ==== 205+0+0 (secure 0 0 0) 0x7fb3f4042070 con 0x7fb404107570
2024-09-05T01:06:06.440 INFO:teuthology.orchestra.run.smithi129.stdout:/usr/bin/ceph: stderr
2024-09-05T01:06:05.716+0000 7fb4017fa640 1 -- 172.21.15.129:0/3050232669 <== mon.0 v2:172.21.15.129:3300/0 2 ==== config(26 keys) ==== 1071+0+0 (secure 0 0 0) 0x7fb3f4030c80 con 0x7fb404107570
2024-09-05T01:06:06.440 INFO:teuthology.orchestra.run.smithi129.stdout:/usr/bin/ceph: stderr
2024-09-05T01:06:05.716+0000 7fb409b11640 1 -- 172.21.15.129:0/3050232669 --> [v2:172.21.15.129:3300/0,v1:172.21.15.129:6789/0] -- mon_subscribe({mgrmap=0+}) -- 0x7fb40419bbd0 con 0x7fb404107570
2024-09-05T01:06:06.440 INFO:teuthology.orchestra.run.smithi129.stdout:/usr/bin/ceph: stderr
2024-09-05T01:06:05.716+0000 7fb4017fa640 1 -- 172.21.15.129:0/3050232669 <== mon.0 v2:172.21.15.129:3300/0 3 ==== mon_map magic: 0 ==== 205+0+0 (secure 0 0 0) 0x7fb3f4037040 con 0x7fb404107570
2024-09-05T01:06:06.441 INFO:teuthology.orchestra.run.smithi129.stdout:/usr/bin/ceph: stderr
2024-09-05T01:06:05.716+0000 7fb409b11640 1 -- 172.21.15.129:0/3050232669 --> [v2:172.21.15.129:3300/0,v1:172.21.15.129:6789/0] -- mon_subscribe({osdmap=0}) -- 0x7fb40419e8c0 con 0x7fb404107570
2024-09-05T01:06:06.441 INFO:teuthology.orchestra.run.smithi129.stdout:/usr/bin/ceph: stderr
2024-09-05T01:06:05.717+0000 7fb4017fa640 1 -- 172.21.15.129:0/3050232669 <== mon.0 v2:172.21.15.129:3300/0 4 ==== mgrmap(e 8) ==== 46287+0+0 (secure 0 0 0) 0x7fb3f4045070 con 0x7fb404107570
2024-09-05T01:06:06.441 INFO:teuthology.orchestra.run.smithi129.stdout:/usr/bin/ceph: stderr
2024-09-05T01:06:05.717+0000 7fb409b11640 1 -- 172.21.15.129:0/3050232669 --> [v2:172.21.15.129:3300/0,v1:172.21.15.129:6789/0] -- mon_command({"prefix": "get_command_descriptions"} v 0) -- 0x7fb4041079f0 con 0x7fb404107570
2024-09-05T01:06:06.441 INFO:teuthology.orchestra.run.smithi129.stdout:/usr/bin/ceph: stderr
2024-09-05T01:06:05.717+0000 7fb4017fa640 1 --2- 172.21.15.129:0/3050232669 >> [v2:172.21.15.129:6800/3942407634,v1:172.21.15.129:6801/3942407634] conn(0x7fb3f0039030 0x7fb3f003b4f0 unknown :-1 s=NONE pgs=0 cs=0 l=1 rev1=0 crypto rx=0 tx=0 comp rx=0 tx=0).connect
2024-09-05T01:06:06.441 INFO:teuthology.orchestra.run.smithi129.stdout:/usr/bin/ceph: stderr
2024-09-05T01:06:05.717+0000 7fb4017fa640 1 -- 172.21.15.129:0/3050232669 <== mon.0 v2:172.21.15.129:3300/0 5 ==== osd_map(2..2 src has 1..2) ==== 940+0+0 (secure 0 0 0) 0x7fb3f406bfb0 con 0x7fb404107570
2024-09-05T01:06:06.441 INFO:teuthology.orchestra.run.smithi129.stdout:/usr/bin/ceph: stderr
2024-09-05T01:06:05.717+0000 7fb3faffd640 1 --2- 172.21.15.129:0/3050232669 >> [v2:172.21.15.129:6800/3942407634,v1:172.21.15.129:6801/3942407634] conn(0x7fb3f0039030 0x7fb3f003b4f0 unknown :-1 s=BANNER_CONNECTING pgs=0 cs=0 l=1 rev1=0 crypto rx=0 tx=0 comp rx=0 tx=0)._handle_peer_banner_payload supported=3 required=0
2024-09-05T01:06:06.441 INFO:teuthology.orchestra.run.smithi129.stdout:/usr/bin/ceph: stderr
2024-09-05T01:06:05.718+0000 7fb3faffd640 1 --2- 172.21.15.129:0/3050232669 >> [v2:172.21.15.129:6800/3942407634,v1:172.21.15.129:6801/3942407634] conn(0x7fb3f0039030 0x7fb3f003b4f0 secure :-1 s=READY pgs=12 cs=0 l=1 rev1=1 crypto rx=0x7fb3ec0098c0 tx=0x7fb3ec006db0 comp rx=0 tx=0).ready entity=mgr.14118 client_cookie=0 server_cookie=0 in_seq=0 out_seq=0
2024-09-05T01:06:06.441 INFO:teuthology.orchestra.run.smithi129.stdout:/usr/bin/ceph: stderr
2024-09-05T01:06:05.722+0000 7fb4017fa640 1 -- 172.21.15.129:0/3050232669 <== mon.0 v2:172.21.15.129:3300/0 6 ==== mon_command_ack([{"prefix": "get_command_descriptions"}]=0 v0) ==== 72+0+188821 (secure 0 0 0) 0x7fb3f4045360 con 0x7fb404107570
2024-09-05T01:06:06.441 INFO:teuthology.orchestra.run.smithi129.stdout:/usr/bin/ceph: stderr
2024-09-05T01:06:05.902+0000 7fb409b11640 1 -- 172.21.15.129:0/3050232669 --> [v2:172.21.15.129:6800/3942407634,v1:172.21.15.129:6801/3942407634] -- mgr_command(tid 0: {"prefix": "orch apply", "service_type": "mon", "unmanaged": true, "target": ["mon-mgr", ""]}) -- 0x7fb404103ea0 con 0x7fb3f0039030
2024-09-05T01:06:06.441 INFO:teuthology.orchestra.run.smithi129.stdout:/usr/bin/ceph: stderr
2024-09-05T01:06:05.910+0000 7fb4017fa640 1 -- 172.21.15.129:0/3050232669 <== mgr.14118 v2:172.21.15.129:6800/3942407634 1 ==== mgr_command_reply(tid 0: 0 ) ==== 8+0+24 (secure 0 0 0) 0x7fb404103ea0 con 0x7fb3f0039030
2024-09-05T01:06:06.442 INFO:teuthology.orchestra.run.smithi129.stdout:/usr/bin/ceph: stderr
2024-09-05T01:06:05.912+0000 7fb409b11640 1 -- 172.21.15.129:0/3050232669 >> [v2:172.21.15.129:6800/3942407634,v1:172.21.15.129:6801/3942407634] conn(0x7fb3f0039030 msgr2=0x7fb3f003b4f0 secure :-1 s=STATE_CONNECTION_ESTABLISHED l=1).mark_down
2024-09-05T01:06:06.442 INFO:teuthology.orchestra.run.smithi129.stdout:/usr/bin/ceph: stderr
2024-09-05T01:06:05.912+0000 7fb409b11640 1 --2- 172.21.15.129:0/3050232669 >> [v2:172.21.15.129:6800/3942407634,v1:172.21.15.129:6801/3942407634] conn(0x7fb3f0039030 0x7fb3f003b4f0 secure :-1 s=READY pgs=12 cs=0 l=1 rev1=1 crypto rx=0x7fb3ec0098c0 tx=0x7fb3ec006db0 comp rx=0 tx=0).stop
2024-09-05T01:06:06.442 INFO:teuthology.orchestra.run.smithi129.stdout:/usr/bin/ceph: stderr
2024-09-05T01:06:05.912+0000 7fb409b11640 1 -- 172.21.15.129:0/3050232669 >> [v2:172.21.15.129:3300/0,v1:172.21.15.129:6789/0] conn(0x7fb404107570 msgr2=0x7fb40419b400 secure :-1 s=STATE_CONNECTION_ESTABLISHED l=1).mark_down
2024-09-05T01:06:06.442 INFO:teuthology.orchestra.run.smithi129.stdout:/usr/bin/ceph: stderr
2024-09-05T01:06:05.912+0000 7fb409b11640 1 --2- 172.21.15.129:0/3050232669 >> [v2:172.21.15.129:3300/0,v1:172.21.15.129:6789/0] conn(0x7fb404107570 0x7fb40419b400 secure :-1 s=READY pgs=46 cs=0 l=1 rev1=1 crypto rx=0x7fb3f4009940 tx=0x7fb3f4032e10 comp rx=0 tx=0).stop
2024-09-05T01:06:06.442 INFO:teuthology.orchestra.run.smithi129.stdout:/usr/bin/ceph: stderr
2024-09-05T01:06:05.912+0000 7fb409b11640 1 -- 172.21.15.129:0/3050232669 shutdown_connections
2024-09-05T01:06:06.442 INFO:teuthology.orchestra.run.smithi129.stdout:/usr/bin/ceph: stderr
2024-09-05T01:06:05.912+0000 7fb409b11640 1 --2- 172.21.15.129:0/3050232669 >> [v2:172.21.15.129:6800/3942407634,v1:172.21.15.129:6801/3942407634] conn(0x7fb3f0039030 0x7fb3f003b4f0 unknown :-1 s=CLOSED pgs=12 cs=0 l=1 rev1=1 crypto rx=0 tx=0 comp rx=0 tx=0).stop
2024-09-05T01:06:06.442 INFO:teuthology.orchestra.run.smithi129.stdout:/usr/bin/ceph: stderr
2024-09-05T01:06:05.912+0000 7fb409b11640 1 --2- 172.21.15.129:0/3050232669 >> [v2:172.21.15.129:3300/0,v1:172.21.15.129:6789/0] conn(0x7fb404107570 0x7fb40419b400 unknown :-1 s=CLOSED pgs=46 cs=0 l=1 rev1=1 crypto rx=0 tx=0 comp rx=0 tx=0).stop
2024-09-05T01:06:06.442 INFO:teuthology.orchestra.run.smithi129.stdout:/usr/bin/ceph: stderr
2024-09-05T01:06:05.912+0000 7fb409b11640 1 -- 172.21.15.129:0/3050232669 >> 172.21.15.129:0/3050232669 conn(0x7fb404102da0 msgr2=0x7fb404103790 unknown :-1 s=STATE_NONE l=0).mark_down
2024-09-05T01:06:06.443 INFO:teuthology.orchestra.run.smithi129.stdout:/usr/bin/ceph: stderr
2024-09-05T01:06:05.912+0000 7fb409b11640 1 -- 172.21.15.129:0/3050232669 shutdown_connections
2024-09-05T01:06:06.443 INFO:teuthology.orchestra.run.smithi129.stdout:/usr/bin/ceph: stderr
2024-09-05T01:06:05.912+0000 7fb409b11640 1 -- 172.21.15.129:0/3050232669 wait complete.
2024-09-05T01:06:06.443 INFO:teuthology.orchestra.run.smithi129.stdout:Deploying unmanaged mgr service...
2024-09-05T01:06:07.159 INFO:journalctl@ceph.mon.a.smithi129.stdout:Sep 05 01:06:06 smithi129 ceph-mon[30979]: from='client.14140 -' entity='client.admin' cmd=[{"prefix": "orch apply", "service_type": "mon", "unmanaged": true, "target": ["mon-mgr", ""]}]: dispatch
2024-09-05T01:06:07.159 INFO:journalctl@ceph.mon.a.smithi129.stdout:Sep 05 01:06:06 smithi129 ceph-mon[30979]: Saving service mon spec with placement count:5
2024-09-05T01:06:07.159 INFO:journalctl@ceph.mon.a.smithi129.stdout:Sep 05 01:06:06 smithi129 ceph-mon[30979]: from='mgr.14118 172.21.15.129:0/2727134941' entity='mgr.x'
2024-09-05T01:06:07.942 INFO:teuthology.orchestra.run.smithi129.stdout:/usr/bin/ceph: stdout Scheduled mgr update...
2024-09-05T01:06:07.942 INFO:teuthology.orchestra.run.smithi129.stdout:/usr/bin/ceph: stderr
2024-09-05T01:06:07.063+0000 7f4bd9f52640 1 Processor -- start
2024-09-05T01:06:07.942 INFO:teuthology.orchestra.run.smithi129.stdout:/usr/bin/ceph: stderr
2024-09-05T01:06:07.063+0000 7f4bd9f52640 1 -- start start
2024-09-05T01:06:07.942 INFO:teuthology.orchestra.run.smithi129.stdout:/usr/bin/ceph: stderr
2024-09-05T01:06:07.063+0000 7f4bd9f52640 1 --2- >> [v2:172.21.15.129:3300/0,v1:172.21.15.129:6789/0] conn(0x7f4bd4107570 0x7f4bd4107970 unknown :-1 s=NONE pgs=0 cs=0 l=0 rev1=0 crypto rx=0 tx=0 comp rx=0 tx=0).connect
2024-09-05T01:06:07.943 INFO:teuthology.orchestra.run.smithi129.stdout:/usr/bin/ceph: stderr
2024-09-05T01:06:07.063+0000 7f4bd9f52640 1 -- --> [v2:172.21.15.129:3300/0,v1:172.21.15.129:6789/0] -- mon_getmap magic: 0 -- 0x7f4bd4107f40 con 0x7f4bd4107570
2024-09-05T01:06:07.943 INFO:teuthology.orchestra.run.smithi129.stdout:/usr/bin/ceph: stderr
2024-09-05T01:06:07.063+0000 7f4bd37fe640 1 --2- >> [v2:172.21.15.129:3300/0,v1:172.21.15.129:6789/0] conn(0x7f4bd4107570 0x7f4bd4107970 unknown :-1 s=BANNER_CONNECTING pgs=0 cs=0 l=0 rev1=0 crypto rx=0 tx=0 comp rx=0 tx=0)._handle_peer_banner_payload supported=3 required=0
2024-09-05T01:06:07.943 INFO:teuthology.orchestra.run.smithi129.stdout:/usr/bin/ceph: stderr
2024-09-05T01:06:07.063+0000 7f4bd37fe640 1 --2- >> [v2:172.21.15.129:3300/0,v1:172.21.15.129:6789/0] conn(0x7f4bd4107570 0x7f4bd4107970 unknown :-1 s=HELLO_CONNECTING pgs=0 cs=0 l=0 rev1=1 crypto rx=0 tx=0 comp rx=0 tx=0).handle_hello peer v2:172.21.15.129:3300/0 says I am v2:172.21.15.129:54246/0 (socket says 172.21.15.129:54246)
2024-09-05T01:06:07.943 INFO:teuthology.orchestra.run.smithi129.stdout:/usr/bin/ceph: stderr
2024-09-05T01:06:07.063+0000 7f4bd37fe640 1 -- 172.21.15.129:0/2520824535 learned_addr learned my addr 172.21.15.129:0/2520824535 (peer_addr_for_me v2:172.21.15.129:0/0)
2024-09-05T01:06:07.943 INFO:teuthology.orchestra.run.smithi129.stdout:/usr/bin/ceph: stderr
2024-09-05T01:06:07.063+0000 7f4bd37fe640 1 -- 172.21.15.129:0/2520824535 --> [v2:172.21.15.129:3300/0,v1:172.21.15.129:6789/0] -- mon_subscribe({config=0+,monmap=0+}) -- 0x7f4bd4108770 con 0x7f4bd4107570
2024-09-05T01:06:07.943 INFO:teuthology.orchestra.run.smithi129.stdout:/usr/bin/ceph: stderr
2024-09-05T01:06:07.064+0000 7f4bd37fe640 1 --2- 172.21.15.129:0/2520824535 >> [v2:172.21.15.129:3300/0,v1:172.21.15.129:6789/0] conn(0x7f4bd4107570 0x7f4bd4107970 secure :-1 s=READY pgs=47 cs=0 l=1 rev1=1 crypto rx=0x7f4bc4009e80 tx=0x7f4bc402a7a0 comp rx=0 tx=0).ready entity=mon.0 client_cookie=ca214846759e57b4 server_cookie=0 in_seq=0 out_seq=0
2024-09-05T01:06:07.943 INFO:teuthology.orchestra.run.smithi129.stdout:/usr/bin/ceph: stderr
2024-09-05T01:06:07.064+0000 7f4bd27fc640 1 -- 172.21.15.129:0/2520824535 <== mon.0 v2:172.21.15.129:3300/0 1 ==== mon_map magic: 0 ==== 205+0+0 (secure 0 0 0) 0x7f4bc4036070 con 0x7f4bd4107570
2024-09-05T01:06:07.943 INFO:teuthology.orchestra.run.smithi129.stdout:/usr/bin/ceph: stderr
2024-09-05T01:06:07.065+0000 7f4bd27fc640 1 -- 172.21.15.129:0/2520824535 <== mon.0 v2:172.21.15.129:3300/0 2 ==== config(26 keys) ==== 1071+0+0 (secure 0 0 0) 0x7f4bc4031890 con 0x7f4bd4107570
2024-09-05T01:06:07.943 INFO:teuthology.orchestra.run.smithi129.stdout:/usr/bin/ceph: stderr
2024-09-05T01:06:07.065+0000 7f4bd27fc640 1 -- 172.21.15.129:0/2520824535 <== mon.0 v2:172.21.15.129:3300/0 3 ==== mon_map magic: 0 ==== 205+0+0 (secure 0 0 0) 0x7f4bc4007980 con 0x7f4bd4107570
2024-09-05T01:06:07.943 INFO:teuthology.orchestra.run.smithi129.stdout:/usr/bin/ceph: stderr
2024-09-05T01:06:07.065+0000 7f4bd9f52640 1 -- 172.21.15.129:0/2520824535 >> [v2:172.21.15.129:3300/0,v1:172.21.15.129:6789/0] conn(0x7f4bd4107570 msgr2=0x7f4bd4107970 secure :-1 s=STATE_CONNECTION_ESTABLISHED l=1).mark_down
2024-09-05T01:06:07.943 INFO:teuthology.orchestra.run.smithi129.stdout:/usr/bin/ceph: stderr
2024-09-05T01:06:07.065+0000 7f4bd9f52640 1 --2- 172.21.15.129:0/2520824535 >> [v2:172.21.15.129:3300/0,v1:172.21.15.129:6789/0] conn(0x7f4bd4107570 0x7f4bd4107970 secure :-1 s=READY pgs=47 cs=0 l=1 rev1=1 crypto rx=0x7f4bc4009e80 tx=0x7f4bc402a7a0 comp rx=0 tx=0).stop
2024-09-05T01:06:07.944 INFO:teuthology.orchestra.run.smithi129.stdout:/usr/bin/ceph: stderr
2024-09-05T01:06:07.065+0000 7f4bd9f52640 1 -- 172.21.15.129:0/2520824535 shutdown_connections
2024-09-05T01:06:07.944 INFO:teuthology.orchestra.run.smithi129.stdout:/usr/bin/ceph: stderr
2024-09-05T01:06:07.065+0000 7f4bd9f52640 1 --2- 172.21.15.129:0/2520824535 >> [v2:172.21.15.129:3300/0,v1:172.21.15.129:6789/0] conn(0x7f4bd4107570 0x7f4bd4107970 unknown :-1 s=CLOSED pgs=47 cs=0 l=1 rev1=1 crypto rx=0 tx=0 comp rx=0 tx=0).stop
2024-09-05T01:06:07.944 INFO:teuthology.orchestra.run.smithi129.stdout:/usr/bin/ceph: stderr
2024-09-05T01:06:07.065+0000 7f4bd9f52640 1 -- 172.21.15.129:0/2520824535 >> 172.21.15.129:0/2520824535 conn(0x7f4bd4102da0 msgr2=0x7f4bd41051c0 unknown :-1 s=STATE_NONE l=0).mark_down
2024-09-05T01:06:07.944 INFO:teuthology.orchestra.run.smithi129.stdout:/usr/bin/ceph: stderr
2024-09-05T01:06:07.065+0000 7f4bd9f52640 1 -- 172.21.15.129:0/2520824535 shutdown_connections
2024-09-05T01:06:07.945 INFO:teuthology.orchestra.run.smithi129.stdout:/usr/bin/ceph: stderr
2024-09-05T01:06:07.065+0000 7f4bd9f52640 1 -- 172.21.15.129:0/2520824535 wait complete.
2024-09-05T01:06:07.945 INFO:teuthology.orchestra.run.smithi129.stdout:/usr/bin/ceph: stderr
2024-09-05T01:06:07.066+0000 7f4bd9f52640 1 Processor -- start
2024-09-05T01:06:07.945 INFO:teuthology.orchestra.run.smithi129.stdout:/usr/bin/ceph: stderr
2024-09-05T01:06:07.066+0000 7f4bd9f52640 1 -- start start
2024-09-05T01:06:07.945 INFO:teuthology.orchestra.run.smithi129.stdout:/usr/bin/ceph: stderr
2024-09-05T01:06:07.066+0000 7f4bd9f52640 1 --2- >> [v2:172.21.15.129:3300/0,v1:172.21.15.129:6789/0] conn(0x7f4bd4107570 0x7f4bd419b400 unknown :-1 s=NONE pgs=0 cs=0 l=1 rev1=0 crypto rx=0 tx=0 comp rx=0 tx=0).connect
2024-09-05T01:06:07.945 INFO:teuthology.orchestra.run.smithi129.stdout:/usr/bin/ceph: stderr
2024-09-05T01:06:07.066+0000 7f4bd9f52640 1 -- --> [v2:172.21.15.129:3300/0,v1:172.21.15.129:6789/0] -- mon_getmap magic: 0 -- 0x7f4bd410bb20 con 0x7f4bd4107570
2024-09-05T01:06:07.945 INFO:teuthology.orchestra.run.smithi129.stdout:/usr/bin/ceph: stderr
2024-09-05T01:06:07.066+0000 7f4bd37fe640 1 --2- >> [v2:172.21.15.129:3300/0,v1:172.21.15.129:6789/0] conn(0x7f4bd4107570 0x7f4bd419b400 unknown :-1 s=BANNER_CONNECTING pgs=0 cs=0 l=1 rev1=0 crypto rx=0 tx=0 comp rx=0 tx=0)._handle_peer_banner_payload supported=3 required=0
2024-09-05T01:06:07.945 INFO:teuthology.orchestra.run.smithi129.stdout:/usr/bin/ceph: stderr
2024-09-05T01:06:07.066+0000 7f4bd37fe640 1 --2- >> [v2:172.21.15.129:3300/0,v1:172.21.15.129:6789/0] conn(0x7f4bd4107570 0x7f4bd419b400 unknown :-1 s=HELLO_CONNECTING pgs=0 cs=0 l=1 rev1=1 crypto rx=0 tx=0 comp rx=0 tx=0).handle_hello peer v2:172.21.15.129:3300/0 says I am v2:172.21.15.129:54248/0 (socket says 172.21.15.129:54248)
2024-09-05T01:06:07.946 INFO:teuthology.orchestra.run.smithi129.stdout:/usr/bin/ceph: stderr
2024-09-05T01:06:07.066+0000 7f4bd37fe640 1 -- 172.21.15.129:0/928116416 learned_addr learned my addr 172.21.15.129:0/928116416 (peer_addr_for_me v2:172.21.15.129:0/0)
2024-09-05T01:06:07.946 INFO:teuthology.orchestra.run.smithi129.stdout:/usr/bin/ceph: stderr
2024-09-05T01:06:07.067+0000 7f4bd37fe640 1 -- 172.21.15.129:0/928116416 --> [v2:172.21.15.129:3300/0,v1:172.21.15.129:6789/0] -- mon_subscribe({config=0+,monmap=0+}) -- 0x7f4bd419b940 con 0x7f4bd4107570
2024-09-05T01:06:07.946 INFO:teuthology.orchestra.run.smithi129.stdout:/usr/bin/ceph: stderr
2024-09-05T01:06:07.067+0000 7f4bd37fe640 1 --2- 172.21.15.129:0/928116416 >> [v2:172.21.15.129:3300/0,v1:172.21.15.129:6789/0] conn(0x7f4bd4107570 0x7f4bd419b400 secure :-1 s=READY pgs=48 cs=0 l=1 rev1=1 crypto rx=0x7f4bc4007bb0 tx=0x7f4bc4031c70 comp rx=0 tx=0).ready entity=mon.0 client_cookie=0 server_cookie=0 in_seq=0 out_seq=0
2024-09-05T01:06:07.946 INFO:teuthology.orchestra.run.smithi129.stdout:/usr/bin/ceph: stderr
2024-09-05T01:06:07.067+0000 7f4bd0ff9640 1 -- 172.21.15.129:0/928116416 <== mon.0 v2:172.21.15.129:3300/0 1 ==== mon_map magic: 0 ==== 205+0+0 (secure 0 0 0) 0x7f4bc4041020 con 0x7f4bd4107570
2024-09-05T01:06:07.946 INFO:teuthology.orchestra.run.smithi129.stdout:/usr/bin/ceph: stderr
2024-09-05T01:06:07.067+0000 7f4bd9f52640 1 -- 172.21.15.129:0/928116416 --> [v2:172.21.15.129:3300/0,v1:172.21.15.129:6789/0] -- mon_subscribe({mgrmap=0+}) -- 0x7f4bd419bbd0 con 0x7f4bd4107570
2024-09-05T01:06:07.946 INFO:teuthology.orchestra.run.smithi129.stdout:/usr/bin/ceph: stderr
2024-09-05T01:06:07.067+0000 7f4bd0ff9640 1 -- 172.21.15.129:0/928116416 <== mon.0 v2:172.21.15.129:3300/0 2 ==== config(26 keys) ==== 1071+0+0 (secure 0 0 0) 0x7f4bc403c900 con 0x7f4bd4107570
2024-09-05T01:06:07.946 INFO:teuthology.orchestra.run.smithi129.stdout:/usr/bin/ceph: stderr
2024-09-05T01:06:07.067+0000 7f4bd0ff9640 1 -- 172.21.15.129:0/928116416 <== mon.0 v2:172.21.15.129:3300/0 3 ==== mon_map magic: 0 ==== 205+0+0 (secure 0 0 0) 0x7f4bc4036040 con 0x7f4bd4107570
2024-09-05T01:06:07.946 INFO:teuthology.orchestra.run.smithi129.stdout:/usr/bin/ceph: stderr
2024-09-05T01:06:07.067+0000 7f4bd9f52640 1 -- 172.21.15.129:0/928116416 --> [v2:172.21.15.129:3300/0,v1:172.21.15.129:6789/0] -- mon_subscribe({osdmap=0}) -- 0x7f4bd419e8c0 con 0x7f4bd4107570
2024-09-05T01:06:07.947 INFO:teuthology.orchestra.run.smithi129.stdout:/usr/bin/ceph: stderr
2024-09-05T01:06:07.068+0000 7f4bd0ff9640 1 -- 172.21.15.129:0/928116416 <== mon.0 v2:172.21.15.129:3300/0 4 ==== mgrmap(e 8) ==== 46287+0+0 (secure 0 0 0) 0x7f4bc4044020 con 0x7f4bd4107570
2024-09-05T01:06:07.947 INFO:teuthology.orchestra.run.smithi129.stdout:/usr/bin/ceph: stderr
2024-09-05T01:06:07.068+0000 7f4bd9f52640 1 -- 172.21.15.129:0/928116416 --> [v2:172.21.15.129:3300/0,v1:172.21.15.129:6789/0] -- mon_command({"prefix": "get_command_descriptions"} v 0) -- 0x7f4bd41079f0 con 0x7f4bd4107570
2024-09-05T01:06:07.947 INFO:teuthology.orchestra.run.smithi129.stdout:/usr/bin/ceph: stderr
2024-09-05T01:06:07.068+0000 7f4bd0ff9640 1 --2- 172.21.15.129:0/928116416 >> [v2:172.21.15.129:6800/3942407634,v1:172.21.15.129:6801/3942407634] conn(0x7f4bc0039030 0x7f4bc003b4f0 unknown :-1 s=NONE pgs=0 cs=0 l=1 rev1=0 crypto rx=0 tx=0 comp rx=0 tx=0).connect
2024-09-05T01:06:07.947 INFO:teuthology.orchestra.run.smithi129.stdout:/usr/bin/ceph: stderr
2024-09-05T01:06:07.068+0000 7f4bd0ff9640 1 -- 172.21.15.129:0/928116416 <== mon.0 v2:172.21.15.129:3300/0 5 ==== osd_map(2..2 src has 1..2) ==== 940+0+0 (secure 0 0 0) 0x7f4bc406d680 con 0x7f4bd4107570
2024-09-05T01:06:07.947 INFO:teuthology.orchestra.run.smithi129.stdout:/usr/bin/ceph: stderr
2024-09-05T01:06:07.068+0000 7f4bd2ffd640 1 --2- 172.21.15.129:0/928116416 >> [v2:172.21.15.129:6800/3942407634,v1:172.21.15.129:6801/3942407634] conn(0x7f4bc0039030 0x7f4bc003b4f0 unknown :-1 s=BANNER_CONNECTING pgs=0 cs=0 l=1 rev1=0 crypto rx=0 tx=0 comp rx=0 tx=0)._handle_peer_banner_payload supported=3 required=0
2024-09-05T01:06:07.947 INFO:teuthology.orchestra.run.smithi129.stdout:/usr/bin/ceph: stderr
2024-09-05T01:06:07.069+0000 7f4bd2ffd640 1 --2- 172.21.15.129:0/928116416 >> [v2:172.21.15.129:6800/3942407634,v1:172.21.15.129:6801/3942407634] conn(0x7f4bc0039030 0x7f4bc003b4f0 secure :-1 s=READY pgs=13 cs=0 l=1 rev1=1 crypto rx=0x7f4bbc0098c0 tx=0x7f4bbc006db0 comp rx=0 tx=0).ready entity=mgr.14118 client_cookie=0 server_cookie=0 in_seq=0 out_seq=0
2024-09-05T01:06:07.947 INFO:teuthology.orchestra.run.smithi129.stdout:/usr/bin/ceph: stderr
2024-09-05T01:06:07.073+0000 7f4bd0ff9640 1 -- 172.21.15.129:0/928116416 <== mon.0 v2:172.21.15.129:3300/0 6 ==== mon_command_ack([{"prefix": "get_command_descriptions"}]=0 v0) ==== 72+0+188821 (secure 0 0 0) 0x7f4bc404b020 con 0x7f4bd4107570
2024-09-05T01:06:07.947 INFO:teuthology.orchestra.run.smithi129.stdout:/usr/bin/ceph: stderr
2024-09-05T01:06:07.263+0000 7f4bd9f52640 1 -- 172.21.15.129:0/928116416 --> [v2:172.21.15.129:6800/3942407634,v1:172.21.15.129:6801/3942407634] -- mgr_command(tid 0: {"prefix": "orch apply", "service_type": "mgr", "unmanaged": true, "target": ["mon-mgr", ""]}) -- 0x7f4bd4103ea0 con 0x7f4bc0039030
2024-09-05T01:06:07.948 INFO:teuthology.orchestra.run.smithi129.stdout:/usr/bin/ceph: stderr
2024-09-05T01:06:07.270+0000 7f4bd0ff9640 1 -- 172.21.15.129:0/928116416 <== mgr.14118 v2:172.21.15.129:6800/3942407634 1 ==== mgr_command_reply(tid 0: 0 ) ==== 8+0+24 (secure 0 0 0) 0x7f4bd4103ea0 con 0x7f4bc0039030
2024-09-05T01:06:07.948 INFO:teuthology.orchestra.run.smithi129.stdout:/usr/bin/ceph: stderr
2024-09-05T01:06:07.272+0000 7f4bd9f52640 1 -- 172.21.15.129:0/928116416 >> [v2:172.21.15.129:6800/3942407634,v1:172.21.15.129:6801/3942407634] conn(0x7f4bc0039030 msgr2=0x7f4bc003b4f0 secure :-1 s=STATE_CONNECTION_ESTABLISHED l=1).mark_down
2024-09-05T01:06:07.948 INFO:teuthology.orchestra.run.smithi129.stdout:/usr/bin/ceph: stderr
2024-09-05T01:06:07.273+0000 7f4bd9f52640 1 --2- 172.21.15.129:0/928116416 >> [v2:172.21.15.129:6800/3942407634,v1:172.21.15.129:6801/3942407634] conn(0x7f4bc0039030 0x7f4bc003b4f0 secure :-1 s=READY pgs=13 cs=0 l=1 rev1=1 crypto rx=0x7f4bbc0098c0 tx=0x7f4bbc006db0 comp rx=0 tx=0).stop
2024-09-05T01:06:07.948 INFO:teuthology.orchestra.run.smithi129.stdout:/usr/bin/ceph: stderr
2024-09-05T01:06:07.273+0000 7f4bd9f52640 1 -- 172.21.15.129:0/928116416 >> [v2:172.21.15.129:3300/0,v1:172.21.15.129:6789/0] conn(0x7f4bd4107570 msgr2=0x7f4bd419b400 secure :-1 s=STATE_CONNECTION_ESTABLISHED l=1).mark_down
2024-09-05T01:06:07.948 INFO:teuthology.orchestra.run.smithi129.stdout:/usr/bin/ceph: stderr
2024-09-05T01:06:07.273+0000 7f4bd9f52640 1 --2- 172.21.15.129:0/928116416 >> [v2:172.21.15.129:3300/0,v1:172.21.15.129:6789/0] conn(0x7f4bd4107570 0x7f4bd419b400 secure :-1 s=READY pgs=48 cs=0 l=1 rev1=1 crypto rx=0x7f4bc4007bb0 tx=0x7f4bc4031c70 comp rx=0 tx=0).stop
2024-09-05T01:06:07.948 INFO:teuthology.orchestra.run.smithi129.stdout:/usr/bin/ceph: stderr
2024-09-05T01:06:07.273+0000 7f4bd9f52640 1 -- 172.21.15.129:0/928116416 shutdown_connections
2024-09-05T01:06:07.949 INFO:teuthology.orchestra.run.smithi129.stdout:/usr/bin/ceph: stderr
2024-09-05T01:06:07.273+0000 7f4bd9f52640 1 --2- 172.21.15.129:0/928116416 >> [v2:172.21.15.129:6800/3942407634,v1:172.21.15.129:6801/3942407634] conn(0x7f4bc0039030 0x7f4bc003b4f0 unknown :-1 s=CLOSED pgs=13 cs=0 l=1 rev1=1 crypto rx=0 tx=0 comp rx=0 tx=0).stop
2024-09-05T01:06:07.949 INFO:teuthology.orchestra.run.smithi129.stdout:/usr/bin/ceph: stderr
2024-09-05T01:06:07.273+0000 7f4bd9f52640 1 --2- 172.21.15.129:0/928116416 >> [v2:172.21.15.129:3300/0,v1:172.21.15.129:6789/0] conn(0x7f4bd4107570 0x7f4bd419b400 unknown :-1 s=CLOSED pgs=48 cs=0 l=1 rev1=1 crypto rx=0 tx=0 comp rx=0 tx=0).stop
2024-09-05T01:06:07.949 INFO:teuthology.orchestra.run.smithi129.stdout:/usr/bin/ceph: stderr
2024-09-05T01:06:07.273+0000 7f4bd9f52640 1 -- 172.21.15.129:0/928116416 >> 172.21.15.129:0/928116416 conn(0x7f4bd4102da0 msgr2=0x7f4bd4103790 unknown :-1 s=STATE_NONE l=0).mark_down
2024-09-05T01:06:07.949 INFO:teuthology.orchestra.run.smithi129.stdout:/usr/bin/ceph: stderr
2024-09-05T01:06:07.273+0000 7f4bd9f52640 1 -- 172.21.15.129:0/928116416 shutdown_connections
2024-09-05T01:06:07.949 INFO:teuthology.orchestra.run.smithi129.stdout:/usr/bin/ceph: stderr
2024-09-05T01:06:07.273+0000 7f4bd9f52640 1 -- 172.21.15.129:0/928116416 wait complete.
2024-09-05T01:06:08.492 INFO:journalctl@ceph.mon.a.smithi129.stdout:Sep 05 01:06:08 smithi129 ceph-mon[30979]: from='client.14142 -' entity='client.admin' cmd=[{"prefix": "orch apply", "service_type": "mgr", "unmanaged": true, "target": ["mon-mgr", ""]}]: dispatch
2024-09-05T01:06:08.492 INFO:journalctl@ceph.mon.a.smithi129.stdout:Sep 05 01:06:08 smithi129 ceph-mon[30979]: Saving service mgr spec with placement count:2
2024-09-05T01:06:08.492 INFO:journalctl@ceph.mon.a.smithi129.stdout:Sep 05 01:06:08 smithi129 ceph-mon[30979]: from='mgr.14118 172.21.15.129:0/2727134941' entity='mgr.x'
2024-09-05T01:06:09.520 INFO:teuthology.orchestra.run.smithi129.stdout:/usr/bin/ceph: stderr
2024-09-05T01:06:08.371+0000 7f5bf753e640 1 Processor -- start
2024-09-05T01:06:09.521 INFO:teuthology.orchestra.run.smithi129.stdout:/usr/bin/ceph: stderr
2024-09-05T01:06:08.372+0000 7f5bf753e640 1 -- start start
2024-09-05T01:06:09.521 INFO:teuthology.orchestra.run.smithi129.stdout:/usr/bin/ceph: stderr
2024-09-05T01:06:08.372+0000 7f5bf753e640 1 --2- >> [v2:172.21.15.129:3300/0,v1:172.21.15.129:6789/0] conn(0x7f5bf0108050 0x7f5bf010a440 unknown :-1 s=NONE pgs=0 cs=0 l=0 rev1=0 crypto rx=0 tx=0 comp rx=0 tx=0).connect
2024-09-05T01:06:09.521 INFO:teuthology.orchestra.run.smithi129.stdout:/usr/bin/ceph: stderr
2024-09-05T01:06:08.372+0000 7f5bf753e640 1 -- --> [v2:172.21.15.129:3300/0,v1:172.21.15.129:6789/0] -- mon_getmap magic: 0 -- 0x7f5bf007be10 con 0x7f5bf0108050
2024-09-05T01:06:09.521 INFO:teuthology.orchestra.run.smithi129.stdout:/usr/bin/ceph: stderr
2024-09-05T01:06:08.372+0000 7f5bf52da640 1 --2- >> [v2:172.21.15.129:3300/0,v1:172.21.15.129:6789/0] conn(0x7f5bf0108050 0x7f5bf010a440 unknown :-1 s=BANNER_CONNECTING pgs=0 cs=0 l=0 rev1=0 crypto rx=0 tx=0 comp rx=0 tx=0)._handle_peer_banner_payload supported=3 required=0
2024-09-05T01:06:09.521 INFO:teuthology.orchestra.run.smithi129.stdout:/usr/bin/ceph: stderr
2024-09-05T01:06:08.372+0000 7f5bf52da640 1 --2- >> [v2:172.21.15.129:3300/0,v1:172.21.15.129:6789/0] conn(0x7f5bf0108050 0x7f5bf010a440 unknown :-1 s=HELLO_CONNECTING pgs=0 cs=0 l=0 rev1=1 crypto rx=0 tx=0 comp rx=0 tx=0).handle_hello peer v2:172.21.15.129:3300/0 says I am v2:172.21.15.129:54258/0 (socket says 172.21.15.129:54258)
2024-09-05T01:06:09.521 INFO:teuthology.orchestra.run.smithi129.stdout:/usr/bin/ceph: stderr
2024-09-05T01:06:08.372+0000 7f5bf52da640 1 -- 172.21.15.129:0/1621170694 learned_addr learned my addr 172.21.15.129:0/1621170694 (peer_addr_for_me v2:172.21.15.129:0/0)
2024-09-05T01:06:09.521 INFO:teuthology.orchestra.run.smithi129.stdout:/usr/bin/ceph: stderr
2024-09-05T01:06:08.372+0000 7f5bf52da640 1 -- 172.21.15.129:0/1621170694 --> [v2:172.21.15.129:3300/0,v1:172.21.15.129:6789/0] -- mon_subscribe({config=0+,monmap=0+}) -- 0x7f5bf010a980 con 0x7f5bf0108050
2024-09-05T01:06:09.521 INFO:teuthology.orchestra.run.smithi129.stdout:/usr/bin/ceph: stderr
2024-09-05T01:06:08.373+0000 7f5bf52da640 1 --2- 172.21.15.129:0/1621170694 >> [v2:172.21.15.129:3300/0,v1:172.21.15.129:6789/0] conn(0x7f5bf0108050 0x7f5bf010a440 secure :-1 s=READY pgs=49 cs=0 l=1 rev1=1 crypto rx=0x7f5bec009820 tx=0x7f5bec02a270 comp rx=0 tx=0).ready entity=mon.0 client_cookie=145a562a1c34bcab server_cookie=0 in_seq=0 out_seq=0
2024-09-05T01:06:09.521 INFO:teuthology.orchestra.run.smithi129.stdout:/usr/bin/ceph: stderr
2024-09-05T01:06:08.373+0000 7f5be3fff640 1 -- 172.21.15.129:0/1621170694 <== mon.0 v2:172.21.15.129:3300/0 1 ==== mon_map magic: 0 ==== 205+0+0 (secure 0 0 0) 0x7f5bec037070 con 0x7f5bf0108050
2024-09-05T01:06:09.521 INFO:teuthology.orchestra.run.smithi129.stdout:/usr/bin/ceph: stderr
2024-09-05T01:06:08.373+0000 7f5be3fff640 1 -- 172.21.15.129:0/1621170694 <== mon.0 v2:172.21.15.129:3300/0 2 ==== config(26 keys) ==== 1071+0+0 (secure 0 0 0) 0x7f5bec0328d0 con 0x7f5bf0108050
2024-09-05T01:06:09.521 INFO:teuthology.orchestra.run.smithi129.stdout:/usr/bin/ceph: stderr
2024-09-05T01:06:08.373+0000 7f5be3fff640 1 -- 172.21.15.129:0/1621170694 <== mon.0 v2:172.21.15.129:3300/0 3 ==== mon_map magic: 0 ==== 205+0+0 (secure 0 0 0) 0x7f5bec0307d0 con 0x7f5bf0108050
2024-09-05T01:06:09.522 INFO:teuthology.orchestra.run.smithi129.stdout:/usr/bin/ceph: stderr
2024-09-05T01:06:08.373+0000 7f5bf753e640 1 -- 172.21.15.129:0/1621170694 >> [v2:172.21.15.129:3300/0,v1:172.21.15.129:6789/0] conn(0x7f5bf0108050 msgr2=0x7f5bf010a440 secure :-1 s=STATE_CONNECTION_ESTABLISHED l=1).mark_down
2024-09-05T01:06:09.522 INFO:teuthology.orchestra.run.smithi129.stdout:/usr/bin/ceph: stderr
2024-09-05T01:06:08.373+0000 7f5bf753e640 1 --2- 172.21.15.129:0/1621170694 >> [v2:172.21.15.129:3300/0,v1:172.21.15.129:6789/0] conn(0x7f5bf0108050 0x7f5bf010a440 secure :-1 s=READY pgs=49 cs=0 l=1 rev1=1 crypto rx=0x7f5bec009820 tx=0x7f5bec02a270 comp rx=0 tx=0).stop
2024-09-05T01:06:09.522 INFO:teuthology.orchestra.run.smithi129.stdout:/usr/bin/ceph: stderr
2024-09-05T01:06:08.374+0000 7f5bf753e640 1 -- 172.21.15.129:0/1621170694 shutdown_connections
2024-09-05T01:06:09.522 INFO:teuthology.orchestra.run.smithi129.stdout:/usr/bin/ceph: stderr
2024-09-05T01:06:08.374+0000 7f5bf753e640 1 --2- 172.21.15.129:0/1621170694 >> [v2:172.21.15.129:3300/0,v1:172.21.15.129:6789/0] conn(0x7f5bf0108050 0x7f5bf010a440 unknown :-1 s=CLOSED pgs=49 cs=0 l=1 rev1=1 crypto rx=0 tx=0 comp rx=0 tx=0).stop
2024-09-05T01:06:09.522 INFO:teuthology.orchestra.run.smithi129.stdout:/usr/bin/ceph: stderr
2024-09-05T01:06:08.374+0000 7f5bf753e640 1 -- 172.21.15.129:0/1621170694 >> 172.21.15.129:0/1621170694 conn(0x7f5bf0101c90 msgr2=0x7f5bf01040b0 unknown :-1 s=STATE_NONE l=0).mark_down
2024-09-05T01:06:09.522 INFO:teuthology.orchestra.run.smithi129.stdout:/usr/bin/ceph: stderr
2024-09-05T01:06:08.374+0000 7f5bf753e640 1 -- 172.21.15.129:0/1621170694 shutdown_connections
2024-09-05T01:06:09.522 INFO:teuthology.orchestra.run.smithi129.stdout:/usr/bin/ceph: stderr
2024-09-05T01:06:08.374+0000 7f5bf753e640 1 -- 172.21.15.129:0/1621170694 wait complete.
2024-09-05T01:06:09.522 INFO:teuthology.orchestra.run.smithi129.stdout:/usr/bin/ceph: stderr
2024-09-05T01:06:08.374+0000 7f5bf753e640 1 Processor -- start
2024-09-05T01:06:09.523 INFO:teuthology.orchestra.run.smithi129.stdout:/usr/bin/ceph: stderr
2024-09-05T01:06:08.374+0000 7f5bf753e640 1 -- start start
2024-09-05T01:06:09.523 INFO:teuthology.orchestra.run.smithi129.stdout:/usr/bin/ceph: stderr
2024-09-05T01:06:08.374+0000 7f5bf753e640 1 --2- >> [v2:172.21.15.129:3300/0,v1:172.21.15.129:6789/0] conn(0x7f5bf0108050 0x7f5bf019b410 unknown :-1 s=NONE pgs=0 cs=0 l=1 rev1=0 crypto rx=0 tx=0 comp rx=0 tx=0).connect
2024-09-05T01:06:09.523 INFO:teuthology.orchestra.run.smithi129.stdout:/usr/bin/ceph: stderr
2024-09-05T01:06:08.374+0000 7f5bf753e640 1 -- --> [v2:172.21.15.129:3300/0,v1:172.21.15.129:6789/0] -- mon_getmap magic: 0 -- 0x7f5bf010b960 con 0x7f5bf0108050
2024-09-05T01:06:09.523 INFO:teuthology.orchestra.run.smithi129.stdout:/usr/bin/ceph: stderr
2024-09-05T01:06:08.375+0000 7f5bf52da640 1 --2- >> [v2:172.21.15.129:3300/0,v1:172.21.15.129:6789/0] conn(0x7f5bf0108050 0x7f5bf019b410 unknown :-1 s=BANNER_CONNECTING pgs=0 cs=0 l=1 rev1=0 crypto rx=0 tx=0 comp rx=0 tx=0)._handle_peer_banner_payload supported=3 required=0
2024-09-05T01:06:09.523 INFO:teuthology.orchestra.run.smithi129.stdout:/usr/bin/ceph: stderr
2024-09-05T01:06:08.375+0000 7f5bf52da640 1 --2- >> [v2:172.21.15.129:3300/0,v1:172.21.15.129:6789/0] conn(0x7f5bf0108050 0x7f5bf019b410 unknown :-1 s=HELLO_CONNECTING pgs=0 cs=0 l=1 rev1=1 crypto rx=0 tx=0 comp rx=0 tx=0).handle_hello peer v2:172.21.15.129:3300/0 says I am v2:172.21.15.129:54260/0 (socket says 172.21.15.129:54260)
2024-09-05T01:06:09.523 INFO:teuthology.orchestra.run.smithi129.stdout:/usr/bin/ceph: stderr
2024-09-05T01:06:08.375+0000 7f5bf52da640 1 -- 172.21.15.129:0/694181393 learned_addr learned my addr 172.21.15.129:0/694181393 (peer_addr_for_me v2:172.21.15.129:0/0)
2024-09-05T01:06:09.523 INFO:teuthology.orchestra.run.smithi129.stdout:/usr/bin/ceph: stderr
2024-09-05T01:06:08.375+0000 7f5bf52da640 1 -- 172.21.15.129:0/694181393 --> [v2:172.21.15.129:3300/0,v1:172.21.15.129:6789/0] -- mon_subscribe({config=0+,monmap=0+}) -- 0x7f5bf019b950 con 0x7f5bf0108050
2024-09-05T01:06:09.523 INFO:teuthology.orchestra.run.smithi129.stdout:/usr/bin/ceph: stderr
2024-09-05T01:06:08.375+0000 7f5bf52da640 1 --2- 172.21.15.129:0/694181393 >> [v2:172.21.15.129:3300/0,v1:172.21.15.129:6789/0] conn(0x7f5bf0108050 0x7f5bf019b410 secure :-1 s=READY pgs=50 cs=0 l=1 rev1=1 crypto rx=0x7f5bec032e10 tx=0x7f5bec032e40 comp rx=0 tx=0).ready entity=mon.0 client_cookie=0 server_cookie=0 in_seq=0 out_seq=0
2024-09-05T01:06:09.523 INFO:teuthology.orchestra.run.smithi129.stdout:/usr/bin/ceph: stderr
2024-09-05T01:06:08.375+0000 7f5be27fc640 1 -- 172.21.15.129:0/694181393 <== mon.0 v2:172.21.15.129:3300/0 1 ==== mon_map magic: 0 ==== 205+0+0 (secure 0 0 0) 0x7f5bec042070 con 0x7f5bf0108050
2024-09-05T01:06:09.523 INFO:teuthology.orchestra.run.smithi129.stdout:/usr/bin/ceph: stderr
2024-09-05T01:06:08.375+0000 7f5be27fc640 1 -- 172.21.15.129:0/694181393 <== mon.0 v2:172.21.15.129:3300/0 2 ==== config(26 keys) ==== 1071+0+0 (secure 0 0 0) 0x7f5bec030c80 con 0x7f5bf0108050
2024-09-05T01:06:09.523 INFO:teuthology.orchestra.run.smithi129.stdout:/usr/bin/ceph: stderr
2024-09-05T01:06:08.375+0000 7f5bf753e640 1 -- 172.21.15.129:0/694181393 --> [v2:172.21.15.129:3300/0,v1:172.21.15.129:6789/0] -- mon_subscribe({mgrmap=0+}) -- 0x7f5bf019bbe0 con 0x7f5bf0108050
2024-09-05T01:06:09.523 INFO:teuthology.orchestra.run.smithi129.stdout:/usr/bin/ceph: stderr
2024-09-05T01:06:08.375+0000 7f5be27fc640 1 -- 172.21.15.129:0/694181393 <== mon.0 v2:172.21.15.129:3300/0 3 ==== mon_map magic: 0 ==== 205+0+0 (secure 0 0 0) 0x7f5bec037040 con 0x7f5bf0108050
2024-09-05T01:06:09.523 INFO:teuthology.orchestra.run.smithi129.stdout:/usr/bin/ceph: stderr
2024-09-05T01:06:08.375+0000 7f5bf753e640 1 -- 172.21.15.129:0/694181393 --> [v2:172.21.15.129:3300/0,v1:172.21.15.129:6789/0] -- mon_subscribe({osdmap=0}) -- 0x7f5bf019e8d0 con 0x7f5bf0108050
2024-09-05T01:06:09.524 INFO:teuthology.orchestra.run.smithi129.stdout:/usr/bin/ceph: stderr
2024-09-05T01:06:08.376+0000 7f5be27fc640 1 -- 172.21.15.129:0/694181393 <== mon.0 v2:172.21.15.129:3300/0 4 ==== mgrmap(e 8) ==== 46287+0+0 (secure 0 0 0) 0x7f5bec045070 con 0x7f5bf0108050
2024-09-05T01:06:09.524 INFO:teuthology.orchestra.run.smithi129.stdout:/usr/bin/ceph: stderr
2024-09-05T01:06:08.376+0000 7f5be27fc640 1 --2- 172.21.15.129:0/694181393 >> [v2:172.21.15.129:6800/3942407634,v1:172.21.15.129:6801/3942407634] conn(0x7f5bdc039030 0x7f5bdc03b4f0 unknown :-1 s=NONE pgs=0 cs=0 l=1 rev1=0 crypto rx=0 tx=0 comp rx=0 tx=0).connect
2024-09-05T01:06:09.524 INFO:teuthology.orchestra.run.smithi129.stdout:/usr/bin/ceph: stderr
2024-09-05T01:06:08.376+0000 7f5be27fc640 1 -- 172.21.15.129:0/694181393 <== mon.0 v2:172.21.15.129:3300/0 5 ==== osd_map(2..2 src has 1..2) ==== 940+0+0 (secure 0 0 0) 0x7f5bec06bff0 con 0x7f5bf0108050
2024-09-05T01:06:09.524 INFO:teuthology.orchestra.run.smithi129.stdout:/usr/bin/ceph: stderr
2024-09-05T01:06:08.376+0000 7f5bf4ad9640 1 --2- 172.21.15.129:0/694181393 >> [v2:172.21.15.129:6800/3942407634,v1:172.21.15.129:6801/3942407634] conn(0x7f5bdc039030 0x7f5bdc03b4f0 unknown :-1 s=BANNER_CONNECTING pgs=0 cs=0 l=1 rev1=0 crypto rx=0 tx=0 comp rx=0 tx=0)._handle_peer_banner_payload supported=3 required=0
2024-09-05T01:06:09.524 INFO:teuthology.orchestra.run.smithi129.stdout:/usr/bin/ceph: stderr
2024-09-05T01:06:08.376+0000 7f5bf753e640 1 -- 172.21.15.129:0/694181393 --> [v2:172.21.15.129:3300/0,v1:172.21.15.129:6789/0] -- mon_command({"prefix": "get_command_descriptions"} v 0) -- 0x7f5bf01084b0 con 0x7f5bf0108050
2024-09-05T01:06:09.524 INFO:teuthology.orchestra.run.smithi129.stdout:/usr/bin/ceph: stderr
2024-09-05T01:06:08.377+0000 7f5bf4ad9640 1 --2- 172.21.15.129:0/694181393 >> [v2:172.21.15.129:6800/3942407634,v1:172.21.15.129:6801/3942407634] conn(0x7f5bdc039030 0x7f5bdc03b4f0 secure :-1 s=READY pgs=14 cs=0 l=1 rev1=1 crypto rx=0x7f5be40098c0 tx=0x7f5be4006db0 comp rx=0 tx=0).ready entity=mgr.14118 client_cookie=0 server_cookie=0 in_seq=0 out_seq=0
2024-09-05T01:06:09.524 INFO:teuthology.orchestra.run.smithi129.stdout:/usr/bin/ceph: stderr
2024-09-05T01:06:08.381+0000 7f5be27fc640 1 -- 172.21.15.129:0/694181393 <== mon.0 v2:172.21.15.129:3300/0 6 ==== mon_command_ack([{"prefix": "get_command_descriptions"}]=0 v0) ==== 72+0+188821 (secure 0 0 0) 0x7f5bec045360 con 0x7f5bf0108050
2024-09-05T01:06:09.524 INFO:teuthology.orchestra.run.smithi129.stdout:/usr/bin/ceph: stderr
2024-09-05T01:06:08.549+0000 7f5bf753e640 1 -- 172.21.15.129:0/694181393 --> [v2:172.21.15.129:3300/0,v1:172.21.15.129:6789/0] -- mon_command([{prefix=config set, name=mgr/cephadm/container_init}] v 0) -- 0x7f5bf019eaa0 con 0x7f5bf0108050
2024-09-05T01:06:09.524 INFO:teuthology.orchestra.run.smithi129.stdout:/usr/bin/ceph: stderr
2024-09-05T01:06:08.554+0000 7f5be27fc640 1 -- 172.21.15.129:0/694181393 <== mon.0 v2:172.21.15.129:3300/0 7 ==== mon_command_ack([{prefix=config set, name=mgr/cephadm/container_init}]=0 v6)=0 v6) ==== 142+0+0 (secure 0 0 0) 0x7f5bec06b980 con 0x7f5bf0108050
2024-09-05T01:06:09.524 INFO:teuthology.orchestra.run.smithi129.stdout:/usr/bin/ceph: stderr
