2024-09-05T01:14:45.523+0000 7f4fe4c00640 1 --2- 172.21.15.12:0/2766489084 >> [v2:172.21.15.12:6800/3541208629,v1:172.21.15.12:6801/3541208629] conn(0x7f4fc4038e60 0x7f4fc403b320 unknown :-1 s=CLOSED pgs=6 cs=0 l=1 rev1=1 crypto rx=0 tx=0 comp rx=0 tx=0).stop
2024-09-05T01:14:46.128 INFO:teuthology.orchestra.run.smithi012.stdout:/usr/bin/ceph: stderr
2024-09-05T01:14:45.523+0000 7f4fe4c00640 1 --2- 172.21.15.12:0/2766489084 >> [v2:172.21.15.12:3300/0,v1:172.21.15.12:6789/0] conn(0x7f4fe01076f0 0x7f4fe019d970 unknown :-1 s=CLOSED pgs=17 cs=0 l=1 rev1=1 crypto rx=0 tx=0 comp rx=0 tx=0).stop
2024-09-05T01:14:46.129 INFO:teuthology.orchestra.run.smithi012.stdout:/usr/bin/ceph: stderr
2024-09-05T01:14:45.523+0000 7f4fe4c00640 1 -- 172.21.15.12:0/2766489084 >> 172.21.15.12:0/2766489084 conn(0x7f4fe0102e80 msgr2=0x7f4fe01039e0 unknown :-1 s=STATE_NONE l=0).mark_down
2024-09-05T01:14:46.129 INFO:teuthology.orchestra.run.smithi012.stdout:/usr/bin/ceph: stderr
2024-09-05T01:14:45.524+0000 7f4fe4c00640 1 -- 172.21.15.12:0/2766489084 shutdown_connections
2024-09-05T01:14:46.129 INFO:teuthology.orchestra.run.smithi012.stdout:/usr/bin/ceph: stderr
2024-09-05T01:14:45.524+0000 7f4fe4c00640 1 -- 172.21.15.12:0/2766489084 wait complete.
2024-09-05T01:14:46.129 INFO:teuthology.orchestra.run.smithi012.stdout:mgr is available
2024-09-05T01:14:46.768 INFO:journalctl@ceph.mon.a.smithi012.stdout:Sep 05 01:14:46 smithi012 ceph-mon[29942]: mgrmap e4: x(active, since 2s)
2024-09-05T01:14:46.768 INFO:journalctl@ceph.mon.a.smithi012.stdout:Sep 05 01:14:46 smithi012 ceph-mon[29942]: from='client.? 172.21.15.12:0/2766489084' entity='client.admin' cmd=[{"prefix": "status", "format": "json-pretty"}]: dispatch
2024-09-05T01:14:47.322 INFO:teuthology.orchestra.run.smithi012.stdout:/usr/bin/ceph: stdout
2024-09-05T01:14:47.323 INFO:teuthology.orchestra.run.smithi012.stdout:/usr/bin/ceph: stdout [global]
2024-09-05T01:14:47.323 INFO:teuthology.orchestra.run.smithi012.stdout:/usr/bin/ceph: stdout fsid = 0d44cd7e-6b24-11ef-bcd6-c7b262605968
2024-09-05T01:14:47.323 INFO:teuthology.orchestra.run.smithi012.stdout:/usr/bin/ceph: stdout mon_host = [v2:172.21.15.12:3300,v1:172.21.15.12:6789]
2024-09-05T01:14:47.323 INFO:teuthology.orchestra.run.smithi012.stdout:/usr/bin/ceph: stdout mon_osd_allow_pg_remap = true
2024-09-05T01:14:47.323 INFO:teuthology.orchestra.run.smithi012.stdout:/usr/bin/ceph: stdout mon_osd_allow_primary_affinity = true
2024-09-05T01:14:47.323 INFO:teuthology.orchestra.run.smithi012.stdout:/usr/bin/ceph: stdout mon_warn_on_no_sortbitwise = false
2024-09-05T01:14:47.323 INFO:teuthology.orchestra.run.smithi012.stdout:/usr/bin/ceph: stdout osd_crush_chooseleaf_type = 0
2024-09-05T01:14:47.323 INFO:teuthology.orchestra.run.smithi012.stdout:/usr/bin/ceph: stdout
2024-09-05T01:14:47.323 INFO:teuthology.orchestra.run.smithi012.stdout:/usr/bin/ceph: stdout [mgr]
2024-09-05T01:14:47.323 INFO:teuthology.orchestra.run.smithi012.stdout:/usr/bin/ceph: stdout mgr/telemetry/nag = false
2024-09-05T01:14:47.323 INFO:teuthology.orchestra.run.smithi012.stdout:/usr/bin/ceph: stdout
2024-09-05T01:14:47.324 INFO:teuthology.orchestra.run.smithi012.stdout:/usr/bin/ceph: stdout [osd]
2024-09-05T01:14:47.324 INFO:teuthology.orchestra.run.smithi012.stdout:/usr/bin/ceph: stdout mon_osd_backfillfull_ratio = 0.85
2024-09-05T01:14:47.324 INFO:teuthology.orchestra.run.smithi012.stdout:/usr/bin/ceph: stdout mon_osd_full_ratio = 0.9
2024-09-05T01:14:47.324 INFO:teuthology.orchestra.run.smithi012.stdout:/usr/bin/ceph: stdout mon_osd_nearfull_ratio = 0.8
2024-09-05T01:14:47.324 INFO:teuthology.orchestra.run.smithi012.stdout:/usr/bin/ceph: stdout osd_map_max_advance = 10
2024-09-05T01:14:47.324 INFO:teuthology.orchestra.run.smithi012.stdout:/usr/bin/ceph: stdout osd_sloppy_crc = true
2024-09-05T01:14:47.324 INFO:teuthology.orchestra.run.smithi012.stdout:/usr/bin/ceph: stderr
2024-09-05T01:14:46.569+0000 7fbb84200640 1 Processor -- start
2024-09-05T01:14:47.324 INFO:teuthology.orchestra.run.smithi012.stdout:/usr/bin/ceph: stderr
2024-09-05T01:14:46.569+0000 7fbb84200640 1 -- start start
2024-09-05T01:14:47.324 INFO:teuthology.orchestra.run.smithi012.stdout:/usr/bin/ceph: stderr
2024-09-05T01:14:46.570+0000 7fbb84200640 1 --2- >> [v2:172.21.15.12:3300/0,v1:172.21.15.12:6789/0] conn(0x7fbb7c106610 0x7fbb7c106a10 unknown :-1 s=NONE pgs=0 cs=0 l=0 rev1=0 crypto rx=0 tx=0 comp rx=0 tx=0).connect
2024-09-05T01:14:47.324 INFO:teuthology.orchestra.run.smithi012.stdout:/usr/bin/ceph: stderr
2024-09-05T01:14:46.570+0000 7fbb84200640 1 -- --> [v2:172.21.15.12:3300/0,v1:172.21.15.12:6789/0] -- mon_getmap magic: 0 -- 0x7fbb7c106fe0 con 0x7fbb7c106610
2024-09-05T01:14:47.324 INFO:teuthology.orchestra.run.smithi012.stdout:/usr/bin/ceph: stderr
2024-09-05T01:14:46.570+0000 7fbb81800640 1 --2- >> [v2:172.21.15.12:3300/0,v1:172.21.15.12:6789/0] conn(0x7fbb7c106610 0x7fbb7c106a10 unknown :-1 s=BANNER_CONNECTING pgs=0 cs=0 l=0 rev1=0 crypto rx=0 tx=0 comp rx=0 tx=0)._handle_peer_banner_payload supported=3 required=0
2024-09-05T01:14:47.325 INFO:teuthology.orchestra.run.smithi012.stdout:/usr/bin/ceph: stderr
2024-09-05T01:14:46.570+0000 7fbb81800640 1 --2- >> [v2:172.21.15.12:3300/0,v1:172.21.15.12:6789/0] conn(0x7fbb7c106610 0x7fbb7c106a10 unknown :-1 s=HELLO_CONNECTING pgs=0 cs=0 l=0 rev1=1 crypto rx=0 tx=0 comp rx=0 tx=0).handle_hello peer v2:172.21.15.12:3300/0 says I am v2:172.21.15.12:49840/0 (socket says 172.21.15.12:49840)
2024-09-05T01:14:47.325 INFO:teuthology.orchestra.run.smithi012.stdout:/usr/bin/ceph: stderr
2024-09-05T01:14:46.570+0000 7fbb81800640 1 -- 172.21.15.12:0/303606351 learned_addr learned my addr 172.21.15.12:0/303606351 (peer_addr_for_me v2:172.21.15.12:0/0)
2024-09-05T01:14:47.325 INFO:teuthology.orchestra.run.smithi012.stdout:/usr/bin/ceph: stderr
2024-09-05T01:14:46.571+0000 7fbb81800640 1 -- 172.21.15.12:0/303606351 --> [v2:172.21.15.12:3300/0,v1:172.21.15.12:6789/0] -- mon_subscribe({config=0+,monmap=0+}) -- 0x7fbb7c107810 con 0x7fbb7c106610
2024-09-05T01:14:47.325 INFO:teuthology.orchestra.run.smithi012.stdout:/usr/bin/ceph: stderr
2024-09-05T01:14:46.572+0000 7fbb81800640 1 --2- 172.21.15.12:0/303606351 >> [v2:172.21.15.12:3300/0,v1:172.21.15.12:6789/0] conn(0x7fbb7c106610 0x7fbb7c106a10 secure :-1 s=READY pgs=18 cs=0 l=1 rev1=1 crypto rx=0x7fbb70009820 tx=0x7fbb7002a270 comp rx=0 tx=0).ready entity=mon.0 client_cookie=572cf024b1e1b9b7 server_cookie=0 in_seq=0 out_seq=0
2024-09-05T01:14:47.325 INFO:teuthology.orchestra.run.smithi012.stdout:/usr/bin/ceph: stderr
2024-09-05T01:14:46.572+0000 7fbb7be00640 1 -- 172.21.15.12:0/303606351 <== mon.0 v2:172.21.15.12:3300/0 1 ==== mon_map magic: 0 ==== 205+0+0 (secure 0 0 0) 0x7fbb70037070 con 0x7fbb7c106610
2024-09-05T01:14:47.325 INFO:teuthology.orchestra.run.smithi012.stdout:/usr/bin/ceph: stderr
2024-09-05T01:14:46.572+0000 7fbb7be00640 1 -- 172.21.15.12:0/303606351 <== mon.0 v2:172.21.15.12:3300/0 2 ==== config(27 keys) ==== 1109+0+0 (secure 0 0 0) 0x7fbb70032900 con 0x7fbb7c106610
2024-09-05T01:14:47.325 INFO:teuthology.orchestra.run.smithi012.stdout:/usr/bin/ceph: stderr
2024-09-05T01:14:46.572+0000 7fbb7be00640 1 -- 172.21.15.12:0/303606351 <== mon.0 v2:172.21.15.12:3300/0 3 ==== mon_map magic: 0 ==== 205+0+0 (secure 0 0 0) 0x7fbb70030850 con 0x7fbb7c106610
2024-09-05T01:14:47.325 INFO:teuthology.orchestra.run.smithi012.stdout:/usr/bin/ceph: stderr
2024-09-05T01:14:46.572+0000 7fbb84200640 1 -- 172.21.15.12:0/303606351 >> [v2:172.21.15.12:3300/0,v1:172.21.15.12:6789/0] conn(0x7fbb7c106610 msgr2=0x7fbb7c106a10 secure :-1 s=STATE_CONNECTION_ESTABLISHED l=1).mark_down
2024-09-05T01:14:47.325 INFO:teuthology.orchestra.run.smithi012.stdout:/usr/bin/ceph: stderr
2024-09-05T01:14:46.572+0000 7fbb84200640 1 --2- 172.21.15.12:0/303606351 >> [v2:172.21.15.12:3300/0,v1:172.21.15.12:6789/0] conn(0x7fbb7c106610 0x7fbb7c106a10 secure :-1 s=READY pgs=18 cs=0 l=1 rev1=1 crypto rx=0x7fbb70009820 tx=0x7fbb7002a270 comp rx=0 tx=0).stop
2024-09-05T01:14:47.325 INFO:teuthology.orchestra.run.smithi012.stdout:/usr/bin/ceph: stderr
2024-09-05T01:14:46.573+0000 7fbb84200640 1 -- 172.21.15.12:0/303606351 shutdown_connections
2024-09-05T01:14:47.325 INFO:teuthology.orchestra.run.smithi012.stdout:/usr/bin/ceph: stderr
2024-09-05T01:14:46.573+0000 7fbb84200640 1 --2- 172.21.15.12:0/303606351 >> [v2:172.21.15.12:3300/0,v1:172.21.15.12:6789/0] conn(0x7fbb7c106610 0x7fbb7c106a10 unknown :-1 s=CLOSED pgs=18 cs=0 l=1 rev1=1 crypto rx=0 tx=0 comp rx=0 tx=0).stop
2024-09-05T01:14:47.325 INFO:teuthology.orchestra.run.smithi012.stdout:/usr/bin/ceph: stderr
2024-09-05T01:14:46.573+0000 7fbb84200640 1 -- 172.21.15.12:0/303606351 >> 172.21.15.12:0/303606351 conn(0x7fbb7c101da0 msgr2=0x7fbb7c1041e0 unknown :-1 s=STATE_NONE l=0).mark_down
2024-09-05T01:14:47.326 INFO:teuthology.orchestra.run.smithi012.stdout:/usr/bin/ceph: stderr
2024-09-05T01:14:46.573+0000 7fbb84200640 1 -- 172.21.15.12:0/303606351 shutdown_connections
2024-09-05T01:14:47.326 INFO:teuthology.orchestra.run.smithi012.stdout:/usr/bin/ceph: stderr
2024-09-05T01:14:46.573+0000 7fbb84200640 1 -- 172.21.15.12:0/303606351 wait complete.
2024-09-05T01:14:47.326 INFO:teuthology.orchestra.run.smithi012.stdout:/usr/bin/ceph: stderr
2024-09-05T01:14:46.574+0000 7fbb84200640 1 Processor -- start
2024-09-05T01:14:47.326 INFO:teuthology.orchestra.run.smithi012.stdout:/usr/bin/ceph: stderr
2024-09-05T01:14:46.574+0000 7fbb84200640 1 -- start start
2024-09-05T01:14:47.326 INFO:teuthology.orchestra.run.smithi012.stdout:/usr/bin/ceph: stderr
2024-09-05T01:14:46.574+0000 7fbb84200640 1 --2- >> [v2:172.21.15.12:3300/0,v1:172.21.15.12:6789/0] conn(0x7fbb7c106610 0x7fbb7c1a1d50 unknown :-1 s=NONE pgs=0 cs=0 l=1 rev1=0 crypto rx=0 tx=0 comp rx=0 tx=0).connect
2024-09-05T01:14:47.326 INFO:teuthology.orchestra.run.smithi012.stdout:/usr/bin/ceph: stderr
2024-09-05T01:14:46.574+0000 7fbb84200640 1 -- --> [v2:172.21.15.12:3300/0,v1:172.21.15.12:6789/0] -- mon_getmap magic: 0 -- 0x7fbb7c10abc0 con 0x7fbb7c106610
2024-09-05T01:14:47.326 INFO:teuthology.orchestra.run.smithi012.stdout:/usr/bin/ceph: stderr
2024-09-05T01:14:46.574+0000 7fbb81800640 1 --2- >> [v2:172.21.15.12:3300/0,v1:172.21.15.12:6789/0] conn(0x7fbb7c106610 0x7fbb7c1a1d50 unknown :-1 s=BANNER_CONNECTING pgs=0 cs=0 l=1 rev1=0 crypto rx=0 tx=0 comp rx=0 tx=0)._handle_peer_banner_payload supported=3 required=0
2024-09-05T01:14:47.326 INFO:teuthology.orchestra.run.smithi012.stdout:/usr/bin/ceph: stderr
2024-09-05T01:14:46.574+0000 7fbb81800640 1 --2- >> [v2:172.21.15.12:3300/0,v1:172.21.15.12:6789/0] conn(0x7fbb7c106610 0x7fbb7c1a1d50 unknown :-1 s=HELLO_CONNECTING pgs=0 cs=0 l=1 rev1=1 crypto rx=0 tx=0 comp rx=0 tx=0).handle_hello peer v2:172.21.15.12:3300/0 says I am v2:172.21.15.12:49842/0 (socket says 172.21.15.12:49842)
2024-09-05T01:14:47.326 INFO:teuthology.orchestra.run.smithi012.stdout:/usr/bin/ceph: stderr
2024-09-05T01:14:46.574+0000 7fbb81800640 1 -- 172.21.15.12:0/911216102 learned_addr learned my addr 172.21.15.12:0/911216102 (peer_addr_for_me v2:172.21.15.12:0/0)
2024-09-05T01:14:47.327 INFO:teuthology.orchestra.run.smithi012.stdout:/usr/bin/ceph: stderr
2024-09-05T01:14:46.575+0000 7fbb81800640 1 -- 172.21.15.12:0/911216102 --> [v2:172.21.15.12:3300/0,v1:172.21.15.12:6789/0] -- mon_subscribe({config=0+,monmap=0+}) -- 0x7fbb7c1a2290 con 0x7fbb7c106610
2024-09-05T01:14:47.327 INFO:teuthology.orchestra.run.smithi012.stdout:/usr/bin/ceph: stderr
2024-09-05T01:14:46.575+0000 7fbb81800640 1 --2- 172.21.15.12:0/911216102 >> [v2:172.21.15.12:3300/0,v1:172.21.15.12:6789/0] conn(0x7fbb7c106610 0x7fbb7c1a1d50 secure :-1 s=READY pgs=19 cs=0 l=1 rev1=1 crypto rx=0x7fbb700097f0 tx=0x7fbb70030d80 comp rx=0 tx=0).ready entity=mon.0 client_cookie=0 server_cookie=0 in_seq=0 out_seq=0
2024-09-05T01:14:47.327 INFO:teuthology.orchestra.run.smithi012.stdout:/usr/bin/ceph: stderr
2024-09-05T01:14:46.575+0000 7fbb7a000640 1 -- 172.21.15.12:0/911216102 <== mon.0 v2:172.21.15.12:3300/0 1 ==== mon_map magic: 0 ==== 205+0+0 (secure 0 0 0) 0x7fbb70037040 con 0x7fbb7c106610
2024-09-05T01:14:47.327 INFO:teuthology.orchestra.run.smithi012.stdout:/usr/bin/ceph: stderr
2024-09-05T01:14:46.575+0000 7fbb7a000640 1 -- 172.21.15.12:0/911216102 <== mon.0 v2:172.21.15.12:3300/0 2 ==== config(27 keys) ==== 1109+0+0 (secure 0 0 0) 0x7fbb70040070 con 0x7fbb7c106610
2024-09-05T01:14:47.327 INFO:teuthology.orchestra.run.smithi012.stdout:/usr/bin/ceph: stderr
2024-09-05T01:14:46.575+0000 7fbb7a000640 1 -- 172.21.15.12:0/911216102 <== mon.0 v2:172.21.15.12:3300/0 3 ==== mon_map magic: 0 ==== 205+0+0 (secure 0 0 0) 0x7fbb7003a390 con 0x7fbb7c106610
2024-09-05T01:14:47.327 INFO:teuthology.orchestra.run.smithi012.stdout:/usr/bin/ceph: stderr
2024-09-05T01:14:46.575+0000 7fbb84200640 1 -- 172.21.15.12:0/911216102 --> [v2:172.21.15.12:3300/0,v1:172.21.15.12:6789/0] -- mon_subscribe({mgrmap=0+}) -- 0x7fbb7c1a2520 con 0x7fbb7c106610
2024-09-05T01:14:47.327 INFO:teuthology.orchestra.run.smithi012.stdout:/usr/bin/ceph: stderr
2024-09-05T01:14:46.575+0000 7fbb84200640 1 -- 172.21.15.12:0/911216102 --> [v2:172.21.15.12:3300/0,v1:172.21.15.12:6789/0] -- mon_subscribe({osdmap=0}) -- 0x7fbb7c1a5210 con 0x7fbb7c106610
2024-09-05T01:14:47.327 INFO:teuthology.orchestra.run.smithi012.stdout:/usr/bin/ceph: stderr
2024-09-05T01:14:46.576+0000 7fbb7a000640 1 -- 172.21.15.12:0/911216102 <== mon.0 v2:172.21.15.12:3300/0 4 ==== mgrmap(e 4) ==== 46276+0+0 (secure 0 0 0) 0x7fbb7003b430 con 0x7fbb7c106610
2024-09-05T01:14:47.327 INFO:teuthology.orchestra.run.smithi012.stdout:/usr/bin/ceph: stderr
2024-09-05T01:14:46.576+0000 7fbb84200640 1 -- 172.21.15.12:0/911216102 --> [v2:172.21.15.12:3300/0,v1:172.21.15.12:6789/0] -- mon_command({"prefix": "get_command_descriptions"} v 0) -- 0x7fbb7c106a90 con 0x7fbb7c106610
2024-09-05T01:14:47.327 INFO:teuthology.orchestra.run.smithi012.stdout:/usr/bin/ceph: stderr
2024-09-05T01:14:46.577+0000 7fbb7a000640 1 --2- 172.21.15.12:0/911216102 >> [v2:172.21.15.12:6800/3541208629,v1:172.21.15.12:6801/3541208629] conn(0x7fbb64038f70 0x7fbb6403b430 unknown :-1 s=NONE pgs=0 cs=0 l=1 rev1=0 crypto rx=0 tx=0 comp rx=0 tx=0).connect
2024-09-05T01:14:47.328 INFO:teuthology.orchestra.run.smithi012.stdout:/usr/bin/ceph: stderr
2024-09-05T01:14:46.577+0000 7fbb7a000640 1 -- 172.21.15.12:0/911216102 <== mon.0 v2:172.21.15.12:3300/0 5 ==== osd_map(1..1 src has 1..1) ==== 725+0+0 (secure 0 0 0) 0x7fbb7006c0d0 con 0x7fbb7c106610
2024-09-05T01:14:47.328 INFO:teuthology.orchestra.run.smithi012.stdout:/usr/bin/ceph: stderr
2024-09-05T01:14:46.577+0000 7fbb80e00640 1 --2- 172.21.15.12:0/911216102 >> [v2:172.21.15.12:6800/3541208629,v1:172.21.15.12:6801/3541208629] conn(0x7fbb64038f70 0x7fbb6403b430 unknown :-1 s=BANNER_CONNECTING pgs=0 cs=0 l=1 rev1=0 crypto rx=0 tx=0 comp rx=0 tx=0)._handle_peer_banner_payload supported=3 required=0
2024-09-05T01:14:47.328 INFO:teuthology.orchestra.run.smithi012.stdout:/usr/bin/ceph: stderr
2024-09-05T01:14:46.578+0000 7fbb80e00640 1 --2- 172.21.15.12:0/911216102 >> [v2:172.21.15.12:6800/3541208629,v1:172.21.15.12:6801/3541208629] conn(0x7fbb64038f70 0x7fbb6403b430 secure :-1 s=READY pgs=7 cs=0 l=1 rev1=1 crypto rx=0x7fbb680098c0 tx=0x7fbb68006db0 comp rx=0 tx=0).ready entity=mgr.14100 client_cookie=0 server_cookie=0 in_seq=0 out_seq=0
2024-09-05T01:14:47.328 INFO:teuthology.orchestra.run.smithi012.stdout:/usr/bin/ceph: stderr
2024-09-05T01:14:46.582+0000 7fbb7a000640 1 -- 172.21.15.12:0/911216102 <== mon.0 v2:172.21.15.12:3300/0 6 ==== mon_command_ack([{"prefix": "get_command_descriptions"}]=0 v0) ==== 72+0+188821 (secure 0 0 0) 0x7fbb700371e0 con 0x7fbb7c106610
2024-09-05T01:14:47.328 INFO:teuthology.orchestra.run.smithi012.stdout:/usr/bin/ceph: stderr
2024-09-05T01:14:46.766+0000 7fbb84200640 1 -- 172.21.15.12:0/911216102 --> [v2:172.21.15.12:3300/0,v1:172.21.15.12:6789/0] -- mon_command({"prefix": "config assimilate-conf"} v 0) -- 0x7fbb7c1a29a0 con 0x7fbb7c106610
2024-09-05T01:14:47.328 INFO:teuthology.orchestra.run.smithi012.stdout:/usr/bin/ceph: stderr
2024-09-05T01:14:46.768+0000 7fbb7a000640 1 -- 172.21.15.12:0/911216102 <== mon.0 v2:172.21.15.12:3300/0 7 ==== mon_command_ack([{"prefix": "config assimilate-conf"}]=0 v3) ==== 70+0+429 (secure 0 0 0) 0x7fbb70032dd0 con 0x7fbb7c106610
2024-09-05T01:14:47.328 INFO:teuthology.orchestra.run.smithi012.stdout:/usr/bin/ceph: stderr
2024-09-05T01:14:46.771+0000 7fbb84200640 1 -- 172.21.15.12:0/911216102 >> [v2:172.21.15.12:6800/3541208629,v1:172.21.15.12:6801/3541208629] conn(0x7fbb64038f70 msgr2=0x7fbb6403b430 secure :-1 s=STATE_CONNECTION_ESTABLISHED l=1).mark_down
2024-09-05T01:14:47.328 INFO:teuthology.orchestra.run.smithi012.stdout:/usr/bin/ceph: stderr
2024-09-05T01:14:46.771+0000 7fbb84200640 1 --2- 172.21.15.12:0/911216102 >> [v2:172.21.15.12:6800/3541208629,v1:172.21.15.12:6801/3541208629] conn(0x7fbb64038f70 0x7fbb6403b430 secure :-1 s=READY pgs=7 cs=0 l=1 rev1=1 crypto rx=0x7fbb680098c0 tx=0x7fbb68006db0 comp rx=0 tx=0).stop
2024-09-05T01:14:47.328 INFO:teuthology.orchestra.run.smithi012.stdout:/usr/bin/ceph: stderr
2024-09-05T01:14:46.771+0000 7fbb84200640 1 -- 172.21.15.12:0/911216102 >> [v2:172.21.15.12:3300/0,v1:172.21.15.12:6789/0] conn(0x7fbb7c106610 msgr2=0x7fbb7c1a1d50 secure :-1 s=STATE_CONNECTION_ESTABLISHED l=1).mark_down
2024-09-05T01:14:47.329 INFO:teuthology.orchestra.run.smithi012.stdout:/usr/bin/ceph: stderr
2024-09-05T01:14:46.771+0000 7fbb84200640 1 --2- 172.21.15.12:0/911216102 >> [v2:172.21.15.12:3300/0,v1:172.21.15.12:6789/0] conn(0x7fbb7c106610 0x7fbb7c1a1d50 secure :-1 s=READY pgs=19 cs=0 l=1 rev1=1 crypto rx=0x7fbb700097f0 tx=0x7fbb70030d80 comp rx=0 tx=0).stop
2024-09-05T01:14:47.329 INFO:teuthology.orchestra.run.smithi012.stdout:/usr/bin/ceph: stderr
2024-09-05T01:14:46.771+0000 7fbb84200640 1 -- 172.21.15.12:0/911216102 shutdown_connections
2024-09-05T01:14:47.329 INFO:teuthology.orchestra.run.smithi012.stdout:/usr/bin/ceph: stderr
2024-09-05T01:14:46.771+0000 7fbb84200640 1 --2- 172.21.15.12:0/911216102 >> [v2:172.21.15.12:6800/3541208629,v1:172.21.15.12:6801/3541208629] conn(0x7fbb64038f70 0x7fbb6403b430 unknown :-1 s=CLOSED pgs=7 cs=0 l=1 rev1=1 crypto rx=0 tx=0 comp rx=0 tx=0).stop
2024-09-05T01:14:47.329 INFO:teuthology.orchestra.run.smithi012.stdout:/usr/bin/ceph: stderr
2024-09-05T01:14:46.771+0000 7fbb84200640 1 --2- 172.21.15.12:0/911216102 >> [v2:172.21.15.12:3300/0,v1:172.21.15.12:6789/0] conn(0x7fbb7c106610 0x7fbb7c1a1d50 unknown :-1 s=CLOSED pgs=19 cs=0 l=1 rev1=1 crypto rx=0 tx=0 comp rx=0 tx=0).stop
2024-09-05T01:14:47.329 INFO:teuthology.orchestra.run.smithi012.stdout:/usr/bin/ceph: stderr
2024-09-05T01:14:46.771+0000 7fbb84200640 1 -- 172.21.15.12:0/911216102 >> 172.21.15.12:0/911216102 conn(0x7fbb7c101da0 msgr2=0x7fbb7c102d10 unknown :-1 s=STATE_NONE l=0).mark_down
2024-09-05T01:14:47.329 INFO:teuthology.orchestra.run.smithi012.stdout:/usr/bin/ceph: stderr
2024-09-05T01:14:46.771+0000 7fbb84200640 1 -- 172.21.15.12:0/911216102 shutdown_connections
2024-09-05T01:14:47.329 INFO:teuthology.orchestra.run.smithi012.stdout:/usr/bin/ceph: stderr
2024-09-05T01:14:46.771+0000 7fbb84200640 1 -- 172.21.15.12:0/911216102 wait complete.
2024-09-05T01:14:47.329 INFO:teuthology.orchestra.run.smithi012.stdout:Enabling cephadm module...
2024-09-05T01:14:47.812 INFO:journalctl@ceph.mon.a.smithi012.stdout:Sep 05 01:14:47 smithi012 ceph-mon[29942]: from='client.? 172.21.15.12:0/911216102' entity='client.admin' cmd=[{"prefix": "config assimilate-conf"}]: dispatch
2024-09-05T01:14:48.491 INFO:journalctl@ceph.mon.a.smithi012.stdout:Sep 05 01:14:48 smithi012 ceph-mon[29942]: from='client.? 172.21.15.12:0/3429548969' entity='client.admin' cmd=[{"prefix": "mgr module enable", "module": "cephadm"}]: dispatch
2024-09-05T01:14:48.778 INFO:journalctl@ceph.mgr.x.smithi012.stdout:Sep 05 01:14:48 smithi012 ceph-0d44cd7e-6b24-11ef-bcd6-c7b262605968-mgr-x[30170]: ignoring --setuser ceph since I am not root
2024-09-05T01:14:48.778 INFO:journalctl@ceph.mgr.x.smithi012.stdout:Sep 05 01:14:48 smithi012 ceph-0d44cd7e-6b24-11ef-bcd6-c7b262605968-mgr-x[30170]: ignoring --setgroup ceph since I am not root
2024-09-05T01:14:48.778 INFO:journalctl@ceph.mgr.x.smithi012.stdout:Sep 05 01:14:48 smithi012 ceph-0d44cd7e-6b24-11ef-bcd6-c7b262605968-mgr-x[30170]:
2024-09-05T01:14:48.701+0000 7f8974231040 -1 mgr[py] Module osd_perf_query has missing NOTIFY_TYPES member
2024-09-05T01:14:48.778 INFO:journalctl@ceph.mgr.x.smithi012.stdout:Sep 05 01:14:48 smithi012 ceph-0d44cd7e-6b24-11ef-bcd6-c7b262605968-mgr-x[30170]:
2024-09-05T01:14:48.777+0000 7f8974231040 -1 mgr[py] Module osd_support has missing NOTIFY_TYPES member
2024-09-05T01:14:49.057 INFO:journalctl@ceph.mgr.x.smithi012.stdout:Sep 05 01:14:48 smithi012 ceph-0d44cd7e-6b24-11ef-bcd6-c7b262605968-mgr-x[30170]:
2024-09-05T01:14:48.971+0000 7f8974231040 -1 mgr[py] Module diskprediction_local has missing NOTIFY_TYPES member
2024-09-05T01:14:49.057 INFO:journalctl@ceph.mgr.x.smithi012.stdout:Sep 05 01:14:49 smithi012 ceph-0d44cd7e-6b24-11ef-bcd6-c7b262605968-mgr-x[30170]:
2024-09-05T01:14:49.055+0000 7f8974231040 -1 mgr[py] Module crash has missing NOTIFY_TYPES member
2024-09-05T01:14:49.311 INFO:journalctl@ceph.mgr.x.smithi012.stdout:Sep 05 01:14:49 smithi012 ceph-0d44cd7e-6b24-11ef-bcd6-c7b262605968-mgr-x[30170]:
2024-09-05T01:14:49.234+0000 7f8974231040 -1 mgr[py] Module test_orchestrator has missing NOTIFY_TYPES member
2024-09-05T01:14:49.340 INFO:teuthology.orchestra.run.smithi012.stdout:/usr/bin/ceph: stderr
2024-09-05T01:14:47.986+0000 7fcc32600640 1 Processor -- start
2024-09-05T01:14:49.340 INFO:teuthology.orchestra.run.smithi012.stdout:/usr/bin/ceph: stderr
2024-09-05T01:14:47.986+0000 7fcc32600640 1 -- start start
2024-09-05T01:14:49.340 INFO:teuthology.orchestra.run.smithi012.stdout:/usr/bin/ceph: stderr
2024-09-05T01:14:47.986+0000 7fcc32600640 1 --2- >> [v2:172.21.15.12:3300/0,v1:172.21.15.12:6789/0] conn(0x7fcc2c1098f0 0x7fcc2c109cf0 unknown :-1 s=NONE pgs=0 cs=0 l=0 rev1=0 crypto rx=0 tx=0 comp rx=0 tx=0).connect
2024-09-05T01:14:49.340 INFO:teuthology.orchestra.run.smithi012.stdout:/usr/bin/ceph: stderr
2024-09-05T01:14:47.986+0000 7fcc32600640 1 -- --> [v2:172.21.15.12:3300/0,v1:172.21.15.12:6789/0] -- mon_getmap magic: 0 -- 0x7fcc2c10a2c0 con 0x7fcc2c1098f0
2024-09-05T01:14:49.341 INFO:teuthology.orchestra.run.smithi012.stdout:/usr/bin/ceph: stderr
2024-09-05T01:14:47.987+0000 7fcc2b400640 1 --2- >> [v2:172.21.15.12:3300/0,v1:172.21.15.12:6789/0] conn(0x7fcc2c1098f0 0x7fcc2c109cf0 unknown :-1 s=BANNER_CONNECTING pgs=0 cs=0 l=0 rev1=0 crypto rx=0 tx=0 comp rx=0 tx=0)._handle_peer_banner_payload supported=3 required=0
2024-09-05T01:14:49.341 INFO:teuthology.orchestra.run.smithi012.stdout:/usr/bin/ceph: stderr
2024-09-05T01:14:47.987+0000 7fcc2b400640 1 --2- >> [v2:172.21.15.12:3300/0,v1:172.21.15.12:6789/0] conn(0x7fcc2c1098f0 0x7fcc2c109cf0 unknown :-1 s=HELLO_CONNECTING pgs=0 cs=0 l=0 rev1=1 crypto rx=0 tx=0 comp rx=0 tx=0).handle_hello peer v2:172.21.15.12:3300/0 says I am v2:172.21.15.12:32950/0 (socket says 172.21.15.12:32950)
2024-09-05T01:14:49.341 INFO:teuthology.orchestra.run.smithi012.stdout:/usr/bin/ceph: stderr
2024-09-05T01:14:47.987+0000 7fcc2b400640 1 -- 172.21.15.12:0/3396931028 learned_addr learned my addr 172.21.15.12:0/3396931028 (peer_addr_for_me v2:172.21.15.12:0/0)
2024-09-05T01:14:49.341 INFO:teuthology.orchestra.run.smithi012.stdout:/usr/bin/ceph: stderr
2024-09-05T01:14:47.987+0000 7fcc2b400640 1 -- 172.21.15.12:0/3396931028 --> [v2:172.21.15.12:3300/0,v1:172.21.15.12:6789/0] -- mon_subscribe({config=0+,monmap=0+}) -- 0x7fcc2c10ab10 con 0x7fcc2c1098f0
2024-09-05T01:14:49.341 INFO:teuthology.orchestra.run.smithi012.stdout:/usr/bin/ceph: stderr
2024-09-05T01:14:47.988+0000 7fcc2b400640 1 --2- 172.21.15.12:0/3396931028 >> [v2:172.21.15.12:3300/0,v1:172.21.15.12:6789/0] conn(0x7fcc2c1098f0 0x7fcc2c109cf0 secure :-1 s=READY pgs=20 cs=0 l=1 rev1=1 crypto rx=0x7fcc1c009820 tx=0x7fcc1c02a270 comp rx=0 tx=0).ready entity=mon.0 client_cookie=c9ed8ec7eebefd6e server_cookie=0 in_seq=0 out_seq=0
2024-09-05T01:14:49.341 INFO:teuthology.orchestra.run.smithi012.stdout:/usr/bin/ceph: stderr
2024-09-05T01:14:47.988+0000 7fcc2a000640 1 -- 172.21.15.12:0/3396931028 <== mon.0 v2:172.21.15.12:3300/0 1 ==== mon_map magic: 0 ==== 205+0+0 (secure 0 0 0) 0x7fcc1c037070 con 0x7fcc2c1098f0
2024-09-05T01:14:49.341 INFO:teuthology.orchestra.run.smithi012.stdout:/usr/bin/ceph: stderr
2024-09-05T01:14:47.988+0000 7fcc2a000640 1 -- 172.21.15.12:0/3396931028 <== mon.0 v2:172.21.15.12:3300/0 2 ==== config(27 keys) ==== 1109+0+0 (secure 0 0 0) 0x7fcc1c032900 con 0x7fcc2c1098f0
2024-09-05T01:14:49.341 INFO:teuthology.orchestra.run.smithi012.stdout:/usr/bin/ceph: stderr
2024-09-05T01:14:47.988+0000 7fcc2a000640 1 -- 172.21.15.12:0/3396931028 <== mon.0 v2:172.21.15.12:3300/0 3 ==== mon_map magic: 0 ==== 205+0+0 (secure 0 0 0) 0x7fcc1c030850 con 0x7fcc2c1098f0
2024-09-05T01:14:49.341 INFO:teuthology.orchestra.run.smithi012.stdout:/usr/bin/ceph: stderr
2024-09-05T01:14:47.989+0000 7fcc32600640 1 -- 172.21.15.12:0/3396931028 >> [v2:172.21.15.12:3300/0,v1:172.21.15.12:6789/0] conn(0x7fcc2c1098f0 msgr2=0x7fcc2c109cf0 secure :-1 s=STATE_CONNECTION_ESTABLISHED l=1).mark_down
2024-09-05T01:14:49.341 INFO:teuthology.orchestra.run.smithi012.stdout:/usr/bin/ceph: stderr
2024-09-05T01:14:47.989+0000 7fcc32600640 1 --2- 172.21.15.12:0/3396931028 >> [v2:172.21.15.12:3300/0,v1:172.21.15.12:6789/0] conn(0x7fcc2c1098f0 0x7fcc2c109cf0 secure :-1 s=READY pgs=20 cs=0 l=1 rev1=1 crypto rx=0x7fcc1c009820 tx=0x7fcc1c02a270 comp rx=0 tx=0).stop
2024-09-05T01:14:49.341 INFO:teuthology.orchestra.run.smithi012.stdout:/usr/bin/ceph: stderr
2024-09-05T01:14:47.989+0000 7fcc32600640 1 -- 172.21.15.12:0/3396931028 shutdown_connections
2024-09-05T01:14:49.341 INFO:teuthology.orchestra.run.smithi012.stdout:/usr/bin/ceph: stderr
2024-09-05T01:14:47.989+0000 7fcc32600640 1 --2- 172.21.15.12:0/3396931028 >> [v2:172.21.15.12:3300/0,v1:172.21.15.12:6789/0] conn(0x7fcc2c1098f0 0x7fcc2c109cf0 unknown :-1 s=CLOSED pgs=20 cs=0 l=1 rev1=1 crypto rx=0 tx=0 comp rx=0 tx=0).stop
2024-09-05T01:14:49.341 INFO:teuthology.orchestra.run.smithi012.stdout:/usr/bin/ceph: stderr
2024-09-05T01:14:47.989+0000 7fcc32600640 1 -- 172.21.15.12:0/3396931028 >> 172.21.15.12:0/3396931028 conn(0x7fcc2c07ceb0 msgr2=0x7fcc2c07d2e0 unknown :-1 s=STATE_NONE l=0).mark_down
2024-09-05T01:14:49.342 INFO:teuthology.orchestra.run.smithi012.stdout:/usr/bin/ceph: stderr
2024-09-05T01:14:47.989+0000 7fcc32600640 1 -- 172.21.15.12:0/3396931028 shutdown_connections
2024-09-05T01:14:49.342 INFO:teuthology.orchestra.run.smithi012.stdout:/usr/bin/ceph: stderr
2024-09-05T01:14:47.989+0000 7fcc32600640 1 -- 172.21.15.12:0/3396931028 wait complete.
2024-09-05T01:14:49.342 INFO:teuthology.orchestra.run.smithi012.stdout:/usr/bin/ceph: stderr
2024-09-05T01:14:47.990+0000 7fcc32600640 1 Processor -- start
2024-09-05T01:14:49.342 INFO:teuthology.orchestra.run.smithi012.stdout:/usr/bin/ceph: stderr
2024-09-05T01:14:47.990+0000 7fcc32600640 1 -- start start
2024-09-05T01:14:49.342 INFO:teuthology.orchestra.run.smithi012.stdout:/usr/bin/ceph: stderr
2024-09-05T01:14:47.991+0000 7fcc32600640 1 --2- >> [v2:172.21.15.12:3300/0,v1:172.21.15.12:6789/0] conn(0x7fcc2c1098f0 0x7fcc2c19d940 unknown :-1 s=NONE pgs=0 cs=0 l=1 rev1=0 crypto rx=0 tx=0 comp rx=0 tx=0).connect
2024-09-05T01:14:49.342 INFO:teuthology.orchestra.run.smithi012.stdout:/usr/bin/ceph: stderr
2024-09-05T01:14:47.991+0000 7fcc32600640 1 -- --> [v2:172.21.15.12:3300/0,v1:172.21.15.12:6789/0] -- mon_getmap magic: 0 -- 0x7fcc2c10dec0 con 0x7fcc2c1098f0
2024-09-05T01:14:49.342 INFO:teuthology.orchestra.run.smithi012.stdout:/usr/bin/ceph: stderr
2024-09-05T01:14:47.991+0000 7fcc2b400640 1 --2- >> [v2:172.21.15.12:3300/0,v1:172.21.15.12:6789/0] conn(0x7fcc2c1098f0 0x7fcc2c19d940 unknown :-1 s=BANNER_CONNECTING pgs=0 cs=0 l=1 rev1=0 crypto rx=0 tx=0 comp rx=0 tx=0)._handle_peer_banner_payload supported=3 required=0
2024-09-05T01:14:49.342 INFO:teuthology.orchestra.run.smithi012.stdout:/usr/bin/ceph: stderr
2024-09-05T01:14:47.991+0000 7fcc2b400640 1 --2- >> [v2:172.21.15.12:3300/0,v1:172.21.15.12:6789/0] conn(0x7fcc2c1098f0 0x7fcc2c19d940 unknown :-1 s=HELLO_CONNECTING pgs=0 cs=0 l=1 rev1=1 crypto rx=0 tx=0 comp rx=0 tx=0).handle_hello peer v2:172.21.15.12:3300/0 says I am v2:172.21.15.12:32958/0 (socket says 172.21.15.12:32958)
2024-09-05T01:14:49.342 INFO:teuthology.orchestra.run.smithi012.stdout:/usr/bin/ceph: stderr
2024-09-05T01:14:47.991+0000 7fcc2b400640 1 -- 172.21.15.12:0/3429548969 learned_addr learned my addr 172.21.15.12:0/3429548969 (peer_addr_for_me v2:172.21.15.12:0/0)
2024-09-05T01:14:49.342 INFO:teuthology.orchestra.run.smithi012.stdout:/usr/bin/ceph: stderr
2024-09-05T01:14:47.991+0000 7fcc2b400640 1 -- 172.21.15.12:0/3429548969 --> [v2:172.21.15.12:3300/0,v1:172.21.15.12:6789/0] -- mon_subscribe({config=0+,monmap=0+}) -- 0x7fcc2c19de80 con 0x7fcc2c1098f0
2024-09-05T01:14:49.342 INFO:teuthology.orchestra.run.smithi012.stdout:/usr/bin/ceph: stderr
2024-09-05T01:14:47.992+0000 7fcc2b400640 1 --2- 172.21.15.12:0/3429548969 >> [v2:172.21.15.12:3300/0,v1:172.21.15.12:6789/0] conn(0x7fcc2c1098f0 0x7fcc2c19d940 secure :-1 s=READY pgs=21 cs=0 l=1 rev1=1 crypto rx=0x7fcc1c032ce0 tx=0x7fcc1c032d10 comp rx=0 tx=0).ready entity=mon.0 client_cookie=0 server_cookie=0 in_seq=0 out_seq=0
2024-09-05T01:14:49.342 INFO:teuthology.orchestra.run.smithi012.stdout:/usr/bin/ceph: stderr
2024-09-05T01:14:47.992+0000 7fcc23e00640 1 -- 172.21.15.12:0/3429548969 <== mon.0 v2:172.21.15.12:3300/0 1 ==== mon_map magic: 0 ==== 205+0+0 (secure 0 0 0) 0x7fcc1c042070 con 0x7fcc2c1098f0
2024-09-05T01:14:49.343 INFO:teuthology.orchestra.run.smithi012.stdout:/usr/bin/ceph: stderr
2024-09-05T01:14:47.992+0000 7fcc23e00640 1 -- 172.21.15.12:0/3429548969 <== mon.0 v2:172.21.15.12:3300/0 2 ==== config(27 keys) ==== 1109+0+0 (secure 0 0 0) 0x7fcc1c0308c0 con 0x7fcc2c1098f0
2024-09-05T01:14:49.343 INFO:teuthology.orchestra.run.smithi012.stdout:/usr/bin/ceph: stderr
2024-09-05T01:14:47.992+0000 7fcc32600640 1 -- 172.21.15.12:0/3429548969 --> [v2:172.21.15.12:3300/0,v1:172.21.15.12:6789/0] -- mon_subscribe({mgrmap=0+}) -- 0x7fcc2c19e110 con 0x7fcc2c1098f0
2024-09-05T01:14:49.343 INFO:teuthology.orchestra.run.smithi012.stdout:/usr/bin/ceph: stderr
2024-09-05T01:14:47.992+0000 7fcc23e00640 1 -- 172.21.15.12:0/3429548969 <== mon.0 v2:172.21.15.12:3300/0 3 ==== mon_map magic: 0 ==== 205+0+0 (secure 0 0 0) 0x7fcc1c037040 con 0x7fcc2c1098f0
2024-09-05T01:14:49.343 INFO:teuthology.orchestra.run.smithi012.stdout:/usr/bin/ceph: stderr
2024-09-05T01:14:47.992+0000 7fcc32600640 1 -- 172.21.15.12:0/3429548969 --> [v2:172.21.15.12:3300/0,v1:172.21.15.12:6789/0] -- mon_subscribe({osdmap=0}) -- 0x7fcc2c1a0e00 con 0x7fcc2c1098f0
2024-09-05T01:14:49.343 INFO:teuthology.orchestra.run.smithi012.stdout:/usr/bin/ceph: stderr
2024-09-05T01:14:47.993+0000 7fcc23e00640 1 -- 172.21.15.12:0/3429548969 <== mon.0 v2:172.21.15.12:3300/0 4 ==== mgrmap(e 4) ==== 46276+0+0 (secure 0 0 0) 0x7fcc1c045070 con 0x7fcc2c1098f0
2024-09-05T01:14:49.343 INFO:teuthology.orchestra.run.smithi012.stdout:/usr/bin/ceph: stderr
2024-09-05T01:14:47.993+0000 7fcc32600640 1 -- 172.21.15.12:0/3429548969 --> [v2:172.21.15.12:3300/0,v1:172.21.15.12:6789/0] -- mon_command({"prefix": "get_command_descriptions"} v 0) -- 0x7fcc2c109cf0 con 0x7fcc2c1098f0
2024-09-05T01:14:49.343 INFO:teuthology.orchestra.run.smithi012.stdout:/usr/bin/ceph: stderr
2024-09-05T01:14:47.993+0000 7fcc23e00640 1 --2- 172.21.15.12:0/3429548969 >> [v2:172.21.15.12:6800/3541208629,v1:172.21.15.12:6801/3541208629] conn(0x7fcc10038f70 0x7fcc1003b430 unknown :-1 s=NONE pgs=0 cs=0 l=1 rev1=0 crypto rx=0 tx=0 comp rx=0 tx=0).connect
2024-09-05T01:14:49.343 INFO:teuthology.orchestra.run.smithi012.stdout:/usr/bin/ceph: stderr
2024-09-05T01:14:47.994+0000 7fcc23e00640 1 -- 172.21.15.12:0/3429548969 <== mon.0 v2:172.21.15.12:3300/0 5 ==== osd_map(1..1 src has 1..1) ==== 725+0+0 (secure 0 0 0) 0x7fcc1c06bf20 con 0x7fcc2c1098f0
2024-09-05T01:14:49.343 INFO:teuthology.orchestra.run.smithi012.stdout:/usr/bin/ceph: stderr
2024-09-05T01:14:47.994+0000 7fcc2aa00640 1 --2- 172.21.15.12:0/3429548969 >> [v2:172.21.15.12:6800/3541208629,v1:172.21.15.12:6801/3541208629] conn(0x7fcc10038f70 0x7fcc1003b430 unknown :-1 s=BANNER_CONNECTING pgs=0 cs=0 l=1 rev1=0 crypto rx=0 tx=0 comp rx=0 tx=0)._handle_peer_banner_payload supported=3 required=0
2024-09-05T01:14:49.343 INFO:teuthology.orchestra.run.smithi012.stdout:/usr/bin/ceph: stderr
2024-09-05T01:14:47.994+0000 7fcc2aa00640 1 --2- 172.21.15.12:0/3429548969 >> [v2:172.21.15.12:6800/3541208629,v1:172.21.15.12:6801/3541208629] conn(0x7fcc10038f70 0x7fcc1003b430 secure :-1 s=READY pgs=8 cs=0 l=1 rev1=1 crypto rx=0x7fcc180098c0 tx=0x7fcc18006db0 comp rx=0 tx=0).ready entity=mgr.14100 client_cookie=0 server_cookie=0 in_seq=0 out_seq=0
2024-09-05T01:14:49.343 INFO:teuthology.orchestra.run.smithi012.stdout:/usr/bin/ceph: stderr
2024-09-05T01:14:47.998+0000 7fcc23e00640 1 -- 172.21.15.12:0/3429548969 <== mon.0 v2:172.21.15.12:3300/0 6 ==== mon_command_ack([{"prefix": "get_command_descriptions"}]=0 v0) ==== 72+0+188821 (secure 0 0 0) 0x7fcc1c045360 con 0x7fcc2c1098f0
2024-09-05T01:14:49.343 INFO:teuthology.orchestra.run.smithi012.stdout:/usr/bin/ceph: stderr
2024-09-05T01:14:48.235+0000 7fcc32600640 1 -- 172.21.15.12:0/3429548969 --> [v2:172.21.15.12:3300/0,v1:172.21.15.12:6789/0] -- mon_command({"prefix": "mgr module enable", "module": "cephadm"} v 0) -- 0x7fcc2c1a1480 con 0x7fcc2c1098f0
2024-09-05T01:14:49.343 INFO:teuthology.orchestra.run.smithi012.stdout:/usr/bin/ceph: stderr
2024-09-05T01:14:48.471+0000 7fcc23e00640 1 -- 172.21.15.12:0/3429548969 <== mon.0 v2:172.21.15.12:3300/0 7 ==== mon_command_ack([{"prefix": "mgr module enable", "module": "cephadm"}]=0 v5) ==== 86+0+0 (secure 0 0 0) 0x7fcc1c043260 con 0x7fcc2c1098f0
2024-09-05T01:14:49.344 INFO:teuthology.orchestra.run.smithi012.stdout:/usr/bin/ceph: stderr
2024-09-05T01:14:48.473+0000 7fcc23e00640 1 -- 172.21.15.12:0/3429548969 <== mon.0 v2:172.21.15.12:3300/0 8 ==== mgrmap(e 5) ==== 46287+0+0 (secure 0 0 0) 0x7fcc1c067090 con 0x7fcc2c1098f0
2024-09-05T01:14:49.344 INFO:teuthology.orchestra.run.smithi012.stdout:/usr/bin/ceph: stderr
2024-09-05T01:14:48.475+0000 7fcc32600640 1 -- 172.21.15.12:0/3429548969 >> [v2:172.21.15.12:6800/3541208629,v1:172.21.15.12:6801/3541208629] conn(0x7fcc10038f70 msgr2=0x7fcc1003b430 secure :-1 s=STATE_CONNECTION_ESTABLISHED l=1).mark_down
2024-09-05T01:14:49.344 INFO:teuthology.orchestra.run.smithi012.stdout:/usr/bin/ceph: stderr
2024-09-05T01:14:48.475+0000 7fcc32600640 1 --2- 172.21.15.12:0/3429548969 >> [v2:172.21.15.12:6800/3541208629,v1:172.21.15.12:6801/3541208629] conn(0x7fcc10038f70 0x7fcc1003b430 secure :-1 s=READY pgs=8 cs=0 l=1 rev1=1 crypto rx=0x7fcc180098c0 tx=0x7fcc18006db0 comp rx=0 tx=0).stop
2024-09-05T01:14:49.344 INFO:teuthology.orchestra.run.smithi012.stdout:/usr/bin/ceph: stderr
2024-09-05T01:14:48.475+0000 7fcc32600640 1 -- 172.21.15.12:0/3429548969 >> [v2:172.21.15.12:3300/0,v1:172.21.15.12:6789/0] conn(0x7fcc2c1098f0 msgr2=0x7fcc2c19d940 secure :-1 s=STATE_CONNECTION_ESTABLISHED l=1).mark_down
2024-09-05T01:14:49.344 INFO:teuthology.orchestra.run.smithi012.stdout:/usr/bin/ceph: stderr
2024-09-05T01:14:48.475+0000 7fcc32600640 1 --2- 172.21.15.12:0/3429548969 >> [v2:172.21.15.12:3300/0,v1:172.21.15.12:6789/0] conn(0x7fcc2c1098f0 0x7fcc2c19d940 secure :-1 s=READY pgs=21 cs=0 l=1 rev1=1 crypto rx=0x7fcc1c032ce0 tx=0x7fcc1c032d10 comp rx=0 tx=0).stop
2024-09-05T01:14:49.344 INFO:teuthology.orchestra.run.smithi012.stdout:/usr/bin/ceph: stderr
2024-09-05T01:14:48.475+0000 7fcc32600640 1 -- 172.21.15.12:0/3429548969 shutdown_connections
2024-09-05T01:14:49.344 INFO:teuthology.orchestra.run.smithi012.stdout:/usr/bin/ceph: stderr
2024-09-05T01:14:48.475+0000 7fcc32600640 1 --2- 172.21.15.12:0/3429548969 >> [v2:172.21.15.12:6800/3541208629,v1:172.21.15.12:6801/3541208629] conn(0x7fcc10038f70 0x7fcc1003b430 unknown :-1 s=CLOSED pgs=8 cs=0 l=1 rev1=1 crypto rx=0 tx=0 comp rx=0 tx=0).stop
2024-09-05T01:14:49.344 INFO:teuthology.orchestra.run.smithi012.stdout:/usr/bin/ceph: stderr
2024-09-05T01:14:48.475+0000 7fcc32600640 1 --2- 172.21.15.12:0/3429548969 >> [v2:172.21.15.12:3300/0,v1:172.21.15.12:6789/0] conn(0x7fcc2c1098f0 0x7fcc2c19d940 unknown :-1 s=CLOSED pgs=21 cs=0 l=1 rev1=1 crypto rx=0 tx=0 comp rx=0 tx=0).stop
2024-09-05T01:14:49.344 INFO:teuthology.orchestra.run.smithi012.stdout:/usr/bin/ceph: stderr
2024-09-05T01:14:48.475+0000 7fcc32600640 1 -- 172.21.15.12:0/3429548969 >> 172.21.15.12:0/3429548969 conn(0x7fcc2c07ceb0 msgr2=0x7fcc2c107510 unknown :-1 s=STATE_NONE l=0).mark_down
2024-09-05T01:14:49.344 INFO:teuthology.orchestra.run.smithi012.stdout:/usr/bin/ceph: stderr
2024-09-05T01:14:48.475+0000 7fcc32600640 1 -- 172.21.15.12:0/3429548969 shutdown_connections
2024-09-05T01:14:49.344 INFO:teuthology.orchestra.run.smithi012.stdout:/usr/bin/ceph: stderr
2024-09-05T01:14:48.475+0000 7fcc32600640 1 -- 172.21.15.12:0/3429548969 wait complete.
2024-09-05T01:14:49.607 INFO:journalctl@ceph.mon.a.smithi012.stdout:Sep 05 01:14:49 smithi012 ceph-mon[29942]: from='client.? 172.21.15.12:0/3429548969' entity='client.admin' cmd='[{"prefix": "mgr module enable", "module": "cephadm"}]': finished
2024-09-05T01:14:49.607 INFO:journalctl@ceph.mon.a.smithi012.stdout:Sep 05 01:14:49 smithi012 ceph-mon[29942]: mgrmap e5: x(active, since 5s)
2024-09-05T01:14:49.607 INFO:journalctl@ceph.mgr.x.smithi012.stdout:Sep 05 01:14:49 smithi012 ceph-0d44cd7e-6b24-11ef-bcd6-c7b262605968-mgr-x[30170]:
2024-09-05T01:14:49.410+0000 7f8974231040 -1 mgr[py] Module snap_schedule has missing NOTIFY_TYPES member
2024-09-05T01:14:49.883 INFO:journalctl@ceph.mgr.x.smithi012.stdout:Sep 05 01:14:49 smithi012 ceph-0d44cd7e-6b24-11ef-bcd6-c7b262605968-mgr-x[30170]:
2024-09-05T01:14:49.803+0000 7f8974231040 -1 mgr[py] Module prometheus has missing NOTIFY_TYPES member
2024-09-05T01:14:49.883 INFO:journalctl@ceph.mgr.x.smithi012.stdout:Sep 05 01:14:49 smithi012 ceph-0d44cd7e-6b24-11ef-bcd6-c7b262605968-mgr-x[30170]:
2024-09-05T01:14:49.882+0000 7f8974231040 -1 mgr[py] Module selftest has missing NOTIFY_TYPES member
2024-09-05T01:14:50.311 INFO:journalctl@ceph.mgr.x.smithi012.stdout:Sep 05 01:14:50 smithi012 ceph-0d44cd7e-6b24-11ef-bcd6-c7b262605968-mgr-x[30170]:
2024-09-05T01:14:50.106+0000 7f8974231040 -1 mgr[py] Module volumes has missing NOTIFY_TYPES member
2024-09-05T01:14:50.712 INFO:journalctl@ceph.mon.a.smithi012.stdout:Sep 05 01:14:50 smithi012 ceph-mon[29942]: from='client.? 172.21.15.12:0/427047740' entity='client.admin' cmd=[{"prefix": "mgr stat"}]: dispatch
2024-09-05T01:14:50.725 INFO:teuthology.orchestra.run.smithi012.stdout:/usr/bin/ceph: stdout {
2024-09-05T01:14:50.726 INFO:teuthology.orchestra.run.smithi012.stdout:/usr/bin/ceph: stdout "epoch": 5,
2024-09-05T01:14:50.726 INFO:teuthology.orchestra.run.smithi012.stdout:/usr/bin/ceph: stdout "available": true,
2024-09-05T01:14:50.726 INFO:teuthology.orchestra.run.smithi012.stdout:/usr/bin/ceph: stdout "active_name": "x",
2024-09-05T01:14:50.726 INFO:teuthology.orchestra.run.smithi012.stdout:/usr/bin/ceph: stdout "num_standby": 0
2024-09-05T01:14:50.726 INFO:teuthology.orchestra.run.smithi012.stdout:/usr/bin/ceph: stdout }
2024-09-05T01:14:50.726 INFO:teuthology.orchestra.run.smithi012.stdout:/usr/bin/ceph: stderr
2024-09-05T01:14:49.832+0000 7f23f7e00640 1 Processor -- start
2024-09-05T01:14:50.726 INFO:teuthology.orchestra.run.smithi012.stdout:/usr/bin/ceph: stderr
2024-09-05T01:14:49.832+0000 7f23f7e00640 1 -- start start
2024-09-05T01:14:50.726 INFO:teuthology.orchestra.run.smithi012.stdout:/usr/bin/ceph: stderr
2024-09-05T01:14:49.832+0000 7f23f7e00640 1 --2- >> [v2:172.21.15.12:3300/0,v1:172.21.15.12:6789/0] conn(0x7f23f8107530 0x7f23f8107930 unknown :-1 s=NONE pgs=0 cs=0 l=0 rev1=0 crypto rx=0 tx=0 comp rx=0 tx=0).connect
2024-09-05T01:14:50.726 INFO:teuthology.orchestra.run.smithi012.stdout:/usr/bin/ceph: stderr
2024-09-05T01:14:49.832+0000 7f23f7e00640 1 -- --> [v2:172.21.15.12:3300/0,v1:172.21.15.12:6789/0] -- mon_getmap magic: 0 -- 0x7f23f8107f00 con 0x7f23f8107530
2024-09-05T01:14:50.726 INFO:teuthology.orchestra.run.smithi012.stdout:/usr/bin/ceph: stderr
2024-09-05T01:14:49.832+0000 7f23f6a00640 1 --2- >> [v2:172.21.15.12:3300/0,v1:172.21.15.12:6789/0] conn(0x7f23f8107530 0x7f23f8107930 unknown :-1 s=BANNER_CONNECTING pgs=0 cs=0 l=0 rev1=0 crypto rx=0 tx=0 comp rx=0 tx=0)._handle_peer_banner_payload supported=3 required=0
2024-09-05T01:14:50.726 INFO:teuthology.orchestra.run.smithi012.stdout:/usr/bin/ceph: stderr
2024-09-05T01:14:49.833+0000 7f23f6a00640 1 --2- >> [v2:172.21.15.12:3300/0,v1:172.21.15.12:6789/0] conn(0x7f23f8107530 0x7f23f8107930 unknown :-1 s=HELLO_CONNECTING pgs=0 cs=0 l=0 rev1=1 crypto rx=0 tx=0 comp rx=0 tx=0).handle_hello peer v2:172.21.15.12:3300/0 says I am v2:172.21.15.12:32982/0 (socket says 172.21.15.12:32982)
2024-09-05T01:14:50.726 INFO:teuthology.orchestra.run.smithi012.stdout:/usr/bin/ceph: stderr
2024-09-05T01:14:49.833+0000 7f23f6a00640 1 -- 172.21.15.12:0/1196353390 learned_addr learned my addr 172.21.15.12:0/1196353390 (peer_addr_for_me v2:172.21.15.12:0/0)
2024-09-05T01:14:50.727 INFO:teuthology.orchestra.run.smithi012.stdout:/usr/bin/ceph: stderr
2024-09-05T01:14:49.833+0000 7f23f6a00640 1 -- 172.21.15.12:0/1196353390 --> [v2:172.21.15.12:3300/0,v1:172.21.15.12:6789/0] -- mon_subscribe({config=0+,monmap=0+}) -- 0x7f23f8108730 con 0x7f23f8107530
2024-09-05T01:14:50.727 INFO:teuthology.orchestra.run.smithi012.stdout:/usr/bin/ceph: stderr
2024-09-05T01:14:49.834+0000 7f23f6a00640 1 --2- 172.21.15.12:0/1196353390 >> [v2:172.21.15.12:3300/0,v1:172.21.15.12:6789/0] conn(0x7f23f8107530 0x7f23f8107930 secure :-1 s=READY pgs=24 cs=0 l=1 rev1=1 crypto rx=0x7f23e8009820 tx=0x7f23e802a270 comp rx=0 tx=0).ready entity=mon.0 client_cookie=91e51476e5b33098 server_cookie=0 in_seq=0 out_seq=0
2024-09-05T01:14:50.727 INFO:teuthology.orchestra.run.smithi012.stdout:/usr/bin/ceph: stderr
2024-09-05T01:14:49.834+0000 7f23f5600640 1 -- 172.21.15.12:0/1196353390 <== mon.0 v2:172.21.15.12:3300/0 1 ==== mon_map magic: 0 ==== 205+0+0 (secure 0 0 0) 0x7f23e8037070 con 0x7f23f8107530
2024-09-05T01:14:50.727 INFO:teuthology.orchestra.run.smithi012.stdout:/usr/bin/ceph: stderr
2024-09-05T01:14:49.834+0000 7f23f5600640 1 -- 172.21.15.12:0/1196353390 <== mon.0 v2:172.21.15.12:3300/0 2 ==== config(27 keys) ==== 1109+0+0 (secure 0 0 0) 0x7f23e8032900 con 0x7f23f8107530
2024-09-05T01:14:50.727 INFO:teuthology.orchestra.run.smithi012.stdout:/usr/bin/ceph: stderr
2024-09-05T01:14:49.834+0000 7f23f5600640 1 -- 172.21.15.12:0/1196353390 <== mon.0 v2:172.21.15.12:3300/0 3 ==== mon_map magic: 0 ==== 205+0+0 (secure 0 0 0) 0x7f23e8030850 con 0x7f23f8107530
2024-09-05T01:14:50.727 INFO:teuthology.orchestra.run.smithi012.stdout:/usr/bin/ceph: stderr
2024-09-05T01:14:49.835+0000 7f23f7e00640 1 -- 172.21.15.12:0/1196353390 >> [v2:172.21.15.12:3300/0,v1:172.21.15.12:6789/0] conn(0x7f23f8107530 msgr2=0x7f23f8107930 secure :-1 s=STATE_CONNECTION_ESTABLISHED l=1).mark_down
2024-09-05T01:14:50.727 INFO:teuthology.orchestra.run.smithi012.stdout:/usr/bin/ceph: stderr
2024-09-05T01:14:49.835+0000 7f23f7e00640 1 --2- 172.21.15.12:0/1196353390 >> [v2:172.21.15.12:3300/0,v1:172.21.15.12:6789/0] conn(0x7f23f8107530 0x7f23f8107930 secure :-1 s=READY pgs=24 cs=0 l=1 rev1=1 crypto rx=0x7f23e8009820 tx=0x7f23e802a270 comp rx=0 tx=0).stop
2024-09-05T01:14:50.727 INFO:teuthology.orchestra.run.smithi012.stdout:/usr/bin/ceph: stderr
2024-09-05T01:14:49.835+0000 7f23f7e00640 1 -- 172.21.15.12:0/1196353390 shutdown_connections
2024-09-05T01:14:50.727 INFO:teuthology.orchestra.run.smithi012.stdout:/usr/bin/ceph: stderr
2024-09-05T01:14:49.835+0000 7f23f7e00640 1 --2- 172.21.15.12:0/1196353390 >> [v2:172.21.15.12:3300/0,v1:172.21.15.12:6789/0] conn(0x7f23f8107530 0x7f23f8107930 unknown :-1 s=CLOSED pgs=24 cs=0 l=1 rev1=1 crypto rx=0 tx=0 comp rx=0 tx=0).stop
2024-09-05T01:14:50.727 INFO:teuthology.orchestra.run.smithi012.stdout:/usr/bin/ceph: stderr
2024-09-05T01:14:49.835+0000 7f23f7e00640 1 -- 172.21.15.12:0/1196353390 >> 172.21.15.12:0/1196353390 conn(0x7f23f8102ce0 msgr2=0x7f23f8105100 unknown :-1 s=STATE_NONE l=0).mark_down
2024-09-05T01:14:50.727 INFO:teuthology.orchestra.run.smithi012.stdout:/usr/bin/ceph: stderr
2024-09-05T01:14:49.835+0000 7f23f7e00640 1 -- 172.21.15.12:0/1196353390 shutdown_connections
2024-09-05T01:14:50.727 INFO:teuthology.orchestra.run.smithi012.stdout:/usr/bin/ceph: stderr
2024-09-05T01:14:49.835+0000 7f23f7e00640 1 -- 172.21.15.12:0/1196353390 wait complete.
2024-09-05T01:14:50.727 INFO:teuthology.orchestra.run.smithi012.stdout:/usr/bin/ceph: stderr
2024-09-05T01:14:49.837+0000 7f23f7e00640 1 Processor -- start
2024-09-05T01:14:50.728 INFO:teuthology.orchestra.run.smithi012.stdout:/usr/bin/ceph: stderr
2024-09-05T01:14:49.837+0000 7f23f7e00640 1 -- start start
2024-09-05T01:14:50.728 INFO:teuthology.orchestra.run.smithi012.stdout:/usr/bin/ceph: stderr
2024-09-05T01:14:49.837+0000 7f23f7e00640 1 --2- >> [v2:172.21.15.12:3300/0,v1:172.21.15.12:6789/0] conn(0x7f23f8107530 0x7f23f819d790 unknown :-1 s=NONE pgs=0 cs=0 l=1 rev1=0 crypto rx=0 tx=0 comp rx=0 tx=0).connect
2024-09-05T01:14:50.728 INFO:teuthology.orchestra.run.smithi012.stdout:/usr/bin/ceph: stderr
2024-09-05T01:14:49.837+0000 7f23f7e00640 1 -- --> [v2:172.21.15.12:3300/0,v1:172.21.15.12:6789/0] -- mon_getmap magic: 0 -- 0x7f23f810bae0 con 0x7f23f8107530
2024-09-05T01:14:50.728 INFO:teuthology.orchestra.run.smithi012.stdout:/usr/bin/ceph: stderr
2024-09-05T01:14:49.838+0000 7f23f6a00640 1 --2- >> [v2:172.21.15.12:3300/0,v1:172.21.15.12:6789/0] conn(0x7f23f8107530 0x7f23f819d790 unknown :-1 s=BANNER_CONNECTING pgs=0 cs=0 l=1 rev1=0 crypto rx=0 tx=0 comp rx=0 tx=0)._handle_peer_banner_payload supported=3 required=0
2024-09-05T01:14:50.728 INFO:teuthology.orchestra.run.smithi012.stdout:/usr/bin/ceph: stderr
2024-09-05T01:14:49.838+0000 7f23f6a00640 1 --2- >> [v2:172.21.15.12:3300/0,v1:172.21.15.12:6789/0] conn(0x7f23f8107530 0x7f23f819d790 unknown :-1 s=HELLO_CONNECTING pgs=0 cs=0 l=1 rev1=1 crypto rx=0 tx=0 comp rx=0 tx=0).handle_hello peer v2:172.21.15.12:3300/0 says I am v2:172.21.15.12:32998/0 (socket says 172.21.15.12:32998)
2024-09-05T01:14:50.728 INFO:teuthology.orchestra.run.smithi012.stdout:/usr/bin/ceph: stderr
2024-09-05T01:14:49.838+0000 7f23f6a00640 1 -- 172.21.15.12:0/427047740 learned_addr learned my addr 172.21.15.12:0/427047740 (peer_addr_for_me v2:172.21.15.12:0/0)
2024-09-05T01:14:50.728 INFO:teuthology.orchestra.run.smithi012.stdout:/usr/bin/ceph: stderr
2024-09-05T01:14:49.838+0000 7f23f6a00640 1 -- 172.21.15.12:0/427047740 --> [v2:172.21.15.12:3300/0,v1:172.21.15.12:6789/0] -- mon_subscribe({config=0+,monmap=0+}) -- 0x7f23f819dcd0 con 0x7f23f8107530
2024-09-05T01:14:50.728 INFO:teuthology.orchestra.run.smithi012.stdout:/usr/bin/ceph: stderr
2024-09-05T01:14:49.838+0000 7f23f6a00640 1 --2- 172.21.15.12:0/427047740 >> [v2:172.21.15.12:3300/0,v1:172.21.15.12:6789/0] conn(0x7f23f8107530 0x7f23f819d790 secure :-1 s=READY pgs=25 cs=0 l=1 rev1=1 crypto rx=0x7f23e80097f0 tx=0x7f23e8030d80 comp rx=0 tx=0).ready entity=mon.0 client_cookie=0 server_cookie=0 in_seq=0 out_seq=0
2024-09-05T01:14:50.728 INFO:teuthology.orchestra.run.smithi012.stdout:/usr/bin/ceph: stderr
2024-09-05T01:14:49.839+0000 7f23ef400640 1 -- 172.21.15.12:0/427047740 <== mon.0 v2:172.21.15.12:3300/0 1 ==== mon_map magic: 0 ==== 205+0+0 (secure 0 0 0) 0x7f23e8037040 con 0x7f23f8107530
2024-09-05T01:14:50.728 INFO:teuthology.orchestra.run.smithi012.stdout:/usr/bin/ceph: stderr
2024-09-05T01:14:49.839+0000 7f23ef400640 1 -- 172.21.15.12:0/427047740 <== mon.0 v2:172.21.15.12:3300/0 2 ==== config(27 keys) ==== 1109+0+0 (secure 0 0 0) 0x7f23e8040070 con 0x7f23f8107530
2024-09-05T01:14:50.728 INFO:teuthology.orchestra.run.smithi012.stdout:/usr/bin/ceph: stderr
2024-09-05T01:14:49.839+0000 7f23f7e00640 1 -- 172.21.15.12:0/427047740 --> [v2:172.21.15.12:3300/0,v1:172.21.15.12:6789/0] -- mon_subscribe({mgrmap=0+}) -- 0x7f23f819df60 con 0x7f23f8107530
2024-09-05T01:14:50.728 INFO:teuthology.orchestra.run.smithi012.stdout:/usr/bin/ceph: stderr
2024-09-05T01:14:49.839+0000 7f23f7e00640 1 -- 172.21.15.12:0/427047740 --> [v2:172.21.15.12:3300/0,v1:172.21.15.12:6789/0] -- mon_subscribe({osdmap=0}) -- 0x7f23f81a0c50 con 0x7f23f8107530
2024-09-05T01:14:50.728 INFO:teuthology.orchestra.run.smithi012.stdout:/usr/bin/ceph: stderr
2024-09-05T01:14:49.839+0000 7f23ef400640 1 -- 172.21.15.12:0/427047740 <== mon.0 v2:172.21.15.12:3300/0 3 ==== mon_map magic: 0 ==== 205+0+0 (secure 0 0 0) 0x7f23e803a390 con 0x7f23f8107530
2024-09-05T01:14:50.729 INFO:teuthology.orchestra.run.smithi012.stdout:/usr/bin/ceph: stderr
2024-09-05T01:14:49.840+0000 7f23ef400640 1 -- 172.21.15.12:0/427047740 <== mon.0 v2:172.21.15.12:3300/0 4 ==== mgrmap(e 5) ==== 46287+0+0 (secure 0 0 0) 0x7f23e803a640 con 0x7f23f8107530
2024-09-05T01:14:50.729 INFO:teuthology.orchestra.run.smithi012.stdout:/usr/bin/ceph: stderr
2024-09-05T01:14:49.840+0000 7f23f7e00640 1 -- 172.21.15.12:0/427047740 --> [v2:172.21.15.12:3300/0,v1:172.21.15.12:6789/0] -- mon_command({"prefix": "get_command_descriptions"} v 0) -- 0x7f23f81079b0 con 0x7f23f8107530
2024-09-05T01:14:50.729 INFO:teuthology.orchestra.run.smithi012.stdout:/usr/bin/ceph: stderr
2024-09-05T01:14:49.841+0000 7f23ef400640 1 --2- 172.21.15.12:0/427047740 >> [v2:172.21.15.12:6800/3541208629,v1:172.21.15.12:6801/3541208629] conn(0x7f23dc038fc0 0x7f23dc03b480 unknown :-1 s=NONE pgs=0 cs=0 l=1 rev1=0 crypto rx=0 tx=0 comp rx=0 tx=0).connect
2024-09-05T01:14:50.729 INFO:teuthology.orchestra.run.smithi012.stdout:/usr/bin/ceph: stderr
2024-09-05T01:14:49.841+0000 7f23ef400640 1 -- 172.21.15.12:0/427047740 <== mon.0 v2:172.21.15.12:3300/0 5 ==== osd_map(1..1 src has 1..1) ==== 725+0+0 (secure 0 0 0) 0x7f23e806c140 con 0x7f23f8107530
