2024-09-05T02:17:13.862+0000 7f321a532640 1 --2- >> [v2:172.21.15.78:3300/0,v1:172.21.15.78:6789/0] conn(0x7f3214107980 0x7f321419b910 unknown :-1 s=BANNER_CONNECTING pgs=0 cs=0 l=1 rev1=0 crypto rx=0 tx=0 comp rx=0 tx=0)._handle_peer_banner_payload supported=3 required=0
2024-09-05T02:17:15.400 INFO:teuthology.orchestra.run.smithi078.stdout:/usr/bin/ceph: stderr
2024-09-05T02:17:13.862+0000 7f321a532640 1 --2- >> [v2:172.21.15.78:3300/0,v1:172.21.15.78:6789/0] conn(0x7f3214107980 0x7f321419b910 unknown :-1 s=HELLO_CONNECTING pgs=0 cs=0 l=1 rev1=1 crypto rx=0 tx=0 comp rx=0 tx=0).handle_hello peer v2:172.21.15.78:3300/0 says I am v2:172.21.15.78:50910/0 (socket says 172.21.15.78:50910)
2024-09-05T02:17:15.400 INFO:teuthology.orchestra.run.smithi078.stdout:/usr/bin/ceph: stderr
2024-09-05T02:17:13.862+0000 7f321a532640 1 -- 172.21.15.78:0/3347637722 learned_addr learned my addr 172.21.15.78:0/3347637722 (peer_addr_for_me v2:172.21.15.78:0/0)
2024-09-05T02:17:15.401 INFO:teuthology.orchestra.run.smithi078.stdout:/usr/bin/ceph: stderr
2024-09-05T02:17:13.862+0000 7f321a532640 1 -- 172.21.15.78:0/3347637722 --> [v2:172.21.15.78:3300/0,v1:172.21.15.78:6789/0] -- mon_subscribe({config=0+,monmap=0+}) -- 0x7f321419be50 con 0x7f3214107980
2024-09-05T02:17:15.401 INFO:teuthology.orchestra.run.smithi078.stdout:/usr/bin/ceph: stderr
2024-09-05T02:17:13.862+0000 7f321a532640 1 --2- 172.21.15.78:0/3347637722 >> [v2:172.21.15.78:3300/0,v1:172.21.15.78:6789/0] conn(0x7f3214107980 0x7f321419b910 secure :-1 s=READY pgs=71 cs=0 l=1 rev1=1 crypto rx=0x7f3210032e80 tx=0x7f3210032eb0 comp rx=0 tx=0).ready entity=mon.0 client_cookie=0 server_cookie=0 in_seq=0 out_seq=0
2024-09-05T02:17:15.401 INFO:teuthology.orchestra.run.smithi078.stdout:/usr/bin/ceph: stderr
2024-09-05T02:17:13.862+0000 7f320b7fe640 1 -- 172.21.15.78:0/3347637722 <== mon.0 v2:172.21.15.78:3300/0 1 ==== mon_map magic: 0 ==== 205+0+0 (secure 0 0 0) 0x7f3210042070 con 0x7f3214107980
2024-09-05T02:17:15.401 INFO:teuthology.orchestra.run.smithi078.stdout:/usr/bin/ceph: stderr
2024-09-05T02:17:13.862+0000 7f321c796640 1 -- 172.21.15.78:0/3347637722 --> [v2:172.21.15.78:3300/0,v1:172.21.15.78:6789/0] -- mon_subscribe({mgrmap=0+}) -- 0x7f321419c0e0 con 0x7f3214107980
2024-09-05T02:17:15.401 INFO:teuthology.orchestra.run.smithi078.stdout:/usr/bin/ceph: stderr
2024-09-05T02:17:13.862+0000 7f320b7fe640 1 -- 172.21.15.78:0/3347637722 <== mon.0 v2:172.21.15.78:3300/0 2 ==== config(29 keys) ==== 1209+0+0 (secure 0 0 0) 0x7f32100326c0 con 0x7f3214107980
2024-09-05T02:17:15.401 INFO:teuthology.orchestra.run.smithi078.stdout:/usr/bin/ceph: stderr
2024-09-05T02:17:13.862+0000 7f320b7fe640 1 -- 172.21.15.78:0/3347637722 <== mon.0 v2:172.21.15.78:3300/0 3 ==== mon_map magic: 0 ==== 205+0+0 (secure 0 0 0) 0x7f3210037040 con 0x7f3214107980
2024-09-05T02:17:15.401 INFO:teuthology.orchestra.run.smithi078.stdout:/usr/bin/ceph: stderr
2024-09-05T02:17:13.862+0000 7f321c796640 1 -- 172.21.15.78:0/3347637722 --> [v2:172.21.15.78:3300/0,v1:172.21.15.78:6789/0] -- mon_subscribe({osdmap=0}) -- 0x7f321419edd0 con 0x7f3214107980
2024-09-05T02:17:15.401 INFO:teuthology.orchestra.run.smithi078.stdout:/usr/bin/ceph: stderr
2024-09-05T02:17:13.863+0000 7f320b7fe640 1 -- 172.21.15.78:0/3347637722 <== mon.0 v2:172.21.15.78:3300/0 4 ==== mgrmap(e 12) ==== 46300+0+0 (secure 0 0 0) 0x7f3210045070 con 0x7f3214107980
2024-09-05T02:17:15.401 INFO:teuthology.orchestra.run.smithi078.stdout:/usr/bin/ceph: stderr
2024-09-05T02:17:13.863+0000 7f321c796640 1 -- 172.21.15.78:0/3347637722 --> [v2:172.21.15.78:3300/0,v1:172.21.15.78:6789/0] -- mon_command({"prefix": "get_command_descriptions"} v 0) -- 0x7f3214107d80 con 0x7f3214107980
2024-09-05T02:17:15.401 INFO:teuthology.orchestra.run.smithi078.stdout:/usr/bin/ceph: stderr
2024-09-05T02:17:13.864+0000 7f320b7fe640 1 --2- 172.21.15.78:0/3347637722 >> [v2:172.21.15.78:6800/4264049433,v1:172.21.15.78:6801/4264049433] conn(0x7f3200038fc0 0x7f320003b480 unknown :-1 s=NONE pgs=0 cs=0 l=1 rev1=0 crypto rx=0 tx=0 comp rx=0 tx=0).connect
2024-09-05T02:17:15.401 INFO:teuthology.orchestra.run.smithi078.stdout:/usr/bin/ceph: stderr
2024-09-05T02:17:13.864+0000 7f320b7fe640 1 -- 172.21.15.78:0/3347637722 <== mon.0 v2:172.21.15.78:3300/0 5 ==== osd_map(3..3 src has 1..3) ==== 1155+0+0 (secure 0 0 0) 0x7f321006c340 con 0x7f3214107980
2024-09-05T02:17:15.402 INFO:teuthology.orchestra.run.smithi078.stdout:/usr/bin/ceph: stderr
2024-09-05T02:17:13.864+0000 7f3219d31640 1 --2- 172.21.15.78:0/3347637722 >> [v2:172.21.15.78:6800/4264049433,v1:172.21.15.78:6801/4264049433] conn(0x7f3200038fc0 0x7f320003b480 unknown :-1 s=BANNER_CONNECTING pgs=0 cs=0 l=1 rev1=0 crypto rx=0 tx=0 comp rx=0 tx=0)._handle_peer_banner_payload supported=3 required=0
2024-09-05T02:17:15.402 INFO:teuthology.orchestra.run.smithi078.stdout:/usr/bin/ceph: stderr
2024-09-05T02:17:13.864+0000 7f3219d31640 1 --2- 172.21.15.78:0/3347637722 >> [v2:172.21.15.78:6800/4264049433,v1:172.21.15.78:6801/4264049433] conn(0x7f3200038fc0 0x7f320003b480 secure :-1 s=READY pgs=8 cs=0 l=1 rev1=1 crypto rx=0x7f32040098c0 tx=0x7f3204006db0 comp rx=0 tx=0).ready entity=mgr.14150 client_cookie=0 server_cookie=0 in_seq=0 out_seq=0
2024-09-05T02:17:15.402 INFO:teuthology.orchestra.run.smithi078.stdout:/usr/bin/ceph: stderr
2024-09-05T02:17:13.868+0000 7f320b7fe640 1 -- 172.21.15.78:0/3347637722 <== mon.0 v2:172.21.15.78:3300/0 6 ==== mon_command_ack([{"prefix": "get_command_descriptions"}]=0 v0) ==== 72+0+188821 (secure 0 0 0) 0x7f321003dd50 con 0x7f3214107980
2024-09-05T02:17:15.402 INFO:teuthology.orchestra.run.smithi078.stdout:/usr/bin/ceph: stderr
2024-09-05T02:17:14.078+0000 7f321c796640 1 -- 172.21.15.78:0/3347637722 --> [v2:172.21.15.78:6800/4264049433,v1:172.21.15.78:6801/4264049433] -- mgr_command(tid 0: {"prefix": "dashboard ac-user-create", "username": "admin", "rolename": "administrator", "force_password": true, "pwd_update_required": true, "target": ["mon-mgr", ""]}) -- 0x7f321419f060 con 0x7f3200038fc0
2024-09-05T02:17:15.402 INFO:teuthology.orchestra.run.smithi078.stdout:/usr/bin/ceph: stderr
2024-09-05T02:17:14.302+0000 7f320b7fe640 1 -- 172.21.15.78:0/3347637722 <== mgr.14150 v2:172.21.15.78:6800/4264049433 1 ==== mgr_command_reply(tid 0: 0 ) ==== 8+0+252 (secure 0 0 0) 0x7f321419f060 con 0x7f3200038fc0
2024-09-05T02:17:15.402 INFO:teuthology.orchestra.run.smithi078.stdout:/usr/bin/ceph: stderr
2024-09-05T02:17:14.304+0000 7f321c796640 1 -- 172.21.15.78:0/3347637722 >> [v2:172.21.15.78:6800/4264049433,v1:172.21.15.78:6801/4264049433] conn(0x7f3200038fc0 msgr2=0x7f320003b480 secure :-1 s=STATE_CONNECTION_ESTABLISHED l=1).mark_down
2024-09-05T02:17:15.403 INFO:teuthology.orchestra.run.smithi078.stdout:/usr/bin/ceph: stderr
2024-09-05T02:17:14.304+0000 7f321c796640 1 --2- 172.21.15.78:0/3347637722 >> [v2:172.21.15.78:6800/4264049433,v1:172.21.15.78:6801/4264049433] conn(0x7f3200038fc0 0x7f320003b480 secure :-1 s=READY pgs=8 cs=0 l=1 rev1=1 crypto rx=0x7f32040098c0 tx=0x7f3204006db0 comp rx=0 tx=0).stop
2024-09-05T02:17:15.403 INFO:teuthology.orchestra.run.smithi078.stdout:/usr/bin/ceph: stderr
2024-09-05T02:17:14.304+0000 7f321c796640 1 -- 172.21.15.78:0/3347637722 >> [v2:172.21.15.78:3300/0,v1:172.21.15.78:6789/0] conn(0x7f3214107980 msgr2=0x7f321419b910 secure :-1 s=STATE_CONNECTION_ESTABLISHED l=1).mark_down
2024-09-05T02:17:15.403 INFO:teuthology.orchestra.run.smithi078.stdout:/usr/bin/ceph: stderr
2024-09-05T02:17:14.304+0000 7f321c796640 1 --2- 172.21.15.78:0/3347637722 >> [v2:172.21.15.78:3300/0,v1:172.21.15.78:6789/0] conn(0x7f3214107980 0x7f321419b910 secure :-1 s=READY pgs=71 cs=0 l=1 rev1=1 crypto rx=0x7f3210032e80 tx=0x7f3210032eb0 comp rx=0 tx=0).stop
2024-09-05T02:17:15.403 INFO:teuthology.orchestra.run.smithi078.stdout:/usr/bin/ceph: stderr
2024-09-05T02:17:14.304+0000 7f321c796640 1 -- 172.21.15.78:0/3347637722 shutdown_connections
2024-09-05T02:17:15.403 INFO:teuthology.orchestra.run.smithi078.stdout:/usr/bin/ceph: stderr
2024-09-05T02:17:14.304+0000 7f321c796640 1 --2- 172.21.15.78:0/3347637722 >> [v2:172.21.15.78:6800/4264049433,v1:172.21.15.78:6801/4264049433] conn(0x7f3200038fc0 0x7f320003b480 unknown :-1 s=CLOSED pgs=8 cs=0 l=1 rev1=1 crypto rx=0 tx=0 comp rx=0 tx=0).stop
2024-09-05T02:17:15.403 INFO:teuthology.orchestra.run.smithi078.stdout:/usr/bin/ceph: stderr
2024-09-05T02:17:14.304+0000 7f321c796640 1 --2- 172.21.15.78:0/3347637722 >> [v2:172.21.15.78:3300/0,v1:172.21.15.78:6789/0] conn(0x7f3214107980 0x7f321419b910 unknown :-1 s=CLOSED pgs=71 cs=0 l=1 rev1=1 crypto rx=0 tx=0 comp rx=0 tx=0).stop
2024-09-05T02:17:15.403 INFO:teuthology.orchestra.run.smithi078.stdout:/usr/bin/ceph: stderr
2024-09-05T02:17:14.304+0000 7f321c796640 1 -- 172.21.15.78:0/3347637722 >> 172.21.15.78:0/3347637722 conn(0x7f32141031d0 msgr2=0x7f3214103c60 unknown :-1 s=STATE_NONE l=0).mark_down
2024-09-05T02:17:15.403 INFO:teuthology.orchestra.run.smithi078.stdout:/usr/bin/ceph: stderr
2024-09-05T02:17:14.304+0000 7f321c796640 1 -- 172.21.15.78:0/3347637722 shutdown_connections
2024-09-05T02:17:15.403 INFO:teuthology.orchestra.run.smithi078.stdout:/usr/bin/ceph: stderr
2024-09-05T02:17:14.304+0000 7f321c796640 1 -- 172.21.15.78:0/3347637722 wait complete.
2024-09-05T02:17:15.403 INFO:teuthology.orchestra.run.smithi078.stdout:Fetching dashboard port number...
2024-09-05T02:17:15.789 INFO:journalctl@ceph.mon.a.smithi078.stdout:Sep 05 02:17:15 smithi078 ceph-mon[31151]: from='client.14164 -' entity='client.admin' cmd=[{"prefix": "dashboard ac-user-create", "username": "admin", "rolename": "administrator", "force_password": true, "pwd_update_required": true, "target": ["mon-mgr", ""]}]: dispatch
2024-09-05T02:17:16.637 INFO:teuthology.orchestra.run.smithi078.stdout:/usr/bin/ceph: stdout 8443
2024-09-05T02:17:16.637 INFO:teuthology.orchestra.run.smithi078.stdout:/usr/bin/ceph: stderr
2024-09-05T02:17:15.886+0000 7fe8590ba640 1 Processor -- start
2024-09-05T02:17:16.637 INFO:teuthology.orchestra.run.smithi078.stdout:/usr/bin/ceph: stderr
2024-09-05T02:17:15.886+0000 7fe8590ba640 1 -- start start
2024-09-05T02:17:16.637 INFO:teuthology.orchestra.run.smithi078.stdout:/usr/bin/ceph: stderr
2024-09-05T02:17:15.886+0000 7fe8590ba640 1 --2- >> [v2:172.21.15.78:3300/0,v1:172.21.15.78:6789/0] conn(0x7fe854106840 0x7fe854106c40 unknown :-1 s=NONE pgs=0 cs=0 l=0 rev1=0 crypto rx=0 tx=0 comp rx=0 tx=0).connect
2024-09-05T02:17:16.637 INFO:teuthology.orchestra.run.smithi078.stdout:/usr/bin/ceph: stderr
2024-09-05T02:17:15.886+0000 7fe8590ba640 1 -- --> [v2:172.21.15.78:3300/0,v1:172.21.15.78:6789/0] -- mon_getmap magic: 0 -- 0x7fe854107210 con 0x7fe854106840
2024-09-05T02:17:16.637 INFO:teuthology.orchestra.run.smithi078.stdout:/usr/bin/ceph: stderr
2024-09-05T02:17:15.886+0000 7fe852d9d640 1 --2- >> [v2:172.21.15.78:3300/0,v1:172.21.15.78:6789/0] conn(0x7fe854106840 0x7fe854106c40 unknown :-1 s=BANNER_CONNECTING pgs=0 cs=0 l=0 rev1=0 crypto rx=0 tx=0 comp rx=0 tx=0)._handle_peer_banner_payload supported=3 required=0
2024-09-05T02:17:16.637 INFO:teuthology.orchestra.run.smithi078.stdout:/usr/bin/ceph: stderr
2024-09-05T02:17:15.887+0000 7fe852d9d640 1 --2- >> [v2:172.21.15.78:3300/0,v1:172.21.15.78:6789/0] conn(0x7fe854106840 0x7fe854106c40 unknown :-1 s=HELLO_CONNECTING pgs=0 cs=0 l=0 rev1=1 crypto rx=0 tx=0 comp rx=0 tx=0).handle_hello peer v2:172.21.15.78:3300/0 says I am v2:172.21.15.78:50924/0 (socket says 172.21.15.78:50924)
2024-09-05T02:17:16.637 INFO:teuthology.orchestra.run.smithi078.stdout:/usr/bin/ceph: stderr
2024-09-05T02:17:15.887+0000 7fe852d9d640 1 -- 172.21.15.78:0/2393182320 learned_addr learned my addr 172.21.15.78:0/2393182320 (peer_addr_for_me v2:172.21.15.78:0/0)
2024-09-05T02:17:16.638 INFO:teuthology.orchestra.run.smithi078.stdout:/usr/bin/ceph: stderr
2024-09-05T02:17:15.887+0000 7fe852d9d640 1 -- 172.21.15.78:0/2393182320 --> [v2:172.21.15.78:3300/0,v1:172.21.15.78:6789/0] -- mon_subscribe({config=0+,monmap=0+}) -- 0x7fe8541079f0 con 0x7fe854106840
2024-09-05T02:17:16.638 INFO:teuthology.orchestra.run.smithi078.stdout:/usr/bin/ceph: stderr
2024-09-05T02:17:15.887+0000 7fe852d9d640 1 --2- 172.21.15.78:0/2393182320 >> [v2:172.21.15.78:3300/0,v1:172.21.15.78:6789/0] conn(0x7fe854106840 0x7fe854106c40 secure :-1 s=READY pgs=72 cs=0 l=1 rev1=1 crypto rx=0x7fe84400d180 tx=0x7fe84402c9a0 comp rx=0 tx=0).ready entity=mon.0 client_cookie=1d67b69d126dc1d8 server_cookie=0 in_seq=0 out_seq=0
2024-09-05T02:17:16.638 INFO:teuthology.orchestra.run.smithi078.stdout:/usr/bin/ceph: stderr
2024-09-05T02:17:15.888+0000 7fe851d9b640 1 -- 172.21.15.78:0/2393182320 <== mon.0 v2:172.21.15.78:3300/0 1 ==== mon_map magic: 0 ==== 205+0+0 (secure 0 0 0) 0x7fe84400b410 con 0x7fe854106840
2024-09-05T02:17:16.638 INFO:teuthology.orchestra.run.smithi078.stdout:/usr/bin/ceph: stderr
2024-09-05T02:17:15.888+0000 7fe851d9b640 1 -- 172.21.15.78:0/2393182320 <== mon.0 v2:172.21.15.78:3300/0 2 ==== config(29 keys) ==== 1209+0+0 (secure 0 0 0) 0x7fe844009b20 con 0x7fe854106840
2024-09-05T02:17:16.638 INFO:teuthology.orchestra.run.smithi078.stdout:/usr/bin/ceph: stderr
2024-09-05T02:17:15.888+0000 7fe851d9b640 1 -- 172.21.15.78:0/2393182320 <== mon.0 v2:172.21.15.78:3300/0 3 ==== mon_map magic: 0 ==== 205+0+0 (secure 0 0 0) 0x7fe844033d60 con 0x7fe854106840
2024-09-05T02:17:16.638 INFO:teuthology.orchestra.run.smithi078.stdout:/usr/bin/ceph: stderr
2024-09-05T02:17:15.888+0000 7fe8590ba640 1 -- 172.21.15.78:0/2393182320 >> [v2:172.21.15.78:3300/0,v1:172.21.15.78:6789/0] conn(0x7fe854106840 msgr2=0x7fe854106c40 secure :-1 s=STATE_CONNECTION_ESTABLISHED l=1).mark_down
2024-09-05T02:17:16.638 INFO:teuthology.orchestra.run.smithi078.stdout:/usr/bin/ceph: stderr
2024-09-05T02:17:15.888+0000 7fe8590ba640 1 --2- 172.21.15.78:0/2393182320 >> [v2:172.21.15.78:3300/0,v1:172.21.15.78:6789/0] conn(0x7fe854106840 0x7fe854106c40 secure :-1 s=READY pgs=72 cs=0 l=1 rev1=1 crypto rx=0x7fe84400d180 tx=0x7fe84402c9a0 comp rx=0 tx=0).stop
2024-09-05T02:17:16.638 INFO:teuthology.orchestra.run.smithi078.stdout:/usr/bin/ceph: stderr
2024-09-05T02:17:15.888+0000 7fe8590ba640 1 -- 172.21.15.78:0/2393182320 shutdown_connections
2024-09-05T02:17:16.638 INFO:teuthology.orchestra.run.smithi078.stdout:/usr/bin/ceph: stderr
2024-09-05T02:17:15.888+0000 7fe8590ba640 1 --2- 172.21.15.78:0/2393182320 >> [v2:172.21.15.78:3300/0,v1:172.21.15.78:6789/0] conn(0x7fe854106840 0x7fe854106c40 unknown :-1 s=CLOSED pgs=72 cs=0 l=1 rev1=1 crypto rx=0 tx=0 comp rx=0 tx=0).stop
2024-09-05T02:17:16.638 INFO:teuthology.orchestra.run.smithi078.stdout:/usr/bin/ceph: stderr
2024-09-05T02:17:15.888+0000 7fe8590ba640 1 -- 172.21.15.78:0/2393182320 >> 172.21.15.78:0/2393182320 conn(0x7fe854101f90 msgr2=0x7fe854104410 unknown :-1 s=STATE_NONE l=0).mark_down
2024-09-05T02:17:16.638 INFO:teuthology.orchestra.run.smithi078.stdout:/usr/bin/ceph: stderr
2024-09-05T02:17:15.888+0000 7fe8590ba640 1 -- 172.21.15.78:0/2393182320 shutdown_connections
2024-09-05T02:17:16.638 INFO:teuthology.orchestra.run.smithi078.stdout:/usr/bin/ceph: stderr
2024-09-05T02:17:15.888+0000 7fe8590ba640 1 -- 172.21.15.78:0/2393182320 wait complete.
2024-09-05T02:17:16.638 INFO:teuthology.orchestra.run.smithi078.stdout:/usr/bin/ceph: stderr
2024-09-05T02:17:15.889+0000 7fe8590ba640 1 Processor -- start
2024-09-05T02:17:16.638 INFO:teuthology.orchestra.run.smithi078.stdout:/usr/bin/ceph: stderr
2024-09-05T02:17:15.889+0000 7fe8590ba640 1 -- start start
2024-09-05T02:17:16.639 INFO:teuthology.orchestra.run.smithi078.stdout:/usr/bin/ceph: stderr
2024-09-05T02:17:15.889+0000 7fe8590ba640 1 --2- >> [v2:172.21.15.78:3300/0,v1:172.21.15.78:6789/0] conn(0x7fe854106840 0x7fe8541997e0 unknown :-1 s=NONE pgs=0 cs=0 l=1 rev1=0 crypto rx=0 tx=0 comp rx=0 tx=0).connect
2024-09-05T02:17:16.639 INFO:teuthology.orchestra.run.smithi078.stdout:/usr/bin/ceph: stderr
2024-09-05T02:17:15.889+0000 7fe8590ba640 1 -- --> [v2:172.21.15.78:3300/0,v1:172.21.15.78:6789/0] -- mon_getmap magic: 0 -- 0x7fe85407b120 con 0x7fe854106840
2024-09-05T02:17:16.639 INFO:teuthology.orchestra.run.smithi078.stdout:/usr/bin/ceph: stderr
2024-09-05T02:17:15.890+0000 7fe852d9d640 1 --2- >> [v2:172.21.15.78:3300/0,v1:172.21.15.78:6789/0] conn(0x7fe854106840 0x7fe8541997e0 unknown :-1 s=BANNER_CONNECTING pgs=0 cs=0 l=1 rev1=0 crypto rx=0 tx=0 comp rx=0 tx=0)._handle_peer_banner_payload supported=3 required=0
2024-09-05T02:17:16.639 INFO:teuthology.orchestra.run.smithi078.stdout:/usr/bin/ceph: stderr
2024-09-05T02:17:15.890+0000 7fe852d9d640 1 --2- >> [v2:172.21.15.78:3300/0,v1:172.21.15.78:6789/0] conn(0x7fe854106840 0x7fe8541997e0 unknown :-1 s=HELLO_CONNECTING pgs=0 cs=0 l=1 rev1=1 crypto rx=0 tx=0 comp rx=0 tx=0).handle_hello peer v2:172.21.15.78:3300/0 says I am v2:172.21.15.78:50926/0 (socket says 172.21.15.78:50926)
2024-09-05T02:17:16.639 INFO:teuthology.orchestra.run.smithi078.stdout:/usr/bin/ceph: stderr
2024-09-05T02:17:15.890+0000 7fe852d9d640 1 -- 172.21.15.78:0/555204785 learned_addr learned my addr 172.21.15.78:0/555204785 (peer_addr_for_me v2:172.21.15.78:0/0)
2024-09-05T02:17:16.639 INFO:teuthology.orchestra.run.smithi078.stdout:/usr/bin/ceph: stderr
2024-09-05T02:17:15.890+0000 7fe852d9d640 1 -- 172.21.15.78:0/555204785 --> [v2:172.21.15.78:3300/0,v1:172.21.15.78:6789/0] -- mon_subscribe({config=0+,monmap=0+}) -- 0x7fe854199d20 con 0x7fe854106840
2024-09-05T02:17:16.639 INFO:teuthology.orchestra.run.smithi078.stdout:/usr/bin/ceph: stderr
2024-09-05T02:17:15.890+0000 7fe852d9d640 1 --2- 172.21.15.78:0/555204785 >> [v2:172.21.15.78:3300/0,v1:172.21.15.78:6789/0] conn(0x7fe854106840 0x7fe8541997e0 secure :-1 s=READY pgs=73 cs=0 l=1 rev1=1 crypto rx=0x7fe84400e090 tx=0x7fe84400b510 comp rx=0 tx=0).ready entity=mon.0 client_cookie=0 server_cookie=0 in_seq=0 out_seq=0
2024-09-05T02:17:16.639 INFO:teuthology.orchestra.run.smithi078.stdout:/usr/bin/ceph: stderr
2024-09-05T02:17:15.890+0000 7fe84bfff640 1 -- 172.21.15.78:0/555204785 <== mon.0 v2:172.21.15.78:3300/0 1 ==== mon_map magic: 0 ==== 205+0+0 (secure 0 0 0) 0x7fe844043070 con 0x7fe854106840
2024-09-05T02:17:16.639 INFO:teuthology.orchestra.run.smithi078.stdout:/usr/bin/ceph: stderr
2024-09-05T02:17:15.890+0000 7fe84bfff640 1 -- 172.21.15.78:0/555204785 <== mon.0 v2:172.21.15.78:3300/0 2 ==== config(29 keys) ==== 1209+0+0 (secure 0 0 0) 0x7fe844009940 con 0x7fe854106840
2024-09-05T02:17:16.639 INFO:teuthology.orchestra.run.smithi078.stdout:/usr/bin/ceph: stderr
2024-09-05T02:17:15.890+0000 7fe8590ba640 1 -- 172.21.15.78:0/555204785 --> [v2:172.21.15.78:3300/0,v1:172.21.15.78:6789/0] -- mon_subscribe({mgrmap=0+}) -- 0x7fe854199fb0 con 0x7fe854106840
2024-09-05T02:17:16.639 INFO:teuthology.orchestra.run.smithi078.stdout:/usr/bin/ceph: stderr
2024-09-05T02:17:15.890+0000 7fe84bfff640 1 -- 172.21.15.78:0/555204785 <== mon.0 v2:172.21.15.78:3300/0 3 ==== mon_map magic: 0 ==== 205+0+0 (secure 0 0 0) 0x7fe84403c9b0 con 0x7fe854106840
2024-09-05T02:17:16.639 INFO:teuthology.orchestra.run.smithi078.stdout:/usr/bin/ceph: stderr
2024-09-05T02:17:15.890+0000 7fe8590ba640 1 -- 172.21.15.78:0/555204785 --> [v2:172.21.15.78:3300/0,v1:172.21.15.78:6789/0] -- mon_subscribe({osdmap=0}) -- 0x7fe85419cca0 con 0x7fe854106840
2024-09-05T02:17:16.639 INFO:teuthology.orchestra.run.smithi078.stdout:/usr/bin/ceph: stderr
2024-09-05T02:17:15.891+0000 7fe84bfff640 1 -- 172.21.15.78:0/555204785 <== mon.0 v2:172.21.15.78:3300/0 4 ==== mgrmap(e 12) ==== 46300+0+0 (secure 0 0 0) 0x7fe844046070 con 0x7fe854106840
2024-09-05T02:17:16.640 INFO:teuthology.orchestra.run.smithi078.stdout:/usr/bin/ceph: stderr
2024-09-05T02:17:15.891+0000 7fe8590ba640 1 -- 172.21.15.78:0/555204785 --> [v2:172.21.15.78:3300/0,v1:172.21.15.78:6789/0] -- mon_command({"prefix": "get_command_descriptions"} v 0) -- 0x7fe854106cc0 con 0x7fe854106840
2024-09-05T02:17:16.640 INFO:teuthology.orchestra.run.smithi078.stdout:/usr/bin/ceph: stderr
2024-09-05T02:17:15.891+0000 7fe84bfff640 1 --2- 172.21.15.78:0/555204785 >> [v2:172.21.15.78:6800/4264049433,v1:172.21.15.78:6801/4264049433] conn(0x7fe840038fc0 0x7fe84003b480 unknown :-1 s=NONE pgs=0 cs=0 l=1 rev1=0 crypto rx=0 tx=0 comp rx=0 tx=0).connect
2024-09-05T02:17:16.640 INFO:teuthology.orchestra.run.smithi078.stdout:/usr/bin/ceph: stderr
2024-09-05T02:17:15.891+0000 7fe84bfff640 1 -- 172.21.15.78:0/555204785 <== mon.0 v2:172.21.15.78:3300/0 5 ==== osd_map(3..3 src has 1..3) ==== 1155+0+0 (secure 0 0 0) 0x7fe844030050 con 0x7fe854106840
2024-09-05T02:17:16.640 INFO:teuthology.orchestra.run.smithi078.stdout:/usr/bin/ceph: stderr
2024-09-05T02:17:15.891+0000 7fe85259c640 1 --2- 172.21.15.78:0/555204785 >> [v2:172.21.15.78:6800/4264049433,v1:172.21.15.78:6801/4264049433] conn(0x7fe840038fc0 0x7fe84003b480 unknown :-1 s=BANNER_CONNECTING pgs=0 cs=0 l=1 rev1=0 crypto rx=0 tx=0 comp rx=0 tx=0)._handle_peer_banner_payload supported=3 required=0
2024-09-05T02:17:16.640 INFO:teuthology.orchestra.run.smithi078.stdout:/usr/bin/ceph: stderr
2024-09-05T02:17:15.892+0000 7fe85259c640 1 --2- 172.21.15.78:0/555204785 >> [v2:172.21.15.78:6800/4264049433,v1:172.21.15.78:6801/4264049433] conn(0x7fe840038fc0 0x7fe84003b480 secure :-1 s=READY pgs=9 cs=0 l=1 rev1=1 crypto rx=0x7fe83c0098c0 tx=0x7fe83c006db0 comp rx=0 tx=0).ready entity=mgr.14150 client_cookie=0 server_cookie=0 in_seq=0 out_seq=0
2024-09-05T02:17:16.640 INFO:teuthology.orchestra.run.smithi078.stdout:/usr/bin/ceph: stderr
2024-09-05T02:17:15.896+0000 7fe84bfff640 1 -- 172.21.15.78:0/555204785 <== mon.0 v2:172.21.15.78:3300/0 6 ==== mon_command_ack([{"prefix": "get_command_descriptions"}]=0 v0) ==== 72+0+188821 (secure 0 0 0) 0x7fe844047cd0 con 0x7fe854106840
2024-09-05T02:17:16.640 INFO:teuthology.orchestra.run.smithi078.stdout:/usr/bin/ceph: stderr
2024-09-05T02:17:16.062+0000 7fe8590ba640 1 -- 172.21.15.78:0/555204785 --> [v2:172.21.15.78:3300/0,v1:172.21.15.78:6789/0] -- mon_command({"prefix": "config get", "who": "mgr", "key": "mgr/dashboard/ssl_server_port"} v 0) -- 0x7fe854192ca0 con 0x7fe854106840
2024-09-05T02:17:16.640 INFO:teuthology.orchestra.run.smithi078.stdout:/usr/bin/ceph: stderr
2024-09-05T02:17:16.062+0000 7fe84bfff640 1 -- 172.21.15.78:0/555204785 <== mon.0 v2:172.21.15.78:3300/0 7 ==== mon_command_ack([{"prefix": "config get", "who": "mgr", "key": "mgr/dashboard/ssl_server_port"}]=0 v8) ==== 112+0+5 (secure 0 0 0) 0x7fe8440477b0 con 0x7fe854106840
2024-09-05T02:17:16.640 INFO:teuthology.orchestra.run.smithi078.stdout:/usr/bin/ceph: stderr
2024-09-05T02:17:16.064+0000 7fe8590ba640 1 -- 172.21.15.78:0/555204785 >> [v2:172.21.15.78:6800/4264049433,v1:172.21.15.78:6801/4264049433] conn(0x7fe840038fc0 msgr2=0x7fe84003b480 secure :-1 s=STATE_CONNECTION_ESTABLISHED l=1).mark_down
2024-09-05T02:17:16.640 INFO:teuthology.orchestra.run.smithi078.stdout:/usr/bin/ceph: stderr
2024-09-05T02:17:16.064+0000 7fe8590ba640 1 --2- 172.21.15.78:0/555204785 >> [v2:172.21.15.78:6800/4264049433,v1:172.21.15.78:6801/4264049433] conn(0x7fe840038fc0 0x7fe84003b480 secure :-1 s=READY pgs=9 cs=0 l=1 rev1=1 crypto rx=0x7fe83c0098c0 tx=0x7fe83c006db0 comp rx=0 tx=0).stop
2024-09-05T02:17:16.640 INFO:teuthology.orchestra.run.smithi078.stdout:/usr/bin/ceph: stderr
2024-09-05T02:17:16.064+0000 7fe8590ba640 1 -- 172.21.15.78:0/555204785 >> [v2:172.21.15.78:3300/0,v1:172.21.15.78:6789/0] conn(0x7fe854106840 msgr2=0x7fe8541997e0 secure :-1 s=STATE_CONNECTION_ESTABLISHED l=1).mark_down
2024-09-05T02:17:16.640 INFO:teuthology.orchestra.run.smithi078.stdout:/usr/bin/ceph: stderr
2024-09-05T02:17:16.064+0000 7fe8590ba640 1 --2- 172.21.15.78:0/555204785 >> [v2:172.21.15.78:3300/0,v1:172.21.15.78:6789/0] conn(0x7fe854106840 0x7fe8541997e0 secure :-1 s=READY pgs=73 cs=0 l=1 rev1=1 crypto rx=0x7fe84400e090 tx=0x7fe84400b510 comp rx=0 tx=0).stop
2024-09-05T02:17:16.641 INFO:teuthology.orchestra.run.smithi078.stdout:/usr/bin/ceph: stderr
2024-09-05T02:17:16.065+0000 7fe8590ba640 1 -- 172.21.15.78:0/555204785 shutdown_connections
2024-09-05T02:17:16.641 INFO:teuthology.orchestra.run.smithi078.stdout:/usr/bin/ceph: stderr
2024-09-05T02:17:16.065+0000 7fe8590ba640 1 --2- 172.21.15.78:0/555204785 >> [v2:172.21.15.78:6800/4264049433,v1:172.21.15.78:6801/4264049433] conn(0x7fe840038fc0 0x7fe84003b480 unknown :-1 s=CLOSED pgs=9 cs=0 l=1 rev1=1 crypto rx=0 tx=0 comp rx=0 tx=0).stop
2024-09-05T02:17:16.641 INFO:teuthology.orchestra.run.smithi078.stdout:/usr/bin/ceph: stderr
2024-09-05T02:17:16.065+0000 7fe8590ba640 1 --2- 172.21.15.78:0/555204785 >> [v2:172.21.15.78:3300/0,v1:172.21.15.78:6789/0] conn(0x7fe854106840 0x7fe8541997e0 unknown :-1 s=CLOSED pgs=73 cs=0 l=1 rev1=1 crypto rx=0 tx=0 comp rx=0 tx=0).stop
2024-09-05T02:17:16.641 INFO:teuthology.orchestra.run.smithi078.stdout:/usr/bin/ceph: stderr
2024-09-05T02:17:16.065+0000 7fe8590ba640 1 -- 172.21.15.78:0/555204785 >> 172.21.15.78:0/555204785 conn(0x7fe854101f90 msgr2=0x7fe85418fdf0 unknown :-1 s=STATE_NONE l=0).mark_down
2024-09-05T02:17:16.641 INFO:teuthology.orchestra.run.smithi078.stdout:/usr/bin/ceph: stderr
2024-09-05T02:17:16.065+0000 7fe8590ba640 1 -- 172.21.15.78:0/555204785 shutdown_connections
2024-09-05T02:17:16.641 INFO:teuthology.orchestra.run.smithi078.stdout:/usr/bin/ceph: stderr
2024-09-05T02:17:16.065+0000 7fe8590ba640 1 -- 172.21.15.78:0/555204785 wait complete.
2024-09-05T02:17:16.643 INFO:teuthology.orchestra.run.smithi078.stdout:Non-zero exit code 1 from systemctl is-enabled firewalld.service
2024-09-05T02:17:16.643 INFO:teuthology.orchestra.run.smithi078.stdout:systemctl: stdout disabled
2024-09-05T02:17:16.650 INFO:teuthology.orchestra.run.smithi078.stdout:Non-zero exit code 3 from systemctl is-active firewalld.service
2024-09-05T02:17:16.650 INFO:teuthology.orchestra.run.smithi078.stdout:systemctl: stdout inactive
2024-09-05T02:17:16.651 INFO:teuthology.orchestra.run.smithi078.stdout:firewalld.service is not enabled
2024-09-05T02:17:16.651 INFO:teuthology.orchestra.run.smithi078.stdout:Not possible to open ports <[8443]>. firewalld.service is not available
2024-09-05T02:17:16.652 INFO:teuthology.orchestra.run.smithi078.stdout:Ceph Dashboard is now available at:
2024-09-05T02:17:16.652 INFO:teuthology.orchestra.run.smithi078.stdout:
2024-09-05T02:17:16.652 INFO:teuthology.orchestra.run.smithi078.stdout: URL: https://smithi078:8443/
2024-09-05T02:17:16.652 INFO:teuthology.orchestra.run.smithi078.stdout: User: admin
2024-09-05T02:17:16.652 INFO:teuthology.orchestra.run.smithi078.stdout: Password: o78vnl6e22
2024-09-05T02:17:16.652 INFO:teuthology.orchestra.run.smithi078.stdout:
2024-09-05T02:17:16.653 INFO:teuthology.orchestra.run.smithi078.stdout:Saving cluster configuration to /var/lib/ceph/ae0f3f70-6b2c-11ef-bcd6-c7b262605968/config directory
2024-09-05T02:17:16.772 INFO:journalctl@ceph.mon.a.smithi078.stdout:Sep 05 02:17:16 smithi078 ceph-mon[31151]: from='client.? 172.21.15.78:0/555204785' entity='client.admin' cmd=[{"prefix": "config get", "who": "mgr", "key": "mgr/dashboard/ssl_server_port"}]: dispatch
2024-09-05T02:17:17.619 INFO:journalctl@ceph.mon.a.smithi078.stdout:Sep 05 02:17:17 smithi078 ceph-mon[31151]: mgrmap e13: x(active, since 6s)
2024-09-05T02:17:17.619 INFO:journalctl@ceph.mon.a.smithi078.stdout:Sep 05 02:17:17 smithi078 ceph-mon[31151]: from='client.? 172.21.15.78:0/2096387398' entity='client.admin'
2024-09-05T02:17:17.902 INFO:teuthology.orchestra.run.smithi078.stdout:/usr/bin/ceph: stderr
2024-09-05T02:17:17.053+0000 7ff802263640 1 Processor -- start
2024-09-05T02:17:17.902 INFO:teuthology.orchestra.run.smithi078.stdout:/usr/bin/ceph: stderr
2024-09-05T02:17:17.053+0000 7ff802263640 1 -- start start
2024-09-05T02:17:17.902 INFO:teuthology.orchestra.run.smithi078.stdout:/usr/bin/ceph: stderr
2024-09-05T02:17:17.054+0000 7ff802263640 1 --2- >> [v2:172.21.15.78:3300/0,v1:172.21.15.78:6789/0] conn(0x7ff7fc1083b0 0x7ff7fc10a7a0 unknown :-1 s=NONE pgs=0 cs=0 l=0 rev1=0 crypto rx=0 tx=0 comp rx=0 tx=0).connect
2024-09-05T02:17:17.902 INFO:teuthology.orchestra.run.smithi078.stdout:/usr/bin/ceph: stderr
2024-09-05T02:17:17.054+0000 7ff802263640 1 -- --> [v2:172.21.15.78:3300/0,v1:172.21.15.78:6789/0] -- mon_getmap magic: 0 -- 0x7ff7fc07be30 con 0x7ff7fc1083b0
2024-09-05T02:17:17.903 INFO:teuthology.orchestra.run.smithi078.stdout:/usr/bin/ceph: stderr
2024-09-05T02:17:17.054+0000 7ff7fbfff640 1 --2- >> [v2:172.21.15.78:3300/0,v1:172.21.15.78:6789/0] conn(0x7ff7fc1083b0 0x7ff7fc10a7a0 unknown :-1 s=BANNER_CONNECTING pgs=0 cs=0 l=0 rev1=0 crypto rx=0 tx=0 comp rx=0 tx=0)._handle_peer_banner_payload supported=3 required=0
2024-09-05T02:17:17.903 INFO:teuthology.orchestra.run.smithi078.stdout:/usr/bin/ceph: stderr
2024-09-05T02:17:17.054+0000 7ff7fbfff640 1 --2- >> [v2:172.21.15.78:3300/0,v1:172.21.15.78:6789/0] conn(0x7ff7fc1083b0 0x7ff7fc10a7a0 unknown :-1 s=HELLO_CONNECTING pgs=0 cs=0 l=0 rev1=1 crypto rx=0 tx=0 comp rx=0 tx=0).handle_hello peer v2:172.21.15.78:3300/0 says I am v2:172.21.15.78:50936/0 (socket says 172.21.15.78:50936)
2024-09-05T02:17:17.903 INFO:teuthology.orchestra.run.smithi078.stdout:/usr/bin/ceph: stderr
2024-09-05T02:17:17.054+0000 7ff7fbfff640 1 -- 172.21.15.78:0/3247274355 learned_addr learned my addr 172.21.15.78:0/3247274355 (peer_addr_for_me v2:172.21.15.78:0/0)
2024-09-05T02:17:17.903 INFO:teuthology.orchestra.run.smithi078.stdout:/usr/bin/ceph: stderr
2024-09-05T02:17:17.054+0000 7ff7fbfff640 1 -- 172.21.15.78:0/3247274355 --> [v2:172.21.15.78:3300/0,v1:172.21.15.78:6789/0] -- mon_subscribe({config=0+,monmap=0+}) -- 0x7ff7fc10ace0 con 0x7ff7fc1083b0
2024-09-05T02:17:17.903 INFO:teuthology.orchestra.run.smithi078.stdout:/usr/bin/ceph: stderr
2024-09-05T02:17:17.055+0000 7ff7fbfff640 1 --2- 172.21.15.78:0/3247274355 >> [v2:172.21.15.78:3300/0,v1:172.21.15.78:6789/0] conn(0x7ff7fc1083b0 0x7ff7fc10a7a0 secure :-1 s=READY pgs=74 cs=0 l=1 rev1=1 crypto rx=0x7ff7ec009e80 tx=0x7ff7ec02a7a0 comp rx=0 tx=0).ready entity=mon.0 client_cookie=85f5b0c8727e0869 server_cookie=0 in_seq=0 out_seq=0
2024-09-05T02:17:17.903 INFO:teuthology.orchestra.run.smithi078.stdout:/usr/bin/ceph: stderr
2024-09-05T02:17:17.055+0000 7ff7faffd640 1 -- 172.21.15.78:0/3247274355 <== mon.0 v2:172.21.15.78:3300/0 1 ==== mon_map magic: 0 ==== 205+0+0 (secure 0 0 0) 0x7ff7ec036070 con 0x7ff7fc1083b0
2024-09-05T02:17:17.903 INFO:teuthology.orchestra.run.smithi078.stdout:/usr/bin/ceph: stderr
2024-09-05T02:17:17.055+0000 7ff7faffd640 1 -- 172.21.15.78:0/3247274355 <== mon.0 v2:172.21.15.78:3300/0 2 ==== config(29 keys) ==== 1209+0+0 (secure 0 0 0) 0x7ff7ec031920 con 0x7ff7fc1083b0
2024-09-05T02:17:17.903 INFO:teuthology.orchestra.run.smithi078.stdout:/usr/bin/ceph: stderr
2024-09-05T02:17:17.055+0000 7ff7faffd640 1 -- 172.21.15.78:0/3247274355 <== mon.0 v2:172.21.15.78:3300/0 3 ==== mon_map magic: 0 ==== 205+0+0 (secure 0 0 0) 0x7ff7ec007bc0 con 0x7ff7fc1083b0
2024-09-05T02:17:17.903 INFO:teuthology.orchestra.run.smithi078.stdout:/usr/bin/ceph: stderr
2024-09-05T02:17:17.055+0000 7ff802263640 1 -- 172.21.15.78:0/3247274355 >> [v2:172.21.15.78:3300/0,v1:172.21.15.78:6789/0] conn(0x7ff7fc1083b0 msgr2=0x7ff7fc10a7a0 secure :-1 s=STATE_CONNECTION_ESTABLISHED l=1).mark_down
2024-09-05T02:17:17.903 INFO:teuthology.orchestra.run.smithi078.stdout:/usr/bin/ceph: stderr
2024-09-05T02:17:17.055+0000 7ff802263640 1 --2- 172.21.15.78:0/3247274355 >> [v2:172.21.15.78:3300/0,v1:172.21.15.78:6789/0] conn(0x7ff7fc1083b0 0x7ff7fc10a7a0 secure :-1 s=READY pgs=74 cs=0 l=1 rev1=1 crypto rx=0x7ff7ec009e80 tx=0x7ff7ec02a7a0 comp rx=0 tx=0).stop
2024-09-05T02:17:17.903 INFO:teuthology.orchestra.run.smithi078.stdout:/usr/bin/ceph: stderr
2024-09-05T02:17:17.056+0000 7ff802263640 1 -- 172.21.15.78:0/3247274355 shutdown_connections
2024-09-05T02:17:17.903 INFO:teuthology.orchestra.run.smithi078.stdout:/usr/bin/ceph: stderr
2024-09-05T02:17:17.056+0000 7ff802263640 1 --2- 172.21.15.78:0/3247274355 >> [v2:172.21.15.78:3300/0,v1:172.21.15.78:6789/0] conn(0x7ff7fc1083b0 0x7ff7fc10a7a0 unknown :-1 s=CLOSED pgs=74 cs=0 l=1 rev1=1 crypto rx=0 tx=0 comp rx=0 tx=0).stop
2024-09-05T02:17:17.903 INFO:teuthology.orchestra.run.smithi078.stdout:/usr/bin/ceph: stderr
2024-09-05T02:17:17.056+0000 7ff802263640 1 -- 172.21.15.78:0/3247274355 >> 172.21.15.78:0/3247274355 conn(0x7ff7fc101f90 msgr2=0x7ff7fc104410 unknown :-1 s=STATE_NONE l=0).mark_down
2024-09-05T02:17:17.903 INFO:teuthology.orchestra.run.smithi078.stdout:/usr/bin/ceph: stderr
2024-09-05T02:17:17.056+0000 7ff802263640 1 -- 172.21.15.78:0/3247274355 shutdown_connections
2024-09-05T02:17:17.904 INFO:teuthology.orchestra.run.smithi078.stdout:/usr/bin/ceph: stderr
2024-09-05T02:17:17.056+0000 7ff802263640 1 -- 172.21.15.78:0/3247274355 wait complete.
2024-09-05T02:17:17.904 INFO:teuthology.orchestra.run.smithi078.stdout:/usr/bin/ceph: stderr
2024-09-05T02:17:17.056+0000 7ff802263640 1 Processor -- start
2024-09-05T02:17:17.904 INFO:teuthology.orchestra.run.smithi078.stdout:/usr/bin/ceph: stderr
2024-09-05T02:17:17.056+0000 7ff802263640 1 -- start start
2024-09-05T02:17:17.904 INFO:teuthology.orchestra.run.smithi078.stdout:/usr/bin/ceph: stderr
2024-09-05T02:17:17.056+0000 7ff802263640 1 --2- >> [v2:172.21.15.78:3300/0,v1:172.21.15.78:6789/0] conn(0x7ff7fc1083b0 0x7ff7fc107c30 unknown :-1 s=NONE pgs=0 cs=0 l=1 rev1=0 crypto rx=0 tx=0 comp rx=0 tx=0).connect
2024-09-05T02:17:17.904 INFO:teuthology.orchestra.run.smithi078.stdout:/usr/bin/ceph: stderr
2024-09-05T02:17:17.057+0000 7ff802263640 1 -- --> [v2:172.21.15.78:3300/0,v1:172.21.15.78:6789/0] -- mon_getmap magic: 0 -- 0x7ff7fc10be20 con 0x7ff7fc1083b0
2024-09-05T02:17:17.904 INFO:teuthology.orchestra.run.smithi078.stdout:/usr/bin/ceph: stderr
2024-09-05T02:17:17.057+0000 7ff7fbfff640 1 --2- >> [v2:172.21.15.78:3300/0,v1:172.21.15.78:6789/0] conn(0x7ff7fc1083b0 0x7ff7fc107c30 unknown :-1 s=BANNER_CONNECTING pgs=0 cs=0 l=1 rev1=0 crypto rx=0 tx=0 comp rx=0 tx=0)._handle_peer_banner_payload supported=3 required=0
2024-09-05T02:17:17.904 INFO:teuthology.orchestra.run.smithi078.stdout:/usr/bin/ceph: stderr
2024-09-05T02:17:17.057+0000 7ff7fbfff640 1 --2- >> [v2:172.21.15.78:3300/0,v1:172.21.15.78:6789/0] conn(0x7ff7fc1083b0 0x7ff7fc107c30 unknown :-1 s=HELLO_CONNECTING pgs=0 cs=0 l=1 rev1=1 crypto rx=0 tx=0 comp rx=0 tx=0).handle_hello peer v2:172.21.15.78:3300/0 says I am v2:172.21.15.78:50946/0 (socket says 172.21.15.78:50946)
2024-09-05T02:17:17.904 INFO:teuthology.orchestra.run.smithi078.stdout:/usr/bin/ceph: stderr
2024-09-05T02:17:17.057+0000 7ff7fbfff640 1 -- 172.21.15.78:0/2096387398 learned_addr learned my addr 172.21.15.78:0/2096387398 (peer_addr_for_me v2:172.21.15.78:0/0)
2024-09-05T02:17:17.904 INFO:teuthology.orchestra.run.smithi078.stdout:/usr/bin/ceph: stderr
2024-09-05T02:17:17.057+0000 7ff7fbfff640 1 -- 172.21.15.78:0/2096387398 --> [v2:172.21.15.78:3300/0,v1:172.21.15.78:6789/0] -- mon_subscribe({config=0+,monmap=0+}) -- 0x7ff7fc108170 con 0x7ff7fc1083b0
2024-09-05T02:17:17.904 INFO:teuthology.orchestra.run.smithi078.stdout:/usr/bin/ceph: stderr
2024-09-05T02:17:17.057+0000 7ff7fbfff640 1 --2- 172.21.15.78:0/2096387398 >> [v2:172.21.15.78:3300/0,v1:172.21.15.78:6789/0] conn(0x7ff7fc1083b0 0x7ff7fc107c30 secure :-1 s=READY pgs=75 cs=0 l=1 rev1=1 crypto rx=0x7ff7ec031e40 tx=0x7ff7ec031e70 comp rx=0 tx=0).ready entity=mon.0 client_cookie=0 server_cookie=0 in_seq=0 out_seq=0
2024-09-05T02:17:17.904 INFO:teuthology.orchestra.run.smithi078.stdout:/usr/bin/ceph: stderr
2024-09-05T02:17:17.057+0000 7ff7f97fa640 1 -- 172.21.15.78:0/2096387398 <== mon.0 v2:172.21.15.78:3300/0 1 ==== mon_map magic: 0 ==== 205+0+0 (secure 0 0 0) 0x7ff7ec041020 con 0x7ff7fc1083b0
2024-09-05T02:17:17.904 INFO:teuthology.orchestra.run.smithi078.stdout:/usr/bin/ceph: stderr
2024-09-05T02:17:17.057+0000 7ff7f97fa640 1 -- 172.21.15.78:0/2096387398 <== mon.0 v2:172.21.15.78:3300/0 2 ==== config(29 keys) ==== 1209+0+0 (secure 0 0 0) 0x7ff7ec031630 con 0x7ff7fc1083b0
2024-09-05T02:17:17.904 INFO:teuthology.orchestra.run.smithi078.stdout:/usr/bin/ceph: stderr
2024-09-05T02:17:17.057+0000 7ff802263640 1 -- 172.21.15.78:0/2096387398 --> [v2:172.21.15.78:3300/0,v1:172.21.15.78:6789/0] -- mon_subscribe({mgrmap=0+}) -- 0x7ff7fc106360 con 0x7ff7fc1083b0
2024-09-05T02:17:17.905 INFO:teuthology.orchestra.run.smithi078.stdout:/usr/bin/ceph: stderr
2024-09-05T02:17:17.057+0000 7ff7f97fa640 1 -- 172.21.15.78:0/2096387398 <== mon.0 v2:172.21.15.78:3300/0 3 ==== mon_map magic: 0 ==== 205+0+0 (secure 0 0 0) 0x7ff7ec036040 con 0x7ff7fc1083b0
2024-09-05T02:17:17.905 INFO:teuthology.orchestra.run.smithi078.stdout:/usr/bin/ceph: stderr
2024-09-05T02:17:17.057+0000 7ff802263640 1 -- 172.21.15.78:0/2096387398 --> [v2:172.21.15.78:3300/0,v1:172.21.15.78:6789/0] -- mon_subscribe({osdmap=0}) -- 0x7ff7fc1068a0 con 0x7ff7fc1083b0
2024-09-05T02:17:17.905 INFO:teuthology.orchestra.run.smithi078.stdout:/usr/bin/ceph: stderr
2024-09-05T02:17:17.058+0000 7ff7f97fa640 1 -- 172.21.15.78:0/2096387398 <== mon.0 v2:172.21.15.78:3300/0 4 ==== mgrmap(e 13) ==== 46343+0+0 (secure 0 0 0) 0x7ff7ec044020 con 0x7ff7fc1083b0
2024-09-05T02:17:17.905 INFO:teuthology.orchestra.run.smithi078.stdout:/usr/bin/ceph: stderr
2024-09-05T02:17:17.058+0000 7ff802263640 1 -- 172.21.15.78:0/2096387398 --> [v2:172.21.15.78:3300/0,v1:172.21.15.78:6789/0] -- mon_command({"prefix": "get_command_descriptions"} v 0) -- 0x7ff7fc108810 con 0x7ff7fc1083b0
2024-09-05T02:17:17.905 INFO:teuthology.orchestra.run.smithi078.stdout:/usr/bin/ceph: stderr
2024-09-05T02:17:17.058+0000 7ff7f97fa640 1 --2- 172.21.15.78:0/2096387398 >> [v2:172.21.15.78:6800/4264049433,v1:172.21.15.78:6801/4264049433] conn(0x7ff7e8039060 0x7ff7e803b520 unknown :-1 s=NONE pgs=0 cs=0 l=1 rev1=0 crypto rx=0 tx=0 comp rx=0 tx=0).connect
2024-09-05T02:17:17.905 INFO:teuthology.orchestra.run.smithi078.stdout:/usr/bin/ceph: stderr
2024-09-05T02:17:17.058+0000 7ff7f97fa640 1 -- 172.21.15.78:0/2096387398 <== mon.0 v2:172.21.15.78:3300/0 5 ==== osd_map(3..3 src has 1..3) ==== 1155+0+0 (secure 0 0 0) 0x7ff7ec06d520 con 0x7ff7fc1083b0
2024-09-05T02:17:17.905 INFO:teuthology.orchestra.run.smithi078.stdout:/usr/bin/ceph: stderr
2024-09-05T02:17:17.059+0000 7ff7fb7fe640 1 --2- 172.21.15.78:0/2096387398 >> [v2:172.21.15.78:6800/4264049433,v1:172.21.15.78:6801/4264049433] conn(0x7ff7e8039060 0x7ff7e803b520 unknown :-1 s=BANNER_CONNECTING pgs=0 cs=0 l=1 rev1=0 crypto rx=0 tx=0 comp rx=0 tx=0)._handle_peer_banner_payload supported=3 required=0
2024-09-05T02:17:17.905 INFO:teuthology.orchestra.run.smithi078.stdout:/usr/bin/ceph: stderr
2024-09-05T02:17:17.059+0000 7ff7fb7fe640 1 --2- 172.21.15.78:0/2096387398 >> [v2:172.21.15.78:6800/4264049433,v1:172.21.15.78:6801/4264049433] conn(0x7ff7e8039060 0x7ff7e803b520 secure :-1 s=READY pgs=10 cs=0 l=1 rev1=1 crypto rx=0x7ff7e40098c0 tx=0x7ff7e4006db0 comp rx=0 tx=0).ready entity=mgr.14150 client_cookie=0 server_cookie=0 in_seq=0 out_seq=0
2024-09-05T02:17:17.905 INFO:teuthology.orchestra.run.smithi078.stdout:/usr/bin/ceph: stderr
2024-09-05T02:17:17.063+0000 7ff7f97fa640 1 -- 172.21.15.78:0/2096387398 <== mon.0 v2:172.21.15.78:3300/0 6 ==== mon_command_ack([{"prefix": "get_command_descriptions"}]=0 v0) ==== 72+0+188821 (secure 0 0 0) 0x7ff7ec04b020 con 0x7ff7fc1083b0
2024-09-05T02:17:17.905 INFO:teuthology.orchestra.run.smithi078.stdout:/usr/bin/ceph: stderr
2024-09-05T02:17:17.319+0000 7ff802263640 1 -- 172.21.15.78:0/2096387398 --> [v2:172.21.15.78:3300/0,v1:172.21.15.78:6789/0] -- mon_command([{prefix=config-key set, key=mgr/dashboard/cluster/status}] v 0) -- 0x7ff7fc107190 con 0x7ff7fc1083b0
2024-09-05T02:17:17.905 INFO:teuthology.orchestra.run.smithi078.stdout:/usr/bin/ceph: stderr
2024-09-05T02:17:17.321+0000 7ff7f97fa640 1 -- 172.21.15.78:0/2096387398 <== mon.0 v2:172.21.15.78:3300/0 7 ==== mon_command_ack([{prefix=config-key set, key=mgr/dashboard/cluster/status}]=0 set mgr/dashboard/cluster/status v28)=0 set mgr/dashboard/cluster/status v28) ==== 153+0+0 (secure 0 0 0) 0x7ff7ec04dbc0 con 0x7ff7fc1083b0
2024-09-05T02:17:17.905 INFO:teuthology.orchestra.run.smithi078.stdout:/usr/bin/ceph: stderr set mgr/dashboard/cluster/status
2024-09-05T02:17:17.906 INFO:teuthology.orchestra.run.smithi078.stdout:/usr/bin/ceph: stderr
2024-09-05T02:17:17.323+0000 7ff802263640 1 -- 172.21.15.78:0/2096387398 >> [v2:172.21.15.78:6800/4264049433,v1:172.21.15.78:6801/4264049433] conn(0x7ff7e8039060 msgr2=0x7ff7e803b520 secure :-1 s=STATE_CONNECTION_ESTABLISHED l=1).mark_down
2024-09-05T02:17:17.906 INFO:teuthology.orchestra.run.smithi078.stdout:/usr/bin/ceph: stderr
2024-09-05T02:17:17.323+0000 7ff802263640 1 --2- 172.21.15.78:0/2096387398 >> [v2:172.21.15.78:6800/4264049433,v1:172.21.15.78:6801/4264049433] conn(0x7ff7e8039060 0x7ff7e803b520 secure :-1 s=READY pgs=10 cs=0 l=1 rev1=1 crypto rx=0x7ff7e40098c0 tx=0x7ff7e4006db0 comp rx=0 tx=0).stop
2024-09-05T02:17:17.906 INFO:teuthology.orchestra.run.smithi078.stdout:/usr/bin/ceph: stderr
2024-09-05T02:17:17.323+0000 7ff802263640 1 -- 172.21.15.78:0/2096387398 >> [v2:172.21.15.78:3300/0,v1:172.21.15.78:6789/0] conn(0x7ff7fc1083b0 msgr2=0x7ff7fc107c30 secure :-1 s=STATE_CONNECTION_ESTABLISHED l=1).mark_down
2024-09-05T02:17:17.906 INFO:teuthology.orchestra.run.smithi078.stdout:/usr/bin/ceph: stderr
2024-09-05T02:17:17.323+0000 7ff802263640 1 --2- 172.21.15.78:0/2096387398 >> [v2:172.21.15.78:3300/0,v1:172.21.15.78:6789/0] conn(0x7ff7fc1083b0 0x7ff7fc107c30 secure :-1 s=READY pgs=75 cs=0 l=1 rev1=1 crypto rx=0x7ff7ec031e40 tx=0x7ff7ec031e70 comp rx=0 tx=0).stop
2024-09-05T02:17:17.906 INFO:teuthology.orchestra.run.smithi078.stdout:/usr/bin/ceph: stderr
2024-09-05T02:17:17.323+0000 7ff802263640 1 -- 172.21.15.78:0/2096387398 shutdown_connections
2024-09-05T02:17:17.906 INFO:teuthology.orchestra.run.smithi078.stdout:/usr/bin/ceph: stderr
2024-09-05T02:17:17.323+0000 7ff802263640 1 --2- 172.21.15.78:0/2096387398 >> [v2:172.21.15.78:6800/4264049433,v1:172.21.15.78:6801/4264049433] conn(0x7ff7e8039060 0x7ff7e803b520 unknown :-1 s=CLOSED pgs=10 cs=0 l=1 rev1=1 crypto rx=0 tx=0 comp rx=0 tx=0).stop
2024-09-05T02:17:17.906 INFO:teuthology.orchestra.run.smithi078.stdout:/usr/bin/ceph: stderr
2024-09-05T02:17:17.323+0000 7ff802263640 1 --2- 172.21.15.78:0/2096387398 >> [v2:172.21.15.78:3300/0,v1:172.21.15.78:6789/0] conn(0x7ff7fc1083b0 0x7ff7fc107c30 unknown :-1 s=CLOSED pgs=75 cs=0 l=1 rev1=1 crypto rx=0 tx=0 comp rx=0 tx=0).stop
2024-09-05T02:17:17.906 INFO:teuthology.orchestra.run.smithi078.stdout:/usr/bin/ceph: stderr
2024-09-05T02:17:17.323+0000 7ff802263640 1 -- 172.21.15.78:0/2096387398 >> 172.21.15.78:0/2096387398 conn(0x7ff7fc101f90 msgr2=0x7ff7fc102b60 unknown :-1 s=STATE_NONE l=0).mark_down
2024-09-05T02:17:17.906 INFO:teuthology.orchestra.run.smithi078.stdout:/usr/bin/ceph: stderr
2024-09-05T02:17:17.323+0000 7ff802263640 1 -- 172.21.15.78:0/2096387398 shutdown_connections
2024-09-05T02:17:17.906 INFO:teuthology.orchestra.run.smithi078.stdout:/usr/bin/ceph: stderr
2024-09-05T02:17:17.323+0000 7ff802263640 1 -- 172.21.15.78:0/2096387398 wait complete.
2024-09-05T02:17:17.906 INFO:teuthology.orchestra.run.smithi078.stdout:You can access the Ceph CLI as following in case of multi-cluster or non-default config:
2024-09-05T02:17:17.906 INFO:teuthology.orchestra.run.smithi078.stdout:
2024-09-05T02:17:17.906 INFO:teuthology.orchestra.run.smithi078.stdout: sudo /home/ubuntu/cephtest/cephadm shell --fsid ae0f3f70-6b2c-11ef-bcd6-c7b262605968 -c /etc/ceph/ceph.conf -k /etc/ceph/ceph.client.admin.keyring
2024-09-05T02:17:17.906 INFO:teuthology.orchestra.run.smithi078.stdout:
2024-09-05T02:17:17.907 INFO:teuthology.orchestra.run.smithi078.stdout:Or, if you are only running a single cluster on this host:
2024-09-05T02:17:17.907 INFO:teuthology.orchestra.run.smithi078.stdout:
2024-09-05T02:17:17.907 INFO:teuthology.orchestra.run.smithi078.stdout: sudo /home/ubuntu/cephtest/cephadm shell
2024-09-05T02:17:17.907 INFO:teuthology.orchestra.run.smithi078.stdout:
2024-09-05T02:17:17.907 INFO:teuthology.orchestra.run.smithi078.stdout:Please consider enabling telemetry to help improve Ceph:
2024-09-05T02:17:17.907 INFO:teuthology.orchestra.run.smithi078.stdout:
2024-09-05T02:17:17.907 INFO:teuthology.orchestra.run.smithi078.stdout: ceph telemetry on
2024-09-05T02:17:17.907 INFO:teuthology.orchestra.run.smithi078.stdout:
2024-09-05T02:17:17.907 INFO:teuthology.orchestra.run.smithi078.stdout:For more information see:
2024-09-05T02:17:17.907 INFO:teuthology.orchestra.run.smithi078.stdout:
2024-09-05T02:17:17.907 INFO:teuthology.orchestra.run.smithi078.stdout: https://docs.ceph.com/en/latest/mgr/telemetry/
2024-09-05T02:17:17.907 INFO:teuthology.orchestra.run.smithi078.stdout:
2024-09-05T02:17:17.907 INFO:teuthology.orchestra.run.smithi078.stdout:Bootstrap complete.
2024-09-05T02:17:17.939 INFO:tasks.cephadm:Fetching config...
2024-09-05T02:17:17.939 DEBUG:teuthology.orchestra.run.smithi078:> set -ex
2024-09-05T02:17:17.940 DEBUG:teuthology.orchestra.run.smithi078:> dd if=/etc/ceph/ceph.conf of=/dev/stdout
2024-09-05T02:17:17.955 INFO:tasks.cephadm:Fetching client.admin keyring...
2024-09-05T02:17:17.955 DEBUG:teuthology.orchestra.run.smithi078:> set -ex
2024-09-05T02:17:17.955 DEBUG:teuthology.orchestra.run.smithi078:> dd if=/etc/ceph/ceph.client.admin.keyring of=/dev/stdout
2024-09-05T02:17:18.010 INFO:tasks.cephadm:Fetching mon keyring...
2024-09-05T02:17:18.010 DEBUG:teuthology.orchestra.run.smithi078:> set -ex
2024-09-05T02:17:18.011 DEBUG:teuthology.orchestra.run.smithi078:> sudo dd if=/var/lib/ceph/ae0f3f70-6b2c-11ef-bcd6-c7b262605968/mon.a/keyring of=/dev/stdout
2024-09-05T02:17:18.075 INFO:tasks.cephadm:Fetching pub ssh key...
2024-09-05T02:17:18.076 DEBUG:teuthology.orchestra.run.smithi078:> set -ex
2024-09-05T02:17:18.076 DEBUG:teuthology.orchestra.run.smithi078:> dd if=/home/ubuntu/cephtest/ceph.pub of=/dev/stdout
2024-09-05T02:17:18.131 INFO:tasks.cephadm:Installing pub ssh key for root users...
2024-09-05T02:17:18.132 DEBUG:teuthology.orchestra.run.smithi078:> sudo install -d -m 0700 /root/.ssh && echo 'ssh-rsa AAAAB3NzaC1yc2EAAAADAQABAAABgQCpQ3Ab7OJ/h1rXlPsz3frcSrBA/8Lr/7YEQwB45Vv8cPrmeDrOkd7Rd9vjKxNHbsDq5firVN4IBbko8FX6SeR6GO/lWz6s5tRoB+mAIRfpLjYCT40IsTcnD0q018MXOZNU4O/ecmZPyoeV/4qPZEPV0vqwggoP4wE8dhrkIdvfSQT4rqJgwR2ACpgGc5smXbffKrFMhwdBrhB3UuOb4d54TuJb4+G6wHFccHrL2aA/WVw52qIoJcjTqXc2WjWKSRKmUi/fNTQOcxLpMXoSKfWddZYjrPZ/9FZrtCiMLZ4mXjj+X8SqREo550W+byGw7IY3wwweC2UE7fp/070Tb+H0b1EStyfXC1pSvH79tDyCjzf2gP0CrlxpiN7cmN7yp+Geq+fX9O3HGDLmtPmfQoBpVm+YLEhhv2yydtOZYMqXF18LSJ/kxns+vO4ccc94GHetfQeZDjdrJs8js+JDMUCKpJUozfbfGsnTKcOzcFF8Jcl3D7bOa43FhWQcB7+Kq9U= ceph-ae0f3f70-6b2c-11ef-bcd6-c7b262605968' | sudo tee -a /root/.ssh/authorized_keys && sudo chmod 0600 /root/.ssh/authorized_keys
2024-09-05T02:17:18.206 INFO:teuthology.orchestra.run.smithi078.stdout:ssh-rsa AAAAB3NzaC1yc2EAAAADAQABAAABgQCpQ3Ab7OJ/h1rXlPsz3frcSrBA/8Lr/7YEQwB45Vv8cPrmeDrOkd7Rd9vjKxNHbsDq5firVN4IBbko8FX6SeR6GO/lWz6s5tRoB+mAIRfpLjYCT40IsTcnD0q018MXOZNU4O/ecmZPyoeV/4qPZEPV0vqwggoP4wE8dhrkIdvfSQT4rqJgwR2ACpgGc5smXbffKrFMhwdBrhB3UuOb4d54TuJb4+G6wHFccHrL2aA/WVw52qIoJcjTqXc2WjWKSRKmUi/fNTQOcxLpMXoSKfWddZYjrPZ/9FZrtCiMLZ4mXjj+X8SqREo550W+byGw7IY3wwweC2UE7fp/070Tb+H0b1EStyfXC1pSvH79tDyCjzf2gP0CrlxpiN7cmN7yp+Geq+fX9O3HGDLmtPmfQoBpVm+YLEhhv2yydtOZYMqXF18LSJ/kxns+vO4ccc94GHetfQeZDjdrJs8js+JDMUCKpJUozfbfGsnTKcOzcFF8Jcl3D7bOa43FhWQcB7+Kq9U= ceph-ae0f3f70-6b2c-11ef-bcd6-c7b262605968
2024-09-05T02:17:18.217 DEBUG:teuthology.orchestra.run.smithi114:> sudo install -d -m 0700 /root/.ssh && echo 'ssh-rsa AAAAB3NzaC1yc2EAAAADAQABAAABgQCpQ3Ab7OJ/h1rXlPsz3frcSrBA/8Lr/7YEQwB45Vv8cPrmeDrOkd7Rd9vjKxNHbsDq5firVN4IBbko8FX6SeR6GO/lWz6s5tRoB+mAIRfpLjYCT40IsTcnD0q018MXOZNU4O/ecmZPyoeV/4qPZEPV0vqwggoP4wE8dhrkIdvfSQT4rqJgwR2ACpgGc5smXbffKrFMhwdBrhB3UuOb4d54TuJb4+G6wHFccHrL2aA/WVw52qIoJcjTqXc2WjWKSRKmUi/fNTQOcxLpMXoSKfWddZYjrPZ/9FZrtCiMLZ4mXjj+X8SqREo550W+byGw7IY3wwweC2UE7fp/070Tb+H0b1EStyfXC1pSvH79tDyCjzf2gP0CrlxpiN7cmN7yp+Geq+fX9O3HGDLmtPmfQoBpVm+YLEhhv2yydtOZYMqXF18LSJ/kxns+vO4ccc94GHetfQeZDjdrJs8js+JDMUCKpJUozfbfGsnTKcOzcFF8Jcl3D7bOa43FhWQcB7+Kq9U= ceph-ae0f3f70-6b2c-11ef-bcd6-c7b262605968' | sudo tee -a /root/.ssh/authorized_keys && sudo chmod 0600 /root/.ssh/authorized_keys
2024-09-05T02:17:18.259 INFO:teuthology.orchestra.run.smithi114.stdout:ssh-rsa AAAAB3NzaC1yc2EAAAADAQABAAABgQCpQ3Ab7OJ/h1rXlPsz3frcSrBA/8Lr/7YEQwB45Vv8cPrmeDrOkd7Rd9vjKxNHbsDq5firVN4IBbko8FX6SeR6GO/lWz6s5tRoB+mAIRfpLjYCT40IsTcnD0q018MXOZNU4O/ecmZPyoeV/4qPZEPV0vqwggoP4wE8dhrkIdvfSQT4rqJgwR2ACpgGc5smXbffKrFMhwdBrhB3UuOb4d54TuJb4+G6wHFccHrL2aA/WVw52qIoJcjTqXc2WjWKSRKmUi/fNTQOcxLpMXoSKfWddZYjrPZ/9FZrtCiMLZ4mXjj+X8SqREo550W+byGw7IY3wwweC2UE7fp/070Tb+H0b1EStyfXC1pSvH79tDyCjzf2gP0CrlxpiN7cmN7yp+Geq+fX9O3HGDLmtPmfQoBpVm+YLEhhv2yydtOZYMqXF18LSJ/kxns+vO4ccc94GHetfQeZDjdrJs8js+JDMUCKpJUozfbfGsnTKcOzcFF8Jcl3D7bOa43FhWQcB7+Kq9U= ceph-ae0f3f70-6b2c-11ef-bcd6-c7b262605968
2024-09-05T02:17:18.271 DEBUG:teuthology.orchestra.run.smithi170:> sudo install -d -m 0700 /root/.ssh && echo 'ssh-rsa AAAAB3NzaC1yc2EAAAADAQABAAABgQCpQ3Ab7OJ/h1rXlPsz3frcSrBA/8Lr/7YEQwB45Vv8cPrmeDrOkd7Rd9vjKxNHbsDq5firVN4IBbko8FX6SeR6GO/lWz6s5tRoB+mAIRfpLjYCT40IsTcnD0q018MXOZNU4O/ecmZPyoeV/4qPZEPV0vqwggoP4wE8dhrkIdvfSQT4rqJgwR2ACpgGc5smXbffKrFMhwdBrhB3UuOb4d54TuJb4+G6wHFccHrL2aA/WVw52qIoJcjTqXc2WjWKSRKmUi/fNTQOcxLpMXoSKfWddZYjrPZ/9FZrtCiMLZ4mXjj+X8SqREo550W+byGw7IY3wwweC2UE7fp/070Tb+H0b1EStyfXC1pSvH79tDyCjzf2gP0CrlxpiN7cmN7yp+Geq+fX9O3HGDLmtPmfQoBpVm+YLEhhv2yydtOZYMqXF18LSJ/kxns+vO4ccc94GHetfQeZDjdrJs8js+JDMUCKpJUozfbfGsnTKcOzcFF8Jcl3D7bOa43FhWQcB7+Kq9U= ceph-ae0f3f70-6b2c-11ef-bcd6-c7b262605968' | sudo tee -a /root/.ssh/authorized_keys && sudo chmod 0600 /root/.ssh/authorized_keys
