2024-09-05T02:16:43.082+0000 7fdcbfa23640 1 -- 172.21.15.78:0/3908514779 >> [v2:172.21.15.78:6800/2944479349,v1:172.21.15.78:6801/2944479349] conn(0x7fdca4038f20 msgr2=0x7fdca403b3e0 secure :-1 s=STATE_CONNECTION_ESTABLISHED l=1).mark_down
2024-09-05T02:16:46.051 INFO:teuthology.orchestra.run.smithi078.stdout:/usr/bin/ceph: stderr
2024-09-05T02:16:43.082+0000 7fdcbfa23640 1 --2- 172.21.15.78:0/3908514779 >> [v2:172.21.15.78:6800/2944479349,v1:172.21.15.78:6801/2944479349] conn(0x7fdca4038f20 0x7fdca403b3e0 secure :-1 s=READY pgs=8 cs=0 l=1 rev1=1 crypto rx=0x7fdca80098c0 tx=0x7fdca8006db0 comp rx=0 tx=0).stop
2024-09-05T02:16:46.051 INFO:teuthology.orchestra.run.smithi078.stdout:/usr/bin/ceph: stderr
2024-09-05T02:16:43.082+0000 7fdcbfa23640 1 -- 172.21.15.78:0/3908514779 >> [v2:172.21.15.78:3300/0,v1:172.21.15.78:6789/0] conn(0x7fdcb8108430 msgr2=0x7fdcb819ba80 secure :-1 s=STATE_CONNECTION_ESTABLISHED l=1).mark_down
2024-09-05T02:16:46.051 INFO:teuthology.orchestra.run.smithi078.stdout:/usr/bin/ceph: stderr
2024-09-05T02:16:43.082+0000 7fdcbfa23640 1 --2- 172.21.15.78:0/3908514779 >> [v2:172.21.15.78:3300/0,v1:172.21.15.78:6789/0] conn(0x7fdcb8108430 0x7fdcb819ba80 secure :-1 s=READY pgs=21 cs=0 l=1 rev1=1 crypto rx=0x7fdcb4009940 tx=0x7fdcb4032670 comp rx=0 tx=0).stop
2024-09-05T02:16:46.051 INFO:teuthology.orchestra.run.smithi078.stdout:/usr/bin/ceph: stderr
2024-09-05T02:16:43.082+0000 7fdcbfa23640 1 -- 172.21.15.78:0/3908514779 shutdown_connections
2024-09-05T02:16:46.052 INFO:teuthology.orchestra.run.smithi078.stdout:/usr/bin/ceph: stderr
2024-09-05T02:16:43.082+0000 7fdcbfa23640 1 --2- 172.21.15.78:0/3908514779 >> [v2:172.21.15.78:6800/2944479349,v1:172.21.15.78:6801/2944479349] conn(0x7fdca4038f20 0x7fdca403b3e0 unknown :-1 s=CLOSED pgs=8 cs=0 l=1 rev1=1 crypto rx=0 tx=0 comp rx=0 tx=0).stop
2024-09-05T02:16:46.052 INFO:teuthology.orchestra.run.smithi078.stdout:/usr/bin/ceph: stderr
2024-09-05T02:16:43.082+0000 7fdcbfa23640 1 --2- 172.21.15.78:0/3908514779 >> [v2:172.21.15.78:3300/0,v1:172.21.15.78:6789/0] conn(0x7fdcb8108430 0x7fdcb819ba80 unknown :-1 s=CLOSED pgs=21 cs=0 l=1 rev1=1 crypto rx=0 tx=0 comp rx=0 tx=0).stop
2024-09-05T02:16:46.052 INFO:teuthology.orchestra.run.smithi078.stdout:/usr/bin/ceph: stderr
2024-09-05T02:16:43.082+0000 7fdcbfa23640 1 -- 172.21.15.78:0/3908514779 >> 172.21.15.78:0/3908514779 conn(0x7fdcb8101ff0 msgr2=0x7fdcb8102ba0 unknown :-1 s=STATE_NONE l=0).mark_down
2024-09-05T02:16:46.052 INFO:teuthology.orchestra.run.smithi078.stdout:/usr/bin/ceph: stderr
2024-09-05T02:16:43.082+0000 7fdcbfa23640 1 -- 172.21.15.78:0/3908514779 shutdown_connections
2024-09-05T02:16:46.052 INFO:teuthology.orchestra.run.smithi078.stdout:/usr/bin/ceph: stderr
2024-09-05T02:16:43.082+0000 7fdcbfa23640 1 -- 172.21.15.78:0/3908514779 wait complete.
2024-09-05T02:16:46.300 INFO:journalctl@ceph.mgr.x.smithi078.stdout:Sep 05 02:16:46 smithi078 ceph-ae0f3f70-6b2c-11ef-bcd6-c7b262605968-mgr-x[31377]:
2024-09-05T02:16:46.123+0000 7fde59306040 -1 mgr[py] Module iostat has missing NOTIFY_TYPES member
2024-09-05T02:16:46.300 INFO:journalctl@ceph.mgr.x.smithi078.stdout:Sep 05 02:16:46 smithi078 ceph-ae0f3f70-6b2c-11ef-bcd6-c7b262605968-mgr-x[31377]:
2024-09-05T02:16:46.267+0000 7fde59306040 -1 mgr[py] Module orchestrator has missing NOTIFY_TYPES member
2024-09-05T02:16:46.556 INFO:journalctl@ceph.mgr.x.smithi078.stdout:Sep 05 02:16:46 smithi078 ceph-ae0f3f70-6b2c-11ef-bcd6-c7b262605968-mgr-x[31377]:
2024-09-05T02:16:46.332+0000 7fde59306040 -1 mgr[py] Module devicehealth has missing NOTIFY_TYPES member
2024-09-05T02:16:46.556 INFO:journalctl@ceph.mgr.x.smithi078.stdout:Sep 05 02:16:46 smithi078 ceph-ae0f3f70-6b2c-11ef-bcd6-c7b262605968-mgr-x[31377]:
2024-09-05T02:16:46.485+0000 7fde59306040 -1 mgr[py] Module rgw has missing NOTIFY_TYPES member
2024-09-05T02:16:46.556 INFO:journalctl@ceph.mgr.x.smithi078.stdout:Sep 05 02:16:46 smithi078 ceph-ae0f3f70-6b2c-11ef-bcd6-c7b262605968-mgr-x[31377]:
2024-09-05T02:16:46.554+0000 7fde59306040 -1 mgr[py] Module alerts has missing NOTIFY_TYPES member
2024-09-05T02:16:46.848 INFO:journalctl@ceph.mon.a.smithi078.stdout:Sep 05 02:16:46 smithi078 ceph-mon[31151]: from='client.? 172.21.15.78:0/3192798974' entity='client.admin' cmd=[{"prefix": "mgr stat"}]: dispatch
2024-09-05T02:16:46.849 INFO:journalctl@ceph.mgr.x.smithi078.stdout:Sep 05 02:16:46 smithi078 ceph-ae0f3f70-6b2c-11ef-bcd6-c7b262605968-mgr-x[31377]:
2024-09-05T02:16:46.617+0000 7fde59306040 -1 mgr[py] Module progress has missing NOTIFY_TYPES member
2024-09-05T02:16:46.849 INFO:journalctl@ceph.mgr.x.smithi078.stdout:Sep 05 02:16:46 smithi078 ceph-ae0f3f70-6b2c-11ef-bcd6-c7b262605968-mgr-x[31377]:
2024-09-05T02:16:46.783+0000 7fde59306040 -1 mgr[py] Module nfs has missing NOTIFY_TYPES member
2024-09-05T02:16:46.849 INFO:journalctl@ceph.mgr.x.smithi078.stdout:Sep 05 02:16:46 smithi078 ceph-ae0f3f70-6b2c-11ef-bcd6-c7b262605968-mgr-x[31377]:
2024-09-05T02:16:46.847+0000 7fde59306040 -1 mgr[py] Module status has missing NOTIFY_TYPES member
2024-09-05T02:16:47.115 INFO:journalctl@ceph.mgr.x.smithi078.stdout:Sep 05 02:16:46 smithi078 ceph-ae0f3f70-6b2c-11ef-bcd6-c7b262605968-mgr-x[31377]:
2024-09-05T02:16:46.913+0000 7fde59306040 -1 mgr[py] Module pg_autoscaler has missing NOTIFY_TYPES member
2024-09-05T02:16:47.115 INFO:journalctl@ceph.mgr.x.smithi078.stdout:Sep 05 02:16:46 smithi078 ceph-ae0f3f70-6b2c-11ef-bcd6-c7b262605968-mgr-x[31377]:
2024-09-05T02:16:46.995+0000 7fde59306040 -1 mgr[py] Module rbd_support has missing NOTIFY_TYPES member
2024-09-05T02:16:47.115 INFO:journalctl@ceph.mgr.x.smithi078.stdout:Sep 05 02:16:47 smithi078 ceph-ae0f3f70-6b2c-11ef-bcd6-c7b262605968-mgr-x[31377]:
2024-09-05T02:16:47.055+0000 7fde59306040 -1 mgr[py] Module influx has missing NOTIFY_TYPES member
2024-09-05T02:16:47.115 INFO:journalctl@ceph.mgr.x.smithi078.stdout:Sep 05 02:16:47 smithi078 ceph-ae0f3f70-6b2c-11ef-bcd6-c7b262605968-mgr-x[31377]:
2024-09-05T02:16:47.113+0000 7fde59306040 -1 mgr[py] Module zabbix has missing NOTIFY_TYPES member
2024-09-05T02:16:47.298 INFO:teuthology.orchestra.run.smithi078.stdout:/usr/bin/ceph: stdout {
2024-09-05T02:16:47.298 INFO:teuthology.orchestra.run.smithi078.stdout:/usr/bin/ceph: stdout "epoch": 5,
2024-09-05T02:16:47.298 INFO:teuthology.orchestra.run.smithi078.stdout:/usr/bin/ceph: stdout "available": true,
2024-09-05T02:16:47.298 INFO:teuthology.orchestra.run.smithi078.stdout:/usr/bin/ceph: stdout "active_name": "x",
2024-09-05T02:16:47.298 INFO:teuthology.orchestra.run.smithi078.stdout:/usr/bin/ceph: stdout "num_standby": 0
2024-09-05T02:16:47.298 INFO:teuthology.orchestra.run.smithi078.stdout:/usr/bin/ceph: stdout }
2024-09-05T02:16:47.298 INFO:teuthology.orchestra.run.smithi078.stdout:/usr/bin/ceph: stderr
2024-09-05T02:16:46.468+0000 7f177adc0640 1 Processor -- start
2024-09-05T02:16:47.298 INFO:teuthology.orchestra.run.smithi078.stdout:/usr/bin/ceph: stderr
2024-09-05T02:16:46.468+0000 7f177adc0640 1 -- start start
2024-09-05T02:16:47.298 INFO:teuthology.orchestra.run.smithi078.stdout:/usr/bin/ceph: stderr
2024-09-05T02:16:46.468+0000 7f177adc0640 1 --2- >> [v2:172.21.15.78:3300/0,v1:172.21.15.78:6789/0] conn(0x7f1774108390 0x7f177410a780 unknown :-1 s=NONE pgs=0 cs=0 l=0 rev1=0 crypto rx=0 tx=0 comp rx=0 tx=0).connect
2024-09-05T02:16:47.299 INFO:teuthology.orchestra.run.smithi078.stdout:/usr/bin/ceph: stderr
2024-09-05T02:16:46.468+0000 7f177adc0640 1 -- --> [v2:172.21.15.78:3300/0,v1:172.21.15.78:6789/0] -- mon_getmap magic: 0 -- 0x7f177407be80 con 0x7f1774108390
2024-09-05T02:16:47.299 INFO:teuthology.orchestra.run.smithi078.stdout:/usr/bin/ceph: stderr
2024-09-05T02:16:46.469+0000 7f1778b5c640 1 --2- >> [v2:172.21.15.78:3300/0,v1:172.21.15.78:6789/0] conn(0x7f1774108390 0x7f177410a780 unknown :-1 s=BANNER_CONNECTING pgs=0 cs=0 l=0 rev1=0 crypto rx=0 tx=0 comp rx=0 tx=0)._handle_peer_banner_payload supported=3 required=0
2024-09-05T02:16:47.299 INFO:teuthology.orchestra.run.smithi078.stdout:/usr/bin/ceph: stderr
2024-09-05T02:16:46.469+0000 7f1778b5c640 1 --2- >> [v2:172.21.15.78:3300/0,v1:172.21.15.78:6789/0] conn(0x7f1774108390 0x7f177410a780 unknown :-1 s=HELLO_CONNECTING pgs=0 cs=0 l=0 rev1=1 crypto rx=0 tx=0 comp rx=0 tx=0).handle_hello peer v2:172.21.15.78:3300/0 says I am v2:172.21.15.78:59092/0 (socket says 172.21.15.78:59092)
2024-09-05T02:16:47.299 INFO:teuthology.orchestra.run.smithi078.stdout:/usr/bin/ceph: stderr
2024-09-05T02:16:46.469+0000 7f1778b5c640 1 -- 172.21.15.78:0/2952620020 learned_addr learned my addr 172.21.15.78:0/2952620020 (peer_addr_for_me v2:172.21.15.78:0/0)
2024-09-05T02:16:47.299 INFO:teuthology.orchestra.run.smithi078.stdout:/usr/bin/ceph: stderr
2024-09-05T02:16:46.469+0000 7f1778b5c640 1 -- 172.21.15.78:0/2952620020 --> [v2:172.21.15.78:3300/0,v1:172.21.15.78:6789/0] -- mon_subscribe({config=0+,monmap=0+}) -- 0x7f177410acc0 con 0x7f1774108390
2024-09-05T02:16:47.299 INFO:teuthology.orchestra.run.smithi078.stdout:/usr/bin/ceph: stderr
2024-09-05T02:16:46.470+0000 7f1778b5c640 1 --2- 172.21.15.78:0/2952620020 >> [v2:172.21.15.78:3300/0,v1:172.21.15.78:6789/0] conn(0x7f1774108390 0x7f177410a780 secure :-1 s=READY pgs=24 cs=0 l=1 rev1=1 crypto rx=0x7f1768009820 tx=0x7f176802a270 comp rx=0 tx=0).ready entity=mon.0 client_cookie=82d130d7dc78b685 server_cookie=0 in_seq=0 out_seq=0
2024-09-05T02:16:47.299 INFO:teuthology.orchestra.run.smithi078.stdout:/usr/bin/ceph: stderr
2024-09-05T02:16:46.470+0000 7f17737fe640 1 -- 172.21.15.78:0/2952620020 <== mon.0 v2:172.21.15.78:3300/0 1 ==== mon_map magic: 0 ==== 205+0+0 (secure 0 0 0) 0x7f1768037070 con 0x7f1774108390
2024-09-05T02:16:47.299 INFO:teuthology.orchestra.run.smithi078.stdout:/usr/bin/ceph: stderr
2024-09-05T02:16:46.470+0000 7f17737fe640 1 -- 172.21.15.78:0/2952620020 <== mon.0 v2:172.21.15.78:3300/0 2 ==== config(29 keys) ==== 1178+0+0 (secure 0 0 0) 0x7f1768032940 con 0x7f1774108390
2024-09-05T02:16:47.299 INFO:teuthology.orchestra.run.smithi078.stdout:/usr/bin/ceph: stderr
2024-09-05T02:16:46.470+0000 7f17737fe640 1 -- 172.21.15.78:0/2952620020 <== mon.0 v2:172.21.15.78:3300/0 3 ==== mon_map magic: 0 ==== 205+0+0 (secure 0 0 0) 0x7f17680309c0 con 0x7f1774108390
2024-09-05T02:16:47.299 INFO:teuthology.orchestra.run.smithi078.stdout:/usr/bin/ceph: stderr
2024-09-05T02:16:46.470+0000 7f177adc0640 1 -- 172.21.15.78:0/2952620020 >> [v2:172.21.15.78:3300/0,v1:172.21.15.78:6789/0] conn(0x7f1774108390 msgr2=0x7f177410a780 secure :-1 s=STATE_CONNECTION_ESTABLISHED l=1).mark_down
2024-09-05T02:16:47.299 INFO:teuthology.orchestra.run.smithi078.stdout:/usr/bin/ceph: stderr
2024-09-05T02:16:46.470+0000 7f177adc0640 1 --2- 172.21.15.78:0/2952620020 >> [v2:172.21.15.78:3300/0,v1:172.21.15.78:6789/0] conn(0x7f1774108390 0x7f177410a780 secure :-1 s=READY pgs=24 cs=0 l=1 rev1=1 crypto rx=0x7f1768009820 tx=0x7f176802a270 comp rx=0 tx=0).stop
2024-09-05T02:16:47.299 INFO:teuthology.orchestra.run.smithi078.stdout:/usr/bin/ceph: stderr
2024-09-05T02:16:46.470+0000 7f177adc0640 1 -- 172.21.15.78:0/2952620020 shutdown_connections
2024-09-05T02:16:47.299 INFO:teuthology.orchestra.run.smithi078.stdout:/usr/bin/ceph: stderr
2024-09-05T02:16:46.470+0000 7f177adc0640 1 --2- 172.21.15.78:0/2952620020 >> [v2:172.21.15.78:3300/0,v1:172.21.15.78:6789/0] conn(0x7f1774108390 0x7f177410a780 unknown :-1 s=CLOSED pgs=24 cs=0 l=1 rev1=1 crypto rx=0 tx=0 comp rx=0 tx=0).stop
2024-09-05T02:16:47.300 INFO:teuthology.orchestra.run.smithi078.stdout:/usr/bin/ceph: stderr
2024-09-05T02:16:46.470+0000 7f177adc0640 1 -- 172.21.15.78:0/2952620020 >> 172.21.15.78:0/2952620020 conn(0x7f1774101fb0 msgr2=0x7f17741043f0 unknown :-1 s=STATE_NONE l=0).mark_down
2024-09-05T02:16:47.300 INFO:teuthology.orchestra.run.smithi078.stdout:/usr/bin/ceph: stderr
2024-09-05T02:16:46.471+0000 7f177adc0640 1 -- 172.21.15.78:0/2952620020 shutdown_connections
2024-09-05T02:16:47.300 INFO:teuthology.orchestra.run.smithi078.stdout:/usr/bin/ceph: stderr
2024-09-05T02:16:46.471+0000 7f177adc0640 1 -- 172.21.15.78:0/2952620020 wait complete.
2024-09-05T02:16:47.300 INFO:teuthology.orchestra.run.smithi078.stdout:/usr/bin/ceph: stderr
2024-09-05T02:16:46.471+0000 7f177adc0640 1 Processor -- start
2024-09-05T02:16:47.300 INFO:teuthology.orchestra.run.smithi078.stdout:/usr/bin/ceph: stderr
2024-09-05T02:16:46.471+0000 7f177adc0640 1 -- start start
2024-09-05T02:16:47.300 INFO:teuthology.orchestra.run.smithi078.stdout:/usr/bin/ceph: stderr
2024-09-05T02:16:46.471+0000 7f177adc0640 1 --2- >> [v2:172.21.15.78:3300/0,v1:172.21.15.78:6789/0] conn(0x7f1774108390 0x7f177419bcd0 unknown :-1 s=NONE pgs=0 cs=0 l=1 rev1=0 crypto rx=0 tx=0 comp rx=0 tx=0).connect
2024-09-05T02:16:47.300 INFO:teuthology.orchestra.run.smithi078.stdout:/usr/bin/ceph: stderr
2024-09-05T02:16:46.471+0000 7f177adc0640 1 -- --> [v2:172.21.15.78:3300/0,v1:172.21.15.78:6789/0] -- mon_getmap magic: 0 -- 0x7f177410be20 con 0x7f1774108390
2024-09-05T02:16:47.300 INFO:teuthology.orchestra.run.smithi078.stdout:/usr/bin/ceph: stderr
2024-09-05T02:16:46.471+0000 7f1778b5c640 1 --2- >> [v2:172.21.15.78:3300/0,v1:172.21.15.78:6789/0] conn(0x7f1774108390 0x7f177419bcd0 unknown :-1 s=BANNER_CONNECTING pgs=0 cs=0 l=1 rev1=0 crypto rx=0 tx=0 comp rx=0 tx=0)._handle_peer_banner_payload supported=3 required=0
2024-09-05T02:16:47.300 INFO:teuthology.orchestra.run.smithi078.stdout:/usr/bin/ceph: stderr
2024-09-05T02:16:46.471+0000 7f1778b5c640 1 --2- >> [v2:172.21.15.78:3300/0,v1:172.21.15.78:6789/0] conn(0x7f1774108390 0x7f177419bcd0 unknown :-1 s=HELLO_CONNECTING pgs=0 cs=0 l=1 rev1=1 crypto rx=0 tx=0 comp rx=0 tx=0).handle_hello peer v2:172.21.15.78:3300/0 says I am v2:172.21.15.78:59108/0 (socket says 172.21.15.78:59108)
2024-09-05T02:16:47.300 INFO:teuthology.orchestra.run.smithi078.stdout:/usr/bin/ceph: stderr
2024-09-05T02:16:46.471+0000 7f1778b5c640 1 -- 172.21.15.78:0/3192798974 learned_addr learned my addr 172.21.15.78:0/3192798974 (peer_addr_for_me v2:172.21.15.78:0/0)
2024-09-05T02:16:47.300 INFO:teuthology.orchestra.run.smithi078.stdout:/usr/bin/ceph: stderr
2024-09-05T02:16:46.472+0000 7f1778b5c640 1 -- 172.21.15.78:0/3192798974 --> [v2:172.21.15.78:3300/0,v1:172.21.15.78:6789/0] -- mon_subscribe({config=0+,monmap=0+}) -- 0x7f177419c210 con 0x7f1774108390
2024-09-05T02:16:47.300 INFO:teuthology.orchestra.run.smithi078.stdout:/usr/bin/ceph: stderr
2024-09-05T02:16:46.472+0000 7f1778b5c640 1 --2- 172.21.15.78:0/3192798974 >> [v2:172.21.15.78:3300/0,v1:172.21.15.78:6789/0] conn(0x7f1774108390 0x7f177419bcd0 secure :-1 s=READY pgs=25 cs=0 l=1 rev1=1 crypto rx=0x7f1768009940 tx=0x7f1768032670 comp rx=0 tx=0).ready entity=mon.0 client_cookie=0 server_cookie=0 in_seq=0 out_seq=0
2024-09-05T02:16:47.300 INFO:teuthology.orchestra.run.smithi078.stdout:/usr/bin/ceph: stderr
2024-09-05T02:16:46.472+0000 7f1771ffb640 1 -- 172.21.15.78:0/3192798974 <== mon.0 v2:172.21.15.78:3300/0 1 ==== mon_map magic: 0 ==== 205+0+0 (secure 0 0 0) 0x7f1768042070 con 0x7f1774108390
2024-09-05T02:16:47.300 INFO:teuthology.orchestra.run.smithi078.stdout:/usr/bin/ceph: stderr
2024-09-05T02:16:46.472+0000 7f177adc0640 1 -- 172.21.15.78:0/3192798974 --> [v2:172.21.15.78:3300/0,v1:172.21.15.78:6789/0] -- mon_subscribe({mgrmap=0+}) -- 0x7f177419c4a0 con 0x7f1774108390
2024-09-05T02:16:47.301 INFO:teuthology.orchestra.run.smithi078.stdout:/usr/bin/ceph: stderr
2024-09-05T02:16:46.472+0000 7f1771ffb640 1 -- 172.21.15.78:0/3192798974 <== mon.0 v2:172.21.15.78:3300/0 2 ==== config(29 keys) ==== 1178+0+0 (secure 0 0 0) 0x7f1768030e50 con 0x7f1774108390
2024-09-05T02:16:47.301 INFO:teuthology.orchestra.run.smithi078.stdout:/usr/bin/ceph: stderr
2024-09-05T02:16:46.472+0000 7f1771ffb640 1 -- 172.21.15.78:0/3192798974 <== mon.0 v2:172.21.15.78:3300/0 3 ==== mon_map magic: 0 ==== 205+0+0 (secure 0 0 0) 0x7f1768037040 con 0x7f1774108390
2024-09-05T02:16:47.301 INFO:teuthology.orchestra.run.smithi078.stdout:/usr/bin/ceph: stderr
2024-09-05T02:16:46.472+0000 7f177adc0640 1 -- 172.21.15.78:0/3192798974 --> [v2:172.21.15.78:3300/0,v1:172.21.15.78:6789/0] -- mon_subscribe({osdmap=0}) -- 0x7f177419f180 con 0x7f1774108390
2024-09-05T02:16:47.301 INFO:teuthology.orchestra.run.smithi078.stdout:/usr/bin/ceph: stderr
2024-09-05T02:16:46.473+0000 7f1771ffb640 1 -- 172.21.15.78:0/3192798974 <== mon.0 v2:172.21.15.78:3300/0 4 ==== mgrmap(e 5) ==== 46287+0+0 (secure 0 0 0) 0x7f1768045070 con 0x7f1774108390
2024-09-05T02:16:47.301 INFO:teuthology.orchestra.run.smithi078.stdout:/usr/bin/ceph: stderr
2024-09-05T02:16:46.473+0000 7f177adc0640 1 -- 172.21.15.78:0/3192798974 --> [v2:172.21.15.78:3300/0,v1:172.21.15.78:6789/0] -- mon_command({"prefix": "get_command_descriptions"} v 0) -- 0x7f17741087f0 con 0x7f1774108390
2024-09-05T02:16:47.301 INFO:teuthology.orchestra.run.smithi078.stdout:/usr/bin/ceph: stderr
2024-09-05T02:16:46.473+0000 7f1771ffb640 1 --2- 172.21.15.78:0/3192798974 >> [v2:172.21.15.78:6800/2944479349,v1:172.21.15.78:6801/2944479349] conn(0x7f1764038f70 0x7f176403b430 unknown :-1 s=NONE pgs=0 cs=0 l=1 rev1=0 crypto rx=0 tx=0 comp rx=0 tx=0).connect
2024-09-05T02:16:47.301 INFO:teuthology.orchestra.run.smithi078.stdout:/usr/bin/ceph: stderr
2024-09-05T02:16:46.473+0000 7f1771ffb640 1 -- 172.21.15.78:0/3192798974 <== mon.0 v2:172.21.15.78:3300/0 5 ==== osd_map(1..1 src has 1..1) ==== 725+0+0 (secure 0 0 0) 0x7f176806bfe0 con 0x7f1774108390
2024-09-05T02:16:47.301 INFO:teuthology.orchestra.run.smithi078.stdout:/usr/bin/ceph: stderr
2024-09-05T02:16:46.473+0000 7f1773fff640 1 -- 172.21.15.78:0/3192798974 >> [v2:172.21.15.78:6800/2944479349,v1:172.21.15.78:6801/2944479349] conn(0x7f1764038f70 msgr2=0x7f176403b430 unknown :-1 s=STATE_CONNECTING_RE l=1).process reconnect failed to v2:172.21.15.78:6800/2944479349
2024-09-05T02:16:47.301 INFO:teuthology.orchestra.run.smithi078.stdout:/usr/bin/ceph: stderr
2024-09-05T02:16:46.474+0000 7f1773fff640 1 --2- 172.21.15.78:0/3192798974 >> [v2:172.21.15.78:6800/2944479349,v1:172.21.15.78:6801/2944479349] conn(0x7f1764038f70 0x7f176403b430 unknown :-1 s=START_CONNECT pgs=0 cs=0 l=1 rev1=0 crypto rx=0 tx=0 comp rx=0 tx=0)._fault waiting 0.200000
2024-09-05T02:16:47.301 INFO:teuthology.orchestra.run.smithi078.stdout:/usr/bin/ceph: stderr
2024-09-05T02:16:46.478+0000 7f1771ffb640 1 -- 172.21.15.78:0/3192798974 <== mon.0 v2:172.21.15.78:3300/0 6 ==== mon_command_ack([{"prefix": "get_command_descriptions"}]=0 v0) ==== 72+0+188821 (secure 0 0 0) 0x7f176803ce10 con 0x7f1774108390
2024-09-05T02:16:47.301 INFO:teuthology.orchestra.run.smithi078.stdout:/usr/bin/ceph: stderr
2024-09-05T02:16:46.674+0000 7f1773fff640 1 -- 172.21.15.78:0/3192798974 >> [v2:172.21.15.78:6800/2944479349,v1:172.21.15.78:6801/2944479349] conn(0x7f1764038f70 msgr2=0x7f176403b430 unknown :-1 s=STATE_CONNECTING_RE l=1).process reconnect failed to v2:172.21.15.78:6800/2944479349
2024-09-05T02:16:47.301 INFO:teuthology.orchestra.run.smithi078.stdout:/usr/bin/ceph: stderr
2024-09-05T02:16:46.674+0000 7f1773fff640 1 --2- 172.21.15.78:0/3192798974 >> [v2:172.21.15.78:6800/2944479349,v1:172.21.15.78:6801/2944479349] conn(0x7f1764038f70 0x7f176403b430 unknown :-1 s=START_CONNECT pgs=0 cs=0 l=1 rev1=0 crypto rx=0 tx=0 comp rx=0 tx=0)._fault waiting 0.400000
2024-09-05T02:16:47.302 INFO:teuthology.orchestra.run.smithi078.stdout:/usr/bin/ceph: stderr
2024-09-05T02:16:46.695+0000 7f177adc0640 1 -- 172.21.15.78:0/3192798974 --> [v2:172.21.15.78:3300/0,v1:172.21.15.78:6789/0] -- mon_command({"prefix": "mgr stat"} v 0) -- 0x7f177402d7c0 con 0x7f1774108390
2024-09-05T02:16:47.302 INFO:teuthology.orchestra.run.smithi078.stdout:/usr/bin/ceph: stderr
2024-09-05T02:16:46.696+0000 7f1771ffb640 1 -- 172.21.15.78:0/3192798974 <== mon.0 v2:172.21.15.78:3300/0 7 ==== mon_command_ack([{"prefix": "mgr stat"}]=0 v5) ==== 56+0+88 (secure 0 0 0) 0x7f176806ba00 con 0x7f1774108390
2024-09-05T02:16:47.302 INFO:teuthology.orchestra.run.smithi078.stdout:/usr/bin/ceph: stderr
2024-09-05T02:16:46.699+0000 7f177adc0640 1 -- 172.21.15.78:0/3192798974 >> [v2:172.21.15.78:6800/2944479349,v1:172.21.15.78:6801/2944479349] conn(0x7f1764038f70 msgr2=0x7f176403b430 unknown :-1 s=STATE_CONNECTING l=1).mark_down
2024-09-05T02:16:47.302 INFO:teuthology.orchestra.run.smithi078.stdout:/usr/bin/ceph: stderr
2024-09-05T02:16:46.699+0000 7f177adc0640 1 --2- 172.21.15.78:0/3192798974 >> [v2:172.21.15.78:6800/2944479349,v1:172.21.15.78:6801/2944479349] conn(0x7f1764038f70 0x7f176403b430 unknown :-1 s=START_CONNECT pgs=0 cs=0 l=1 rev1=0 crypto rx=0 tx=0 comp rx=0 tx=0).stop
2024-09-05T02:16:47.302 INFO:teuthology.orchestra.run.smithi078.stdout:/usr/bin/ceph: stderr
2024-09-05T02:16:46.699+0000 7f177adc0640 1 -- 172.21.15.78:0/3192798974 >> [v2:172.21.15.78:3300/0,v1:172.21.15.78:6789/0] conn(0x7f1774108390 msgr2=0x7f177419bcd0 secure :-1 s=STATE_CONNECTION_ESTABLISHED l=1).mark_down
2024-09-05T02:16:47.302 INFO:teuthology.orchestra.run.smithi078.stdout:/usr/bin/ceph: stderr
2024-09-05T02:16:46.699+0000 7f177adc0640 1 --2- 172.21.15.78:0/3192798974 >> [v2:172.21.15.78:3300/0,v1:172.21.15.78:6789/0] conn(0x7f1774108390 0x7f177419bcd0 secure :-1 s=READY pgs=25 cs=0 l=1 rev1=1 crypto rx=0x7f1768009940 tx=0x7f1768032670 comp rx=0 tx=0).stop
2024-09-05T02:16:47.302 INFO:teuthology.orchestra.run.smithi078.stdout:/usr/bin/ceph: stderr
2024-09-05T02:16:46.699+0000 7f177adc0640 1 -- 172.21.15.78:0/3192798974 shutdown_connections
2024-09-05T02:16:47.302 INFO:teuthology.orchestra.run.smithi078.stdout:/usr/bin/ceph: stderr
2024-09-05T02:16:46.699+0000 7f177adc0640 1 --2- 172.21.15.78:0/3192798974 >> [v2:172.21.15.78:6800/2944479349,v1:172.21.15.78:6801/2944479349] conn(0x7f1764038f70 0x7f176403b430 unknown :-1 s=CLOSED pgs=0 cs=0 l=1 rev1=0 crypto rx=0 tx=0 comp rx=0 tx=0).stop
2024-09-05T02:16:47.302 INFO:teuthology.orchestra.run.smithi078.stdout:/usr/bin/ceph: stderr
2024-09-05T02:16:46.699+0000 7f177adc0640 1 --2- 172.21.15.78:0/3192798974 >> [v2:172.21.15.78:3300/0,v1:172.21.15.78:6789/0] conn(0x7f1774108390 0x7f177419bcd0 unknown :-1 s=CLOSED pgs=25 cs=0 l=1 rev1=1 crypto rx=0 tx=0 comp rx=0 tx=0).stop
2024-09-05T02:16:47.302 INFO:teuthology.orchestra.run.smithi078.stdout:/usr/bin/ceph: stderr
2024-09-05T02:16:46.699+0000 7f177adc0640 1 -- 172.21.15.78:0/3192798974 >> 172.21.15.78:0/3192798974 conn(0x7f1774101fb0 msgr2=0x7f1774102d00 unknown :-1 s=STATE_NONE l=0).mark_down
2024-09-05T02:16:47.302 INFO:teuthology.orchestra.run.smithi078.stdout:/usr/bin/ceph: stderr
2024-09-05T02:16:46.699+0000 7f177adc0640 1 -- 172.21.15.78:0/3192798974 shutdown_connections
2024-09-05T02:16:47.302 INFO:teuthology.orchestra.run.smithi078.stdout:/usr/bin/ceph: stderr
2024-09-05T02:16:46.699+0000 7f177adc0640 1 -- 172.21.15.78:0/3192798974 wait complete.
2024-09-05T02:16:47.303 INFO:teuthology.orchestra.run.smithi078.stdout:Waiting for the mgr to restart...
2024-09-05T02:16:47.303 INFO:teuthology.orchestra.run.smithi078.stdout:Waiting for mgr epoch 5...
2024-09-05T02:16:47.966 INFO:journalctl@ceph.mgr.x.smithi078.stdout:Sep 05 02:16:47 smithi078 ceph-ae0f3f70-6b2c-11ef-bcd6-c7b262605968-mgr-x[31377]:
2024-09-05T02:16:47.912+0000 7fde59306040 -1 mgr[py] Module telegraf has missing NOTIFY_TYPES member
2024-09-05T02:16:48.288 INFO:journalctl@ceph.mon.a.smithi078.stdout:Sep 05 02:16:47 smithi078 ceph-mon[31151]: Active manager daemon x restarted
2024-09-05T02:16:48.289 INFO:journalctl@ceph.mon.a.smithi078.stdout:Sep 05 02:16:47 smithi078 ceph-mon[31151]: Activating manager daemon x
2024-09-05T02:16:48.289 INFO:journalctl@ceph.mon.a.smithi078.stdout:Sep 05 02:16:47 smithi078 ceph-mon[31151]: osdmap e2: 0 total, 0 up, 0 in
2024-09-05T02:16:48.289 INFO:journalctl@ceph.mon.a.smithi078.stdout:Sep 05 02:16:47 smithi078 ceph-mon[31151]: mgrmap e6: x(active, starting, since 0.00397286s)
2024-09-05T02:16:48.289 INFO:journalctl@ceph.mon.a.smithi078.stdout:Sep 05 02:16:47 smithi078 ceph-mon[31151]: from='mgr.14118 172.21.15.78:0/2061214367' entity='mgr.x' cmd=[{"prefix": "mon metadata", "id": "a"}]: dispatch
2024-09-05T02:16:48.289 INFO:journalctl@ceph.mon.a.smithi078.stdout:Sep 05 02:16:47 smithi078 ceph-mon[31151]: from='mgr.14118 172.21.15.78:0/2061214367' entity='mgr.x' cmd=[{"prefix": "mgr metadata", "who": "x", "id": "x"}]: dispatch
2024-09-05T02:16:48.289 INFO:journalctl@ceph.mon.a.smithi078.stdout:Sep 05 02:16:47 smithi078 ceph-mon[31151]: from='mgr.14118 172.21.15.78:0/2061214367' entity='mgr.x' cmd=[{"prefix": "mds metadata"}]: dispatch
2024-09-05T02:16:48.289 INFO:journalctl@ceph.mon.a.smithi078.stdout:Sep 05 02:16:47 smithi078 ceph-mon[31151]: from='mgr.14118 172.21.15.78:0/2061214367' entity='mgr.x' cmd=[{"prefix": "osd metadata"}]: dispatch
2024-09-05T02:16:48.289 INFO:journalctl@ceph.mon.a.smithi078.stdout:Sep 05 02:16:47 smithi078 ceph-mon[31151]: from='mgr.14118 172.21.15.78:0/2061214367' entity='mgr.x' cmd=[{"prefix": "mon metadata"}]: dispatch
2024-09-05T02:16:48.289 INFO:journalctl@ceph.mon.a.smithi078.stdout:Sep 05 02:16:47 smithi078 ceph-mon[31151]: Manager daemon x is now available
2024-09-05T02:16:48.289 INFO:journalctl@ceph.mon.a.smithi078.stdout:Sep 05 02:16:47 smithi078 ceph-mon[31151]: from='mgr.14118 172.21.15.78:0/2061214367' entity='mgr.x'
2024-09-05T02:16:48.289 INFO:journalctl@ceph.mon.a.smithi078.stdout:Sep 05 02:16:47 smithi078 ceph-mon[31151]: from='mgr.14118 172.21.15.78:0/2061214367' entity='mgr.x'
2024-09-05T02:16:48.290 INFO:journalctl@ceph.mon.a.smithi078.stdout:Sep 05 02:16:47 smithi078 ceph-mon[31151]: from='mgr.14118 172.21.15.78:0/2061214367' entity='mgr.x' cmd=[{"prefix": "config dump", "format": "json"}]: dispatch
2024-09-05T02:16:48.290 INFO:journalctl@ceph.mon.a.smithi078.stdout:Sep 05 02:16:47 smithi078 ceph-mon[31151]: from='mgr.14118 172.21.15.78:0/2061214367' entity='mgr.x' cmd=[{"prefix": "config dump", "format": "json"}]: dispatch
2024-09-05T02:16:48.290 INFO:journalctl@ceph.mon.a.smithi078.stdout:Sep 05 02:16:47 smithi078 ceph-mon[31151]: from='mgr.14118 172.21.15.78:0/2061214367' entity='mgr.x' cmd=[{"prefix":"config rm","who":"mgr","name":"mgr/rbd_support/x/mirror_snapshot_schedule"}]: dispatch
2024-09-05T02:16:48.290 INFO:journalctl@ceph.mon.a.smithi078.stdout:Sep 05 02:16:47 smithi078 ceph-mon[31151]: from='mgr.14118 172.21.15.78:0/2061214367' entity='mgr.x' cmd=[{"prefix":"config rm","who":"mgr","name":"mgr/rbd_support/x/trash_purge_schedule"}]: dispatch
2024-09-05T02:16:49.277 INFO:journalctl@ceph.mon.a.smithi078.stdout:Sep 05 02:16:48 smithi078 ceph-mon[31151]: Found migration_current of "None". Setting to last migration.
2024-09-05T02:16:49.277 INFO:journalctl@ceph.mon.a.smithi078.stdout:Sep 05 02:16:48 smithi078 ceph-mon[31151]: from='mgr.14118 172.21.15.78:0/2061214367' entity='mgr.x'
2024-09-05T02:16:49.277 INFO:journalctl@ceph.mon.a.smithi078.stdout:Sep 05 02:16:48 smithi078 ceph-mon[31151]: from='mgr.14118 172.21.15.78:0/2061214367' entity='mgr.x'
2024-09-05T02:16:49.277 INFO:journalctl@ceph.mon.a.smithi078.stdout:Sep 05 02:16:48 smithi078 ceph-mon[31151]: mgrmap e7: x(active, since 1.00526s)
2024-09-05T02:16:49.519 INFO:teuthology.orchestra.run.smithi078.stdout:/usr/bin/ceph: stdout {
2024-09-05T02:16:49.520 INFO:teuthology.orchestra.run.smithi078.stdout:/usr/bin/ceph: stdout "mgrmap_epoch": 7,
2024-09-05T02:16:49.520 INFO:teuthology.orchestra.run.smithi078.stdout:/usr/bin/ceph: stdout "initialized": true
2024-09-05T02:16:49.520 INFO:teuthology.orchestra.run.smithi078.stdout:/usr/bin/ceph: stdout }
2024-09-05T02:16:49.520 INFO:teuthology.orchestra.run.smithi078.stdout:/usr/bin/ceph: stderr
2024-09-05T02:16:47.684+0000 7fa57ec6b640 1 Processor -- start
2024-09-05T02:16:49.520 INFO:teuthology.orchestra.run.smithi078.stdout:/usr/bin/ceph: stderr
2024-09-05T02:16:47.685+0000 7fa57ec6b640 1 -- start start
2024-09-05T02:16:49.520 INFO:teuthology.orchestra.run.smithi078.stdout:/usr/bin/ceph: stderr
2024-09-05T02:16:47.685+0000 7fa57ec6b640 1 --2- >> [v2:172.21.15.78:3300/0,v1:172.21.15.78:6789/0] conn(0x7fa578106840 0x7fa578106c40 unknown :-1 s=NONE pgs=0 cs=0 l=0 rev1=0 crypto rx=0 tx=0 comp rx=0 tx=0).connect
2024-09-05T02:16:49.520 INFO:teuthology.orchestra.run.smithi078.stdout:/usr/bin/ceph: stderr
2024-09-05T02:16:47.685+0000 7fa57ec6b640 1 -- --> [v2:172.21.15.78:3300/0,v1:172.21.15.78:6789/0] -- mon_getmap magic: 0 -- 0x7fa578107210 con 0x7fa578106840
2024-09-05T02:16:49.520 INFO:teuthology.orchestra.run.smithi078.stdout:/usr/bin/ceph: stderr
2024-09-05T02:16:47.685+0000 7fa57ca07640 1 --2- >> [v2:172.21.15.78:3300/0,v1:172.21.15.78:6789/0] conn(0x7fa578106840 0x7fa578106c40 unknown :-1 s=BANNER_CONNECTING pgs=0 cs=0 l=0 rev1=0 crypto rx=0 tx=0 comp rx=0 tx=0)._handle_peer_banner_payload supported=3 required=0
2024-09-05T02:16:49.520 INFO:teuthology.orchestra.run.smithi078.stdout:/usr/bin/ceph: stderr
2024-09-05T02:16:47.685+0000 7fa57ca07640 1 --2- >> [v2:172.21.15.78:3300/0,v1:172.21.15.78:6789/0] conn(0x7fa578106840 0x7fa578106c40 unknown :-1 s=HELLO_CONNECTING pgs=0 cs=0 l=0 rev1=1 crypto rx=0 tx=0 comp rx=0 tx=0).handle_hello peer v2:172.21.15.78:3300/0 says I am v2:172.21.15.78:59110/0 (socket says 172.21.15.78:59110)
2024-09-05T02:16:49.520 INFO:teuthology.orchestra.run.smithi078.stdout:/usr/bin/ceph: stderr
2024-09-05T02:16:47.685+0000 7fa57ca07640 1 -- 172.21.15.78:0/2433167452 learned_addr learned my addr 172.21.15.78:0/2433167452 (peer_addr_for_me v2:172.21.15.78:0/0)
2024-09-05T02:16:49.520 INFO:teuthology.orchestra.run.smithi078.stdout:/usr/bin/ceph: stderr
2024-09-05T02:16:47.685+0000 7fa57ca07640 1 -- 172.21.15.78:0/2433167452 --> [v2:172.21.15.78:3300/0,v1:172.21.15.78:6789/0] -- mon_subscribe({config=0+,monmap=0+}) -- 0x7fa5781079f0 con 0x7fa578106840
2024-09-05T02:16:49.521 INFO:teuthology.orchestra.run.smithi078.stdout:/usr/bin/ceph: stderr
2024-09-05T02:16:47.686+0000 7fa57ca07640 1 --2- 172.21.15.78:0/2433167452 >> [v2:172.21.15.78:3300/0,v1:172.21.15.78:6789/0] conn(0x7fa578106840 0x7fa578106c40 secure :-1 s=READY pgs=26 cs=0 l=1 rev1=1 crypto rx=0x7fa56c009820 tx=0x7fa56c02a270 comp rx=0 tx=0).ready entity=mon.0 client_cookie=c19f0a6d5a52219a server_cookie=0 in_seq=0 out_seq=0
2024-09-05T02:16:49.521 INFO:teuthology.orchestra.run.smithi078.stdout:/usr/bin/ceph: stderr
2024-09-05T02:16:47.686+0000 7fa5777fe640 1 -- 172.21.15.78:0/2433167452 <== mon.0 v2:172.21.15.78:3300/0 1 ==== mon_map magic: 0 ==== 205+0+0 (secure 0 0 0) 0x7fa56c037070 con 0x7fa578106840
2024-09-05T02:16:49.521 INFO:teuthology.orchestra.run.smithi078.stdout:/usr/bin/ceph: stderr
2024-09-05T02:16:47.686+0000 7fa5777fe640 1 -- 172.21.15.78:0/2433167452 <== mon.0 v2:172.21.15.78:3300/0 2 ==== config(29 keys) ==== 1178+0+0 (secure 0 0 0) 0x7fa56c032940 con 0x7fa578106840
2024-09-05T02:16:49.521 INFO:teuthology.orchestra.run.smithi078.stdout:/usr/bin/ceph: stderr
2024-09-05T02:16:47.686+0000 7fa5777fe640 1 -- 172.21.15.78:0/2433167452 <== mon.0 v2:172.21.15.78:3300/0 3 ==== mon_map magic: 0 ==== 205+0+0 (secure 0 0 0) 0x7fa56c0309c0 con 0x7fa578106840
2024-09-05T02:16:49.521 INFO:teuthology.orchestra.run.smithi078.stdout:/usr/bin/ceph: stderr
2024-09-05T02:16:47.687+0000 7fa57ec6b640 1 -- 172.21.15.78:0/2433167452 >> [v2:172.21.15.78:3300/0,v1:172.21.15.78:6789/0] conn(0x7fa578106840 msgr2=0x7fa578106c40 secure :-1 s=STATE_CONNECTION_ESTABLISHED l=1).mark_down
2024-09-05T02:16:49.521 INFO:teuthology.orchestra.run.smithi078.stdout:/usr/bin/ceph: stderr
2024-09-05T02:16:47.687+0000 7fa57ec6b640 1 --2- 172.21.15.78:0/2433167452 >> [v2:172.21.15.78:3300/0,v1:172.21.15.78:6789/0] conn(0x7fa578106840 0x7fa578106c40 secure :-1 s=READY pgs=26 cs=0 l=1 rev1=1 crypto rx=0x7fa56c009820 tx=0x7fa56c02a270 comp rx=0 tx=0).stop
2024-09-05T02:16:49.521 INFO:teuthology.orchestra.run.smithi078.stdout:/usr/bin/ceph: stderr
2024-09-05T02:16:47.687+0000 7fa57ec6b640 1 -- 172.21.15.78:0/2433167452 shutdown_connections
2024-09-05T02:16:49.521 INFO:teuthology.orchestra.run.smithi078.stdout:/usr/bin/ceph: stderr
2024-09-05T02:16:47.687+0000 7fa57ec6b640 1 --2- 172.21.15.78:0/2433167452 >> [v2:172.21.15.78:3300/0,v1:172.21.15.78:6789/0] conn(0x7fa578106840 0x7fa578106c40 unknown :-1 s=CLOSED pgs=26 cs=0 l=1 rev1=1 crypto rx=0 tx=0 comp rx=0 tx=0).stop
2024-09-05T02:16:49.521 INFO:teuthology.orchestra.run.smithi078.stdout:/usr/bin/ceph: stderr
2024-09-05T02:16:47.687+0000 7fa57ec6b640 1 -- 172.21.15.78:0/2433167452 >> 172.21.15.78:0/2433167452 conn(0x7fa578101f90 msgr2=0x7fa578104410 unknown :-1 s=STATE_NONE l=0).mark_down
2024-09-05T02:16:49.521 INFO:teuthology.orchestra.run.smithi078.stdout:/usr/bin/ceph: stderr
2024-09-05T02:16:47.687+0000 7fa57ec6b640 1 -- 172.21.15.78:0/2433167452 shutdown_connections
2024-09-05T02:16:49.521 INFO:teuthology.orchestra.run.smithi078.stdout:/usr/bin/ceph: stderr
2024-09-05T02:16:47.687+0000 7fa57ec6b640 1 -- 172.21.15.78:0/2433167452 wait complete.
2024-09-05T02:16:49.521 INFO:teuthology.orchestra.run.smithi078.stdout:/usr/bin/ceph: stderr
2024-09-05T02:16:47.687+0000 7fa57ec6b640 1 Processor -- start
2024-09-05T02:16:49.521 INFO:teuthology.orchestra.run.smithi078.stdout:/usr/bin/ceph: stderr
2024-09-05T02:16:47.688+0000 7fa57ec6b640 1 -- start start
2024-09-05T02:16:49.522 INFO:teuthology.orchestra.run.smithi078.stdout:/usr/bin/ceph: stderr
2024-09-05T02:16:47.688+0000 7fa57ec6b640 1 --2- >> [v2:172.21.15.78:3300/0,v1:172.21.15.78:6789/0] conn(0x7fa578106840 0x7fa578191ae0 unknown :-1 s=NONE pgs=0 cs=0 l=1 rev1=0 crypto rx=0 tx=0 comp rx=0 tx=0).connect
2024-09-05T02:16:49.522 INFO:teuthology.orchestra.run.smithi078.stdout:/usr/bin/ceph: stderr
2024-09-05T02:16:47.688+0000 7fa57ec6b640 1 -- --> [v2:172.21.15.78:3300/0,v1:172.21.15.78:6789/0] -- mon_getmap magic: 0 -- 0x7fa57810ada0 con 0x7fa578106840
2024-09-05T02:16:49.522 INFO:teuthology.orchestra.run.smithi078.stdout:/usr/bin/ceph: stderr
2024-09-05T02:16:47.688+0000 7fa57ca07640 1 --2- >> [v2:172.21.15.78:3300/0,v1:172.21.15.78:6789/0] conn(0x7fa578106840 0x7fa578191ae0 unknown :-1 s=BANNER_CONNECTING pgs=0 cs=0 l=1 rev1=0 crypto rx=0 tx=0 comp rx=0 tx=0)._handle_peer_banner_payload supported=3 required=0
2024-09-05T02:16:49.522 INFO:teuthology.orchestra.run.smithi078.stdout:/usr/bin/ceph: stderr
2024-09-05T02:16:47.688+0000 7fa57ca07640 1 --2- >> [v2:172.21.15.78:3300/0,v1:172.21.15.78:6789/0] conn(0x7fa578106840 0x7fa578191ae0 unknown :-1 s=HELLO_CONNECTING pgs=0 cs=0 l=1 rev1=1 crypto rx=0 tx=0 comp rx=0 tx=0).handle_hello peer v2:172.21.15.78:3300/0 says I am v2:172.21.15.78:59122/0 (socket says 172.21.15.78:59122)
2024-09-05T02:16:49.522 INFO:teuthology.orchestra.run.smithi078.stdout:/usr/bin/ceph: stderr
2024-09-05T02:16:47.688+0000 7fa57ca07640 1 -- 172.21.15.78:0/2649330799 learned_addr learned my addr 172.21.15.78:0/2649330799 (peer_addr_for_me v2:172.21.15.78:0/0)
2024-09-05T02:16:49.522 INFO:teuthology.orchestra.run.smithi078.stdout:/usr/bin/ceph: stderr
2024-09-05T02:16:47.688+0000 7fa57ca07640 1 -- 172.21.15.78:0/2649330799 --> [v2:172.21.15.78:3300/0,v1:172.21.15.78:6789/0] -- mon_subscribe({config=0+,monmap=0+}) -- 0x7fa578192020 con 0x7fa578106840
2024-09-05T02:16:49.522 INFO:teuthology.orchestra.run.smithi078.stdout:/usr/bin/ceph: stderr
2024-09-05T02:16:47.688+0000 7fa57ca07640 1 --2- 172.21.15.78:0/2649330799 >> [v2:172.21.15.78:3300/0,v1:172.21.15.78:6789/0] conn(0x7fa578106840 0x7fa578191ae0 secure :-1 s=READY pgs=27 cs=0 l=1 rev1=1 crypto rx=0x7fa56c0097f0 tx=0x7fa56c032e60 comp rx=0 tx=0).ready entity=mon.0 client_cookie=0 server_cookie=0 in_seq=0 out_seq=0
2024-09-05T02:16:49.522 INFO:teuthology.orchestra.run.smithi078.stdout:/usr/bin/ceph: stderr
2024-09-05T02:16:47.688+0000 7fa575ffb640 1 -- 172.21.15.78:0/2649330799 <== mon.0 v2:172.21.15.78:3300/0 1 ==== mon_map magic: 0 ==== 205+0+0 (secure 0 0 0) 0x7fa56c042070 con 0x7fa578106840
2024-09-05T02:16:49.522 INFO:teuthology.orchestra.run.smithi078.stdout:/usr/bin/ceph: stderr
2024-09-05T02:16:47.689+0000 7fa575ffb640 1 -- 172.21.15.78:0/2649330799 <== mon.0 v2:172.21.15.78:3300/0 2 ==== config(29 keys) ==== 1178+0+0 (secure 0 0 0) 0x7fa56c0325f0 con 0x7fa578106840
2024-09-05T02:16:49.522 INFO:teuthology.orchestra.run.smithi078.stdout:/usr/bin/ceph: stderr
2024-09-05T02:16:47.689+0000 7fa57ec6b640 1 -- 172.21.15.78:0/2649330799 --> [v2:172.21.15.78:3300/0,v1:172.21.15.78:6789/0] -- mon_subscribe({mgrmap=0+}) -- 0x7fa578190210 con 0x7fa578106840
2024-09-05T02:16:49.522 INFO:teuthology.orchestra.run.smithi078.stdout:/usr/bin/ceph: stderr
2024-09-05T02:16:47.689+0000 7fa575ffb640 1 -- 172.21.15.78:0/2649330799 <== mon.0 v2:172.21.15.78:3300/0 3 ==== mon_map magic: 0 ==== 205+0+0 (secure 0 0 0) 0x7fa56c037040 con 0x7fa578106840
2024-09-05T02:16:49.522 INFO:teuthology.orchestra.run.smithi078.stdout:/usr/bin/ceph: stderr
2024-09-05T02:16:47.689+0000 7fa57ec6b640 1 -- 172.21.15.78:0/2649330799 --> [v2:172.21.15.78:3300/0,v1:172.21.15.78:6789/0] -- mon_subscribe({osdmap=0}) -- 0x7fa578190750 con 0x7fa578106840
2024-09-05T02:16:49.522 INFO:teuthology.orchestra.run.smithi078.stdout:/usr/bin/ceph: stderr
2024-09-05T02:16:47.690+0000 7fa575ffb640 1 -- 172.21.15.78:0/2649330799 <== mon.0 v2:172.21.15.78:3300/0 4 ==== mgrmap(e 5) ==== 46287+0+0 (secure 0 0 0) 0x7fa56c045070 con 0x7fa578106840
2024-09-05T02:16:49.523 INFO:teuthology.orchestra.run.smithi078.stdout:/usr/bin/ceph: stderr
2024-09-05T02:16:47.690+0000 7fa575ffb640 1 --2- 172.21.15.78:0/2649330799 >> [v2:172.21.15.78:6800/2944479349,v1:172.21.15.78:6801/2944479349] conn(0x7fa568038f70 0x7fa56803b430 unknown :-1 s=NONE pgs=0 cs=0 l=1 rev1=0 crypto rx=0 tx=0 comp rx=0 tx=0).connect
2024-09-05T02:16:49.523 INFO:teuthology.orchestra.run.smithi078.stdout:/usr/bin/ceph: stderr
2024-09-05T02:16:47.690+0000 7fa575ffb640 1 -- 172.21.15.78:0/2649330799 --> [v2:172.21.15.78:6800/2944479349,v1:172.21.15.78:6801/2944479349] -- command(tid 0: {"prefix": "get_command_descriptions"}) -- 0x7fa56803bb40 con 0x7fa568038f70
2024-09-05T02:16:49.523 INFO:teuthology.orchestra.run.smithi078.stdout:/usr/bin/ceph: stderr
2024-09-05T02:16:47.690+0000 7fa575ffb640 1 -- 172.21.15.78:0/2649330799 <== mon.0 v2:172.21.15.78:3300/0 5 ==== osd_map(1..1 src has 1..1) ==== 725+0+0 (secure 0 0 0) 0x7fa56c06bfa0 con 0x7fa578106840
2024-09-05T02:16:49.523 INFO:teuthology.orchestra.run.smithi078.stdout:/usr/bin/ceph: stderr
2024-09-05T02:16:47.690+0000 7fa577fff640 1 -- 172.21.15.78:0/2649330799 >> [v2:172.21.15.78:6800/2944479349,v1:172.21.15.78:6801/2944479349] conn(0x7fa568038f70 msgr2=0x7fa56803b430 unknown :-1 s=STATE_CONNECTING_RE l=1).process reconnect failed to v2:172.21.15.78:6800/2944479349
2024-09-05T02:16:49.523 INFO:teuthology.orchestra.run.smithi078.stdout:/usr/bin/ceph: stderr
2024-09-05T02:16:47.690+0000 7fa577fff640 1 --2- 172.21.15.78:0/2649330799 >> [v2:172.21.15.78:6800/2944479349,v1:172.21.15.78:6801/2944479349] conn(0x7fa568038f70 0x7fa56803b430 unknown :-1 s=START_CONNECT pgs=0 cs=0 l=1 rev1=0 crypto rx=0 tx=0 comp rx=0 tx=0)._fault waiting 0.200000
2024-09-05T02:16:49.523 INFO:teuthology.orchestra.run.smithi078.stdout:/usr/bin/ceph: stderr
2024-09-05T02:16:47.890+0000 7fa577fff640 1 -- 172.21.15.78:0/2649330799 >> [v2:172.21.15.78:6800/2944479349,v1:172.21.15.78:6801/2944479349] conn(0x7fa568038f70 msgr2=0x7fa56803b430 unknown :-1 s=STATE_CONNECTING_RE l=1).process reconnect failed to v2:172.21.15.78:6800/2944479349
2024-09-05T02:16:49.523 INFO:teuthology.orchestra.run.smithi078.stdout:/usr/bin/ceph: stderr
2024-09-05T02:16:47.890+0000 7fa577fff640 1 --2- 172.21.15.78:0/2649330799 >> [v2:172.21.15.78:6800/2944479349,v1:172.21.15.78:6801/2944479349] conn(0x7fa568038f70 0x7fa56803b430 unknown :-1 s=START_CONNECT pgs=0 cs=0 l=1 rev1=0 crypto rx=0 tx=0 comp rx=0 tx=0)._fault waiting 0.400000
2024-09-05T02:16:49.523 INFO:teuthology.orchestra.run.smithi078.stdout:/usr/bin/ceph: stderr
2024-09-05T02:16:47.916+0000 7fa575ffb640 1 -- 172.21.15.78:0/2649330799 <== mon.0 v2:172.21.15.78:3300/0 6 ==== mgrmap(e 6) ==== 46054+0+0 (secure 0 0 0) 0x7fa56c06aa60 con 0x7fa578106840
2024-09-05T02:16:49.523 INFO:teuthology.orchestra.run.smithi078.stdout:/usr/bin/ceph: stderr
2024-09-05T02:16:47.916+0000 7fa575ffb640 1 -- 172.21.15.78:0/2649330799 >> [v2:172.21.15.78:6800/2944479349,v1:172.21.15.78:6801/2944479349] conn(0x7fa568038f70 msgr2=0x7fa56803b430 unknown :-1 s=STATE_CONNECTING l=1).mark_down
2024-09-05T02:16:49.523 INFO:teuthology.orchestra.run.smithi078.stdout:/usr/bin/ceph: stderr
2024-09-05T02:16:47.916+0000 7fa575ffb640 1 --2- 172.21.15.78:0/2649330799 >> [v2:172.21.15.78:6800/2944479349,v1:172.21.15.78:6801/2944479349] conn(0x7fa568038f70 0x7fa56803b430 unknown :-1 s=START_CONNECT pgs=0 cs=0 l=1 rev1=0 crypto rx=0 tx=0 comp rx=0 tx=0).stop
2024-09-05T02:16:49.523 INFO:teuthology.orchestra.run.smithi078.stdout:/usr/bin/ceph: stderr
2024-09-05T02:16:48.916+0000 7fa575ffb640 1 -- 172.21.15.78:0/2649330799 <== mon.0 v2:172.21.15.78:3300/0 7 ==== mgrmap(e 7) ==== 46181+0+0 (secure 0 0 0) 0x7fa56c06dc70 con 0x7fa578106840
2024-09-05T02:16:49.523 INFO:teuthology.orchestra.run.smithi078.stdout:/usr/bin/ceph: stderr
2024-09-05T02:16:48.917+0000 7fa575ffb640 1 --2- 172.21.15.78:0/2649330799 >> [v2:172.21.15.78:6800/1905758990,v1:172.21.15.78:6801/1905758990] conn(0x7fa56803c8a0 0x7fa56803ec90 unknown :-1 s=NONE pgs=0 cs=0 l=1 rev1=0 crypto rx=0 tx=0 comp rx=0 tx=0).connect
2024-09-05T02:16:49.524 INFO:teuthology.orchestra.run.smithi078.stdout:/usr/bin/ceph: stderr
2024-09-05T02:16:48.917+0000 7fa575ffb640 1 -- 172.21.15.78:0/2649330799 --> [v2:172.21.15.78:6800/1905758990,v1:172.21.15.78:6801/1905758990] -- command(tid 0: {"prefix": "get_command_descriptions"}) -- 0x7fa56c00af30 con 0x7fa56803c8a0
2024-09-05T02:16:49.524 INFO:teuthology.orchestra.run.smithi078.stdout:/usr/bin/ceph: stderr
2024-09-05T02:16:48.917+0000 7fa577fff640 1 --2- 172.21.15.78:0/2649330799 >> [v2:172.21.15.78:6800/1905758990,v1:172.21.15.78:6801/1905758990] conn(0x7fa56803c8a0 0x7fa56803ec90 unknown :-1 s=BANNER_CONNECTING pgs=0 cs=0 l=1 rev1=0 crypto rx=0 tx=0 comp rx=0 tx=0)._handle_peer_banner_payload supported=3 required=0
2024-09-05T02:16:49.524 INFO:teuthology.orchestra.run.smithi078.stdout:/usr/bin/ceph: stderr
2024-09-05T02:16:48.917+0000 7fa577fff640 1 --2- 172.21.15.78:0/2649330799 >> [v2:172.21.15.78:6800/1905758990,v1:172.21.15.78:6801/1905758990] conn(0x7fa56803c8a0 0x7fa56803ec90 secure :-1 s=READY pgs=1 cs=0 l=1 rev1=1 crypto rx=0x7fa564003980 tx=0x7fa564006d70 comp rx=0 tx=0).ready entity=mgr.14118 client_cookie=0 server_cookie=0 in_seq=0 out_seq=0
2024-09-05T02:16:49.524 INFO:teuthology.orchestra.run.smithi078.stdout:/usr/bin/ceph: stderr
2024-09-05T02:16:48.918+0000 7fa575ffb640 1 -- 172.21.15.78:0/2649330799 <== mgr.14118 v2:172.21.15.78:6800/1905758990 1 ==== command_reply(tid 0: 0 ) ==== 8+0+9564 (secure 0 0 0) 0x7fa56c00af30 con 0x7fa56803c8a0
2024-09-05T02:16:49.524 INFO:teuthology.orchestra.run.smithi078.stdout:/usr/bin/ceph: stderr
2024-09-05T02:16:48.925+0000 7fa57ec6b640 1 -- 172.21.15.78:0/2649330799 --> [v2:172.21.15.78:6800/1905758990,v1:172.21.15.78:6801/1905758990] -- command(tid 1: {"prefix": "mgr_status"}) -- 0x7fa578106cc0 con 0x7fa56803c8a0
2024-09-05T02:16:49.524 INFO:teuthology.orchestra.run.smithi078.stdout:/usr/bin/ceph: stderr
2024-09-05T02:16:48.925+0000 7fa575ffb640 1 -- 172.21.15.78:0/2649330799 <== mgr.14118 v2:172.21.15.78:6800/1905758990 2 ==== command_reply(tid 1: 0 ) ==== 8+0+51 (secure 0 0 0) 0x7fa578106cc0 con 0x7fa56803c8a0
2024-09-05T02:16:49.524 INFO:teuthology.orchestra.run.smithi078.stdout:/usr/bin/ceph: stderr
2024-09-05T02:16:48.926+0000 7fa57ec6b640 1 -- 172.21.15.78:0/2649330799 >> [v2:172.21.15.78:6800/1905758990,v1:172.21.15.78:6801/1905758990] conn(0x7fa56803c8a0 msgr2=0x7fa56803ec90 secure :-1 s=STATE_CONNECTION_ESTABLISHED l=1).mark_down
2024-09-05T02:16:49.524 INFO:teuthology.orchestra.run.smithi078.stdout:/usr/bin/ceph: stderr
2024-09-05T02:16:48.926+0000 7fa57ec6b640 1 --2- 172.21.15.78:0/2649330799 >> [v2:172.21.15.78:6800/1905758990,v1:172.21.15.78:6801/1905758990] conn(0x7fa56803c8a0 0x7fa56803ec90 secure :-1 s=READY pgs=1 cs=0 l=1 rev1=1 crypto rx=0x7fa564003980 tx=0x7fa564006d70 comp rx=0 tx=0).stop
2024-09-05T02:16:49.524 INFO:teuthology.orchestra.run.smithi078.stdout:/usr/bin/ceph: stderr
2024-09-05T02:16:48.926+0000 7fa57ec6b640 1 -- 172.21.15.78:0/2649330799 >> [v2:172.21.15.78:3300/0,v1:172.21.15.78:6789/0] conn(0x7fa578106840 msgr2=0x7fa578191ae0 secure :-1 s=STATE_CONNECTION_ESTABLISHED l=1).mark_down
2024-09-05T02:16:49.524 INFO:teuthology.orchestra.run.smithi078.stdout:/usr/bin/ceph: stderr
2024-09-05T02:16:48.926+0000 7fa57ec6b640 1 --2- 172.21.15.78:0/2649330799 >> [v2:172.21.15.78:3300/0,v1:172.21.15.78:6789/0] conn(0x7fa578106840 0x7fa578191ae0 secure :-1 s=READY pgs=27 cs=0 l=1 rev1=1 crypto rx=0x7fa56c0097f0 tx=0x7fa56c032e60 comp rx=0 tx=0).stop
2024-09-05T02:16:49.524 INFO:teuthology.orchestra.run.smithi078.stdout:/usr/bin/ceph: stderr
2024-09-05T02:16:48.926+0000 7fa57ec6b640 1 -- 172.21.15.78:0/2649330799 shutdown_connections
2024-09-05T02:16:49.524 INFO:teuthology.orchestra.run.smithi078.stdout:/usr/bin/ceph: stderr
2024-09-05T02:16:48.926+0000 7fa57ec6b640 1 --2- 172.21.15.78:0/2649330799 >> [v2:172.21.15.78:6800/1905758990,v1:172.21.15.78:6801/1905758990] conn(0x7fa56803c8a0 0x7fa56803ec90 unknown :-1 s=CLOSED pgs=1 cs=0 l=1 rev1=1 crypto rx=0 tx=0 comp rx=0 tx=0).stop
2024-09-05T02:16:49.524 INFO:teuthology.orchestra.run.smithi078.stdout:/usr/bin/ceph: stderr
2024-09-05T02:16:48.926+0000 7fa57ec6b640 1 --2- 172.21.15.78:0/2649330799 >> [v2:172.21.15.78:6800/2944479349,v1:172.21.15.78:6801/2944479349] conn(0x7fa568038f70 0x7fa56803b430 unknown :-1 s=CLOSED pgs=0 cs=0 l=1 rev1=0 crypto rx=0 tx=0 comp rx=0 tx=0).stop
2024-09-05T02:16:49.525 INFO:teuthology.orchestra.run.smithi078.stdout:/usr/bin/ceph: stderr
2024-09-05T02:16:48.926+0000 7fa57ec6b640 1 --2- 172.21.15.78:0/2649330799 >> [v2:172.21.15.78:3300/0,v1:172.21.15.78:6789/0] conn(0x7fa578106840 0x7fa578191ae0 unknown :-1 s=CLOSED pgs=27 cs=0 l=1 rev1=1 crypto rx=0 tx=0 comp rx=0 tx=0).stop
2024-09-05T02:16:49.525 INFO:teuthology.orchestra.run.smithi078.stdout:/usr/bin/ceph: stderr
2024-09-05T02:16:48.926+0000 7fa57ec6b640 1 -- 172.21.15.78:0/2649330799 >> 172.21.15.78:0/2649330799 conn(0x7fa578101f90 msgr2=0x7fa578102ef0 unknown :-1 s=STATE_NONE l=0).mark_down
2024-09-05T02:16:49.525 INFO:teuthology.orchestra.run.smithi078.stdout:/usr/bin/ceph: stderr
2024-09-05T02:16:48.926+0000 7fa57ec6b640 1 -- 172.21.15.78:0/2649330799 shutdown_connections
2024-09-05T02:16:49.525 INFO:teuthology.orchestra.run.smithi078.stdout:/usr/bin/ceph: stderr
2024-09-05T02:16:48.926+0000 7fa57ec6b640 1 -- 172.21.15.78:0/2649330799 wait complete.
2024-09-05T02:16:49.525 INFO:teuthology.orchestra.run.smithi078.stdout:mgr epoch 5 is available
2024-09-05T02:16:49.525 INFO:teuthology.orchestra.run.smithi078.stdout:Setting orchestrator backend to cephadm...
2024-09-05T02:16:49.539 INFO:journalctl@ceph.mgr.x.smithi078.stdout:Sep 05 02:16:49 smithi078 ceph-ae0f3f70-6b2c-11ef-bcd6-c7b262605968-mgr-x[31377]:
2024-09-05T02:16:49.497+0000 7fddc0661640 -1 log_channel(cephadm) log [ERR] : [05/Sep/2024:02:16:49] ENGINE Error in HTTPServer.serve
2024-09-05T02:16:49.539 INFO:journalctl@ceph.mgr.x.smithi078.stdout:Sep 05 02:16:49 smithi078 ceph-ae0f3f70-6b2c-11ef-bcd6-c7b262605968-mgr-x[31377]: Traceback (most recent call last):
2024-09-05T02:16:49.539 INFO:journalctl@ceph.mgr.x.smithi078.stdout:Sep 05 02:16:49 smithi078 ceph-ae0f3f70-6b2c-11ef-bcd6-c7b262605968-mgr-x[31377]: File "/lib/python3.9/site-packages/cheroot/server.py", line 1823, in serve
2024-09-05T02:16:49.539 INFO:journalctl@ceph.mgr.x.smithi078.stdout:Sep 05 02:16:49 smithi078 ceph-ae0f3f70-6b2c-11ef-bcd6-c7b262605968-mgr-x[31377]: self._connections.run(self.expiration_interval)
2024-09-05T02:16:49.539 INFO:journalctl@ceph.mgr.x.smithi078.stdout:Sep 05 02:16:49 smithi078 ceph-ae0f3f70-6b2c-11ef-bcd6-c7b262605968-mgr-x[31377]: File "/lib/python3.9/site-packages/cheroot/connections.py", line 203, in run
2024-09-05T02:16:49.539 INFO:journalctl@ceph.mgr.x.smithi078.stdout:Sep 05 02:16:49 smithi078 ceph-ae0f3f70-6b2c-11ef-bcd6-c7b262605968-mgr-x[31377]: self._run(expiration_interval)
2024-09-05T02:16:49.539 INFO:journalctl@ceph.mgr.x.smithi078.stdout:Sep 05 02:16:49 smithi078 ceph-ae0f3f70-6b2c-11ef-bcd6-c7b262605968-mgr-x[31377]: File "/lib/python3.9/site-packages/cheroot/connections.py", line 246, in _run
2024-09-05T02:16:49.539 INFO:journalctl@ceph.mgr.x.smithi078.stdout:Sep 05 02:16:49 smithi078 ceph-ae0f3f70-6b2c-11ef-bcd6-c7b262605968-mgr-x[31377]: new_conn = self._from_server_socket(self.server.socket)
2024-09-05T02:16:49.539 INFO:journalctl@ceph.mgr.x.smithi078.stdout:Sep 05 02:16:49 smithi078 ceph-ae0f3f70-6b2c-11ef-bcd6-c7b262605968-mgr-x[31377]: File "/lib/python3.9/site-packages/cheroot/connections.py", line 300, in _from_server_socket
2024-09-05T02:16:49.539 INFO:journalctl@ceph.mgr.x.smithi078.stdout:Sep 05 02:16:49 smithi078 ceph-ae0f3f70-6b2c-11ef-bcd6-c7b262605968-mgr-x[31377]: s, ssl_env = self.server.ssl_adapter.wrap(s)
2024-09-05T02:16:49.540 INFO:journalctl@ceph.mgr.x.smithi078.stdout:Sep 05 02:16:49 smithi078 ceph-ae0f3f70-6b2c-11ef-bcd6-c7b262605968-mgr-x[31377]: File "/lib/python3.9/site-packages/cheroot/ssl/builtin.py", line 277, in wrap
2024-09-05T02:16:49.540 INFO:journalctl@ceph.mgr.x.smithi078.stdout:Sep 05 02:16:49 smithi078 ceph-ae0f3f70-6b2c-11ef-bcd6-c7b262605968-mgr-x[31377]: s = self.context.wrap_socket(
2024-09-05T02:16:49.540 INFO:journalctl@ceph.mgr.x.smithi078.stdout:Sep 05 02:16:49 smithi078 ceph-ae0f3f70-6b2c-11ef-bcd6-c7b262605968-mgr-x[31377]: File "/lib64/python3.9/ssl.py", line 501, in wrap_socket
2024-09-05T02:16:49.540 INFO:journalctl@ceph.mgr.x.smithi078.stdout:Sep 05 02:16:49 smithi078 ceph-ae0f3f70-6b2c-11ef-bcd6-c7b262605968-mgr-x[31377]: return self.sslsocket_class._create(
2024-09-05T02:16:49.540 INFO:journalctl@ceph.mgr.x.smithi078.stdout:Sep 05 02:16:49 smithi078 ceph-ae0f3f70-6b2c-11ef-bcd6-c7b262605968-mgr-x[31377]: File "/lib64/python3.9/ssl.py", line 1074, in _create
