2024-09-05T06:32:13.648+0000 7f4889ffb640 1 -- 172.21.15.86:0/4208716208 <== mon.0 v2:172.21.15.86:3300/0 1 ==== mon_map magic: 0 ==== 205+0+0 (secure 0 0 0) 0x7f487c042070 con 0x7f488c1062e0
2024-09-05T06:32:14.939 INFO:teuthology.orchestra.run.smithi086.stdout:/usr/bin/ceph: stderr
2024-09-05T06:32:13.648+0000 7f4889ffb640 1 -- 172.21.15.86:0/4208716208 <== mon.0 v2:172.21.15.86:3300/0 2 ==== config(26 keys) ==== 1102+0+0 (secure 0 0 0) 0x7f487c030d80 con 0x7f488c1062e0
2024-09-05T06:32:14.939 INFO:teuthology.orchestra.run.smithi086.stdout:/usr/bin/ceph: stderr
2024-09-05T06:32:13.648+0000 7f4892fc0640 1 -- 172.21.15.86:0/4208716208 --> [v2:172.21.15.86:3300/0,v1:172.21.15.86:6789/0] -- mon_subscribe({mgrmap=0+}) -- 0x7f488c18fc40 con 0x7f488c1062e0
2024-09-05T06:32:14.939 INFO:teuthology.orchestra.run.smithi086.stdout:/usr/bin/ceph: stderr
2024-09-05T06:32:13.648+0000 7f4889ffb640 1 -- 172.21.15.86:0/4208716208 <== mon.0 v2:172.21.15.86:3300/0 3 ==== mon_map magic: 0 ==== 205+0+0 (secure 0 0 0) 0x7f487c037040 con 0x7f488c1062e0
2024-09-05T06:32:14.939 INFO:teuthology.orchestra.run.smithi086.stdout:/usr/bin/ceph: stderr
2024-09-05T06:32:13.648+0000 7f4892fc0640 1 -- 172.21.15.86:0/4208716208 --> [v2:172.21.15.86:3300/0,v1:172.21.15.86:6789/0] -- mon_subscribe({osdmap=0}) -- 0x7f488c190180 con 0x7f488c1062e0
2024-09-05T06:32:14.939 INFO:teuthology.orchestra.run.smithi086.stdout:/usr/bin/ceph: stderr
2024-09-05T06:32:13.649+0000 7f4892fc0640 1 -- 172.21.15.86:0/4208716208 --> [v2:172.21.15.86:3300/0,v1:172.21.15.86:6789/0] -- mon_command({"prefix": "get_command_descriptions"} v 0) -- 0x7f488c10aa10 con 0x7f488c1062e0
2024-09-05T06:32:14.939 INFO:teuthology.orchestra.run.smithi086.stdout:/usr/bin/ceph: stderr
2024-09-05T06:32:13.650+0000 7f4889ffb640 1 -- 172.21.15.86:0/4208716208 <== mon.0 v2:172.21.15.86:3300/0 4 ==== mgrmap(e 12) ==== 46300+0+0 (secure 0 0 0) 0x7f487c045070 con 0x7f488c1062e0
2024-09-05T06:32:14.939 INFO:teuthology.orchestra.run.smithi086.stdout:/usr/bin/ceph: stderr
2024-09-05T06:32:13.650+0000 7f4889ffb640 1 --2- 172.21.15.86:0/4208716208 >> [v2:172.21.15.86:6800/3708924769,v1:172.21.15.86:6801/3708924769] conn(0x7f4874038fc0 0x7f487403b480 unknown :-1 s=NONE pgs=0 cs=0 l=1 rev1=0 crypto rx=0 tx=0 comp rx=0 tx=0).connect
2024-09-05T06:32:14.939 INFO:teuthology.orchestra.run.smithi086.stdout:/usr/bin/ceph: stderr
2024-09-05T06:32:13.650+0000 7f4889ffb640 1 -- 172.21.15.86:0/4208716208 <== mon.0 v2:172.21.15.86:3300/0 5 ==== osd_map(3..3 src has 1..3) ==== 1155+0+0 (secure 0 0 0) 0x7f487c06c200 con 0x7f488c1062e0
2024-09-05T06:32:14.939 INFO:teuthology.orchestra.run.smithi086.stdout:/usr/bin/ceph: stderr
2024-09-05T06:32:13.650+0000 7f488bfff640 1 --2- 172.21.15.86:0/4208716208 >> [v2:172.21.15.86:6800/3708924769,v1:172.21.15.86:6801/3708924769] conn(0x7f4874038fc0 0x7f487403b480 unknown :-1 s=BANNER_CONNECTING pgs=0 cs=0 l=1 rev1=0 crypto rx=0 tx=0 comp rx=0 tx=0)._handle_peer_banner_payload supported=3 required=0
2024-09-05T06:32:14.939 INFO:teuthology.orchestra.run.smithi086.stdout:/usr/bin/ceph: stderr
2024-09-05T06:32:13.651+0000 7f488bfff640 1 --2- 172.21.15.86:0/4208716208 >> [v2:172.21.15.86:6800/3708924769,v1:172.21.15.86:6801/3708924769] conn(0x7f4874038fc0 0x7f487403b480 secure :-1 s=READY pgs=7 cs=0 l=1 rev1=1 crypto rx=0x7f48800098c0 tx=0x7f4880006db0 comp rx=0 tx=0).ready entity=mgr.14150 client_cookie=0 server_cookie=0 in_seq=0 out_seq=0
2024-09-05T06:32:14.939 INFO:teuthology.orchestra.run.smithi086.stdout:/usr/bin/ceph: stderr
2024-09-05T06:32:13.655+0000 7f4889ffb640 1 -- 172.21.15.86:0/4208716208 <== mon.0 v2:172.21.15.86:3300/0 6 ==== mon_command_ack([{"prefix": "get_command_descriptions"}]=0 v0) ==== 72+0+188821 (secure 0 0 0) 0x7f487c045360 con 0x7f488c1062e0
2024-09-05T06:32:14.939 INFO:teuthology.orchestra.run.smithi086.stdout:/usr/bin/ceph: stderr
2024-09-05T06:32:13.842+0000 7f4892fc0640 1 -- 172.21.15.86:0/4208716208 --> [v2:172.21.15.86:6800/3708924769,v1:172.21.15.86:6801/3708924769] -- mgr_command(tid 0: {"prefix": "dashboard create-self-signed-cert", "target": ["mon-mgr", ""]}) -- 0x7f488c194fa0 con 0x7f4874038fc0
2024-09-05T06:32:14.940 INFO:teuthology.orchestra.run.smithi086.stdout:/usr/bin/ceph: stderr
2024-09-05T06:32:13.912+0000 7f4889ffb640 1 -- 172.21.15.86:0/4208716208 <== mgr.14150 v2:172.21.15.86:6800/3708924769 1 ==== mgr_command_reply(tid 0: 0 ) ==== 8+0+32 (secure 0 0 0) 0x7f488c194fa0 con 0x7f4874038fc0
2024-09-05T06:32:14.940 INFO:teuthology.orchestra.run.smithi086.stdout:/usr/bin/ceph: stderr
2024-09-05T06:32:13.915+0000 7f4892fc0640 1 -- 172.21.15.86:0/4208716208 >> [v2:172.21.15.86:6800/3708924769,v1:172.21.15.86:6801/3708924769] conn(0x7f4874038fc0 msgr2=0x7f487403b480 secure :-1 s=STATE_CONNECTION_ESTABLISHED l=1).mark_down
2024-09-05T06:32:14.940 INFO:teuthology.orchestra.run.smithi086.stdout:/usr/bin/ceph: stderr
2024-09-05T06:32:13.915+0000 7f4892fc0640 1 --2- 172.21.15.86:0/4208716208 >> [v2:172.21.15.86:6800/3708924769,v1:172.21.15.86:6801/3708924769] conn(0x7f4874038fc0 0x7f487403b480 secure :-1 s=READY pgs=7 cs=0 l=1 rev1=1 crypto rx=0x7f48800098c0 tx=0x7f4880006db0 comp rx=0 tx=0).stop
2024-09-05T06:32:14.940 INFO:teuthology.orchestra.run.smithi086.stdout:/usr/bin/ceph: stderr
2024-09-05T06:32:13.915+0000 7f4892fc0640 1 -- 172.21.15.86:0/4208716208 >> [v2:172.21.15.86:3300/0,v1:172.21.15.86:6789/0] conn(0x7f488c1062e0 msgr2=0x7f488c191510 secure :-1 s=STATE_CONNECTION_ESTABLISHED l=1).mark_down
2024-09-05T06:32:14.940 INFO:teuthology.orchestra.run.smithi086.stdout:/usr/bin/ceph: stderr
2024-09-05T06:32:13.915+0000 7f4892fc0640 1 --2- 172.21.15.86:0/4208716208 >> [v2:172.21.15.86:3300/0,v1:172.21.15.86:6789/0] conn(0x7f488c1062e0 0x7f488c191510 secure :-1 s=READY pgs=69 cs=0 l=1 rev1=1 crypto rx=0x7f487c0097f0 tx=0x7f487c030c70 comp rx=0 tx=0).stop
2024-09-05T06:32:14.940 INFO:teuthology.orchestra.run.smithi086.stdout:/usr/bin/ceph: stderr
2024-09-05T06:32:13.915+0000 7f4892fc0640 1 -- 172.21.15.86:0/4208716208 shutdown_connections
2024-09-05T06:32:14.940 INFO:teuthology.orchestra.run.smithi086.stdout:/usr/bin/ceph: stderr
2024-09-05T06:32:13.915+0000 7f4892fc0640 1 --2- 172.21.15.86:0/4208716208 >> [v2:172.21.15.86:6800/3708924769,v1:172.21.15.86:6801/3708924769] conn(0x7f4874038fc0 0x7f487403b480 unknown :-1 s=CLOSED pgs=7 cs=0 l=1 rev1=1 crypto rx=0 tx=0 comp rx=0 tx=0).stop
2024-09-05T06:32:14.940 INFO:teuthology.orchestra.run.smithi086.stdout:/usr/bin/ceph: stderr
2024-09-05T06:32:13.915+0000 7f4892fc0640 1 --2- 172.21.15.86:0/4208716208 >> [v2:172.21.15.86:3300/0,v1:172.21.15.86:6789/0] conn(0x7f488c1062e0 0x7f488c191510 unknown :-1 s=CLOSED pgs=69 cs=0 l=1 rev1=1 crypto rx=0 tx=0 comp rx=0 tx=0).stop
2024-09-05T06:32:14.940 INFO:teuthology.orchestra.run.smithi086.stdout:/usr/bin/ceph: stderr
2024-09-05T06:32:13.915+0000 7f4892fc0640 1 -- 172.21.15.86:0/4208716208 >> 172.21.15.86:0/4208716208 conn(0x7f488c101a90 msgr2=0x7f488c1029b0 unknown :-1 s=STATE_NONE l=0).mark_down
2024-09-05T06:32:14.940 INFO:teuthology.orchestra.run.smithi086.stdout:/usr/bin/ceph: stderr
2024-09-05T06:32:13.915+0000 7f4892fc0640 1 -- 172.21.15.86:0/4208716208 shutdown_connections
2024-09-05T06:32:14.940 INFO:teuthology.orchestra.run.smithi086.stdout:/usr/bin/ceph: stderr
2024-09-05T06:32:13.915+0000 7f4892fc0640 1 -- 172.21.15.86:0/4208716208 wait complete.
2024-09-05T06:32:14.940 INFO:teuthology.orchestra.run.smithi086.stdout:Creating initial admin user...
2024-09-05T06:32:16.355 INFO:teuthology.orchestra.run.smithi086.stdout:/usr/bin/ceph: stdout {"username": "admin", "password": "$2b$12$SztRZsh.e/4WGb7TvGGucu8okOLpphIPKczvf1..M7dh48txhYq/S", "roles": ["administrator"], "name": null, "email": null, "lastUpdate": 1725517935, "enabled": true, "pwdExpirationDate": null, "pwdUpdateRequired": true}
2024-09-05T06:32:16.355 INFO:teuthology.orchestra.run.smithi086.stdout:/usr/bin/ceph: stderr
2024-09-05T06:32:15.304+0000 7f491863c640 1 Processor -- start
2024-09-05T06:32:16.355 INFO:teuthology.orchestra.run.smithi086.stdout:/usr/bin/ceph: stderr
2024-09-05T06:32:15.304+0000 7f491863c640 1 -- start start
2024-09-05T06:32:16.355 INFO:teuthology.orchestra.run.smithi086.stdout:/usr/bin/ceph: stderr
2024-09-05T06:32:15.305+0000 7f491863c640 1 --2- >> [v2:172.21.15.86:3300/0,v1:172.21.15.86:6789/0] conn(0x7f49101074a0 0x7f49101078a0 unknown :-1 s=NONE pgs=0 cs=0 l=0 rev1=0 crypto rx=0 tx=0 comp rx=0 tx=0).connect
2024-09-05T06:32:16.355 INFO:teuthology.orchestra.run.smithi086.stdout:/usr/bin/ceph: stderr
2024-09-05T06:32:15.305+0000 7f491863c640 1 -- --> [v2:172.21.15.86:3300/0,v1:172.21.15.86:6789/0] -- mon_getmap magic: 0 -- 0x7f4910107e70 con 0x7f49101074a0
2024-09-05T06:32:16.355 INFO:teuthology.orchestra.run.smithi086.stdout:/usr/bin/ceph: stderr
2024-09-05T06:32:15.305+0000 7f49163d8640 1 --2- >> [v2:172.21.15.86:3300/0,v1:172.21.15.86:6789/0] conn(0x7f49101074a0 0x7f49101078a0 unknown :-1 s=BANNER_CONNECTING pgs=0 cs=0 l=0 rev1=0 crypto rx=0 tx=0 comp rx=0 tx=0)._handle_peer_banner_payload supported=3 required=0
2024-09-05T06:32:16.355 INFO:teuthology.orchestra.run.smithi086.stdout:/usr/bin/ceph: stderr
2024-09-05T06:32:15.305+0000 7f49163d8640 1 --2- >> [v2:172.21.15.86:3300/0,v1:172.21.15.86:6789/0] conn(0x7f49101074a0 0x7f49101078a0 unknown :-1 s=HELLO_CONNECTING pgs=0 cs=0 l=0 rev1=1 crypto rx=0 tx=0 comp rx=0 tx=0).handle_hello peer v2:172.21.15.86:3300/0 says I am v2:172.21.15.86:44196/0 (socket says 172.21.15.86:44196)
2024-09-05T06:32:16.355 INFO:teuthology.orchestra.run.smithi086.stdout:/usr/bin/ceph: stderr
2024-09-05T06:32:15.305+0000 7f49163d8640 1 -- 172.21.15.86:0/1216261809 learned_addr learned my addr 172.21.15.86:0/1216261809 (peer_addr_for_me v2:172.21.15.86:0/0)
2024-09-05T06:32:16.356 INFO:teuthology.orchestra.run.smithi086.stdout:/usr/bin/ceph: stderr
2024-09-05T06:32:15.305+0000 7f49163d8640 1 -- 172.21.15.86:0/1216261809 --> [v2:172.21.15.86:3300/0,v1:172.21.15.86:6789/0] -- mon_subscribe({config=0+,monmap=0+}) -- 0x7f4910108600 con 0x7f49101074a0
2024-09-05T06:32:16.356 INFO:teuthology.orchestra.run.smithi086.stdout:/usr/bin/ceph: stderr
2024-09-05T06:32:15.306+0000 7f49163d8640 1 --2- 172.21.15.86:0/1216261809 >> [v2:172.21.15.86:3300/0,v1:172.21.15.86:6789/0] conn(0x7f49101074a0 0x7f49101078a0 secure :-1 s=READY pgs=70 cs=0 l=1 rev1=1 crypto rx=0x7f490c009820 tx=0x7f490c02a270 comp rx=0 tx=0).ready entity=mon.0 client_cookie=69022ee3f8a1eddd server_cookie=0 in_seq=0 out_seq=0
2024-09-05T06:32:16.356 INFO:teuthology.orchestra.run.smithi086.stdout:/usr/bin/ceph: stderr
2024-09-05T06:32:15.306+0000 7f49153d6640 1 -- 172.21.15.86:0/1216261809 <== mon.0 v2:172.21.15.86:3300/0 1 ==== mon_map magic: 0 ==== 205+0+0 (secure 0 0 0) 0x7f490c037070 con 0x7f49101074a0
2024-09-05T06:32:16.356 INFO:teuthology.orchestra.run.smithi086.stdout:/usr/bin/ceph: stderr
2024-09-05T06:32:15.306+0000 7f49153d6640 1 -- 172.21.15.86:0/1216261809 <== mon.0 v2:172.21.15.86:3300/0 2 ==== config(26 keys) ==== 1102+0+0 (secure 0 0 0) 0x7f490c0328f0 con 0x7f49101074a0
2024-09-05T06:32:16.356 INFO:teuthology.orchestra.run.smithi086.stdout:/usr/bin/ceph: stderr
2024-09-05T06:32:15.306+0000 7f49153d6640 1 -- 172.21.15.86:0/1216261809 <== mon.0 v2:172.21.15.86:3300/0 3 ==== mon_map magic: 0 ==== 205+0+0 (secure 0 0 0) 0x7f490c030740 con 0x7f49101074a0
2024-09-05T06:32:16.356 INFO:teuthology.orchestra.run.smithi086.stdout:/usr/bin/ceph: stderr
2024-09-05T06:32:15.307+0000 7f491863c640 1 -- 172.21.15.86:0/1216261809 >> [v2:172.21.15.86:3300/0,v1:172.21.15.86:6789/0] conn(0x7f49101074a0 msgr2=0x7f49101078a0 secure :-1 s=STATE_CONNECTION_ESTABLISHED l=1).mark_down
2024-09-05T06:32:16.356 INFO:teuthology.orchestra.run.smithi086.stdout:/usr/bin/ceph: stderr
2024-09-05T06:32:15.307+0000 7f491863c640 1 --2- 172.21.15.86:0/1216261809 >> [v2:172.21.15.86:3300/0,v1:172.21.15.86:6789/0] conn(0x7f49101074a0 0x7f49101078a0 secure :-1 s=READY pgs=70 cs=0 l=1 rev1=1 crypto rx=0x7f490c009820 tx=0x7f490c02a270 comp rx=0 tx=0).stop
2024-09-05T06:32:16.356 INFO:teuthology.orchestra.run.smithi086.stdout:/usr/bin/ceph: stderr
2024-09-05T06:32:15.307+0000 7f491863c640 1 -- 172.21.15.86:0/1216261809 shutdown_connections
2024-09-05T06:32:16.356 INFO:teuthology.orchestra.run.smithi086.stdout:/usr/bin/ceph: stderr
2024-09-05T06:32:15.307+0000 7f491863c640 1 --2- 172.21.15.86:0/1216261809 >> [v2:172.21.15.86:3300/0,v1:172.21.15.86:6789/0] conn(0x7f49101074a0 0x7f49101078a0 unknown :-1 s=CLOSED pgs=70 cs=0 l=1 rev1=1 crypto rx=0 tx=0 comp rx=0 tx=0).stop
2024-09-05T06:32:16.356 INFO:teuthology.orchestra.run.smithi086.stdout:/usr/bin/ceph: stderr
2024-09-05T06:32:15.307+0000 7f491863c640 1 -- 172.21.15.86:0/1216261809 >> 172.21.15.86:0/1216261809 conn(0x7f4910102c50 msgr2=0x7f4910105070 unknown :-1 s=STATE_NONE l=0).mark_down
2024-09-05T06:32:16.357 INFO:teuthology.orchestra.run.smithi086.stdout:/usr/bin/ceph: stderr
2024-09-05T06:32:15.307+0000 7f491863c640 1 -- 172.21.15.86:0/1216261809 shutdown_connections
2024-09-05T06:32:16.357 INFO:teuthology.orchestra.run.smithi086.stdout:/usr/bin/ceph: stderr
2024-09-05T06:32:15.307+0000 7f491863c640 1 -- 172.21.15.86:0/1216261809 wait complete.
2024-09-05T06:32:16.357 INFO:teuthology.orchestra.run.smithi086.stdout:/usr/bin/ceph: stderr
2024-09-05T06:32:15.307+0000 7f491863c640 1 Processor -- start
2024-09-05T06:32:16.357 INFO:teuthology.orchestra.run.smithi086.stdout:/usr/bin/ceph: stderr
2024-09-05T06:32:15.307+0000 7f491863c640 1 -- start start
2024-09-05T06:32:16.357 INFO:teuthology.orchestra.run.smithi086.stdout:/usr/bin/ceph: stderr
2024-09-05T06:32:15.307+0000 7f491863c640 1 --2- >> [v2:172.21.15.86:3300/0,v1:172.21.15.86:6789/0] conn(0x7f49101074a0 0x7f491019b3f0 unknown :-1 s=NONE pgs=0 cs=0 l=1 rev1=0 crypto rx=0 tx=0 comp rx=0 tx=0).connect
2024-09-05T06:32:16.357 INFO:teuthology.orchestra.run.smithi086.stdout:/usr/bin/ceph: stderr
2024-09-05T06:32:15.307+0000 7f491863c640 1 -- --> [v2:172.21.15.86:3300/0,v1:172.21.15.86:6789/0] -- mon_getmap magic: 0 -- 0x7f491010b9b0 con 0x7f49101074a0
2024-09-05T06:32:16.357 INFO:teuthology.orchestra.run.smithi086.stdout:/usr/bin/ceph: stderr
2024-09-05T06:32:15.308+0000 7f49163d8640 1 --2- >> [v2:172.21.15.86:3300/0,v1:172.21.15.86:6789/0] conn(0x7f49101074a0 0x7f491019b3f0 unknown :-1 s=BANNER_CONNECTING pgs=0 cs=0 l=1 rev1=0 crypto rx=0 tx=0 comp rx=0 tx=0)._handle_peer_banner_payload supported=3 required=0
2024-09-05T06:32:16.357 INFO:teuthology.orchestra.run.smithi086.stdout:/usr/bin/ceph: stderr
2024-09-05T06:32:15.308+0000 7f49163d8640 1 --2- >> [v2:172.21.15.86:3300/0,v1:172.21.15.86:6789/0] conn(0x7f49101074a0 0x7f491019b3f0 unknown :-1 s=HELLO_CONNECTING pgs=0 cs=0 l=1 rev1=1 crypto rx=0 tx=0 comp rx=0 tx=0).handle_hello peer v2:172.21.15.86:3300/0 says I am v2:172.21.15.86:44210/0 (socket says 172.21.15.86:44210)
2024-09-05T06:32:16.357 INFO:teuthology.orchestra.run.smithi086.stdout:/usr/bin/ceph: stderr
2024-09-05T06:32:15.308+0000 7f49163d8640 1 -- 172.21.15.86:0/2759371231 learned_addr learned my addr 172.21.15.86:0/2759371231 (peer_addr_for_me v2:172.21.15.86:0/0)
2024-09-05T06:32:16.357 INFO:teuthology.orchestra.run.smithi086.stdout:/usr/bin/ceph: stderr
2024-09-05T06:32:15.308+0000 7f49163d8640 1 -- 172.21.15.86:0/2759371231 --> [v2:172.21.15.86:3300/0,v1:172.21.15.86:6789/0] -- mon_subscribe({config=0+,monmap=0+}) -- 0x7f491019b930 con 0x7f49101074a0
2024-09-05T06:32:16.357 INFO:teuthology.orchestra.run.smithi086.stdout:/usr/bin/ceph: stderr
2024-09-05T06:32:15.308+0000 7f49163d8640 1 --2- 172.21.15.86:0/2759371231 >> [v2:172.21.15.86:3300/0,v1:172.21.15.86:6789/0] conn(0x7f49101074a0 0x7f491019b3f0 secure :-1 s=READY pgs=71 cs=0 l=1 rev1=1 crypto rx=0x7f490c0097f0 tx=0x7f490c030c70 comp rx=0 tx=0).ready entity=mon.0 client_cookie=0 server_cookie=0 in_seq=0 out_seq=0
2024-09-05T06:32:16.358 INFO:teuthology.orchestra.run.smithi086.stdout:/usr/bin/ceph: stderr
2024-09-05T06:32:15.308+0000 7f49077fe640 1 -- 172.21.15.86:0/2759371231 <== mon.0 v2:172.21.15.86:3300/0 1 ==== mon_map magic: 0 ==== 205+0+0 (secure 0 0 0) 0x7f490c042070 con 0x7f49101074a0
2024-09-05T06:32:16.358 INFO:teuthology.orchestra.run.smithi086.stdout:/usr/bin/ceph: stderr
2024-09-05T06:32:15.308+0000 7f49077fe640 1 -- 172.21.15.86:0/2759371231 <== mon.0 v2:172.21.15.86:3300/0 2 ==== config(26 keys) ==== 1102+0+0 (secure 0 0 0) 0x7f490c030d80 con 0x7f49101074a0
2024-09-05T06:32:16.358 INFO:teuthology.orchestra.run.smithi086.stdout:/usr/bin/ceph: stderr
2024-09-05T06:32:15.308+0000 7f49077fe640 1 -- 172.21.15.86:0/2759371231 <== mon.0 v2:172.21.15.86:3300/0 3 ==== mon_map magic: 0 ==== 205+0+0 (secure 0 0 0) 0x7f490c037040 con 0x7f49101074a0
2024-09-05T06:32:16.358 INFO:teuthology.orchestra.run.smithi086.stdout:/usr/bin/ceph: stderr
2024-09-05T06:32:15.308+0000 7f491863c640 1 -- 172.21.15.86:0/2759371231 --> [v2:172.21.15.86:3300/0,v1:172.21.15.86:6789/0] -- mon_subscribe({mgrmap=0+}) -- 0x7f491019bbc0 con 0x7f49101074a0
2024-09-05T06:32:16.358 INFO:teuthology.orchestra.run.smithi086.stdout:/usr/bin/ceph: stderr
2024-09-05T06:32:15.308+0000 7f491863c640 1 -- 172.21.15.86:0/2759371231 --> [v2:172.21.15.86:3300/0,v1:172.21.15.86:6789/0] -- mon_subscribe({osdmap=0}) -- 0x7f491019e8b0 con 0x7f49101074a0
2024-09-05T06:32:16.358 INFO:teuthology.orchestra.run.smithi086.stdout:/usr/bin/ceph: stderr
2024-09-05T06:32:15.309+0000 7f49077fe640 1 -- 172.21.15.86:0/2759371231 <== mon.0 v2:172.21.15.86:3300/0 4 ==== mgrmap(e 12) ==== 46300+0+0 (secure 0 0 0) 0x7f490c045070 con 0x7f49101074a0
2024-09-05T06:32:16.358 INFO:teuthology.orchestra.run.smithi086.stdout:/usr/bin/ceph: stderr
2024-09-05T06:32:15.309+0000 7f491863c640 1 -- 172.21.15.86:0/2759371231 --> [v2:172.21.15.86:3300/0,v1:172.21.15.86:6789/0] -- mon_command({"prefix": "get_command_descriptions"} v 0) -- 0x7f491010bb30 con 0x7f49101074a0
2024-09-05T06:32:16.358 INFO:teuthology.orchestra.run.smithi086.stdout:/usr/bin/ceph: stderr
2024-09-05T06:32:15.309+0000 7f49077fe640 1 --2- 172.21.15.86:0/2759371231 >> [v2:172.21.15.86:6800/3708924769,v1:172.21.15.86:6801/3708924769] conn(0x7f48fc038fc0 0x7f48fc03b480 unknown :-1 s=NONE pgs=0 cs=0 l=1 rev1=0 crypto rx=0 tx=0 comp rx=0 tx=0).connect
2024-09-05T06:32:16.358 INFO:teuthology.orchestra.run.smithi086.stdout:/usr/bin/ceph: stderr
2024-09-05T06:32:15.310+0000 7f49077fe640 1 -- 172.21.15.86:0/2759371231 <== mon.0 v2:172.21.15.86:3300/0 5 ==== osd_map(3..3 src has 1..3) ==== 1155+0+0 (secure 0 0 0) 0x7f490c06c140 con 0x7f49101074a0
2024-09-05T06:32:16.358 INFO:teuthology.orchestra.run.smithi086.stdout:/usr/bin/ceph: stderr
2024-09-05T06:32:15.310+0000 7f4915bd7640 1 --2- 172.21.15.86:0/2759371231 >> [v2:172.21.15.86:6800/3708924769,v1:172.21.15.86:6801/3708924769] conn(0x7f48fc038fc0 0x7f48fc03b480 unknown :-1 s=BANNER_CONNECTING pgs=0 cs=0 l=1 rev1=0 crypto rx=0 tx=0 comp rx=0 tx=0)._handle_peer_banner_payload supported=3 required=0
2024-09-05T06:32:16.359 INFO:teuthology.orchestra.run.smithi086.stdout:/usr/bin/ceph: stderr
2024-09-05T06:32:15.310+0000 7f4915bd7640 1 --2- 172.21.15.86:0/2759371231 >> [v2:172.21.15.86:6800/3708924769,v1:172.21.15.86:6801/3708924769] conn(0x7f48fc038fc0 0x7f48fc03b480 secure :-1 s=READY pgs=8 cs=0 l=1 rev1=1 crypto rx=0x7f49000098c0 tx=0x7f4900006db0 comp rx=0 tx=0).ready entity=mgr.14150 client_cookie=0 server_cookie=0 in_seq=0 out_seq=0
2024-09-05T06:32:16.359 INFO:teuthology.orchestra.run.smithi086.stdout:/usr/bin/ceph: stderr
2024-09-05T06:32:15.314+0000 7f49077fe640 1 -- 172.21.15.86:0/2759371231 <== mon.0 v2:172.21.15.86:3300/0 6 ==== mon_command_ack([{"prefix": "get_command_descriptions"}]=0 v0) ==== 72+0+188821 (secure 0 0 0) 0x7f490c02ed70 con 0x7f49101074a0
2024-09-05T06:32:16.359 INFO:teuthology.orchestra.run.smithi086.stdout:/usr/bin/ceph: stderr
2024-09-05T06:32:15.494+0000 7f491863c640 1 -- 172.21.15.86:0/2759371231 --> [v2:172.21.15.86:6800/3708924769,v1:172.21.15.86:6801/3708924769] -- mgr_command(tid 0: {"prefix": "dashboard ac-user-create", "username": "admin", "rolename": "administrator", "force_password": true, "pwd_update_required": true, "target": ["mon-mgr", ""]}) -- 0x7f491019ea80 con 0x7f48fc038fc0
2024-09-05T06:32:16.359 INFO:teuthology.orchestra.run.smithi086.stdout:/usr/bin/ceph: stderr
2024-09-05T06:32:15.715+0000 7f49077fe640 1 -- 172.21.15.86:0/2759371231 <== mgr.14150 v2:172.21.15.86:6800/3708924769 1 ==== mgr_command_reply(tid 0: 0 ) ==== 8+0+252 (secure 0 0 0) 0x7f491019ea80 con 0x7f48fc038fc0
2024-09-05T06:32:16.359 INFO:teuthology.orchestra.run.smithi086.stdout:/usr/bin/ceph: stderr
2024-09-05T06:32:15.717+0000 7f491863c640 1 -- 172.21.15.86:0/2759371231 >> [v2:172.21.15.86:6800/3708924769,v1:172.21.15.86:6801/3708924769] conn(0x7f48fc038fc0 msgr2=0x7f48fc03b480 secure :-1 s=STATE_CONNECTION_ESTABLISHED l=1).mark_down
2024-09-05T06:32:16.359 INFO:teuthology.orchestra.run.smithi086.stdout:/usr/bin/ceph: stderr
2024-09-05T06:32:15.717+0000 7f491863c640 1 --2- 172.21.15.86:0/2759371231 >> [v2:172.21.15.86:6800/3708924769,v1:172.21.15.86:6801/3708924769] conn(0x7f48fc038fc0 0x7f48fc03b480 secure :-1 s=READY pgs=8 cs=0 l=1 rev1=1 crypto rx=0x7f49000098c0 tx=0x7f4900006db0 comp rx=0 tx=0).stop
2024-09-05T06:32:16.359 INFO:teuthology.orchestra.run.smithi086.stdout:/usr/bin/ceph: stderr
2024-09-05T06:32:15.717+0000 7f491863c640 1 -- 172.21.15.86:0/2759371231 >> [v2:172.21.15.86:3300/0,v1:172.21.15.86:6789/0] conn(0x7f49101074a0 msgr2=0x7f491019b3f0 secure :-1 s=STATE_CONNECTION_ESTABLISHED l=1).mark_down
2024-09-05T06:32:16.359 INFO:teuthology.orchestra.run.smithi086.stdout:/usr/bin/ceph: stderr
2024-09-05T06:32:15.717+0000 7f491863c640 1 --2- 172.21.15.86:0/2759371231 >> [v2:172.21.15.86:3300/0,v1:172.21.15.86:6789/0] conn(0x7f49101074a0 0x7f491019b3f0 secure :-1 s=READY pgs=71 cs=0 l=1 rev1=1 crypto rx=0x7f490c0097f0 tx=0x7f490c030c70 comp rx=0 tx=0).stop
2024-09-05T06:32:16.359 INFO:teuthology.orchestra.run.smithi086.stdout:/usr/bin/ceph: stderr
2024-09-05T06:32:15.717+0000 7f491863c640 1 -- 172.21.15.86:0/2759371231 shutdown_connections
2024-09-05T06:32:16.359 INFO:teuthology.orchestra.run.smithi086.stdout:/usr/bin/ceph: stderr
2024-09-05T06:32:15.717+0000 7f491863c640 1 --2- 172.21.15.86:0/2759371231 >> [v2:172.21.15.86:6800/3708924769,v1:172.21.15.86:6801/3708924769] conn(0x7f48fc038fc0 0x7f48fc03b480 unknown :-1 s=CLOSED pgs=8 cs=0 l=1 rev1=1 crypto rx=0 tx=0 comp rx=0 tx=0).stop
2024-09-05T06:32:16.359 INFO:teuthology.orchestra.run.smithi086.stdout:/usr/bin/ceph: stderr
2024-09-05T06:32:15.717+0000 7f491863c640 1 --2- 172.21.15.86:0/2759371231 >> [v2:172.21.15.86:3300/0,v1:172.21.15.86:6789/0] conn(0x7f49101074a0 0x7f491019b3f0 unknown :-1 s=CLOSED pgs=71 cs=0 l=1 rev1=1 crypto rx=0 tx=0 comp rx=0 tx=0).stop
2024-09-05T06:32:16.360 INFO:teuthology.orchestra.run.smithi086.stdout:/usr/bin/ceph: stderr
2024-09-05T06:32:15.717+0000 7f491863c640 1 -- 172.21.15.86:0/2759371231 >> 172.21.15.86:0/2759371231 conn(0x7f4910102c50 msgr2=0x7f4910103790 unknown :-1 s=STATE_NONE l=0).mark_down
2024-09-05T06:32:16.360 INFO:teuthology.orchestra.run.smithi086.stdout:/usr/bin/ceph: stderr
2024-09-05T06:32:15.717+0000 7f491863c640 1 -- 172.21.15.86:0/2759371231 shutdown_connections
2024-09-05T06:32:16.360 INFO:teuthology.orchestra.run.smithi086.stdout:/usr/bin/ceph: stderr
2024-09-05T06:32:15.717+0000 7f491863c640 1 -- 172.21.15.86:0/2759371231 wait complete.
2024-09-05T06:32:16.360 INFO:teuthology.orchestra.run.smithi086.stdout:Fetching dashboard port number...
2024-09-05T06:32:16.922 INFO:journalctl@ceph.mon.a.smithi086.stdout:Sep 05 06:32:16 smithi086 ceph-mon[30943]: from='client.14164 -' entity='client.admin' cmd=[{"prefix": "dashboard ac-user-create", "username": "admin", "rolename": "administrator", "force_password": true, "pwd_update_required": true, "target": ["mon-mgr", ""]}]: dispatch
2024-09-05T06:32:16.923 INFO:journalctl@ceph.mon.a.smithi086.stdout:Sep 05 06:32:16 smithi086 ceph-mon[30943]: from='mgr.14150 172.21.15.86:0/1375911555' entity='mgr.x'
2024-09-05T06:32:17.527 INFO:teuthology.orchestra.run.smithi086.stdout:/usr/bin/ceph: stdout 8443
2024-09-05T06:32:17.527 INFO:teuthology.orchestra.run.smithi086.stdout:/usr/bin/ceph: stderr
2024-09-05T06:32:16.745+0000 7f25cdbc0640 1 Processor -- start
2024-09-05T06:32:17.527 INFO:teuthology.orchestra.run.smithi086.stdout:/usr/bin/ceph: stderr
2024-09-05T06:32:16.745+0000 7f25cdbc0640 1 -- start start
2024-09-05T06:32:17.527 INFO:teuthology.orchestra.run.smithi086.stdout:/usr/bin/ceph: stderr
2024-09-05T06:32:16.745+0000 7f25cdbc0640 1 --2- >> [v2:172.21.15.86:3300/0,v1:172.21.15.86:6789/0] conn(0x7f25c8107ed0 0x7f25c810a2c0 unknown :-1 s=NONE pgs=0 cs=0 l=0 rev1=0 crypto rx=0 tx=0 comp rx=0 tx=0).connect
2024-09-05T06:32:17.528 INFO:teuthology.orchestra.run.smithi086.stdout:/usr/bin/ceph: stderr
2024-09-05T06:32:16.745+0000 7f25cdbc0640 1 -- --> [v2:172.21.15.86:3300/0,v1:172.21.15.86:6789/0] -- mon_getmap magic: 0 -- 0x7f25c8075720 con 0x7f25c8107ed0
2024-09-05T06:32:17.528 INFO:teuthology.orchestra.run.smithi086.stdout:/usr/bin/ceph: stderr
2024-09-05T06:32:16.746+0000 7f25c77fe640 1 --2- >> [v2:172.21.15.86:3300/0,v1:172.21.15.86:6789/0] conn(0x7f25c8107ed0 0x7f25c810a2c0 unknown :-1 s=BANNER_CONNECTING pgs=0 cs=0 l=0 rev1=0 crypto rx=0 tx=0 comp rx=0 tx=0)._handle_peer_banner_payload supported=3 required=0
2024-09-05T06:32:17.528 INFO:teuthology.orchestra.run.smithi086.stdout:/usr/bin/ceph: stderr
2024-09-05T06:32:16.746+0000 7f25c77fe640 1 --2- >> [v2:172.21.15.86:3300/0,v1:172.21.15.86:6789/0] conn(0x7f25c8107ed0 0x7f25c810a2c0 unknown :-1 s=HELLO_CONNECTING pgs=0 cs=0 l=0 rev1=1 crypto rx=0 tx=0 comp rx=0 tx=0).handle_hello peer v2:172.21.15.86:3300/0 says I am v2:172.21.15.86:44222/0 (socket says 172.21.15.86:44222)
2024-09-05T06:32:17.528 INFO:teuthology.orchestra.run.smithi086.stdout:/usr/bin/ceph: stderr
2024-09-05T06:32:16.746+0000 7f25c77fe640 1 -- 172.21.15.86:0/3386654426 learned_addr learned my addr 172.21.15.86:0/3386654426 (peer_addr_for_me v2:172.21.15.86:0/0)
2024-09-05T06:32:17.528 INFO:teuthology.orchestra.run.smithi086.stdout:/usr/bin/ceph: stderr
2024-09-05T06:32:16.746+0000 7f25c77fe640 1 -- 172.21.15.86:0/3386654426 --> [v2:172.21.15.86:3300/0,v1:172.21.15.86:6789/0] -- mon_subscribe({config=0+,monmap=0+}) -- 0x7f25c810a800 con 0x7f25c8107ed0
2024-09-05T06:32:17.528 INFO:teuthology.orchestra.run.smithi086.stdout:/usr/bin/ceph: stderr
2024-09-05T06:32:16.746+0000 7f25c77fe640 1 --2- 172.21.15.86:0/3386654426 >> [v2:172.21.15.86:3300/0,v1:172.21.15.86:6789/0] conn(0x7f25c8107ed0 0x7f25c810a2c0 secure :-1 s=READY pgs=72 cs=0 l=1 rev1=1 crypto rx=0x7f25b8009820 tx=0x7f25b802a270 comp rx=0 tx=0).ready entity=mon.0 client_cookie=bab3c4dff5b85573 server_cookie=0 in_seq=0 out_seq=0
2024-09-05T06:32:17.528 INFO:teuthology.orchestra.run.smithi086.stdout:/usr/bin/ceph: stderr
2024-09-05T06:32:16.747+0000 7f25c6ffd640 1 -- 172.21.15.86:0/3386654426 <== mon.0 v2:172.21.15.86:3300/0 1 ==== mon_map magic: 0 ==== 205+0+0 (secure 0 0 0) 0x7f25b8037070 con 0x7f25c8107ed0
2024-09-05T06:32:17.528 INFO:teuthology.orchestra.run.smithi086.stdout:/usr/bin/ceph: stderr
2024-09-05T06:32:16.747+0000 7f25c6ffd640 1 -- 172.21.15.86:0/3386654426 <== mon.0 v2:172.21.15.86:3300/0 2 ==== config(26 keys) ==== 1102+0+0 (secure 0 0 0) 0x7f25b80328f0 con 0x7f25c8107ed0
2024-09-05T06:32:17.528 INFO:teuthology.orchestra.run.smithi086.stdout:/usr/bin/ceph: stderr
2024-09-05T06:32:16.747+0000 7f25c6ffd640 1 -- 172.21.15.86:0/3386654426 <== mon.0 v2:172.21.15.86:3300/0 3 ==== mon_map magic: 0 ==== 205+0+0 (secure 0 0 0) 0x7f25b8030740 con 0x7f25c8107ed0
2024-09-05T06:32:17.528 INFO:teuthology.orchestra.run.smithi086.stdout:/usr/bin/ceph: stderr
2024-09-05T06:32:16.747+0000 7f25cdbc0640 1 -- 172.21.15.86:0/3386654426 >> [v2:172.21.15.86:3300/0,v1:172.21.15.86:6789/0] conn(0x7f25c8107ed0 msgr2=0x7f25c810a2c0 secure :-1 s=STATE_CONNECTION_ESTABLISHED l=1).mark_down
2024-09-05T06:32:17.528 INFO:teuthology.orchestra.run.smithi086.stdout:/usr/bin/ceph: stderr
2024-09-05T06:32:16.747+0000 7f25cdbc0640 1 --2- 172.21.15.86:0/3386654426 >> [v2:172.21.15.86:3300/0,v1:172.21.15.86:6789/0] conn(0x7f25c8107ed0 0x7f25c810a2c0 secure :-1 s=READY pgs=72 cs=0 l=1 rev1=1 crypto rx=0x7f25b8009820 tx=0x7f25b802a270 comp rx=0 tx=0).stop
2024-09-05T06:32:17.528 INFO:teuthology.orchestra.run.smithi086.stdout:/usr/bin/ceph: stderr
2024-09-05T06:32:16.747+0000 7f25cdbc0640 1 -- 172.21.15.86:0/3386654426 shutdown_connections
2024-09-05T06:32:17.528 INFO:teuthology.orchestra.run.smithi086.stdout:/usr/bin/ceph: stderr
2024-09-05T06:32:16.747+0000 7f25cdbc0640 1 --2- 172.21.15.86:0/3386654426 >> [v2:172.21.15.86:3300/0,v1:172.21.15.86:6789/0] conn(0x7f25c8107ed0 0x7f25c810a2c0 unknown :-1 s=CLOSED pgs=72 cs=0 l=1 rev1=1 crypto rx=0 tx=0 comp rx=0 tx=0).stop
2024-09-05T06:32:17.529 INFO:teuthology.orchestra.run.smithi086.stdout:/usr/bin/ceph: stderr
2024-09-05T06:32:16.747+0000 7f25cdbc0640 1 -- 172.21.15.86:0/3386654426 >> 172.21.15.86:0/3386654426 conn(0x7f25c8101a90 msgr2=0x7f25c8103eb0 unknown :-1 s=STATE_NONE l=0).mark_down
2024-09-05T06:32:17.529 INFO:teuthology.orchestra.run.smithi086.stdout:/usr/bin/ceph: stderr
2024-09-05T06:32:16.747+0000 7f25cdbc0640 1 -- 172.21.15.86:0/3386654426 shutdown_connections
2024-09-05T06:32:17.529 INFO:teuthology.orchestra.run.smithi086.stdout:/usr/bin/ceph: stderr
2024-09-05T06:32:16.747+0000 7f25cdbc0640 1 -- 172.21.15.86:0/3386654426 wait complete.
2024-09-05T06:32:17.529 INFO:teuthology.orchestra.run.smithi086.stdout:/usr/bin/ceph: stderr
2024-09-05T06:32:16.748+0000 7f25cdbc0640 1 Processor -- start
2024-09-05T06:32:17.529 INFO:teuthology.orchestra.run.smithi086.stdout:/usr/bin/ceph: stderr
2024-09-05T06:32:16.748+0000 7f25cdbc0640 1 -- start start
2024-09-05T06:32:17.529 INFO:teuthology.orchestra.run.smithi086.stdout:/usr/bin/ceph: stderr
2024-09-05T06:32:16.748+0000 7f25cdbc0640 1 --2- >> [v2:172.21.15.86:3300/0,v1:172.21.15.86:6789/0] conn(0x7f25c8107ed0 0x7f25c819b6b0 unknown :-1 s=NONE pgs=0 cs=0 l=1 rev1=0 crypto rx=0 tx=0 comp rx=0 tx=0).connect
2024-09-05T06:32:17.529 INFO:teuthology.orchestra.run.smithi086.stdout:/usr/bin/ceph: stderr
2024-09-05T06:32:16.748+0000 7f25cdbc0640 1 -- --> [v2:172.21.15.86:3300/0,v1:172.21.15.86:6789/0] -- mon_getmap magic: 0 -- 0x7f25c810b7c0 con 0x7f25c8107ed0
2024-09-05T06:32:17.529 INFO:teuthology.orchestra.run.smithi086.stdout:/usr/bin/ceph: stderr
2024-09-05T06:32:16.748+0000 7f25c77fe640 1 --2- >> [v2:172.21.15.86:3300/0,v1:172.21.15.86:6789/0] conn(0x7f25c8107ed0 0x7f25c819b6b0 unknown :-1 s=BANNER_CONNECTING pgs=0 cs=0 l=1 rev1=0 crypto rx=0 tx=0 comp rx=0 tx=0)._handle_peer_banner_payload supported=3 required=0
2024-09-05T06:32:17.529 INFO:teuthology.orchestra.run.smithi086.stdout:/usr/bin/ceph: stderr
2024-09-05T06:32:16.748+0000 7f25c77fe640 1 --2- >> [v2:172.21.15.86:3300/0,v1:172.21.15.86:6789/0] conn(0x7f25c8107ed0 0x7f25c819b6b0 unknown :-1 s=HELLO_CONNECTING pgs=0 cs=0 l=1 rev1=1 crypto rx=0 tx=0 comp rx=0 tx=0).handle_hello peer v2:172.21.15.86:3300/0 says I am v2:172.21.15.86:44238/0 (socket says 172.21.15.86:44238)
2024-09-05T06:32:17.529 INFO:teuthology.orchestra.run.smithi086.stdout:/usr/bin/ceph: stderr
2024-09-05T06:32:16.748+0000 7f25c77fe640 1 -- 172.21.15.86:0/3074612601 learned_addr learned my addr 172.21.15.86:0/3074612601 (peer_addr_for_me v2:172.21.15.86:0/0)
2024-09-05T06:32:17.529 INFO:teuthology.orchestra.run.smithi086.stdout:/usr/bin/ceph: stderr
2024-09-05T06:32:16.749+0000 7f25c77fe640 1 -- 172.21.15.86:0/3074612601 --> [v2:172.21.15.86:3300/0,v1:172.21.15.86:6789/0] -- mon_subscribe({config=0+,monmap=0+}) -- 0x7f25c819bbf0 con 0x7f25c8107ed0
2024-09-05T06:32:17.529 INFO:teuthology.orchestra.run.smithi086.stdout:/usr/bin/ceph: stderr
2024-09-05T06:32:16.749+0000 7f25c77fe640 1 --2- 172.21.15.86:0/3074612601 >> [v2:172.21.15.86:3300/0,v1:172.21.15.86:6789/0] conn(0x7f25c8107ed0 0x7f25c819b6b0 secure :-1 s=READY pgs=73 cs=0 l=1 rev1=1 crypto rx=0x7f25b8030cc0 tx=0x7f25b8030cf0 comp rx=0 tx=0).ready entity=mon.0 client_cookie=0 server_cookie=0 in_seq=0 out_seq=0
2024-09-05T06:32:17.529 INFO:teuthology.orchestra.run.smithi086.stdout:/usr/bin/ceph: stderr
2024-09-05T06:32:16.749+0000 7f25c57fa640 1 -- 172.21.15.86:0/3074612601 <== mon.0 v2:172.21.15.86:3300/0 1 ==== mon_map magic: 0 ==== 205+0+0 (secure 0 0 0) 0x7f25b8042070 con 0x7f25c8107ed0
2024-09-05T06:32:17.530 INFO:teuthology.orchestra.run.smithi086.stdout:/usr/bin/ceph: stderr
2024-09-05T06:32:16.749+0000 7f25c57fa640 1 -- 172.21.15.86:0/3074612601 <== mon.0 v2:172.21.15.86:3300/0 2 ==== config(26 keys) ==== 1102+0+0 (secure 0 0 0) 0x7f25b8030e60 con 0x7f25c8107ed0
2024-09-05T06:32:17.530 INFO:teuthology.orchestra.run.smithi086.stdout:/usr/bin/ceph: stderr
2024-09-05T06:32:16.749+0000 7f25cdbc0640 1 -- 172.21.15.86:0/3074612601 --> [v2:172.21.15.86:3300/0,v1:172.21.15.86:6789/0] -- mon_subscribe({mgrmap=0+}) -- 0x7f25c819be80 con 0x7f25c8107ed0
2024-09-05T06:32:17.530 INFO:teuthology.orchestra.run.smithi086.stdout:/usr/bin/ceph: stderr
2024-09-05T06:32:16.749+0000 7f25c57fa640 1 -- 172.21.15.86:0/3074612601 <== mon.0 v2:172.21.15.86:3300/0 3 ==== mon_map magic: 0 ==== 205+0+0 (secure 0 0 0) 0x7f25b8037040 con 0x7f25c8107ed0
2024-09-05T06:32:17.530 INFO:teuthology.orchestra.run.smithi086.stdout:/usr/bin/ceph: stderr
2024-09-05T06:32:16.749+0000 7f25cdbc0640 1 -- 172.21.15.86:0/3074612601 --> [v2:172.21.15.86:3300/0,v1:172.21.15.86:6789/0] -- mon_subscribe({osdmap=0}) -- 0x7f25c819eb70 con 0x7f25c8107ed0
2024-09-05T06:32:17.530 INFO:teuthology.orchestra.run.smithi086.stdout:/usr/bin/ceph: stderr
2024-09-05T06:32:16.750+0000 7f25c57fa640 1 -- 172.21.15.86:0/3074612601 <== mon.0 v2:172.21.15.86:3300/0 4 ==== mgrmap(e 12) ==== 46300+0+0 (secure 0 0 0) 0x7f25b8045070 con 0x7f25c8107ed0
2024-09-05T06:32:17.530 INFO:teuthology.orchestra.run.smithi086.stdout:/usr/bin/ceph: stderr
2024-09-05T06:32:16.750+0000 7f25c57fa640 1 --2- 172.21.15.86:0/3074612601 >> [v2:172.21.15.86:6800/3708924769,v1:172.21.15.86:6801/3708924769] conn(0x7f25b4039020 0x7f25b403b4e0 unknown :-1 s=NONE pgs=0 cs=0 l=1 rev1=0 crypto rx=0 tx=0 comp rx=0 tx=0).connect
2024-09-05T06:32:17.530 INFO:teuthology.orchestra.run.smithi086.stdout:/usr/bin/ceph: stderr
2024-09-05T06:32:16.750+0000 7f25c57fa640 1 -- 172.21.15.86:0/3074612601 <== mon.0 v2:172.21.15.86:3300/0 5 ==== osd_map(3..3 src has 1..3) ==== 1155+0+0 (secure 0 0 0) 0x7f25b806c140 con 0x7f25c8107ed0
2024-09-05T06:32:17.530 INFO:teuthology.orchestra.run.smithi086.stdout:/usr/bin/ceph: stderr
2024-09-05T06:32:16.750+0000 7f25beffd640 1 --2- 172.21.15.86:0/3074612601 >> [v2:172.21.15.86:6800/3708924769,v1:172.21.15.86:6801/3708924769] conn(0x7f25b4039020 0x7f25b403b4e0 unknown :-1 s=BANNER_CONNECTING pgs=0 cs=0 l=1 rev1=0 crypto rx=0 tx=0 comp rx=0 tx=0)._handle_peer_banner_payload supported=3 required=0
2024-09-05T06:32:17.530 INFO:teuthology.orchestra.run.smithi086.stdout:/usr/bin/ceph: stderr
2024-09-05T06:32:16.750+0000 7f25cdbc0640 1 -- 172.21.15.86:0/3074612601 --> [v2:172.21.15.86:3300/0,v1:172.21.15.86:6789/0] -- mon_command({"prefix": "get_command_descriptions"} v 0) -- 0x7f25c8108330 con 0x7f25c8107ed0
2024-09-05T06:32:17.530 INFO:teuthology.orchestra.run.smithi086.stdout:/usr/bin/ceph: stderr
2024-09-05T06:32:16.750+0000 7f25beffd640 1 --2- 172.21.15.86:0/3074612601 >> [v2:172.21.15.86:6800/3708924769,v1:172.21.15.86:6801/3708924769] conn(0x7f25b4039020 0x7f25b403b4e0 secure :-1 s=READY pgs=9 cs=0 l=1 rev1=1 crypto rx=0x7f25b00098c0 tx=0x7f25b0006db0 comp rx=0 tx=0).ready entity=mgr.14150 client_cookie=0 server_cookie=0 in_seq=0 out_seq=0
2024-09-05T06:32:17.530 INFO:teuthology.orchestra.run.smithi086.stdout:/usr/bin/ceph: stderr
2024-09-05T06:32:16.755+0000 7f25c57fa640 1 -- 172.21.15.86:0/3074612601 <== mon.0 v2:172.21.15.86:3300/0 6 ==== mon_command_ack([{"prefix": "get_command_descriptions"}]=0 v0) ==== 72+0+188821 (secure 0 0 0) 0x7f25b8045520 con 0x7f25c8107ed0
2024-09-05T06:32:17.530 INFO:teuthology.orchestra.run.smithi086.stdout:/usr/bin/ceph: stderr
2024-09-05T06:32:16.923+0000 7f25cdbc0640 1 -- 172.21.15.86:0/3074612601 --> [v2:172.21.15.86:3300/0,v1:172.21.15.86:6789/0] -- mon_command({"prefix": "config get", "who": "mgr", "key": "mgr/dashboard/ssl_server_port"} v 0) -- 0x7f25c8075ad0 con 0x7f25c8107ed0
2024-09-05T06:32:17.530 INFO:teuthology.orchestra.run.smithi086.stdout:/usr/bin/ceph: stderr
2024-09-05T06:32:16.923+0000 7f25c57fa640 1 -- 172.21.15.86:0/3074612601 <== mon.0 v2:172.21.15.86:3300/0 7 ==== mon_command_ack([{"prefix": "config get", "who": "mgr", "key": "mgr/dashboard/ssl_server_port"}]=0 v8) ==== 112+0+5 (secure 0 0 0) 0x7f25b803add0 con 0x7f25c8107ed0
2024-09-05T06:32:17.531 INFO:teuthology.orchestra.run.smithi086.stdout:/usr/bin/ceph: stderr
2024-09-05T06:32:16.925+0000 7f25cdbc0640 1 -- 172.21.15.86:0/3074612601 >> [v2:172.21.15.86:6800/3708924769,v1:172.21.15.86:6801/3708924769] conn(0x7f25b4039020 msgr2=0x7f25b403b4e0 secure :-1 s=STATE_CONNECTION_ESTABLISHED l=1).mark_down
2024-09-05T06:32:17.531 INFO:teuthology.orchestra.run.smithi086.stdout:/usr/bin/ceph: stderr
2024-09-05T06:32:16.925+0000 7f25cdbc0640 1 --2- 172.21.15.86:0/3074612601 >> [v2:172.21.15.86:6800/3708924769,v1:172.21.15.86:6801/3708924769] conn(0x7f25b4039020 0x7f25b403b4e0 secure :-1 s=READY pgs=9 cs=0 l=1 rev1=1 crypto rx=0x7f25b00098c0 tx=0x7f25b0006db0 comp rx=0 tx=0).stop
2024-09-05T06:32:17.531 INFO:teuthology.orchestra.run.smithi086.stdout:/usr/bin/ceph: stderr
2024-09-05T06:32:16.925+0000 7f25cdbc0640 1 -- 172.21.15.86:0/3074612601 >> [v2:172.21.15.86:3300/0,v1:172.21.15.86:6789/0] conn(0x7f25c8107ed0 msgr2=0x7f25c819b6b0 secure :-1 s=STATE_CONNECTION_ESTABLISHED l=1).mark_down
2024-09-05T06:32:17.531 INFO:teuthology.orchestra.run.smithi086.stdout:/usr/bin/ceph: stderr
2024-09-05T06:32:16.925+0000 7f25cdbc0640 1 --2- 172.21.15.86:0/3074612601 >> [v2:172.21.15.86:3300/0,v1:172.21.15.86:6789/0] conn(0x7f25c8107ed0 0x7f25c819b6b0 secure :-1 s=READY pgs=73 cs=0 l=1 rev1=1 crypto rx=0x7f25b8030cc0 tx=0x7f25b8030cf0 comp rx=0 tx=0).stop
2024-09-05T06:32:17.531 INFO:teuthology.orchestra.run.smithi086.stdout:/usr/bin/ceph: stderr
2024-09-05T06:32:16.925+0000 7f25cdbc0640 1 -- 172.21.15.86:0/3074612601 shutdown_connections
2024-09-05T06:32:17.531 INFO:teuthology.orchestra.run.smithi086.stdout:/usr/bin/ceph: stderr
2024-09-05T06:32:16.925+0000 7f25cdbc0640 1 --2- 172.21.15.86:0/3074612601 >> [v2:172.21.15.86:6800/3708924769,v1:172.21.15.86:6801/3708924769] conn(0x7f25b4039020 0x7f25b403b4e0 unknown :-1 s=CLOSED pgs=9 cs=0 l=1 rev1=1 crypto rx=0 tx=0 comp rx=0 tx=0).stop
2024-09-05T06:32:17.531 INFO:teuthology.orchestra.run.smithi086.stdout:/usr/bin/ceph: stderr
2024-09-05T06:32:16.925+0000 7f25cdbc0640 1 --2- 172.21.15.86:0/3074612601 >> [v2:172.21.15.86:3300/0,v1:172.21.15.86:6789/0] conn(0x7f25c8107ed0 0x7f25c819b6b0 unknown :-1 s=CLOSED pgs=73 cs=0 l=1 rev1=1 crypto rx=0 tx=0 comp rx=0 tx=0).stop
2024-09-05T06:32:17.531 INFO:teuthology.orchestra.run.smithi086.stdout:/usr/bin/ceph: stderr
2024-09-05T06:32:16.925+0000 7f25cdbc0640 1 -- 172.21.15.86:0/3074612601 >> 172.21.15.86:0/3074612601 conn(0x7f25c8101a90 msgr2=0x7f25c81027e0 unknown :-1 s=STATE_NONE l=0).mark_down
2024-09-05T06:32:17.531 INFO:teuthology.orchestra.run.smithi086.stdout:/usr/bin/ceph: stderr
2024-09-05T06:32:16.925+0000 7f25cdbc0640 1 -- 172.21.15.86:0/3074612601 shutdown_connections
2024-09-05T06:32:17.531 INFO:teuthology.orchestra.run.smithi086.stdout:/usr/bin/ceph: stderr
2024-09-05T06:32:16.925+0000 7f25cdbc0640 1 -- 172.21.15.86:0/3074612601 wait complete.
2024-09-05T06:32:17.535 INFO:teuthology.orchestra.run.smithi086.stdout:Non-zero exit code 1 from systemctl is-enabled firewalld.service
2024-09-05T06:32:17.535 INFO:teuthology.orchestra.run.smithi086.stdout:systemctl: stdout disabled
2024-09-05T06:32:17.543 INFO:teuthology.orchestra.run.smithi086.stdout:Non-zero exit code 3 from systemctl is-active firewalld.service
2024-09-05T06:32:17.543 INFO:teuthology.orchestra.run.smithi086.stdout:systemctl: stdout inactive
2024-09-05T06:32:17.543 INFO:teuthology.orchestra.run.smithi086.stdout:firewalld.service is not enabled
2024-09-05T06:32:17.543 INFO:teuthology.orchestra.run.smithi086.stdout:Not possible to open ports <[8443]>. firewalld.service is not available
2024-09-05T06:32:17.545 INFO:teuthology.orchestra.run.smithi086.stdout:Ceph Dashboard is now available at:
2024-09-05T06:32:17.545 INFO:teuthology.orchestra.run.smithi086.stdout:
2024-09-05T06:32:17.545 INFO:teuthology.orchestra.run.smithi086.stdout: URL: https://smithi086:8443/
2024-09-05T06:32:17.545 INFO:teuthology.orchestra.run.smithi086.stdout: User: admin
2024-09-05T06:32:17.545 INFO:teuthology.orchestra.run.smithi086.stdout: Password: f0ea4spvaw
2024-09-05T06:32:17.545 INFO:teuthology.orchestra.run.smithi086.stdout:
2024-09-05T06:32:17.545 INFO:teuthology.orchestra.run.smithi086.stdout:Saving cluster configuration to /var/lib/ceph/5a055634-6b50-11ef-bcd6-c7b262605968/config directory
2024-09-05T06:32:17.736 INFO:journalctl@ceph.mon.a.smithi086.stdout:Sep 05 06:32:17 smithi086 ceph-mon[30943]: from='client.? 172.21.15.86:0/3074612601' entity='client.admin' cmd=[{"prefix": "config get", "who": "mgr", "key": "mgr/dashboard/ssl_server_port"}]: dispatch
2024-09-05T06:32:18.736 INFO:journalctl@ceph.mon.a.smithi086.stdout:Sep 05 06:32:18 smithi086 ceph-mon[30943]: mgrmap e13: x(active, since 6s)
2024-09-05T06:32:18.737 INFO:journalctl@ceph.mon.a.smithi086.stdout:Sep 05 06:32:18 smithi086 ceph-mon[30943]: from='client.? 172.21.15.86:0/2684944653' entity='client.admin'
2024-09-05T06:32:18.767 INFO:teuthology.orchestra.run.smithi086.stdout:/usr/bin/ceph: stderr
2024-09-05T06:32:17.934+0000 7f3640b0f640 1 Processor -- start
2024-09-05T06:32:18.767 INFO:teuthology.orchestra.run.smithi086.stdout:/usr/bin/ceph: stderr
2024-09-05T06:32:17.934+0000 7f3640b0f640 1 -- start start
2024-09-05T06:32:18.767 INFO:teuthology.orchestra.run.smithi086.stdout:/usr/bin/ceph: stderr
2024-09-05T06:32:17.934+0000 7f3640b0f640 1 --2- >> [v2:172.21.15.86:3300/0,v1:172.21.15.86:6789/0] conn(0x7f363c107460 0x7f363c107860 unknown :-1 s=NONE pgs=0 cs=0 l=0 rev1=0 crypto rx=0 tx=0 comp rx=0 tx=0).connect
2024-09-05T06:32:18.767 INFO:teuthology.orchestra.run.smithi086.stdout:/usr/bin/ceph: stderr
2024-09-05T06:32:17.934+0000 7f3640b0f640 1 -- --> [v2:172.21.15.86:3300/0,v1:172.21.15.86:6789/0] -- mon_getmap magic: 0 -- 0x7f363c107e30 con 0x7f363c107460
2024-09-05T06:32:18.767 INFO:teuthology.orchestra.run.smithi086.stdout:/usr/bin/ceph: stderr
2024-09-05T06:32:17.934+0000 7f363a59c640 1 --2- >> [v2:172.21.15.86:3300/0,v1:172.21.15.86:6789/0] conn(0x7f363c107460 0x7f363c107860 unknown :-1 s=BANNER_CONNECTING pgs=0 cs=0 l=0 rev1=0 crypto rx=0 tx=0 comp rx=0 tx=0)._handle_peer_banner_payload supported=3 required=0
2024-09-05T06:32:18.767 INFO:teuthology.orchestra.run.smithi086.stdout:/usr/bin/ceph: stderr
2024-09-05T06:32:17.934+0000 7f363a59c640 1 --2- >> [v2:172.21.15.86:3300/0,v1:172.21.15.86:6789/0] conn(0x7f363c107460 0x7f363c107860 unknown :-1 s=HELLO_CONNECTING pgs=0 cs=0 l=0 rev1=1 crypto rx=0 tx=0 comp rx=0 tx=0).handle_hello peer v2:172.21.15.86:3300/0 says I am v2:172.21.15.86:44254/0 (socket says 172.21.15.86:44254)
2024-09-05T06:32:18.767 INFO:teuthology.orchestra.run.smithi086.stdout:/usr/bin/ceph: stderr
2024-09-05T06:32:17.934+0000 7f363a59c640 1 -- 172.21.15.86:0/1353916476 learned_addr learned my addr 172.21.15.86:0/1353916476 (peer_addr_for_me v2:172.21.15.86:0/0)
2024-09-05T06:32:18.767 INFO:teuthology.orchestra.run.smithi086.stdout:/usr/bin/ceph: stderr
2024-09-05T06:32:17.935+0000 7f363a59c640 1 -- 172.21.15.86:0/1353916476 --> [v2:172.21.15.86:3300/0,v1:172.21.15.86:6789/0] -- mon_subscribe({config=0+,monmap=0+}) -- 0x7f363c108610 con 0x7f363c107460
2024-09-05T06:32:18.767 INFO:teuthology.orchestra.run.smithi086.stdout:/usr/bin/ceph: stderr
2024-09-05T06:32:17.935+0000 7f363a59c640 1 --2- 172.21.15.86:0/1353916476 >> [v2:172.21.15.86:3300/0,v1:172.21.15.86:6789/0] conn(0x7f363c107460 0x7f363c107860 secure :-1 s=READY pgs=74 cs=0 l=1 rev1=1 crypto rx=0x7f362c009820 tx=0x7f362c02a270 comp rx=0 tx=0).ready entity=mon.0 client_cookie=e864af54b2d6ac70 server_cookie=0 in_seq=0 out_seq=0
2024-09-05T06:32:18.768 INFO:teuthology.orchestra.run.smithi086.stdout:/usr/bin/ceph: stderr
2024-09-05T06:32:17.935+0000 7f363959a640 1 -- 172.21.15.86:0/1353916476 <== mon.0 v2:172.21.15.86:3300/0 1 ==== mon_map magic: 0 ==== 205+0+0 (secure 0 0 0) 0x7f362c037070 con 0x7f363c107460
2024-09-05T06:32:18.768 INFO:teuthology.orchestra.run.smithi086.stdout:/usr/bin/ceph: stderr
2024-09-05T06:32:17.936+0000 7f363959a640 1 -- 172.21.15.86:0/1353916476 <== mon.0 v2:172.21.15.86:3300/0 2 ==== config(26 keys) ==== 1102+0+0 (secure 0 0 0) 0x7f362c0328f0 con 0x7f363c107460
2024-09-05T06:32:18.768 INFO:teuthology.orchestra.run.smithi086.stdout:/usr/bin/ceph: stderr
2024-09-05T06:32:17.936+0000 7f363959a640 1 -- 172.21.15.86:0/1353916476 <== mon.0 v2:172.21.15.86:3300/0 3 ==== mon_map magic: 0 ==== 205+0+0 (secure 0 0 0) 0x7f362c030740 con 0x7f363c107460
2024-09-05T06:32:18.768 INFO:teuthology.orchestra.run.smithi086.stdout:/usr/bin/ceph: stderr
2024-09-05T06:32:17.936+0000 7f3640b0f640 1 -- 172.21.15.86:0/1353916476 >> [v2:172.21.15.86:3300/0,v1:172.21.15.86:6789/0] conn(0x7f363c107460 msgr2=0x7f363c107860 secure :-1 s=STATE_CONNECTION_ESTABLISHED l=1).mark_down
2024-09-05T06:32:18.768 INFO:teuthology.orchestra.run.smithi086.stdout:/usr/bin/ceph: stderr
2024-09-05T06:32:17.936+0000 7f3640b0f640 1 --2- 172.21.15.86:0/1353916476 >> [v2:172.21.15.86:3300/0,v1:172.21.15.86:6789/0] conn(0x7f363c107460 0x7f363c107860 secure :-1 s=READY pgs=74 cs=0 l=1 rev1=1 crypto rx=0x7f362c009820 tx=0x7f362c02a270 comp rx=0 tx=0).stop
2024-09-05T06:32:18.768 INFO:teuthology.orchestra.run.smithi086.stdout:/usr/bin/ceph: stderr
2024-09-05T06:32:17.936+0000 7f3640b0f640 1 -- 172.21.15.86:0/1353916476 shutdown_connections
2024-09-05T06:32:18.768 INFO:teuthology.orchestra.run.smithi086.stdout:/usr/bin/ceph: stderr
2024-09-05T06:32:17.936+0000 7f3640b0f640 1 --2- 172.21.15.86:0/1353916476 >> [v2:172.21.15.86:3300/0,v1:172.21.15.86:6789/0] conn(0x7f363c107460 0x7f363c107860 unknown :-1 s=CLOSED pgs=74 cs=0 l=1 rev1=1 crypto rx=0 tx=0 comp rx=0 tx=0).stop
2024-09-05T06:32:18.768 INFO:teuthology.orchestra.run.smithi086.stdout:/usr/bin/ceph: stderr
2024-09-05T06:32:17.936+0000 7f3640b0f640 1 -- 172.21.15.86:0/1353916476 >> 172.21.15.86:0/1353916476 conn(0x7f363c102c50 msgr2=0x7f363c105070 unknown :-1 s=STATE_NONE l=0).mark_down
2024-09-05T06:32:18.768 INFO:teuthology.orchestra.run.smithi086.stdout:/usr/bin/ceph: stderr
2024-09-05T06:32:17.936+0000 7f3640b0f640 1 -- 172.21.15.86:0/1353916476 shutdown_connections
2024-09-05T06:32:18.768 INFO:teuthology.orchestra.run.smithi086.stdout:/usr/bin/ceph: stderr
2024-09-05T06:32:17.936+0000 7f3640b0f640 1 -- 172.21.15.86:0/1353916476 wait complete.
2024-09-05T06:32:18.768 INFO:teuthology.orchestra.run.smithi086.stdout:/usr/bin/ceph: stderr
2024-09-05T06:32:17.937+0000 7f3640b0f640 1 Processor -- start
2024-09-05T06:32:18.768 INFO:teuthology.orchestra.run.smithi086.stdout:/usr/bin/ceph: stderr
2024-09-05T06:32:17.937+0000 7f3640b0f640 1 -- start start
2024-09-05T06:32:18.769 INFO:teuthology.orchestra.run.smithi086.stdout:/usr/bin/ceph: stderr
2024-09-05T06:32:17.937+0000 7f3640b0f640 1 --2- >> [v2:172.21.15.86:3300/0,v1:172.21.15.86:6789/0] conn(0x7f363c107460 0x7f363c19b3d0 unknown :-1 s=NONE pgs=0 cs=0 l=1 rev1=0 crypto rx=0 tx=0 comp rx=0 tx=0).connect
2024-09-05T06:32:18.769 INFO:teuthology.orchestra.run.smithi086.stdout:/usr/bin/ceph: stderr
2024-09-05T06:32:17.937+0000 7f3640b0f640 1 -- --> [v2:172.21.15.86:3300/0,v1:172.21.15.86:6789/0] -- mon_getmap magic: 0 -- 0x7f363c10b9c0 con 0x7f363c107460
2024-09-05T06:32:18.769 INFO:teuthology.orchestra.run.smithi086.stdout:/usr/bin/ceph: stderr
2024-09-05T06:32:17.937+0000 7f363a59c640 1 --2- >> [v2:172.21.15.86:3300/0,v1:172.21.15.86:6789/0] conn(0x7f363c107460 0x7f363c19b3d0 unknown :-1 s=BANNER_CONNECTING pgs=0 cs=0 l=1 rev1=0 crypto rx=0 tx=0 comp rx=0 tx=0)._handle_peer_banner_payload supported=3 required=0
2024-09-05T06:32:18.769 INFO:teuthology.orchestra.run.smithi086.stdout:/usr/bin/ceph: stderr
2024-09-05T06:32:17.937+0000 7f363a59c640 1 --2- >> [v2:172.21.15.86:3300/0,v1:172.21.15.86:6789/0] conn(0x7f363c107460 0x7f363c19b3d0 unknown :-1 s=HELLO_CONNECTING pgs=0 cs=0 l=1 rev1=1 crypto rx=0 tx=0 comp rx=0 tx=0).handle_hello peer v2:172.21.15.86:3300/0 says I am v2:172.21.15.86:44268/0 (socket says 172.21.15.86:44268)
2024-09-05T06:32:18.769 INFO:teuthology.orchestra.run.smithi086.stdout:/usr/bin/ceph: stderr
2024-09-05T06:32:17.937+0000 7f363a59c640 1 -- 172.21.15.86:0/2684944653 learned_addr learned my addr 172.21.15.86:0/2684944653 (peer_addr_for_me v2:172.21.15.86:0/0)
2024-09-05T06:32:18.769 INFO:teuthology.orchestra.run.smithi086.stdout:/usr/bin/ceph: stderr
2024-09-05T06:32:17.937+0000 7f363a59c640 1 -- 172.21.15.86:0/2684944653 --> [v2:172.21.15.86:3300/0,v1:172.21.15.86:6789/0] -- mon_subscribe({config=0+,monmap=0+}) -- 0x7f363c19b910 con 0x7f363c107460
2024-09-05T06:32:18.769 INFO:teuthology.orchestra.run.smithi086.stdout:/usr/bin/ceph: stderr
2024-09-05T06:32:17.938+0000 7f363a59c640 1 --2- 172.21.15.86:0/2684944653 >> [v2:172.21.15.86:3300/0,v1:172.21.15.86:6789/0] conn(0x7f363c107460 0x7f363c19b3d0 secure :-1 s=READY pgs=75 cs=0 l=1 rev1=1 crypto rx=0x7f362c009940 tx=0x7f362c030cc0 comp rx=0 tx=0).ready entity=mon.0 client_cookie=0 server_cookie=0 in_seq=0 out_seq=0
2024-09-05T06:32:18.769 INFO:teuthology.orchestra.run.smithi086.stdout:/usr/bin/ceph: stderr
2024-09-05T06:32:17.938+0000 7f362b7fe640 1 -- 172.21.15.86:0/2684944653 <== mon.0 v2:172.21.15.86:3300/0 1 ==== mon_map magic: 0 ==== 205+0+0 (secure 0 0 0) 0x7f362c042070 con 0x7f363c107460
2024-09-05T06:32:18.769 INFO:teuthology.orchestra.run.smithi086.stdout:/usr/bin/ceph: stderr
