2024-09-05T06:31:45.900+0000 7faa3affd640 1 -- 172.21.15.86:0/4085212129 <== mon.0 v2:172.21.15.86:3300/0 3 ==== mon_map magic: 0 ==== 205+0+0 (secure 0 0 0) 0x7faa4003a390 con 0x7faa44107eb0
2024-09-05T06:31:50.033 INFO:teuthology.orchestra.run.smithi086.stdout:/usr/bin/ceph: stderr
2024-09-05T06:31:45.900+0000 7faa4bdd5640 1 -- 172.21.15.86:0/4085212129 --> [v2:172.21.15.86:3300/0,v1:172.21.15.86:6789/0] -- mon_subscribe({osdmap=0}) -- 0x7faa441063a0 con 0x7faa44107eb0
2024-09-05T06:31:50.033 INFO:teuthology.orchestra.run.smithi086.stdout:/usr/bin/ceph: stderr
2024-09-05T06:31:45.901+0000 7faa3affd640 1 -- 172.21.15.86:0/4085212129 <== mon.0 v2:172.21.15.86:3300/0 4 ==== mgrmap(e 5) ==== 46287+0+0 (secure 0 0 0) 0x7faa4003b3f0 con 0x7faa44107eb0
2024-09-05T06:31:50.034 INFO:teuthology.orchestra.run.smithi086.stdout:/usr/bin/ceph: stderr
2024-09-05T06:31:45.901+0000 7faa3affd640 1 --2- 172.21.15.86:0/4085212129 >> [v2:172.21.15.86:6800/164214999,v1:172.21.15.86:6801/164214999] conn(0x7faa30038f70 0x7faa3003b430 unknown :-1 s=NONE pgs=0 cs=0 l=1 rev1=0 crypto rx=0 tx=0 comp rx=0 tx=0).connect
2024-09-05T06:31:50.034 INFO:teuthology.orchestra.run.smithi086.stdout:/usr/bin/ceph: stderr
2024-09-05T06:31:45.901+0000 7faa3affd640 1 -- 172.21.15.86:0/4085212129 --> [v2:172.21.15.86:6800/164214999,v1:172.21.15.86:6801/164214999] -- command(tid 0: {"prefix": "get_command_descriptions"}) -- 0x7faa3003bb40 con 0x7faa30038f70
2024-09-05T06:31:50.034 INFO:teuthology.orchestra.run.smithi086.stdout:/usr/bin/ceph: stderr
2024-09-05T06:31:45.901+0000 7faa3affd640 1 -- 172.21.15.86:0/4085212129 <== mon.0 v2:172.21.15.86:3300/0 5 ==== osd_map(1..1 src has 1..1) ==== 725+0+0 (secure 0 0 0) 0x7faa4006c190 con 0x7faa44107eb0
2024-09-05T06:31:50.034 INFO:teuthology.orchestra.run.smithi086.stdout:/usr/bin/ceph: stderr
2024-09-05T06:31:45.901+0000 7faa49370640 1 -- 172.21.15.86:0/4085212129 >> [v2:172.21.15.86:6800/164214999,v1:172.21.15.86:6801/164214999] conn(0x7faa30038f70 msgr2=0x7faa3003b430 unknown :-1 s=STATE_CONNECTING_RE l=1).process reconnect failed to v2:172.21.15.86:6800/164214999
2024-09-05T06:31:50.034 INFO:teuthology.orchestra.run.smithi086.stdout:/usr/bin/ceph: stderr
2024-09-05T06:31:45.901+0000 7faa49370640 1 --2- 172.21.15.86:0/4085212129 >> [v2:172.21.15.86:6800/164214999,v1:172.21.15.86:6801/164214999] conn(0x7faa30038f70 0x7faa3003b430 unknown :-1 s=START_CONNECT pgs=0 cs=0 l=1 rev1=0 crypto rx=0 tx=0 comp rx=0 tx=0)._fault waiting 0.200000
2024-09-05T06:31:50.034 INFO:teuthology.orchestra.run.smithi086.stdout:/usr/bin/ceph: stderr
2024-09-05T06:31:46.102+0000 7faa49370640 1 -- 172.21.15.86:0/4085212129 >> [v2:172.21.15.86:6800/164214999,v1:172.21.15.86:6801/164214999] conn(0x7faa30038f70 msgr2=0x7faa3003b430 unknown :-1 s=STATE_CONNECTING_RE l=1).process reconnect failed to v2:172.21.15.86:6800/164214999
2024-09-05T06:31:50.034 INFO:teuthology.orchestra.run.smithi086.stdout:/usr/bin/ceph: stderr
2024-09-05T06:31:46.102+0000 7faa49370640 1 --2- 172.21.15.86:0/4085212129 >> [v2:172.21.15.86:6800/164214999,v1:172.21.15.86:6801/164214999] conn(0x7faa30038f70 0x7faa3003b430 unknown :-1 s=START_CONNECT pgs=0 cs=0 l=1 rev1=0 crypto rx=0 tx=0 comp rx=0 tx=0)._fault waiting 0.400000
2024-09-05T06:31:50.034 INFO:teuthology.orchestra.run.smithi086.stdout:/usr/bin/ceph: stderr
2024-09-05T06:31:46.503+0000 7faa49370640 1 -- 172.21.15.86:0/4085212129 >> [v2:172.21.15.86:6800/164214999,v1:172.21.15.86:6801/164214999] conn(0x7faa30038f70 msgr2=0x7faa3003b430 unknown :-1 s=STATE_CONNECTING_RE l=1).process reconnect failed to v2:172.21.15.86:6800/164214999
2024-09-05T06:31:50.034 INFO:teuthology.orchestra.run.smithi086.stdout:/usr/bin/ceph: stderr
2024-09-05T06:31:46.503+0000 7faa49370640 1 --2- 172.21.15.86:0/4085212129 >> [v2:172.21.15.86:6800/164214999,v1:172.21.15.86:6801/164214999] conn(0x7faa30038f70 0x7faa3003b430 unknown :-1 s=START_CONNECT pgs=0 cs=0 l=1 rev1=0 crypto rx=0 tx=0 comp rx=0 tx=0)._fault waiting 0.800000
2024-09-05T06:31:50.034 INFO:teuthology.orchestra.run.smithi086.stdout:/usr/bin/ceph: stderr
2024-09-05T06:31:47.304+0000 7faa49370640 1 -- 172.21.15.86:0/4085212129 >> [v2:172.21.15.86:6800/164214999,v1:172.21.15.86:6801/164214999] conn(0x7faa30038f70 msgr2=0x7faa3003b430 unknown :-1 s=STATE_CONNECTING_RE l=1).process reconnect failed to v2:172.21.15.86:6800/164214999
2024-09-05T06:31:50.034 INFO:teuthology.orchestra.run.smithi086.stdout:/usr/bin/ceph: stderr
2024-09-05T06:31:47.304+0000 7faa49370640 1 --2- 172.21.15.86:0/4085212129 >> [v2:172.21.15.86:6800/164214999,v1:172.21.15.86:6801/164214999] conn(0x7faa30038f70 0x7faa3003b430 unknown :-1 s=START_CONNECT pgs=0 cs=0 l=1 rev1=0 crypto rx=0 tx=0 comp rx=0 tx=0)._fault waiting 1.600000
2024-09-05T06:31:50.034 INFO:teuthology.orchestra.run.smithi086.stdout:/usr/bin/ceph: stderr
2024-09-05T06:31:48.413+0000 7faa3affd640 1 -- 172.21.15.86:0/4085212129 <== mon.0 v2:172.21.15.86:3300/0 6 ==== mgrmap(e 6) ==== 46054+0+0 (secure 0 0 0) 0x7faa4006ad10 con 0x7faa44107eb0
2024-09-05T06:31:50.035 INFO:teuthology.orchestra.run.smithi086.stdout:/usr/bin/ceph: stderr
2024-09-05T06:31:48.414+0000 7faa3affd640 1 -- 172.21.15.86:0/4085212129 >> [v2:172.21.15.86:6800/164214999,v1:172.21.15.86:6801/164214999] conn(0x7faa30038f70 msgr2=0x7faa3003b430 unknown :-1 s=STATE_CONNECTING l=1).mark_down
2024-09-05T06:31:50.035 INFO:teuthology.orchestra.run.smithi086.stdout:/usr/bin/ceph: stderr
2024-09-05T06:31:48.414+0000 7faa3affd640 1 --2- 172.21.15.86:0/4085212129 >> [v2:172.21.15.86:6800/164214999,v1:172.21.15.86:6801/164214999] conn(0x7faa30038f70 0x7faa3003b430 unknown :-1 s=START_CONNECT pgs=0 cs=0 l=1 rev1=0 crypto rx=0 tx=0 comp rx=0 tx=0).stop
2024-09-05T06:31:50.035 INFO:teuthology.orchestra.run.smithi086.stdout:/usr/bin/ceph: stderr
2024-09-05T06:31:49.414+0000 7faa3affd640 1 -- 172.21.15.86:0/4085212129 <== mon.0 v2:172.21.15.86:3300/0 7 ==== mgrmap(e 7) ==== 46181+0+0 (secure 0 0 0) 0x7faa40049cc0 con 0x7faa44107eb0
2024-09-05T06:31:50.035 INFO:teuthology.orchestra.run.smithi086.stdout:/usr/bin/ceph: stderr
2024-09-05T06:31:49.414+0000 7faa3affd640 1 --2- 172.21.15.86:0/4085212129 >> [v2:172.21.15.86:6800/1793567579,v1:172.21.15.86:6801/1793567579] conn(0x7faa3003c8a0 0x7faa3003ec90 unknown :-1 s=NONE pgs=0 cs=0 l=1 rev1=0 crypto rx=0 tx=0 comp rx=0 tx=0).connect
2024-09-05T06:31:50.035 INFO:teuthology.orchestra.run.smithi086.stdout:/usr/bin/ceph: stderr
2024-09-05T06:31:49.414+0000 7faa3affd640 1 -- 172.21.15.86:0/4085212129 --> [v2:172.21.15.86:6800/1793567579,v1:172.21.15.86:6801/1793567579] -- command(tid 0: {"prefix": "get_command_descriptions"}) -- 0x7faa3003bb40 con 0x7faa3003c8a0
2024-09-05T06:31:50.035 INFO:teuthology.orchestra.run.smithi086.stdout:/usr/bin/ceph: stderr
2024-09-05T06:31:49.414+0000 7faa49370640 1 --2- 172.21.15.86:0/4085212129 >> [v2:172.21.15.86:6800/1793567579,v1:172.21.15.86:6801/1793567579] conn(0x7faa3003c8a0 0x7faa3003ec90 unknown :-1 s=BANNER_CONNECTING pgs=0 cs=0 l=1 rev1=0 crypto rx=0 tx=0 comp rx=0 tx=0)._handle_peer_banner_payload supported=3 required=0
2024-09-05T06:31:50.035 INFO:teuthology.orchestra.run.smithi086.stdout:/usr/bin/ceph: stderr
2024-09-05T06:31:49.415+0000 7faa49370640 1 --2- 172.21.15.86:0/4085212129 >> [v2:172.21.15.86:6800/1793567579,v1:172.21.15.86:6801/1793567579] conn(0x7faa3003c8a0 0x7faa3003ec90 secure :-1 s=READY pgs=1 cs=0 l=1 rev1=1 crypto rx=0x7faa34003980 tx=0x7faa34006e10 comp rx=0 tx=0).ready entity=mgr.14118 client_cookie=0 server_cookie=0 in_seq=0 out_seq=0
2024-09-05T06:31:50.035 INFO:teuthology.orchestra.run.smithi086.stdout:/usr/bin/ceph: stderr
2024-09-05T06:31:49.416+0000 7faa3affd640 1 -- 172.21.15.86:0/4085212129 <== mgr.14118 v2:172.21.15.86:6800/1793567579 1 ==== command_reply(tid 0: 0 ) ==== 8+0+9564 (secure 0 0 0) 0x7faa3003bb40 con 0x7faa3003c8a0
2024-09-05T06:31:50.035 INFO:teuthology.orchestra.run.smithi086.stdout:/usr/bin/ceph: stderr
2024-09-05T06:31:49.423+0000 7faa4bdd5640 1 -- 172.21.15.86:0/4085212129 --> [v2:172.21.15.86:6800/1793567579,v1:172.21.15.86:6801/1793567579] -- command(tid 1: {"prefix": "mgr_status"}) -- 0x7faa44108310 con 0x7faa3003c8a0
2024-09-05T06:31:50.036 INFO:teuthology.orchestra.run.smithi086.stdout:/usr/bin/ceph: stderr
2024-09-05T06:31:49.423+0000 7faa3affd640 1 -- 172.21.15.86:0/4085212129 <== mgr.14118 v2:172.21.15.86:6800/1793567579 2 ==== command_reply(tid 1: 0 ) ==== 8+0+51 (secure 0 0 0) 0x7faa44108310 con 0x7faa3003c8a0
2024-09-05T06:31:50.036 INFO:teuthology.orchestra.run.smithi086.stdout:/usr/bin/ceph: stderr
2024-09-05T06:31:49.423+0000 7faa4bdd5640 1 -- 172.21.15.86:0/4085212129 >> [v2:172.21.15.86:6800/1793567579,v1:172.21.15.86:6801/1793567579] conn(0x7faa3003c8a0 msgr2=0x7faa3003ec90 secure :-1 s=STATE_CONNECTION_ESTABLISHED l=1).mark_down
2024-09-05T06:31:50.036 INFO:teuthology.orchestra.run.smithi086.stdout:/usr/bin/ceph: stderr
2024-09-05T06:31:49.423+0000 7faa4bdd5640 1 --2- 172.21.15.86:0/4085212129 >> [v2:172.21.15.86:6800/1793567579,v1:172.21.15.86:6801/1793567579] conn(0x7faa3003c8a0 0x7faa3003ec90 secure :-1 s=READY pgs=1 cs=0 l=1 rev1=1 crypto rx=0x7faa34003980 tx=0x7faa34006e10 comp rx=0 tx=0).stop
2024-09-05T06:31:50.036 INFO:teuthology.orchestra.run.smithi086.stdout:/usr/bin/ceph: stderr
2024-09-05T06:31:49.423+0000 7faa4bdd5640 1 -- 172.21.15.86:0/4085212129 >> [v2:172.21.15.86:3300/0,v1:172.21.15.86:6789/0] conn(0x7faa44107eb0 msgr2=0x7faa44107730 secure :-1 s=STATE_CONNECTION_ESTABLISHED l=1).mark_down
2024-09-05T06:31:50.036 INFO:teuthology.orchestra.run.smithi086.stdout:/usr/bin/ceph: stderr
2024-09-05T06:31:49.423+0000 7faa4bdd5640 1 --2- 172.21.15.86:0/4085212129 >> [v2:172.21.15.86:3300/0,v1:172.21.15.86:6789/0] conn(0x7faa44107eb0 0x7faa44107730 secure :-1 s=READY pgs=27 cs=0 l=1 rev1=1 crypto rx=0x7faa400097f0 tx=0x7faa40030d00 comp rx=0 tx=0).stop
2024-09-05T06:31:50.036 INFO:teuthology.orchestra.run.smithi086.stdout:/usr/bin/ceph: stderr
2024-09-05T06:31:49.423+0000 7faa4bdd5640 1 -- 172.21.15.86:0/4085212129 shutdown_connections
2024-09-05T06:31:50.036 INFO:teuthology.orchestra.run.smithi086.stdout:/usr/bin/ceph: stderr
2024-09-05T06:31:49.423+0000 7faa4bdd5640 1 --2- 172.21.15.86:0/4085212129 >> [v2:172.21.15.86:6800/1793567579,v1:172.21.15.86:6801/1793567579] conn(0x7faa3003c8a0 0x7faa3003ec90 unknown :-1 s=CLOSED pgs=1 cs=0 l=1 rev1=1 crypto rx=0 tx=0 comp rx=0 tx=0).stop
2024-09-05T06:31:50.036 INFO:teuthology.orchestra.run.smithi086.stdout:/usr/bin/ceph: stderr
2024-09-05T06:31:49.423+0000 7faa4bdd5640 1 --2- 172.21.15.86:0/4085212129 >> [v2:172.21.15.86:6800/164214999,v1:172.21.15.86:6801/164214999] conn(0x7faa30038f70 0x7faa3003b430 unknown :-1 s=CLOSED pgs=0 cs=0 l=1 rev1=0 crypto rx=0 tx=0 comp rx=0 tx=0).stop
2024-09-05T06:31:50.036 INFO:teuthology.orchestra.run.smithi086.stdout:/usr/bin/ceph: stderr
2024-09-05T06:31:49.423+0000 7faa4bdd5640 1 --2- 172.21.15.86:0/4085212129 >> [v2:172.21.15.86:3300/0,v1:172.21.15.86:6789/0] conn(0x7faa44107eb0 0x7faa44107730 unknown :-1 s=CLOSED pgs=27 cs=0 l=1 rev1=1 crypto rx=0 tx=0 comp rx=0 tx=0).stop
2024-09-05T06:31:50.036 INFO:teuthology.orchestra.run.smithi086.stdout:/usr/bin/ceph: stderr
2024-09-05T06:31:49.423+0000 7faa4bdd5640 1 -- 172.21.15.86:0/4085212129 >> 172.21.15.86:0/4085212129 conn(0x7faa44101a90 msgr2=0x7faa441027e0 unknown :-1 s=STATE_NONE l=0).mark_down
2024-09-05T06:31:50.036 INFO:teuthology.orchestra.run.smithi086.stdout:/usr/bin/ceph: stderr
2024-09-05T06:31:49.423+0000 7faa4bdd5640 1 -- 172.21.15.86:0/4085212129 shutdown_connections
2024-09-05T06:31:50.036 INFO:teuthology.orchestra.run.smithi086.stdout:/usr/bin/ceph: stderr
2024-09-05T06:31:49.423+0000 7faa4bdd5640 1 -- 172.21.15.86:0/4085212129 wait complete.
2024-09-05T06:31:50.036 INFO:teuthology.orchestra.run.smithi086.stdout:mgr epoch 5 is available
2024-09-05T06:31:50.037 INFO:teuthology.orchestra.run.smithi086.stdout:Setting orchestrator backend to cephadm...
2024-09-05T06:31:50.340 INFO:journalctl@ceph.mgr.x.smithi086.stdout:Sep 05 06:31:50 smithi086 ceph-5a055634-6b50-11ef-bcd6-c7b262605968-mgr-x[31172]:
2024-09-05T06:31:50.028+0000 7fcf8cc8c640 -1 log_channel(cephadm) log [ERR] : [05/Sep/2024:06:31:50] ENGINE Error in HTTPServer.serve
2024-09-05T06:31:50.340 INFO:journalctl@ceph.mgr.x.smithi086.stdout:Sep 05 06:31:50 smithi086 ceph-5a055634-6b50-11ef-bcd6-c7b262605968-mgr-x[31172]: Traceback (most recent call last):
2024-09-05T06:31:50.341 INFO:journalctl@ceph.mgr.x.smithi086.stdout:Sep 05 06:31:50 smithi086 ceph-5a055634-6b50-11ef-bcd6-c7b262605968-mgr-x[31172]: File "/lib/python3.9/site-packages/cheroot/server.py", line 1823, in serve
2024-09-05T06:31:50.341 INFO:journalctl@ceph.mgr.x.smithi086.stdout:Sep 05 06:31:50 smithi086 ceph-5a055634-6b50-11ef-bcd6-c7b262605968-mgr-x[31172]: self._connections.run(self.expiration_interval)
2024-09-05T06:31:50.341 INFO:journalctl@ceph.mgr.x.smithi086.stdout:Sep 05 06:31:50 smithi086 ceph-5a055634-6b50-11ef-bcd6-c7b262605968-mgr-x[31172]: File "/lib/python3.9/site-packages/cheroot/connections.py", line 203, in run
2024-09-05T06:31:50.341 INFO:journalctl@ceph.mgr.x.smithi086.stdout:Sep 05 06:31:50 smithi086 ceph-5a055634-6b50-11ef-bcd6-c7b262605968-mgr-x[31172]: self._run(expiration_interval)
2024-09-05T06:31:50.341 INFO:journalctl@ceph.mgr.x.smithi086.stdout:Sep 05 06:31:50 smithi086 ceph-5a055634-6b50-11ef-bcd6-c7b262605968-mgr-x[31172]: File "/lib/python3.9/site-packages/cheroot/connections.py", line 246, in _run
2024-09-05T06:31:50.341 INFO:journalctl@ceph.mgr.x.smithi086.stdout:Sep 05 06:31:50 smithi086 ceph-5a055634-6b50-11ef-bcd6-c7b262605968-mgr-x[31172]: new_conn = self._from_server_socket(self.server.socket)
2024-09-05T06:31:50.341 INFO:journalctl@ceph.mgr.x.smithi086.stdout:Sep 05 06:31:50 smithi086 ceph-5a055634-6b50-11ef-bcd6-c7b262605968-mgr-x[31172]: File "/lib/python3.9/site-packages/cheroot/connections.py", line 300, in _from_server_socket
2024-09-05T06:31:50.341 INFO:journalctl@ceph.mgr.x.smithi086.stdout:Sep 05 06:31:50 smithi086 ceph-5a055634-6b50-11ef-bcd6-c7b262605968-mgr-x[31172]: s, ssl_env = self.server.ssl_adapter.wrap(s)
2024-09-05T06:31:50.341 INFO:journalctl@ceph.mgr.x.smithi086.stdout:Sep 05 06:31:50 smithi086 ceph-5a055634-6b50-11ef-bcd6-c7b262605968-mgr-x[31172]: File "/lib/python3.9/site-packages/cheroot/ssl/builtin.py", line 277, in wrap
2024-09-05T06:31:50.341 INFO:journalctl@ceph.mgr.x.smithi086.stdout:Sep 05 06:31:50 smithi086 ceph-5a055634-6b50-11ef-bcd6-c7b262605968-mgr-x[31172]: s = self.context.wrap_socket(
2024-09-05T06:31:50.341 INFO:journalctl@ceph.mgr.x.smithi086.stdout:Sep 05 06:31:50 smithi086 ceph-5a055634-6b50-11ef-bcd6-c7b262605968-mgr-x[31172]: File "/lib64/python3.9/ssl.py", line 501, in wrap_socket
2024-09-05T06:31:50.341 INFO:journalctl@ceph.mgr.x.smithi086.stdout:Sep 05 06:31:50 smithi086 ceph-5a055634-6b50-11ef-bcd6-c7b262605968-mgr-x[31172]: return self.sslsocket_class._create(
2024-09-05T06:31:50.341 INFO:journalctl@ceph.mgr.x.smithi086.stdout:Sep 05 06:31:50 smithi086 ceph-5a055634-6b50-11ef-bcd6-c7b262605968-mgr-x[31172]: File "/lib64/python3.9/ssl.py", line 1074, in _create
2024-09-05T06:31:50.342 INFO:journalctl@ceph.mgr.x.smithi086.stdout:Sep 05 06:31:50 smithi086 ceph-5a055634-6b50-11ef-bcd6-c7b262605968-mgr-x[31172]: self.do_handshake()
2024-09-05T06:31:50.342 INFO:journalctl@ceph.mgr.x.smithi086.stdout:Sep 05 06:31:50 smithi086 ceph-5a055634-6b50-11ef-bcd6-c7b262605968-mgr-x[31172]: File "/lib64/python3.9/ssl.py", line 1343, in do_handshake
2024-09-05T06:31:50.342 INFO:journalctl@ceph.mgr.x.smithi086.stdout:Sep 05 06:31:50 smithi086 ceph-5a055634-6b50-11ef-bcd6-c7b262605968-mgr-x[31172]: self._sslobj.do_handshake()
2024-09-05T06:31:50.342 INFO:journalctl@ceph.mgr.x.smithi086.stdout:Sep 05 06:31:50 smithi086 ceph-5a055634-6b50-11ef-bcd6-c7b262605968-mgr-x[31172]: ssl.SSLZeroReturnError: TLS/SSL connection has been closed (EOF) (_ssl.c:1133)
2024-09-05T06:31:50.342 INFO:journalctl@ceph.mgr.x.smithi086.stdout:Sep 05 06:31:50 smithi086 ceph-5a055634-6b50-11ef-bcd6-c7b262605968-mgr-x[31172]:
2024-09-05T06:31:50.605 INFO:journalctl@ceph.mon.a.smithi086.stdout:Sep 05 06:31:50 smithi086 ceph-mon[30943]: from='client.14122 -' entity='client.admin' cmd=[{"prefix": "get_command_descriptions"}]: dispatch
2024-09-05T06:31:50.606 INFO:journalctl@ceph.mon.a.smithi086.stdout:Sep 05 06:31:50 smithi086 ceph-mon[30943]: from='client.14122 -' entity='client.admin' cmd=[{"prefix": "mgr_status"}]: dispatch
2024-09-05T06:31:50.606 INFO:journalctl@ceph.mon.a.smithi086.stdout:Sep 05 06:31:50 smithi086 ceph-mon[30943]: from='mgr.14118 172.21.15.86:0/3594471994' entity='mgr.x' cmd=[{"prefix": "config dump", "format": "json"}]: dispatch
2024-09-05T06:31:51.202 INFO:teuthology.orchestra.run.smithi086.stdout:/usr/bin/ceph: stderr
2024-09-05T06:31:50.416+0000 7f11cc8a3640 1 Processor -- start
2024-09-05T06:31:51.202 INFO:teuthology.orchestra.run.smithi086.stdout:/usr/bin/ceph: stderr
2024-09-05T06:31:50.416+0000 7f11cc8a3640 1 -- start start
2024-09-05T06:31:51.202 INFO:teuthology.orchestra.run.smithi086.stdout:/usr/bin/ceph: stderr
2024-09-05T06:31:50.416+0000 7f11cc8a3640 1 --2- >> [v2:172.21.15.86:3300/0,v1:172.21.15.86:6789/0] conn(0x7f11c81073e0 0x7f11c81077e0 unknown :-1 s=NONE pgs=0 cs=0 l=0 rev1=0 crypto rx=0 tx=0 comp rx=0 tx=0).connect
2024-09-05T06:31:51.202 INFO:teuthology.orchestra.run.smithi086.stdout:/usr/bin/ceph: stderr
2024-09-05T06:31:50.416+0000 7f11cc8a3640 1 -- --> [v2:172.21.15.86:3300/0,v1:172.21.15.86:6789/0] -- mon_getmap magic: 0 -- 0x7f11c8107db0 con 0x7f11c81073e0
2024-09-05T06:31:51.202 INFO:teuthology.orchestra.run.smithi086.stdout:/usr/bin/ceph: stderr
2024-09-05T06:31:50.417+0000 7f11c659c640 1 --2- >> [v2:172.21.15.86:3300/0,v1:172.21.15.86:6789/0] conn(0x7f11c81073e0 0x7f11c81077e0 unknown :-1 s=BANNER_CONNECTING pgs=0 cs=0 l=0 rev1=0 crypto rx=0 tx=0 comp rx=0 tx=0)._handle_peer_banner_payload supported=3 required=0
2024-09-05T06:31:51.202 INFO:teuthology.orchestra.run.smithi086.stdout:/usr/bin/ceph: stderr
2024-09-05T06:31:50.417+0000 7f11c659c640 1 --2- >> [v2:172.21.15.86:3300/0,v1:172.21.15.86:6789/0] conn(0x7f11c81073e0 0x7f11c81077e0 unknown :-1 s=HELLO_CONNECTING pgs=0 cs=0 l=0 rev1=1 crypto rx=0 tx=0 comp rx=0 tx=0).handle_hello peer v2:172.21.15.86:3300/0 says I am v2:172.21.15.86:47596/0 (socket says 172.21.15.86:47596)
2024-09-05T06:31:51.202 INFO:teuthology.orchestra.run.smithi086.stdout:/usr/bin/ceph: stderr
2024-09-05T06:31:50.417+0000 7f11c659c640 1 -- 172.21.15.86:0/958905443 learned_addr learned my addr 172.21.15.86:0/958905443 (peer_addr_for_me v2:172.21.15.86:0/0)
2024-09-05T06:31:51.202 INFO:teuthology.orchestra.run.smithi086.stdout:/usr/bin/ceph: stderr
2024-09-05T06:31:50.417+0000 7f11c659c640 1 -- 172.21.15.86:0/958905443 --> [v2:172.21.15.86:3300/0,v1:172.21.15.86:6789/0] -- mon_subscribe({config=0+,monmap=0+}) -- 0x7f11c81085e0 con 0x7f11c81073e0
2024-09-05T06:31:51.202 INFO:teuthology.orchestra.run.smithi086.stdout:/usr/bin/ceph: stderr
2024-09-05T06:31:50.418+0000 7f11c659c640 1 --2- 172.21.15.86:0/958905443 >> [v2:172.21.15.86:3300/0,v1:172.21.15.86:6789/0] conn(0x7f11c81073e0 0x7f11c81077e0 secure :-1 s=READY pgs=35 cs=0 l=1 rev1=1 crypto rx=0x7f11b8009820 tx=0x7f11b802a270 comp rx=0 tx=0).ready entity=mon.0 client_cookie=1422cb232001f76c server_cookie=0 in_seq=0 out_seq=0
2024-09-05T06:31:51.203 INFO:teuthology.orchestra.run.smithi086.stdout:/usr/bin/ceph: stderr
2024-09-05T06:31:50.418+0000 7f11c5d9b640 1 -- 172.21.15.86:0/958905443 <== mon.0 v2:172.21.15.86:3300/0 1 ==== mon_map magic: 0 ==== 205+0+0 (secure 0 0 0) 0x7f11b8037070 con 0x7f11c81073e0
2024-09-05T06:31:51.203 INFO:teuthology.orchestra.run.smithi086.stdout:/usr/bin/ceph: stderr
2024-09-05T06:31:50.418+0000 7f11c5d9b640 1 -- 172.21.15.86:0/958905443 <== mon.0 v2:172.21.15.86:3300/0 2 ==== config(26 keys) ==== 1071+0+0 (secure 0 0 0) 0x7f11b80328d0 con 0x7f11c81073e0
2024-09-05T06:31:51.203 INFO:teuthology.orchestra.run.smithi086.stdout:/usr/bin/ceph: stderr
2024-09-05T06:31:50.418+0000 7f11c5d9b640 1 -- 172.21.15.86:0/958905443 <== mon.0 v2:172.21.15.86:3300/0 3 ==== mon_map magic: 0 ==== 205+0+0 (secure 0 0 0) 0x7f11b80307d0 con 0x7f11c81073e0
2024-09-05T06:31:51.203 INFO:teuthology.orchestra.run.smithi086.stdout:/usr/bin/ceph: stderr
2024-09-05T06:31:50.418+0000 7f11cc8a3640 1 -- 172.21.15.86:0/958905443 >> [v2:172.21.15.86:3300/0,v1:172.21.15.86:6789/0] conn(0x7f11c81073e0 msgr2=0x7f11c81077e0 secure :-1 s=STATE_CONNECTION_ESTABLISHED l=1).mark_down
2024-09-05T06:31:51.203 INFO:teuthology.orchestra.run.smithi086.stdout:/usr/bin/ceph: stderr
2024-09-05T06:31:50.418+0000 7f11cc8a3640 1 --2- 172.21.15.86:0/958905443 >> [v2:172.21.15.86:3300/0,v1:172.21.15.86:6789/0] conn(0x7f11c81073e0 0x7f11c81077e0 secure :-1 s=READY pgs=35 cs=0 l=1 rev1=1 crypto rx=0x7f11b8009820 tx=0x7f11b802a270 comp rx=0 tx=0).stop
2024-09-05T06:31:51.203 INFO:teuthology.orchestra.run.smithi086.stdout:/usr/bin/ceph: stderr
2024-09-05T06:31:50.418+0000 7f11cc8a3640 1 -- 172.21.15.86:0/958905443 shutdown_connections
2024-09-05T06:31:51.203 INFO:teuthology.orchestra.run.smithi086.stdout:/usr/bin/ceph: stderr
2024-09-05T06:31:50.418+0000 7f11cc8a3640 1 --2- 172.21.15.86:0/958905443 >> [v2:172.21.15.86:3300/0,v1:172.21.15.86:6789/0] conn(0x7f11c81073e0 0x7f11c81077e0 unknown :-1 s=CLOSED pgs=35 cs=0 l=1 rev1=1 crypto rx=0 tx=0 comp rx=0 tx=0).stop
2024-09-05T06:31:51.203 INFO:teuthology.orchestra.run.smithi086.stdout:/usr/bin/ceph: stderr
2024-09-05T06:31:50.419+0000 7f11cc8a3640 1 -- 172.21.15.86:0/958905443 >> 172.21.15.86:0/958905443 conn(0x7f11c8102b50 msgr2=0x7f11c8104fb0 unknown :-1 s=STATE_NONE l=0).mark_down
2024-09-05T06:31:51.203 INFO:teuthology.orchestra.run.smithi086.stdout:/usr/bin/ceph: stderr
2024-09-05T06:31:50.419+0000 7f11cc8a3640 1 -- 172.21.15.86:0/958905443 shutdown_connections
2024-09-05T06:31:51.203 INFO:teuthology.orchestra.run.smithi086.stdout:/usr/bin/ceph: stderr
2024-09-05T06:31:50.419+0000 7f11cc8a3640 1 -- 172.21.15.86:0/958905443 wait complete.
2024-09-05T06:31:51.203 INFO:teuthology.orchestra.run.smithi086.stdout:/usr/bin/ceph: stderr
2024-09-05T06:31:50.419+0000 7f11cc8a3640 1 Processor -- start
2024-09-05T06:31:51.203 INFO:teuthology.orchestra.run.smithi086.stdout:/usr/bin/ceph: stderr
2024-09-05T06:31:50.419+0000 7f11cc8a3640 1 -- start start
2024-09-05T06:31:51.203 INFO:teuthology.orchestra.run.smithi086.stdout:/usr/bin/ceph: stderr
2024-09-05T06:31:50.419+0000 7f11cc8a3640 1 --2- >> [v2:172.21.15.86:3300/0,v1:172.21.15.86:6789/0] conn(0x7f11c81073e0 0x7f11c819b3a0 unknown :-1 s=NONE pgs=0 cs=0 l=1 rev1=0 crypto rx=0 tx=0 comp rx=0 tx=0).connect
2024-09-05T06:31:51.203 INFO:teuthology.orchestra.run.smithi086.stdout:/usr/bin/ceph: stderr
2024-09-05T06:31:50.419+0000 7f11cc8a3640 1 -- --> [v2:172.21.15.86:3300/0,v1:172.21.15.86:6789/0] -- mon_getmap magic: 0 -- 0x7f11c810b990 con 0x7f11c81073e0
2024-09-05T06:31:51.204 INFO:teuthology.orchestra.run.smithi086.stdout:/usr/bin/ceph: stderr
2024-09-05T06:31:50.419+0000 7f11c659c640 1 --2- >> [v2:172.21.15.86:3300/0,v1:172.21.15.86:6789/0] conn(0x7f11c81073e0 0x7f11c819b3a0 unknown :-1 s=BANNER_CONNECTING pgs=0 cs=0 l=1 rev1=0 crypto rx=0 tx=0 comp rx=0 tx=0)._handle_peer_banner_payload supported=3 required=0
2024-09-05T06:31:51.204 INFO:teuthology.orchestra.run.smithi086.stdout:/usr/bin/ceph: stderr
2024-09-05T06:31:50.420+0000 7f11c659c640 1 --2- >> [v2:172.21.15.86:3300/0,v1:172.21.15.86:6789/0] conn(0x7f11c81073e0 0x7f11c819b3a0 unknown :-1 s=HELLO_CONNECTING pgs=0 cs=0 l=1 rev1=1 crypto rx=0 tx=0 comp rx=0 tx=0).handle_hello peer v2:172.21.15.86:3300/0 says I am v2:172.21.15.86:47602/0 (socket says 172.21.15.86:47602)
2024-09-05T06:31:51.204 INFO:teuthology.orchestra.run.smithi086.stdout:/usr/bin/ceph: stderr
2024-09-05T06:31:50.420+0000 7f11c659c640 1 -- 172.21.15.86:0/1982876480 learned_addr learned my addr 172.21.15.86:0/1982876480 (peer_addr_for_me v2:172.21.15.86:0/0)
2024-09-05T06:31:51.204 INFO:teuthology.orchestra.run.smithi086.stdout:/usr/bin/ceph: stderr
2024-09-05T06:31:50.420+0000 7f11c659c640 1 -- 172.21.15.86:0/1982876480 --> [v2:172.21.15.86:3300/0,v1:172.21.15.86:6789/0] -- mon_subscribe({config=0+,monmap=0+}) -- 0x7f11c819b8e0 con 0x7f11c81073e0
2024-09-05T06:31:51.204 INFO:teuthology.orchestra.run.smithi086.stdout:/usr/bin/ceph: stderr
2024-09-05T06:31:50.420+0000 7f11c659c640 1 --2- 172.21.15.86:0/1982876480 >> [v2:172.21.15.86:3300/0,v1:172.21.15.86:6789/0] conn(0x7f11c81073e0 0x7f11c819b3a0 secure :-1 s=READY pgs=36 cs=0 l=1 rev1=1 crypto rx=0x7f11b80097f0 tx=0x7f11b8030d00 comp rx=0 tx=0).ready entity=mon.0 client_cookie=0 server_cookie=0 in_seq=0 out_seq=0
2024-09-05T06:31:51.204 INFO:teuthology.orchestra.run.smithi086.stdout:/usr/bin/ceph: stderr
2024-09-05T06:31:50.420+0000 7f11bf7fe640 1 -- 172.21.15.86:0/1982876480 <== mon.0 v2:172.21.15.86:3300/0 1 ==== mon_map magic: 0 ==== 205+0+0 (secure 0 0 0) 0x7f11b8037040 con 0x7f11c81073e0
2024-09-05T06:31:51.204 INFO:teuthology.orchestra.run.smithi086.stdout:/usr/bin/ceph: stderr
2024-09-05T06:31:50.420+0000 7f11bf7fe640 1 -- 172.21.15.86:0/1982876480 <== mon.0 v2:172.21.15.86:3300/0 2 ==== config(26 keys) ==== 1071+0+0 (secure 0 0 0) 0x7f11b8032bb0 con 0x7f11c81073e0
2024-09-05T06:31:51.204 INFO:teuthology.orchestra.run.smithi086.stdout:/usr/bin/ceph: stderr
2024-09-05T06:31:50.420+0000 7f11bf7fe640 1 -- 172.21.15.86:0/1982876480 <== mon.0 v2:172.21.15.86:3300/0 3 ==== mon_map magic: 0 ==== 205+0+0 (secure 0 0 0) 0x7f11b803a390 con 0x7f11c81073e0
2024-09-05T06:31:51.204 INFO:teuthology.orchestra.run.smithi086.stdout:/usr/bin/ceph: stderr
2024-09-05T06:31:50.420+0000 7f11cc8a3640 1 -- 172.21.15.86:0/1982876480 --> [v2:172.21.15.86:3300/0,v1:172.21.15.86:6789/0] -- mon_subscribe({mgrmap=0+}) -- 0x7f11c819bb70 con 0x7f11c81073e0
2024-09-05T06:31:51.204 INFO:teuthology.orchestra.run.smithi086.stdout:/usr/bin/ceph: stderr
2024-09-05T06:31:50.420+0000 7f11cc8a3640 1 -- 172.21.15.86:0/1982876480 --> [v2:172.21.15.86:3300/0,v1:172.21.15.86:6789/0] -- mon_subscribe({osdmap=0}) -- 0x7f11c819e860 con 0x7f11c81073e0
2024-09-05T06:31:51.204 INFO:teuthology.orchestra.run.smithi086.stdout:/usr/bin/ceph: stderr
2024-09-05T06:31:50.421+0000 7f11bf7fe640 1 -- 172.21.15.86:0/1982876480 <== mon.0 v2:172.21.15.86:3300/0 4 ==== mgrmap(e 7) ==== 46181+0+0 (secure 0 0 0) 0x7f11b803b3f0 con 0x7f11c81073e0
2024-09-05T06:31:51.204 INFO:teuthology.orchestra.run.smithi086.stdout:/usr/bin/ceph: stderr
2024-09-05T06:31:50.421+0000 7f11cc8a3640 1 -- 172.21.15.86:0/1982876480 --> [v2:172.21.15.86:3300/0,v1:172.21.15.86:6789/0] -- mon_command({"prefix": "get_command_descriptions"} v 0) -- 0x7f11c810bb10 con 0x7f11c81073e0
2024-09-05T06:31:51.204 INFO:teuthology.orchestra.run.smithi086.stdout:/usr/bin/ceph: stderr
2024-09-05T06:31:50.421+0000 7f11bf7fe640 1 --2- 172.21.15.86:0/1982876480 >> [v2:172.21.15.86:6800/1793567579,v1:172.21.15.86:6801/1793567579] conn(0x7f11b4038e60 0x7f11b403b320 unknown :-1 s=NONE pgs=0 cs=0 l=1 rev1=0 crypto rx=0 tx=0 comp rx=0 tx=0).connect
2024-09-05T06:31:51.204 INFO:teuthology.orchestra.run.smithi086.stdout:/usr/bin/ceph: stderr
2024-09-05T06:31:50.421+0000 7f11bf7fe640 1 -- 172.21.15.86:0/1982876480 <== mon.0 v2:172.21.15.86:3300/0 5 ==== osd_map(2..2 src has 1..2) ==== 940+0+0 (secure 0 0 0) 0x7f11b806c020 con 0x7f11c81073e0
2024-09-05T06:31:51.205 INFO:teuthology.orchestra.run.smithi086.stdout:/usr/bin/ceph: stderr
2024-09-05T06:31:50.421+0000 7f11bffff640 1 --2- 172.21.15.86:0/1982876480 >> [v2:172.21.15.86:6800/1793567579,v1:172.21.15.86:6801/1793567579] conn(0x7f11b4038e60 0x7f11b403b320 unknown :-1 s=BANNER_CONNECTING pgs=0 cs=0 l=1 rev1=0 crypto rx=0 tx=0 comp rx=0 tx=0)._handle_peer_banner_payload supported=3 required=0
2024-09-05T06:31:51.205 INFO:teuthology.orchestra.run.smithi086.stdout:/usr/bin/ceph: stderr
2024-09-05T06:31:50.422+0000 7f11bffff640 1 --2- 172.21.15.86:0/1982876480 >> [v2:172.21.15.86:6800/1793567579,v1:172.21.15.86:6801/1793567579] conn(0x7f11b4038e60 0x7f11b403b320 secure :-1 s=READY pgs=7 cs=0 l=1 rev1=1 crypto rx=0x7f11b00098c0 tx=0x7f11b0006db0 comp rx=0 tx=0).ready entity=mgr.14118 client_cookie=0 server_cookie=0 in_seq=0 out_seq=0
2024-09-05T06:31:51.205 INFO:teuthology.orchestra.run.smithi086.stdout:/usr/bin/ceph: stderr
2024-09-05T06:31:50.426+0000 7f11bf7fe640 1 -- 172.21.15.86:0/1982876480 <== mon.0 v2:172.21.15.86:3300/0 6 ==== mon_command_ack([{"prefix": "get_command_descriptions"}]=0 v0) ==== 72+0+188821 (secure 0 0 0) 0x7f11b8049c80 con 0x7f11c81073e0
2024-09-05T06:31:51.205 INFO:teuthology.orchestra.run.smithi086.stdout:/usr/bin/ceph: stderr
2024-09-05T06:31:50.468+0000 7f11bf7fe640 1 -- 172.21.15.86:0/1982876480 <== mon.0 v2:172.21.15.86:3300/0 7 ==== mgrmap(e 8) ==== 46287+0+0 (secure 0 0 0) 0x7f11b803a580 con 0x7f11c81073e0
2024-09-05T06:31:51.205 INFO:teuthology.orchestra.run.smithi086.stdout:/usr/bin/ceph: stderr
2024-09-05T06:31:50.604+0000 7f11cc8a3640 1 -- 172.21.15.86:0/1982876480 --> [v2:172.21.15.86:6800/1793567579,v1:172.21.15.86:6801/1793567579] -- mgr_command(tid 0: {"prefix": "orch set backend", "module_name": "cephadm", "target": ["mon-mgr", ""]}) -- 0x7f11c8103dc0 con 0x7f11b4038e60
2024-09-05T06:31:51.205 INFO:teuthology.orchestra.run.smithi086.stdout:/usr/bin/ceph: stderr
2024-09-05T06:31:50.610+0000 7f11bf7fe640 1 -- 172.21.15.86:0/1982876480 <== mgr.14118 v2:172.21.15.86:6800/1793567579 1 ==== mgr_command_reply(tid 0: 0 ) ==== 8+0+0 (secure 0 0 0) 0x7f11c8103dc0 con 0x7f11b4038e60
2024-09-05T06:31:51.205 INFO:teuthology.orchestra.run.smithi086.stdout:/usr/bin/ceph: stderr
2024-09-05T06:31:50.612+0000 7f11cc8a3640 1 -- 172.21.15.86:0/1982876480 >> [v2:172.21.15.86:6800/1793567579,v1:172.21.15.86:6801/1793567579] conn(0x7f11b4038e60 msgr2=0x7f11b403b320 secure :-1 s=STATE_CONNECTION_ESTABLISHED l=1).mark_down
2024-09-05T06:31:51.205 INFO:teuthology.orchestra.run.smithi086.stdout:/usr/bin/ceph: stderr
2024-09-05T06:31:50.612+0000 7f11cc8a3640 1 --2- 172.21.15.86:0/1982876480 >> [v2:172.21.15.86:6800/1793567579,v1:172.21.15.86:6801/1793567579] conn(0x7f11b4038e60 0x7f11b403b320 secure :-1 s=READY pgs=7 cs=0 l=1 rev1=1 crypto rx=0x7f11b00098c0 tx=0x7f11b0006db0 comp rx=0 tx=0).stop
2024-09-05T06:31:51.205 INFO:teuthology.orchestra.run.smithi086.stdout:/usr/bin/ceph: stderr
2024-09-05T06:31:50.612+0000 7f11cc8a3640 1 -- 172.21.15.86:0/1982876480 >> [v2:172.21.15.86:3300/0,v1:172.21.15.86:6789/0] conn(0x7f11c81073e0 msgr2=0x7f11c819b3a0 secure :-1 s=STATE_CONNECTION_ESTABLISHED l=1).mark_down
2024-09-05T06:31:51.205 INFO:teuthology.orchestra.run.smithi086.stdout:/usr/bin/ceph: stderr
2024-09-05T06:31:50.612+0000 7f11cc8a3640 1 --2- 172.21.15.86:0/1982876480 >> [v2:172.21.15.86:3300/0,v1:172.21.15.86:6789/0] conn(0x7f11c81073e0 0x7f11c819b3a0 secure :-1 s=READY pgs=36 cs=0 l=1 rev1=1 crypto rx=0x7f11b80097f0 tx=0x7f11b8030d00 comp rx=0 tx=0).stop
2024-09-05T06:31:51.205 INFO:teuthology.orchestra.run.smithi086.stdout:/usr/bin/ceph: stderr
2024-09-05T06:31:50.612+0000 7f11cc8a3640 1 -- 172.21.15.86:0/1982876480 shutdown_connections
2024-09-05T06:31:51.205 INFO:teuthology.orchestra.run.smithi086.stdout:/usr/bin/ceph: stderr
2024-09-05T06:31:50.612+0000 7f11cc8a3640 1 --2- 172.21.15.86:0/1982876480 >> [v2:172.21.15.86:6800/1793567579,v1:172.21.15.86:6801/1793567579] conn(0x7f11b4038e60 0x7f11b403b320 unknown :-1 s=CLOSED pgs=7 cs=0 l=1 rev1=1 crypto rx=0 tx=0 comp rx=0 tx=0).stop
2024-09-05T06:31:51.205 INFO:teuthology.orchestra.run.smithi086.stdout:/usr/bin/ceph: stderr
2024-09-05T06:31:50.612+0000 7f11cc8a3640 1 --2- 172.21.15.86:0/1982876480 >> [v2:172.21.15.86:3300/0,v1:172.21.15.86:6789/0] conn(0x7f11c81073e0 0x7f11c819b3a0 unknown :-1 s=CLOSED pgs=36 cs=0 l=1 rev1=1 crypto rx=0 tx=0 comp rx=0 tx=0).stop
2024-09-05T06:31:51.205 INFO:teuthology.orchestra.run.smithi086.stdout:/usr/bin/ceph: stderr
2024-09-05T06:31:50.612+0000 7f11cc8a3640 1 -- 172.21.15.86:0/1982876480 >> 172.21.15.86:0/1982876480 conn(0x7f11c8102b50 msgr2=0x7f11c81036b0 unknown :-1 s=STATE_NONE l=0).mark_down
2024-09-05T06:31:51.206 INFO:teuthology.orchestra.run.smithi086.stdout:/usr/bin/ceph: stderr
2024-09-05T06:31:50.612+0000 7f11cc8a3640 1 -- 172.21.15.86:0/1982876480 shutdown_connections
2024-09-05T06:31:51.206 INFO:teuthology.orchestra.run.smithi086.stdout:/usr/bin/ceph: stderr
2024-09-05T06:31:50.612+0000 7f11cc8a3640 1 -- 172.21.15.86:0/1982876480 wait complete.
2024-09-05T06:31:51.736 INFO:journalctl@ceph.mon.a.smithi086.stdout:Sep 05 06:31:51 smithi086 ceph-mon[30943]: [05/Sep/2024:06:31:49] ENGINE Bus STARTING
2024-09-05T06:31:51.737 INFO:journalctl@ceph.mon.a.smithi086.stdout:Sep 05 06:31:51 smithi086 ceph-mon[30943]: [05/Sep/2024:06:31:50] ENGINE Serving on https://172.21.15.86:7150
2024-09-05T06:31:51.737 INFO:journalctl@ceph.mon.a.smithi086.stdout:Sep 05 06:31:51 smithi086 ceph-mon[30943]: [05/Sep/2024:06:31:50] ENGINE Error in HTTPServer.serve
2024-09-05T06:31:51.737 INFO:journalctl@ceph.mon.a.smithi086.stdout: Traceback (most recent call last):
2024-09-05T06:31:51.737 INFO:journalctl@ceph.mon.a.smithi086.stdout: File "/lib/python3.9/site-packages/cheroot/server.py", line 1823, in serve
2024-09-05T06:31:51.737 INFO:journalctl@ceph.mon.a.smithi086.stdout: self._connections.run(self.expiration_interval)
2024-09-05T06:31:51.737 INFO:journalctl@ceph.mon.a.smithi086.stdout: File "/lib/python3.9/site-packages/cheroot/connections.py", line 203, in run
2024-09-05T06:31:51.737 INFO:journalctl@ceph.mon.a.smithi086.stdout: self._run(expiration_interval)
2024-09-05T06:31:51.737 INFO:journalctl@ceph.mon.a.smithi086.stdout: File "/lib/python3.9/site-packages/cheroot/connections.py", line 246, in _run
2024-09-05T06:31:51.740 INFO:journalctl@ceph.mon.a.smithi086.stdout: new_conn = self._from_server_socket(self.server.socket)
2024-09-05T06:31:51.740 INFO:journalctl@ceph.mon.a.smithi086.stdout: File "/lib/python3.9/site-packages/cheroot/connections.py", line 300, in _from_server_socket
2024-09-05T06:31:51.740 INFO:journalctl@ceph.mon.a.smithi086.stdout: s, ssl_env = self.server.ssl_adapter.wrap(s)
2024-09-05T06:31:51.740 INFO:journalctl@ceph.mon.a.smithi086.stdout: File "/lib/python3.9/site-packages/cheroot/ssl/builtin.py", line 277, in wrap
2024-09-05T06:31:51.741 INFO:journalctl@ceph.mon.a.smithi086.stdout: s = self.context.wrap_socket(
2024-09-05T06:31:51.741 INFO:journalctl@ceph.mon.a.smithi086.stdout: File "/lib64/python3.9/ssl.py", line 501, in wrap_socket
2024-09-05T06:31:51.741 INFO:journalctl@ceph.mon.a.smithi086.stdout: return self.sslsocket_class._create(
2024-09-05T06:31:51.741 INFO:journalctl@ceph.mon.a.smithi086.stdout: File "/lib64/python3.9/ssl.py", line 1074, in _create
2024-09-05T06:31:51.741 INFO:journalctl@ceph.mon.a.smithi086.stdout: self.do_handshake()
2024-09-05T06:31:51.741 INFO:journalctl@ceph.mon.a.smithi086.stdout: File "/lib64/python3.9/ssl.py", line 1343, in do_handshake
2024-09-05T06:31:51.742 INFO:journalctl@ceph.mon.a.smithi086.stdout: self._sslobj.do_handshake()
2024-09-05T06:31:51.742 INFO:journalctl@ceph.mon.a.smithi086.stdout: ssl.SSLZeroReturnError: TLS/SSL connection has been closed (EOF) (_ssl.c:1133)
2024-09-05T06:31:51.742 INFO:journalctl@ceph.mon.a.smithi086.stdout:Sep 05 06:31:51 smithi086 ceph-mon[30943]: [05/Sep/2024:06:31:50] ENGINE Serving on http://172.21.15.86:8765
2024-09-05T06:31:51.742 INFO:journalctl@ceph.mon.a.smithi086.stdout:Sep 05 06:31:51 smithi086 ceph-mon[30943]: [05/Sep/2024:06:31:50] ENGINE Bus STARTED
2024-09-05T06:31:51.742 INFO:journalctl@ceph.mon.a.smithi086.stdout:Sep 05 06:31:51 smithi086 ceph-mon[30943]: mgrmap e8: x(active, since 2s)
2024-09-05T06:31:51.742 INFO:journalctl@ceph.mon.a.smithi086.stdout:Sep 05 06:31:51 smithi086 ceph-mon[30943]: from='client.14130 -' entity='client.admin' cmd=[{"prefix": "orch set backend", "module_name": "cephadm", "target": ["mon-mgr", ""]}]: dispatch
2024-09-05T06:31:51.743 INFO:journalctl@ceph.mon.a.smithi086.stdout:Sep 05 06:31:51 smithi086 ceph-mon[30943]: from='mgr.14118 172.21.15.86:0/3594471994' entity='mgr.x'
2024-09-05T06:31:51.743 INFO:journalctl@ceph.mon.a.smithi086.stdout:Sep 05 06:31:51 smithi086 ceph-mon[30943]: from='mgr.14118 172.21.15.86:0/3594471994' entity='mgr.x' cmd=[{"prefix": "config dump", "format": "json"}]: dispatch
2024-09-05T06:31:52.333 INFO:teuthology.orchestra.run.smithi086.stdout:/usr/bin/ceph: stdout value unchanged
2024-09-05T06:31:52.334 INFO:teuthology.orchestra.run.smithi086.stdout:/usr/bin/ceph: stderr
2024-09-05T06:31:51.581+0000 7fc3ede03640 1 Processor -- start
2024-09-05T06:31:52.334 INFO:teuthology.orchestra.run.smithi086.stdout:/usr/bin/ceph: stderr
2024-09-05T06:31:51.581+0000 7fc3ede03640 1 -- start start
2024-09-05T06:31:52.334 INFO:teuthology.orchestra.run.smithi086.stdout:/usr/bin/ceph: stderr
2024-09-05T06:31:51.581+0000 7fc3ede03640 1 --2- >> [v2:172.21.15.86:3300/0,v1:172.21.15.86:6789/0] conn(0x7fc3e81074a0 0x7fc3e81078a0 unknown :-1 s=NONE pgs=0 cs=0 l=0 rev1=0 crypto rx=0 tx=0 comp rx=0 tx=0).connect
2024-09-05T06:31:52.334 INFO:teuthology.orchestra.run.smithi086.stdout:/usr/bin/ceph: stderr
2024-09-05T06:31:51.581+0000 7fc3ede03640 1 -- --> [v2:172.21.15.86:3300/0,v1:172.21.15.86:6789/0] -- mon_getmap magic: 0 -- 0x7fc3e8107e70 con 0x7fc3e81074a0
2024-09-05T06:31:52.334 INFO:teuthology.orchestra.run.smithi086.stdout:/usr/bin/ceph: stderr
2024-09-05T06:31:51.581+0000 7fc3e77fe640 1 --2- >> [v2:172.21.15.86:3300/0,v1:172.21.15.86:6789/0] conn(0x7fc3e81074a0 0x7fc3e81078a0 unknown :-1 s=BANNER_CONNECTING pgs=0 cs=0 l=0 rev1=0 crypto rx=0 tx=0 comp rx=0 tx=0)._handle_peer_banner_payload supported=3 required=0
2024-09-05T06:31:52.334 INFO:teuthology.orchestra.run.smithi086.stdout:/usr/bin/ceph: stderr
2024-09-05T06:31:51.581+0000 7fc3e77fe640 1 --2- >> [v2:172.21.15.86:3300/0,v1:172.21.15.86:6789/0] conn(0x7fc3e81074a0 0x7fc3e81078a0 unknown :-1 s=HELLO_CONNECTING pgs=0 cs=0 l=0 rev1=1 crypto rx=0 tx=0 comp rx=0 tx=0).handle_hello peer v2:172.21.15.86:3300/0 says I am v2:172.21.15.86:47618/0 (socket says 172.21.15.86:47618)
2024-09-05T06:31:52.334 INFO:teuthology.orchestra.run.smithi086.stdout:/usr/bin/ceph: stderr
2024-09-05T06:31:51.581+0000 7fc3e77fe640 1 -- 172.21.15.86:0/2095838386 learned_addr learned my addr 172.21.15.86:0/2095838386 (peer_addr_for_me v2:172.21.15.86:0/0)
2024-09-05T06:31:52.334 INFO:teuthology.orchestra.run.smithi086.stdout:/usr/bin/ceph: stderr
2024-09-05T06:31:51.581+0000 7fc3e77fe640 1 -- 172.21.15.86:0/2095838386 --> [v2:172.21.15.86:3300/0,v1:172.21.15.86:6789/0] -- mon_subscribe({config=0+,monmap=0+}) -- 0x7fc3e8108600 con 0x7fc3e81074a0
2024-09-05T06:31:52.334 INFO:teuthology.orchestra.run.smithi086.stdout:/usr/bin/ceph: stderr
2024-09-05T06:31:51.582+0000 7fc3e77fe640 1 --2- 172.21.15.86:0/2095838386 >> [v2:172.21.15.86:3300/0,v1:172.21.15.86:6789/0] conn(0x7fc3e81074a0 0x7fc3e81078a0 secure :-1 s=READY pgs=37 cs=0 l=1 rev1=1 crypto rx=0x7fc3d8009820 tx=0x7fc3d802a270 comp rx=0 tx=0).ready entity=mon.0 client_cookie=1777ad410640b183 server_cookie=0 in_seq=0 out_seq=0
2024-09-05T06:31:52.335 INFO:teuthology.orchestra.run.smithi086.stdout:/usr/bin/ceph: stderr
2024-09-05T06:31:51.582+0000 7fc3e67fc640 1 -- 172.21.15.86:0/2095838386 <== mon.0 v2:172.21.15.86:3300/0 1 ==== mon_map magic: 0 ==== 205+0+0 (secure 0 0 0) 0x7fc3d8037070 con 0x7fc3e81074a0
2024-09-05T06:31:52.335 INFO:teuthology.orchestra.run.smithi086.stdout:/usr/bin/ceph: stderr
2024-09-05T06:31:51.582+0000 7fc3e67fc640 1 -- 172.21.15.86:0/2095838386 <== mon.0 v2:172.21.15.86:3300/0 2 ==== config(26 keys) ==== 1071+0+0 (secure 0 0 0) 0x7fc3d80328d0 con 0x7fc3e81074a0
2024-09-05T06:31:52.335 INFO:teuthology.orchestra.run.smithi086.stdout:/usr/bin/ceph: stderr
2024-09-05T06:31:51.582+0000 7fc3e67fc640 1 -- 172.21.15.86:0/2095838386 <== mon.0 v2:172.21.15.86:3300/0 3 ==== mon_map magic: 0 ==== 205+0+0 (secure 0 0 0) 0x7fc3d80307d0 con 0x7fc3e81074a0
2024-09-05T06:31:52.335 INFO:teuthology.orchestra.run.smithi086.stdout:/usr/bin/ceph: stderr
2024-09-05T06:31:51.583+0000 7fc3ede03640 1 -- 172.21.15.86:0/2095838386 >> [v2:172.21.15.86:3300/0,v1:172.21.15.86:6789/0] conn(0x7fc3e81074a0 msgr2=0x7fc3e81078a0 secure :-1 s=STATE_CONNECTION_ESTABLISHED l=1).mark_down
2024-09-05T06:31:52.335 INFO:teuthology.orchestra.run.smithi086.stdout:/usr/bin/ceph: stderr
2024-09-05T06:31:51.583+0000 7fc3ede03640 1 --2- 172.21.15.86:0/2095838386 >> [v2:172.21.15.86:3300/0,v1:172.21.15.86:6789/0] conn(0x7fc3e81074a0 0x7fc3e81078a0 secure :-1 s=READY pgs=37 cs=0 l=1 rev1=1 crypto rx=0x7fc3d8009820 tx=0x7fc3d802a270 comp rx=0 tx=0).stop
2024-09-05T06:31:52.335 INFO:teuthology.orchestra.run.smithi086.stdout:/usr/bin/ceph: stderr
2024-09-05T06:31:51.583+0000 7fc3ede03640 1 -- 172.21.15.86:0/2095838386 shutdown_connections
2024-09-05T06:31:52.335 INFO:teuthology.orchestra.run.smithi086.stdout:/usr/bin/ceph: stderr
2024-09-05T06:31:51.583+0000 7fc3ede03640 1 --2- 172.21.15.86:0/2095838386 >> [v2:172.21.15.86:3300/0,v1:172.21.15.86:6789/0] conn(0x7fc3e81074a0 0x7fc3e81078a0 unknown :-1 s=CLOSED pgs=37 cs=0 l=1 rev1=1 crypto rx=0 tx=0 comp rx=0 tx=0).stop
2024-09-05T06:31:52.335 INFO:teuthology.orchestra.run.smithi086.stdout:/usr/bin/ceph: stderr
2024-09-05T06:31:51.583+0000 7fc3ede03640 1 -- 172.21.15.86:0/2095838386 >> 172.21.15.86:0/2095838386 conn(0x7fc3e8102c50 msgr2=0x7fc3e8105070 unknown :-1 s=STATE_NONE l=0).mark_down
2024-09-05T06:31:52.335 INFO:teuthology.orchestra.run.smithi086.stdout:/usr/bin/ceph: stderr
2024-09-05T06:31:51.583+0000 7fc3ede03640 1 -- 172.21.15.86:0/2095838386 shutdown_connections
2024-09-05T06:31:52.335 INFO:teuthology.orchestra.run.smithi086.stdout:/usr/bin/ceph: stderr
2024-09-05T06:31:51.583+0000 7fc3ede03640 1 -- 172.21.15.86:0/2095838386 wait complete.
2024-09-05T06:31:52.335 INFO:teuthology.orchestra.run.smithi086.stdout:/usr/bin/ceph: stderr
2024-09-05T06:31:51.583+0000 7fc3ede03640 1 Processor -- start
2024-09-05T06:31:52.335 INFO:teuthology.orchestra.run.smithi086.stdout:/usr/bin/ceph: stderr
2024-09-05T06:31:51.584+0000 7fc3ede03640 1 -- start start
2024-09-05T06:31:52.335 INFO:teuthology.orchestra.run.smithi086.stdout:/usr/bin/ceph: stderr
2024-09-05T06:31:51.584+0000 7fc3ede03640 1 --2- >> [v2:172.21.15.86:3300/0,v1:172.21.15.86:6789/0] conn(0x7fc3e81074a0 0x7fc3e819d5c0 unknown :-1 s=NONE pgs=0 cs=0 l=1 rev1=0 crypto rx=0 tx=0 comp rx=0 tx=0).connect
2024-09-05T06:31:52.336 INFO:teuthology.orchestra.run.smithi086.stdout:/usr/bin/ceph: stderr
2024-09-05T06:31:51.584+0000 7fc3ede03640 1 -- --> [v2:172.21.15.86:3300/0,v1:172.21.15.86:6789/0] -- mon_getmap magic: 0 -- 0x7fc3e810b9b0 con 0x7fc3e81074a0
2024-09-05T06:31:52.336 INFO:teuthology.orchestra.run.smithi086.stdout:/usr/bin/ceph: stderr
2024-09-05T06:31:51.584+0000 7fc3e77fe640 1 --2- >> [v2:172.21.15.86:3300/0,v1:172.21.15.86:6789/0] conn(0x7fc3e81074a0 0x7fc3e819d5c0 unknown :-1 s=BANNER_CONNECTING pgs=0 cs=0 l=1 rev1=0 crypto rx=0 tx=0 comp rx=0 tx=0)._handle_peer_banner_payload supported=3 required=0
2024-09-05T06:31:52.336 INFO:teuthology.orchestra.run.smithi086.stdout:/usr/bin/ceph: stderr
2024-09-05T06:31:51.584+0000 7fc3e77fe640 1 --2- >> [v2:172.21.15.86:3300/0,v1:172.21.15.86:6789/0] conn(0x7fc3e81074a0 0x7fc3e819d5c0 unknown :-1 s=HELLO_CONNECTING pgs=0 cs=0 l=1 rev1=1 crypto rx=0 tx=0 comp rx=0 tx=0).handle_hello peer v2:172.21.15.86:3300/0 says I am v2:172.21.15.86:47626/0 (socket says 172.21.15.86:47626)
2024-09-05T06:31:52.336 INFO:teuthology.orchestra.run.smithi086.stdout:/usr/bin/ceph: stderr
2024-09-05T06:31:51.584+0000 7fc3e77fe640 1 -- 172.21.15.86:0/3506864775 learned_addr learned my addr 172.21.15.86:0/3506864775 (peer_addr_for_me v2:172.21.15.86:0/0)
2024-09-05T06:31:52.336 INFO:teuthology.orchestra.run.smithi086.stdout:/usr/bin/ceph: stderr
2024-09-05T06:31:51.584+0000 7fc3e77fe640 1 -- 172.21.15.86:0/3506864775 --> [v2:172.21.15.86:3300/0,v1:172.21.15.86:6789/0] -- mon_subscribe({config=0+,monmap=0+}) -- 0x7fc3e819db00 con 0x7fc3e81074a0
2024-09-05T06:31:52.336 INFO:teuthology.orchestra.run.smithi086.stdout:/usr/bin/ceph: stderr
2024-09-05T06:31:51.584+0000 7fc3e77fe640 1 --2- 172.21.15.86:0/3506864775 >> [v2:172.21.15.86:3300/0,v1:172.21.15.86:6789/0] conn(0x7fc3e81074a0 0x7fc3e819d5c0 secure :-1 s=READY pgs=38 cs=0 l=1 rev1=1 crypto rx=0x7fc3d8009940 tx=0x7fc3d8032e10 comp rx=0 tx=0).ready entity=mon.0 client_cookie=0 server_cookie=0 in_seq=0 out_seq=0
2024-09-05T06:31:52.336 INFO:teuthology.orchestra.run.smithi086.stdout:/usr/bin/ceph: stderr
2024-09-05T06:31:51.584+0000 7fc3e4ff9640 1 -- 172.21.15.86:0/3506864775 <== mon.0 v2:172.21.15.86:3300/0 1 ==== mon_map magic: 0 ==== 205+0+0 (secure 0 0 0) 0x7fc3d8042070 con 0x7fc3e81074a0
2024-09-05T06:31:52.336 INFO:teuthology.orchestra.run.smithi086.stdout:/usr/bin/ceph: stderr
2024-09-05T06:31:51.584+0000 7fc3e4ff9640 1 -- 172.21.15.86:0/3506864775 <== mon.0 v2:172.21.15.86:3300/0 2 ==== config(26 keys) ==== 1071+0+0 (secure 0 0 0) 0x7fc3d8030c80 con 0x7fc3e81074a0
2024-09-05T06:31:52.336 INFO:teuthology.orchestra.run.smithi086.stdout:/usr/bin/ceph: stderr
2024-09-05T06:31:51.584+0000 7fc3ede03640 1 -- 172.21.15.86:0/3506864775 --> [v2:172.21.15.86:3300/0,v1:172.21.15.86:6789/0] -- mon_subscribe({mgrmap=0+}) -- 0x7fc3e819dd90 con 0x7fc3e81074a0
2024-09-05T06:31:52.336 INFO:teuthology.orchestra.run.smithi086.stdout:/usr/bin/ceph: stderr
2024-09-05T06:31:51.584+0000 7fc3e4ff9640 1 -- 172.21.15.86:0/3506864775 <== mon.0 v2:172.21.15.86:3300/0 3 ==== mon_map magic: 0 ==== 205+0+0 (secure 0 0 0) 0x7fc3d8037040 con 0x7fc3e81074a0
2024-09-05T06:31:52.336 INFO:teuthology.orchestra.run.smithi086.stdout:/usr/bin/ceph: stderr
2024-09-05T06:31:51.584+0000 7fc3ede03640 1 -- 172.21.15.86:0/3506864775 --> [v2:172.21.15.86:3300/0,v1:172.21.15.86:6789/0] -- mon_subscribe({osdmap=0}) -- 0x7fc3e81a0a80 con 0x7fc3e81074a0
2024-09-05T06:31:52.337 INFO:teuthology.orchestra.run.smithi086.stdout:/usr/bin/ceph: stderr
2024-09-05T06:31:51.585+0000 7fc3e4ff9640 1 -- 172.21.15.86:0/3506864775 <== mon.0 v2:172.21.15.86:3300/0 4 ==== mgrmap(e 8) ==== 46287+0+0 (secure 0 0 0) 0x7fc3d8045070 con 0x7fc3e81074a0
2024-09-05T06:31:52.337 INFO:teuthology.orchestra.run.smithi086.stdout:/usr/bin/ceph: stderr
2024-09-05T06:31:51.585+0000 7fc3ede03640 1 -- 172.21.15.86:0/3506864775 --> [v2:172.21.15.86:3300/0,v1:172.21.15.86:6789/0] -- mon_command({"prefix": "get_command_descriptions"} v 0) -- 0x7fc3e810bb30 con 0x7fc3e81074a0
2024-09-05T06:31:52.337 INFO:teuthology.orchestra.run.smithi086.stdout:/usr/bin/ceph: stderr
2024-09-05T06:31:51.585+0000 7fc3e4ff9640 1 --2- 172.21.15.86:0/3506864775 >> [v2:172.21.15.86:6800/1793567579,v1:172.21.15.86:6801/1793567579] conn(0x7fc3d4038f70 0x7fc3d403b430 unknown :-1 s=NONE pgs=0 cs=0 l=1 rev1=0 crypto rx=0 tx=0 comp rx=0 tx=0).connect
2024-09-05T06:31:52.337 INFO:teuthology.orchestra.run.smithi086.stdout:/usr/bin/ceph: stderr
2024-09-05T06:31:51.586+0000 7fc3e4ff9640 1 -- 172.21.15.86:0/3506864775 <== mon.0 v2:172.21.15.86:3300/0 5 ==== osd_map(2..2 src has 1..2) ==== 940+0+0 (secure 0 0 0) 0x7fc3d806c060 con 0x7fc3e81074a0
2024-09-05T06:31:52.337 INFO:teuthology.orchestra.run.smithi086.stdout:/usr/bin/ceph: stderr
2024-09-05T06:31:51.586+0000 7fc3e6ffd640 1 --2- 172.21.15.86:0/3506864775 >> [v2:172.21.15.86:6800/1793567579,v1:172.21.15.86:6801/1793567579] conn(0x7fc3d4038f70 0x7fc3d403b430 unknown :-1 s=BANNER_CONNECTING pgs=0 cs=0 l=1 rev1=0 crypto rx=0 tx=0 comp rx=0 tx=0)._handle_peer_banner_payload supported=3 required=0
2024-09-05T06:31:52.337 INFO:teuthology.orchestra.run.smithi086.stdout:/usr/bin/ceph: stderr
2024-09-05T06:31:51.586+0000 7fc3e6ffd640 1 --2- 172.21.15.86:0/3506864775 >> [v2:172.21.15.86:6800/1793567579,v1:172.21.15.86:6801/1793567579] conn(0x7fc3d4038f70 0x7fc3d403b430 secure :-1 s=READY pgs=8 cs=0 l=1 rev1=1 crypto rx=0x7fc3d00098c0 tx=0x7fc3d0006db0 comp rx=0 tx=0).ready entity=mgr.14118 client_cookie=0 server_cookie=0 in_seq=0 out_seq=0
2024-09-05T06:31:52.337 INFO:teuthology.orchestra.run.smithi086.stdout:/usr/bin/ceph: stderr
2024-09-05T06:31:51.590+0000 7fc3e4ff9640 1 -- 172.21.15.86:0/3506864775 <== mon.0 v2:172.21.15.86:3300/0 6 ==== mon_command_ack([{"prefix": "get_command_descriptions"}]=0 v0) ==== 72+0+188821 (secure 0 0 0) 0x7fc3d803c6b0 con 0x7fc3e81074a0
2024-09-05T06:31:52.337 INFO:teuthology.orchestra.run.smithi086.stdout:/usr/bin/ceph: stderr
2024-09-05T06:31:51.769+0000 7fc3ede03640 1 -- 172.21.15.86:0/3506864775 --> [v2:172.21.15.86:6800/1793567579,v1:172.21.15.86:6801/1793567579] -- mgr_command(tid 0: {"prefix": "cephadm set-user", "user": "root", "target": ["mon-mgr", ""]}) -- 0x7fc3e8103e00 con 0x7fc3d4038f70
2024-09-05T06:31:52.338 INFO:teuthology.orchestra.run.smithi086.stdout:/usr/bin/ceph: stderr
2024-09-05T06:31:51.769+0000 7fc3e4ff9640 1 -- 172.21.15.86:0/3506864775 <== mgr.14118 v2:172.21.15.86:6800/1793567579 1 ==== mgr_command_reply(tid 0: 0 ) ==== 8+0+16 (secure 0 0 0) 0x7fc3e8103e00 con 0x7fc3d4038f70
2024-09-05T06:31:52.338 INFO:teuthology.orchestra.run.smithi086.stdout:/usr/bin/ceph: stderr
2024-09-05T06:31:51.772+0000 7fc3ede03640 1 -- 172.21.15.86:0/3506864775 >> [v2:172.21.15.86:6800/1793567579,v1:172.21.15.86:6801/1793567579] conn(0x7fc3d4038f70 msgr2=0x7fc3d403b430 secure :-1 s=STATE_CONNECTION_ESTABLISHED l=1).mark_down
2024-09-05T06:31:52.338 INFO:teuthology.orchestra.run.smithi086.stdout:/usr/bin/ceph: stderr
2024-09-05T06:31:51.772+0000 7fc3ede03640 1 --2- 172.21.15.86:0/3506864775 >> [v2:172.21.15.86:6800/1793567579,v1:172.21.15.86:6801/1793567579] conn(0x7fc3d4038f70 0x7fc3d403b430 secure :-1 s=READY pgs=8 cs=0 l=1 rev1=1 crypto rx=0x7fc3d00098c0 tx=0x7fc3d0006db0 comp rx=0 tx=0).stop
2024-09-05T06:31:52.338 INFO:teuthology.orchestra.run.smithi086.stdout:/usr/bin/ceph: stderr
2024-09-05T06:31:51.772+0000 7fc3ede03640 1 -- 172.21.15.86:0/3506864775 >> [v2:172.21.15.86:3300/0,v1:172.21.15.86:6789/0] conn(0x7fc3e81074a0 msgr2=0x7fc3e819d5c0 secure :-1 s=STATE_CONNECTION_ESTABLISHED l=1).mark_down
2024-09-05T06:31:52.338 INFO:teuthology.orchestra.run.smithi086.stdout:/usr/bin/ceph: stderr
