2024-09-05T06:55:46.331 INFO:teuthology.orchestra.run.smithi017.stdout:/usr/bin/ceph: stderr
2024-09-05T06:55:45.294+0000 7f6349400640 1 -- 172.21.15.17:0/4162770888 >> 172.21.15.17:0/4162770888 conn(0x7f6344103150 msgr2=0x7f63441055b0 unknown :-1 s=STATE_NONE l=0).mark_down
2024-09-05T06:55:46.331 INFO:teuthology.orchestra.run.smithi017.stdout:/usr/bin/ceph: stderr
2024-09-05T06:55:45.294+0000 7f6349400640 1 -- 172.21.15.17:0/4162770888 shutdown_connections
2024-09-05T06:55:46.331 INFO:teuthology.orchestra.run.smithi017.stdout:/usr/bin/ceph: stderr
2024-09-05T06:55:45.294+0000 7f6349400640 1 -- 172.21.15.17:0/4162770888 wait complete.
2024-09-05T06:55:46.331 INFO:teuthology.orchestra.run.smithi017.stdout:/usr/bin/ceph: stderr
2024-09-05T06:55:45.294+0000 7f6349400640 1 Processor -- start
2024-09-05T06:55:46.331 INFO:teuthology.orchestra.run.smithi017.stdout:/usr/bin/ceph: stderr
2024-09-05T06:55:45.295+0000 7f6349400640 1 -- start start
2024-09-05T06:55:46.331 INFO:teuthology.orchestra.run.smithi017.stdout:/usr/bin/ceph: stderr
2024-09-05T06:55:45.295+0000 7f6349400640 1 --2- >> [v2:172.21.15.17:3300/0,v1:172.21.15.17:6789/0] conn(0x7f634407dda0 0x7f634419dbe0 unknown :-1 s=NONE pgs=0 cs=0 l=1 rev1=0 crypto rx=0 tx=0 comp rx=0 tx=0).connect
2024-09-05T06:55:46.331 INFO:teuthology.orchestra.run.smithi017.stdout:/usr/bin/ceph: stderr
2024-09-05T06:55:45.295+0000 7f6349400640 1 -- --> [v2:172.21.15.17:3300/0,v1:172.21.15.17:6789/0] -- mon_getmap magic: 0 -- 0x7f634410e090 con 0x7f634407dda0
2024-09-05T06:55:46.331 INFO:teuthology.orchestra.run.smithi017.stdout:/usr/bin/ceph: stderr
2024-09-05T06:55:45.295+0000 7f6342800640 1 --2- >> [v2:172.21.15.17:3300/0,v1:172.21.15.17:6789/0] conn(0x7f634407dda0 0x7f634419dbe0 unknown :-1 s=BANNER_CONNECTING pgs=0 cs=0 l=1 rev1=0 crypto rx=0 tx=0 comp rx=0 tx=0)._handle_peer_banner_payload supported=3 required=0
2024-09-05T06:55:46.331 INFO:teuthology.orchestra.run.smithi017.stdout:/usr/bin/ceph: stderr
2024-09-05T06:55:45.295+0000 7f6342800640 1 --2- >> [v2:172.21.15.17:3300/0,v1:172.21.15.17:6789/0] conn(0x7f634407dda0 0x7f634419dbe0 unknown :-1 s=HELLO_CONNECTING pgs=0 cs=0 l=1 rev1=1 crypto rx=0 tx=0 comp rx=0 tx=0).handle_hello peer v2:172.21.15.17:3300/0 says I am v2:172.21.15.17:35114/0 (socket says 172.21.15.17:35114)
2024-09-05T06:55:46.332 INFO:teuthology.orchestra.run.smithi017.stdout:/usr/bin/ceph: stderr
2024-09-05T06:55:45.295+0000 7f6342800640 1 -- 172.21.15.17:0/1540314316 learned_addr learned my addr 172.21.15.17:0/1540314316 (peer_addr_for_me v2:172.21.15.17:0/0)
2024-09-05T06:55:46.332 INFO:teuthology.orchestra.run.smithi017.stdout:/usr/bin/ceph: stderr
2024-09-05T06:55:45.295+0000 7f6342800640 1 -- 172.21.15.17:0/1540314316 --> [v2:172.21.15.17:3300/0,v1:172.21.15.17:6789/0] -- mon_subscribe({config=0+,monmap=0+}) -- 0x7f634419e120 con 0x7f634407dda0
2024-09-05T06:55:46.332 INFO:teuthology.orchestra.run.smithi017.stdout:/usr/bin/ceph: stderr
2024-09-05T06:55:45.296+0000 7f6342800640 1 --2- 172.21.15.17:0/1540314316 >> [v2:172.21.15.17:3300/0,v1:172.21.15.17:6789/0] conn(0x7f634407dda0 0x7f634419dbe0 secure :-1 s=READY pgs=73 cs=0 l=1 rev1=1 crypto rx=0x7f6334032e80 tx=0x7f6334032eb0 comp rx=0 tx=0).ready entity=mon.0 client_cookie=0 server_cookie=0 in_seq=0 out_seq=0
2024-09-05T06:55:46.332 INFO:teuthology.orchestra.run.smithi017.stdout:/usr/bin/ceph: stderr
2024-09-05T06:55:45.296+0000 7f633be00640 1 -- 172.21.15.17:0/1540314316 <== mon.0 v2:172.21.15.17:3300/0 1 ==== mon_map magic: 0 ==== 205+0+0 (secure 0 0 0) 0x7f6334042070 con 0x7f634407dda0
2024-09-05T06:55:46.332 INFO:teuthology.orchestra.run.smithi017.stdout:/usr/bin/ceph: stderr
2024-09-05T06:55:45.296+0000 7f633be00640 1 -- 172.21.15.17:0/1540314316 <== mon.0 v2:172.21.15.17:3300/0 2 ==== config(29 keys) ==== 1209+0+0 (secure 0 0 0) 0x7f6334032670 con 0x7f634407dda0
2024-09-05T06:55:46.332 INFO:teuthology.orchestra.run.smithi017.stdout:/usr/bin/ceph: stderr
2024-09-05T06:55:45.296+0000 7f6349400640 1 -- 172.21.15.17:0/1540314316 --> [v2:172.21.15.17:3300/0,v1:172.21.15.17:6789/0] -- mon_subscribe({mgrmap=0+}) -- 0x7f634419e3b0 con 0x7f634407dda0
2024-09-05T06:55:46.332 INFO:teuthology.orchestra.run.smithi017.stdout:/usr/bin/ceph: stderr
2024-09-05T06:55:45.296+0000 7f633be00640 1 -- 172.21.15.17:0/1540314316 <== mon.0 v2:172.21.15.17:3300/0 3 ==== mon_map magic: 0 ==== 205+0+0 (secure 0 0 0) 0x7f6334037040 con 0x7f634407dda0
2024-09-05T06:55:46.332 INFO:teuthology.orchestra.run.smithi017.stdout:/usr/bin/ceph: stderr
2024-09-05T06:55:45.296+0000 7f6349400640 1 -- 172.21.15.17:0/1540314316 --> [v2:172.21.15.17:3300/0,v1:172.21.15.17:6789/0] -- mon_subscribe({osdmap=0}) -- 0x7f63441a10a0 con 0x7f634407dda0
2024-09-05T06:55:46.332 INFO:teuthology.orchestra.run.smithi017.stdout:/usr/bin/ceph: stderr
2024-09-05T06:55:45.297+0000 7f633be00640 1 -- 172.21.15.17:0/1540314316 <== mon.0 v2:172.21.15.17:3300/0 4 ==== mgrmap(e 12) ==== 46300+0+0 (secure 0 0 0) 0x7f6334045070 con 0x7f634407dda0
2024-09-05T06:55:46.332 INFO:teuthology.orchestra.run.smithi017.stdout:/usr/bin/ceph: stderr
2024-09-05T06:55:45.298+0000 7f6349400640 1 -- 172.21.15.17:0/1540314316 --> [v2:172.21.15.17:3300/0,v1:172.21.15.17:6789/0] -- mon_command({"prefix": "get_command_descriptions"} v 0) -- 0x7f634407c2a0 con 0x7f634407dda0
2024-09-05T06:55:46.332 INFO:teuthology.orchestra.run.smithi017.stdout:/usr/bin/ceph: stderr
2024-09-05T06:55:45.298+0000 7f633be00640 1 --2- 172.21.15.17:0/1540314316 >> [v2:172.21.15.17:6800/2833317890,v1:172.21.15.17:6801/2833317890] conn(0x7f6328038fc0 0x7f632803b480 unknown :-1 s=NONE pgs=0 cs=0 l=1 rev1=0 crypto rx=0 tx=0 comp rx=0 tx=0).connect
2024-09-05T06:55:46.332 INFO:teuthology.orchestra.run.smithi017.stdout:/usr/bin/ceph: stderr
2024-09-05T06:55:45.298+0000 7f633be00640 1 -- 172.21.15.17:0/1540314316 <== mon.0 v2:172.21.15.17:3300/0 5 ==== osd_map(3..3 src has 1..3) ==== 1155+0+0 (secure 0 0 0) 0x7f633406c190 con 0x7f634407dda0
2024-09-05T06:55:46.332 INFO:teuthology.orchestra.run.smithi017.stdout:/usr/bin/ceph: stderr
2024-09-05T06:55:45.298+0000 7f6339e00640 1 --2- 172.21.15.17:0/1540314316 >> [v2:172.21.15.17:6800/2833317890,v1:172.21.15.17:6801/2833317890] conn(0x7f6328038fc0 0x7f632803b480 unknown :-1 s=BANNER_CONNECTING pgs=0 cs=0 l=1 rev1=0 crypto rx=0 tx=0 comp rx=0 tx=0)._handle_peer_banner_payload supported=3 required=0
2024-09-05T06:55:46.333 INFO:teuthology.orchestra.run.smithi017.stdout:/usr/bin/ceph: stderr
2024-09-05T06:55:45.299+0000 7f6339e00640 1 --2- 172.21.15.17:0/1540314316 >> [v2:172.21.15.17:6800/2833317890,v1:172.21.15.17:6801/2833317890] conn(0x7f6328038fc0 0x7f632803b480 secure :-1 s=READY pgs=9 cs=0 l=1 rev1=1 crypto rx=0x7f632c0098c0 tx=0x7f632c006db0 comp rx=0 tx=0).ready entity=mgr.14150 client_cookie=0 server_cookie=0 in_seq=0 out_seq=0
2024-09-05T06:55:46.333 INFO:teuthology.orchestra.run.smithi017.stdout:/usr/bin/ceph: stderr
2024-09-05T06:55:45.303+0000 7f633be00640 1 -- 172.21.15.17:0/1540314316 <== mon.0 v2:172.21.15.17:3300/0 6 ==== mon_command_ack([{"prefix": "get_command_descriptions"}]=0 v0) ==== 72+0+188821 (secure 0 0 0) 0x7f633404b170 con 0x7f634407dda0
2024-09-05T06:55:46.333 INFO:teuthology.orchestra.run.smithi017.stdout:/usr/bin/ceph: stderr
2024-09-05T06:55:45.490+0000 7f6349400640 1 -- 172.21.15.17:0/1540314316 --> [v2:172.21.15.17:3300/0,v1:172.21.15.17:6789/0] -- mon_command({"prefix": "config get", "who": "mgr", "key": "mgr/dashboard/ssl_server_port"} v 0) -- 0x7f63441a1690 con 0x7f634407dda0
2024-09-05T06:55:46.333 INFO:teuthology.orchestra.run.smithi017.stdout:/usr/bin/ceph: stderr
2024-09-05T06:55:45.491+0000 7f633be00640 1 -- 172.21.15.17:0/1540314316 <== mon.0 v2:172.21.15.17:3300/0 7 ==== mon_command_ack([{"prefix": "config get", "who": "mgr", "key": "mgr/dashboard/ssl_server_port"}]=0 v8) ==== 112+0+5 (secure 0 0 0) 0x7f633403c910 con 0x7f634407dda0
2024-09-05T06:55:46.333 INFO:teuthology.orchestra.run.smithi017.stdout:/usr/bin/ceph: stderr
2024-09-05T06:55:45.493+0000 7f6349400640 1 -- 172.21.15.17:0/1540314316 >> [v2:172.21.15.17:6800/2833317890,v1:172.21.15.17:6801/2833317890] conn(0x7f6328038fc0 msgr2=0x7f632803b480 secure :-1 s=STATE_CONNECTION_ESTABLISHED l=1).mark_down
2024-09-05T06:55:46.333 INFO:teuthology.orchestra.run.smithi017.stdout:/usr/bin/ceph: stderr
2024-09-05T06:55:45.493+0000 7f6349400640 1 --2- 172.21.15.17:0/1540314316 >> [v2:172.21.15.17:6800/2833317890,v1:172.21.15.17:6801/2833317890] conn(0x7f6328038fc0 0x7f632803b480 secure :-1 s=READY pgs=9 cs=0 l=1 rev1=1 crypto rx=0x7f632c0098c0 tx=0x7f632c006db0 comp rx=0 tx=0).stop
2024-09-05T06:55:46.333 INFO:teuthology.orchestra.run.smithi017.stdout:/usr/bin/ceph: stderr
2024-09-05T06:55:45.493+0000 7f6349400640 1 -- 172.21.15.17:0/1540314316 >> [v2:172.21.15.17:3300/0,v1:172.21.15.17:6789/0] conn(0x7f634407dda0 msgr2=0x7f634419dbe0 secure :-1 s=STATE_CONNECTION_ESTABLISHED l=1).mark_down
2024-09-05T06:55:46.333 INFO:teuthology.orchestra.run.smithi017.stdout:/usr/bin/ceph: stderr
2024-09-05T06:55:45.493+0000 7f6349400640 1 --2- 172.21.15.17:0/1540314316 >> [v2:172.21.15.17:3300/0,v1:172.21.15.17:6789/0] conn(0x7f634407dda0 0x7f634419dbe0 secure :-1 s=READY pgs=73 cs=0 l=1 rev1=1 crypto rx=0x7f6334032e80 tx=0x7f6334032eb0 comp rx=0 tx=0).stop
2024-09-05T06:55:46.333 INFO:teuthology.orchestra.run.smithi017.stdout:/usr/bin/ceph: stderr
2024-09-05T06:55:45.493+0000 7f6349400640 1 -- 172.21.15.17:0/1540314316 shutdown_connections
2024-09-05T06:55:46.333 INFO:teuthology.orchestra.run.smithi017.stdout:/usr/bin/ceph: stderr
2024-09-05T06:55:45.493+0000 7f6349400640 1 --2- 172.21.15.17:0/1540314316 >> [v2:172.21.15.17:6800/2833317890,v1:172.21.15.17:6801/2833317890] conn(0x7f6328038fc0 0x7f632803b480 unknown :-1 s=CLOSED pgs=9 cs=0 l=1 rev1=1 crypto rx=0 tx=0 comp rx=0 tx=0).stop
2024-09-05T06:55:46.333 INFO:teuthology.orchestra.run.smithi017.stdout:/usr/bin/ceph: stderr
2024-09-05T06:55:45.493+0000 7f6349400640 1 --2- 172.21.15.17:0/1540314316 >> [v2:172.21.15.17:3300/0,v1:172.21.15.17:6789/0] conn(0x7f634407dda0 0x7f634419dbe0 unknown :-1 s=CLOSED pgs=73 cs=0 l=1 rev1=1 crypto rx=0 tx=0 comp rx=0 tx=0).stop
2024-09-05T06:55:46.333 INFO:teuthology.orchestra.run.smithi017.stdout:/usr/bin/ceph: stderr
2024-09-05T06:55:45.493+0000 7f6349400640 1 -- 172.21.15.17:0/1540314316 >> 172.21.15.17:0/1540314316 conn(0x7f6344103150 msgr2=0x7f6344103cb0 unknown :-1 s=STATE_NONE l=0).mark_down
2024-09-05T06:55:46.333 INFO:teuthology.orchestra.run.smithi017.stdout:/usr/bin/ceph: stderr
2024-09-05T06:55:45.494+0000 7f6349400640 1 -- 172.21.15.17:0/1540314316 shutdown_connections
2024-09-05T06:55:46.334 INFO:teuthology.orchestra.run.smithi017.stdout:/usr/bin/ceph: stderr
2024-09-05T06:55:45.494+0000 7f6349400640 1 -- 172.21.15.17:0/1540314316 wait complete.
2024-09-05T06:55:46.348 INFO:teuthology.orchestra.run.smithi017.stdout:Non-zero exit code 1 from systemctl is-enabled firewalld.service
2024-09-05T06:55:46.348 INFO:teuthology.orchestra.run.smithi017.stdout:systemctl: stdout disabled
2024-09-05T06:55:46.362 INFO:teuthology.orchestra.run.smithi017.stdout:Non-zero exit code 3 from systemctl is-active firewalld.service
2024-09-05T06:55:46.362 INFO:teuthology.orchestra.run.smithi017.stdout:systemctl: stdout inactive
2024-09-05T06:55:46.362 INFO:teuthology.orchestra.run.smithi017.stdout:firewalld.service is not enabled
2024-09-05T06:55:46.362 INFO:teuthology.orchestra.run.smithi017.stdout:Not possible to open ports <[8443]>. firewalld.service is not available
2024-09-05T06:55:46.365 INFO:teuthology.orchestra.run.smithi017.stdout:Ceph Dashboard is now available at:
2024-09-05T06:55:46.365 INFO:teuthology.orchestra.run.smithi017.stdout:
2024-09-05T06:55:46.365 INFO:teuthology.orchestra.run.smithi017.stdout: URL: https://smithi017.front.sepia.ceph.com:8443/
2024-09-05T06:55:46.366 INFO:teuthology.orchestra.run.smithi017.stdout: User: admin
2024-09-05T06:55:46.366 INFO:teuthology.orchestra.run.smithi017.stdout: Password: 5jb3wcl8iy
2024-09-05T06:55:46.366 INFO:teuthology.orchestra.run.smithi017.stdout:
2024-09-05T06:55:46.368 INFO:teuthology.orchestra.run.smithi017.stdout:Saving cluster configuration to /var/lib/ceph/9439ab54-6b53-11ef-bcd6-c7b262605968/config directory
2024-09-05T06:55:47.113 INFO:journalctl@ceph.mon.a.smithi017.stdout:Sep 05 06:55:46 smithi017 ceph-mon[29848]: mgrmap e13: x(active, since 6s)
2024-09-05T06:55:47.861 INFO:teuthology.orchestra.run.smithi017.stdout:/usr/bin/ceph: stderr
2024-09-05T06:55:46.866+0000 7f044ae00640 1 Processor -- start
2024-09-05T06:55:47.861 INFO:teuthology.orchestra.run.smithi017.stdout:/usr/bin/ceph: stderr
2024-09-05T06:55:46.866+0000 7f044ae00640 1 -- start start
2024-09-05T06:55:47.861 INFO:teuthology.orchestra.run.smithi017.stdout:/usr/bin/ceph: stderr
2024-09-05T06:55:46.866+0000 7f044ae00640 1 --2- >> [v2:172.21.15.17:3300/0,v1:172.21.15.17:6789/0] conn(0x7f0444107a00 0x7f0444107e00 unknown :-1 s=NONE pgs=0 cs=0 l=0 rev1=0 crypto rx=0 tx=0 comp rx=0 tx=0).connect
2024-09-05T06:55:47.861 INFO:teuthology.orchestra.run.smithi017.stdout:/usr/bin/ceph: stderr
2024-09-05T06:55:46.866+0000 7f044ae00640 1 -- --> [v2:172.21.15.17:3300/0,v1:172.21.15.17:6789/0] -- mon_getmap magic: 0 -- 0x7f04441083d0 con 0x7f0444107a00
2024-09-05T06:55:47.862 INFO:teuthology.orchestra.run.smithi017.stdout:/usr/bin/ceph: stderr
2024-09-05T06:55:46.867+0000 7f0443e00640 1 --2- >> [v2:172.21.15.17:3300/0,v1:172.21.15.17:6789/0] conn(0x7f0444107a00 0x7f0444107e00 unknown :-1 s=BANNER_CONNECTING pgs=0 cs=0 l=0 rev1=0 crypto rx=0 tx=0 comp rx=0 tx=0)._handle_peer_banner_payload supported=3 required=0
2024-09-05T06:55:47.862 INFO:teuthology.orchestra.run.smithi017.stdout:/usr/bin/ceph: stderr
2024-09-05T06:55:46.867+0000 7f0443e00640 1 --2- >> [v2:172.21.15.17:3300/0,v1:172.21.15.17:6789/0] conn(0x7f0444107a00 0x7f0444107e00 unknown :-1 s=HELLO_CONNECTING pgs=0 cs=0 l=0 rev1=1 crypto rx=0 tx=0 comp rx=0 tx=0).handle_hello peer v2:172.21.15.17:3300/0 says I am v2:172.21.15.17:35128/0 (socket says 172.21.15.17:35128)
2024-09-05T06:55:47.862 INFO:teuthology.orchestra.run.smithi017.stdout:/usr/bin/ceph: stderr
2024-09-05T06:55:46.867+0000 7f0443e00640 1 -- 172.21.15.17:0/4248388276 learned_addr learned my addr 172.21.15.17:0/4248388276 (peer_addr_for_me v2:172.21.15.17:0/0)
2024-09-05T06:55:47.862 INFO:teuthology.orchestra.run.smithi017.stdout:/usr/bin/ceph: stderr
2024-09-05T06:55:46.867+0000 7f0443e00640 1 -- 172.21.15.17:0/4248388276 --> [v2:172.21.15.17:3300/0,v1:172.21.15.17:6789/0] -- mon_subscribe({config=0+,monmap=0+}) -- 0x7f0444108b60 con 0x7f0444107a00
2024-09-05T06:55:47.862 INFO:teuthology.orchestra.run.smithi017.stdout:/usr/bin/ceph: stderr
2024-09-05T06:55:46.868+0000 7f0443e00640 1 --2- 172.21.15.17:0/4248388276 >> [v2:172.21.15.17:3300/0,v1:172.21.15.17:6789/0] conn(0x7f0444107a00 0x7f0444107e00 secure :-1 s=READY pgs=74 cs=0 l=1 rev1=1 crypto rx=0x7f0434009820 tx=0x7f043402a270 comp rx=0 tx=0).ready entity=mon.0 client_cookie=43b8dba2abd4f089 server_cookie=0 in_seq=0 out_seq=0
2024-09-05T06:55:47.862 INFO:teuthology.orchestra.run.smithi017.stdout:/usr/bin/ceph: stderr
2024-09-05T06:55:46.868+0000 7f0442a00640 1 -- 172.21.15.17:0/4248388276 <== mon.0 v2:172.21.15.17:3300/0 1 ==== mon_map magic: 0 ==== 205+0+0 (secure 0 0 0) 0x7f0434037070 con 0x7f0444107a00
2024-09-05T06:55:47.862 INFO:teuthology.orchestra.run.smithi017.stdout:/usr/bin/ceph: stderr
2024-09-05T06:55:46.869+0000 7f0442a00640 1 -- 172.21.15.17:0/4248388276 <== mon.0 v2:172.21.15.17:3300/0 2 ==== config(29 keys) ==== 1209+0+0 (secure 0 0 0) 0x7f0434032960 con 0x7f0444107a00
2024-09-05T06:55:47.862 INFO:teuthology.orchestra.run.smithi017.stdout:/usr/bin/ceph: stderr
2024-09-05T06:55:46.869+0000 7f0442a00640 1 -- 172.21.15.17:0/4248388276 <== mon.0 v2:172.21.15.17:3300/0 3 ==== mon_map magic: 0 ==== 205+0+0 (secure 0 0 0) 0x7f0434030980 con 0x7f0444107a00
2024-09-05T06:55:47.862 INFO:teuthology.orchestra.run.smithi017.stdout:/usr/bin/ceph: stderr
2024-09-05T06:55:46.869+0000 7f044ae00640 1 -- 172.21.15.17:0/4248388276 >> [v2:172.21.15.17:3300/0,v1:172.21.15.17:6789/0] conn(0x7f0444107a00 msgr2=0x7f0444107e00 secure :-1 s=STATE_CONNECTION_ESTABLISHED l=1).mark_down
2024-09-05T06:55:47.862 INFO:teuthology.orchestra.run.smithi017.stdout:/usr/bin/ceph: stderr
2024-09-05T06:55:46.869+0000 7f044ae00640 1 --2- 172.21.15.17:0/4248388276 >> [v2:172.21.15.17:3300/0,v1:172.21.15.17:6789/0] conn(0x7f0444107a00 0x7f0444107e00 secure :-1 s=READY pgs=74 cs=0 l=1 rev1=1 crypto rx=0x7f0434009820 tx=0x7f043402a270 comp rx=0 tx=0).stop
2024-09-05T06:55:47.862 INFO:teuthology.orchestra.run.smithi017.stdout:/usr/bin/ceph: stderr
2024-09-05T06:55:46.869+0000 7f044ae00640 1 -- 172.21.15.17:0/4248388276 shutdown_connections
2024-09-05T06:55:47.862 INFO:teuthology.orchestra.run.smithi017.stdout:/usr/bin/ceph: stderr
2024-09-05T06:55:46.869+0000 7f044ae00640 1 --2- 172.21.15.17:0/4248388276 >> [v2:172.21.15.17:3300/0,v1:172.21.15.17:6789/0] conn(0x7f0444107a00 0x7f0444107e00 unknown :-1 s=CLOSED pgs=74 cs=0 l=1 rev1=1 crypto rx=0 tx=0 comp rx=0 tx=0).stop
2024-09-05T06:55:47.862 INFO:teuthology.orchestra.run.smithi017.stdout:/usr/bin/ceph: stderr
2024-09-05T06:55:46.869+0000 7f044ae00640 1 -- 172.21.15.17:0/4248388276 >> 172.21.15.17:0/4248388276 conn(0x7f0444103190 msgr2=0x7f04441055d0 unknown :-1 s=STATE_NONE l=0).mark_down
2024-09-05T06:55:47.862 INFO:teuthology.orchestra.run.smithi017.stdout:/usr/bin/ceph: stderr
2024-09-05T06:55:46.869+0000 7f044ae00640 1 -- 172.21.15.17:0/4248388276 shutdown_connections
2024-09-05T06:55:47.863 INFO:teuthology.orchestra.run.smithi017.stdout:/usr/bin/ceph: stderr
2024-09-05T06:55:46.869+0000 7f044ae00640 1 -- 172.21.15.17:0/4248388276 wait complete.
2024-09-05T06:55:47.863 INFO:teuthology.orchestra.run.smithi017.stdout:/usr/bin/ceph: stderr
2024-09-05T06:55:46.870+0000 7f044ae00640 1 Processor -- start
2024-09-05T06:55:47.863 INFO:teuthology.orchestra.run.smithi017.stdout:/usr/bin/ceph: stderr
2024-09-05T06:55:46.870+0000 7f044ae00640 1 -- start start
2024-09-05T06:55:47.863 INFO:teuthology.orchestra.run.smithi017.stdout:/usr/bin/ceph: stderr
2024-09-05T06:55:46.871+0000 7f044ae00640 1 --2- >> [v2:172.21.15.17:3300/0,v1:172.21.15.17:6789/0] conn(0x7f0444107a00 0x7f044407daf0 unknown :-1 s=NONE pgs=0 cs=0 l=1 rev1=0 crypto rx=0 tx=0 comp rx=0 tx=0).connect
2024-09-05T06:55:47.863 INFO:teuthology.orchestra.run.smithi017.stdout:/usr/bin/ceph: stderr
2024-09-05T06:55:46.871+0000 7f044ae00640 1 -- --> [v2:172.21.15.17:3300/0,v1:172.21.15.17:6789/0] -- mon_getmap magic: 0 -- 0x7f044410bf10 con 0x7f0444107a00
2024-09-05T06:55:47.863 INFO:teuthology.orchestra.run.smithi017.stdout:/usr/bin/ceph: stderr
2024-09-05T06:55:46.871+0000 7f0443e00640 1 --2- >> [v2:172.21.15.17:3300/0,v1:172.21.15.17:6789/0] conn(0x7f0444107a00 0x7f044407daf0 unknown :-1 s=BANNER_CONNECTING pgs=0 cs=0 l=1 rev1=0 crypto rx=0 tx=0 comp rx=0 tx=0)._handle_peer_banner_payload supported=3 required=0
2024-09-05T06:55:47.863 INFO:teuthology.orchestra.run.smithi017.stdout:/usr/bin/ceph: stderr
2024-09-05T06:55:46.871+0000 7f0443e00640 1 --2- >> [v2:172.21.15.17:3300/0,v1:172.21.15.17:6789/0] conn(0x7f0444107a00 0x7f044407daf0 unknown :-1 s=HELLO_CONNECTING pgs=0 cs=0 l=1 rev1=1 crypto rx=0 tx=0 comp rx=0 tx=0).handle_hello peer v2:172.21.15.17:3300/0 says I am v2:172.21.15.17:35132/0 (socket says 172.21.15.17:35132)
2024-09-05T06:55:47.863 INFO:teuthology.orchestra.run.smithi017.stdout:/usr/bin/ceph: stderr
2024-09-05T06:55:46.871+0000 7f0443e00640 1 -- 172.21.15.17:0/2162293981 learned_addr learned my addr 172.21.15.17:0/2162293981 (peer_addr_for_me v2:172.21.15.17:0/0)
2024-09-05T06:55:47.863 INFO:teuthology.orchestra.run.smithi017.stdout:/usr/bin/ceph: stderr
2024-09-05T06:55:46.871+0000 7f0443e00640 1 -- 172.21.15.17:0/2162293981 --> [v2:172.21.15.17:3300/0,v1:172.21.15.17:6789/0] -- mon_subscribe({config=0+,monmap=0+}) -- 0x7f044407e030 con 0x7f0444107a00
2024-09-05T06:55:47.863 INFO:teuthology.orchestra.run.smithi017.stdout:/usr/bin/ceph: stderr
2024-09-05T06:55:46.872+0000 7f0443e00640 1 --2- 172.21.15.17:0/2162293981 >> [v2:172.21.15.17:3300/0,v1:172.21.15.17:6789/0] conn(0x7f0444107a00 0x7f044407daf0 secure :-1 s=READY pgs=75 cs=0 l=1 rev1=1 crypto rx=0x7f04340097f0 tx=0x7f0434032e80 comp rx=0 tx=0).ready entity=mon.0 client_cookie=0 server_cookie=0 in_seq=0 out_seq=0
2024-09-05T06:55:47.863 INFO:teuthology.orchestra.run.smithi017.stdout:/usr/bin/ceph: stderr
2024-09-05T06:55:46.872+0000 7f0440c00640 1 -- 172.21.15.17:0/2162293981 <== mon.0 v2:172.21.15.17:3300/0 1 ==== mon_map magic: 0 ==== 205+0+0 (secure 0 0 0) 0x7f0434042070 con 0x7f0444107a00
2024-09-05T06:55:47.863 INFO:teuthology.orchestra.run.smithi017.stdout:/usr/bin/ceph: stderr
2024-09-05T06:55:46.872+0000 7f0440c00640 1 -- 172.21.15.17:0/2162293981 <== mon.0 v2:172.21.15.17:3300/0 2 ==== config(29 keys) ==== 1209+0+0 (secure 0 0 0) 0x7f0434032670 con 0x7f0444107a00
2024-09-05T06:55:47.863 INFO:teuthology.orchestra.run.smithi017.stdout:/usr/bin/ceph: stderr
2024-09-05T06:55:46.872+0000 7f044ae00640 1 -- 172.21.15.17:0/2162293981 --> [v2:172.21.15.17:3300/0,v1:172.21.15.17:6789/0] -- mon_subscribe({mgrmap=0+}) -- 0x7f044407c220 con 0x7f0444107a00
2024-09-05T06:55:47.863 INFO:teuthology.orchestra.run.smithi017.stdout:/usr/bin/ceph: stderr
2024-09-05T06:55:46.872+0000 7f0440c00640 1 -- 172.21.15.17:0/2162293981 <== mon.0 v2:172.21.15.17:3300/0 3 ==== mon_map magic: 0 ==== 205+0+0 (secure 0 0 0) 0x7f0434037040 con 0x7f0444107a00
2024-09-05T06:55:47.864 INFO:teuthology.orchestra.run.smithi017.stdout:/usr/bin/ceph: stderr
2024-09-05T06:55:46.872+0000 7f044ae00640 1 -- 172.21.15.17:0/2162293981 --> [v2:172.21.15.17:3300/0,v1:172.21.15.17:6789/0] -- mon_subscribe({osdmap=0}) -- 0x7f044407c760 con 0x7f0444107a00
2024-09-05T06:55:47.864 INFO:teuthology.orchestra.run.smithi017.stdout:/usr/bin/ceph: stderr
2024-09-05T06:55:46.873+0000 7f0440c00640 1 -- 172.21.15.17:0/2162293981 <== mon.0 v2:172.21.15.17:3300/0 4 ==== mgrmap(e 13) ==== 46343+0+0 (secure 0 0 0) 0x7f0434045070 con 0x7f0444107a00
2024-09-05T06:55:47.864 INFO:teuthology.orchestra.run.smithi017.stdout:/usr/bin/ceph: stderr
2024-09-05T06:55:46.873+0000 7f044ae00640 1 -- 172.21.15.17:0/2162293981 --> [v2:172.21.15.17:3300/0,v1:172.21.15.17:6789/0] -- mon_command({"prefix": "get_command_descriptions"} v 0) -- 0x7f0444107e00 con 0x7f0444107a00
2024-09-05T06:55:47.864 INFO:teuthology.orchestra.run.smithi017.stdout:/usr/bin/ceph: stderr
2024-09-05T06:55:46.874+0000 7f0440c00640 1 --2- 172.21.15.17:0/2162293981 >> [v2:172.21.15.17:6800/2833317890,v1:172.21.15.17:6801/2833317890] conn(0x7f0428039060 0x7f042803b520 unknown :-1 s=NONE pgs=0 cs=0 l=1 rev1=0 crypto rx=0 tx=0 comp rx=0 tx=0).connect
2024-09-05T06:55:47.864 INFO:teuthology.orchestra.run.smithi017.stdout:/usr/bin/ceph: stderr
2024-09-05T06:55:46.874+0000 7f0440c00640 1 -- 172.21.15.17:0/2162293981 <== mon.0 v2:172.21.15.17:3300/0 5 ==== osd_map(3..3 src has 1..3) ==== 1155+0+0 (secure 0 0 0) 0x7f043406c6a0 con 0x7f0444107a00
2024-09-05T06:55:47.864 INFO:teuthology.orchestra.run.smithi017.stdout:/usr/bin/ceph: stderr
2024-09-05T06:55:46.874+0000 7f0443400640 1 --2- 172.21.15.17:0/2162293981 >> [v2:172.21.15.17:6800/2833317890,v1:172.21.15.17:6801/2833317890] conn(0x7f0428039060 0x7f042803b520 unknown :-1 s=BANNER_CONNECTING pgs=0 cs=0 l=1 rev1=0 crypto rx=0 tx=0 comp rx=0 tx=0)._handle_peer_banner_payload supported=3 required=0
2024-09-05T06:55:47.864 INFO:teuthology.orchestra.run.smithi017.stdout:/usr/bin/ceph: stderr
2024-09-05T06:55:46.875+0000 7f0443400640 1 --2- 172.21.15.17:0/2162293981 >> [v2:172.21.15.17:6800/2833317890,v1:172.21.15.17:6801/2833317890] conn(0x7f0428039060 0x7f042803b520 secure :-1 s=READY pgs=10 cs=0 l=1 rev1=1 crypto rx=0x7f04300098c0 tx=0x7f0430006db0 comp rx=0 tx=0).ready entity=mgr.14150 client_cookie=0 server_cookie=0 in_seq=0 out_seq=0
2024-09-05T06:55:47.864 INFO:teuthology.orchestra.run.smithi017.stdout:/usr/bin/ceph: stderr
2024-09-05T06:55:46.879+0000 7f0440c00640 1 -- 172.21.15.17:0/2162293981 <== mon.0 v2:172.21.15.17:3300/0 6 ==== mon_command_ack([{"prefix": "get_command_descriptions"}]=0 v0) ==== 72+0+188821 (secure 0 0 0) 0x7f04340392e0 con 0x7f0444107a00
2024-09-05T06:55:47.864 INFO:teuthology.orchestra.run.smithi017.stdout:/usr/bin/ceph: stderr
2024-09-05T06:55:47.155+0000 7f044ae00640 1 -- 172.21.15.17:0/2162293981 --> [v2:172.21.15.17:3300/0,v1:172.21.15.17:6789/0] -- mon_command([{prefix=config-key set, key=mgr/dashboard/cluster/status}] v 0) -- 0x7f044407c9e0 con 0x7f0444107a00
2024-09-05T06:55:47.864 INFO:teuthology.orchestra.run.smithi017.stdout:/usr/bin/ceph: stderr
2024-09-05T06:55:47.158+0000 7f0440c00640 1 -- 172.21.15.17:0/2162293981 <== mon.0 v2:172.21.15.17:3300/0 7 ==== mon_command_ack([{prefix=config-key set, key=mgr/dashboard/cluster/status}]=0 set mgr/dashboard/cluster/status v28)=0 set mgr/dashboard/cluster/status v28) ==== 153+0+0 (secure 0 0 0) 0x7f0434045c60 con 0x7f0444107a00
2024-09-05T06:55:47.864 INFO:teuthology.orchestra.run.smithi017.stdout:/usr/bin/ceph: stderr set mgr/dashboard/cluster/status
2024-09-05T06:55:47.864 INFO:teuthology.orchestra.run.smithi017.stdout:/usr/bin/ceph: stderr
2024-09-05T06:55:47.160+0000 7f044ae00640 1 -- 172.21.15.17:0/2162293981 >> [v2:172.21.15.17:6800/2833317890,v1:172.21.15.17:6801/2833317890] conn(0x7f0428039060 msgr2=0x7f042803b520 secure :-1 s=STATE_CONNECTION_ESTABLISHED l=1).mark_down
2024-09-05T06:55:47.865 INFO:teuthology.orchestra.run.smithi017.stdout:/usr/bin/ceph: stderr
2024-09-05T06:55:47.160+0000 7f044ae00640 1 --2- 172.21.15.17:0/2162293981 >> [v2:172.21.15.17:6800/2833317890,v1:172.21.15.17:6801/2833317890] conn(0x7f0428039060 0x7f042803b520 secure :-1 s=READY pgs=10 cs=0 l=1 rev1=1 crypto rx=0x7f04300098c0 tx=0x7f0430006db0 comp rx=0 tx=0).stop
2024-09-05T06:55:47.865 INFO:teuthology.orchestra.run.smithi017.stdout:/usr/bin/ceph: stderr
2024-09-05T06:55:47.160+0000 7f044ae00640 1 -- 172.21.15.17:0/2162293981 >> [v2:172.21.15.17:3300/0,v1:172.21.15.17:6789/0] conn(0x7f0444107a00 msgr2=0x7f044407daf0 secure :-1 s=STATE_CONNECTION_ESTABLISHED l=1).mark_down
2024-09-05T06:55:47.865 INFO:teuthology.orchestra.run.smithi017.stdout:/usr/bin/ceph: stderr
2024-09-05T06:55:47.160+0000 7f044ae00640 1 --2- 172.21.15.17:0/2162293981 >> [v2:172.21.15.17:3300/0,v1:172.21.15.17:6789/0] conn(0x7f0444107a00 0x7f044407daf0 secure :-1 s=READY pgs=75 cs=0 l=1 rev1=1 crypto rx=0x7f04340097f0 tx=0x7f0434032e80 comp rx=0 tx=0).stop
2024-09-05T06:55:47.865 INFO:teuthology.orchestra.run.smithi017.stdout:/usr/bin/ceph: stderr
2024-09-05T06:55:47.160+0000 7f044ae00640 1 -- 172.21.15.17:0/2162293981 shutdown_connections
2024-09-05T06:55:47.865 INFO:teuthology.orchestra.run.smithi017.stdout:/usr/bin/ceph: stderr
2024-09-05T06:55:47.160+0000 7f044ae00640 1 --2- 172.21.15.17:0/2162293981 >> [v2:172.21.15.17:6800/2833317890,v1:172.21.15.17:6801/2833317890] conn(0x7f0428039060 0x7f042803b520 unknown :-1 s=CLOSED pgs=10 cs=0 l=1 rev1=1 crypto rx=0 tx=0 comp rx=0 tx=0).stop
2024-09-05T06:55:47.865 INFO:teuthology.orchestra.run.smithi017.stdout:/usr/bin/ceph: stderr
2024-09-05T06:55:47.160+0000 7f044ae00640 1 --2- 172.21.15.17:0/2162293981 >> [v2:172.21.15.17:3300/0,v1:172.21.15.17:6789/0] conn(0x7f0444107a00 0x7f044407daf0 unknown :-1 s=CLOSED pgs=75 cs=0 l=1 rev1=1 crypto rx=0 tx=0 comp rx=0 tx=0).stop
2024-09-05T06:55:47.865 INFO:teuthology.orchestra.run.smithi017.stdout:/usr/bin/ceph: stderr
2024-09-05T06:55:47.160+0000 7f044ae00640 1 -- 172.21.15.17:0/2162293981 >> 172.21.15.17:0/2162293981 conn(0x7f0444103190 msgr2=0x7f0444103d20 unknown :-1 s=STATE_NONE l=0).mark_down
2024-09-05T06:55:47.865 INFO:teuthology.orchestra.run.smithi017.stdout:/usr/bin/ceph: stderr
2024-09-05T06:55:47.161+0000 7f044ae00640 1 -- 172.21.15.17:0/2162293981 shutdown_connections
2024-09-05T06:55:47.865 INFO:teuthology.orchestra.run.smithi017.stdout:/usr/bin/ceph: stderr
2024-09-05T06:55:47.161+0000 7f044ae00640 1 -- 172.21.15.17:0/2162293981 wait complete.
2024-09-05T06:55:47.865 INFO:teuthology.orchestra.run.smithi017.stdout:You can access the Ceph CLI as following in case of multi-cluster or non-default config:
2024-09-05T06:55:47.865 INFO:teuthology.orchestra.run.smithi017.stdout:
2024-09-05T06:55:47.865 INFO:teuthology.orchestra.run.smithi017.stdout: sudo /home/ubuntu/cephtest/cephadm shell --fsid 9439ab54-6b53-11ef-bcd6-c7b262605968 -c /etc/ceph/ceph.conf -k /etc/ceph/ceph.client.admin.keyring
2024-09-05T06:55:47.865 INFO:teuthology.orchestra.run.smithi017.stdout:
2024-09-05T06:55:47.865 INFO:teuthology.orchestra.run.smithi017.stdout:Or, if you are only running a single cluster on this host:
2024-09-05T06:55:47.866 INFO:teuthology.orchestra.run.smithi017.stdout:
2024-09-05T06:55:47.866 INFO:teuthology.orchestra.run.smithi017.stdout: sudo /home/ubuntu/cephtest/cephadm shell
2024-09-05T06:55:47.866 INFO:teuthology.orchestra.run.smithi017.stdout:
2024-09-05T06:55:47.866 INFO:teuthology.orchestra.run.smithi017.stdout:Please consider enabling telemetry to help improve Ceph:
2024-09-05T06:55:47.866 INFO:teuthology.orchestra.run.smithi017.stdout:
2024-09-05T06:55:47.866 INFO:teuthology.orchestra.run.smithi017.stdout: ceph telemetry on
2024-09-05T06:55:47.866 INFO:teuthology.orchestra.run.smithi017.stdout:
2024-09-05T06:55:47.866 INFO:teuthology.orchestra.run.smithi017.stdout:For more information see:
2024-09-05T06:55:47.866 INFO:teuthology.orchestra.run.smithi017.stdout:
2024-09-05T06:55:47.866 INFO:teuthology.orchestra.run.smithi017.stdout: https://docs.ceph.com/en/latest/mgr/telemetry/
2024-09-05T06:55:47.866 INFO:teuthology.orchestra.run.smithi017.stdout:
2024-09-05T06:55:47.866 INFO:teuthology.orchestra.run.smithi017.stdout:Bootstrap complete.
2024-09-05T06:55:47.916 INFO:tasks.cephadm:Fetching config...
2024-09-05T06:55:47.917 DEBUG:teuthology.orchestra.run.smithi017:> set -ex
2024-09-05T06:55:47.917 DEBUG:teuthology.orchestra.run.smithi017:> dd if=/etc/ceph/ceph.conf of=/dev/stdout
2024-09-05T06:55:47.954 INFO:tasks.cephadm:Fetching client.admin keyring...
2024-09-05T06:55:47.954 DEBUG:teuthology.orchestra.run.smithi017:> set -ex
2024-09-05T06:55:47.954 DEBUG:teuthology.orchestra.run.smithi017:> dd if=/etc/ceph/ceph.client.admin.keyring of=/dev/stdout
2024-09-05T06:55:48.031 INFO:tasks.cephadm:Fetching mon keyring...
2024-09-05T06:55:48.031 DEBUG:teuthology.orchestra.run.smithi017:> set -ex
2024-09-05T06:55:48.032 DEBUG:teuthology.orchestra.run.smithi017:> sudo dd if=/var/lib/ceph/9439ab54-6b53-11ef-bcd6-c7b262605968/mon.a/keyring of=/dev/stdout
2024-09-05T06:55:48.128 INFO:tasks.cephadm:Fetching pub ssh key...
2024-09-05T06:55:48.129 DEBUG:teuthology.orchestra.run.smithi017:> set -ex
2024-09-05T06:55:48.129 DEBUG:teuthology.orchestra.run.smithi017:> dd if=/home/ubuntu/cephtest/ceph.pub of=/dev/stdout
2024-09-05T06:55:48.204 INFO:tasks.cephadm:Installing pub ssh key for root users...
2024-09-05T06:55:48.204 DEBUG:teuthology.orchestra.run.smithi017:> sudo install -d -m 0700 /root/.ssh && echo 'ssh-rsa AAAAB3NzaC1yc2EAAAADAQABAAABgQCgCf4Vrhhnwni0AZpIlYDBdAhaDPzwd1/FicUIwOO4N6R+esjNmrMX//fViZudbqDmdnPRkQ1oD2m0jd4TT00IJiu/7g33fmYRIOVfDTC7zT7O2aKtmb/y3yOTa1eXp82aDIkOzPci/OMEtBXvyLxka/ADqSMUIZV/7tcBjocwmsm0CNSS20u8pl3WKHMM/J6817eh+x/N8tqLkzU2n9c5Ifsq/ltT/O31snFzJe5u+PzGIEWOI6vh/YApKC2sMxARmDLV9UDnAp4o/OwzeCd0nqlg9gJQZ03zOLKyjldjKzLtR5LqV3QNFEhl+SGquSgQZhQP9LzQNkh6F4HPJVTxvb1alXYvYVTIE++Plfc7/uscYvzTeB+g+Y4ASHS1Hts+AK+apgEQLtYxxcf9NXBjCSnzmvKKZn05ZMPJnrcbgiGZbFqoPqXUwITqnipRQ1WntzNSjmPqaByWS0Kz6LpuTnVaV9nyINeUsTsv1jC02zU02p9/8qjksu1PK+eyjkk= ceph-9439ab54-6b53-11ef-bcd6-c7b262605968' | sudo tee -a /root/.ssh/authorized_keys && sudo chmod 0600 /root/.ssh/authorized_keys
2024-09-05T06:55:48.338 INFO:teuthology.orchestra.run.smithi017.stdout:ssh-rsa AAAAB3NzaC1yc2EAAAADAQABAAABgQCgCf4Vrhhnwni0AZpIlYDBdAhaDPzwd1/FicUIwOO4N6R+esjNmrMX//fViZudbqDmdnPRkQ1oD2m0jd4TT00IJiu/7g33fmYRIOVfDTC7zT7O2aKtmb/y3yOTa1eXp82aDIkOzPci/OMEtBXvyLxka/ADqSMUIZV/7tcBjocwmsm0CNSS20u8pl3WKHMM/J6817eh+x/N8tqLkzU2n9c5Ifsq/ltT/O31snFzJe5u+PzGIEWOI6vh/YApKC2sMxARmDLV9UDnAp4o/OwzeCd0nqlg9gJQZ03zOLKyjldjKzLtR5LqV3QNFEhl+SGquSgQZhQP9LzQNkh6F4HPJVTxvb1alXYvYVTIE++Plfc7/uscYvzTeB+g+Y4ASHS1Hts+AK+apgEQLtYxxcf9NXBjCSnzmvKKZn05ZMPJnrcbgiGZbFqoPqXUwITqnipRQ1WntzNSjmPqaByWS0Kz6LpuTnVaV9nyINeUsTsv1jC02zU02p9/8qjksu1PK+eyjkk= ceph-9439ab54-6b53-11ef-bcd6-c7b262605968
2024-09-05T06:55:48.355 INFO:journalctl@ceph.mon.a.smithi017.stdout:Sep 05 06:55:48 smithi017 ceph-mon[29848]: from='client.? 172.21.15.17:0/2162293981' entity='client.admin'
2024-09-05T06:55:48.364 DEBUG:teuthology.orchestra.run.smithi026:> sudo install -d -m 0700 /root/.ssh && echo 'ssh-rsa AAAAB3NzaC1yc2EAAAADAQABAAABgQCgCf4Vrhhnwni0AZpIlYDBdAhaDPzwd1/FicUIwOO4N6R+esjNmrMX//fViZudbqDmdnPRkQ1oD2m0jd4TT00IJiu/7g33fmYRIOVfDTC7zT7O2aKtmb/y3yOTa1eXp82aDIkOzPci/OMEtBXvyLxka/ADqSMUIZV/7tcBjocwmsm0CNSS20u8pl3WKHMM/J6817eh+x/N8tqLkzU2n9c5Ifsq/ltT/O31snFzJe5u+PzGIEWOI6vh/YApKC2sMxARmDLV9UDnAp4o/OwzeCd0nqlg9gJQZ03zOLKyjldjKzLtR5LqV3QNFEhl+SGquSgQZhQP9LzQNkh6F4HPJVTxvb1alXYvYVTIE++Plfc7/uscYvzTeB+g+Y4ASHS1Hts+AK+apgEQLtYxxcf9NXBjCSnzmvKKZn05ZMPJnrcbgiGZbFqoPqXUwITqnipRQ1WntzNSjmPqaByWS0Kz6LpuTnVaV9nyINeUsTsv1jC02zU02p9/8qjksu1PK+eyjkk= ceph-9439ab54-6b53-11ef-bcd6-c7b262605968' | sudo tee -a /root/.ssh/authorized_keys && sudo chmod 0600 /root/.ssh/authorized_keys
2024-09-05T06:55:48.404 INFO:teuthology.orchestra.run.smithi026.stdout:ssh-rsa AAAAB3NzaC1yc2EAAAADAQABAAABgQCgCf4Vrhhnwni0AZpIlYDBdAhaDPzwd1/FicUIwOO4N6R+esjNmrMX//fViZudbqDmdnPRkQ1oD2m0jd4TT00IJiu/7g33fmYRIOVfDTC7zT7O2aKtmb/y3yOTa1eXp82aDIkOzPci/OMEtBXvyLxka/ADqSMUIZV/7tcBjocwmsm0CNSS20u8pl3WKHMM/J6817eh+x/N8tqLkzU2n9c5Ifsq/ltT/O31snFzJe5u+PzGIEWOI6vh/YApKC2sMxARmDLV9UDnAp4o/OwzeCd0nqlg9gJQZ03zOLKyjldjKzLtR5LqV3QNFEhl+SGquSgQZhQP9LzQNkh6F4HPJVTxvb1alXYvYVTIE++Plfc7/uscYvzTeB+g+Y4ASHS1Hts+AK+apgEQLtYxxcf9NXBjCSnzmvKKZn05ZMPJnrcbgiGZbFqoPqXUwITqnipRQ1WntzNSjmPqaByWS0Kz6LpuTnVaV9nyINeUsTsv1jC02zU02p9/8qjksu1PK+eyjkk= ceph-9439ab54-6b53-11ef-bcd6-c7b262605968
2024-09-05T06:55:48.417 DEBUG:teuthology.orchestra.run.smithi073:> sudo install -d -m 0700 /root/.ssh && echo 'ssh-rsa AAAAB3NzaC1yc2EAAAADAQABAAABgQCgCf4Vrhhnwni0AZpIlYDBdAhaDPzwd1/FicUIwOO4N6R+esjNmrMX//fViZudbqDmdnPRkQ1oD2m0jd4TT00IJiu/7g33fmYRIOVfDTC7zT7O2aKtmb/y3yOTa1eXp82aDIkOzPci/OMEtBXvyLxka/ADqSMUIZV/7tcBjocwmsm0CNSS20u8pl3WKHMM/J6817eh+x/N8tqLkzU2n9c5Ifsq/ltT/O31snFzJe5u+PzGIEWOI6vh/YApKC2sMxARmDLV9UDnAp4o/OwzeCd0nqlg9gJQZ03zOLKyjldjKzLtR5LqV3QNFEhl+SGquSgQZhQP9LzQNkh6F4HPJVTxvb1alXYvYVTIE++Plfc7/uscYvzTeB+g+Y4ASHS1Hts+AK+apgEQLtYxxcf9NXBjCSnzmvKKZn05ZMPJnrcbgiGZbFqoPqXUwITqnipRQ1WntzNSjmPqaByWS0Kz6LpuTnVaV9nyINeUsTsv1jC02zU02p9/8qjksu1PK+eyjkk= ceph-9439ab54-6b53-11ef-bcd6-c7b262605968' | sudo tee -a /root/.ssh/authorized_keys && sudo chmod 0600 /root/.ssh/authorized_keys
2024-09-05T06:55:48.458 INFO:teuthology.orchestra.run.smithi073.stdout:ssh-rsa AAAAB3NzaC1yc2EAAAADAQABAAABgQCgCf4Vrhhnwni0AZpIlYDBdAhaDPzwd1/FicUIwOO4N6R+esjNmrMX//fViZudbqDmdnPRkQ1oD2m0jd4TT00IJiu/7g33fmYRIOVfDTC7zT7O2aKtmb/y3yOTa1eXp82aDIkOzPci/OMEtBXvyLxka/ADqSMUIZV/7tcBjocwmsm0CNSS20u8pl3WKHMM/J6817eh+x/N8tqLkzU2n9c5Ifsq/ltT/O31snFzJe5u+PzGIEWOI6vh/YApKC2sMxARmDLV9UDnAp4o/OwzeCd0nqlg9gJQZ03zOLKyjldjKzLtR5LqV3QNFEhl+SGquSgQZhQP9LzQNkh6F4HPJVTxvb1alXYvYVTIE++Plfc7/uscYvzTeB+g+Y4ASHS1Hts+AK+apgEQLtYxxcf9NXBjCSnzmvKKZn05ZMPJnrcbgiGZbFqoPqXUwITqnipRQ1WntzNSjmPqaByWS0Kz6LpuTnVaV9nyINeUsTsv1jC02zU02p9/8qjksu1PK+eyjkk= ceph-9439ab54-6b53-11ef-bcd6-c7b262605968
2024-09-05T06:55:48.471 DEBUG:teuthology.orchestra.run.smithi017:> sudo /home/ubuntu/cephtest/cephadm --image quay-quay-quay.apps.os.sepia.ceph.com/ceph-ci/ceph:91c8a7e56f7ba6f8ae8d6d8c0ae8cae96c5619e4 shell -c /etc/ceph/ceph.conf -k /etc/ceph/ceph.client.admin.keyring --fsid 9439ab54-6b53-11ef-bcd6-c7b262605968 -- ceph config set mgr mgr/cephadm/allow_ptrace true
2024-09-05T06:55:48.838 INFO:teuthology.orchestra.run.smithi017.stderr:Inferring config /var/lib/ceph/9439ab54-6b53-11ef-bcd6-c7b262605968/mon.a/config
2024-09-05T06:55:49.409 INFO:teuthology.orchestra.run.smithi017.stderr:2024-09-05T06:55:49.407+0000 7f7799600640 1 -- 172.21.15.17:0/2770846943 >> [v2:172.21.15.17:3300/0,v1:172.21.15.17:6789/0] conn(0x7f7794107a50 msgr2=0x7f7794107e50 secure :-1 s=STATE_CONNECTION_ESTABLISHED l=1).mark_down
2024-09-05T06:55:49.409 INFO:teuthology.orchestra.run.smithi017.stderr:2024-09-05T06:55:49.407+0000 7f7799600640 1 --2- 172.21.15.17:0/2770846943 >> [v2:172.21.15.17:3300/0,v1:172.21.15.17:6789/0] conn(0x7f7794107a50 0x7f7794107e50 secure :-1 s=READY pgs=76 cs=0 l=1 rev1=1 crypto rx=0x7f7784009880 tx=0x7f778402a5d0 comp rx=0 tx=0).stop
2024-09-05T06:55:49.409 INFO:teuthology.orchestra.run.smithi017.stderr:2024-09-05T06:55:49.407+0000 7f7799600640 1 -- 172.21.15.17:0/2770846943 shutdown_connections
2024-09-05T06:55:49.409 INFO:teuthology.orchestra.run.smithi017.stderr:2024-09-05T06:55:49.407+0000 7f7799600640 1 --2- 172.21.15.17:0/2770846943 >> [v2:172.21.15.17:3300/0,v1:172.21.15.17:6789/0] conn(0x7f7794107a50 0x7f7794107e50 unknown :-1 s=CLOSED pgs=76 cs=0 l=1 rev1=1 crypto rx=0 tx=0 comp rx=0 tx=0).stop
2024-09-05T06:55:49.409 INFO:teuthology.orchestra.run.smithi017.stderr:2024-09-05T06:55:49.407+0000 7f7799600640 1 -- 172.21.15.17:0/2770846943 >> 172.21.15.17:0/2770846943 conn(0x7f7794076cf0 msgr2=0x7f7794079130 unknown :-1 s=STATE_NONE l=0).mark_down
2024-09-05T06:55:49.409 INFO:teuthology.orchestra.run.smithi017.stderr:2024-09-05T06:55:49.407+0000 7f7799600640 1 -- 172.21.15.17:0/2770846943 shutdown_connections
2024-09-05T06:55:49.410 INFO:teuthology.orchestra.run.smithi017.stderr:2024-09-05T06:55:49.407+0000 7f7799600640 1 -- 172.21.15.17:0/2770846943 wait complete.
2024-09-05T06:55:49.410 INFO:teuthology.orchestra.run.smithi017.stderr:2024-09-05T06:55:49.408+0000 7f7799600640 1 Processor -- start
2024-09-05T06:55:49.410 INFO:teuthology.orchestra.run.smithi017.stderr:2024-09-05T06:55:49.408+0000 7f7799600640 1 -- start start
2024-09-05T06:55:49.410 INFO:teuthology.orchestra.run.smithi017.stderr:2024-09-05T06:55:49.409+0000 7f7799600640 1 --2- >> [v2:172.21.15.17:3300/0,v1:172.21.15.17:6789/0] conn(0x7f7794107a50 0x7f779419d320 unknown :-1 s=NONE pgs=0 cs=0 l=1 rev1=0 crypto rx=0 tx=0 comp rx=0 tx=0).connect
2024-09-05T06:55:49.411 INFO:teuthology.orchestra.run.smithi017.stderr:2024-09-05T06:55:49.409+0000 7f7799600640 1 -- --> [v2:172.21.15.17:3300/0,v1:172.21.15.17:6789/0] -- mon_getmap magic: 0 -- 0x7f779410ddf0 con 0x7f7794107a50
2024-09-05T06:55:49.411 INFO:teuthology.orchestra.run.smithi017.stderr:2024-09-05T06:55:49.409+0000 7f7793e00640 1 --2- >> [v2:172.21.15.17:3300/0,v1:172.21.15.17:6789/0] conn(0x7f7794107a50 0x7f779419d320 unknown :-1 s=BANNER_CONNECTING pgs=0 cs=0 l=1 rev1=0 crypto rx=0 tx=0 comp rx=0 tx=0)._handle_peer_banner_payload supported=3 required=0
2024-09-05T06:55:49.411 INFO:teuthology.orchestra.run.smithi017.stderr:2024-09-05T06:55:49.409+0000 7f7793e00640 1 --2- >> [v2:172.21.15.17:3300/0,v1:172.21.15.17:6789/0] conn(0x7f7794107a50 0x7f779419d320 unknown :-1 s=HELLO_CONNECTING pgs=0 cs=0 l=1 rev1=1 crypto rx=0 tx=0 comp rx=0 tx=0).handle_hello peer v2:172.21.15.17:3300/0 says I am v2:172.21.15.17:41780/0 (socket says 172.21.15.17:41780)
2024-09-05T06:55:49.411 INFO:teuthology.orchestra.run.smithi017.stderr:2024-09-05T06:55:49.409+0000 7f7793e00640 1 -- 172.21.15.17:0/1304440042 learned_addr learned my addr 172.21.15.17:0/1304440042 (peer_addr_for_me v2:172.21.15.17:0/0)
2024-09-05T06:55:49.411 INFO:teuthology.orchestra.run.smithi017.stderr:2024-09-05T06:55:49.410+0000 7f7793e00640 1 -- 172.21.15.17:0/1304440042 --> [v2:172.21.15.17:3300/0,v1:172.21.15.17:6789/0] -- mon_subscribe({config=0+,monmap=0+}) -- 0x7f779419d860 con 0x7f7794107a50
2024-09-05T06:55:49.411 INFO:teuthology.orchestra.run.smithi017.stderr:2024-09-05T06:55:49.410+0000 7f7793e00640 1 --2- 172.21.15.17:0/1304440042 >> [v2:172.21.15.17:3300/0,v1:172.21.15.17:6789/0] conn(0x7f7794107a50 0x7f779419d320 secure :-1 s=READY pgs=77 cs=0 l=1 rev1=1 crypto rx=0x7f7784009230 tx=0x7f77840045c0 comp rx=0 tx=0).ready entity=mon.0 client_cookie=0 server_cookie=0 in_seq=0 out_seq=0
2024-09-05T06:55:49.412 INFO:teuthology.orchestra.run.smithi017.stderr:2024-09-05T06:55:49.410+0000 7f7790c00640 1 -- 172.21.15.17:0/1304440042 <== mon.0 v2:172.21.15.17:3300/0 1 ==== mon_map magic: 0 ==== 205+0+0 (secure 0 0 0) 0x7f778403f070 con 0x7f7794107a50
2024-09-05T06:55:49.412 INFO:teuthology.orchestra.run.smithi017.stderr:2024-09-05T06:55:49.410+0000 7f7790c00640 1 -- 172.21.15.17:0/1304440042 <== mon.0 v2:172.21.15.17:3300/0 2 ==== config(29 keys) ==== 1209+0+0 (secure 0 0 0) 0x7f7784005500 con 0x7f7794107a50
2024-09-05T06:55:49.412 INFO:teuthology.orchestra.run.smithi017.stderr:2024-09-05T06:55:49.410+0000 7f7799600640 1 -- 172.21.15.17:0/1304440042 --> [v2:172.21.15.17:3300/0,v1:172.21.15.17:6789/0] -- mon_subscribe({mgrmap=0+}) -- 0x7f779419daf0 con 0x7f7794107a50
2024-09-05T06:55:49.412 INFO:teuthology.orchestra.run.smithi017.stderr:2024-09-05T06:55:49.410+0000 7f7799600640 1 -- 172.21.15.17:0/1304440042 --> [v2:172.21.15.17:3300/0,v1:172.21.15.17:6789/0] -- mon_subscribe({osdmap=0}) -- 0x7f77941a07e0 con 0x7f7794107a50
2024-09-05T06:55:49.412 INFO:teuthology.orchestra.run.smithi017.stderr:2024-09-05T06:55:49.410+0000 7f7790c00640 1 -- 172.21.15.17:0/1304440042 <== mon.0 v2:172.21.15.17:3300/0 3 ==== mon_map magic: 0 ==== 205+0+0 (secure 0 0 0) 0x7f7784035030 con 0x7f7794107a50
2024-09-05T06:55:49.413 INFO:teuthology.orchestra.run.smithi017.stderr:2024-09-05T06:55:49.412+0000 7f7790c00640 1 -- 172.21.15.17:0/1304440042 <== mon.0 v2:172.21.15.17:3300/0 4 ==== mgrmap(e 13) ==== 46343+0+0 (secure 0 0 0) 0x7f7784042070 con 0x7f7794107a50
2024-09-05T06:55:49.413 INFO:teuthology.orchestra.run.smithi017.stderr:2024-09-05T06:55:49.412+0000 7f7799600640 1 -- 172.21.15.17:0/1304440042 --> [v2:172.21.15.17:3300/0,v1:172.21.15.17:6789/0] -- mon_command({"prefix": "get_command_descriptions"} v 0) -- 0x7f779410e570 con 0x7f7794107a50
2024-09-05T06:55:49.413 INFO:teuthology.orchestra.run.smithi017.stderr:2024-09-05T06:55:49.412+0000 7f7790c00640 1 --2- 172.21.15.17:0/1304440042 >> [v2:172.21.15.17:6800/2833317890,v1:172.21.15.17:6801/2833317890] conn(0x7f7778039060 0x7f777803b520 unknown :-1 s=NONE pgs=0 cs=0 l=1 rev1=0 crypto rx=0 tx=0 comp rx=0 tx=0).connect
2024-09-05T06:55:49.413 INFO:teuthology.orchestra.run.smithi017.stderr:2024-09-05T06:55:49.412+0000 7f7790c00640 1 -- 172.21.15.17:0/1304440042 <== mon.0 v2:172.21.15.17:3300/0 5 ==== osd_map(3..3 src has 1..3) ==== 1155+0+0 (secure 0 0 0) 0x7f7784030d60 con 0x7f7794107a50
2024-09-05T06:55:49.413 INFO:teuthology.orchestra.run.smithi017.stderr:2024-09-05T06:55:49.413+0000 7f7793400640 1 --2- 172.21.15.17:0/1304440042 >> [v2:172.21.15.17:6800/2833317890,v1:172.21.15.17:6801/2833317890] conn(0x7f7778039060 0x7f777803b520 unknown :-1 s=BANNER_CONNECTING pgs=0 cs=0 l=1 rev1=0 crypto rx=0 tx=0 comp rx=0 tx=0)._handle_peer_banner_payload supported=3 required=0
2024-09-05T06:55:49.414 INFO:teuthology.orchestra.run.smithi017.stderr:2024-09-05T06:55:49.413+0000 7f7793400640 1 --2- 172.21.15.17:0/1304440042 >> [v2:172.21.15.17:6800/2833317890,v1:172.21.15.17:6801/2833317890] conn(0x7f7778039060 0x7f777803b520 secure :-1 s=READY pgs=11 cs=0 l=1 rev1=1 crypto rx=0x7f77800098c0 tx=0x7f7780006db0 comp rx=0 tx=0).ready entity=mgr.14150 client_cookie=0 server_cookie=0 in_seq=0 out_seq=0
2024-09-05T06:55:49.419 INFO:teuthology.orchestra.run.smithi017.stderr:2024-09-05T06:55:49.418+0000 7f7790c00640 1 -- 172.21.15.17:0/1304440042 <== mon.0 v2:172.21.15.17:3300/0 6 ==== mon_command_ack([{"prefix": "get_command_descriptions"}]=0 v0) ==== 72+0+188821 (secure 0 0 0) 0x7f778403a3c0 con 0x7f7794107a50
2024-09-05T06:55:49.609 INFO:teuthology.orchestra.run.smithi017.stderr:2024-09-05T06:55:49.608+0000 7f7799600640 1 -- 172.21.15.17:0/1304440042 --> [v2:172.21.15.17:3300/0,v1:172.21.15.17:6789/0] -- mon_command([{prefix=config set, name=mgr/cephadm/allow_ptrace}] v 0) -- 0x7f779402d830 con 0x7f7794107a50
2024-09-05T06:55:49.611 INFO:teuthology.orchestra.run.smithi017.stderr:2024-09-05T06:55:49.611+0000 7f7790c00640 1 -- 172.21.15.17:0/1304440042 <== mon.0 v2:172.21.15.17:3300/0 7 ==== mon_command_ack([{prefix=config set, name=mgr/cephadm/allow_ptrace}]=0 v9)=0 v9) ==== 125+0+0 (secure 0 0 0) 0x7f7784003dc0 con 0x7f7794107a50
2024-09-05T06:55:49.614 INFO:teuthology.orchestra.run.smithi017.stderr:2024-09-05T06:55:49.613+0000 7f7799600640 1 -- 172.21.15.17:0/1304440042 >> [v2:172.21.15.17:6800/2833317890,v1:172.21.15.17:6801/2833317890] conn(0x7f7778039060 msgr2=0x7f777803b520 secure :-1 s=STATE_CONNECTION_ESTABLISHED l=1).mark_down
2024-09-05T06:55:49.614 INFO:teuthology.orchestra.run.smithi017.stderr:2024-09-05T06:55:49.613+0000 7f7799600640 1 --2- 172.21.15.17:0/1304440042 >> [v2:172.21.15.17:6800/2833317890,v1:172.21.15.17:6801/2833317890] conn(0x7f7778039060 0x7f777803b520 secure :-1 s=READY pgs=11 cs=0 l=1 rev1=1 crypto rx=0x7f77800098c0 tx=0x7f7780006db0 comp rx=0 tx=0).stop
2024-09-05T06:55:49.614 INFO:teuthology.orchestra.run.smithi017.stderr:2024-09-05T06:55:49.613+0000 7f7799600640 1 -- 172.21.15.17:0/1304440042 >> [v2:172.21.15.17:3300/0,v1:172.21.15.17:6789/0] conn(0x7f7794107a50 msgr2=0x7f779419d320 secure :-1 s=STATE_CONNECTION_ESTABLISHED l=1).mark_down
2024-09-05T06:55:49.614 INFO:teuthology.orchestra.run.smithi017.stderr:2024-09-05T06:55:49.613+0000 7f7799600640 1 --2- 172.21.15.17:0/1304440042 >> [v2:172.21.15.17:3300/0,v1:172.21.15.17:6789/0] conn(0x7f7794107a50 0x7f779419d320 secure :-1 s=READY pgs=77 cs=0 l=1 rev1=1 crypto rx=0x7f7784009230 tx=0x7f77840045c0 comp rx=0 tx=0).stop
2024-09-05T06:55:49.614 INFO:teuthology.orchestra.run.smithi017.stderr:2024-09-05T06:55:49.613+0000 7f7799600640 1 -- 172.21.15.17:0/1304440042 shutdown_connections
2024-09-05T06:55:49.614 INFO:teuthology.orchestra.run.smithi017.stderr:2024-09-05T06:55:49.613+0000 7f7799600640 1 --2- 172.21.15.17:0/1304440042 >> [v2:172.21.15.17:6800/2833317890,v1:172.21.15.17:6801/2833317890] conn(0x7f7778039060 0x7f777803b520 unknown :-1 s=CLOSED pgs=11 cs=0 l=1 rev1=1 crypto rx=0 tx=0 comp rx=0 tx=0).stop
2024-09-05T06:55:49.614 INFO:teuthology.orchestra.run.smithi017.stderr:2024-09-05T06:55:49.613+0000 7f7799600640 1 --2- 172.21.15.17:0/1304440042 >> [v2:172.21.15.17:3300/0,v1:172.21.15.17:6789/0] conn(0x7f7794107a50 0x7f779419d320 unknown :-1 s=CLOSED pgs=77 cs=0 l=1 rev1=1 crypto rx=0 tx=0 comp rx=0 tx=0).stop
2024-09-05T06:55:49.615 INFO:teuthology.orchestra.run.smithi017.stderr:2024-09-05T06:55:49.613+0000 7f7799600640 1 -- 172.21.15.17:0/1304440042 >> 172.21.15.17:0/1304440042 conn(0x7f7794076cf0 msgr2=0x7f7794078500 unknown :-1 s=STATE_NONE l=0).mark_down
2024-09-05T06:55:49.615 INFO:teuthology.orchestra.run.smithi017.stderr:2024-09-05T06:55:49.613+0000 7f7799600640 1 -- 172.21.15.17:0/1304440042 shutdown_connections
2024-09-05T06:55:49.615 INFO:teuthology.orchestra.run.smithi017.stderr:2024-09-05T06:55:49.613+0000 7f7799600640 1 -- 172.21.15.17:0/1304440042 wait complete.
2024-09-05T06:55:50.856 INFO:journalctl@ceph.mon.a.smithi017.stdout:Sep 05 06:55:50 smithi017 ceph-mon[29848]: from='client.? 172.21.15.17:0/1304440042' entity='client.admin'
2024-09-05T06:55:50.892 INFO:tasks.cephadm:Distributing conf and client.admin keyring to all hosts + 0755
2024-09-05T06:55:50.892 DEBUG:teuthology.orchestra.run.smithi017:> sudo /home/ubuntu/cephtest/cephadm --image quay-quay-quay.apps.os.sepia.ceph.com/ceph-ci/ceph:91c8a7e56f7ba6f8ae8d6d8c0ae8cae96c5619e4 shell -c /etc/ceph/ceph.conf -k /etc/ceph/ceph.client.admin.keyring --fsid 9439ab54-6b53-11ef-bcd6-c7b262605968 -- ceph orch client-keyring set client.admin '*' --mode 0755
2024-09-05T06:55:51.461 INFO:teuthology.orchestra.run.smithi017.stderr:Inferring config /var/lib/ceph/9439ab54-6b53-11ef-bcd6-c7b262605968/mon.a/config
2024-09-05T06:55:52.019 INFO:teuthology.orchestra.run.smithi017.stderr:2024-09-05T06:55:52.017+0000 7f51cb200640 1 -- 172.21.15.17:0/1396344852 >> [v2:172.21.15.17:3300/0,v1:172.21.15.17:6789/0] conn(0x7f51c40ffc90 msgr2=0x7f51c4100090 secure :-1 s=STATE_CONNECTION_ESTABLISHED l=1).mark_down
2024-09-05T06:55:52.019 INFO:teuthology.orchestra.run.smithi017.stderr:2024-09-05T06:55:52.017+0000 7f51cb200640 1 --2- 172.21.15.17:0/1396344852 >> [v2:172.21.15.17:3300/0,v1:172.21.15.17:6789/0] conn(0x7f51c40ffc90 0x7f51c4100090 secure :-1 s=READY pgs=78 cs=0 l=1 rev1=1 crypto rx=0x7f51b8009880 tx=0x7f51b802a5d0 comp rx=0 tx=0).stop
2024-09-05T06:55:52.019 INFO:teuthology.orchestra.run.smithi017.stderr:2024-09-05T06:55:52.017+0000 7f51cb200640 1 -- 172.21.15.17:0/1396344852 shutdown_connections
2024-09-05T06:55:52.019 INFO:teuthology.orchestra.run.smithi017.stderr:2024-09-05T06:55:52.017+0000 7f51cb200640 1 --2- 172.21.15.17:0/1396344852 >> [v2:172.21.15.17:3300/0,v1:172.21.15.17:6789/0] conn(0x7f51c40ffc90 0x7f51c4100090 unknown :-1 s=CLOSED pgs=78 cs=0 l=1 rev1=1 crypto rx=0 tx=0 comp rx=0 tx=0).stop
2024-09-05T06:55:52.019 INFO:teuthology.orchestra.run.smithi017.stderr:2024-09-05T06:55:52.017+0000 7f51cb200640 1 -- 172.21.15.17:0/1396344852 >> 172.21.15.17:0/1396344852 conn(0x7f51c40fbaa0 msgr2=0x7f51c40fdee0 unknown :-1 s=STATE_NONE l=0).mark_down
2024-09-05T06:55:52.019 INFO:teuthology.orchestra.run.smithi017.stderr:2024-09-05T06:55:52.017+0000 7f51cb200640 1 -- 172.21.15.17:0/1396344852 shutdown_connections
2024-09-05T06:55:52.019 INFO:teuthology.orchestra.run.smithi017.stderr:2024-09-05T06:55:52.017+0000 7f51cb200640 1 -- 172.21.15.17:0/1396344852 wait complete.
2024-09-05T06:55:52.020 INFO:teuthology.orchestra.run.smithi017.stderr:2024-09-05T06:55:52.018+0000 7f51cb200640 1 Processor -- start
2024-09-05T06:55:52.020 INFO:teuthology.orchestra.run.smithi017.stderr:2024-09-05T06:55:52.018+0000 7f51cb200640 1 -- start start
