2024-09-05T06:55:17.760+0000 7fa6cea00640 1 -- 172.21.15.17:0/3321109649 learned_addr learned my addr 172.21.15.17:0/3321109649 (peer_addr_for_me v2:172.21.15.17:0/0)
2024-09-05T06:55:18.646 INFO:teuthology.orchestra.run.smithi017.stdout:/usr/bin/ceph: stderr
2024-09-05T06:55:17.760+0000 7fa6cea00640 1 -- 172.21.15.17:0/3321109649 --> [v2:172.21.15.17:3300/0,v1:172.21.15.17:6789/0] -- mon_subscribe({config=0+,monmap=0+}) -- 0x7fa6d019e1a0 con 0x7fa6d007dd60
2024-09-05T06:55:18.647 INFO:teuthology.orchestra.run.smithi017.stdout:/usr/bin/ceph: stderr
2024-09-05T06:55:17.761+0000 7fa6cea00640 1 --2- 172.21.15.17:0/3321109649 >> [v2:172.21.15.17:3300/0,v1:172.21.15.17:6789/0] conn(0x7fa6d007dd60 0x7fa6d019dc60 secure :-1 s=READY pgs=42 cs=0 l=1 rev1=1 crypto rx=0x7fa6c0032e60 tx=0x7fa6c0032e90 comp rx=0 tx=0).ready entity=mon.0 client_cookie=0 server_cookie=0 in_seq=0 out_seq=0
2024-09-05T06:55:18.647 INFO:teuthology.orchestra.run.smithi017.stdout:/usr/bin/ceph: stderr
2024-09-05T06:55:17.761+0000 7fa6d4a00640 1 -- 172.21.15.17:0/3321109649 <== mon.0 v2:172.21.15.17:3300/0 1 ==== mon_map magic: 0 ==== 205+0+0 (secure 0 0 0) 0x7fa6c0042070 con 0x7fa6d007dd60
2024-09-05T06:55:18.647 INFO:teuthology.orchestra.run.smithi017.stdout:/usr/bin/ceph: stderr
2024-09-05T06:55:17.761+0000 7fa6d4a00640 1 -- 172.21.15.17:0/3321109649 <== mon.0 v2:172.21.15.17:3300/0 2 ==== config(29 keys) ==== 1178+0+0 (secure 0 0 0) 0x7fa6c00325f0 con 0x7fa6d007dd60
2024-09-05T06:55:18.647 INFO:teuthology.orchestra.run.smithi017.stdout:/usr/bin/ceph: stderr
2024-09-05T06:55:17.761+0000 7fa6d5e00640 1 -- 172.21.15.17:0/3321109649 --> [v2:172.21.15.17:3300/0,v1:172.21.15.17:6789/0] -- mon_subscribe({mgrmap=0+}) -- 0x7fa6d019e430 con 0x7fa6d007dd60
2024-09-05T06:55:18.647 INFO:teuthology.orchestra.run.smithi017.stdout:/usr/bin/ceph: stderr
2024-09-05T06:55:17.761+0000 7fa6d4a00640 1 -- 172.21.15.17:0/3321109649 <== mon.0 v2:172.21.15.17:3300/0 3 ==== mon_map magic: 0 ==== 205+0+0 (secure 0 0 0) 0x7fa6c0037040 con 0x7fa6d007dd60
2024-09-05T06:55:18.647 INFO:teuthology.orchestra.run.smithi017.stdout:/usr/bin/ceph: stderr
2024-09-05T06:55:17.761+0000 7fa6d5e00640 1 -- 172.21.15.17:0/3321109649 --> [v2:172.21.15.17:3300/0,v1:172.21.15.17:6789/0] -- mon_subscribe({osdmap=0}) -- 0x7fa6d01a1120 con 0x7fa6d007dd60
2024-09-05T06:55:18.647 INFO:teuthology.orchestra.run.smithi017.stdout:/usr/bin/ceph: stderr
2024-09-05T06:55:17.762+0000 7fa6d4a00640 1 -- 172.21.15.17:0/3321109649 <== mon.0 v2:172.21.15.17:3300/0 4 ==== mgrmap(e 8) ==== 46287+0+0 (secure 0 0 0) 0x7fa6c0045070 con 0x7fa6d007dd60
2024-09-05T06:55:18.647 INFO:teuthology.orchestra.run.smithi017.stdout:/usr/bin/ceph: stderr
2024-09-05T06:55:17.762+0000 7fa6d5e00640 1 -- 172.21.15.17:0/3321109649 --> [v2:172.21.15.17:3300/0,v1:172.21.15.17:6789/0] -- mon_command({"prefix": "get_command_descriptions"} v 0) -- 0x7fa6d007c2e0 con 0x7fa6d007dd60
2024-09-05T06:55:18.647 INFO:teuthology.orchestra.run.smithi017.stdout:/usr/bin/ceph: stderr
2024-09-05T06:55:17.763+0000 7fa6d4a00640 1 --2- 172.21.15.17:0/3321109649 >> [v2:172.21.15.17:6800/540173368,v1:172.21.15.17:6801/540173368] conn(0x7fa6b4038fc0 0x7fa6b403b480 unknown :-1 s=NONE pgs=0 cs=0 l=1 rev1=0 crypto rx=0 tx=0 comp rx=0 tx=0).connect
2024-09-05T06:55:18.647 INFO:teuthology.orchestra.run.smithi017.stdout:/usr/bin/ceph: stderr
2024-09-05T06:55:17.763+0000 7fa6d4a00640 1 -- 172.21.15.17:0/3321109649 <== mon.0 v2:172.21.15.17:3300/0 5 ==== osd_map(2..2 src has 1..2) ==== 940+0+0 (secure 0 0 0) 0x7fa6c006bfb0 con 0x7fa6d007dd60
2024-09-05T06:55:18.647 INFO:teuthology.orchestra.run.smithi017.stdout:/usr/bin/ceph: stderr
2024-09-05T06:55:17.763+0000 7fa6ce000640 1 --2- 172.21.15.17:0/3321109649 >> [v2:172.21.15.17:6800/540173368,v1:172.21.15.17:6801/540173368] conn(0x7fa6b4038fc0 0x7fa6b403b480 unknown :-1 s=BANNER_CONNECTING pgs=0 cs=0 l=1 rev1=0 crypto rx=0 tx=0 comp rx=0 tx=0)._handle_peer_banner_payload supported=3 required=0
2024-09-05T06:55:18.647 INFO:teuthology.orchestra.run.smithi017.stdout:/usr/bin/ceph: stderr
2024-09-05T06:55:17.764+0000 7fa6ce000640 1 --2- 172.21.15.17:0/3321109649 >> [v2:172.21.15.17:6800/540173368,v1:172.21.15.17:6801/540173368] conn(0x7fa6b4038fc0 0x7fa6b403b480 secure :-1 s=READY pgs=10 cs=0 l=1 rev1=1 crypto rx=0x7fa6bc0098c0 tx=0x7fa6bc006db0 comp rx=0 tx=0).ready entity=mgr.14118 client_cookie=0 server_cookie=0 in_seq=0 out_seq=0
2024-09-05T06:55:18.647 INFO:teuthology.orchestra.run.smithi017.stdout:/usr/bin/ceph: stderr
2024-09-05T06:55:17.768+0000 7fa6d4a00640 1 -- 172.21.15.17:0/3321109649 <== mon.0 v2:172.21.15.17:3300/0 6 ==== mon_command_ack([{"prefix": "get_command_descriptions"}]=0 v0) ==== 72+0+188821 (secure 0 0 0) 0x7fa6c004b170 con 0x7fa6d007dd60
2024-09-05T06:55:18.647 INFO:teuthology.orchestra.run.smithi017.stdout:/usr/bin/ceph: stderr
2024-09-05T06:55:17.956+0000 7fa6d5e00640 1 -- 172.21.15.17:0/3321109649 --> [v2:172.21.15.17:6800/540173368,v1:172.21.15.17:6801/540173368] -- mgr_command(tid 0: {"prefix": "cephadm get-pub-key", "target": ["mon-mgr", ""]}) -- 0x7fa6d0104460 con 0x7fa6b4038fc0
2024-09-05T06:55:18.648 INFO:teuthology.orchestra.run.smithi017.stdout:/usr/bin/ceph: stderr
2024-09-05T06:55:17.957+0000 7fa6d4a00640 1 -- 172.21.15.17:0/3321109649 <== mgr.14118 v2:172.21.15.17:6800/540173368 1 ==== mgr_command_reply(tid 0: 0 ) ==== 8+0+595 (secure 0 0 0) 0x7fa6d0104460 con 0x7fa6b4038fc0
2024-09-05T06:55:18.648 INFO:teuthology.orchestra.run.smithi017.stdout:/usr/bin/ceph: stderr
2024-09-05T06:55:17.959+0000 7fa6d5e00640 1 -- 172.21.15.17:0/3321109649 >> [v2:172.21.15.17:6800/540173368,v1:172.21.15.17:6801/540173368] conn(0x7fa6b4038fc0 msgr2=0x7fa6b403b480 secure :-1 s=STATE_CONNECTION_ESTABLISHED l=1).mark_down
2024-09-05T06:55:18.648 INFO:teuthology.orchestra.run.smithi017.stdout:/usr/bin/ceph: stderr
2024-09-05T06:55:17.959+0000 7fa6d5e00640 1 --2- 172.21.15.17:0/3321109649 >> [v2:172.21.15.17:6800/540173368,v1:172.21.15.17:6801/540173368] conn(0x7fa6b4038fc0 0x7fa6b403b480 secure :-1 s=READY pgs=10 cs=0 l=1 rev1=1 crypto rx=0x7fa6bc0098c0 tx=0x7fa6bc006db0 comp rx=0 tx=0).stop
2024-09-05T06:55:18.648 INFO:teuthology.orchestra.run.smithi017.stdout:/usr/bin/ceph: stderr
2024-09-05T06:55:17.959+0000 7fa6d5e00640 1 -- 172.21.15.17:0/3321109649 >> [v2:172.21.15.17:3300/0,v1:172.21.15.17:6789/0] conn(0x7fa6d007dd60 msgr2=0x7fa6d019dc60 secure :-1 s=STATE_CONNECTION_ESTABLISHED l=1).mark_down
2024-09-05T06:55:18.648 INFO:teuthology.orchestra.run.smithi017.stdout:/usr/bin/ceph: stderr
2024-09-05T06:55:17.959+0000 7fa6d5e00640 1 --2- 172.21.15.17:0/3321109649 >> [v2:172.21.15.17:3300/0,v1:172.21.15.17:6789/0] conn(0x7fa6d007dd60 0x7fa6d019dc60 secure :-1 s=READY pgs=42 cs=0 l=1 rev1=1 crypto rx=0x7fa6c0032e60 tx=0x7fa6c0032e90 comp rx=0 tx=0).stop
2024-09-05T06:55:18.648 INFO:teuthology.orchestra.run.smithi017.stdout:/usr/bin/ceph: stderr
2024-09-05T06:55:17.959+0000 7fa6d5e00640 1 -- 172.21.15.17:0/3321109649 shutdown_connections
2024-09-05T06:55:18.648 INFO:teuthology.orchestra.run.smithi017.stdout:/usr/bin/ceph: stderr
2024-09-05T06:55:17.959+0000 7fa6d5e00640 1 --2- 172.21.15.17:0/3321109649 >> [v2:172.21.15.17:6800/540173368,v1:172.21.15.17:6801/540173368] conn(0x7fa6b4038fc0 0x7fa6b403b480 unknown :-1 s=CLOSED pgs=10 cs=0 l=1 rev1=1 crypto rx=0 tx=0 comp rx=0 tx=0).stop
2024-09-05T06:55:18.648 INFO:teuthology.orchestra.run.smithi017.stdout:/usr/bin/ceph: stderr
2024-09-05T06:55:17.959+0000 7fa6d5e00640 1 --2- 172.21.15.17:0/3321109649 >> [v2:172.21.15.17:3300/0,v1:172.21.15.17:6789/0] conn(0x7fa6d007dd60 0x7fa6d019dc60 unknown :-1 s=CLOSED pgs=42 cs=0 l=1 rev1=1 crypto rx=0 tx=0 comp rx=0 tx=0).stop
2024-09-05T06:55:18.648 INFO:teuthology.orchestra.run.smithi017.stdout:/usr/bin/ceph: stderr
2024-09-05T06:55:17.959+0000 7fa6d5e00640 1 -- 172.21.15.17:0/3321109649 >> 172.21.15.17:0/3321109649 conn(0x7fa6d0103150 msgr2=0x7fa6d0103d50 unknown :-1 s=STATE_NONE l=0).mark_down
2024-09-05T06:55:18.648 INFO:teuthology.orchestra.run.smithi017.stdout:/usr/bin/ceph: stderr
2024-09-05T06:55:17.959+0000 7fa6d5e00640 1 -- 172.21.15.17:0/3321109649 shutdown_connections
2024-09-05T06:55:18.648 INFO:teuthology.orchestra.run.smithi017.stdout:/usr/bin/ceph: stderr
2024-09-05T06:55:17.959+0000 7fa6d5e00640 1 -- 172.21.15.17:0/3321109649 wait complete.
2024-09-05T06:55:18.648 INFO:teuthology.orchestra.run.smithi017.stdout:Wrote public SSH key to /home/ubuntu/cephtest/ceph.pub
2024-09-05T06:55:18.648 INFO:teuthology.orchestra.run.smithi017.stdout:Adding key to root@localhost authorized_keys...
2024-09-05T06:55:18.653 INFO:teuthology.orchestra.run.smithi017.stdout:Adding host smithi017...
2024-09-05T06:55:19.144 INFO:journalctl@ceph.mon.a.smithi017.stdout:Sep 05 06:55:18 smithi017 ceph-mon[29848]: from='client.14136 -' entity='client.admin' cmd=[{"prefix": "cephadm get-pub-key", "target": ["mon-mgr", ""]}]: dispatch
2024-09-05T06:55:20.113 INFO:journalctl@ceph.mon.a.smithi017.stdout:Sep 05 06:55:19 smithi017 ceph-mon[29848]: from='client.14138 -' entity='client.admin' cmd=[{"prefix": "orch host add", "hostname": "smithi017", "addr": "172.21.15.17", "target": ["mon-mgr", ""]}]: dispatch
2024-09-05T06:55:21.248 INFO:journalctl@ceph.mon.a.smithi017.stdout:Sep 05 06:55:20 smithi017 ceph-mon[29848]: Deploying cephadm binary to smithi017
2024-09-05T06:55:24.617 INFO:teuthology.orchestra.run.smithi017.stdout:/usr/bin/ceph: stdout Added host 'smithi017' with addr '172.21.15.17'
2024-09-05T06:55:24.622 INFO:teuthology.orchestra.run.smithi017.stdout:/usr/bin/ceph: stderr
2024-09-05T06:55:19.131+0000 7fc1cac00640 1 Processor -- start
2024-09-05T06:55:24.622 INFO:teuthology.orchestra.run.smithi017.stdout:/usr/bin/ceph: stderr
2024-09-05T06:55:19.131+0000 7fc1cac00640 1 -- start start
2024-09-05T06:55:24.622 INFO:teuthology.orchestra.run.smithi017.stdout:/usr/bin/ceph: stderr
2024-09-05T06:55:19.131+0000 7fc1cac00640 1 --2- >> [v2:172.21.15.17:3300/0,v1:172.21.15.17:6789/0] conn(0x7fc1c407dd80 0x7fc1c407c280 unknown :-1 s=NONE pgs=0 cs=0 l=0 rev1=0 crypto rx=0 tx=0 comp rx=0 tx=0).connect
2024-09-05T06:55:24.622 INFO:teuthology.orchestra.run.smithi017.stdout:/usr/bin/ceph: stderr
2024-09-05T06:55:19.131+0000 7fc1cac00640 1 -- --> [v2:172.21.15.17:3300/0,v1:172.21.15.17:6789/0] -- mon_getmap magic: 0 -- 0x7fc1c407c7c0 con 0x7fc1c407dd80
2024-09-05T06:55:24.622 INFO:teuthology.orchestra.run.smithi017.stdout:/usr/bin/ceph: stderr
2024-09-05T06:55:19.132+0000 7fc1c3e00640 1 --2- >> [v2:172.21.15.17:3300/0,v1:172.21.15.17:6789/0] conn(0x7fc1c407dd80 0x7fc1c407c280 unknown :-1 s=BANNER_CONNECTING pgs=0 cs=0 l=0 rev1=0 crypto rx=0 tx=0 comp rx=0 tx=0)._handle_peer_banner_payload supported=3 required=0
2024-09-05T06:55:24.622 INFO:teuthology.orchestra.run.smithi017.stdout:/usr/bin/ceph: stderr
2024-09-05T06:55:19.132+0000 7fc1c3e00640 1 --2- >> [v2:172.21.15.17:3300/0,v1:172.21.15.17:6789/0] conn(0x7fc1c407dd80 0x7fc1c407c280 unknown :-1 s=HELLO_CONNECTING pgs=0 cs=0 l=0 rev1=1 crypto rx=0 tx=0 comp rx=0 tx=0).handle_hello peer v2:172.21.15.17:3300/0 says I am v2:172.21.15.17:51808/0 (socket says 172.21.15.17:51808)
2024-09-05T06:55:24.622 INFO:teuthology.orchestra.run.smithi017.stdout:/usr/bin/ceph: stderr
2024-09-05T06:55:19.132+0000 7fc1c3e00640 1 -- 172.21.15.17:0/66208348 learned_addr learned my addr 172.21.15.17:0/66208348 (peer_addr_for_me v2:172.21.15.17:0/0)
2024-09-05T06:55:24.622 INFO:teuthology.orchestra.run.smithi017.stdout:/usr/bin/ceph: stderr
2024-09-05T06:55:19.132+0000 7fc1c3e00640 1 -- 172.21.15.17:0/66208348 --> [v2:172.21.15.17:3300/0,v1:172.21.15.17:6789/0] -- mon_subscribe({config=0+,monmap=0+}) -- 0x7fc1c407c940 con 0x7fc1c407dd80
2024-09-05T06:55:24.622 INFO:teuthology.orchestra.run.smithi017.stdout:/usr/bin/ceph: stderr
2024-09-05T06:55:19.133+0000 7fc1c3e00640 1 --2- 172.21.15.17:0/66208348 >> [v2:172.21.15.17:3300/0,v1:172.21.15.17:6789/0] conn(0x7fc1c407dd80 0x7fc1c407c280 secure :-1 s=READY pgs=43 cs=0 l=1 rev1=1 crypto rx=0x7fc1b4009820 tx=0x7fc1b402a270 comp rx=0 tx=0).ready entity=mon.0 client_cookie=36e243fca632d9bb server_cookie=0 in_seq=0 out_seq=0
2024-09-05T06:55:24.623 INFO:teuthology.orchestra.run.smithi017.stdout:/usr/bin/ceph: stderr
2024-09-05T06:55:19.133+0000 7fc1c2a00640 1 -- 172.21.15.17:0/66208348 <== mon.0 v2:172.21.15.17:3300/0 1 ==== mon_map magic: 0 ==== 205+0+0 (secure 0 0 0) 0x7fc1b4037070 con 0x7fc1c407dd80
2024-09-05T06:55:24.623 INFO:teuthology.orchestra.run.smithi017.stdout:/usr/bin/ceph: stderr
2024-09-05T06:55:19.134+0000 7fc1c2a00640 1 -- 172.21.15.17:0/66208348 <== mon.0 v2:172.21.15.17:3300/0 2 ==== config(29 keys) ==== 1178+0+0 (secure 0 0 0) 0x7fc1b4032940 con 0x7fc1c407dd80
2024-09-05T06:55:24.623 INFO:teuthology.orchestra.run.smithi017.stdout:/usr/bin/ceph: stderr
2024-09-05T06:55:19.134+0000 7fc1c2a00640 1 -- 172.21.15.17:0/66208348 <== mon.0 v2:172.21.15.17:3300/0 3 ==== mon_map magic: 0 ==== 205+0+0 (secure 0 0 0) 0x7fc1b40309c0 con 0x7fc1c407dd80
2024-09-05T06:55:24.623 INFO:teuthology.orchestra.run.smithi017.stdout:/usr/bin/ceph: stderr
2024-09-05T06:55:19.134+0000 7fc1cac00640 1 -- 172.21.15.17:0/66208348 >> [v2:172.21.15.17:3300/0,v1:172.21.15.17:6789/0] conn(0x7fc1c407dd80 msgr2=0x7fc1c407c280 secure :-1 s=STATE_CONNECTION_ESTABLISHED l=1).mark_down
2024-09-05T06:55:24.623 INFO:teuthology.orchestra.run.smithi017.stdout:/usr/bin/ceph: stderr
2024-09-05T06:55:19.134+0000 7fc1cac00640 1 --2- 172.21.15.17:0/66208348 >> [v2:172.21.15.17:3300/0,v1:172.21.15.17:6789/0] conn(0x7fc1c407dd80 0x7fc1c407c280 secure :-1 s=READY pgs=43 cs=0 l=1 rev1=1 crypto rx=0x7fc1b4009820 tx=0x7fc1b402a270 comp rx=0 tx=0).stop
2024-09-05T06:55:24.623 INFO:teuthology.orchestra.run.smithi017.stdout:/usr/bin/ceph: stderr
2024-09-05T06:55:19.134+0000 7fc1cac00640 1 -- 172.21.15.17:0/66208348 shutdown_connections
2024-09-05T06:55:24.623 INFO:teuthology.orchestra.run.smithi017.stdout:/usr/bin/ceph: stderr
2024-09-05T06:55:19.134+0000 7fc1cac00640 1 --2- 172.21.15.17:0/66208348 >> [v2:172.21.15.17:3300/0,v1:172.21.15.17:6789/0] conn(0x7fc1c407dd80 0x7fc1c407c280 unknown :-1 s=CLOSED pgs=43 cs=0 l=1 rev1=1 crypto rx=0 tx=0 comp rx=0 tx=0).stop
2024-09-05T06:55:24.623 INFO:teuthology.orchestra.run.smithi017.stdout:/usr/bin/ceph: stderr
2024-09-05T06:55:19.134+0000 7fc1cac00640 1 -- 172.21.15.17:0/66208348 >> 172.21.15.17:0/66208348 conn(0x7fc1c4103190 msgr2=0x7fc1c41055d0 unknown :-1 s=STATE_NONE l=0).mark_down
2024-09-05T06:55:24.623 INFO:teuthology.orchestra.run.smithi017.stdout:/usr/bin/ceph: stderr
2024-09-05T06:55:19.134+0000 7fc1cac00640 1 -- 172.21.15.17:0/66208348 shutdown_connections
2024-09-05T06:55:24.623 INFO:teuthology.orchestra.run.smithi017.stdout:/usr/bin/ceph: stderr
2024-09-05T06:55:19.134+0000 7fc1cac00640 1 -- 172.21.15.17:0/66208348 wait complete.
2024-09-05T06:55:24.623 INFO:teuthology.orchestra.run.smithi017.stdout:/usr/bin/ceph: stderr
2024-09-05T06:55:19.135+0000 7fc1cac00640 1 Processor -- start
2024-09-05T06:55:24.623 INFO:teuthology.orchestra.run.smithi017.stdout:/usr/bin/ceph: stderr
2024-09-05T06:55:19.135+0000 7fc1cac00640 1 -- start start
2024-09-05T06:55:24.623 INFO:teuthology.orchestra.run.smithi017.stdout:/usr/bin/ceph: stderr
2024-09-05T06:55:19.136+0000 7fc1cac00640 1 --2- >> [v2:172.21.15.17:3300/0,v1:172.21.15.17:6789/0] conn(0x7fc1c407dd80 0x7fc1c419dc90 unknown :-1 s=NONE pgs=0 cs=0 l=1 rev1=0 crypto rx=0 tx=0 comp rx=0 tx=0).connect
2024-09-05T06:55:24.624 INFO:teuthology.orchestra.run.smithi017.stdout:/usr/bin/ceph: stderr
2024-09-05T06:55:19.136+0000 7fc1cac00640 1 -- --> [v2:172.21.15.17:3300/0,v1:172.21.15.17:6789/0] -- mon_getmap magic: 0 -- 0x7fc1c410e070 con 0x7fc1c407dd80
2024-09-05T06:55:24.624 INFO:teuthology.orchestra.run.smithi017.stdout:/usr/bin/ceph: stderr
2024-09-05T06:55:19.136+0000 7fc1c3e00640 1 --2- >> [v2:172.21.15.17:3300/0,v1:172.21.15.17:6789/0] conn(0x7fc1c407dd80 0x7fc1c419dc90 unknown :-1 s=BANNER_CONNECTING pgs=0 cs=0 l=1 rev1=0 crypto rx=0 tx=0 comp rx=0 tx=0)._handle_peer_banner_payload supported=3 required=0
2024-09-05T06:55:24.624 INFO:teuthology.orchestra.run.smithi017.stdout:/usr/bin/ceph: stderr
2024-09-05T06:55:19.136+0000 7fc1c3e00640 1 --2- >> [v2:172.21.15.17:3300/0,v1:172.21.15.17:6789/0] conn(0x7fc1c407dd80 0x7fc1c419dc90 unknown :-1 s=HELLO_CONNECTING pgs=0 cs=0 l=1 rev1=1 crypto rx=0 tx=0 comp rx=0 tx=0).handle_hello peer v2:172.21.15.17:3300/0 says I am v2:172.21.15.17:51816/0 (socket says 172.21.15.17:51816)
2024-09-05T06:55:24.624 INFO:teuthology.orchestra.run.smithi017.stdout:/usr/bin/ceph: stderr
2024-09-05T06:55:19.136+0000 7fc1c3e00640 1 -- 172.21.15.17:0/2935471776 learned_addr learned my addr 172.21.15.17:0/2935471776 (peer_addr_for_me v2:172.21.15.17:0/0)
2024-09-05T06:55:24.624 INFO:teuthology.orchestra.run.smithi017.stdout:/usr/bin/ceph: stderr
2024-09-05T06:55:19.136+0000 7fc1c3e00640 1 -- 172.21.15.17:0/2935471776 --> [v2:172.21.15.17:3300/0,v1:172.21.15.17:6789/0] -- mon_subscribe({config=0+,monmap=0+}) -- 0x7fc1c419e1d0 con 0x7fc1c407dd80
2024-09-05T06:55:24.624 INFO:teuthology.orchestra.run.smithi017.stdout:/usr/bin/ceph: stderr
2024-09-05T06:55:19.137+0000 7fc1c3e00640 1 --2- 172.21.15.17:0/2935471776 >> [v2:172.21.15.17:3300/0,v1:172.21.15.17:6789/0] conn(0x7fc1c407dd80 0x7fc1c419dc90 secure :-1 s=READY pgs=44 cs=0 l=1 rev1=1 crypto rx=0x7fc1b4009940 tx=0x7fc1b4032670 comp rx=0 tx=0).ready entity=mon.0 client_cookie=0 server_cookie=0 in_seq=0 out_seq=0
2024-09-05T06:55:24.624 INFO:teuthology.orchestra.run.smithi017.stdout:/usr/bin/ceph: stderr
2024-09-05T06:55:19.137+0000 7fc1c0c00640 1 -- 172.21.15.17:0/2935471776 <== mon.0 v2:172.21.15.17:3300/0 1 ==== mon_map magic: 0 ==== 205+0+0 (secure 0 0 0) 0x7fc1b4042070 con 0x7fc1c407dd80
2024-09-05T06:55:24.624 INFO:teuthology.orchestra.run.smithi017.stdout:/usr/bin/ceph: stderr
2024-09-05T06:55:19.137+0000 7fc1c0c00640 1 -- 172.21.15.17:0/2935471776 <== mon.0 v2:172.21.15.17:3300/0 2 ==== config(29 keys) ==== 1178+0+0 (secure 0 0 0) 0x7fc1b4030e50 con 0x7fc1c407dd80
2024-09-05T06:55:24.624 INFO:teuthology.orchestra.run.smithi017.stdout:/usr/bin/ceph: stderr
2024-09-05T06:55:19.137+0000 7fc1c0c00640 1 -- 172.21.15.17:0/2935471776 <== mon.0 v2:172.21.15.17:3300/0 3 ==== mon_map magic: 0 ==== 205+0+0 (secure 0 0 0) 0x7fc1b4037040 con 0x7fc1c407dd80
2024-09-05T06:55:24.624 INFO:teuthology.orchestra.run.smithi017.stdout:/usr/bin/ceph: stderr
2024-09-05T06:55:19.137+0000 7fc1cac00640 1 -- 172.21.15.17:0/2935471776 --> [v2:172.21.15.17:3300/0,v1:172.21.15.17:6789/0] -- mon_subscribe({mgrmap=0+}) -- 0x7fc1c419e460 con 0x7fc1c407dd80
2024-09-05T06:55:24.624 INFO:teuthology.orchestra.run.smithi017.stdout:/usr/bin/ceph: stderr
2024-09-05T06:55:19.137+0000 7fc1cac00640 1 -- 172.21.15.17:0/2935471776 --> [v2:172.21.15.17:3300/0,v1:172.21.15.17:6789/0] -- mon_subscribe({osdmap=0}) -- 0x7fc1c41a1150 con 0x7fc1c407dd80
2024-09-05T06:55:24.624 INFO:teuthology.orchestra.run.smithi017.stdout:/usr/bin/ceph: stderr
2024-09-05T06:55:19.138+0000 7fc1c0c00640 1 -- 172.21.15.17:0/2935471776 <== mon.0 v2:172.21.15.17:3300/0 4 ==== mgrmap(e 8) ==== 46287+0+0 (secure 0 0 0) 0x7fc1b4045070 con 0x7fc1c407dd80
2024-09-05T06:55:24.624 INFO:teuthology.orchestra.run.smithi017.stdout:/usr/bin/ceph: stderr
2024-09-05T06:55:19.138+0000 7fc1cac00640 1 -- 172.21.15.17:0/2935471776 --> [v2:172.21.15.17:3300/0,v1:172.21.15.17:6789/0] -- mon_command({"prefix": "get_command_descriptions"} v 0) -- 0x7fc1c407c300 con 0x7fc1c407dd80
2024-09-05T06:55:24.624 INFO:teuthology.orchestra.run.smithi017.stdout:/usr/bin/ceph: stderr
2024-09-05T06:55:19.138+0000 7fc1c0c00640 1 --2- 172.21.15.17:0/2935471776 >> [v2:172.21.15.17:6800/540173368,v1:172.21.15.17:6801/540173368] conn(0x7fc1a8038fc0 0x7fc1a803b480 unknown :-1 s=NONE pgs=0 cs=0 l=1 rev1=0 crypto rx=0 tx=0 comp rx=0 tx=0).connect
2024-09-05T06:55:24.625 INFO:teuthology.orchestra.run.smithi017.stdout:/usr/bin/ceph: stderr
2024-09-05T06:55:19.138+0000 7fc1c0c00640 1 -- 172.21.15.17:0/2935471776 <== mon.0 v2:172.21.15.17:3300/0 5 ==== osd_map(2..2 src has 1..2) ==== 940+0+0 (secure 0 0 0) 0x7fc1b406c050 con 0x7fc1c407dd80
2024-09-05T06:55:24.625 INFO:teuthology.orchestra.run.smithi017.stdout:/usr/bin/ceph: stderr
2024-09-05T06:55:19.139+0000 7fc1c3400640 1 --2- 172.21.15.17:0/2935471776 >> [v2:172.21.15.17:6800/540173368,v1:172.21.15.17:6801/540173368] conn(0x7fc1a8038fc0 0x7fc1a803b480 unknown :-1 s=BANNER_CONNECTING pgs=0 cs=0 l=1 rev1=0 crypto rx=0 tx=0 comp rx=0 tx=0)._handle_peer_banner_payload supported=3 required=0
2024-09-05T06:55:24.625 INFO:teuthology.orchestra.run.smithi017.stdout:/usr/bin/ceph: stderr
2024-09-05T06:55:19.139+0000 7fc1c3400640 1 --2- 172.21.15.17:0/2935471776 >> [v2:172.21.15.17:6800/540173368,v1:172.21.15.17:6801/540173368] conn(0x7fc1a8038fc0 0x7fc1a803b480 secure :-1 s=READY pgs=11 cs=0 l=1 rev1=1 crypto rx=0x7fc1b00098c0 tx=0x7fc1b0006db0 comp rx=0 tx=0).ready entity=mgr.14118 client_cookie=0 server_cookie=0 in_seq=0 out_seq=0
2024-09-05T06:55:24.625 INFO:teuthology.orchestra.run.smithi017.stdout:/usr/bin/ceph: stderr
2024-09-05T06:55:19.144+0000 7fc1c0c00640 1 -- 172.21.15.17:0/2935471776 <== mon.0 v2:172.21.15.17:3300/0 6 ==== mon_command_ack([{"prefix": "get_command_descriptions"}]=0 v0) ==== 72+0+188821 (secure 0 0 0) 0x7fc1b4032910 con 0x7fc1c407dd80
2024-09-05T06:55:24.625 INFO:teuthology.orchestra.run.smithi017.stdout:/usr/bin/ceph: stderr
2024-09-05T06:55:19.333+0000 7fc1cac00640 1 -- 172.21.15.17:0/2935471776 --> [v2:172.21.15.17:6800/540173368,v1:172.21.15.17:6801/540173368] -- mgr_command(tid 0: {"prefix": "orch host add", "hostname": "smithi017", "addr": "172.21.15.17", "target": ["mon-mgr", ""]}) -- 0x7fc1c41044a0 con 0x7fc1a8038fc0
2024-09-05T06:55:24.625 INFO:teuthology.orchestra.run.smithi017.stdout:/usr/bin/ceph: stderr
2024-09-05T06:55:23.891+0000 7fc1c0c00640 1 -- 172.21.15.17:0/2935471776 <== mgr.14118 v2:172.21.15.17:6800/540173368 1 ==== mgr_command_reply(tid 0: 0 ) ==== 8+0+48 (secure 0 0 0) 0x7fc1c41044a0 con 0x7fc1a8038fc0
2024-09-05T06:55:24.625 INFO:teuthology.orchestra.run.smithi017.stdout:/usr/bin/ceph: stderr
2024-09-05T06:55:23.894+0000 7fc1cac00640 1 -- 172.21.15.17:0/2935471776 >> [v2:172.21.15.17:6800/540173368,v1:172.21.15.17:6801/540173368] conn(0x7fc1a8038fc0 msgr2=0x7fc1a803b480 secure :-1 s=STATE_CONNECTION_ESTABLISHED l=1).mark_down
2024-09-05T06:55:24.625 INFO:teuthology.orchestra.run.smithi017.stdout:/usr/bin/ceph: stderr
2024-09-05T06:55:23.894+0000 7fc1cac00640 1 --2- 172.21.15.17:0/2935471776 >> [v2:172.21.15.17:6800/540173368,v1:172.21.15.17:6801/540173368] conn(0x7fc1a8038fc0 0x7fc1a803b480 secure :-1 s=READY pgs=11 cs=0 l=1 rev1=1 crypto rx=0x7fc1b00098c0 tx=0x7fc1b0006db0 comp rx=0 tx=0).stop
2024-09-05T06:55:24.625 INFO:teuthology.orchestra.run.smithi017.stdout:/usr/bin/ceph: stderr
2024-09-05T06:55:23.894+0000 7fc1cac00640 1 -- 172.21.15.17:0/2935471776 >> [v2:172.21.15.17:3300/0,v1:172.21.15.17:6789/0] conn(0x7fc1c407dd80 msgr2=0x7fc1c419dc90 secure :-1 s=STATE_CONNECTION_ESTABLISHED l=1).mark_down
2024-09-05T06:55:24.625 INFO:teuthology.orchestra.run.smithi017.stdout:/usr/bin/ceph: stderr
2024-09-05T06:55:23.894+0000 7fc1cac00640 1 --2- 172.21.15.17:0/2935471776 >> [v2:172.21.15.17:3300/0,v1:172.21.15.17:6789/0] conn(0x7fc1c407dd80 0x7fc1c419dc90 secure :-1 s=READY pgs=44 cs=0 l=1 rev1=1 crypto rx=0x7fc1b4009940 tx=0x7fc1b4032670 comp rx=0 tx=0).stop
2024-09-05T06:55:24.625 INFO:teuthology.orchestra.run.smithi017.stdout:/usr/bin/ceph: stderr
2024-09-05T06:55:23.894+0000 7fc1cac00640 1 -- 172.21.15.17:0/2935471776 shutdown_connections
2024-09-05T06:55:24.625 INFO:teuthology.orchestra.run.smithi017.stdout:/usr/bin/ceph: stderr
2024-09-05T06:55:23.894+0000 7fc1cac00640 1 --2- 172.21.15.17:0/2935471776 >> [v2:172.21.15.17:6800/540173368,v1:172.21.15.17:6801/540173368] conn(0x7fc1a8038fc0 0x7fc1a803b480 unknown :-1 s=CLOSED pgs=11 cs=0 l=1 rev1=1 crypto rx=0 tx=0 comp rx=0 tx=0).stop
2024-09-05T06:55:24.625 INFO:teuthology.orchestra.run.smithi017.stdout:/usr/bin/ceph: stderr
2024-09-05T06:55:23.894+0000 7fc1cac00640 1 --2- 172.21.15.17:0/2935471776 >> [v2:172.21.15.17:3300/0,v1:172.21.15.17:6789/0] conn(0x7fc1c407dd80 0x7fc1c419dc90 unknown :-1 s=CLOSED pgs=44 cs=0 l=1 rev1=1 crypto rx=0 tx=0 comp rx=0 tx=0).stop
2024-09-05T06:55:24.626 INFO:teuthology.orchestra.run.smithi017.stdout:/usr/bin/ceph: stderr
2024-09-05T06:55:23.894+0000 7fc1cac00640 1 -- 172.21.15.17:0/2935471776 >> 172.21.15.17:0/2935471776 conn(0x7fc1c4103190 msgr2=0x7fc1c4103d90 unknown :-1 s=STATE_NONE l=0).mark_down
2024-09-05T06:55:24.626 INFO:teuthology.orchestra.run.smithi017.stdout:/usr/bin/ceph: stderr
2024-09-05T06:55:23.895+0000 7fc1cac00640 1 -- 172.21.15.17:0/2935471776 shutdown_connections
2024-09-05T06:55:24.626 INFO:teuthology.orchestra.run.smithi017.stdout:/usr/bin/ceph: stderr
2024-09-05T06:55:23.895+0000 7fc1cac00640 1 -- 172.21.15.17:0/2935471776 wait complete.
2024-09-05T06:55:24.626 INFO:teuthology.orchestra.run.smithi017.stdout:Deploying unmanaged mon service...
2024-09-05T06:55:25.242 INFO:journalctl@ceph.mon.a.smithi017.stdout:Sep 05 06:55:24 smithi017 ceph-mon[29848]: from='mgr.14118 172.21.15.17:0/2429935098' entity='mgr.x'
2024-09-05T06:55:25.242 INFO:journalctl@ceph.mon.a.smithi017.stdout:Sep 05 06:55:24 smithi017 ceph-mon[29848]: Added host smithi017
2024-09-05T06:55:25.242 INFO:journalctl@ceph.mon.a.smithi017.stdout:Sep 05 06:55:24 smithi017 ceph-mon[29848]: from='mgr.14118 172.21.15.17:0/2429935098' entity='mgr.x' cmd=[{"prefix": "config dump", "format": "json"}]: dispatch
2024-09-05T06:55:26.333 INFO:teuthology.orchestra.run.smithi017.stdout:/usr/bin/ceph: stdout Scheduled mon update...
2024-09-05T06:55:26.333 INFO:teuthology.orchestra.run.smithi017.stdout:/usr/bin/ceph: stderr
2024-09-05T06:55:25.242+0000 7f178d400640 1 Processor -- start
2024-09-05T06:55:26.333 INFO:teuthology.orchestra.run.smithi017.stdout:/usr/bin/ceph: stderr
2024-09-05T06:55:25.242+0000 7f178d400640 1 -- start start
2024-09-05T06:55:26.333 INFO:teuthology.orchestra.run.smithi017.stdout:/usr/bin/ceph: stderr
2024-09-05T06:55:25.242+0000 7f178d400640 1 --2- >> [v2:172.21.15.17:3300/0,v1:172.21.15.17:6789/0] conn(0x7f17881099d0 0x7f1788109dd0 unknown :-1 s=NONE pgs=0 cs=0 l=0 rev1=0 crypto rx=0 tx=0 comp rx=0 tx=0).connect
2024-09-05T06:55:26.333 INFO:teuthology.orchestra.run.smithi017.stdout:/usr/bin/ceph: stderr
2024-09-05T06:55:25.242+0000 7f178d400640 1 -- --> [v2:172.21.15.17:3300/0,v1:172.21.15.17:6789/0] -- mon_getmap magic: 0 -- 0x7f178810a3a0 con 0x7f17881099d0
2024-09-05T06:55:26.333 INFO:teuthology.orchestra.run.smithi017.stdout:/usr/bin/ceph: stderr
2024-09-05T06:55:25.242+0000 7f1787e00640 1 --2- >> [v2:172.21.15.17:3300/0,v1:172.21.15.17:6789/0] conn(0x7f17881099d0 0x7f1788109dd0 unknown :-1 s=BANNER_CONNECTING pgs=0 cs=0 l=0 rev1=0 crypto rx=0 tx=0 comp rx=0 tx=0)._handle_peer_banner_payload supported=3 required=0
2024-09-05T06:55:26.333 INFO:teuthology.orchestra.run.smithi017.stdout:/usr/bin/ceph: stderr
2024-09-05T06:55:25.243+0000 7f1787e00640 1 --2- >> [v2:172.21.15.17:3300/0,v1:172.21.15.17:6789/0] conn(0x7f17881099d0 0x7f1788109dd0 unknown :-1 s=HELLO_CONNECTING pgs=0 cs=0 l=0 rev1=1 crypto rx=0 tx=0 comp rx=0 tx=0).handle_hello peer v2:172.21.15.17:3300/0 says I am v2:172.21.15.17:51826/0 (socket says 172.21.15.17:51826)
2024-09-05T06:55:26.333 INFO:teuthology.orchestra.run.smithi017.stdout:/usr/bin/ceph: stderr
2024-09-05T06:55:25.243+0000 7f1787e00640 1 -- 172.21.15.17:0/2005352494 learned_addr learned my addr 172.21.15.17:0/2005352494 (peer_addr_for_me v2:172.21.15.17:0/0)
2024-09-05T06:55:26.333 INFO:teuthology.orchestra.run.smithi017.stdout:/usr/bin/ceph: stderr
2024-09-05T06:55:25.243+0000 7f1787e00640 1 -- 172.21.15.17:0/2005352494 --> [v2:172.21.15.17:3300/0,v1:172.21.15.17:6789/0] -- mon_subscribe({config=0+,monmap=0+}) -- 0x7f178810ab80 con 0x7f17881099d0
2024-09-05T06:55:26.333 INFO:teuthology.orchestra.run.smithi017.stdout:/usr/bin/ceph: stderr
2024-09-05T06:55:25.244+0000 7f1787e00640 1 --2- 172.21.15.17:0/2005352494 >> [v2:172.21.15.17:3300/0,v1:172.21.15.17:6789/0] conn(0x7f17881099d0 0x7f1788109dd0 secure :-1 s=READY pgs=45 cs=0 l=1 rev1=1 crypto rx=0x7f1778009820 tx=0x7f177802a270 comp rx=0 tx=0).ready entity=mon.0 client_cookie=4c0e4426c900bb3d server_cookie=0 in_seq=0 out_seq=0
2024-09-05T06:55:26.334 INFO:teuthology.orchestra.run.smithi017.stdout:/usr/bin/ceph: stderr
2024-09-05T06:55:25.244+0000 7f1787400640 1 -- 172.21.15.17:0/2005352494 <== mon.0 v2:172.21.15.17:3300/0 1 ==== mon_map magic: 0 ==== 205+0+0 (secure 0 0 0) 0x7f1778037070 con 0x7f17881099d0
2024-09-05T06:55:26.334 INFO:teuthology.orchestra.run.smithi017.stdout:/usr/bin/ceph: stderr
2024-09-05T06:55:25.244+0000 7f1787400640 1 -- 172.21.15.17:0/2005352494 <== mon.0 v2:172.21.15.17:3300/0 2 ==== config(29 keys) ==== 1178+0+0 (secure 0 0 0) 0x7f1778032940 con 0x7f17881099d0
2024-09-05T06:55:26.334 INFO:teuthology.orchestra.run.smithi017.stdout:/usr/bin/ceph: stderr
2024-09-05T06:55:25.244+0000 7f1787400640 1 -- 172.21.15.17:0/2005352494 <== mon.0 v2:172.21.15.17:3300/0 3 ==== mon_map magic: 0 ==== 205+0+0 (secure 0 0 0) 0x7f17780309c0 con 0x7f17881099d0
2024-09-05T06:55:26.334 INFO:teuthology.orchestra.run.smithi017.stdout:/usr/bin/ceph: stderr
2024-09-05T06:55:25.245+0000 7f178d400640 1 -- 172.21.15.17:0/2005352494 >> [v2:172.21.15.17:3300/0,v1:172.21.15.17:6789/0] conn(0x7f17881099d0 msgr2=0x7f1788109dd0 secure :-1 s=STATE_CONNECTION_ESTABLISHED l=1).mark_down
2024-09-05T06:55:26.334 INFO:teuthology.orchestra.run.smithi017.stdout:/usr/bin/ceph: stderr
2024-09-05T06:55:25.245+0000 7f178d400640 1 --2- 172.21.15.17:0/2005352494 >> [v2:172.21.15.17:3300/0,v1:172.21.15.17:6789/0] conn(0x7f17881099d0 0x7f1788109dd0 secure :-1 s=READY pgs=45 cs=0 l=1 rev1=1 crypto rx=0x7f1778009820 tx=0x7f177802a270 comp rx=0 tx=0).stop
2024-09-05T06:55:26.334 INFO:teuthology.orchestra.run.smithi017.stdout:/usr/bin/ceph: stderr
2024-09-05T06:55:25.245+0000 7f178d400640 1 -- 172.21.15.17:0/2005352494 shutdown_connections
2024-09-05T06:55:26.334 INFO:teuthology.orchestra.run.smithi017.stdout:/usr/bin/ceph: stderr
2024-09-05T06:55:25.245+0000 7f178d400640 1 --2- 172.21.15.17:0/2005352494 >> [v2:172.21.15.17:3300/0,v1:172.21.15.17:6789/0] conn(0x7f17881099d0 0x7f1788109dd0 unknown :-1 s=CLOSED pgs=45 cs=0 l=1 rev1=1 crypto rx=0 tx=0 comp rx=0 tx=0).stop
2024-09-05T06:55:26.334 INFO:teuthology.orchestra.run.smithi017.stdout:/usr/bin/ceph: stderr
2024-09-05T06:55:25.245+0000 7f178d400640 1 -- 172.21.15.17:0/2005352494 >> 172.21.15.17:0/2005352494 conn(0x7f178807d060 msgr2=0x7f178807d490 unknown :-1 s=STATE_NONE l=0).mark_down
2024-09-05T06:55:26.334 INFO:teuthology.orchestra.run.smithi017.stdout:/usr/bin/ceph: stderr
2024-09-05T06:55:25.245+0000 7f178d400640 1 -- 172.21.15.17:0/2005352494 shutdown_connections
2024-09-05T06:55:26.334 INFO:teuthology.orchestra.run.smithi017.stdout:/usr/bin/ceph: stderr
2024-09-05T06:55:25.245+0000 7f178d400640 1 -- 172.21.15.17:0/2005352494 wait complete.
2024-09-05T06:55:26.334 INFO:teuthology.orchestra.run.smithi017.stdout:/usr/bin/ceph: stderr
2024-09-05T06:55:25.246+0000 7f178d400640 1 Processor -- start
2024-09-05T06:55:26.335 INFO:teuthology.orchestra.run.smithi017.stdout:/usr/bin/ceph: stderr
2024-09-05T06:55:25.246+0000 7f178d400640 1 -- start start
2024-09-05T06:55:26.335 INFO:teuthology.orchestra.run.smithi017.stdout:/usr/bin/ceph: stderr
2024-09-05T06:55:25.246+0000 7f178d400640 1 --2- >> [v2:172.21.15.17:3300/0,v1:172.21.15.17:6789/0] conn(0x7f17881099d0 0x7f178819dab0 unknown :-1 s=NONE pgs=0 cs=0 l=1 rev1=0 crypto rx=0 tx=0 comp rx=0 tx=0).connect
2024-09-05T06:55:26.335 INFO:teuthology.orchestra.run.smithi017.stdout:/usr/bin/ceph: stderr
2024-09-05T06:55:25.246+0000 7f178d400640 1 -- --> [v2:172.21.15.17:3300/0,v1:172.21.15.17:6789/0] -- mon_getmap magic: 0 -- 0x7f178810df30 con 0x7f17881099d0
2024-09-05T06:55:26.335 INFO:teuthology.orchestra.run.smithi017.stdout:/usr/bin/ceph: stderr
2024-09-05T06:55:25.247+0000 7f1787e00640 1 --2- >> [v2:172.21.15.17:3300/0,v1:172.21.15.17:6789/0] conn(0x7f17881099d0 0x7f178819dab0 unknown :-1 s=BANNER_CONNECTING pgs=0 cs=0 l=1 rev1=0 crypto rx=0 tx=0 comp rx=0 tx=0)._handle_peer_banner_payload supported=3 required=0
2024-09-05T06:55:26.335 INFO:teuthology.orchestra.run.smithi017.stdout:/usr/bin/ceph: stderr
2024-09-05T06:55:25.247+0000 7f1787e00640 1 --2- >> [v2:172.21.15.17:3300/0,v1:172.21.15.17:6789/0] conn(0x7f17881099d0 0x7f178819dab0 unknown :-1 s=HELLO_CONNECTING pgs=0 cs=0 l=1 rev1=1 crypto rx=0 tx=0 comp rx=0 tx=0).handle_hello peer v2:172.21.15.17:3300/0 says I am v2:172.21.15.17:51842/0 (socket says 172.21.15.17:51842)
2024-09-05T06:55:26.335 INFO:teuthology.orchestra.run.smithi017.stdout:/usr/bin/ceph: stderr
2024-09-05T06:55:25.247+0000 7f1787e00640 1 -- 172.21.15.17:0/20194087 learned_addr learned my addr 172.21.15.17:0/20194087 (peer_addr_for_me v2:172.21.15.17:0/0)
2024-09-05T06:55:26.335 INFO:teuthology.orchestra.run.smithi017.stdout:/usr/bin/ceph: stderr
2024-09-05T06:55:25.247+0000 7f1787e00640 1 -- 172.21.15.17:0/20194087 --> [v2:172.21.15.17:3300/0,v1:172.21.15.17:6789/0] -- mon_subscribe({config=0+,monmap=0+}) -- 0x7f178819dff0 con 0x7f17881099d0
2024-09-05T06:55:26.335 INFO:teuthology.orchestra.run.smithi017.stdout:/usr/bin/ceph: stderr
2024-09-05T06:55:25.247+0000 7f1787e00640 1 --2- 172.21.15.17:0/20194087 >> [v2:172.21.15.17:3300/0,v1:172.21.15.17:6789/0] conn(0x7f17881099d0 0x7f178819dab0 secure :-1 s=READY pgs=46 cs=0 l=1 rev1=1 crypto rx=0x7f17780097f0 tx=0x7f1778032e60 comp rx=0 tx=0).ready entity=mon.0 client_cookie=0 server_cookie=0 in_seq=0 out_seq=0
2024-09-05T06:55:26.335 INFO:teuthology.orchestra.run.smithi017.stdout:/usr/bin/ceph: stderr
2024-09-05T06:55:25.247+0000 7f1785600640 1 -- 172.21.15.17:0/20194087 <== mon.0 v2:172.21.15.17:3300/0 1 ==== mon_map magic: 0 ==== 205+0+0 (secure 0 0 0) 0x7f1778042070 con 0x7f17881099d0
2024-09-05T06:55:26.335 INFO:teuthology.orchestra.run.smithi017.stdout:/usr/bin/ceph: stderr
2024-09-05T06:55:25.248+0000 7f1785600640 1 -- 172.21.15.17:0/20194087 <== mon.0 v2:172.21.15.17:3300/0 2 ==== config(29 keys) ==== 1178+0+0 (secure 0 0 0) 0x7f17780325f0 con 0x7f17881099d0
2024-09-05T06:55:26.336 INFO:teuthology.orchestra.run.smithi017.stdout:/usr/bin/ceph: stderr
2024-09-05T06:55:25.248+0000 7f1785600640 1 -- 172.21.15.17:0/20194087 <== mon.0 v2:172.21.15.17:3300/0 3 ==== mon_map magic: 0 ==== 205+0+0 (secure 0 0 0) 0x7f1778037040 con 0x7f17881099d0
2024-09-05T06:55:26.336 INFO:teuthology.orchestra.run.smithi017.stdout:/usr/bin/ceph: stderr
2024-09-05T06:55:25.248+0000 7f178d400640 1 -- 172.21.15.17:0/20194087 --> [v2:172.21.15.17:3300/0,v1:172.21.15.17:6789/0] -- mon_subscribe({mgrmap=0+}) -- 0x7f178819e280 con 0x7f17881099d0
2024-09-05T06:55:26.336 INFO:teuthology.orchestra.run.smithi017.stdout:/usr/bin/ceph: stderr
2024-09-05T06:55:25.248+0000 7f178d400640 1 -- 172.21.15.17:0/20194087 --> [v2:172.21.15.17:3300/0,v1:172.21.15.17:6789/0] -- mon_subscribe({osdmap=0}) -- 0x7f17881a0f70 con 0x7f17881099d0
2024-09-05T06:55:26.336 INFO:teuthology.orchestra.run.smithi017.stdout:/usr/bin/ceph: stderr
2024-09-05T06:55:25.249+0000 7f1785600640 1 -- 172.21.15.17:0/20194087 <== mon.0 v2:172.21.15.17:3300/0 4 ==== mgrmap(e 8) ==== 46287+0+0 (secure 0 0 0) 0x7f1778045070 con 0x7f17881099d0
2024-09-05T06:55:26.336 INFO:teuthology.orchestra.run.smithi017.stdout:/usr/bin/ceph: stderr
2024-09-05T06:55:25.249+0000 7f178d400640 1 -- 172.21.15.17:0/20194087 --> [v2:172.21.15.17:3300/0,v1:172.21.15.17:6789/0] -- mon_command({"prefix": "get_command_descriptions"} v 0) -- 0x7f1788109e50 con 0x7f17881099d0
2024-09-05T06:55:26.336 INFO:teuthology.orchestra.run.smithi017.stdout:/usr/bin/ceph: stderr
2024-09-05T06:55:25.249+0000 7f1785600640 1 --2- 172.21.15.17:0/20194087 >> [v2:172.21.15.17:6800/540173368,v1:172.21.15.17:6801/540173368] conn(0x7f176c038fc0 0x7f176c03b480 unknown :-1 s=NONE pgs=0 cs=0 l=1 rev1=0 crypto rx=0 tx=0 comp rx=0 tx=0).connect
2024-09-05T06:55:26.336 INFO:teuthology.orchestra.run.smithi017.stdout:/usr/bin/ceph: stderr
2024-09-05T06:55:25.249+0000 7f1785600640 1 -- 172.21.15.17:0/20194087 <== mon.0 v2:172.21.15.17:3300/0 5 ==== osd_map(2..2 src has 1..2) ==== 940+0+0 (secure 0 0 0) 0x7f177806c000 con 0x7f17881099d0
2024-09-05T06:55:26.337 INFO:teuthology.orchestra.run.smithi017.stdout:/usr/bin/ceph: stderr
2024-09-05T06:55:25.249+0000 7f177f400640 1 --2- 172.21.15.17:0/20194087 >> [v2:172.21.15.17:6800/540173368,v1:172.21.15.17:6801/540173368] conn(0x7f176c038fc0 0x7f176c03b480 unknown :-1 s=BANNER_CONNECTING pgs=0 cs=0 l=1 rev1=0 crypto rx=0 tx=0 comp rx=0 tx=0)._handle_peer_banner_payload supported=3 required=0
2024-09-05T06:55:26.337 INFO:teuthology.orchestra.run.smithi017.stdout:/usr/bin/ceph: stderr
2024-09-05T06:55:25.250+0000 7f177f400640 1 --2- 172.21.15.17:0/20194087 >> [v2:172.21.15.17:6800/540173368,v1:172.21.15.17:6801/540173368] conn(0x7f176c038fc0 0x7f176c03b480 secure :-1 s=READY pgs=12 cs=0 l=1 rev1=1 crypto rx=0x7f17700098c0 tx=0x7f1770006db0 comp rx=0 tx=0).ready entity=mgr.14118 client_cookie=0 server_cookie=0 in_seq=0 out_seq=0
2024-09-05T06:55:26.337 INFO:teuthology.orchestra.run.smithi017.stdout:/usr/bin/ceph: stderr
2024-09-05T06:55:25.255+0000 7f1785600640 1 -- 172.21.15.17:0/20194087 <== mon.0 v2:172.21.15.17:3300/0 6 ==== mon_command_ack([{"prefix": "get_command_descriptions"}]=0 v0) ==== 72+0+188821 (secure 0 0 0) 0x7f1778043260 con 0x7f17881099d0
2024-09-05T06:55:26.337 INFO:teuthology.orchestra.run.smithi017.stdout:/usr/bin/ceph: stderr
2024-09-05T06:55:25.465+0000 7f178d400640 1 -- 172.21.15.17:0/20194087 --> [v2:172.21.15.17:6800/540173368,v1:172.21.15.17:6801/540173368] -- mgr_command(tid 0: {"prefix": "orch apply", "service_type": "mon", "unmanaged": true, "target": ["mon-mgr", ""]}) -- 0x7f1788107c60 con 0x7f176c038fc0
2024-09-05T06:55:26.337 INFO:teuthology.orchestra.run.smithi017.stdout:/usr/bin/ceph: stderr
2024-09-05T06:55:25.470+0000 7f1785600640 1 -- 172.21.15.17:0/20194087 <== mgr.14118 v2:172.21.15.17:6800/540173368 1 ==== mgr_command_reply(tid 0: 0 ) ==== 8+0+24 (secure 0 0 0) 0x7f1788107c60 con 0x7f176c038fc0
2024-09-05T06:55:26.337 INFO:teuthology.orchestra.run.smithi017.stdout:/usr/bin/ceph: stderr
2024-09-05T06:55:25.472+0000 7f178d400640 1 -- 172.21.15.17:0/20194087 >> [v2:172.21.15.17:6800/540173368,v1:172.21.15.17:6801/540173368] conn(0x7f176c038fc0 msgr2=0x7f176c03b480 secure :-1 s=STATE_CONNECTION_ESTABLISHED l=1).mark_down
2024-09-05T06:55:26.337 INFO:teuthology.orchestra.run.smithi017.stdout:/usr/bin/ceph: stderr
2024-09-05T06:55:25.472+0000 7f178d400640 1 --2- 172.21.15.17:0/20194087 >> [v2:172.21.15.17:6800/540173368,v1:172.21.15.17:6801/540173368] conn(0x7f176c038fc0 0x7f176c03b480 secure :-1 s=READY pgs=12 cs=0 l=1 rev1=1 crypto rx=0x7f17700098c0 tx=0x7f1770006db0 comp rx=0 tx=0).stop
2024-09-05T06:55:26.337 INFO:teuthology.orchestra.run.smithi017.stdout:/usr/bin/ceph: stderr
2024-09-05T06:55:25.472+0000 7f178d400640 1 -- 172.21.15.17:0/20194087 >> [v2:172.21.15.17:3300/0,v1:172.21.15.17:6789/0] conn(0x7f17881099d0 msgr2=0x7f178819dab0 secure :-1 s=STATE_CONNECTION_ESTABLISHED l=1).mark_down
2024-09-05T06:55:26.337 INFO:teuthology.orchestra.run.smithi017.stdout:/usr/bin/ceph: stderr
2024-09-05T06:55:25.472+0000 7f178d400640 1 --2- 172.21.15.17:0/20194087 >> [v2:172.21.15.17:3300/0,v1:172.21.15.17:6789/0] conn(0x7f17881099d0 0x7f178819dab0 secure :-1 s=READY pgs=46 cs=0 l=1 rev1=1 crypto rx=0x7f17780097f0 tx=0x7f1778032e60 comp rx=0 tx=0).stop
2024-09-05T06:55:26.337 INFO:teuthology.orchestra.run.smithi017.stdout:/usr/bin/ceph: stderr
2024-09-05T06:55:25.472+0000 7f178d400640 1 -- 172.21.15.17:0/20194087 shutdown_connections
2024-09-05T06:55:26.337 INFO:teuthology.orchestra.run.smithi017.stdout:/usr/bin/ceph: stderr
2024-09-05T06:55:25.472+0000 7f178d400640 1 --2- 172.21.15.17:0/20194087 >> [v2:172.21.15.17:6800/540173368,v1:172.21.15.17:6801/540173368] conn(0x7f176c038fc0 0x7f176c03b480 unknown :-1 s=CLOSED pgs=12 cs=0 l=1 rev1=1 crypto rx=0 tx=0 comp rx=0 tx=0).stop
2024-09-05T06:55:26.338 INFO:teuthology.orchestra.run.smithi017.stdout:/usr/bin/ceph: stderr
2024-09-05T06:55:25.472+0000 7f178d400640 1 --2- 172.21.15.17:0/20194087 >> [v2:172.21.15.17:3300/0,v1:172.21.15.17:6789/0] conn(0x7f17881099d0 0x7f178819dab0 unknown :-1 s=CLOSED pgs=46 cs=0 l=1 rev1=1 crypto rx=0 tx=0 comp rx=0 tx=0).stop
2024-09-05T06:55:26.338 INFO:teuthology.orchestra.run.smithi017.stdout:/usr/bin/ceph: stderr
2024-09-05T06:55:25.472+0000 7f178d400640 1 -- 172.21.15.17:0/20194087 >> 172.21.15.17:0/20194087 conn(0x7f178807d060 msgr2=0x7f1788107550 unknown :-1 s=STATE_NONE l=0).mark_down
2024-09-05T06:55:26.338 INFO:teuthology.orchestra.run.smithi017.stdout:/usr/bin/ceph: stderr
2024-09-05T06:55:25.473+0000 7f178d400640 1 -- 172.21.15.17:0/20194087 shutdown_connections
2024-09-05T06:55:26.338 INFO:teuthology.orchestra.run.smithi017.stdout:/usr/bin/ceph: stderr
2024-09-05T06:55:25.473+0000 7f178d400640 1 -- 172.21.15.17:0/20194087 wait complete.
2024-09-05T06:55:26.338 INFO:teuthology.orchestra.run.smithi017.stdout:Deploying unmanaged mgr service...
2024-09-05T06:55:26.572 INFO:journalctl@ceph.mon.a.smithi017.stdout:Sep 05 06:55:26 smithi017 ceph-mon[29848]: from='client.14140 -' entity='client.admin' cmd=[{"prefix": "orch apply", "service_type": "mon", "unmanaged": true, "target": ["mon-mgr", ""]}]: dispatch
2024-09-05T06:55:26.572 INFO:journalctl@ceph.mon.a.smithi017.stdout:Sep 05 06:55:26 smithi017 ceph-mon[29848]: Saving service mon spec with placement count:5
2024-09-05T06:55:26.572 INFO:journalctl@ceph.mon.a.smithi017.stdout:Sep 05 06:55:26 smithi017 ceph-mon[29848]: from='mgr.14118 172.21.15.17:0/2429935098' entity='mgr.x'
2024-09-05T06:55:28.460 INFO:teuthology.orchestra.run.smithi017.stdout:/usr/bin/ceph: stdout Scheduled mgr update...
2024-09-05T06:55:28.460 INFO:teuthology.orchestra.run.smithi017.stdout:/usr/bin/ceph: stderr
2024-09-05T06:55:27.389+0000 7f78ede00640 1 Processor -- start
2024-09-05T06:55:28.460 INFO:teuthology.orchestra.run.smithi017.stdout:/usr/bin/ceph: stderr
2024-09-05T06:55:27.389+0000 7f78ede00640 1 -- start start
2024-09-05T06:55:28.460 INFO:teuthology.orchestra.run.smithi017.stdout:/usr/bin/ceph: stderr
2024-09-05T06:55:27.389+0000 7f78ede00640 1 --2- >> [v2:172.21.15.17:3300/0,v1:172.21.15.17:6789/0] conn(0x7f78e8108f20 0x7f78e8109320 unknown :-1 s=NONE pgs=0 cs=0 l=0 rev1=0 crypto rx=0 tx=0 comp rx=0 tx=0).connect
2024-09-05T06:55:28.460 INFO:teuthology.orchestra.run.smithi017.stdout:/usr/bin/ceph: stderr
2024-09-05T06:55:27.389+0000 7f78ede00640 1 -- --> [v2:172.21.15.17:3300/0,v1:172.21.15.17:6789/0] -- mon_getmap magic: 0 -- 0x7f78e81074b0 con 0x7f78e8108f20
2024-09-05T06:55:28.460 INFO:teuthology.orchestra.run.smithi017.stdout:/usr/bin/ceph: stderr
2024-09-05T06:55:27.390+0000 7f78eca00640 1 --2- >> [v2:172.21.15.17:3300/0,v1:172.21.15.17:6789/0] conn(0x7f78e8108f20 0x7f78e8109320 unknown :-1 s=BANNER_CONNECTING pgs=0 cs=0 l=0 rev1=0 crypto rx=0 tx=0 comp rx=0 tx=0)._handle_peer_banner_payload supported=3 required=0
2024-09-05T06:55:28.460 INFO:teuthology.orchestra.run.smithi017.stdout:/usr/bin/ceph: stderr
2024-09-05T06:55:27.390+0000 7f78eca00640 1 --2- >> [v2:172.21.15.17:3300/0,v1:172.21.15.17:6789/0] conn(0x7f78e8108f20 0x7f78e8109320 unknown :-1 s=HELLO_CONNECTING pgs=0 cs=0 l=0 rev1=1 crypto rx=0 tx=0 comp rx=0 tx=0).handle_hello peer v2:172.21.15.17:3300/0 says I am v2:172.21.15.17:51848/0 (socket says 172.21.15.17:51848)
2024-09-05T06:55:28.460 INFO:teuthology.orchestra.run.smithi017.stdout:/usr/bin/ceph: stderr
2024-09-05T06:55:27.390+0000 7f78eca00640 1 -- 172.21.15.17:0/3205500390 learned_addr learned my addr 172.21.15.17:0/3205500390 (peer_addr_for_me v2:172.21.15.17:0/0)
2024-09-05T06:55:28.460 INFO:teuthology.orchestra.run.smithi017.stdout:/usr/bin/ceph: stderr
2024-09-05T06:55:27.390+0000 7f78eca00640 1 -- 172.21.15.17:0/3205500390 --> [v2:172.21.15.17:3300/0,v1:172.21.15.17:6789/0] -- mon_subscribe({config=0+,monmap=0+}) -- 0x7f78e8107630 con 0x7f78e8108f20
2024-09-05T06:55:28.461 INFO:teuthology.orchestra.run.smithi017.stdout:/usr/bin/ceph: stderr
2024-09-05T06:55:27.391+0000 7f78eca00640 1 --2- 172.21.15.17:0/3205500390 >> [v2:172.21.15.17:3300/0,v1:172.21.15.17:6789/0] conn(0x7f78e8108f20 0x7f78e8109320 secure :-1 s=READY pgs=47 cs=0 l=1 rev1=1 crypto rx=0x7f78d8009820 tx=0x7f78d802a270 comp rx=0 tx=0).ready entity=mon.0 client_cookie=1c6959be9f610d02 server_cookie=0 in_seq=0 out_seq=0
2024-09-05T06:55:28.461 INFO:teuthology.orchestra.run.smithi017.stdout:/usr/bin/ceph: stderr
2024-09-05T06:55:27.391+0000 7f78e7e00640 1 -- 172.21.15.17:0/3205500390 <== mon.0 v2:172.21.15.17:3300/0 1 ==== mon_map magic: 0 ==== 205+0+0 (secure 0 0 0) 0x7f78d8037070 con 0x7f78e8108f20
2024-09-05T06:55:28.461 INFO:teuthology.orchestra.run.smithi017.stdout:/usr/bin/ceph: stderr
2024-09-05T06:55:27.391+0000 7f78e7e00640 1 -- 172.21.15.17:0/3205500390 <== mon.0 v2:172.21.15.17:3300/0 2 ==== config(29 keys) ==== 1178+0+0 (secure 0 0 0) 0x7f78d8032940 con 0x7f78e8108f20
2024-09-05T06:55:28.461 INFO:teuthology.orchestra.run.smithi017.stdout:/usr/bin/ceph: stderr
2024-09-05T06:55:27.391+0000 7f78e7e00640 1 -- 172.21.15.17:0/3205500390 <== mon.0 v2:172.21.15.17:3300/0 3 ==== mon_map magic: 0 ==== 205+0+0 (secure 0 0 0) 0x7f78d80309c0 con 0x7f78e8108f20
2024-09-05T06:55:28.461 INFO:teuthology.orchestra.run.smithi017.stdout:/usr/bin/ceph: stderr
2024-09-05T06:55:27.392+0000 7f78ede00640 1 -- 172.21.15.17:0/3205500390 >> [v2:172.21.15.17:3300/0,v1:172.21.15.17:6789/0] conn(0x7f78e8108f20 msgr2=0x7f78e8109320 secure :-1 s=STATE_CONNECTION_ESTABLISHED l=1).mark_down
2024-09-05T06:55:28.461 INFO:teuthology.orchestra.run.smithi017.stdout:/usr/bin/ceph: stderr
2024-09-05T06:55:27.392+0000 7f78ede00640 1 --2- 172.21.15.17:0/3205500390 >> [v2:172.21.15.17:3300/0,v1:172.21.15.17:6789/0] conn(0x7f78e8108f20 0x7f78e8109320 secure :-1 s=READY pgs=47 cs=0 l=1 rev1=1 crypto rx=0x7f78d8009820 tx=0x7f78d802a270 comp rx=0 tx=0).stop
2024-09-05T06:55:28.461 INFO:teuthology.orchestra.run.smithi017.stdout:/usr/bin/ceph: stderr
2024-09-05T06:55:27.392+0000 7f78ede00640 1 -- 172.21.15.17:0/3205500390 shutdown_connections
2024-09-05T06:55:28.461 INFO:teuthology.orchestra.run.smithi017.stdout:/usr/bin/ceph: stderr
2024-09-05T06:55:27.392+0000 7f78ede00640 1 --2- 172.21.15.17:0/3205500390 >> [v2:172.21.15.17:3300/0,v1:172.21.15.17:6789/0] conn(0x7f78e8108f20 0x7f78e8109320 unknown :-1 s=CLOSED pgs=47 cs=0 l=1 rev1=1 crypto rx=0 tx=0 comp rx=0 tx=0).stop
2024-09-05T06:55:28.461 INFO:teuthology.orchestra.run.smithi017.stdout:/usr/bin/ceph: stderr
2024-09-05T06:55:27.392+0000 7f78ede00640 1 -- 172.21.15.17:0/3205500390 >> 172.21.15.17:0/3205500390 conn(0x7f78e8103040 msgr2=0x7f78e8105460 unknown :-1 s=STATE_NONE l=0).mark_down
2024-09-05T06:55:28.461 INFO:teuthology.orchestra.run.smithi017.stdout:/usr/bin/ceph: stderr
2024-09-05T06:55:27.392+0000 7f78ede00640 1 -- 172.21.15.17:0/3205500390 shutdown_connections
2024-09-05T06:55:28.461 INFO:teuthology.orchestra.run.smithi017.stdout:/usr/bin/ceph: stderr
2024-09-05T06:55:27.392+0000 7f78ede00640 1 -- 172.21.15.17:0/3205500390 wait complete.
2024-09-05T06:55:28.461 INFO:teuthology.orchestra.run.smithi017.stdout:/usr/bin/ceph: stderr
2024-09-05T06:55:27.393+0000 7f78ede00640 1 Processor -- start
2024-09-05T06:55:28.461 INFO:teuthology.orchestra.run.smithi017.stdout:/usr/bin/ceph: stderr
2024-09-05T06:55:27.393+0000 7f78ede00640 1 -- start start
2024-09-05T06:55:28.462 INFO:teuthology.orchestra.run.smithi017.stdout:/usr/bin/ceph: stderr
2024-09-05T06:55:27.393+0000 7f78ede00640 1 --2- >> [v2:172.21.15.17:3300/0,v1:172.21.15.17:6789/0] conn(0x7f78e8108f20 0x7f78e819dc10 unknown :-1 s=NONE pgs=0 cs=0 l=1 rev1=0 crypto rx=0 tx=0 comp rx=0 tx=0).connect
2024-09-05T06:55:28.462 INFO:teuthology.orchestra.run.smithi017.stdout:/usr/bin/ceph: stderr
2024-09-05T06:55:27.393+0000 7f78ede00640 1 -- --> [v2:172.21.15.17:3300/0,v1:172.21.15.17:6789/0] -- mon_getmap magic: 0 -- 0x7f78e810be50 con 0x7f78e8108f20
2024-09-05T06:55:28.462 INFO:teuthology.orchestra.run.smithi017.stdout:/usr/bin/ceph: stderr
2024-09-05T06:55:27.394+0000 7f78eca00640 1 --2- >> [v2:172.21.15.17:3300/0,v1:172.21.15.17:6789/0] conn(0x7f78e8108f20 0x7f78e819dc10 unknown :-1 s=BANNER_CONNECTING pgs=0 cs=0 l=1 rev1=0 crypto rx=0 tx=0 comp rx=0 tx=0)._handle_peer_banner_payload supported=3 required=0
2024-09-05T06:55:28.462 INFO:teuthology.orchestra.run.smithi017.stdout:/usr/bin/ceph: stderr
2024-09-05T06:55:27.394+0000 7f78eca00640 1 --2- >> [v2:172.21.15.17:3300/0,v1:172.21.15.17:6789/0] conn(0x7f78e8108f20 0x7f78e819dc10 unknown :-1 s=HELLO_CONNECTING pgs=0 cs=0 l=1 rev1=1 crypto rx=0 tx=0 comp rx=0 tx=0).handle_hello peer v2:172.21.15.17:3300/0 says I am v2:172.21.15.17:51856/0 (socket says 172.21.15.17:51856)
2024-09-05T06:55:28.462 INFO:teuthology.orchestra.run.smithi017.stdout:/usr/bin/ceph: stderr
2024-09-05T06:55:27.394+0000 7f78eca00640 1 -- 172.21.15.17:0/3683876566 learned_addr learned my addr 172.21.15.17:0/3683876566 (peer_addr_for_me v2:172.21.15.17:0/0)
2024-09-05T06:55:28.462 INFO:teuthology.orchestra.run.smithi017.stdout:/usr/bin/ceph: stderr
2024-09-05T06:55:27.394+0000 7f78eca00640 1 -- 172.21.15.17:0/3683876566 --> [v2:172.21.15.17:3300/0,v1:172.21.15.17:6789/0] -- mon_subscribe({config=0+,monmap=0+}) -- 0x7f78e819e150 con 0x7f78e8108f20
2024-09-05T06:55:28.462 INFO:teuthology.orchestra.run.smithi017.stdout:/usr/bin/ceph: stderr
2024-09-05T06:55:27.394+0000 7f78eca00640 1 --2- 172.21.15.17:0/3683876566 >> [v2:172.21.15.17:3300/0,v1:172.21.15.17:6789/0] conn(0x7f78e8108f20 0x7f78e819dc10 secure :-1 s=READY pgs=48 cs=0 l=1 rev1=1 crypto rx=0x7f78d80097f0 tx=0x7f78d8032e60 comp rx=0 tx=0).ready entity=mon.0 client_cookie=0 server_cookie=0 in_seq=0 out_seq=0
2024-09-05T06:55:28.462 INFO:teuthology.orchestra.run.smithi017.stdout:/usr/bin/ceph: stderr
