2024-09-05T06:55:27.394+0000 7f78e6000640 1 -- 172.21.15.17:0/3683876566 <== mon.0 v2:172.21.15.17:3300/0 1 ==== mon_map magic: 0 ==== 205+0+0 (secure 0 0 0) 0x7f78d8042070 con 0x7f78e8108f20
2024-09-05T06:55:28.462 INFO:teuthology.orchestra.run.smithi017.stdout:/usr/bin/ceph: stderr
2024-09-05T06:55:27.395+0000 7f78e6000640 1 -- 172.21.15.17:0/3683876566 <== mon.0 v2:172.21.15.17:3300/0 2 ==== config(29 keys) ==== 1178+0+0 (secure 0 0 0) 0x7f78d80325f0 con 0x7f78e8108f20
2024-09-05T06:55:28.462 INFO:teuthology.orchestra.run.smithi017.stdout:/usr/bin/ceph: stderr
2024-09-05T06:55:27.395+0000 7f78e6000640 1 -- 172.21.15.17:0/3683876566 <== mon.0 v2:172.21.15.17:3300/0 3 ==== mon_map magic: 0 ==== 205+0+0 (secure 0 0 0) 0x7f78d8037040 con 0x7f78e8108f20
2024-09-05T06:55:28.462 INFO:teuthology.orchestra.run.smithi017.stdout:/usr/bin/ceph: stderr
2024-09-05T06:55:27.395+0000 7f78ede00640 1 -- 172.21.15.17:0/3683876566 --> [v2:172.21.15.17:3300/0,v1:172.21.15.17:6789/0] -- mon_subscribe({mgrmap=0+}) -- 0x7f78e819e3e0 con 0x7f78e8108f20
2024-09-05T06:55:28.462 INFO:teuthology.orchestra.run.smithi017.stdout:/usr/bin/ceph: stderr
2024-09-05T06:55:27.395+0000 7f78ede00640 1 -- 172.21.15.17:0/3683876566 --> [v2:172.21.15.17:3300/0,v1:172.21.15.17:6789/0] -- mon_subscribe({osdmap=0}) -- 0x7f78e81a10d0 con 0x7f78e8108f20
2024-09-05T06:55:28.462 INFO:teuthology.orchestra.run.smithi017.stdout:/usr/bin/ceph: stderr
2024-09-05T06:55:27.396+0000 7f78e6000640 1 -- 172.21.15.17:0/3683876566 <== mon.0 v2:172.21.15.17:3300/0 4 ==== mgrmap(e 8) ==== 46287+0+0 (secure 0 0 0) 0x7f78d8045070 con 0x7f78e8108f20
2024-09-05T06:55:28.463 INFO:teuthology.orchestra.run.smithi017.stdout:/usr/bin/ceph: stderr
2024-09-05T06:55:27.396+0000 7f78ede00640 1 -- 172.21.15.17:0/3683876566 --> [v2:172.21.15.17:3300/0,v1:172.21.15.17:6789/0] -- mon_command({"prefix": "get_command_descriptions"} v 0) -- 0x7f78e81093a0 con 0x7f78e8108f20
2024-09-05T06:55:28.463 INFO:teuthology.orchestra.run.smithi017.stdout:/usr/bin/ceph: stderr
2024-09-05T06:55:27.396+0000 7f78e6000640 1 --2- 172.21.15.17:0/3683876566 >> [v2:172.21.15.17:6800/540173368,v1:172.21.15.17:6801/540173368] conn(0x7f78cc038fc0 0x7f78cc03b480 unknown :-1 s=NONE pgs=0 cs=0 l=1 rev1=0 crypto rx=0 tx=0 comp rx=0 tx=0).connect
2024-09-05T06:55:28.463 INFO:teuthology.orchestra.run.smithi017.stdout:/usr/bin/ceph: stderr
2024-09-05T06:55:27.396+0000 7f78e6000640 1 -- 172.21.15.17:0/3683876566 <== mon.0 v2:172.21.15.17:3300/0 5 ==== osd_map(2..2 src has 1..2) ==== 940+0+0 (secure 0 0 0) 0x7f78d806c000 con 0x7f78e8108f20
2024-09-05T06:55:28.463 INFO:teuthology.orchestra.run.smithi017.stdout:/usr/bin/ceph: stderr
2024-09-05T06:55:27.396+0000 7f78dfe00640 1 --2- 172.21.15.17:0/3683876566 >> [v2:172.21.15.17:6800/540173368,v1:172.21.15.17:6801/540173368] conn(0x7f78cc038fc0 0x7f78cc03b480 unknown :-1 s=BANNER_CONNECTING pgs=0 cs=0 l=1 rev1=0 crypto rx=0 tx=0 comp rx=0 tx=0)._handle_peer_banner_payload supported=3 required=0
2024-09-05T06:55:28.463 INFO:teuthology.orchestra.run.smithi017.stdout:/usr/bin/ceph: stderr
2024-09-05T06:55:27.397+0000 7f78dfe00640 1 --2- 172.21.15.17:0/3683876566 >> [v2:172.21.15.17:6800/540173368,v1:172.21.15.17:6801/540173368] conn(0x7f78cc038fc0 0x7f78cc03b480 secure :-1 s=READY pgs=13 cs=0 l=1 rev1=1 crypto rx=0x7f78d00098c0 tx=0x7f78d0006db0 comp rx=0 tx=0).ready entity=mgr.14118 client_cookie=0 server_cookie=0 in_seq=0 out_seq=0
2024-09-05T06:55:28.463 INFO:teuthology.orchestra.run.smithi017.stdout:/usr/bin/ceph: stderr
2024-09-05T06:55:27.402+0000 7f78e6000640 1 -- 172.21.15.17:0/3683876566 <== mon.0 v2:172.21.15.17:3300/0 6 ==== mon_command_ack([{"prefix": "get_command_descriptions"}]=0 v0) ==== 72+0+188821 (secure 0 0 0) 0x7f78d8043260 con 0x7f78e8108f20
2024-09-05T06:55:28.463 INFO:teuthology.orchestra.run.smithi017.stdout:/usr/bin/ceph: stderr
2024-09-05T06:55:27.605+0000 7f78ede00640 1 -- 172.21.15.17:0/3683876566 --> [v2:172.21.15.17:6800/540173368,v1:172.21.15.17:6801/540173368] -- mgr_command(tid 0: {"prefix": "orch apply", "service_type": "mgr", "unmanaged": true, "target": ["mon-mgr", ""]}) -- 0x7f78e8104310 con 0x7f78cc038fc0
2024-09-05T06:55:28.463 INFO:teuthology.orchestra.run.smithi017.stdout:/usr/bin/ceph: stderr
2024-09-05T06:55:27.610+0000 7f78e6000640 1 -- 172.21.15.17:0/3683876566 <== mon.0 v2:172.21.15.17:3300/0 7 ==== config(29 keys) ==== 1209+0+0 (secure 0 0 0) 0x7f78d803a380 con 0x7f78e8108f20
2024-09-05T06:55:28.463 INFO:teuthology.orchestra.run.smithi017.stdout:/usr/bin/ceph: stderr
2024-09-05T06:55:27.619+0000 7f78e6000640 1 -- 172.21.15.17:0/3683876566 <== mgr.14118 v2:172.21.15.17:6800/540173368 1 ==== mgr_command_reply(tid 0: 0 ) ==== 8+0+24 (secure 0 0 0) 0x7f78e8104310 con 0x7f78cc038fc0
2024-09-05T06:55:28.463 INFO:teuthology.orchestra.run.smithi017.stdout:/usr/bin/ceph: stderr
2024-09-05T06:55:27.621+0000 7f78ede00640 1 -- 172.21.15.17:0/3683876566 >> [v2:172.21.15.17:6800/540173368,v1:172.21.15.17:6801/540173368] conn(0x7f78cc038fc0 msgr2=0x7f78cc03b480 secure :-1 s=STATE_CONNECTION_ESTABLISHED l=1).mark_down
2024-09-05T06:55:28.463 INFO:teuthology.orchestra.run.smithi017.stdout:/usr/bin/ceph: stderr
2024-09-05T06:55:27.621+0000 7f78ede00640 1 --2- 172.21.15.17:0/3683876566 >> [v2:172.21.15.17:6800/540173368,v1:172.21.15.17:6801/540173368] conn(0x7f78cc038fc0 0x7f78cc03b480 secure :-1 s=READY pgs=13 cs=0 l=1 rev1=1 crypto rx=0x7f78d00098c0 tx=0x7f78d0006db0 comp rx=0 tx=0).stop
2024-09-05T06:55:28.463 INFO:teuthology.orchestra.run.smithi017.stdout:/usr/bin/ceph: stderr
2024-09-05T06:55:27.621+0000 7f78ede00640 1 -- 172.21.15.17:0/3683876566 >> [v2:172.21.15.17:3300/0,v1:172.21.15.17:6789/0] conn(0x7f78e8108f20 msgr2=0x7f78e819dc10 secure :-1 s=STATE_CONNECTION_ESTABLISHED l=1).mark_down
2024-09-05T06:55:28.463 INFO:teuthology.orchestra.run.smithi017.stdout:/usr/bin/ceph: stderr
2024-09-05T06:55:27.621+0000 7f78ede00640 1 --2- 172.21.15.17:0/3683876566 >> [v2:172.21.15.17:3300/0,v1:172.21.15.17:6789/0] conn(0x7f78e8108f20 0x7f78e819dc10 secure :-1 s=READY pgs=48 cs=0 l=1 rev1=1 crypto rx=0x7f78d80097f0 tx=0x7f78d8032e60 comp rx=0 tx=0).stop
2024-09-05T06:55:28.464 INFO:teuthology.orchestra.run.smithi017.stdout:/usr/bin/ceph: stderr
2024-09-05T06:55:27.621+0000 7f78ede00640 1 -- 172.21.15.17:0/3683876566 shutdown_connections
2024-09-05T06:55:28.464 INFO:teuthology.orchestra.run.smithi017.stdout:/usr/bin/ceph: stderr
2024-09-05T06:55:27.621+0000 7f78ede00640 1 --2- 172.21.15.17:0/3683876566 >> [v2:172.21.15.17:6800/540173368,v1:172.21.15.17:6801/540173368] conn(0x7f78cc038fc0 0x7f78cc03b480 unknown :-1 s=CLOSED pgs=13 cs=0 l=1 rev1=1 crypto rx=0 tx=0 comp rx=0 tx=0).stop
2024-09-05T06:55:28.464 INFO:teuthology.orchestra.run.smithi017.stdout:/usr/bin/ceph: stderr
2024-09-05T06:55:27.621+0000 7f78ede00640 1 --2- 172.21.15.17:0/3683876566 >> [v2:172.21.15.17:3300/0,v1:172.21.15.17:6789/0] conn(0x7f78e8108f20 0x7f78e819dc10 unknown :-1 s=CLOSED pgs=48 cs=0 l=1 rev1=1 crypto rx=0 tx=0 comp rx=0 tx=0).stop
2024-09-05T06:55:28.464 INFO:teuthology.orchestra.run.smithi017.stdout:/usr/bin/ceph: stderr
2024-09-05T06:55:27.621+0000 7f78ede00640 1 -- 172.21.15.17:0/3683876566 >> 172.21.15.17:0/3683876566 conn(0x7f78e8103040 msgr2=0x7f78e8103c00 unknown :-1 s=STATE_NONE l=0).mark_down
2024-09-05T06:55:28.464 INFO:teuthology.orchestra.run.smithi017.stdout:/usr/bin/ceph: stderr
2024-09-05T06:55:27.621+0000 7f78ede00640 1 -- 172.21.15.17:0/3683876566 shutdown_connections
2024-09-05T06:55:28.464 INFO:teuthology.orchestra.run.smithi017.stdout:/usr/bin/ceph: stderr
2024-09-05T06:55:27.622+0000 7f78ede00640 1 -- 172.21.15.17:0/3683876566 wait complete.
2024-09-05T06:55:28.716 INFO:journalctl@ceph.mon.a.smithi017.stdout:Sep 05 06:55:28 smithi017 ceph-mon[29848]: from='client.14142 -' entity='client.admin' cmd=[{"prefix": "orch apply", "service_type": "mgr", "unmanaged": true, "target": ["mon-mgr", ""]}]: dispatch
2024-09-05T06:55:28.716 INFO:journalctl@ceph.mon.a.smithi017.stdout:Sep 05 06:55:28 smithi017 ceph-mon[29848]: Saving service mgr spec with placement count:2
2024-09-05T06:55:28.716 INFO:journalctl@ceph.mon.a.smithi017.stdout:Sep 05 06:55:28 smithi017 ceph-mon[29848]: from='mgr.14118 172.21.15.17:0/2429935098' entity='mgr.x'
2024-09-05T06:55:28.716 INFO:journalctl@ceph.mon.a.smithi017.stdout:Sep 05 06:55:28 smithi017 ceph-mon[29848]: from='mgr.14118 172.21.15.17:0/2429935098' entity='mgr.x'
2024-09-05T06:55:28.716 INFO:journalctl@ceph.mon.a.smithi017.stdout:Sep 05 06:55:28 smithi017 ceph-mon[29848]: from='mgr.14118 172.21.15.17:0/2429935098' entity='mgr.x'
2024-09-05T06:55:30.508 INFO:journalctl@ceph.mon.a.smithi017.stdout:Sep 05 06:55:30 smithi017 ceph-mon[29848]: from='client.? 172.21.15.17:0/3688082722' entity='client.admin'
2024-09-05T06:55:30.509 INFO:journalctl@ceph.mon.a.smithi017.stdout:Sep 05 06:55:30 smithi017 ceph-mon[29848]: from='mgr.14118 172.21.15.17:0/2429935098' entity='mgr.x'
2024-09-05T06:55:30.519 INFO:teuthology.orchestra.run.smithi017.stdout:/usr/bin/ceph: stderr
2024-09-05T06:55:28.953+0000 7fc0adc00640 1 Processor -- start
2024-09-05T06:55:30.519 INFO:teuthology.orchestra.run.smithi017.stdout:/usr/bin/ceph: stderr
2024-09-05T06:55:28.953+0000 7fc0adc00640 1 -- start start
2024-09-05T06:55:30.519 INFO:teuthology.orchestra.run.smithi017.stdout:/usr/bin/ceph: stderr
2024-09-05T06:55:28.954+0000 7fc0adc00640 1 --2- >> [v2:172.21.15.17:3300/0,v1:172.21.15.17:6789/0] conn(0x7fc0a810b040 0x7fc0a810b440 unknown :-1 s=NONE pgs=0 cs=0 l=0 rev1=0 crypto rx=0 tx=0 comp rx=0 tx=0).connect
2024-09-05T06:55:30.519 INFO:teuthology.orchestra.run.smithi017.stdout:/usr/bin/ceph: stderr
2024-09-05T06:55:28.954+0000 7fc0adc00640 1 -- --> [v2:172.21.15.17:3300/0,v1:172.21.15.17:6789/0] -- mon_getmap magic: 0 -- 0x7fc0a810b980 con 0x7fc0a810b040
2024-09-05T06:55:30.519 INFO:teuthology.orchestra.run.smithi017.stdout:/usr/bin/ceph: stderr
2024-09-05T06:55:28.954+0000 7fc0a7e00640 1 --2- >> [v2:172.21.15.17:3300/0,v1:172.21.15.17:6789/0] conn(0x7fc0a810b040 0x7fc0a810b440 unknown :-1 s=BANNER_CONNECTING pgs=0 cs=0 l=0 rev1=0 crypto rx=0 tx=0 comp rx=0 tx=0)._handle_peer_banner_payload supported=3 required=0
2024-09-05T06:55:30.519 INFO:teuthology.orchestra.run.smithi017.stdout:/usr/bin/ceph: stderr
2024-09-05T06:55:28.954+0000 7fc0a7e00640 1 --2- >> [v2:172.21.15.17:3300/0,v1:172.21.15.17:6789/0] conn(0x7fc0a810b040 0x7fc0a810b440 unknown :-1 s=HELLO_CONNECTING pgs=0 cs=0 l=0 rev1=1 crypto rx=0 tx=0 comp rx=0 tx=0).handle_hello peer v2:172.21.15.17:3300/0 says I am v2:172.21.15.17:36748/0 (socket says 172.21.15.17:36748)
2024-09-05T06:55:30.519 INFO:teuthology.orchestra.run.smithi017.stdout:/usr/bin/ceph: stderr
2024-09-05T06:55:28.954+0000 7fc0a7e00640 1 -- 172.21.15.17:0/2546671325 learned_addr learned my addr 172.21.15.17:0/2546671325 (peer_addr_for_me v2:172.21.15.17:0/0)
2024-09-05T06:55:30.519 INFO:teuthology.orchestra.run.smithi017.stdout:/usr/bin/ceph: stderr
2024-09-05T06:55:28.954+0000 7fc0a7e00640 1 -- 172.21.15.17:0/2546671325 --> [v2:172.21.15.17:3300/0,v1:172.21.15.17:6789/0] -- mon_subscribe({config=0+,monmap=0+}) -- 0x7fc0a8109710 con 0x7fc0a810b040
2024-09-05T06:55:30.520 INFO:teuthology.orchestra.run.smithi017.stdout:/usr/bin/ceph: stderr
2024-09-05T06:55:28.955+0000 7fc0a7e00640 1 --2- 172.21.15.17:0/2546671325 >> [v2:172.21.15.17:3300/0,v1:172.21.15.17:6789/0] conn(0x7fc0a810b040 0x7fc0a810b440 secure :-1 s=READY pgs=49 cs=0 l=1 rev1=1 crypto rx=0x7fc098009820 tx=0x7fc09802a270 comp rx=0 tx=0).ready entity=mon.0 client_cookie=6587645c217fc6fb server_cookie=0 in_seq=0 out_seq=0
2024-09-05T06:55:30.520 INFO:teuthology.orchestra.run.smithi017.stdout:/usr/bin/ceph: stderr
2024-09-05T06:55:28.956+0000 7fc0a7400640 1 -- 172.21.15.17:0/2546671325 <== mon.0 v2:172.21.15.17:3300/0 1 ==== mon_map magic: 0 ==== 205+0+0 (secure 0 0 0) 0x7fc098037070 con 0x7fc0a810b040
2024-09-05T06:55:30.520 INFO:teuthology.orchestra.run.smithi017.stdout:/usr/bin/ceph: stderr
2024-09-05T06:55:28.956+0000 7fc0a7400640 1 -- 172.21.15.17:0/2546671325 <== mon.0 v2:172.21.15.17:3300/0 2 ==== config(29 keys) ==== 1209+0+0 (secure 0 0 0) 0x7fc098032960 con 0x7fc0a810b040
2024-09-05T06:55:30.520 INFO:teuthology.orchestra.run.smithi017.stdout:/usr/bin/ceph: stderr
2024-09-05T06:55:28.956+0000 7fc0a7400640 1 -- 172.21.15.17:0/2546671325 <== mon.0 v2:172.21.15.17:3300/0 3 ==== mon_map magic: 0 ==== 205+0+0 (secure 0 0 0) 0x7fc098030980 con 0x7fc0a810b040
2024-09-05T06:55:30.520 INFO:teuthology.orchestra.run.smithi017.stdout:/usr/bin/ceph: stderr
2024-09-05T06:55:28.956+0000 7fc0adc00640 1 -- 172.21.15.17:0/2546671325 >> [v2:172.21.15.17:3300/0,v1:172.21.15.17:6789/0] conn(0x7fc0a810b040 msgr2=0x7fc0a810b440 secure :-1 s=STATE_CONNECTION_ESTABLISHED l=1).mark_down
2024-09-05T06:55:30.520 INFO:teuthology.orchestra.run.smithi017.stdout:/usr/bin/ceph: stderr
2024-09-05T06:55:28.956+0000 7fc0adc00640 1 --2- 172.21.15.17:0/2546671325 >> [v2:172.21.15.17:3300/0,v1:172.21.15.17:6789/0] conn(0x7fc0a810b040 0x7fc0a810b440 secure :-1 s=READY pgs=49 cs=0 l=1 rev1=1 crypto rx=0x7fc098009820 tx=0x7fc09802a270 comp rx=0 tx=0).stop
2024-09-05T06:55:30.520 INFO:teuthology.orchestra.run.smithi017.stdout:/usr/bin/ceph: stderr
2024-09-05T06:55:28.957+0000 7fc0adc00640 1 -- 172.21.15.17:0/2546671325 shutdown_connections
2024-09-05T06:55:30.520 INFO:teuthology.orchestra.run.smithi017.stdout:/usr/bin/ceph: stderr
2024-09-05T06:55:28.957+0000 7fc0adc00640 1 --2- 172.21.15.17:0/2546671325 >> [v2:172.21.15.17:3300/0,v1:172.21.15.17:6789/0] conn(0x7fc0a810b040 0x7fc0a810b440 unknown :-1 s=CLOSED pgs=49 cs=0 l=1 rev1=1 crypto rx=0 tx=0 comp rx=0 tx=0).stop
2024-09-05T06:55:30.520 INFO:teuthology.orchestra.run.smithi017.stdout:/usr/bin/ceph: stderr
2024-09-05T06:55:28.957+0000 7fc0adc00640 1 -- 172.21.15.17:0/2546671325 >> 172.21.15.17:0/2546671325 conn(0x7fc0a8105500 msgr2=0x7fc0a81078f0 unknown :-1 s=STATE_NONE l=0).mark_down
2024-09-05T06:55:30.520 INFO:teuthology.orchestra.run.smithi017.stdout:/usr/bin/ceph: stderr
2024-09-05T06:55:28.957+0000 7fc0adc00640 1 -- 172.21.15.17:0/2546671325 shutdown_connections
2024-09-05T06:55:30.520 INFO:teuthology.orchestra.run.smithi017.stdout:/usr/bin/ceph: stderr
2024-09-05T06:55:28.957+0000 7fc0adc00640 1 -- 172.21.15.17:0/2546671325 wait complete.
2024-09-05T06:55:30.520 INFO:teuthology.orchestra.run.smithi017.stdout:/usr/bin/ceph: stderr
2024-09-05T06:55:28.958+0000 7fc0adc00640 1 Processor -- start
2024-09-05T06:55:30.520 INFO:teuthology.orchestra.run.smithi017.stdout:/usr/bin/ceph: stderr
2024-09-05T06:55:28.958+0000 7fc0adc00640 1 -- start start
2024-09-05T06:55:30.521 INFO:teuthology.orchestra.run.smithi017.stdout:/usr/bin/ceph: stderr
2024-09-05T06:55:28.958+0000 7fc0adc00640 1 --2- >> [v2:172.21.15.17:3300/0,v1:172.21.15.17:6789/0] conn(0x7fc0a810b040 0x7fc0a819db70 unknown :-1 s=NONE pgs=0 cs=0 l=1 rev1=0 crypto rx=0 tx=0 comp rx=0 tx=0).connect
2024-09-05T06:55:30.521 INFO:teuthology.orchestra.run.smithi017.stdout:/usr/bin/ceph: stderr
2024-09-05T06:55:28.958+0000 7fc0adc00640 1 -- --> [v2:172.21.15.17:3300/0,v1:172.21.15.17:6789/0] -- mon_getmap magic: 0 -- 0x7fc0a810e040 con 0x7fc0a810b040
2024-09-05T06:55:30.521 INFO:teuthology.orchestra.run.smithi017.stdout:/usr/bin/ceph: stderr
2024-09-05T06:55:28.958+0000 7fc0a7e00640 1 --2- >> [v2:172.21.15.17:3300/0,v1:172.21.15.17:6789/0] conn(0x7fc0a810b040 0x7fc0a819db70 unknown :-1 s=BANNER_CONNECTING pgs=0 cs=0 l=1 rev1=0 crypto rx=0 tx=0 comp rx=0 tx=0)._handle_peer_banner_payload supported=3 required=0
2024-09-05T06:55:30.521 INFO:teuthology.orchestra.run.smithi017.stdout:/usr/bin/ceph: stderr
2024-09-05T06:55:28.958+0000 7fc0a7e00640 1 --2- >> [v2:172.21.15.17:3300/0,v1:172.21.15.17:6789/0] conn(0x7fc0a810b040 0x7fc0a819db70 unknown :-1 s=HELLO_CONNECTING pgs=0 cs=0 l=1 rev1=1 crypto rx=0 tx=0 comp rx=0 tx=0).handle_hello peer v2:172.21.15.17:3300/0 says I am v2:172.21.15.17:36750/0 (socket says 172.21.15.17:36750)
2024-09-05T06:55:30.521 INFO:teuthology.orchestra.run.smithi017.stdout:/usr/bin/ceph: stderr
2024-09-05T06:55:28.958+0000 7fc0a7e00640 1 -- 172.21.15.17:0/3688082722 learned_addr learned my addr 172.21.15.17:0/3688082722 (peer_addr_for_me v2:172.21.15.17:0/0)
2024-09-05T06:55:30.521 INFO:teuthology.orchestra.run.smithi017.stdout:/usr/bin/ceph: stderr
2024-09-05T06:55:28.959+0000 7fc0a7e00640 1 -- 172.21.15.17:0/3688082722 --> [v2:172.21.15.17:3300/0,v1:172.21.15.17:6789/0] -- mon_subscribe({config=0+,monmap=0+}) -- 0x7fc0a819e0b0 con 0x7fc0a810b040
2024-09-05T06:55:30.521 INFO:teuthology.orchestra.run.smithi017.stdout:/usr/bin/ceph: stderr
2024-09-05T06:55:28.959+0000 7fc0a7e00640 1 --2- 172.21.15.17:0/3688082722 >> [v2:172.21.15.17:3300/0,v1:172.21.15.17:6789/0] conn(0x7fc0a810b040 0x7fc0a819db70 secure :-1 s=READY pgs=50 cs=0 l=1 rev1=1 crypto rx=0x7fc098032e80 tx=0x7fc098032eb0 comp rx=0 tx=0).ready entity=mon.0 client_cookie=0 server_cookie=0 in_seq=0 out_seq=0
2024-09-05T06:55:30.521 INFO:teuthology.orchestra.run.smithi017.stdout:/usr/bin/ceph: stderr
2024-09-05T06:55:28.959+0000 7fc0a5600640 1 -- 172.21.15.17:0/3688082722 <== mon.0 v2:172.21.15.17:3300/0 1 ==== mon_map magic: 0 ==== 205+0+0 (secure 0 0 0) 0x7fc098042070 con 0x7fc0a810b040
2024-09-05T06:55:30.521 INFO:teuthology.orchestra.run.smithi017.stdout:/usr/bin/ceph: stderr
2024-09-05T06:55:28.959+0000 7fc0a5600640 1 -- 172.21.15.17:0/3688082722 <== mon.0 v2:172.21.15.17:3300/0 2 ==== config(29 keys) ==== 1209+0+0 (secure 0 0 0) 0x7fc098032670 con 0x7fc0a810b040
2024-09-05T06:55:30.521 INFO:teuthology.orchestra.run.smithi017.stdout:/usr/bin/ceph: stderr
2024-09-05T06:55:28.959+0000 7fc0a5600640 1 -- 172.21.15.17:0/3688082722 <== mon.0 v2:172.21.15.17:3300/0 3 ==== mon_map magic: 0 ==== 205+0+0 (secure 0 0 0) 0x7fc098037040 con 0x7fc0a810b040
2024-09-05T06:55:30.521 INFO:teuthology.orchestra.run.smithi017.stdout:/usr/bin/ceph: stderr
2024-09-05T06:55:28.959+0000 7fc0adc00640 1 -- 172.21.15.17:0/3688082722 --> [v2:172.21.15.17:3300/0,v1:172.21.15.17:6789/0] -- mon_subscribe({mgrmap=0+}) -- 0x7fc0a819e340 con 0x7fc0a810b040
2024-09-05T06:55:30.521 INFO:teuthology.orchestra.run.smithi017.stdout:/usr/bin/ceph: stderr
2024-09-05T06:55:28.960+0000 7fc0adc00640 1 -- 172.21.15.17:0/3688082722 --> [v2:172.21.15.17:3300/0,v1:172.21.15.17:6789/0] -- mon_subscribe({osdmap=0}) -- 0x7fc0a819e7a0 con 0x7fc0a810b040
2024-09-05T06:55:30.522 INFO:teuthology.orchestra.run.smithi017.stdout:/usr/bin/ceph: stderr
2024-09-05T06:55:28.961+0000 7fc0a5600640 1 -- 172.21.15.17:0/3688082722 <== mon.0 v2:172.21.15.17:3300/0 4 ==== mgrmap(e 8) ==== 46287+0+0 (secure 0 0 0) 0x7fc098045070 con 0x7fc0a810b040
2024-09-05T06:55:30.522 INFO:teuthology.orchestra.run.smithi017.stdout:/usr/bin/ceph: stderr
2024-09-05T06:55:28.961+0000 7fc0a5600640 1 --2- 172.21.15.17:0/3688082722 >> [v2:172.21.15.17:6800/540173368,v1:172.21.15.17:6801/540173368] conn(0x7fc08c038fc0 0x7fc08c03b480 unknown :-1 s=NONE pgs=0 cs=0 l=1 rev1=0 crypto rx=0 tx=0 comp rx=0 tx=0).connect
2024-09-05T06:55:30.522 INFO:teuthology.orchestra.run.smithi017.stdout:/usr/bin/ceph: stderr
2024-09-05T06:55:28.961+0000 7fc0adc00640 1 -- 172.21.15.17:0/3688082722 --> [v2:172.21.15.17:3300/0,v1:172.21.15.17:6789/0] -- mon_command({"prefix": "get_command_descriptions"} v 0) -- 0x7fc0a810b440 con 0x7fc0a810b040
2024-09-05T06:55:30.522 INFO:teuthology.orchestra.run.smithi017.stdout:/usr/bin/ceph: stderr
2024-09-05T06:55:28.961+0000 7fc0a5600640 1 -- 172.21.15.17:0/3688082722 <== mon.0 v2:172.21.15.17:3300/0 5 ==== osd_map(2..2 src has 1..2) ==== 940+0+0 (secure 0 0 0) 0x7fc09806c000 con 0x7fc0a810b040
2024-09-05T06:55:30.522 INFO:teuthology.orchestra.run.smithi017.stdout:/usr/bin/ceph: stderr
2024-09-05T06:55:28.962+0000 7fc09fe00640 1 --2- 172.21.15.17:0/3688082722 >> [v2:172.21.15.17:6800/540173368,v1:172.21.15.17:6801/540173368] conn(0x7fc08c038fc0 0x7fc08c03b480 unknown :-1 s=BANNER_CONNECTING pgs=0 cs=0 l=1 rev1=0 crypto rx=0 tx=0 comp rx=0 tx=0)._handle_peer_banner_payload supported=3 required=0
2024-09-05T06:55:30.522 INFO:teuthology.orchestra.run.smithi017.stdout:/usr/bin/ceph: stderr
2024-09-05T06:55:28.962+0000 7fc09fe00640 1 --2- 172.21.15.17:0/3688082722 >> [v2:172.21.15.17:6800/540173368,v1:172.21.15.17:6801/540173368] conn(0x7fc08c038fc0 0x7fc08c03b480 secure :-1 s=READY pgs=14 cs=0 l=1 rev1=1 crypto rx=0x7fc0900098c0 tx=0x7fc090006db0 comp rx=0 tx=0).ready entity=mgr.14118 client_cookie=0 server_cookie=0 in_seq=0 out_seq=0
2024-09-05T06:55:30.522 INFO:teuthology.orchestra.run.smithi017.stdout:/usr/bin/ceph: stderr
2024-09-05T06:55:28.966+0000 7fc0a5600640 1 -- 172.21.15.17:0/3688082722 <== mon.0 v2:172.21.15.17:3300/0 6 ==== mon_command_ack([{"prefix": "get_command_descriptions"}]=0 v0) ==== 72+0+188821 (secure 0 0 0) 0x7fc09804b170 con 0x7fc0a810b040
2024-09-05T06:55:30.522 INFO:teuthology.orchestra.run.smithi017.stdout:/usr/bin/ceph: stderr
2024-09-05T06:55:29.162+0000 7fc0adc00640 1 -- 172.21.15.17:0/3688082722 --> [v2:172.21.15.17:3300/0,v1:172.21.15.17:6789/0] -- mon_command([{prefix=config set, name=mgr/cephadm/container_init}] v 0) -- 0x7fc0a81a14d0 con 0x7fc0a810b040
2024-09-05T06:55:30.522 INFO:teuthology.orchestra.run.smithi017.stdout:/usr/bin/ceph: stderr
2024-09-05T06:55:29.164+0000 7fc0a5600640 1 -- 172.21.15.17:0/3688082722 <== mon.0 v2:172.21.15.17:3300/0 7 ==== mon_command_ack([{prefix=config set, name=mgr/cephadm/container_init}]=0 v7)=0 v7) ==== 142+0+0 (secure 0 0 0) 0x7fc09806b950 con 0x7fc0a810b040
2024-09-05T06:55:30.522 INFO:teuthology.orchestra.run.smithi017.stdout:/usr/bin/ceph: stderr
2024-09-05T06:55:29.167+0000 7fc0adc00640 1 -- 172.21.15.17:0/3688082722 >> [v2:172.21.15.17:6800/540173368,v1:172.21.15.17:6801/540173368] conn(0x7fc08c038fc0 msgr2=0x7fc08c03b480 secure :-1 s=STATE_CONNECTION_ESTABLISHED l=1).mark_down
2024-09-05T06:55:30.522 INFO:teuthology.orchestra.run.smithi017.stdout:/usr/bin/ceph: stderr
2024-09-05T06:55:29.167+0000 7fc0adc00640 1 --2- 172.21.15.17:0/3688082722 >> [v2:172.21.15.17:6800/540173368,v1:172.21.15.17:6801/540173368] conn(0x7fc08c038fc0 0x7fc08c03b480 secure :-1 s=READY pgs=14 cs=0 l=1 rev1=1 crypto rx=0x7fc0900098c0 tx=0x7fc090006db0 comp rx=0 tx=0).stop
2024-09-05T06:55:30.522 INFO:teuthology.orchestra.run.smithi017.stdout:/usr/bin/ceph: stderr
2024-09-05T06:55:29.167+0000 7fc0adc00640 1 -- 172.21.15.17:0/3688082722 >> [v2:172.21.15.17:3300/0,v1:172.21.15.17:6789/0] conn(0x7fc0a810b040 msgr2=0x7fc0a819db70 secure :-1 s=STATE_CONNECTION_ESTABLISHED l=1).mark_down
2024-09-05T06:55:30.523 INFO:teuthology.orchestra.run.smithi017.stdout:/usr/bin/ceph: stderr
2024-09-05T06:55:29.167+0000 7fc0adc00640 1 --2- 172.21.15.17:0/3688082722 >> [v2:172.21.15.17:3300/0,v1:172.21.15.17:6789/0] conn(0x7fc0a810b040 0x7fc0a819db70 secure :-1 s=READY pgs=50 cs=0 l=1 rev1=1 crypto rx=0x7fc098032e80 tx=0x7fc098032eb0 comp rx=0 tx=0).stop
2024-09-05T06:55:30.523 INFO:teuthology.orchestra.run.smithi017.stdout:/usr/bin/ceph: stderr
2024-09-05T06:55:29.167+0000 7fc0adc00640 1 -- 172.21.15.17:0/3688082722 shutdown_connections
2024-09-05T06:55:30.523 INFO:teuthology.orchestra.run.smithi017.stdout:/usr/bin/ceph: stderr
2024-09-05T06:55:29.167+0000 7fc0adc00640 1 --2- 172.21.15.17:0/3688082722 >> [v2:172.21.15.17:6800/540173368,v1:172.21.15.17:6801/540173368] conn(0x7fc08c038fc0 0x7fc08c03b480 unknown :-1 s=CLOSED pgs=14 cs=0 l=1 rev1=1 crypto rx=0 tx=0 comp rx=0 tx=0).stop
2024-09-05T06:55:30.523 INFO:teuthology.orchestra.run.smithi017.stdout:/usr/bin/ceph: stderr
2024-09-05T06:55:29.167+0000 7fc0adc00640 1 --2- 172.21.15.17:0/3688082722 >> [v2:172.21.15.17:3300/0,v1:172.21.15.17:6789/0] conn(0x7fc0a810b040 0x7fc0a819db70 unknown :-1 s=CLOSED pgs=50 cs=0 l=1 rev1=1 crypto rx=0 tx=0 comp rx=0 tx=0).stop
2024-09-05T06:55:30.523 INFO:teuthology.orchestra.run.smithi017.stdout:/usr/bin/ceph: stderr
2024-09-05T06:55:29.167+0000 7fc0adc00640 1 -- 172.21.15.17:0/3688082722 >> 172.21.15.17:0/3688082722 conn(0x7fc0a8105500 msgr2=0x7fc0a8106fc0 unknown :-1 s=STATE_NONE l=0).mark_down
2024-09-05T06:55:30.523 INFO:teuthology.orchestra.run.smithi017.stdout:/usr/bin/ceph: stderr
2024-09-05T06:55:29.167+0000 7fc0adc00640 1 -- 172.21.15.17:0/3688082722 shutdown_connections
2024-09-05T06:55:30.523 INFO:teuthology.orchestra.run.smithi017.stdout:/usr/bin/ceph: stderr
2024-09-05T06:55:29.167+0000 7fc0adc00640 1 -- 172.21.15.17:0/3688082722 wait complete.
2024-09-05T06:55:31.948 INFO:journalctl@ceph.mon.a.smithi017.stdout:Sep 05 06:55:31 smithi017 ceph-mon[29848]: pgmap v3: 0 pgs: ; 0 B data, 0 B used, 0 B / 0 B avail
2024-09-05T06:55:31.948 INFO:journalctl@ceph.mon.a.smithi017.stdout:Sep 05 06:55:31 smithi017 ceph-mon[29848]: from='client.? 172.21.15.17:0/1407149250' entity='client.admin'
2024-09-05T06:55:31.948 INFO:journalctl@ceph.mon.a.smithi017.stdout:Sep 05 06:55:31 smithi017 ceph-mon[29848]: from='mgr.14118 172.21.15.17:0/2429935098' entity='mgr.x'
2024-09-05T06:55:31.958 INFO:teuthology.orchestra.run.smithi017.stdout:/usr/bin/ceph: stderr
2024-09-05T06:55:31.105+0000 7f226a200640 1 Processor -- start
2024-09-05T06:55:31.958 INFO:teuthology.orchestra.run.smithi017.stdout:/usr/bin/ceph: stderr
2024-09-05T06:55:31.105+0000 7f226a200640 1 -- start start
2024-09-05T06:55:31.958 INFO:teuthology.orchestra.run.smithi017.stdout:/usr/bin/ceph: stderr
2024-09-05T06:55:31.105+0000 7f226a200640 1 --2- >> [v2:172.21.15.17:3300/0,v1:172.21.15.17:6789/0] conn(0x7f22641099d0 0x7f2264109dd0 unknown :-1 s=NONE pgs=0 cs=0 l=0 rev1=0 crypto rx=0 tx=0 comp rx=0 tx=0).connect
2024-09-05T06:55:31.958 INFO:teuthology.orchestra.run.smithi017.stdout:/usr/bin/ceph: stderr
2024-09-05T06:55:31.105+0000 7f226a200640 1 -- --> [v2:172.21.15.17:3300/0,v1:172.21.15.17:6789/0] -- mon_getmap magic: 0 -- 0x7f226410a3a0 con 0x7f22641099d0
2024-09-05T06:55:31.958 INFO:teuthology.orchestra.run.smithi017.stdout:/usr/bin/ceph: stderr
2024-09-05T06:55:31.106+0000 7f2268e00640 1 --2- >> [v2:172.21.15.17:3300/0,v1:172.21.15.17:6789/0] conn(0x7f22641099d0 0x7f2264109dd0 unknown :-1 s=BANNER_CONNECTING pgs=0 cs=0 l=0 rev1=0 crypto rx=0 tx=0 comp rx=0 tx=0)._handle_peer_banner_payload supported=3 required=0
2024-09-05T06:55:31.958 INFO:teuthology.orchestra.run.smithi017.stdout:/usr/bin/ceph: stderr
2024-09-05T06:55:31.106+0000 7f2268e00640 1 --2- >> [v2:172.21.15.17:3300/0,v1:172.21.15.17:6789/0] conn(0x7f22641099d0 0x7f2264109dd0 unknown :-1 s=HELLO_CONNECTING pgs=0 cs=0 l=0 rev1=1 crypto rx=0 tx=0 comp rx=0 tx=0).handle_hello peer v2:172.21.15.17:3300/0 says I am v2:172.21.15.17:36760/0 (socket says 172.21.15.17:36760)
2024-09-05T06:55:31.958 INFO:teuthology.orchestra.run.smithi017.stdout:/usr/bin/ceph: stderr
2024-09-05T06:55:31.106+0000 7f2268e00640 1 -- 172.21.15.17:0/44779886 learned_addr learned my addr 172.21.15.17:0/44779886 (peer_addr_for_me v2:172.21.15.17:0/0)
2024-09-05T06:55:31.958 INFO:teuthology.orchestra.run.smithi017.stdout:/usr/bin/ceph: stderr
2024-09-05T06:55:31.106+0000 7f2268e00640 1 -- 172.21.15.17:0/44779886 --> [v2:172.21.15.17:3300/0,v1:172.21.15.17:6789/0] -- mon_subscribe({config=0+,monmap=0+}) -- 0x7f226410ab80 con 0x7f22641099d0
2024-09-05T06:55:31.958 INFO:teuthology.orchestra.run.smithi017.stdout:/usr/bin/ceph: stderr
2024-09-05T06:55:31.107+0000 7f2268e00640 1 --2- 172.21.15.17:0/44779886 >> [v2:172.21.15.17:3300/0,v1:172.21.15.17:6789/0] conn(0x7f22641099d0 0x7f2264109dd0 secure :-1 s=READY pgs=51 cs=0 l=1 rev1=1 crypto rx=0x7f2254009820 tx=0x7f225402a270 comp rx=0 tx=0).ready entity=mon.0 client_cookie=51917afd05fe5e66 server_cookie=0 in_seq=0 out_seq=0
2024-09-05T06:55:31.958 INFO:teuthology.orchestra.run.smithi017.stdout:/usr/bin/ceph: stderr
2024-09-05T06:55:31.107+0000 7f2263e00640 1 -- 172.21.15.17:0/44779886 <== mon.0 v2:172.21.15.17:3300/0 1 ==== mon_map magic: 0 ==== 205+0+0 (secure 0 0 0) 0x7f2254037070 con 0x7f22641099d0
2024-09-05T06:55:31.958 INFO:teuthology.orchestra.run.smithi017.stdout:/usr/bin/ceph: stderr
2024-09-05T06:55:31.107+0000 7f2263e00640 1 -- 172.21.15.17:0/44779886 <== mon.0 v2:172.21.15.17:3300/0 2 ==== config(29 keys) ==== 1209+0+0 (secure 0 0 0) 0x7f2254032960 con 0x7f22641099d0
2024-09-05T06:55:31.959 INFO:teuthology.orchestra.run.smithi017.stdout:/usr/bin/ceph: stderr
2024-09-05T06:55:31.108+0000 7f2263e00640 1 -- 172.21.15.17:0/44779886 <== mon.0 v2:172.21.15.17:3300/0 3 ==== mon_map magic: 0 ==== 205+0+0 (secure 0 0 0) 0x7f2254030980 con 0x7f22641099d0
2024-09-05T06:55:31.959 INFO:teuthology.orchestra.run.smithi017.stdout:/usr/bin/ceph: stderr
2024-09-05T06:55:31.108+0000 7f226a200640 1 -- 172.21.15.17:0/44779886 >> [v2:172.21.15.17:3300/0,v1:172.21.15.17:6789/0] conn(0x7f22641099d0 msgr2=0x7f2264109dd0 secure :-1 s=STATE_CONNECTION_ESTABLISHED l=1).mark_down
2024-09-05T06:55:31.959 INFO:teuthology.orchestra.run.smithi017.stdout:/usr/bin/ceph: stderr
2024-09-05T06:55:31.108+0000 7f226a200640 1 --2- 172.21.15.17:0/44779886 >> [v2:172.21.15.17:3300/0,v1:172.21.15.17:6789/0] conn(0x7f22641099d0 0x7f2264109dd0 secure :-1 s=READY pgs=51 cs=0 l=1 rev1=1 crypto rx=0x7f2254009820 tx=0x7f225402a270 comp rx=0 tx=0).stop
2024-09-05T06:55:31.959 INFO:teuthology.orchestra.run.smithi017.stdout:/usr/bin/ceph: stderr
2024-09-05T06:55:31.108+0000 7f226a200640 1 -- 172.21.15.17:0/44779886 shutdown_connections
2024-09-05T06:55:31.959 INFO:teuthology.orchestra.run.smithi017.stdout:/usr/bin/ceph: stderr
2024-09-05T06:55:31.108+0000 7f226a200640 1 --2- 172.21.15.17:0/44779886 >> [v2:172.21.15.17:3300/0,v1:172.21.15.17:6789/0] conn(0x7f22641099d0 0x7f2264109dd0 unknown :-1 s=CLOSED pgs=51 cs=0 l=1 rev1=1 crypto rx=0 tx=0 comp rx=0 tx=0).stop
2024-09-05T06:55:31.959 INFO:teuthology.orchestra.run.smithi017.stdout:/usr/bin/ceph: stderr
2024-09-05T06:55:31.108+0000 7f226a200640 1 -- 172.21.15.17:0/44779886 >> 172.21.15.17:0/44779886 conn(0x7f226407d060 msgr2=0x7f226407d490 unknown :-1 s=STATE_NONE l=0).mark_down
2024-09-05T06:55:31.959 INFO:teuthology.orchestra.run.smithi017.stdout:/usr/bin/ceph: stderr
2024-09-05T06:55:31.108+0000 7f226a200640 1 -- 172.21.15.17:0/44779886 shutdown_connections
2024-09-05T06:55:31.959 INFO:teuthology.orchestra.run.smithi017.stdout:/usr/bin/ceph: stderr
2024-09-05T06:55:31.108+0000 7f226a200640 1 -- 172.21.15.17:0/44779886 wait complete.
2024-09-05T06:55:31.959 INFO:teuthology.orchestra.run.smithi017.stdout:/usr/bin/ceph: stderr
2024-09-05T06:55:31.109+0000 7f226a200640 1 Processor -- start
2024-09-05T06:55:31.959 INFO:teuthology.orchestra.run.smithi017.stdout:/usr/bin/ceph: stderr
2024-09-05T06:55:31.109+0000 7f226a200640 1 -- start start
2024-09-05T06:55:31.959 INFO:teuthology.orchestra.run.smithi017.stdout:/usr/bin/ceph: stderr
2024-09-05T06:55:31.110+0000 7f226a200640 1 --2- >> [v2:172.21.15.17:3300/0,v1:172.21.15.17:6789/0] conn(0x7f22641099d0 0x7f226419da40 unknown :-1 s=NONE pgs=0 cs=0 l=1 rev1=0 crypto rx=0 tx=0 comp rx=0 tx=0).connect
2024-09-05T06:55:31.959 INFO:teuthology.orchestra.run.smithi017.stdout:/usr/bin/ceph: stderr
2024-09-05T06:55:31.110+0000 7f226a200640 1 -- --> [v2:172.21.15.17:3300/0,v1:172.21.15.17:6789/0] -- mon_getmap magic: 0 -- 0x7f226410df30 con 0x7f22641099d0
2024-09-05T06:55:31.959 INFO:teuthology.orchestra.run.smithi017.stdout:/usr/bin/ceph: stderr
2024-09-05T06:55:31.110+0000 7f2268e00640 1 --2- >> [v2:172.21.15.17:3300/0,v1:172.21.15.17:6789/0] conn(0x7f22641099d0 0x7f226419da40 unknown :-1 s=BANNER_CONNECTING pgs=0 cs=0 l=1 rev1=0 crypto rx=0 tx=0 comp rx=0 tx=0)._handle_peer_banner_payload supported=3 required=0
2024-09-05T06:55:31.960 INFO:teuthology.orchestra.run.smithi017.stdout:/usr/bin/ceph: stderr
2024-09-05T06:55:31.110+0000 7f2268e00640 1 --2- >> [v2:172.21.15.17:3300/0,v1:172.21.15.17:6789/0] conn(0x7f22641099d0 0x7f226419da40 unknown :-1 s=HELLO_CONNECTING pgs=0 cs=0 l=1 rev1=1 crypto rx=0 tx=0 comp rx=0 tx=0).handle_hello peer v2:172.21.15.17:3300/0 says I am v2:172.21.15.17:36762/0 (socket says 172.21.15.17:36762)
2024-09-05T06:55:31.960 INFO:teuthology.orchestra.run.smithi017.stdout:/usr/bin/ceph: stderr
2024-09-05T06:55:31.110+0000 7f2268e00640 1 -- 172.21.15.17:0/1407149250 learned_addr learned my addr 172.21.15.17:0/1407149250 (peer_addr_for_me v2:172.21.15.17:0/0)
2024-09-05T06:55:31.960 INFO:teuthology.orchestra.run.smithi017.stdout:/usr/bin/ceph: stderr
2024-09-05T06:55:31.110+0000 7f2268e00640 1 -- 172.21.15.17:0/1407149250 --> [v2:172.21.15.17:3300/0,v1:172.21.15.17:6789/0] -- mon_subscribe({config=0+,monmap=0+}) -- 0x7f226419df80 con 0x7f22641099d0
2024-09-05T06:55:31.960 INFO:teuthology.orchestra.run.smithi017.stdout:/usr/bin/ceph: stderr
2024-09-05T06:55:31.111+0000 7f2268e00640 1 --2- 172.21.15.17:0/1407149250 >> [v2:172.21.15.17:3300/0,v1:172.21.15.17:6789/0] conn(0x7f22641099d0 0x7f226419da40 secure :-1 s=READY pgs=52 cs=0 l=1 rev1=1 crypto rx=0x7f2254032e80 tx=0x7f2254032eb0 comp rx=0 tx=0).ready entity=mon.0 client_cookie=0 server_cookie=0 in_seq=0 out_seq=0
2024-09-05T06:55:31.960 INFO:teuthology.orchestra.run.smithi017.stdout:/usr/bin/ceph: stderr
2024-09-05T06:55:31.111+0000 7f2262000640 1 -- 172.21.15.17:0/1407149250 <== mon.0 v2:172.21.15.17:3300/0 1 ==== mon_map magic: 0 ==== 205+0+0 (secure 0 0 0) 0x7f2254042070 con 0x7f22641099d0
2024-09-05T06:55:31.960 INFO:teuthology.orchestra.run.smithi017.stdout:/usr/bin/ceph: stderr
2024-09-05T06:55:31.111+0000 7f2262000640 1 -- 172.21.15.17:0/1407149250 <== mon.0 v2:172.21.15.17:3300/0 2 ==== config(29 keys) ==== 1209+0+0 (secure 0 0 0) 0x7f2254032690 con 0x7f22641099d0
2024-09-05T06:55:31.960 INFO:teuthology.orchestra.run.smithi017.stdout:/usr/bin/ceph: stderr
2024-09-05T06:55:31.111+0000 7f226a200640 1 -- 172.21.15.17:0/1407149250 --> [v2:172.21.15.17:3300/0,v1:172.21.15.17:6789/0] -- mon_subscribe({mgrmap=0+}) -- 0x7f226419e210 con 0x7f22641099d0
2024-09-05T06:55:31.960 INFO:teuthology.orchestra.run.smithi017.stdout:/usr/bin/ceph: stderr
2024-09-05T06:55:31.111+0000 7f2262000640 1 -- 172.21.15.17:0/1407149250 <== mon.0 v2:172.21.15.17:3300/0 3 ==== mon_map magic: 0 ==== 205+0+0 (secure 0 0 0) 0x7f2254037040 con 0x7f22641099d0
2024-09-05T06:55:31.960 INFO:teuthology.orchestra.run.smithi017.stdout:/usr/bin/ceph: stderr
2024-09-05T06:55:31.111+0000 7f226a200640 1 -- 172.21.15.17:0/1407149250 --> [v2:172.21.15.17:3300/0,v1:172.21.15.17:6789/0] -- mon_subscribe({osdmap=0}) -- 0x7f22641a0f00 con 0x7f22641099d0
2024-09-05T06:55:31.960 INFO:teuthology.orchestra.run.smithi017.stdout:/usr/bin/ceph: stderr
2024-09-05T06:55:31.112+0000 7f226a200640 1 -- 172.21.15.17:0/1407149250 --> [v2:172.21.15.17:3300/0,v1:172.21.15.17:6789/0] -- mon_command({"prefix": "get_command_descriptions"} v 0) -- 0x7f2264109dd0 con 0x7f22641099d0
2024-09-05T06:55:31.960 INFO:teuthology.orchestra.run.smithi017.stdout:/usr/bin/ceph: stderr
2024-09-05T06:55:31.113+0000 7f2262000640 1 -- 172.21.15.17:0/1407149250 <== mon.0 v2:172.21.15.17:3300/0 4 ==== mgrmap(e 8) ==== 46287+0+0 (secure 0 0 0) 0x7f2254045070 con 0x7f22641099d0
2024-09-05T06:55:31.960 INFO:teuthology.orchestra.run.smithi017.stdout:/usr/bin/ceph: stderr
2024-09-05T06:55:31.113+0000 7f2262000640 1 --2- 172.21.15.17:0/1407149250 >> [v2:172.21.15.17:6800/540173368,v1:172.21.15.17:6801/540173368] conn(0x7f2248038f70 0x7f224803b430 unknown :-1 s=NONE pgs=0 cs=0 l=1 rev1=0 crypto rx=0 tx=0 comp rx=0 tx=0).connect
2024-09-05T06:55:31.960 INFO:teuthology.orchestra.run.smithi017.stdout:/usr/bin/ceph: stderr
2024-09-05T06:55:31.113+0000 7f2262000640 1 -- 172.21.15.17:0/1407149250 <== mon.0 v2:172.21.15.17:3300/0 5 ==== osd_map(2..2 src has 1..2) ==== 940+0+0 (secure 0 0 0) 0x7f225406c110 con 0x7f22641099d0
2024-09-05T06:55:31.961 INFO:teuthology.orchestra.run.smithi017.stdout:/usr/bin/ceph: stderr
2024-09-05T06:55:31.113+0000 7f225be00640 1 --2- 172.21.15.17:0/1407149250 >> [v2:172.21.15.17:6800/540173368,v1:172.21.15.17:6801/540173368] conn(0x7f2248038f70 0x7f224803b430 unknown :-1 s=BANNER_CONNECTING pgs=0 cs=0 l=1 rev1=0 crypto rx=0 tx=0 comp rx=0 tx=0)._handle_peer_banner_payload supported=3 required=0
2024-09-05T06:55:31.961 INFO:teuthology.orchestra.run.smithi017.stdout:/usr/bin/ceph: stderr
2024-09-05T06:55:31.114+0000 7f225be00640 1 --2- 172.21.15.17:0/1407149250 >> [v2:172.21.15.17:6800/540173368,v1:172.21.15.17:6801/540173368] conn(0x7f2248038f70 0x7f224803b430 secure :-1 s=READY pgs=15 cs=0 l=1 rev1=1 crypto rx=0x7f224c0098c0 tx=0x7f224c006db0 comp rx=0 tx=0).ready entity=mgr.14118 client_cookie=0 server_cookie=0 in_seq=0 out_seq=0
2024-09-05T06:55:31.961 INFO:teuthology.orchestra.run.smithi017.stdout:/usr/bin/ceph: stderr
2024-09-05T06:55:31.118+0000 7f2262000640 1 -- 172.21.15.17:0/1407149250 <== mon.0 v2:172.21.15.17:3300/0 6 ==== mon_command_ack([{"prefix": "get_command_descriptions"}]=0 v0) ==== 72+0+188821 (secure 0 0 0) 0x7f225403be10 con 0x7f22641099d0
2024-09-05T06:55:31.961 INFO:teuthology.orchestra.run.smithi017.stdout:/usr/bin/ceph: stderr
2024-09-05T06:55:31.308+0000 7f226a200640 1 -- 172.21.15.17:0/1407149250 --> [v2:172.21.15.17:3300/0,v1:172.21.15.17:6789/0] -- mon_command([{prefix=config set, name=mgr/dashboard/ssl_server_port}] v 0) -- 0x7f22641a10d0 con 0x7f22641099d0
2024-09-05T06:55:31.961 INFO:teuthology.orchestra.run.smithi017.stdout:/usr/bin/ceph: stderr
2024-09-05T06:55:31.312+0000 7f2262000640 1 -- 172.21.15.17:0/1407149250 <== mon.0 v2:172.21.15.17:3300/0 7 ==== mon_command_ack([{prefix=config set, name=mgr/dashboard/ssl_server_port}]=0 v8)=0 v8) ==== 130+0+0 (secure 0 0 0) 0x7f22641a10d0 con 0x7f22641099d0
2024-09-05T06:55:31.961 INFO:teuthology.orchestra.run.smithi017.stdout:/usr/bin/ceph: stderr
2024-09-05T06:55:31.314+0000 7f226a200640 1 -- 172.21.15.17:0/1407149250 >> [v2:172.21.15.17:6800/540173368,v1:172.21.15.17:6801/540173368] conn(0x7f2248038f70 msgr2=0x7f224803b430 secure :-1 s=STATE_CONNECTION_ESTABLISHED l=1).mark_down
2024-09-05T06:55:31.961 INFO:teuthology.orchestra.run.smithi017.stdout:/usr/bin/ceph: stderr
2024-09-05T06:55:31.314+0000 7f226a200640 1 --2- 172.21.15.17:0/1407149250 >> [v2:172.21.15.17:6800/540173368,v1:172.21.15.17:6801/540173368] conn(0x7f2248038f70 0x7f224803b430 secure :-1 s=READY pgs=15 cs=0 l=1 rev1=1 crypto rx=0x7f224c0098c0 tx=0x7f224c006db0 comp rx=0 tx=0).stop
2024-09-05T06:55:31.961 INFO:teuthology.orchestra.run.smithi017.stdout:/usr/bin/ceph: stderr
2024-09-05T06:55:31.314+0000 7f226a200640 1 -- 172.21.15.17:0/1407149250 >> [v2:172.21.15.17:3300/0,v1:172.21.15.17:6789/0] conn(0x7f22641099d0 msgr2=0x7f226419da40 secure :-1 s=STATE_CONNECTION_ESTABLISHED l=1).mark_down
2024-09-05T06:55:31.961 INFO:teuthology.orchestra.run.smithi017.stdout:/usr/bin/ceph: stderr
2024-09-05T06:55:31.314+0000 7f226a200640 1 --2- 172.21.15.17:0/1407149250 >> [v2:172.21.15.17:3300/0,v1:172.21.15.17:6789/0] conn(0x7f22641099d0 0x7f226419da40 secure :-1 s=READY pgs=52 cs=0 l=1 rev1=1 crypto rx=0x7f2254032e80 tx=0x7f2254032eb0 comp rx=0 tx=0).stop
2024-09-05T06:55:31.961 INFO:teuthology.orchestra.run.smithi017.stdout:/usr/bin/ceph: stderr
2024-09-05T06:55:31.315+0000 7f226a200640 1 -- 172.21.15.17:0/1407149250 shutdown_connections
2024-09-05T06:55:31.961 INFO:teuthology.orchestra.run.smithi017.stdout:/usr/bin/ceph: stderr
2024-09-05T06:55:31.315+0000 7f226a200640 1 --2- 172.21.15.17:0/1407149250 >> [v2:172.21.15.17:6800/540173368,v1:172.21.15.17:6801/540173368] conn(0x7f2248038f70 0x7f224803b430 unknown :-1 s=CLOSED pgs=15 cs=0 l=1 rev1=1 crypto rx=0 tx=0 comp rx=0 tx=0).stop
2024-09-05T06:55:31.961 INFO:teuthology.orchestra.run.smithi017.stdout:/usr/bin/ceph: stderr
2024-09-05T06:55:31.315+0000 7f226a200640 1 --2- 172.21.15.17:0/1407149250 >> [v2:172.21.15.17:3300/0,v1:172.21.15.17:6789/0] conn(0x7f22641099d0 0x7f226419da40 unknown :-1 s=CLOSED pgs=52 cs=0 l=1 rev1=1 crypto rx=0 tx=0 comp rx=0 tx=0).stop
2024-09-05T06:55:31.961 INFO:teuthology.orchestra.run.smithi017.stdout:/usr/bin/ceph: stderr
2024-09-05T06:55:31.315+0000 7f226a200640 1 -- 172.21.15.17:0/1407149250 >> 172.21.15.17:0/1407149250 conn(0x7f226407d060 msgr2=0x7f22641074d0 unknown :-1 s=STATE_NONE l=0).mark_down
2024-09-05T06:55:31.961 INFO:teuthology.orchestra.run.smithi017.stdout:/usr/bin/ceph: stderr
2024-09-05T06:55:31.315+0000 7f226a200640 1 -- 172.21.15.17:0/1407149250 shutdown_connections
2024-09-05T06:55:31.962 INFO:teuthology.orchestra.run.smithi017.stdout:/usr/bin/ceph: stderr
2024-09-05T06:55:31.315+0000 7f226a200640 1 -- 172.21.15.17:0/1407149250 wait complete.
2024-09-05T06:55:31.962 INFO:teuthology.orchestra.run.smithi017.stdout:Enabling the dashboard module...
2024-09-05T06:55:33.003 INFO:journalctl@ceph.mon.a.smithi017.stdout:Sep 05 06:55:32 smithi017 ceph-mon[29848]: from='client.? 172.21.15.17:0/1143805726' entity='client.admin' cmd=[{"prefix": "mgr module enable", "module": "dashboard"}]: dispatch
2024-09-05T06:55:33.350 INFO:journalctl@ceph.mgr.x.smithi017.stdout:Sep 05 06:55:33 smithi017 ceph-9439ab54-6b53-11ef-bcd6-c7b262605968-mgr-x[30085]: ignoring --setuser ceph since I am not root
2024-09-05T06:55:33.350 INFO:journalctl@ceph.mgr.x.smithi017.stdout:Sep 05 06:55:33 smithi017 ceph-9439ab54-6b53-11ef-bcd6-c7b262605968-mgr-x[30085]: ignoring --setgroup ceph since I am not root
2024-09-05T06:55:33.350 INFO:journalctl@ceph.mgr.x.smithi017.stdout:Sep 05 06:55:33 smithi017 ceph-9439ab54-6b53-11ef-bcd6-c7b262605968-mgr-x[30085]:
2024-09-05T06:55:33.155+0000 7f833a7da040 -1 mgr[py] Module osd_perf_query has missing NOTIFY_TYPES member
2024-09-05T06:55:33.350 INFO:journalctl@ceph.mgr.x.smithi017.stdout:Sep 05 06:55:33 smithi017 ceph-9439ab54-6b53-11ef-bcd6-c7b262605968-mgr-x[30085]:
2024-09-05T06:55:33.228+0000 7f833a7da040 -1 mgr[py] Module osd_support has missing NOTIFY_TYPES member
2024-09-05T06:55:33.613 INFO:journalctl@ceph.mgr.x.smithi017.stdout:Sep 05 06:55:33 smithi017 ceph-9439ab54-6b53-11ef-bcd6-c7b262605968-mgr-x[30085]:
2024-09-05T06:55:33.422+0000 7f833a7da040 -1 mgr[py] Module diskprediction_local has missing NOTIFY_TYPES member
2024-09-05T06:55:33.613 INFO:journalctl@ceph.mgr.x.smithi017.stdout:Sep 05 06:55:33 smithi017 ceph-9439ab54-6b53-11ef-bcd6-c7b262605968-mgr-x[30085]:
2024-09-05T06:55:33.504+0000 7f833a7da040 -1 mgr[py] Module crash has missing NOTIFY_TYPES member
2024-09-05T06:55:34.000 INFO:journalctl@ceph.mon.a.smithi017.stdout:Sep 05 06:55:33 smithi017 ceph-mon[29848]: from='client.? 172.21.15.17:0/1143805726' entity='client.admin' cmd='[{"prefix": "mgr module enable", "module": "dashboard"}]': finished
2024-09-05T06:55:34.001 INFO:journalctl@ceph.mon.a.smithi017.stdout:Sep 05 06:55:33 smithi017 ceph-mon[29848]: mgrmap e9: x(active, since 22s)
2024-09-05T06:55:34.001 INFO:journalctl@ceph.mgr.x.smithi017.stdout:Sep 05 06:55:33 smithi017 ceph-9439ab54-6b53-11ef-bcd6-c7b262605968-mgr-x[30085]:
2024-09-05T06:55:33.686+0000 7f833a7da040 -1 mgr[py] Module test_orchestrator has missing NOTIFY_TYPES member
2024-09-05T06:55:34.001 INFO:journalctl@ceph.mgr.x.smithi017.stdout:Sep 05 06:55:33 smithi017 ceph-9439ab54-6b53-11ef-bcd6-c7b262605968-mgr-x[30085]:
2024-09-05T06:55:33.857+0000 7f833a7da040 -1 mgr[py] Module snap_schedule has missing NOTIFY_TYPES member
2024-09-05T06:55:34.011 INFO:teuthology.orchestra.run.smithi017.stdout:/usr/bin/ceph: stderr
2024-09-05T06:55:32.495+0000 7f6998000640 1 Processor -- start
2024-09-05T06:55:34.011 INFO:teuthology.orchestra.run.smithi017.stdout:/usr/bin/ceph: stderr
2024-09-05T06:55:32.496+0000 7f6998000640 1 -- start start
2024-09-05T06:55:34.011 INFO:teuthology.orchestra.run.smithi017.stdout:/usr/bin/ceph: stderr
2024-09-05T06:55:32.496+0000 7f6998000640 1 --2- >> [v2:172.21.15.17:3300/0,v1:172.21.15.17:6789/0] conn(0x7f6990109bd0 0x7f6990109fd0 unknown :-1 s=NONE pgs=0 cs=0 l=0 rev1=0 crypto rx=0 tx=0 comp rx=0 tx=0).connect
2024-09-05T06:55:34.011 INFO:teuthology.orchestra.run.smithi017.stdout:/usr/bin/ceph: stderr
2024-09-05T06:55:32.496+0000 7f6998000640 1 -- --> [v2:172.21.15.17:3300/0,v1:172.21.15.17:6789/0] -- mon_getmap magic: 0 -- 0x7f699010a5a0 con 0x7f6990109bd0
2024-09-05T06:55:34.011 INFO:teuthology.orchestra.run.smithi017.stdout:/usr/bin/ceph: stderr
2024-09-05T06:55:32.496+0000 7f6995600640 1 --2- >> [v2:172.21.15.17:3300/0,v1:172.21.15.17:6789/0] conn(0x7f6990109bd0 0x7f6990109fd0 unknown :-1 s=BANNER_CONNECTING pgs=0 cs=0 l=0 rev1=0 crypto rx=0 tx=0 comp rx=0 tx=0)._handle_peer_banner_payload supported=3 required=0
2024-09-05T06:55:34.011 INFO:teuthology.orchestra.run.smithi017.stdout:/usr/bin/ceph: stderr
2024-09-05T06:55:32.496+0000 7f6995600640 1 --2- >> [v2:172.21.15.17:3300/0,v1:172.21.15.17:6789/0] conn(0x7f6990109bd0 0x7f6990109fd0 unknown :-1 s=HELLO_CONNECTING pgs=0 cs=0 l=0 rev1=1 crypto rx=0 tx=0 comp rx=0 tx=0).handle_hello peer v2:172.21.15.17:3300/0 says I am v2:172.21.15.17:36778/0 (socket says 172.21.15.17:36778)
2024-09-05T06:55:34.011 INFO:teuthology.orchestra.run.smithi017.stdout:/usr/bin/ceph: stderr
2024-09-05T06:55:32.497+0000 7f6995600640 1 -- 172.21.15.17:0/2775079650 learned_addr learned my addr 172.21.15.17:0/2775079650 (peer_addr_for_me v2:172.21.15.17:0/0)
2024-09-05T06:55:34.012 INFO:teuthology.orchestra.run.smithi017.stdout:/usr/bin/ceph: stderr
2024-09-05T06:55:32.497+0000 7f6995600640 1 -- 172.21.15.17:0/2775079650 --> [v2:172.21.15.17:3300/0,v1:172.21.15.17:6789/0] -- mon_subscribe({config=0+,monmap=0+}) -- 0x7f699010ad80 con 0x7f6990109bd0
2024-09-05T06:55:34.012 INFO:teuthology.orchestra.run.smithi017.stdout:/usr/bin/ceph: stderr
2024-09-05T06:55:32.498+0000 7f6995600640 1 --2- 172.21.15.17:0/2775079650 >> [v2:172.21.15.17:3300/0,v1:172.21.15.17:6789/0] conn(0x7f6990109bd0 0x7f6990109fd0 secure :-1 s=READY pgs=53 cs=0 l=1 rev1=1 crypto rx=0x7f6984009820 tx=0x7f698402a270 comp rx=0 tx=0).ready entity=mon.0 client_cookie=dfff56c169378eb0 server_cookie=0 in_seq=0 out_seq=0
2024-09-05T06:55:34.012 INFO:teuthology.orchestra.run.smithi017.stdout:/usr/bin/ceph: stderr
2024-09-05T06:55:32.498+0000 7f698fe00640 1 -- 172.21.15.17:0/2775079650 <== mon.0 v2:172.21.15.17:3300/0 1 ==== mon_map magic: 0 ==== 205+0+0 (secure 0 0 0) 0x7f6984037070 con 0x7f6990109bd0
2024-09-05T06:55:34.012 INFO:teuthology.orchestra.run.smithi017.stdout:/usr/bin/ceph: stderr
2024-09-05T06:55:32.498+0000 7f698fe00640 1 -- 172.21.15.17:0/2775079650 <== mon.0 v2:172.21.15.17:3300/0 2 ==== config(29 keys) ==== 1209+0+0 (secure 0 0 0) 0x7f6984032960 con 0x7f6990109bd0
2024-09-05T06:55:34.012 INFO:teuthology.orchestra.run.smithi017.stdout:/usr/bin/ceph: stderr
2024-09-05T06:55:32.498+0000 7f698fe00640 1 -- 172.21.15.17:0/2775079650 <== mon.0 v2:172.21.15.17:3300/0 3 ==== mon_map magic: 0 ==== 205+0+0 (secure 0 0 0) 0x7f6984030980 con 0x7f6990109bd0
2024-09-05T06:55:34.012 INFO:teuthology.orchestra.run.smithi017.stdout:/usr/bin/ceph: stderr
2024-09-05T06:55:32.499+0000 7f6998000640 1 -- 172.21.15.17:0/2775079650 >> [v2:172.21.15.17:3300/0,v1:172.21.15.17:6789/0] conn(0x7f6990109bd0 msgr2=0x7f6990109fd0 secure :-1 s=STATE_CONNECTION_ESTABLISHED l=1).mark_down
2024-09-05T06:55:34.012 INFO:teuthology.orchestra.run.smithi017.stdout:/usr/bin/ceph: stderr
2024-09-05T06:55:32.499+0000 7f6998000640 1 --2- 172.21.15.17:0/2775079650 >> [v2:172.21.15.17:3300/0,v1:172.21.15.17:6789/0] conn(0x7f6990109bd0 0x7f6990109fd0 secure :-1 s=READY pgs=53 cs=0 l=1 rev1=1 crypto rx=0x7f6984009820 tx=0x7f698402a270 comp rx=0 tx=0).stop
2024-09-05T06:55:34.012 INFO:teuthology.orchestra.run.smithi017.stdout:/usr/bin/ceph: stderr
2024-09-05T06:55:32.499+0000 7f6998000640 1 -- 172.21.15.17:0/2775079650 shutdown_connections
2024-09-05T06:55:34.012 INFO:teuthology.orchestra.run.smithi017.stdout:/usr/bin/ceph: stderr
2024-09-05T06:55:32.499+0000 7f6998000640 1 --2- 172.21.15.17:0/2775079650 >> [v2:172.21.15.17:3300/0,v1:172.21.15.17:6789/0] conn(0x7f6990109bd0 0x7f6990109fd0 unknown :-1 s=CLOSED pgs=53 cs=0 l=1 rev1=1 crypto rx=0 tx=0 comp rx=0 tx=0).stop
2024-09-05T06:55:34.012 INFO:teuthology.orchestra.run.smithi017.stdout:/usr/bin/ceph: stderr
2024-09-05T06:55:32.499+0000 7f6998000640 1 -- 172.21.15.17:0/2775079650 >> 172.21.15.17:0/2775079650 conn(0x7f699007d1b0 msgr2=0x7f699007d5c0 unknown :-1 s=STATE_NONE l=0).mark_down
2024-09-05T06:55:34.012 INFO:teuthology.orchestra.run.smithi017.stdout:/usr/bin/ceph: stderr
2024-09-05T06:55:32.499+0000 7f6998000640 1 -- 172.21.15.17:0/2775079650 shutdown_connections
2024-09-05T06:55:34.012 INFO:teuthology.orchestra.run.smithi017.stdout:/usr/bin/ceph: stderr
2024-09-05T06:55:32.499+0000 7f6998000640 1 -- 172.21.15.17:0/2775079650 wait complete.
2024-09-05T06:55:34.013 INFO:teuthology.orchestra.run.smithi017.stdout:/usr/bin/ceph: stderr
2024-09-05T06:55:32.500+0000 7f6998000640 1 Processor -- start
2024-09-05T06:55:34.013 INFO:teuthology.orchestra.run.smithi017.stdout:/usr/bin/ceph: stderr
2024-09-05T06:55:32.500+0000 7f6998000640 1 -- start start
2024-09-05T06:55:34.013 INFO:teuthology.orchestra.run.smithi017.stdout:/usr/bin/ceph: stderr
2024-09-05T06:55:32.501+0000 7f6998000640 1 --2- >> [v2:172.21.15.17:3300/0,v1:172.21.15.17:6789/0] conn(0x7f6990109bd0 0x7f699019dc60 unknown :-1 s=NONE pgs=0 cs=0 l=1 rev1=0 crypto rx=0 tx=0 comp rx=0 tx=0).connect
2024-09-05T06:55:34.013 INFO:teuthology.orchestra.run.smithi017.stdout:/usr/bin/ceph: stderr
2024-09-05T06:55:32.501+0000 7f6998000640 1 -- --> [v2:172.21.15.17:3300/0,v1:172.21.15.17:6789/0] -- mon_getmap magic: 0 -- 0x7f699010e130 con 0x7f6990109bd0
2024-09-05T06:55:34.013 INFO:teuthology.orchestra.run.smithi017.stdout:/usr/bin/ceph: stderr
2024-09-05T06:55:32.501+0000 7f6995600640 1 --2- >> [v2:172.21.15.17:3300/0,v1:172.21.15.17:6789/0] conn(0x7f6990109bd0 0x7f699019dc60 unknown :-1 s=BANNER_CONNECTING pgs=0 cs=0 l=1 rev1=0 crypto rx=0 tx=0 comp rx=0 tx=0)._handle_peer_banner_payload supported=3 required=0
2024-09-05T06:55:34.013 INFO:teuthology.orchestra.run.smithi017.stdout:/usr/bin/ceph: stderr
2024-09-05T06:55:32.501+0000 7f6995600640 1 --2- >> [v2:172.21.15.17:3300/0,v1:172.21.15.17:6789/0] conn(0x7f6990109bd0 0x7f699019dc60 unknown :-1 s=HELLO_CONNECTING pgs=0 cs=0 l=1 rev1=1 crypto rx=0 tx=0 comp rx=0 tx=0).handle_hello peer v2:172.21.15.17:3300/0 says I am v2:172.21.15.17:36784/0 (socket says 172.21.15.17:36784)
