2024-09-05T06:55:04.063 INFO:teuthology.orchestra.run.smithi017.stdout:/usr/bin/ceph: stdout mon_osd_allow_pg_remap = true
2024-09-05T06:55:04.063 INFO:teuthology.orchestra.run.smithi017.stdout:/usr/bin/ceph: stdout mon_osd_allow_primary_affinity = true
2024-09-05T06:55:04.063 INFO:teuthology.orchestra.run.smithi017.stdout:/usr/bin/ceph: stdout mon_warn_on_no_sortbitwise = false
2024-09-05T06:55:04.068 INFO:teuthology.orchestra.run.smithi017.stdout:/usr/bin/ceph: stdout osd_crush_chooseleaf_type = 0
2024-09-05T06:55:04.069 INFO:teuthology.orchestra.run.smithi017.stdout:/usr/bin/ceph: stdout
2024-09-05T06:55:04.069 INFO:teuthology.orchestra.run.smithi017.stdout:/usr/bin/ceph: stdout [mgr]
2024-09-05T06:55:04.069 INFO:teuthology.orchestra.run.smithi017.stdout:/usr/bin/ceph: stdout mgr/telemetry/nag = false
2024-09-05T06:55:04.069 INFO:teuthology.orchestra.run.smithi017.stdout:/usr/bin/ceph: stdout
2024-09-05T06:55:04.069 INFO:teuthology.orchestra.run.smithi017.stdout:/usr/bin/ceph: stdout [osd]
2024-09-05T06:55:04.069 INFO:teuthology.orchestra.run.smithi017.stdout:/usr/bin/ceph: stdout mon_osd_backfillfull_ratio = 0.85
2024-09-05T06:55:04.069 INFO:teuthology.orchestra.run.smithi017.stdout:/usr/bin/ceph: stdout mon_osd_full_ratio = 0.9
2024-09-05T06:55:04.069 INFO:teuthology.orchestra.run.smithi017.stdout:/usr/bin/ceph: stdout mon_osd_nearfull_ratio = 0.8
2024-09-05T06:55:04.069 INFO:teuthology.orchestra.run.smithi017.stdout:/usr/bin/ceph: stdout osd_map_max_advance = 10
2024-09-05T06:55:04.069 INFO:teuthology.orchestra.run.smithi017.stdout:/usr/bin/ceph: stdout osd_sloppy_crc = true
2024-09-05T06:55:04.069 INFO:teuthology.orchestra.run.smithi017.stdout:/usr/bin/ceph: stderr
2024-09-05T06:55:03.277+0000 7f223ae00640 1 Processor -- start
2024-09-05T06:55:04.069 INFO:teuthology.orchestra.run.smithi017.stdout:/usr/bin/ceph: stderr
2024-09-05T06:55:03.278+0000 7f223ae00640 1 -- start start
2024-09-05T06:55:04.069 INFO:teuthology.orchestra.run.smithi017.stdout:/usr/bin/ceph: stderr
2024-09-05T06:55:03.278+0000 7f223ae00640 1 --2- >> [v2:172.21.15.17:3300/0,v1:172.21.15.17:6789/0] conn(0x7f2234109bd0 0x7f2234109fd0 unknown :-1 s=NONE pgs=0 cs=0 l=0 rev1=0 crypto rx=0 tx=0 comp rx=0 tx=0).connect
2024-09-05T06:55:04.070 INFO:teuthology.orchestra.run.smithi017.stdout:/usr/bin/ceph: stderr
2024-09-05T06:55:03.278+0000 7f223ae00640 1 -- --> [v2:172.21.15.17:3300/0,v1:172.21.15.17:6789/0] -- mon_getmap magic: 0 -- 0x7f223410a5a0 con 0x7f2234109bd0
2024-09-05T06:55:04.070 INFO:teuthology.orchestra.run.smithi017.stdout:/usr/bin/ceph: stderr
2024-09-05T06:55:03.278+0000 7f2233e00640 1 --2- >> [v2:172.21.15.17:3300/0,v1:172.21.15.17:6789/0] conn(0x7f2234109bd0 0x7f2234109fd0 unknown :-1 s=BANNER_CONNECTING pgs=0 cs=0 l=0 rev1=0 crypto rx=0 tx=0 comp rx=0 tx=0)._handle_peer_banner_payload supported=3 required=0
2024-09-05T06:55:04.070 INFO:teuthology.orchestra.run.smithi017.stdout:/usr/bin/ceph: stderr
2024-09-05T06:55:03.278+0000 7f2233e00640 1 --2- >> [v2:172.21.15.17:3300/0,v1:172.21.15.17:6789/0] conn(0x7f2234109bd0 0x7f2234109fd0 unknown :-1 s=HELLO_CONNECTING pgs=0 cs=0 l=0 rev1=1 crypto rx=0 tx=0 comp rx=0 tx=0).handle_hello peer v2:172.21.15.17:3300/0 says I am v2:172.21.15.17:48222/0 (socket says 172.21.15.17:48222)
2024-09-05T06:55:04.070 INFO:teuthology.orchestra.run.smithi017.stdout:/usr/bin/ceph: stderr
2024-09-05T06:55:03.278+0000 7f2233e00640 1 -- 172.21.15.17:0/1261490875 learned_addr learned my addr 172.21.15.17:0/1261490875 (peer_addr_for_me v2:172.21.15.17:0/0)
2024-09-05T06:55:04.070 INFO:teuthology.orchestra.run.smithi017.stdout:/usr/bin/ceph: stderr
2024-09-05T06:55:03.279+0000 7f2233e00640 1 -- 172.21.15.17:0/1261490875 --> [v2:172.21.15.17:3300/0,v1:172.21.15.17:6789/0] -- mon_subscribe({config=0+,monmap=0+}) -- 0x7f223410ad80 con 0x7f2234109bd0
2024-09-05T06:55:04.070 INFO:teuthology.orchestra.run.smithi017.stdout:/usr/bin/ceph: stderr
2024-09-05T06:55:03.280+0000 7f2233e00640 1 --2- 172.21.15.17:0/1261490875 >> [v2:172.21.15.17:3300/0,v1:172.21.15.17:6789/0] conn(0x7f2234109bd0 0x7f2234109fd0 secure :-1 s=READY pgs=18 cs=0 l=1 rev1=1 crypto rx=0x7f2224009820 tx=0x7f222402a270 comp rx=0 tx=0).ready entity=mon.0 client_cookie=e3ec23ceb898c11e server_cookie=0 in_seq=0 out_seq=0
2024-09-05T06:55:04.070 INFO:teuthology.orchestra.run.smithi017.stdout:/usr/bin/ceph: stderr
2024-09-05T06:55:03.280+0000 7f2233400640 1 -- 172.21.15.17:0/1261490875 <== mon.0 v2:172.21.15.17:3300/0 1 ==== mon_map magic: 0 ==== 205+0+0 (secure 0 0 0) 0x7f2224037070 con 0x7f2234109bd0
2024-09-05T06:55:04.070 INFO:teuthology.orchestra.run.smithi017.stdout:/usr/bin/ceph: stderr
2024-09-05T06:55:03.280+0000 7f2233400640 1 -- 172.21.15.17:0/1261490875 <== mon.0 v2:172.21.15.17:3300/0 2 ==== config(29 keys) ==== 1178+0+0 (secure 0 0 0) 0x7f2224032940 con 0x7f2234109bd0
2024-09-05T06:55:04.070 INFO:teuthology.orchestra.run.smithi017.stdout:/usr/bin/ceph: stderr
2024-09-05T06:55:03.280+0000 7f2233400640 1 -- 172.21.15.17:0/1261490875 <== mon.0 v2:172.21.15.17:3300/0 3 ==== mon_map magic: 0 ==== 205+0+0 (secure 0 0 0) 0x7f22240309c0 con 0x7f2234109bd0
2024-09-05T06:55:04.070 INFO:teuthology.orchestra.run.smithi017.stdout:/usr/bin/ceph: stderr
2024-09-05T06:55:03.280+0000 7f223ae00640 1 -- 172.21.15.17:0/1261490875 >> [v2:172.21.15.17:3300/0,v1:172.21.15.17:6789/0] conn(0x7f2234109bd0 msgr2=0x7f2234109fd0 secure :-1 s=STATE_CONNECTION_ESTABLISHED l=1).mark_down
2024-09-05T06:55:04.070 INFO:teuthology.orchestra.run.smithi017.stdout:/usr/bin/ceph: stderr
2024-09-05T06:55:03.280+0000 7f223ae00640 1 --2- 172.21.15.17:0/1261490875 >> [v2:172.21.15.17:3300/0,v1:172.21.15.17:6789/0] conn(0x7f2234109bd0 0x7f2234109fd0 secure :-1 s=READY pgs=18 cs=0 l=1 rev1=1 crypto rx=0x7f2224009820 tx=0x7f222402a270 comp rx=0 tx=0).stop
2024-09-05T06:55:04.070 INFO:teuthology.orchestra.run.smithi017.stdout:/usr/bin/ceph: stderr
2024-09-05T06:55:03.281+0000 7f223ae00640 1 -- 172.21.15.17:0/1261490875 shutdown_connections
2024-09-05T06:55:04.070 INFO:teuthology.orchestra.run.smithi017.stdout:/usr/bin/ceph: stderr
2024-09-05T06:55:03.281+0000 7f223ae00640 1 --2- 172.21.15.17:0/1261490875 >> [v2:172.21.15.17:3300/0,v1:172.21.15.17:6789/0] conn(0x7f2234109bd0 0x7f2234109fd0 unknown :-1 s=CLOSED pgs=18 cs=0 l=1 rev1=1 crypto rx=0 tx=0 comp rx=0 tx=0).stop
2024-09-05T06:55:04.071 INFO:teuthology.orchestra.run.smithi017.stdout:/usr/bin/ceph: stderr
2024-09-05T06:55:03.281+0000 7f223ae00640 1 -- 172.21.15.17:0/1261490875 >> 172.21.15.17:0/1261490875 conn(0x7f223407d1e0 msgr2=0x7f223407d5f0 unknown :-1 s=STATE_NONE l=0).mark_down
2024-09-05T06:55:04.071 INFO:teuthology.orchestra.run.smithi017.stdout:/usr/bin/ceph: stderr
2024-09-05T06:55:03.281+0000 7f223ae00640 1 -- 172.21.15.17:0/1261490875 shutdown_connections
2024-09-05T06:55:04.071 INFO:teuthology.orchestra.run.smithi017.stdout:/usr/bin/ceph: stderr
2024-09-05T06:55:03.281+0000 7f223ae00640 1 -- 172.21.15.17:0/1261490875 wait complete.
2024-09-05T06:55:04.071 INFO:teuthology.orchestra.run.smithi017.stdout:/usr/bin/ceph: stderr
2024-09-05T06:55:03.282+0000 7f223ae00640 1 Processor -- start
2024-09-05T06:55:04.071 INFO:teuthology.orchestra.run.smithi017.stdout:/usr/bin/ceph: stderr
2024-09-05T06:55:03.282+0000 7f223ae00640 1 -- start start
2024-09-05T06:55:04.071 INFO:teuthology.orchestra.run.smithi017.stdout:/usr/bin/ceph: stderr
2024-09-05T06:55:03.282+0000 7f223ae00640 1 --2- >> [v2:172.21.15.17:3300/0,v1:172.21.15.17:6789/0] conn(0x7f2234109bd0 0x7f223419dcb0 unknown :-1 s=NONE pgs=0 cs=0 l=1 rev1=0 crypto rx=0 tx=0 comp rx=0 tx=0).connect
2024-09-05T06:55:04.071 INFO:teuthology.orchestra.run.smithi017.stdout:/usr/bin/ceph: stderr
2024-09-05T06:55:03.282+0000 7f223ae00640 1 -- --> [v2:172.21.15.17:3300/0,v1:172.21.15.17:6789/0] -- mon_getmap magic: 0 -- 0x7f223410e130 con 0x7f2234109bd0
2024-09-05T06:55:04.071 INFO:teuthology.orchestra.run.smithi017.stdout:/usr/bin/ceph: stderr
2024-09-05T06:55:03.282+0000 7f2233e00640 1 --2- >> [v2:172.21.15.17:3300/0,v1:172.21.15.17:6789/0] conn(0x7f2234109bd0 0x7f223419dcb0 unknown :-1 s=BANNER_CONNECTING pgs=0 cs=0 l=1 rev1=0 crypto rx=0 tx=0 comp rx=0 tx=0)._handle_peer_banner_payload supported=3 required=0
2024-09-05T06:55:04.071 INFO:teuthology.orchestra.run.smithi017.stdout:/usr/bin/ceph: stderr
2024-09-05T06:55:03.282+0000 7f2233e00640 1 --2- >> [v2:172.21.15.17:3300/0,v1:172.21.15.17:6789/0] conn(0x7f2234109bd0 0x7f223419dcb0 unknown :-1 s=HELLO_CONNECTING pgs=0 cs=0 l=1 rev1=1 crypto rx=0 tx=0 comp rx=0 tx=0).handle_hello peer v2:172.21.15.17:3300/0 says I am v2:172.21.15.17:48236/0 (socket says 172.21.15.17:48236)
2024-09-05T06:55:04.071 INFO:teuthology.orchestra.run.smithi017.stdout:/usr/bin/ceph: stderr
2024-09-05T06:55:03.282+0000 7f2233e00640 1 -- 172.21.15.17:0/1109899989 learned_addr learned my addr 172.21.15.17:0/1109899989 (peer_addr_for_me v2:172.21.15.17:0/0)
2024-09-05T06:55:04.071 INFO:teuthology.orchestra.run.smithi017.stdout:/usr/bin/ceph: stderr
2024-09-05T06:55:03.283+0000 7f2233e00640 1 -- 172.21.15.17:0/1109899989 --> [v2:172.21.15.17:3300/0,v1:172.21.15.17:6789/0] -- mon_subscribe({config=0+,monmap=0+}) -- 0x7f223419e1f0 con 0x7f2234109bd0
2024-09-05T06:55:04.071 INFO:teuthology.orchestra.run.smithi017.stdout:/usr/bin/ceph: stderr
2024-09-05T06:55:03.283+0000 7f2233e00640 1 --2- 172.21.15.17:0/1109899989 >> [v2:172.21.15.17:3300/0,v1:172.21.15.17:6789/0] conn(0x7f2234109bd0 0x7f223419dcb0 secure :-1 s=READY pgs=19 cs=0 l=1 rev1=1 crypto rx=0x7f2224032e90 tx=0x7f2224032ec0 comp rx=0 tx=0).ready entity=mon.0 client_cookie=0 server_cookie=0 in_seq=0 out_seq=0
2024-09-05T06:55:04.071 INFO:teuthology.orchestra.run.smithi017.stdout:/usr/bin/ceph: stderr
2024-09-05T06:55:03.283+0000 7f2231600640 1 -- 172.21.15.17:0/1109899989 <== mon.0 v2:172.21.15.17:3300/0 1 ==== mon_map magic: 0 ==== 205+0+0 (secure 0 0 0) 0x7f2224042070 con 0x7f2234109bd0
2024-09-05T06:55:04.071 INFO:teuthology.orchestra.run.smithi017.stdout:/usr/bin/ceph: stderr
2024-09-05T06:55:03.283+0000 7f223ae00640 1 -- 172.21.15.17:0/1109899989 --> [v2:172.21.15.17:3300/0,v1:172.21.15.17:6789/0] -- mon_subscribe({mgrmap=0+}) -- 0x7f223419e480 con 0x7f2234109bd0
2024-09-05T06:55:04.072 INFO:teuthology.orchestra.run.smithi017.stdout:/usr/bin/ceph: stderr
2024-09-05T06:55:03.283+0000 7f2231600640 1 -- 172.21.15.17:0/1109899989 <== mon.0 v2:172.21.15.17:3300/0 2 ==== config(29 keys) ==== 1178+0+0 (secure 0 0 0) 0x7f22240326b0 con 0x7f2234109bd0
2024-09-05T06:55:04.072 INFO:teuthology.orchestra.run.smithi017.stdout:/usr/bin/ceph: stderr
2024-09-05T06:55:03.283+0000 7f2231600640 1 -- 172.21.15.17:0/1109899989 <== mon.0 v2:172.21.15.17:3300/0 3 ==== mon_map magic: 0 ==== 205+0+0 (secure 0 0 0) 0x7f2224037040 con 0x7f2234109bd0
2024-09-05T06:55:04.072 INFO:teuthology.orchestra.run.smithi017.stdout:/usr/bin/ceph: stderr
2024-09-05T06:55:03.283+0000 7f223ae00640 1 -- 172.21.15.17:0/1109899989 --> [v2:172.21.15.17:3300/0,v1:172.21.15.17:6789/0] -- mon_subscribe({osdmap=0}) -- 0x7f22341a1170 con 0x7f2234109bd0
2024-09-05T06:55:04.072 INFO:teuthology.orchestra.run.smithi017.stdout:/usr/bin/ceph: stderr
2024-09-05T06:55:03.284+0000 7f2231600640 1 -- 172.21.15.17:0/1109899989 <== mon.0 v2:172.21.15.17:3300/0 4 ==== mgrmap(e 4) ==== 46276+0+0 (secure 0 0 0) 0x7f2224045070 con 0x7f2234109bd0
2024-09-05T06:55:04.072 INFO:teuthology.orchestra.run.smithi017.stdout:/usr/bin/ceph: stderr
2024-09-05T06:55:03.285+0000 7f223ae00640 1 -- 172.21.15.17:0/1109899989 --> [v2:172.21.15.17:3300/0,v1:172.21.15.17:6789/0] -- mon_command({"prefix": "get_command_descriptions"} v 0) -- 0x7f223410a050 con 0x7f2234109bd0
2024-09-05T06:55:04.072 INFO:teuthology.orchestra.run.smithi017.stdout:/usr/bin/ceph: stderr
2024-09-05T06:55:03.285+0000 7f2231600640 1 --2- 172.21.15.17:0/1109899989 >> [v2:172.21.15.17:6800/2485461649,v1:172.21.15.17:6801/2485461649] conn(0x7f2218038f20 0x7f221803b3e0 unknown :-1 s=NONE pgs=0 cs=0 l=1 rev1=0 crypto rx=0 tx=0 comp rx=0 tx=0).connect
2024-09-05T06:55:04.072 INFO:teuthology.orchestra.run.smithi017.stdout:/usr/bin/ceph: stderr
2024-09-05T06:55:03.285+0000 7f2231600640 1 -- 172.21.15.17:0/1109899989 <== mon.0 v2:172.21.15.17:3300/0 5 ==== osd_map(1..1 src has 1..1) ==== 725+0+0 (secure 0 0 0) 0x7f222406bf30 con 0x7f2234109bd0
2024-09-05T06:55:04.072 INFO:teuthology.orchestra.run.smithi017.stdout:/usr/bin/ceph: stderr
2024-09-05T06:55:03.285+0000 7f222b400640 1 --2- 172.21.15.17:0/1109899989 >> [v2:172.21.15.17:6800/2485461649,v1:172.21.15.17:6801/2485461649] conn(0x7f2218038f20 0x7f221803b3e0 unknown :-1 s=BANNER_CONNECTING pgs=0 cs=0 l=1 rev1=0 crypto rx=0 tx=0 comp rx=0 tx=0)._handle_peer_banner_payload supported=3 required=0
2024-09-05T06:55:04.072 INFO:teuthology.orchestra.run.smithi017.stdout:/usr/bin/ceph: stderr
2024-09-05T06:55:03.286+0000 7f222b400640 1 --2- 172.21.15.17:0/1109899989 >> [v2:172.21.15.17:6800/2485461649,v1:172.21.15.17:6801/2485461649] conn(0x7f2218038f20 0x7f221803b3e0 secure :-1 s=READY pgs=7 cs=0 l=1 rev1=1 crypto rx=0x7f221c0098c0 tx=0x7f221c006db0 comp rx=0 tx=0).ready entity=mgr.14100 client_cookie=0 server_cookie=0 in_seq=0 out_seq=0
2024-09-05T06:55:04.072 INFO:teuthology.orchestra.run.smithi017.stdout:/usr/bin/ceph: stderr
2024-09-05T06:55:03.290+0000 7f2231600640 1 -- 172.21.15.17:0/1109899989 <== mon.0 v2:172.21.15.17:3300/0 6 ==== mon_command_ack([{"prefix": "get_command_descriptions"}]=0 v0) ==== 72+0+188821 (secure 0 0 0) 0x7f222404b170 con 0x7f2234109bd0
2024-09-05T06:55:04.072 INFO:teuthology.orchestra.run.smithi017.stdout:/usr/bin/ceph: stderr
2024-09-05T06:55:03.475+0000 7f223ae00640 1 -- 172.21.15.17:0/1109899989 --> [v2:172.21.15.17:3300/0,v1:172.21.15.17:6789/0] -- mon_command({"prefix": "config assimilate-conf"} v 0) -- 0x7f22341a2970 con 0x7f2234109bd0
2024-09-05T06:55:04.072 INFO:teuthology.orchestra.run.smithi017.stdout:/usr/bin/ceph: stderr
2024-09-05T06:55:03.476+0000 7f2231600640 1 -- 172.21.15.17:0/1109899989 <== mon.0 v2:172.21.15.17:3300/0 7 ==== mon_command_ack([{"prefix": "config assimilate-conf"}]=0 v3) ==== 70+0+429 (secure 0 0 0) 0x7f222406b950 con 0x7f2234109bd0
2024-09-05T06:55:04.072 INFO:teuthology.orchestra.run.smithi017.stdout:/usr/bin/ceph: stderr
2024-09-05T06:55:03.479+0000 7f223ae00640 1 -- 172.21.15.17:0/1109899989 >> [v2:172.21.15.17:6800/2485461649,v1:172.21.15.17:6801/2485461649] conn(0x7f2218038f20 msgr2=0x7f221803b3e0 secure :-1 s=STATE_CONNECTION_ESTABLISHED l=1).mark_down
2024-09-05T06:55:04.073 INFO:teuthology.orchestra.run.smithi017.stdout:/usr/bin/ceph: stderr
2024-09-05T06:55:03.479+0000 7f223ae00640 1 --2- 172.21.15.17:0/1109899989 >> [v2:172.21.15.17:6800/2485461649,v1:172.21.15.17:6801/2485461649] conn(0x7f2218038f20 0x7f221803b3e0 secure :-1 s=READY pgs=7 cs=0 l=1 rev1=1 crypto rx=0x7f221c0098c0 tx=0x7f221c006db0 comp rx=0 tx=0).stop
2024-09-05T06:55:04.073 INFO:teuthology.orchestra.run.smithi017.stdout:/usr/bin/ceph: stderr
2024-09-05T06:55:03.479+0000 7f223ae00640 1 -- 172.21.15.17:0/1109899989 >> [v2:172.21.15.17:3300/0,v1:172.21.15.17:6789/0] conn(0x7f2234109bd0 msgr2=0x7f223419dcb0 secure :-1 s=STATE_CONNECTION_ESTABLISHED l=1).mark_down
2024-09-05T06:55:04.073 INFO:teuthology.orchestra.run.smithi017.stdout:/usr/bin/ceph: stderr
2024-09-05T06:55:03.479+0000 7f223ae00640 1 --2- 172.21.15.17:0/1109899989 >> [v2:172.21.15.17:3300/0,v1:172.21.15.17:6789/0] conn(0x7f2234109bd0 0x7f223419dcb0 secure :-1 s=READY pgs=19 cs=0 l=1 rev1=1 crypto rx=0x7f2224032e90 tx=0x7f2224032ec0 comp rx=0 tx=0).stop
2024-09-05T06:55:04.073 INFO:teuthology.orchestra.run.smithi017.stdout:/usr/bin/ceph: stderr
2024-09-05T06:55:03.479+0000 7f223ae00640 1 -- 172.21.15.17:0/1109899989 shutdown_connections
2024-09-05T06:55:04.073 INFO:teuthology.orchestra.run.smithi017.stdout:/usr/bin/ceph: stderr
2024-09-05T06:55:03.479+0000 7f223ae00640 1 --2- 172.21.15.17:0/1109899989 >> [v2:172.21.15.17:6800/2485461649,v1:172.21.15.17:6801/2485461649] conn(0x7f2218038f20 0x7f221803b3e0 unknown :-1 s=CLOSED pgs=7 cs=0 l=1 rev1=1 crypto rx=0 tx=0 comp rx=0 tx=0).stop
2024-09-05T06:55:04.073 INFO:teuthology.orchestra.run.smithi017.stdout:/usr/bin/ceph: stderr
2024-09-05T06:55:03.479+0000 7f223ae00640 1 --2- 172.21.15.17:0/1109899989 >> [v2:172.21.15.17:3300/0,v1:172.21.15.17:6789/0] conn(0x7f2234109bd0 0x7f223419dcb0 unknown :-1 s=CLOSED pgs=19 cs=0 l=1 rev1=1 crypto rx=0 tx=0 comp rx=0 tx=0).stop
2024-09-05T06:55:04.073 INFO:teuthology.orchestra.run.smithi017.stdout:/usr/bin/ceph: stderr
2024-09-05T06:55:03.479+0000 7f223ae00640 1 -- 172.21.15.17:0/1109899989 >> 172.21.15.17:0/1109899989 conn(0x7f223407d1e0 msgr2=0x7f2234107670 unknown :-1 s=STATE_NONE l=0).mark_down
2024-09-05T06:55:04.073 INFO:teuthology.orchestra.run.smithi017.stdout:/usr/bin/ceph: stderr
2024-09-05T06:55:03.479+0000 7f223ae00640 1 -- 172.21.15.17:0/1109899989 shutdown_connections
2024-09-05T06:55:04.073 INFO:teuthology.orchestra.run.smithi017.stdout:/usr/bin/ceph: stderr
2024-09-05T06:55:03.479+0000 7f223ae00640 1 -- 172.21.15.17:0/1109899989 wait complete.
2024-09-05T06:55:04.073 INFO:teuthology.orchestra.run.smithi017.stdout:Enabling cephadm module...
2024-09-05T06:55:05.057 INFO:journalctl@ceph.mon.a.smithi017.stdout:Sep 05 06:55:04 smithi017 ceph-mon[29848]: from='client.? 172.21.15.17:0/637185992' entity='client.admin' cmd=[{"prefix": "mgr module enable", "module": "cephadm"}]: dispatch
2024-09-05T06:55:05.057 INFO:journalctl@ceph.mgr.x.smithi017.stdout:Sep 05 06:55:04 smithi017 ceph-9439ab54-6b53-11ef-bcd6-c7b262605968-mgr-x[30085]: ignoring --setuser ceph since I am not root
2024-09-05T06:55:05.058 INFO:journalctl@ceph.mgr.x.smithi017.stdout:Sep 05 06:55:04 smithi017 ceph-9439ab54-6b53-11ef-bcd6-c7b262605968-mgr-x[30085]: ignoring --setgroup ceph since I am not root
2024-09-05T06:55:05.058 INFO:journalctl@ceph.mgr.x.smithi017.stdout:Sep 05 06:55:05 smithi017 ceph-9439ab54-6b53-11ef-bcd6-c7b262605968-mgr-x[30085]:
2024-09-05T06:55:05.056+0000 7f689b810040 -1 mgr[py] Module osd_perf_query has missing NOTIFY_TYPES member
2024-09-05T06:55:05.324 INFO:journalctl@ceph.mgr.x.smithi017.stdout:Sep 05 06:55:05 smithi017 ceph-9439ab54-6b53-11ef-bcd6-c7b262605968-mgr-x[30085]:
2024-09-05T06:55:05.133+0000 7f689b810040 -1 mgr[py] Module osd_support has missing NOTIFY_TYPES member
2024-09-05T06:55:05.324 INFO:journalctl@ceph.mgr.x.smithi017.stdout:Sep 05 06:55:05 smithi017 ceph-9439ab54-6b53-11ef-bcd6-c7b262605968-mgr-x[30085]:
2024-09-05T06:55:05.324+0000 7f689b810040 -1 mgr[py] Module diskprediction_local has missing NOTIFY_TYPES member
2024-09-05T06:55:05.531 INFO:teuthology.orchestra.run.smithi017.stdout:/usr/bin/ceph: stderr
2024-09-05T06:55:04.545+0000 7f2dca600640 1 Processor -- start
2024-09-05T06:55:05.531 INFO:teuthology.orchestra.run.smithi017.stdout:/usr/bin/ceph: stderr
2024-09-05T06:55:04.545+0000 7f2dca600640 1 -- start start
2024-09-05T06:55:05.531 INFO:teuthology.orchestra.run.smithi017.stdout:/usr/bin/ceph: stderr
2024-09-05T06:55:04.546+0000 7f2dca600640 1 --2- >> [v2:172.21.15.17:3300/0,v1:172.21.15.17:6789/0] conn(0x7f2dc407dd40 0x7f2dc407c240 unknown :-1 s=NONE pgs=0 cs=0 l=0 rev1=0 crypto rx=0 tx=0 comp rx=0 tx=0).connect
2024-09-05T06:55:05.531 INFO:teuthology.orchestra.run.smithi017.stdout:/usr/bin/ceph: stderr
2024-09-05T06:55:04.546+0000 7f2dca600640 1 -- --> [v2:172.21.15.17:3300/0,v1:172.21.15.17:6789/0] -- mon_getmap magic: 0 -- 0x7f2dc407c780 con 0x7f2dc407dd40
2024-09-05T06:55:05.531 INFO:teuthology.orchestra.run.smithi017.stdout:/usr/bin/ceph: stderr
2024-09-05T06:55:04.546+0000 7f2dc3400640 1 --2- >> [v2:172.21.15.17:3300/0,v1:172.21.15.17:6789/0] conn(0x7f2dc407dd40 0x7f2dc407c240 unknown :-1 s=BANNER_CONNECTING pgs=0 cs=0 l=0 rev1=0 crypto rx=0 tx=0 comp rx=0 tx=0)._handle_peer_banner_payload supported=3 required=0
2024-09-05T06:55:05.531 INFO:teuthology.orchestra.run.smithi017.stdout:/usr/bin/ceph: stderr
2024-09-05T06:55:04.546+0000 7f2dc3400640 1 --2- >> [v2:172.21.15.17:3300/0,v1:172.21.15.17:6789/0] conn(0x7f2dc407dd40 0x7f2dc407c240 unknown :-1 s=HELLO_CONNECTING pgs=0 cs=0 l=0 rev1=1 crypto rx=0 tx=0 comp rx=0 tx=0).handle_hello peer v2:172.21.15.17:3300/0 says I am v2:172.21.15.17:48244/0 (socket says 172.21.15.17:48244)
2024-09-05T06:55:05.531 INFO:teuthology.orchestra.run.smithi017.stdout:/usr/bin/ceph: stderr
2024-09-05T06:55:04.546+0000 7f2dc3400640 1 -- 172.21.15.17:0/2328340696 learned_addr learned my addr 172.21.15.17:0/2328340696 (peer_addr_for_me v2:172.21.15.17:0/0)
2024-09-05T06:55:05.531 INFO:teuthology.orchestra.run.smithi017.stdout:/usr/bin/ceph: stderr
2024-09-05T06:55:04.546+0000 7f2dc3400640 1 -- 172.21.15.17:0/2328340696 --> [v2:172.21.15.17:3300/0,v1:172.21.15.17:6789/0] -- mon_subscribe({config=0+,monmap=0+}) -- 0x7f2dc407c900 con 0x7f2dc407dd40
2024-09-05T06:55:05.531 INFO:teuthology.orchestra.run.smithi017.stdout:/usr/bin/ceph: stderr
2024-09-05T06:55:04.547+0000 7f2dc3400640 1 --2- 172.21.15.17:0/2328340696 >> [v2:172.21.15.17:3300/0,v1:172.21.15.17:6789/0] conn(0x7f2dc407dd40 0x7f2dc407c240 secure :-1 s=READY pgs=20 cs=0 l=1 rev1=1 crypto rx=0x7f2db4009820 tx=0x7f2db402a270 comp rx=0 tx=0).ready entity=mon.0 client_cookie=4d97d1579e039ffb server_cookie=0 in_seq=0 out_seq=0
2024-09-05T06:55:05.531 INFO:teuthology.orchestra.run.smithi017.stdout:/usr/bin/ceph: stderr
2024-09-05T06:55:04.548+0000 7f2dc2a00640 1 -- 172.21.15.17:0/2328340696 <== mon.0 v2:172.21.15.17:3300/0 1 ==== mon_map magic: 0 ==== 205+0+0 (secure 0 0 0) 0x7f2db4037070 con 0x7f2dc407dd40
2024-09-05T06:55:05.531 INFO:teuthology.orchestra.run.smithi017.stdout:/usr/bin/ceph: stderr
2024-09-05T06:55:04.548+0000 7f2dc2a00640 1 -- 172.21.15.17:0/2328340696 <== mon.0 v2:172.21.15.17:3300/0 2 ==== config(29 keys) ==== 1178+0+0 (secure 0 0 0) 0x7f2db4032940 con 0x7f2dc407dd40
2024-09-05T06:55:05.532 INFO:teuthology.orchestra.run.smithi017.stdout:/usr/bin/ceph: stderr
2024-09-05T06:55:04.548+0000 7f2dc2a00640 1 -- 172.21.15.17:0/2328340696 <== mon.0 v2:172.21.15.17:3300/0 3 ==== mon_map magic: 0 ==== 205+0+0 (secure 0 0 0) 0x7f2db40309c0 con 0x7f2dc407dd40
2024-09-05T06:55:05.532 INFO:teuthology.orchestra.run.smithi017.stdout:/usr/bin/ceph: stderr
2024-09-05T06:55:04.548+0000 7f2dca600640 1 -- 172.21.15.17:0/2328340696 >> [v2:172.21.15.17:3300/0,v1:172.21.15.17:6789/0] conn(0x7f2dc407dd40 msgr2=0x7f2dc407c240 secure :-1 s=STATE_CONNECTION_ESTABLISHED l=1).mark_down
2024-09-05T06:55:05.532 INFO:teuthology.orchestra.run.smithi017.stdout:/usr/bin/ceph: stderr
2024-09-05T06:55:04.548+0000 7f2dca600640 1 --2- 172.21.15.17:0/2328340696 >> [v2:172.21.15.17:3300/0,v1:172.21.15.17:6789/0] conn(0x7f2dc407dd40 0x7f2dc407c240 secure :-1 s=READY pgs=20 cs=0 l=1 rev1=1 crypto rx=0x7f2db4009820 tx=0x7f2db402a270 comp rx=0 tx=0).stop
2024-09-05T06:55:05.532 INFO:teuthology.orchestra.run.smithi017.stdout:/usr/bin/ceph: stderr
2024-09-05T06:55:04.549+0000 7f2dca600640 1 -- 172.21.15.17:0/2328340696 shutdown_connections
2024-09-05T06:55:05.532 INFO:teuthology.orchestra.run.smithi017.stdout:/usr/bin/ceph: stderr
2024-09-05T06:55:04.549+0000 7f2dca600640 1 --2- 172.21.15.17:0/2328340696 >> [v2:172.21.15.17:3300/0,v1:172.21.15.17:6789/0] conn(0x7f2dc407dd40 0x7f2dc407c240 unknown :-1 s=CLOSED pgs=20 cs=0 l=1 rev1=1 crypto rx=0 tx=0 comp rx=0 tx=0).stop
2024-09-05T06:55:05.532 INFO:teuthology.orchestra.run.smithi017.stdout:/usr/bin/ceph: stderr
2024-09-05T06:55:04.549+0000 7f2dca600640 1 -- 172.21.15.17:0/2328340696 >> 172.21.15.17:0/2328340696 conn(0x7f2dc4103190 msgr2=0x7f2dc41055d0 unknown :-1 s=STATE_NONE l=0).mark_down
2024-09-05T06:55:05.532 INFO:teuthology.orchestra.run.smithi017.stdout:/usr/bin/ceph: stderr
2024-09-05T06:55:04.549+0000 7f2dca600640 1 -- 172.21.15.17:0/2328340696 shutdown_connections
2024-09-05T06:55:05.532 INFO:teuthology.orchestra.run.smithi017.stdout:/usr/bin/ceph: stderr
2024-09-05T06:55:04.549+0000 7f2dca600640 1 -- 172.21.15.17:0/2328340696 wait complete.
2024-09-05T06:55:05.532 INFO:teuthology.orchestra.run.smithi017.stdout:/usr/bin/ceph: stderr
2024-09-05T06:55:04.550+0000 7f2dca600640 1 Processor -- start
2024-09-05T06:55:05.532 INFO:teuthology.orchestra.run.smithi017.stdout:/usr/bin/ceph: stderr
2024-09-05T06:55:04.550+0000 7f2dca600640 1 -- start start
2024-09-05T06:55:05.532 INFO:teuthology.orchestra.run.smithi017.stdout:/usr/bin/ceph: stderr
2024-09-05T06:55:04.550+0000 7f2dca600640 1 --2- >> [v2:172.21.15.17:3300/0,v1:172.21.15.17:6789/0] conn(0x7f2dc407dd40 0x7f2dc41a20d0 unknown :-1 s=NONE pgs=0 cs=0 l=1 rev1=0 crypto rx=0 tx=0 comp rx=0 tx=0).connect
2024-09-05T06:55:05.532 INFO:teuthology.orchestra.run.smithi017.stdout:/usr/bin/ceph: stderr
2024-09-05T06:55:04.550+0000 7f2dca600640 1 -- --> [v2:172.21.15.17:3300/0,v1:172.21.15.17:6789/0] -- mon_getmap magic: 0 -- 0x7f2dc410e0b0 con 0x7f2dc407dd40
2024-09-05T06:55:05.532 INFO:teuthology.orchestra.run.smithi017.stdout:/usr/bin/ceph: stderr
2024-09-05T06:55:04.550+0000 7f2dc3400640 1 --2- >> [v2:172.21.15.17:3300/0,v1:172.21.15.17:6789/0] conn(0x7f2dc407dd40 0x7f2dc41a20d0 unknown :-1 s=BANNER_CONNECTING pgs=0 cs=0 l=1 rev1=0 crypto rx=0 tx=0 comp rx=0 tx=0)._handle_peer_banner_payload supported=3 required=0
2024-09-05T06:55:05.533 INFO:teuthology.orchestra.run.smithi017.stdout:/usr/bin/ceph: stderr
2024-09-05T06:55:04.550+0000 7f2dc3400640 1 --2- >> [v2:172.21.15.17:3300/0,v1:172.21.15.17:6789/0] conn(0x7f2dc407dd40 0x7f2dc41a20d0 unknown :-1 s=HELLO_CONNECTING pgs=0 cs=0 l=1 rev1=1 crypto rx=0 tx=0 comp rx=0 tx=0).handle_hello peer v2:172.21.15.17:3300/0 says I am v2:172.21.15.17:48248/0 (socket says 172.21.15.17:48248)
2024-09-05T06:55:05.533 INFO:teuthology.orchestra.run.smithi017.stdout:/usr/bin/ceph: stderr
2024-09-05T06:55:04.550+0000 7f2dc3400640 1 -- 172.21.15.17:0/637185992 learned_addr learned my addr 172.21.15.17:0/637185992 (peer_addr_for_me v2:172.21.15.17:0/0)
2024-09-05T06:55:05.533 INFO:teuthology.orchestra.run.smithi017.stdout:/usr/bin/ceph: stderr
2024-09-05T06:55:04.551+0000 7f2dc3400640 1 -- 172.21.15.17:0/637185992 --> [v2:172.21.15.17:3300/0,v1:172.21.15.17:6789/0] -- mon_subscribe({config=0+,monmap=0+}) -- 0x7f2dc41a2610 con 0x7f2dc407dd40
2024-09-05T06:55:05.533 INFO:teuthology.orchestra.run.smithi017.stdout:/usr/bin/ceph: stderr
2024-09-05T06:55:04.551+0000 7f2dc3400640 1 --2- 172.21.15.17:0/637185992 >> [v2:172.21.15.17:3300/0,v1:172.21.15.17:6789/0] conn(0x7f2dc407dd40 0x7f2dc41a20d0 secure :-1 s=READY pgs=21 cs=0 l=1 rev1=1 crypto rx=0x7f2db4009940 tx=0x7f2db4032670 comp rx=0 tx=0).ready entity=mon.0 client_cookie=0 server_cookie=0 in_seq=0 out_seq=0
2024-09-05T06:55:05.533 INFO:teuthology.orchestra.run.smithi017.stdout:/usr/bin/ceph: stderr
2024-09-05T06:55:04.551+0000 7f2dc0c00640 1 -- 172.21.15.17:0/637185992 <== mon.0 v2:172.21.15.17:3300/0 1 ==== mon_map magic: 0 ==== 205+0+0 (secure 0 0 0) 0x7f2db4042070 con 0x7f2dc407dd40
2024-09-05T06:55:05.533 INFO:teuthology.orchestra.run.smithi017.stdout:/usr/bin/ceph: stderr
2024-09-05T06:55:04.551+0000 7f2dc0c00640 1 -- 172.21.15.17:0/637185992 <== mon.0 v2:172.21.15.17:3300/0 2 ==== config(29 keys) ==== 1178+0+0 (secure 0 0 0) 0x7f2db4030e50 con 0x7f2dc407dd40
2024-09-05T06:55:05.533 INFO:teuthology.orchestra.run.smithi017.stdout:/usr/bin/ceph: stderr
2024-09-05T06:55:04.551+0000 7f2dc0c00640 1 -- 172.21.15.17:0/637185992 <== mon.0 v2:172.21.15.17:3300/0 3 ==== mon_map magic: 0 ==== 205+0+0 (secure 0 0 0) 0x7f2db4037040 con 0x7f2dc407dd40
2024-09-05T06:55:05.533 INFO:teuthology.orchestra.run.smithi017.stdout:/usr/bin/ceph: stderr
2024-09-05T06:55:04.551+0000 7f2dca600640 1 -- 172.21.15.17:0/637185992 --> [v2:172.21.15.17:3300/0,v1:172.21.15.17:6789/0] -- mon_subscribe({mgrmap=0+}) -- 0x7f2dc41a28a0 con 0x7f2dc407dd40
2024-09-05T06:55:05.533 INFO:teuthology.orchestra.run.smithi017.stdout:/usr/bin/ceph: stderr
2024-09-05T06:55:04.551+0000 7f2dca600640 1 -- 172.21.15.17:0/637185992 --> [v2:172.21.15.17:3300/0,v1:172.21.15.17:6789/0] -- mon_subscribe({osdmap=0}) -- 0x7f2dc41a5590 con 0x7f2dc407dd40
2024-09-05T06:55:05.533 INFO:teuthology.orchestra.run.smithi017.stdout:/usr/bin/ceph: stderr
2024-09-05T06:55:04.552+0000 7f2dc0c00640 1 -- 172.21.15.17:0/637185992 <== mon.0 v2:172.21.15.17:3300/0 4 ==== mgrmap(e 4) ==== 46276+0+0 (secure 0 0 0) 0x7f2db4045070 con 0x7f2dc407dd40
2024-09-05T06:55:05.533 INFO:teuthology.orchestra.run.smithi017.stdout:/usr/bin/ceph: stderr
2024-09-05T06:55:04.552+0000 7f2dca600640 1 -- 172.21.15.17:0/637185992 --> [v2:172.21.15.17:3300/0,v1:172.21.15.17:6789/0] -- mon_command({"prefix": "get_command_descriptions"} v 0) -- 0x7f2dc407c2c0 con 0x7f2dc407dd40
2024-09-05T06:55:05.533 INFO:teuthology.orchestra.run.smithi017.stdout:/usr/bin/ceph: stderr
2024-09-05T06:55:04.553+0000 7f2dc0c00640 1 --2- 172.21.15.17:0/637185992 >> [v2:172.21.15.17:6800/2485461649,v1:172.21.15.17:6801/2485461649] conn(0x7f2da8038f70 0x7f2da803b430 unknown :-1 s=NONE pgs=0 cs=0 l=1 rev1=0 crypto rx=0 tx=0 comp rx=0 tx=0).connect
2024-09-05T06:55:05.534 INFO:teuthology.orchestra.run.smithi017.stdout:/usr/bin/ceph: stderr
2024-09-05T06:55:04.553+0000 7f2dc0c00640 1 -- 172.21.15.17:0/637185992 <== mon.0 v2:172.21.15.17:3300/0 5 ==== osd_map(1..1 src has 1..1) ==== 725+0+0 (secure 0 0 0) 0x7f2db406bf40 con 0x7f2dc407dd40
2024-09-05T06:55:05.534 INFO:teuthology.orchestra.run.smithi017.stdout:/usr/bin/ceph: stderr
2024-09-05T06:55:04.553+0000 7f2dbbe00640 1 --2- 172.21.15.17:0/637185992 >> [v2:172.21.15.17:6800/2485461649,v1:172.21.15.17:6801/2485461649] conn(0x7f2da8038f70 0x7f2da803b430 unknown :-1 s=BANNER_CONNECTING pgs=0 cs=0 l=1 rev1=0 crypto rx=0 tx=0 comp rx=0 tx=0)._handle_peer_banner_payload supported=3 required=0
2024-09-05T06:55:05.534 INFO:teuthology.orchestra.run.smithi017.stdout:/usr/bin/ceph: stderr
2024-09-05T06:55:04.554+0000 7f2dbbe00640 1 --2- 172.21.15.17:0/637185992 >> [v2:172.21.15.17:6800/2485461649,v1:172.21.15.17:6801/2485461649] conn(0x7f2da8038f70 0x7f2da803b430 secure :-1 s=READY pgs=8 cs=0 l=1 rev1=1 crypto rx=0x7f2dac0098c0 tx=0x7f2dac006db0 comp rx=0 tx=0).ready entity=mgr.14100 client_cookie=0 server_cookie=0 in_seq=0 out_seq=0
2024-09-05T06:55:05.534 INFO:teuthology.orchestra.run.smithi017.stdout:/usr/bin/ceph: stderr
2024-09-05T06:55:04.558+0000 7f2dc0c00640 1 -- 172.21.15.17:0/637185992 <== mon.0 v2:172.21.15.17:3300/0 6 ==== mon_command_ack([{"prefix": "get_command_descriptions"}]=0 v0) ==== 72+0+188821 (secure 0 0 0) 0x7f2db404b170 con 0x7f2dc407dd40
2024-09-05T06:55:05.534 INFO:teuthology.orchestra.run.smithi017.stdout:/usr/bin/ceph: stderr
2024-09-05T06:55:04.788+0000 7f2dca600640 1 -- 172.21.15.17:0/637185992 --> [v2:172.21.15.17:3300/0,v1:172.21.15.17:6789/0] -- mon_command({"prefix": "mgr module enable", "module": "cephadm"} v 0) -- 0x7f2dc41a5c10 con 0x7f2dc407dd40
2024-09-05T06:55:05.534 INFO:teuthology.orchestra.run.smithi017.stdout:/usr/bin/ceph: stderr
2024-09-05T06:55:04.832+0000 7f2dc0c00640 1 -- 172.21.15.17:0/637185992 <== mon.0 v2:172.21.15.17:3300/0 7 ==== mon_command_ack([{"prefix": "mgr module enable", "module": "cephadm"}]=0 v5) ==== 86+0+0 (secure 0 0 0) 0x7f2db406b960 con 0x7f2dc407dd40
2024-09-05T06:55:05.534 INFO:teuthology.orchestra.run.smithi017.stdout:/usr/bin/ceph: stderr
2024-09-05T06:55:04.834+0000 7f2dc0c00640 1 -- 172.21.15.17:0/637185992 <== mon.0 v2:172.21.15.17:3300/0 8 ==== mgrmap(e 5) ==== 46287+0+0 (secure 0 0 0) 0x7f2db4070070 con 0x7f2dc407dd40
2024-09-05T06:55:05.534 INFO:teuthology.orchestra.run.smithi017.stdout:/usr/bin/ceph: stderr
2024-09-05T06:55:04.835+0000 7f2dca600640 1 -- 172.21.15.17:0/637185992 >> [v2:172.21.15.17:6800/2485461649,v1:172.21.15.17:6801/2485461649] conn(0x7f2da8038f70 msgr2=0x7f2da803b430 secure :-1 s=STATE_CONNECTION_ESTABLISHED l=1).mark_down
2024-09-05T06:55:05.534 INFO:teuthology.orchestra.run.smithi017.stdout:/usr/bin/ceph: stderr
2024-09-05T06:55:04.835+0000 7f2dca600640 1 --2- 172.21.15.17:0/637185992 >> [v2:172.21.15.17:6800/2485461649,v1:172.21.15.17:6801/2485461649] conn(0x7f2da8038f70 0x7f2da803b430 secure :-1 s=READY pgs=8 cs=0 l=1 rev1=1 crypto rx=0x7f2dac0098c0 tx=0x7f2dac006db0 comp rx=0 tx=0).stop
2024-09-05T06:55:05.534 INFO:teuthology.orchestra.run.smithi017.stdout:/usr/bin/ceph: stderr
2024-09-05T06:55:04.835+0000 7f2dca600640 1 -- 172.21.15.17:0/637185992 >> [v2:172.21.15.17:3300/0,v1:172.21.15.17:6789/0] conn(0x7f2dc407dd40 msgr2=0x7f2dc41a20d0 secure :-1 s=STATE_CONNECTION_ESTABLISHED l=1).mark_down
2024-09-05T06:55:05.534 INFO:teuthology.orchestra.run.smithi017.stdout:/usr/bin/ceph: stderr
2024-09-05T06:55:04.835+0000 7f2dca600640 1 --2- 172.21.15.17:0/637185992 >> [v2:172.21.15.17:3300/0,v1:172.21.15.17:6789/0] conn(0x7f2dc407dd40 0x7f2dc41a20d0 secure :-1 s=READY pgs=21 cs=0 l=1 rev1=1 crypto rx=0x7f2db4009940 tx=0x7f2db4032670 comp rx=0 tx=0).stop
2024-09-05T06:55:05.534 INFO:teuthology.orchestra.run.smithi017.stdout:/usr/bin/ceph: stderr
2024-09-05T06:55:04.836+0000 7f2dca600640 1 -- 172.21.15.17:0/637185992 shutdown_connections
2024-09-05T06:55:05.534 INFO:teuthology.orchestra.run.smithi017.stdout:/usr/bin/ceph: stderr
2024-09-05T06:55:04.836+0000 7f2dca600640 1 --2- 172.21.15.17:0/637185992 >> [v2:172.21.15.17:6800/2485461649,v1:172.21.15.17:6801/2485461649] conn(0x7f2da8038f70 0x7f2da803b430 unknown :-1 s=CLOSED pgs=8 cs=0 l=1 rev1=1 crypto rx=0 tx=0 comp rx=0 tx=0).stop
2024-09-05T06:55:05.535 INFO:teuthology.orchestra.run.smithi017.stdout:/usr/bin/ceph: stderr
2024-09-05T06:55:04.836+0000 7f2dca600640 1 --2- 172.21.15.17:0/637185992 >> [v2:172.21.15.17:3300/0,v1:172.21.15.17:6789/0] conn(0x7f2dc407dd40 0x7f2dc41a20d0 unknown :-1 s=CLOSED pgs=21 cs=0 l=1 rev1=1 crypto rx=0 tx=0 comp rx=0 tx=0).stop
2024-09-05T06:55:05.535 INFO:teuthology.orchestra.run.smithi017.stdout:/usr/bin/ceph: stderr
2024-09-05T06:55:04.836+0000 7f2dca600640 1 -- 172.21.15.17:0/637185992 >> 172.21.15.17:0/637185992 conn(0x7f2dc4103190 msgr2=0x7f2dc4103db0 unknown :-1 s=STATE_NONE l=0).mark_down
2024-09-05T06:55:05.535 INFO:teuthology.orchestra.run.smithi017.stdout:/usr/bin/ceph: stderr
2024-09-05T06:55:04.836+0000 7f2dca600640 1 -- 172.21.15.17:0/637185992 shutdown_connections
2024-09-05T06:55:05.535 INFO:teuthology.orchestra.run.smithi017.stdout:/usr/bin/ceph: stderr
2024-09-05T06:55:04.836+0000 7f2dca600640 1 -- 172.21.15.17:0/637185992 wait complete.
2024-09-05T06:55:05.592 INFO:journalctl@ceph.mgr.x.smithi017.stdout:Sep 05 06:55:05 smithi017 ceph-9439ab54-6b53-11ef-bcd6-c7b262605968-mgr-x[30085]:
2024-09-05T06:55:05.407+0000 7f689b810040 -1 mgr[py] Module crash has missing NOTIFY_TYPES member
2024-09-05T06:55:05.592 INFO:journalctl@ceph.mgr.x.smithi017.stdout:Sep 05 06:55:05 smithi017 ceph-9439ab54-6b53-11ef-bcd6-c7b262605968-mgr-x[30085]:
2024-09-05T06:55:05.592+0000 7f689b810040 -1 mgr[py] Module test_orchestrator has missing NOTIFY_TYPES member
2024-09-05T06:55:05.862 INFO:journalctl@ceph.mon.a.smithi017.stdout:Sep 05 06:55:05 smithi017 ceph-mon[29848]: from='client.? 172.21.15.17:0/637185992' entity='client.admin' cmd='[{"prefix": "mgr module enable", "module": "cephadm"}]': finished
2024-09-05T06:55:05.862 INFO:journalctl@ceph.mon.a.smithi017.stdout:Sep 05 06:55:05 smithi017 ceph-mon[29848]: mgrmap e5: x(active, since 4s)
2024-09-05T06:55:05.862 INFO:journalctl@ceph.mgr.x.smithi017.stdout:Sep 05 06:55:05 smithi017 ceph-9439ab54-6b53-11ef-bcd6-c7b262605968-mgr-x[30085]:
2024-09-05T06:55:05.764+0000 7f689b810040 -1 mgr[py] Module snap_schedule has missing NOTIFY_TYPES member
2024-09-05T06:55:06.451 INFO:journalctl@ceph.mgr.x.smithi017.stdout:Sep 05 06:55:06 smithi017 ceph-9439ab54-6b53-11ef-bcd6-c7b262605968-mgr-x[30085]:
2024-09-05T06:55:06.155+0000 7f689b810040 -1 mgr[py] Module prometheus has missing NOTIFY_TYPES member
2024-09-05T06:55:06.451 INFO:journalctl@ceph.mgr.x.smithi017.stdout:Sep 05 06:55:06 smithi017 ceph-9439ab54-6b53-11ef-bcd6-c7b262605968-mgr-x[30085]:
2024-09-05T06:55:06.229+0000 7f689b810040 -1 mgr[py] Module selftest has missing NOTIFY_TYPES member
2024-09-05T06:55:06.451 INFO:journalctl@ceph.mgr.x.smithi017.stdout:Sep 05 06:55:06 smithi017 ceph-9439ab54-6b53-11ef-bcd6-c7b262605968-mgr-x[30085]:
2024-09-05T06:55:06.451+0000 7f689b810040 -1 mgr[py] Module volumes has missing NOTIFY_TYPES member
2024-09-05T06:55:07.011 INFO:journalctl@ceph.mon.a.smithi017.stdout:Sep 05 06:55:06 smithi017 ceph-mon[29848]: from='client.? 172.21.15.17:0/2208424859' entity='client.admin' cmd=[{"prefix": "mgr stat"}]: dispatch
2024-09-05T06:55:07.019 INFO:teuthology.orchestra.run.smithi017.stdout:/usr/bin/ceph: stdout {
2024-09-05T06:55:07.024 INFO:teuthology.orchestra.run.smithi017.stdout:/usr/bin/ceph: stdout "epoch": 5,
2024-09-05T06:55:07.024 INFO:teuthology.orchestra.run.smithi017.stdout:/usr/bin/ceph: stdout "available": true,
2024-09-05T06:55:07.024 INFO:teuthology.orchestra.run.smithi017.stdout:/usr/bin/ceph: stdout "active_name": "x",
2024-09-05T06:55:07.024 INFO:teuthology.orchestra.run.smithi017.stdout:/usr/bin/ceph: stdout "num_standby": 0
2024-09-05T06:55:07.024 INFO:teuthology.orchestra.run.smithi017.stdout:/usr/bin/ceph: stdout }
2024-09-05T06:55:07.025 INFO:teuthology.orchestra.run.smithi017.stdout:/usr/bin/ceph: stderr
2024-09-05T06:55:06.065+0000 7fa207a00640 1 Processor -- start
2024-09-05T06:55:07.025 INFO:teuthology.orchestra.run.smithi017.stdout:/usr/bin/ceph: stderr
2024-09-05T06:55:06.065+0000 7fa207a00640 1 -- start start
2024-09-05T06:55:07.025 INFO:teuthology.orchestra.run.smithi017.stdout:/usr/bin/ceph: stderr
2024-09-05T06:55:06.066+0000 7fa207a00640 1 --2- >> [v2:172.21.15.17:3300/0,v1:172.21.15.17:6789/0] conn(0x7fa20007ddc0 0x7fa20007c2c0 unknown :-1 s=NONE pgs=0 cs=0 l=0 rev1=0 crypto rx=0 tx=0 comp rx=0 tx=0).connect
2024-09-05T06:55:07.025 INFO:teuthology.orchestra.run.smithi017.stdout:/usr/bin/ceph: stderr
2024-09-05T06:55:06.066+0000 7fa207a00640 1 -- --> [v2:172.21.15.17:3300/0,v1:172.21.15.17:6789/0] -- mon_getmap magic: 0 -- 0x7fa20007c800 con 0x7fa20007ddc0
2024-09-05T06:55:07.025 INFO:teuthology.orchestra.run.smithi017.stdout:/usr/bin/ceph: stderr
2024-09-05T06:55:06.066+0000 7fa205000640 1 --2- >> [v2:172.21.15.17:3300/0,v1:172.21.15.17:6789/0] conn(0x7fa20007ddc0 0x7fa20007c2c0 unknown :-1 s=BANNER_CONNECTING pgs=0 cs=0 l=0 rev1=0 crypto rx=0 tx=0 comp rx=0 tx=0)._handle_peer_banner_payload supported=3 required=0
2024-09-05T06:55:07.025 INFO:teuthology.orchestra.run.smithi017.stdout:/usr/bin/ceph: stderr
2024-09-05T06:55:06.066+0000 7fa205000640 1 --2- >> [v2:172.21.15.17:3300/0,v1:172.21.15.17:6789/0] conn(0x7fa20007ddc0 0x7fa20007c2c0 unknown :-1 s=HELLO_CONNECTING pgs=0 cs=0 l=0 rev1=1 crypto rx=0 tx=0 comp rx=0 tx=0).handle_hello peer v2:172.21.15.17:3300/0 says I am v2:172.21.15.17:48280/0 (socket says 172.21.15.17:48280)
2024-09-05T06:55:07.025 INFO:teuthology.orchestra.run.smithi017.stdout:/usr/bin/ceph: stderr
2024-09-05T06:55:06.066+0000 7fa205000640 1 -- 172.21.15.17:0/4006170222 learned_addr learned my addr 172.21.15.17:0/4006170222 (peer_addr_for_me v2:172.21.15.17:0/0)
2024-09-05T06:55:07.025 INFO:teuthology.orchestra.run.smithi017.stdout:/usr/bin/ceph: stderr
2024-09-05T06:55:06.066+0000 7fa205000640 1 -- 172.21.15.17:0/4006170222 --> [v2:172.21.15.17:3300/0,v1:172.21.15.17:6789/0] -- mon_subscribe({config=0+,monmap=0+}) -- 0x7fa20007c980 con 0x7fa20007ddc0
2024-09-05T06:55:07.025 INFO:teuthology.orchestra.run.smithi017.stdout:/usr/bin/ceph: stderr
2024-09-05T06:55:06.067+0000 7fa205000640 1 --2- 172.21.15.17:0/4006170222 >> [v2:172.21.15.17:3300/0,v1:172.21.15.17:6789/0] conn(0x7fa20007ddc0 0x7fa20007c2c0 secure :-1 s=READY pgs=24 cs=0 l=1 rev1=1 crypto rx=0x7fa1f4009820 tx=0x7fa1f402a270 comp rx=0 tx=0).ready entity=mon.0 client_cookie=14a9de8de5fd55e5 server_cookie=0 in_seq=0 out_seq=0
2024-09-05T06:55:07.025 INFO:teuthology.orchestra.run.smithi017.stdout:/usr/bin/ceph: stderr
2024-09-05T06:55:06.068+0000 7fa1ff400640 1 -- 172.21.15.17:0/4006170222 <== mon.0 v2:172.21.15.17:3300/0 1 ==== mon_map magic: 0 ==== 205+0+0 (secure 0 0 0) 0x7fa1f4037070 con 0x7fa20007ddc0
2024-09-05T06:55:07.025 INFO:teuthology.orchestra.run.smithi017.stdout:/usr/bin/ceph: stderr
2024-09-05T06:55:06.068+0000 7fa1ff400640 1 -- 172.21.15.17:0/4006170222 <== mon.0 v2:172.21.15.17:3300/0 2 ==== config(29 keys) ==== 1178+0+0 (secure 0 0 0) 0x7fa1f4032940 con 0x7fa20007ddc0
2024-09-05T06:55:07.025 INFO:teuthology.orchestra.run.smithi017.stdout:/usr/bin/ceph: stderr
2024-09-05T06:55:06.068+0000 7fa1ff400640 1 -- 172.21.15.17:0/4006170222 <== mon.0 v2:172.21.15.17:3300/0 3 ==== mon_map magic: 0 ==== 205+0+0 (secure 0 0 0) 0x7fa1f40309c0 con 0x7fa20007ddc0
2024-09-05T06:55:07.025 INFO:teuthology.orchestra.run.smithi017.stdout:/usr/bin/ceph: stderr
2024-09-05T06:55:06.068+0000 7fa207a00640 1 -- 172.21.15.17:0/4006170222 >> [v2:172.21.15.17:3300/0,v1:172.21.15.17:6789/0] conn(0x7fa20007ddc0 msgr2=0x7fa20007c2c0 secure :-1 s=STATE_CONNECTION_ESTABLISHED l=1).mark_down
2024-09-05T06:55:07.026 INFO:teuthology.orchestra.run.smithi017.stdout:/usr/bin/ceph: stderr
2024-09-05T06:55:06.068+0000 7fa207a00640 1 --2- 172.21.15.17:0/4006170222 >> [v2:172.21.15.17:3300/0,v1:172.21.15.17:6789/0] conn(0x7fa20007ddc0 0x7fa20007c2c0 secure :-1 s=READY pgs=24 cs=0 l=1 rev1=1 crypto rx=0x7fa1f4009820 tx=0x7fa1f402a270 comp rx=0 tx=0).stop
2024-09-05T06:55:07.026 INFO:teuthology.orchestra.run.smithi017.stdout:/usr/bin/ceph: stderr
2024-09-05T06:55:06.068+0000 7fa207a00640 1 -- 172.21.15.17:0/4006170222 shutdown_connections
2024-09-05T06:55:07.026 INFO:teuthology.orchestra.run.smithi017.stdout:/usr/bin/ceph: stderr
2024-09-05T06:55:06.068+0000 7fa207a00640 1 --2- 172.21.15.17:0/4006170222 >> [v2:172.21.15.17:3300/0,v1:172.21.15.17:6789/0] conn(0x7fa20007ddc0 0x7fa20007c2c0 unknown :-1 s=CLOSED pgs=24 cs=0 l=1 rev1=1 crypto rx=0 tx=0 comp rx=0 tx=0).stop
2024-09-05T06:55:07.026 INFO:teuthology.orchestra.run.smithi017.stdout:/usr/bin/ceph: stderr
2024-09-05T06:55:06.068+0000 7fa207a00640 1 -- 172.21.15.17:0/4006170222 >> 172.21.15.17:0/4006170222 conn(0x7fa200103190 msgr2=0x7fa2001055f0 unknown :-1 s=STATE_NONE l=0).mark_down
2024-09-05T06:55:07.026 INFO:teuthology.orchestra.run.smithi017.stdout:/usr/bin/ceph: stderr
2024-09-05T06:55:06.069+0000 7fa207a00640 1 -- 172.21.15.17:0/4006170222 shutdown_connections
2024-09-05T06:55:07.026 INFO:teuthology.orchestra.run.smithi017.stdout:/usr/bin/ceph: stderr
2024-09-05T06:55:06.069+0000 7fa207a00640 1 -- 172.21.15.17:0/4006170222 wait complete.
2024-09-05T06:55:07.026 INFO:teuthology.orchestra.run.smithi017.stdout:/usr/bin/ceph: stderr
2024-09-05T06:55:06.069+0000 7fa207a00640 1 Processor -- start
2024-09-05T06:55:07.026 INFO:teuthology.orchestra.run.smithi017.stdout:/usr/bin/ceph: stderr
2024-09-05T06:55:06.070+0000 7fa207a00640 1 -- start start
2024-09-05T06:55:07.026 INFO:teuthology.orchestra.run.smithi017.stdout:/usr/bin/ceph: stderr
2024-09-05T06:55:06.070+0000 7fa207a00640 1 --2- >> [v2:172.21.15.17:3300/0,v1:172.21.15.17:6789/0] conn(0x7fa20007ddc0 0x7fa2001a2070 unknown :-1 s=NONE pgs=0 cs=0 l=1 rev1=0 crypto rx=0 tx=0 comp rx=0 tx=0).connect
2024-09-05T06:55:07.026 INFO:teuthology.orchestra.run.smithi017.stdout:/usr/bin/ceph: stderr
2024-09-05T06:55:06.070+0000 7fa207a00640 1 -- --> [v2:172.21.15.17:3300/0,v1:172.21.15.17:6789/0] -- mon_getmap magic: 0 -- 0x7fa200109ca0 con 0x7fa20007ddc0
2024-09-05T06:55:07.026 INFO:teuthology.orchestra.run.smithi017.stdout:/usr/bin/ceph: stderr
2024-09-05T06:55:06.070+0000 7fa205000640 1 --2- >> [v2:172.21.15.17:3300/0,v1:172.21.15.17:6789/0] conn(0x7fa20007ddc0 0x7fa2001a2070 unknown :-1 s=BANNER_CONNECTING pgs=0 cs=0 l=1 rev1=0 crypto rx=0 tx=0 comp rx=0 tx=0)._handle_peer_banner_payload supported=3 required=0
2024-09-05T06:55:07.026 INFO:teuthology.orchestra.run.smithi017.stdout:/usr/bin/ceph: stderr
2024-09-05T06:55:06.070+0000 7fa205000640 1 --2- >> [v2:172.21.15.17:3300/0,v1:172.21.15.17:6789/0] conn(0x7fa20007ddc0 0x7fa2001a2070 unknown :-1 s=HELLO_CONNECTING pgs=0 cs=0 l=1 rev1=1 crypto rx=0 tx=0 comp rx=0 tx=0).handle_hello peer v2:172.21.15.17:3300/0 says I am v2:172.21.15.17:48284/0 (socket says 172.21.15.17:48284)
2024-09-05T06:55:07.027 INFO:teuthology.orchestra.run.smithi017.stdout:/usr/bin/ceph: stderr
2024-09-05T06:55:06.070+0000 7fa205000640 1 -- 172.21.15.17:0/2208424859 learned_addr learned my addr 172.21.15.17:0/2208424859 (peer_addr_for_me v2:172.21.15.17:0/0)
2024-09-05T06:55:07.027 INFO:teuthology.orchestra.run.smithi017.stdout:/usr/bin/ceph: stderr
2024-09-05T06:55:06.070+0000 7fa205000640 1 -- 172.21.15.17:0/2208424859 --> [v2:172.21.15.17:3300/0,v1:172.21.15.17:6789/0] -- mon_subscribe({config=0+,monmap=0+}) -- 0x7fa2001a25b0 con 0x7fa20007ddc0
2024-09-05T06:55:07.027 INFO:teuthology.orchestra.run.smithi017.stdout:/usr/bin/ceph: stderr
2024-09-05T06:55:06.071+0000 7fa205000640 1 --2- 172.21.15.17:0/2208424859 >> [v2:172.21.15.17:3300/0,v1:172.21.15.17:6789/0] conn(0x7fa20007ddc0 0x7fa2001a2070 secure :-1 s=READY pgs=25 cs=0 l=1 rev1=1 crypto rx=0x7fa1f4032e60 tx=0x7fa1f4032e90 comp rx=0 tx=0).ready entity=mon.0 client_cookie=0 server_cookie=0 in_seq=0 out_seq=0
2024-09-05T06:55:07.027 INFO:teuthology.orchestra.run.smithi017.stdout:/usr/bin/ceph: stderr
2024-09-05T06:55:06.071+0000 7fa1fd600640 1 -- 172.21.15.17:0/2208424859 <== mon.0 v2:172.21.15.17:3300/0 1 ==== mon_map magic: 0 ==== 205+0+0 (secure 0 0 0) 0x7fa1f4042070 con 0x7fa20007ddc0
2024-09-05T06:55:07.027 INFO:teuthology.orchestra.run.smithi017.stdout:/usr/bin/ceph: stderr
2024-09-05T06:55:06.071+0000 7fa1fd600640 1 -- 172.21.15.17:0/2208424859 <== mon.0 v2:172.21.15.17:3300/0 2 ==== config(29 keys) ==== 1178+0+0 (secure 0 0 0) 0x7fa1f40325f0 con 0x7fa20007ddc0
2024-09-05T06:55:07.027 INFO:teuthology.orchestra.run.smithi017.stdout:/usr/bin/ceph: stderr
2024-09-05T06:55:06.071+0000 7fa207a00640 1 -- 172.21.15.17:0/2208424859 --> [v2:172.21.15.17:3300/0,v1:172.21.15.17:6789/0] -- mon_subscribe({mgrmap=0+}) -- 0x7fa2001a2840 con 0x7fa20007ddc0
2024-09-05T06:55:07.027 INFO:teuthology.orchestra.run.smithi017.stdout:/usr/bin/ceph: stderr
2024-09-05T06:55:06.071+0000 7fa1fd600640 1 -- 172.21.15.17:0/2208424859 <== mon.0 v2:172.21.15.17:3300/0 3 ==== mon_map magic: 0 ==== 205+0+0 (secure 0 0 0) 0x7fa1f4037040 con 0x7fa20007ddc0
2024-09-05T06:55:07.027 INFO:teuthology.orchestra.run.smithi017.stdout:/usr/bin/ceph: stderr
2024-09-05T06:55:06.071+0000 7fa207a00640 1 -- 172.21.15.17:0/2208424859 --> [v2:172.21.15.17:3300/0,v1:172.21.15.17:6789/0] -- mon_subscribe({osdmap=0}) -- 0x7fa2001a5530 con 0x7fa20007ddc0
2024-09-05T06:55:07.027 INFO:teuthology.orchestra.run.smithi017.stdout:/usr/bin/ceph: stderr
2024-09-05T06:55:06.072+0000 7fa1fd600640 1 -- 172.21.15.17:0/2208424859 <== mon.0 v2:172.21.15.17:3300/0 4 ==== mgrmap(e 5) ==== 46287+0+0 (secure 0 0 0) 0x7fa1f4045070 con 0x7fa20007ddc0
2024-09-05T06:55:07.027 INFO:teuthology.orchestra.run.smithi017.stdout:/usr/bin/ceph: stderr
2024-09-05T06:55:06.072+0000 7fa207a00640 1 -- 172.21.15.17:0/2208424859 --> [v2:172.21.15.17:3300/0,v1:172.21.15.17:6789/0] -- mon_command({"prefix": "get_command_descriptions"} v 0) -- 0x7fa20007c340 con 0x7fa20007ddc0
2024-09-05T06:55:07.027 INFO:teuthology.orchestra.run.smithi017.stdout:/usr/bin/ceph: stderr
2024-09-05T06:55:06.073+0000 7fa1fd600640 1 --2- 172.21.15.17:0/2208424859 >> [v2:172.21.15.17:6800/2485461649,v1:172.21.15.17:6801/2485461649] conn(0x7fa1e8038f70 0x7fa1e803b430 unknown :-1 s=NONE pgs=0 cs=0 l=1 rev1=0 crypto rx=0 tx=0 comp rx=0 tx=0).connect
2024-09-05T06:55:07.027 INFO:teuthology.orchestra.run.smithi017.stdout:/usr/bin/ceph: stderr
2024-09-05T06:55:06.073+0000 7fa1fd600640 1 -- 172.21.15.17:0/2208424859 <== mon.0 v2:172.21.15.17:3300/0 5 ==== osd_map(1..1 src has 1..1) ==== 725+0+0 (secure 0 0 0) 0x7fa1f406bf60 con 0x7fa20007ddc0
2024-09-05T06:55:07.027 INFO:teuthology.orchestra.run.smithi017.stdout:/usr/bin/ceph: stderr
2024-09-05T06:55:06.073+0000 7fa1ffe00640 1 -- 172.21.15.17:0/2208424859 >> [v2:172.21.15.17:6800/2485461649,v1:172.21.15.17:6801/2485461649] conn(0x7fa1e8038f70 msgr2=0x7fa1e803b430 unknown :-1 s=STATE_CONNECTING_RE l=1).process reconnect failed to v2:172.21.15.17:6800/2485461649
2024-09-05T06:55:07.028 INFO:teuthology.orchestra.run.smithi017.stdout:/usr/bin/ceph: stderr
2024-09-05T06:55:06.073+0000 7fa1ffe00640 1 --2- 172.21.15.17:0/2208424859 >> [v2:172.21.15.17:6800/2485461649,v1:172.21.15.17:6801/2485461649] conn(0x7fa1e8038f70 0x7fa1e803b430 unknown :-1 s=START_CONNECT pgs=0 cs=0 l=1 rev1=0 crypto rx=0 tx=0 comp rx=0 tx=0)._fault waiting 0.200000
2024-09-05T06:55:07.028 INFO:teuthology.orchestra.run.smithi017.stdout:/usr/bin/ceph: stderr
2024-09-05T06:55:06.078+0000 7fa1fd600640 1 -- 172.21.15.17:0/2208424859 <== mon.0 v2:172.21.15.17:3300/0 6 ==== mon_command_ack([{"prefix": "get_command_descriptions"}]=0 v0) ==== 72+0+188821 (secure 0 0 0) 0x7fa1f404b170 con 0x7fa20007ddc0
2024-09-05T06:55:07.028 INFO:teuthology.orchestra.run.smithi017.stdout:/usr/bin/ceph: stderr
2024-09-05T06:55:06.274+0000 7fa1ffe00640 1 -- 172.21.15.17:0/2208424859 >> [v2:172.21.15.17:6800/2485461649,v1:172.21.15.17:6801/2485461649] conn(0x7fa1e8038f70 msgr2=0x7fa1e803b430 unknown :-1 s=STATE_CONNECTING_RE l=1).process reconnect failed to v2:172.21.15.17:6800/2485461649
2024-09-05T06:55:07.028 INFO:teuthology.orchestra.run.smithi017.stdout:/usr/bin/ceph: stderr
2024-09-05T06:55:06.274+0000 7fa1ffe00640 1 --2- 172.21.15.17:0/2208424859 >> [v2:172.21.15.17:6800/2485461649,v1:172.21.15.17:6801/2485461649] conn(0x7fa1e8038f70 0x7fa1e803b430 unknown :-1 s=START_CONNECT pgs=0 cs=0 l=1 rev1=0 crypto rx=0 tx=0 comp rx=0 tx=0)._fault waiting 0.400000
2024-09-05T06:55:07.028 INFO:teuthology.orchestra.run.smithi017.stdout:/usr/bin/ceph: stderr
2024-09-05T06:55:06.314+0000 7fa207a00640 1 -- 172.21.15.17:0/2208424859 --> [v2:172.21.15.17:3300/0,v1:172.21.15.17:6789/0] -- mon_command({"prefix": "mgr stat"} v 0) -- 0x7fa20002da40 con 0x7fa20007ddc0
2024-09-05T06:55:07.028 INFO:teuthology.orchestra.run.smithi017.stdout:/usr/bin/ceph: stderr
