2024-09-05T07:29:08.186+0000 7f9e40e31640 1 -- 172.21.15.71:0/2718545173 learned_addr learned my addr 172.21.15.71:0/2718545173 (peer_addr_for_me v2:172.21.15.71:0/0)
2024-09-05T07:29:12.430 INFO:teuthology.orchestra.run.smithi071.stdout:/usr/bin/ceph: stderr
2024-09-05T07:29:08.187+0000 7f9e40e31640 1 -- 172.21.15.71:0/2718545173 --> [v2:172.21.15.71:3300/0,v1:172.21.15.71:6789/0] -- mon_subscribe({config=0+,monmap=0+}) -- 0x7f9e3c19de10 con 0x7f9e3c107e50
2024-09-05T07:29:12.430 INFO:teuthology.orchestra.run.smithi071.stdout:/usr/bin/ceph: stderr
2024-09-05T07:29:08.187+0000 7f9e40e31640 1 --2- 172.21.15.71:0/2718545173 >> [v2:172.21.15.71:3300/0,v1:172.21.15.71:6789/0] conn(0x7f9e3c107e50 0x7f9e3c19d8d0 secure :-1 s=READY pgs=27 cs=0 l=1 rev1=1 crypto rx=0x7f9e300097f0 tx=0x7f9e30030d00 comp rx=0 tx=0).ready entity=mon.0 client_cookie=0 server_cookie=0 in_seq=0 out_seq=0
2024-09-05T07:29:12.430 INFO:teuthology.orchestra.run.smithi071.stdout:/usr/bin/ceph: stderr
2024-09-05T07:29:08.187+0000 7f9e39ffb640 1 -- 172.21.15.71:0/2718545173 <== mon.0 v2:172.21.15.71:3300/0 1 ==== mon_map magic: 0 ==== 205+0+0 (secure 0 0 0) 0x7f9e30037040 con 0x7f9e3c107e50
2024-09-05T07:29:12.430 INFO:teuthology.orchestra.run.smithi071.stdout:/usr/bin/ceph: stderr
2024-09-05T07:29:08.187+0000 7f9e39ffb640 1 -- 172.21.15.71:0/2718545173 <== mon.0 v2:172.21.15.71:3300/0 2 ==== config(26 keys) ==== 1071+0+0 (secure 0 0 0) 0x7f9e30032bb0 con 0x7f9e3c107e50
2024-09-05T07:29:12.430 INFO:teuthology.orchestra.run.smithi071.stdout:/usr/bin/ceph: stderr
2024-09-05T07:29:08.187+0000 7f9e39ffb640 1 -- 172.21.15.71:0/2718545173 <== mon.0 v2:172.21.15.71:3300/0 3 ==== mon_map magic: 0 ==== 205+0+0 (secure 0 0 0) 0x7f9e3003a390 con 0x7f9e3c107e50
2024-09-05T07:29:12.431 INFO:teuthology.orchestra.run.smithi071.stdout:/usr/bin/ceph: stderr
2024-09-05T07:29:08.187+0000 7f9e43095640 1 -- 172.21.15.71:0/2718545173 --> [v2:172.21.15.71:3300/0,v1:172.21.15.71:6789/0] -- mon_subscribe({mgrmap=0+}) -- 0x7f9e3c19e0a0 con 0x7f9e3c107e50
2024-09-05T07:29:12.431 INFO:teuthology.orchestra.run.smithi071.stdout:/usr/bin/ceph: stderr
2024-09-05T07:29:08.187+0000 7f9e43095640 1 -- 172.21.15.71:0/2718545173 --> [v2:172.21.15.71:3300/0,v1:172.21.15.71:6789/0] -- mon_subscribe({osdmap=0}) -- 0x7f9e3c1a0d90 con 0x7f9e3c107e50
2024-09-05T07:29:12.431 INFO:teuthology.orchestra.run.smithi071.stdout:/usr/bin/ceph: stderr
2024-09-05T07:29:08.188+0000 7f9e39ffb640 1 -- 172.21.15.71:0/2718545173 <== mon.0 v2:172.21.15.71:3300/0 4 ==== mgrmap(e 5) ==== 46287+0+0 (secure 0 0 0) 0x7f9e3003b3f0 con 0x7f9e3c107e50
2024-09-05T07:29:12.431 INFO:teuthology.orchestra.run.smithi071.stdout:/usr/bin/ceph: stderr
2024-09-05T07:29:08.188+0000 7f9e39ffb640 1 --2- 172.21.15.71:0/2718545173 >> [v2:172.21.15.71:6800/371807956,v1:172.21.15.71:6801/371807956] conn(0x7f9e2c038f70 0x7f9e2c03b430 unknown :-1 s=NONE pgs=0 cs=0 l=1 rev1=0 crypto rx=0 tx=0 comp rx=0 tx=0).connect
2024-09-05T07:29:12.431 INFO:teuthology.orchestra.run.smithi071.stdout:/usr/bin/ceph: stderr
2024-09-05T07:29:08.188+0000 7f9e39ffb640 1 -- 172.21.15.71:0/2718545173 --> [v2:172.21.15.71:6800/371807956,v1:172.21.15.71:6801/371807956] -- command(tid 0: {"prefix": "get_command_descriptions"}) -- 0x7f9e2c03bb40 con 0x7f9e2c038f70
2024-09-05T07:29:12.431 INFO:teuthology.orchestra.run.smithi071.stdout:/usr/bin/ceph: stderr
2024-09-05T07:29:08.188+0000 7f9e39ffb640 1 -- 172.21.15.71:0/2718545173 <== mon.0 v2:172.21.15.71:3300/0 5 ==== osd_map(1..1 src has 1..1) ==== 725+0+0 (secure 0 0 0) 0x7f9e3006c230 con 0x7f9e3c107e50
2024-09-05T07:29:12.431 INFO:teuthology.orchestra.run.smithi071.stdout:/usr/bin/ceph: stderr
2024-09-05T07:29:08.188+0000 7f9e3bfff640 1 -- 172.21.15.71:0/2718545173 >> [v2:172.21.15.71:6800/371807956,v1:172.21.15.71:6801/371807956] conn(0x7f9e2c038f70 msgr2=0x7f9e2c03b430 unknown :-1 s=STATE_CONNECTING_RE l=1).process reconnect failed to v2:172.21.15.71:6800/371807956
2024-09-05T07:29:12.431 INFO:teuthology.orchestra.run.smithi071.stdout:/usr/bin/ceph: stderr
2024-09-05T07:29:08.188+0000 7f9e3bfff640 1 --2- 172.21.15.71:0/2718545173 >> [v2:172.21.15.71:6800/371807956,v1:172.21.15.71:6801/371807956] conn(0x7f9e2c038f70 0x7f9e2c03b430 unknown :-1 s=START_CONNECT pgs=0 cs=0 l=1 rev1=0 crypto rx=0 tx=0 comp rx=0 tx=0)._fault waiting 0.200000
2024-09-05T07:29:12.431 INFO:teuthology.orchestra.run.smithi071.stdout:/usr/bin/ceph: stderr
2024-09-05T07:29:08.389+0000 7f9e3bfff640 1 -- 172.21.15.71:0/2718545173 >> [v2:172.21.15.71:6800/371807956,v1:172.21.15.71:6801/371807956] conn(0x7f9e2c038f70 msgr2=0x7f9e2c03b430 unknown :-1 s=STATE_CONNECTING_RE l=1).process reconnect failed to v2:172.21.15.71:6800/371807956
2024-09-05T07:29:12.431 INFO:teuthology.orchestra.run.smithi071.stdout:/usr/bin/ceph: stderr
2024-09-05T07:29:08.389+0000 7f9e3bfff640 1 --2- 172.21.15.71:0/2718545173 >> [v2:172.21.15.71:6800/371807956,v1:172.21.15.71:6801/371807956] conn(0x7f9e2c038f70 0x7f9e2c03b430 unknown :-1 s=START_CONNECT pgs=0 cs=0 l=1 rev1=0 crypto rx=0 tx=0 comp rx=0 tx=0)._fault waiting 0.400000
2024-09-05T07:29:12.431 INFO:teuthology.orchestra.run.smithi071.stdout:/usr/bin/ceph: stderr
2024-09-05T07:29:08.790+0000 7f9e3bfff640 1 -- 172.21.15.71:0/2718545173 >> [v2:172.21.15.71:6800/371807956,v1:172.21.15.71:6801/371807956] conn(0x7f9e2c038f70 msgr2=0x7f9e2c03b430 unknown :-1 s=STATE_CONNECTING_RE l=1).process reconnect failed to v2:172.21.15.71:6800/371807956
2024-09-05T07:29:12.431 INFO:teuthology.orchestra.run.smithi071.stdout:/usr/bin/ceph: stderr
2024-09-05T07:29:08.790+0000 7f9e3bfff640 1 --2- 172.21.15.71:0/2718545173 >> [v2:172.21.15.71:6800/371807956,v1:172.21.15.71:6801/371807956] conn(0x7f9e2c038f70 0x7f9e2c03b430 unknown :-1 s=START_CONNECT pgs=0 cs=0 l=1 rev1=0 crypto rx=0 tx=0 comp rx=0 tx=0)._fault waiting 0.800000
2024-09-05T07:29:12.431 INFO:teuthology.orchestra.run.smithi071.stdout:/usr/bin/ceph: stderr
2024-09-05T07:29:09.591+0000 7f9e3bfff640 1 -- 172.21.15.71:0/2718545173 >> [v2:172.21.15.71:6800/371807956,v1:172.21.15.71:6801/371807956] conn(0x7f9e2c038f70 msgr2=0x7f9e2c03b430 unknown :-1 s=STATE_CONNECTING_RE l=1).process reconnect failed to v2:172.21.15.71:6800/371807956
2024-09-05T07:29:12.432 INFO:teuthology.orchestra.run.smithi071.stdout:/usr/bin/ceph: stderr
2024-09-05T07:29:09.591+0000 7f9e3bfff640 1 --2- 172.21.15.71:0/2718545173 >> [v2:172.21.15.71:6800/371807956,v1:172.21.15.71:6801/371807956] conn(0x7f9e2c038f70 0x7f9e2c03b430 unknown :-1 s=START_CONNECT pgs=0 cs=0 l=1 rev1=0 crypto rx=0 tx=0 comp rx=0 tx=0)._fault waiting 1.600000
2024-09-05T07:29:12.432 INFO:teuthology.orchestra.run.smithi071.stdout:/usr/bin/ceph: stderr
2024-09-05T07:29:10.776+0000 7f9e39ffb640 1 -- 172.21.15.71:0/2718545173 <== mon.0 v2:172.21.15.71:3300/0 6 ==== mgrmap(e 6) ==== 46054+0+0 (secure 0 0 0) 0x7f9e3006acf0 con 0x7f9e3c107e50
2024-09-05T07:29:12.432 INFO:teuthology.orchestra.run.smithi071.stdout:/usr/bin/ceph: stderr
2024-09-05T07:29:10.777+0000 7f9e39ffb640 1 -- 172.21.15.71:0/2718545173 >> [v2:172.21.15.71:6800/371807956,v1:172.21.15.71:6801/371807956] conn(0x7f9e2c038f70 msgr2=0x7f9e2c03b430 unknown :-1 s=STATE_CONNECTING l=1).mark_down
2024-09-05T07:29:12.432 INFO:teuthology.orchestra.run.smithi071.stdout:/usr/bin/ceph: stderr
2024-09-05T07:29:10.777+0000 7f9e39ffb640 1 --2- 172.21.15.71:0/2718545173 >> [v2:172.21.15.71:6800/371807956,v1:172.21.15.71:6801/371807956] conn(0x7f9e2c038f70 0x7f9e2c03b430 unknown :-1 s=START_CONNECT pgs=0 cs=0 l=1 rev1=0 crypto rx=0 tx=0 comp rx=0 tx=0).stop
2024-09-05T07:29:12.432 INFO:teuthology.orchestra.run.smithi071.stdout:/usr/bin/ceph: stderr
2024-09-05T07:29:11.777+0000 7f9e39ffb640 1 -- 172.21.15.71:0/2718545173 <== mon.0 v2:172.21.15.71:3300/0 7 ==== mgrmap(e 7) ==== 46181+0+0 (secure 0 0 0) 0x7f9e30049cc0 con 0x7f9e3c107e50
2024-09-05T07:29:12.432 INFO:teuthology.orchestra.run.smithi071.stdout:/usr/bin/ceph: stderr
2024-09-05T07:29:11.778+0000 7f9e39ffb640 1 --2- 172.21.15.71:0/2718545173 >> [v2:172.21.15.71:6800/316149397,v1:172.21.15.71:6801/316149397] conn(0x7f9e2c03c8a0 0x7f9e2c03ec90 unknown :-1 s=NONE pgs=0 cs=0 l=1 rev1=0 crypto rx=0 tx=0 comp rx=0 tx=0).connect
2024-09-05T07:29:12.432 INFO:teuthology.orchestra.run.smithi071.stdout:/usr/bin/ceph: stderr
2024-09-05T07:29:11.778+0000 7f9e39ffb640 1 -- 172.21.15.71:0/2718545173 --> [v2:172.21.15.71:6800/316149397,v1:172.21.15.71:6801/316149397] -- command(tid 0: {"prefix": "get_command_descriptions"}) -- 0x7f9e2c03bb40 con 0x7f9e2c03c8a0
2024-09-05T07:29:12.432 INFO:teuthology.orchestra.run.smithi071.stdout:/usr/bin/ceph: stderr
2024-09-05T07:29:11.778+0000 7f9e3bfff640 1 --2- 172.21.15.71:0/2718545173 >> [v2:172.21.15.71:6800/316149397,v1:172.21.15.71:6801/316149397] conn(0x7f9e2c03c8a0 0x7f9e2c03ec90 unknown :-1 s=BANNER_CONNECTING pgs=0 cs=0 l=1 rev1=0 crypto rx=0 tx=0 comp rx=0 tx=0)._handle_peer_banner_payload supported=3 required=0
2024-09-05T07:29:12.432 INFO:teuthology.orchestra.run.smithi071.stdout:/usr/bin/ceph: stderr
2024-09-05T07:29:11.779+0000 7f9e3bfff640 1 --2- 172.21.15.71:0/2718545173 >> [v2:172.21.15.71:6800/316149397,v1:172.21.15.71:6801/316149397] conn(0x7f9e2c03c8a0 0x7f9e2c03ec90 secure :-1 s=READY pgs=1 cs=0 l=1 rev1=1 crypto rx=0x7f9e28003980 tx=0x7f9e28006e10 comp rx=0 tx=0).ready entity=mgr.14118 client_cookie=0 server_cookie=0 in_seq=0 out_seq=0
2024-09-05T07:29:12.432 INFO:teuthology.orchestra.run.smithi071.stdout:/usr/bin/ceph: stderr
2024-09-05T07:29:11.779+0000 7f9e39ffb640 1 -- 172.21.15.71:0/2718545173 <== mgr.14118 v2:172.21.15.71:6800/316149397 1 ==== command_reply(tid 0: 0 ) ==== 8+0+9564 (secure 0 0 0) 0x7f9e2c03bb40 con 0x7f9e2c03c8a0
2024-09-05T07:29:12.432 INFO:teuthology.orchestra.run.smithi071.stdout:/usr/bin/ceph: stderr
2024-09-05T07:29:11.791+0000 7f9e43095640 1 -- 172.21.15.71:0/2718545173 --> [v2:172.21.15.71:6800/316149397,v1:172.21.15.71:6801/316149397] -- command(tid 1: {"prefix": "mgr_status"}) -- 0x7f9e3c1082b0 con 0x7f9e2c03c8a0
2024-09-05T07:29:12.432 INFO:teuthology.orchestra.run.smithi071.stdout:/usr/bin/ceph: stderr
2024-09-05T07:29:11.792+0000 7f9e39ffb640 1 -- 172.21.15.71:0/2718545173 <== mgr.14118 v2:172.21.15.71:6800/316149397 2 ==== command_reply(tid 1: 0 ) ==== 8+0+51 (secure 0 0 0) 0x7f9e3c1082b0 con 0x7f9e2c03c8a0
2024-09-05T07:29:12.432 INFO:teuthology.orchestra.run.smithi071.stdout:/usr/bin/ceph: stderr
2024-09-05T07:29:11.792+0000 7f9e43095640 1 -- 172.21.15.71:0/2718545173 >> [v2:172.21.15.71:6800/316149397,v1:172.21.15.71:6801/316149397] conn(0x7f9e2c03c8a0 msgr2=0x7f9e2c03ec90 secure :-1 s=STATE_CONNECTION_ESTABLISHED l=1).mark_down
2024-09-05T07:29:12.432 INFO:teuthology.orchestra.run.smithi071.stdout:/usr/bin/ceph: stderr
2024-09-05T07:29:11.792+0000 7f9e43095640 1 --2- 172.21.15.71:0/2718545173 >> [v2:172.21.15.71:6800/316149397,v1:172.21.15.71:6801/316149397] conn(0x7f9e2c03c8a0 0x7f9e2c03ec90 secure :-1 s=READY pgs=1 cs=0 l=1 rev1=1 crypto rx=0x7f9e28003980 tx=0x7f9e28006e10 comp rx=0 tx=0).stop
2024-09-05T07:29:12.433 INFO:teuthology.orchestra.run.smithi071.stdout:/usr/bin/ceph: stderr
2024-09-05T07:29:11.792+0000 7f9e43095640 1 -- 172.21.15.71:0/2718545173 >> [v2:172.21.15.71:3300/0,v1:172.21.15.71:6789/0] conn(0x7f9e3c107e50 msgr2=0x7f9e3c19d8d0 secure :-1 s=STATE_CONNECTION_ESTABLISHED l=1).mark_down
2024-09-05T07:29:12.433 INFO:teuthology.orchestra.run.smithi071.stdout:/usr/bin/ceph: stderr
2024-09-05T07:29:11.792+0000 7f9e43095640 1 --2- 172.21.15.71:0/2718545173 >> [v2:172.21.15.71:3300/0,v1:172.21.15.71:6789/0] conn(0x7f9e3c107e50 0x7f9e3c19d8d0 secure :-1 s=READY pgs=27 cs=0 l=1 rev1=1 crypto rx=0x7f9e300097f0 tx=0x7f9e30030d00 comp rx=0 tx=0).stop
2024-09-05T07:29:12.433 INFO:teuthology.orchestra.run.smithi071.stdout:/usr/bin/ceph: stderr
2024-09-05T07:29:11.792+0000 7f9e43095640 1 -- 172.21.15.71:0/2718545173 shutdown_connections
2024-09-05T07:29:12.433 INFO:teuthology.orchestra.run.smithi071.stdout:/usr/bin/ceph: stderr
2024-09-05T07:29:11.792+0000 7f9e43095640 1 --2- 172.21.15.71:0/2718545173 >> [v2:172.21.15.71:6800/316149397,v1:172.21.15.71:6801/316149397] conn(0x7f9e2c03c8a0 0x7f9e2c03ec90 unknown :-1 s=CLOSED pgs=1 cs=0 l=1 rev1=1 crypto rx=0 tx=0 comp rx=0 tx=0).stop
2024-09-05T07:29:12.433 INFO:teuthology.orchestra.run.smithi071.stdout:/usr/bin/ceph: stderr
2024-09-05T07:29:11.792+0000 7f9e43095640 1 --2- 172.21.15.71:0/2718545173 >> [v2:172.21.15.71:6800/371807956,v1:172.21.15.71:6801/371807956] conn(0x7f9e2c038f70 0x7f9e2c03b430 unknown :-1 s=CLOSED pgs=0 cs=0 l=1 rev1=0 crypto rx=0 tx=0 comp rx=0 tx=0).stop
2024-09-05T07:29:12.433 INFO:teuthology.orchestra.run.smithi071.stdout:/usr/bin/ceph: stderr
2024-09-05T07:29:11.792+0000 7f9e43095640 1 --2- 172.21.15.71:0/2718545173 >> [v2:172.21.15.71:3300/0,v1:172.21.15.71:6789/0] conn(0x7f9e3c107e50 0x7f9e3c19d8d0 unknown :-1 s=CLOSED pgs=27 cs=0 l=1 rev1=1 crypto rx=0 tx=0 comp rx=0 tx=0).stop
2024-09-05T07:29:12.433 INFO:teuthology.orchestra.run.smithi071.stdout:/usr/bin/ceph: stderr
2024-09-05T07:29:11.792+0000 7f9e43095640 1 -- 172.21.15.71:0/2718545173 >> 172.21.15.71:0/2718545173 conn(0x7f9e3c101a90 msgr2=0x7f9e3c102760 unknown :-1 s=STATE_NONE l=0).mark_down
2024-09-05T07:29:12.433 INFO:teuthology.orchestra.run.smithi071.stdout:/usr/bin/ceph: stderr
2024-09-05T07:29:11.792+0000 7f9e43095640 1 -- 172.21.15.71:0/2718545173 shutdown_connections
2024-09-05T07:29:12.433 INFO:teuthology.orchestra.run.smithi071.stdout:/usr/bin/ceph: stderr
2024-09-05T07:29:11.792+0000 7f9e43095640 1 -- 172.21.15.71:0/2718545173 wait complete.
2024-09-05T07:29:12.433 INFO:teuthology.orchestra.run.smithi071.stdout:mgr epoch 5 is available
2024-09-05T07:29:12.433 INFO:teuthology.orchestra.run.smithi071.stdout:Setting orchestrator backend to cephadm...
2024-09-05T07:29:13.015 INFO:journalctl@ceph.mon.a.smithi071.stdout:Sep 05 07:29:12 smithi071 ceph-mon[30965]: from='client.14122 -' entity='client.admin' cmd=[{"prefix": "get_command_descriptions"}]: dispatch
2024-09-05T07:29:13.015 INFO:journalctl@ceph.mon.a.smithi071.stdout:Sep 05 07:29:12 smithi071 ceph-mon[30965]: from='client.14122 -' entity='client.admin' cmd=[{"prefix": "mgr_status"}]: dispatch
2024-09-05T07:29:13.015 INFO:journalctl@ceph.mon.a.smithi071.stdout:Sep 05 07:29:12 smithi071 ceph-mon[30965]: from='mgr.14118 172.21.15.71:0/884606983' entity='mgr.x' cmd=[{"prefix": "config dump", "format": "json"}]: dispatch
2024-09-05T07:29:13.620 INFO:teuthology.orchestra.run.smithi071.stdout:/usr/bin/ceph: stderr
2024-09-05T07:29:12.822+0000 7f76a1d5a640 1 Processor -- start
2024-09-05T07:29:13.620 INFO:teuthology.orchestra.run.smithi071.stdout:/usr/bin/ceph: stderr
2024-09-05T07:29:12.822+0000 7f76a1d5a640 1 -- start start
2024-09-05T07:29:13.620 INFO:teuthology.orchestra.run.smithi071.stdout:/usr/bin/ceph: stderr
2024-09-05T07:29:12.822+0000 7f76a1d5a640 1 --2- >> [v2:172.21.15.71:3300/0,v1:172.21.15.71:6789/0] conn(0x7f769c107e50 0x7f769c10a240 unknown :-1 s=NONE pgs=0 cs=0 l=0 rev1=0 crypto rx=0 tx=0 comp rx=0 tx=0).connect
2024-09-05T07:29:13.621 INFO:teuthology.orchestra.run.smithi071.stdout:/usr/bin/ceph: stderr
2024-09-05T07:29:12.822+0000 7f76a1d5a640 1 -- --> [v2:172.21.15.71:3300/0,v1:172.21.15.71:6789/0] -- mon_getmap magic: 0 -- 0x7f769c0757a0 con 0x7f769c107e50
2024-09-05T07:29:13.621 INFO:teuthology.orchestra.run.smithi071.stdout:/usr/bin/ceph: stderr
2024-09-05T07:29:12.823+0000 7f769b7fe640 1 --2- >> [v2:172.21.15.71:3300/0,v1:172.21.15.71:6789/0] conn(0x7f769c107e50 0x7f769c10a240 unknown :-1 s=BANNER_CONNECTING pgs=0 cs=0 l=0 rev1=0 crypto rx=0 tx=0 comp rx=0 tx=0)._handle_peer_banner_payload supported=3 required=0
2024-09-05T07:29:13.621 INFO:teuthology.orchestra.run.smithi071.stdout:/usr/bin/ceph: stderr
2024-09-05T07:29:12.823+0000 7f769b7fe640 1 --2- >> [v2:172.21.15.71:3300/0,v1:172.21.15.71:6789/0] conn(0x7f769c107e50 0x7f769c10a240 unknown :-1 s=HELLO_CONNECTING pgs=0 cs=0 l=0 rev1=1 crypto rx=0 tx=0 comp rx=0 tx=0).handle_hello peer v2:172.21.15.71:3300/0 says I am v2:172.21.15.71:41356/0 (socket says 172.21.15.71:41356)
2024-09-05T07:29:13.621 INFO:teuthology.orchestra.run.smithi071.stdout:/usr/bin/ceph: stderr
2024-09-05T07:29:12.823+0000 7f769b7fe640 1 -- 172.21.15.71:0/474741268 learned_addr learned my addr 172.21.15.71:0/474741268 (peer_addr_for_me v2:172.21.15.71:0/0)
2024-09-05T07:29:13.621 INFO:teuthology.orchestra.run.smithi071.stdout:/usr/bin/ceph: stderr
2024-09-05T07:29:12.823+0000 7f769b7fe640 1 -- 172.21.15.71:0/474741268 --> [v2:172.21.15.71:3300/0,v1:172.21.15.71:6789/0] -- mon_subscribe({config=0+,monmap=0+}) -- 0x7f769c10a780 con 0x7f769c107e50
2024-09-05T07:29:13.621 INFO:teuthology.orchestra.run.smithi071.stdout:/usr/bin/ceph: stderr
2024-09-05T07:29:12.824+0000 7f769b7fe640 1 --2- 172.21.15.71:0/474741268 >> [v2:172.21.15.71:3300/0,v1:172.21.15.71:6789/0] conn(0x7f769c107e50 0x7f769c10a240 secure :-1 s=READY pgs=35 cs=0 l=1 rev1=1 crypto rx=0x7f768c009e80 tx=0x7f768c02a7a0 comp rx=0 tx=0).ready entity=mon.0 client_cookie=5b16015e9711667e server_cookie=0 in_seq=0 out_seq=0
2024-09-05T07:29:13.621 INFO:teuthology.orchestra.run.smithi071.stdout:/usr/bin/ceph: stderr
2024-09-05T07:29:12.824+0000 7f769a7fc640 1 -- 172.21.15.71:0/474741268 <== mon.0 v2:172.21.15.71:3300/0 1 ==== mon_map magic: 0 ==== 205+0+0 (secure 0 0 0) 0x7f768c036070 con 0x7f769c107e50
2024-09-05T07:29:13.621 INFO:teuthology.orchestra.run.smithi071.stdout:/usr/bin/ceph: stderr
2024-09-05T07:29:12.824+0000 7f769a7fc640 1 -- 172.21.15.71:0/474741268 <== mon.0 v2:172.21.15.71:3300/0 2 ==== config(26 keys) ==== 1071+0+0 (secure 0 0 0) 0x7f768c031890 con 0x7f769c107e50
2024-09-05T07:29:13.621 INFO:teuthology.orchestra.run.smithi071.stdout:/usr/bin/ceph: stderr
2024-09-05T07:29:12.824+0000 7f769a7fc640 1 -- 172.21.15.71:0/474741268 <== mon.0 v2:172.21.15.71:3300/0 3 ==== mon_map magic: 0 ==== 205+0+0 (secure 0 0 0) 0x7f768c007980 con 0x7f769c107e50
2024-09-05T07:29:13.621 INFO:teuthology.orchestra.run.smithi071.stdout:/usr/bin/ceph: stderr
2024-09-05T07:29:12.824+0000 7f76a1d5a640 1 -- 172.21.15.71:0/474741268 >> [v2:172.21.15.71:3300/0,v1:172.21.15.71:6789/0] conn(0x7f769c107e50 msgr2=0x7f769c10a240 secure :-1 s=STATE_CONNECTION_ESTABLISHED l=1).mark_down
2024-09-05T07:29:13.621 INFO:teuthology.orchestra.run.smithi071.stdout:/usr/bin/ceph: stderr
2024-09-05T07:29:12.824+0000 7f76a1d5a640 1 --2- 172.21.15.71:0/474741268 >> [v2:172.21.15.71:3300/0,v1:172.21.15.71:6789/0] conn(0x7f769c107e50 0x7f769c10a240 secure :-1 s=READY pgs=35 cs=0 l=1 rev1=1 crypto rx=0x7f768c009e80 tx=0x7f768c02a7a0 comp rx=0 tx=0).stop
2024-09-05T07:29:13.622 INFO:teuthology.orchestra.run.smithi071.stdout:/usr/bin/ceph: stderr
2024-09-05T07:29:12.824+0000 7f76a1d5a640 1 -- 172.21.15.71:0/474741268 shutdown_connections
2024-09-05T07:29:13.622 INFO:teuthology.orchestra.run.smithi071.stdout:/usr/bin/ceph: stderr
2024-09-05T07:29:12.824+0000 7f76a1d5a640 1 --2- 172.21.15.71:0/474741268 >> [v2:172.21.15.71:3300/0,v1:172.21.15.71:6789/0] conn(0x7f769c107e50 0x7f769c10a240 unknown :-1 s=CLOSED pgs=35 cs=0 l=1 rev1=1 crypto rx=0 tx=0 comp rx=0 tx=0).stop
2024-09-05T07:29:13.622 INFO:teuthology.orchestra.run.smithi071.stdout:/usr/bin/ceph: stderr
2024-09-05T07:29:12.824+0000 7f76a1d5a640 1 -- 172.21.15.71:0/474741268 >> 172.21.15.71:0/474741268 conn(0x7f769c101a90 msgr2=0x7f769c103eb0 unknown :-1 s=STATE_NONE l=0).mark_down
2024-09-05T07:29:13.622 INFO:teuthology.orchestra.run.smithi071.stdout:/usr/bin/ceph: stderr
2024-09-05T07:29:12.825+0000 7f76a1d5a640 1 -- 172.21.15.71:0/474741268 shutdown_connections
2024-09-05T07:29:13.622 INFO:teuthology.orchestra.run.smithi071.stdout:/usr/bin/ceph: stderr
2024-09-05T07:29:12.825+0000 7f76a1d5a640 1 -- 172.21.15.71:0/474741268 wait complete.
2024-09-05T07:29:13.625 INFO:teuthology.orchestra.run.smithi071.stdout:/usr/bin/ceph: stderr
2024-09-05T07:29:12.825+0000 7f76a1d5a640 1 Processor -- start
2024-09-05T07:29:13.625 INFO:teuthology.orchestra.run.smithi071.stdout:/usr/bin/ceph: stderr
2024-09-05T07:29:12.825+0000 7f76a1d5a640 1 -- start start
2024-09-05T07:29:13.625 INFO:teuthology.orchestra.run.smithi071.stdout:/usr/bin/ceph: stderr
2024-09-05T07:29:12.825+0000 7f76a1d5a640 1 --2- >> [v2:172.21.15.71:3300/0,v1:172.21.15.71:6789/0] conn(0x7f769c107e50 0x7f769c19b680 unknown :-1 s=NONE pgs=0 cs=0 l=1 rev1=0 crypto rx=0 tx=0 comp rx=0 tx=0).connect
2024-09-05T07:29:13.625 INFO:teuthology.orchestra.run.smithi071.stdout:/usr/bin/ceph: stderr
2024-09-05T07:29:12.825+0000 7f76a1d5a640 1 -- --> [v2:172.21.15.71:3300/0,v1:172.21.15.71:6789/0] -- mon_getmap magic: 0 -- 0x7f769c10b7c0 con 0x7f769c107e50
2024-09-05T07:29:13.625 INFO:teuthology.orchestra.run.smithi071.stdout:/usr/bin/ceph: stderr
2024-09-05T07:29:12.826+0000 7f769b7fe640 1 --2- >> [v2:172.21.15.71:3300/0,v1:172.21.15.71:6789/0] conn(0x7f769c107e50 0x7f769c19b680 unknown :-1 s=BANNER_CONNECTING pgs=0 cs=0 l=1 rev1=0 crypto rx=0 tx=0 comp rx=0 tx=0)._handle_peer_banner_payload supported=3 required=0
2024-09-05T07:29:13.625 INFO:teuthology.orchestra.run.smithi071.stdout:/usr/bin/ceph: stderr
2024-09-05T07:29:12.826+0000 7f769b7fe640 1 --2- >> [v2:172.21.15.71:3300/0,v1:172.21.15.71:6789/0] conn(0x7f769c107e50 0x7f769c19b680 unknown :-1 s=HELLO_CONNECTING pgs=0 cs=0 l=1 rev1=1 crypto rx=0 tx=0 comp rx=0 tx=0).handle_hello peer v2:172.21.15.71:3300/0 says I am v2:172.21.15.71:41358/0 (socket says 172.21.15.71:41358)
2024-09-05T07:29:13.626 INFO:teuthology.orchestra.run.smithi071.stdout:/usr/bin/ceph: stderr
2024-09-05T07:29:12.826+0000 7f769b7fe640 1 -- 172.21.15.71:0/4270039322 learned_addr learned my addr 172.21.15.71:0/4270039322 (peer_addr_for_me v2:172.21.15.71:0/0)
2024-09-05T07:29:13.626 INFO:teuthology.orchestra.run.smithi071.stdout:/usr/bin/ceph: stderr
2024-09-05T07:29:12.826+0000 7f769b7fe640 1 -- 172.21.15.71:0/4270039322 --> [v2:172.21.15.71:3300/0,v1:172.21.15.71:6789/0] -- mon_subscribe({config=0+,monmap=0+}) -- 0x7f769c19bbc0 con 0x7f769c107e50
2024-09-05T07:29:13.626 INFO:teuthology.orchestra.run.smithi071.stdout:/usr/bin/ceph: stderr
2024-09-05T07:29:12.826+0000 7f769b7fe640 1 --2- 172.21.15.71:0/4270039322 >> [v2:172.21.15.71:3300/0,v1:172.21.15.71:6789/0] conn(0x7f769c107e50 0x7f769c19b680 secure :-1 s=READY pgs=36 cs=0 l=1 rev1=1 crypto rx=0x7f768c009680 tx=0x7f768c031c70 comp rx=0 tx=0).ready entity=mon.0 client_cookie=0 server_cookie=0 in_seq=0 out_seq=0
2024-09-05T07:29:13.626 INFO:teuthology.orchestra.run.smithi071.stdout:/usr/bin/ceph: stderr
2024-09-05T07:29:12.826+0000 7f7698ff9640 1 -- 172.21.15.71:0/4270039322 <== mon.0 v2:172.21.15.71:3300/0 1 ==== mon_map magic: 0 ==== 205+0+0 (secure 0 0 0) 0x7f768c041020 con 0x7f769c107e50
2024-09-05T07:29:13.626 INFO:teuthology.orchestra.run.smithi071.stdout:/usr/bin/ceph: stderr
2024-09-05T07:29:12.826+0000 7f7698ff9640 1 -- 172.21.15.71:0/4270039322 <== mon.0 v2:172.21.15.71:3300/0 2 ==== config(26 keys) ==== 1071+0+0 (secure 0 0 0) 0x7f768c03c900 con 0x7f769c107e50
2024-09-05T07:29:13.626 INFO:teuthology.orchestra.run.smithi071.stdout:/usr/bin/ceph: stderr
2024-09-05T07:29:12.826+0000 7f76a1d5a640 1 -- 172.21.15.71:0/4270039322 --> [v2:172.21.15.71:3300/0,v1:172.21.15.71:6789/0] -- mon_subscribe({mgrmap=0+}) -- 0x7f769c19be50 con 0x7f769c107e50
2024-09-05T07:29:13.626 INFO:teuthology.orchestra.run.smithi071.stdout:/usr/bin/ceph: stderr
2024-09-05T07:29:12.826+0000 7f7698ff9640 1 -- 172.21.15.71:0/4270039322 <== mon.0 v2:172.21.15.71:3300/0 3 ==== mon_map magic: 0 ==== 205+0+0 (secure 0 0 0) 0x7f768c036040 con 0x7f769c107e50
2024-09-05T07:29:13.626 INFO:teuthology.orchestra.run.smithi071.stdout:/usr/bin/ceph: stderr
2024-09-05T07:29:12.826+0000 7f76a1d5a640 1 -- 172.21.15.71:0/4270039322 --> [v2:172.21.15.71:3300/0,v1:172.21.15.71:6789/0] -- mon_subscribe({osdmap=0}) -- 0x7f769c19eb40 con 0x7f769c107e50
2024-09-05T07:29:13.626 INFO:teuthology.orchestra.run.smithi071.stdout:/usr/bin/ceph: stderr
2024-09-05T07:29:12.827+0000 7f7698ff9640 1 -- 172.21.15.71:0/4270039322 <== mon.0 v2:172.21.15.71:3300/0 4 ==== mgrmap(e 7) ==== 46181+0+0 (secure 0 0 0) 0x7f768c044020 con 0x7f769c107e50
2024-09-05T07:29:13.626 INFO:teuthology.orchestra.run.smithi071.stdout:/usr/bin/ceph: stderr
2024-09-05T07:29:12.827+0000 7f76a1d5a640 1 -- 172.21.15.71:0/4270039322 --> [v2:172.21.15.71:3300/0,v1:172.21.15.71:6789/0] -- mon_command({"prefix": "get_command_descriptions"} v 0) -- 0x7f769c1082b0 con 0x7f769c107e50
2024-09-05T07:29:13.626 INFO:teuthology.orchestra.run.smithi071.stdout:/usr/bin/ceph: stderr
2024-09-05T07:29:12.827+0000 7f7698ff9640 1 --2- 172.21.15.71:0/4270039322 >> [v2:172.21.15.71:6800/316149397,v1:172.21.15.71:6801/316149397] conn(0x7f7684038eb0 0x7f768403b370 unknown :-1 s=NONE pgs=0 cs=0 l=1 rev1=0 crypto rx=0 tx=0 comp rx=0 tx=0).connect
2024-09-05T07:29:13.626 INFO:teuthology.orchestra.run.smithi071.stdout:/usr/bin/ceph: stderr
2024-09-05T07:29:12.827+0000 7f7698ff9640 1 -- 172.21.15.71:0/4270039322 <== mon.0 v2:172.21.15.71:3300/0 5 ==== osd_map(2..2 src has 1..2) ==== 940+0+0 (secure 0 0 0) 0x7f768c06d2a0 con 0x7f769c107e50
2024-09-05T07:29:13.626 INFO:teuthology.orchestra.run.smithi071.stdout:/usr/bin/ceph: stderr
2024-09-05T07:29:12.827+0000 7f769affd640 1 --2- 172.21.15.71:0/4270039322 >> [v2:172.21.15.71:6800/316149397,v1:172.21.15.71:6801/316149397] conn(0x7f7684038eb0 0x7f768403b370 unknown :-1 s=BANNER_CONNECTING pgs=0 cs=0 l=1 rev1=0 crypto rx=0 tx=0 comp rx=0 tx=0)._handle_peer_banner_payload supported=3 required=0
2024-09-05T07:29:13.626 INFO:teuthology.orchestra.run.smithi071.stdout:/usr/bin/ceph: stderr
2024-09-05T07:29:12.828+0000 7f769affd640 1 --2- 172.21.15.71:0/4270039322 >> [v2:172.21.15.71:6800/316149397,v1:172.21.15.71:6801/316149397] conn(0x7f7684038eb0 0x7f768403b370 secure :-1 s=READY pgs=7 cs=0 l=1 rev1=1 crypto rx=0x7f76900098c0 tx=0x7f7690006db0 comp rx=0 tx=0).ready entity=mgr.14118 client_cookie=0 server_cookie=0 in_seq=0 out_seq=0
2024-09-05T07:29:13.627 INFO:teuthology.orchestra.run.smithi071.stdout:/usr/bin/ceph: stderr
2024-09-05T07:29:12.834+0000 7f7698ff9640 1 -- 172.21.15.71:0/4270039322 <== mon.0 v2:172.21.15.71:3300/0 6 ==== mon_command_ack([{"prefix": "get_command_descriptions"}]=0 v0) ==== 72+0+188821 (secure 0 0 0) 0x7f768c04b020 con 0x7f769c107e50
2024-09-05T07:29:13.627 INFO:teuthology.orchestra.run.smithi071.stdout:/usr/bin/ceph: stderr
2024-09-05T07:29:12.836+0000 7f7698ff9640 1 -- 172.21.15.71:0/4270039322 <== mon.0 v2:172.21.15.71:3300/0 7 ==== mgrmap(e 8) ==== 46287+0+0 (secure 0 0 0) 0x7f768c0467d0 con 0x7f769c107e50
2024-09-05T07:29:13.627 INFO:teuthology.orchestra.run.smithi071.stdout:/usr/bin/ceph: stderr
2024-09-05T07:29:13.014+0000 7f76a1d5a640 1 -- 172.21.15.71:0/4270039322 --> [v2:172.21.15.71:6800/316149397,v1:172.21.15.71:6801/316149397] -- mgr_command(tid 0: {"prefix": "orch set backend", "module_name": "cephadm", "target": ["mon-mgr", ""]}) -- 0x7f769c02d810 con 0x7f7684038eb0
2024-09-05T07:29:13.627 INFO:teuthology.orchestra.run.smithi071.stdout:/usr/bin/ceph: stderr
2024-09-05T07:29:13.020+0000 7f7698ff9640 1 -- 172.21.15.71:0/4270039322 <== mgr.14118 v2:172.21.15.71:6800/316149397 1 ==== mgr_command_reply(tid 0: 0 ) ==== 8+0+0 (secure 0 0 0) 0x7f769c02d810 con 0x7f7684038eb0
2024-09-05T07:29:13.627 INFO:teuthology.orchestra.run.smithi071.stdout:/usr/bin/ceph: stderr
2024-09-05T07:29:13.022+0000 7f76a1d5a640 1 -- 172.21.15.71:0/4270039322 >> [v2:172.21.15.71:6800/316149397,v1:172.21.15.71:6801/316149397] conn(0x7f7684038eb0 msgr2=0x7f768403b370 secure :-1 s=STATE_CONNECTION_ESTABLISHED l=1).mark_down
2024-09-05T07:29:13.627 INFO:teuthology.orchestra.run.smithi071.stdout:/usr/bin/ceph: stderr
2024-09-05T07:29:13.022+0000 7f76a1d5a640 1 --2- 172.21.15.71:0/4270039322 >> [v2:172.21.15.71:6800/316149397,v1:172.21.15.71:6801/316149397] conn(0x7f7684038eb0 0x7f768403b370 secure :-1 s=READY pgs=7 cs=0 l=1 rev1=1 crypto rx=0x7f76900098c0 tx=0x7f7690006db0 comp rx=0 tx=0).stop
2024-09-05T07:29:13.627 INFO:teuthology.orchestra.run.smithi071.stdout:/usr/bin/ceph: stderr
2024-09-05T07:29:13.022+0000 7f76a1d5a640 1 -- 172.21.15.71:0/4270039322 >> [v2:172.21.15.71:3300/0,v1:172.21.15.71:6789/0] conn(0x7f769c107e50 msgr2=0x7f769c19b680 secure :-1 s=STATE_CONNECTION_ESTABLISHED l=1).mark_down
2024-09-05T07:29:13.627 INFO:teuthology.orchestra.run.smithi071.stdout:/usr/bin/ceph: stderr
2024-09-05T07:29:13.022+0000 7f76a1d5a640 1 --2- 172.21.15.71:0/4270039322 >> [v2:172.21.15.71:3300/0,v1:172.21.15.71:6789/0] conn(0x7f769c107e50 0x7f769c19b680 secure :-1 s=READY pgs=36 cs=0 l=1 rev1=1 crypto rx=0x7f768c009680 tx=0x7f768c031c70 comp rx=0 tx=0).stop
2024-09-05T07:29:13.627 INFO:teuthology.orchestra.run.smithi071.stdout:/usr/bin/ceph: stderr
2024-09-05T07:29:13.022+0000 7f76a1d5a640 1 -- 172.21.15.71:0/4270039322 shutdown_connections
2024-09-05T07:29:13.627 INFO:teuthology.orchestra.run.smithi071.stdout:/usr/bin/ceph: stderr
2024-09-05T07:29:13.022+0000 7f76a1d5a640 1 --2- 172.21.15.71:0/4270039322 >> [v2:172.21.15.71:6800/316149397,v1:172.21.15.71:6801/316149397] conn(0x7f7684038eb0 0x7f768403b370 unknown :-1 s=CLOSED pgs=7 cs=0 l=1 rev1=1 crypto rx=0 tx=0 comp rx=0 tx=0).stop
2024-09-05T07:29:13.627 INFO:teuthology.orchestra.run.smithi071.stdout:/usr/bin/ceph: stderr
2024-09-05T07:29:13.022+0000 7f76a1d5a640 1 --2- 172.21.15.71:0/4270039322 >> [v2:172.21.15.71:3300/0,v1:172.21.15.71:6789/0] conn(0x7f769c107e50 0x7f769c19b680 unknown :-1 s=CLOSED pgs=36 cs=0 l=1 rev1=1 crypto rx=0 tx=0 comp rx=0 tx=0).stop
2024-09-05T07:29:13.627 INFO:teuthology.orchestra.run.smithi071.stdout:/usr/bin/ceph: stderr
2024-09-05T07:29:13.022+0000 7f76a1d5a640 1 -- 172.21.15.71:0/4270039322 >> 172.21.15.71:0/4270039322 conn(0x7f769c101a90 msgr2=0x7f769c1027e0 unknown :-1 s=STATE_NONE l=0).mark_down
2024-09-05T07:29:13.627 INFO:teuthology.orchestra.run.smithi071.stdout:/usr/bin/ceph: stderr
2024-09-05T07:29:13.022+0000 7f76a1d5a640 1 -- 172.21.15.71:0/4270039322 shutdown_connections
2024-09-05T07:29:13.627 INFO:teuthology.orchestra.run.smithi071.stdout:/usr/bin/ceph: stderr
2024-09-05T07:29:13.022+0000 7f76a1d5a640 1 -- 172.21.15.71:0/4270039322 wait complete.
2024-09-05T07:29:13.885 INFO:journalctl@ceph.mon.a.smithi071.stdout:Sep 05 07:29:13 smithi071 ceph-mon[30965]: [05/Sep/2024:07:29:12] ENGINE Bus STARTING
2024-09-05T07:29:13.885 INFO:journalctl@ceph.mon.a.smithi071.stdout:Sep 05 07:29:13 smithi071 ceph-mon[30965]: [05/Sep/2024:07:29:12] ENGINE Serving on https://172.21.15.71:7150
2024-09-05T07:29:13.885 INFO:journalctl@ceph.mon.a.smithi071.stdout:Sep 05 07:29:13 smithi071 ceph-mon[30965]: [05/Sep/2024:07:29:12] ENGINE Error in HTTPServer.serve
2024-09-05T07:29:13.885 INFO:journalctl@ceph.mon.a.smithi071.stdout: Traceback (most recent call last):
2024-09-05T07:29:13.885 INFO:journalctl@ceph.mon.a.smithi071.stdout: File "/lib/python3.9/site-packages/cheroot/server.py", line 1823, in serve
2024-09-05T07:29:13.885 INFO:journalctl@ceph.mon.a.smithi071.stdout: self._connections.run(self.expiration_interval)
2024-09-05T07:29:13.885 INFO:journalctl@ceph.mon.a.smithi071.stdout: File "/lib/python3.9/site-packages/cheroot/connections.py", line 203, in run
2024-09-05T07:29:13.885 INFO:journalctl@ceph.mon.a.smithi071.stdout: self._run(expiration_interval)
2024-09-05T07:29:13.885 INFO:journalctl@ceph.mon.a.smithi071.stdout: File "/lib/python3.9/site-packages/cheroot/connections.py", line 246, in _run
2024-09-05T07:29:13.885 INFO:journalctl@ceph.mon.a.smithi071.stdout: new_conn = self._from_server_socket(self.server.socket)
2024-09-05T07:29:13.885 INFO:journalctl@ceph.mon.a.smithi071.stdout: File "/lib/python3.9/site-packages/cheroot/connections.py", line 300, in _from_server_socket
2024-09-05T07:29:13.885 INFO:journalctl@ceph.mon.a.smithi071.stdout: s, ssl_env = self.server.ssl_adapter.wrap(s)
2024-09-05T07:29:13.886 INFO:journalctl@ceph.mon.a.smithi071.stdout: File "/lib/python3.9/site-packages/cheroot/ssl/builtin.py", line 277, in wrap
2024-09-05T07:29:13.886 INFO:journalctl@ceph.mon.a.smithi071.stdout: s = self.context.wrap_socket(
2024-09-05T07:29:13.886 INFO:journalctl@ceph.mon.a.smithi071.stdout: File "/lib64/python3.9/ssl.py", line 501, in wrap_socket
2024-09-05T07:29:13.886 INFO:journalctl@ceph.mon.a.smithi071.stdout: return self.sslsocket_class._create(
2024-09-05T07:29:13.886 INFO:journalctl@ceph.mon.a.smithi071.stdout: File "/lib64/python3.9/ssl.py", line 1074, in _create
2024-09-05T07:29:13.886 INFO:journalctl@ceph.mon.a.smithi071.stdout: self.do_handshake()
2024-09-05T07:29:13.886 INFO:journalctl@ceph.mon.a.smithi071.stdout: File "/lib64/python3.9/ssl.py", line 1343, in do_handshake
2024-09-05T07:29:13.886 INFO:journalctl@ceph.mon.a.smithi071.stdout: self._sslobj.do_handshake()
2024-09-05T07:29:13.886 INFO:journalctl@ceph.mon.a.smithi071.stdout: ssl.SSLZeroReturnError: TLS/SSL connection has been closed (EOF) (_ssl.c:1133)
2024-09-05T07:29:13.886 INFO:journalctl@ceph.mon.a.smithi071.stdout:Sep 05 07:29:13 smithi071 ceph-mon[30965]: [05/Sep/2024:07:29:12] ENGINE Serving on http://172.21.15.71:8765
2024-09-05T07:29:13.886 INFO:journalctl@ceph.mon.a.smithi071.stdout:Sep 05 07:29:13 smithi071 ceph-mon[30965]: [05/Sep/2024:07:29:12] ENGINE Bus STARTED
2024-09-05T07:29:13.886 INFO:journalctl@ceph.mon.a.smithi071.stdout:Sep 05 07:29:13 smithi071 ceph-mon[30965]: mgrmap e8: x(active, since 2s)
2024-09-05T07:29:13.886 INFO:journalctl@ceph.mon.a.smithi071.stdout:Sep 05 07:29:13 smithi071 ceph-mon[30965]: from='mgr.14118 172.21.15.71:0/884606983' entity='mgr.x'
2024-09-05T07:29:13.886 INFO:journalctl@ceph.mon.a.smithi071.stdout:Sep 05 07:29:13 smithi071 ceph-mon[30965]: from='mgr.14118 172.21.15.71:0/884606983' entity='mgr.x' cmd=[{"prefix": "config dump", "format": "json"}]: dispatch
2024-09-05T07:29:14.820 INFO:teuthology.orchestra.run.smithi071.stdout:/usr/bin/ceph: stdout value unchanged
2024-09-05T07:29:14.820 INFO:teuthology.orchestra.run.smithi071.stdout:/usr/bin/ceph: stderr
2024-09-05T07:29:14.063+0000 7f7c66566640 1 Processor -- start
2024-09-05T07:29:14.820 INFO:teuthology.orchestra.run.smithi071.stdout:/usr/bin/ceph: stderr
2024-09-05T07:29:14.063+0000 7f7c66566640 1 -- start start
2024-09-05T07:29:14.820 INFO:teuthology.orchestra.run.smithi071.stdout:/usr/bin/ceph: stderr
2024-09-05T07:29:14.064+0000 7f7c66566640 1 --2- >> [v2:172.21.15.71:3300/0,v1:172.21.15.71:6789/0] conn(0x7f7c60107f10 0x7f7c6010a300 unknown :-1 s=NONE pgs=0 cs=0 l=0 rev1=0 crypto rx=0 tx=0 comp rx=0 tx=0).connect
2024-09-05T07:29:14.820 INFO:teuthology.orchestra.run.smithi071.stdout:/usr/bin/ceph: stderr
2024-09-05T07:29:14.064+0000 7f7c66566640 1 -- --> [v2:172.21.15.71:3300/0,v1:172.21.15.71:6789/0] -- mon_getmap magic: 0 -- 0x7f7c600756e0 con 0x7f7c60107f10
2024-09-05T07:29:14.820 INFO:teuthology.orchestra.run.smithi071.stdout:/usr/bin/ceph: stderr
2024-09-05T07:29:14.064+0000 7f7c5ffff640 1 --2- >> [v2:172.21.15.71:3300/0,v1:172.21.15.71:6789/0] conn(0x7f7c60107f10 0x7f7c6010a300 unknown :-1 s=BANNER_CONNECTING pgs=0 cs=0 l=0 rev1=0 crypto rx=0 tx=0 comp rx=0 tx=0)._handle_peer_banner_payload supported=3 required=0
2024-09-05T07:29:14.820 INFO:teuthology.orchestra.run.smithi071.stdout:/usr/bin/ceph: stderr
2024-09-05T07:29:14.064+0000 7f7c5ffff640 1 --2- >> [v2:172.21.15.71:3300/0,v1:172.21.15.71:6789/0] conn(0x7f7c60107f10 0x7f7c6010a300 unknown :-1 s=HELLO_CONNECTING pgs=0 cs=0 l=0 rev1=1 crypto rx=0 tx=0 comp rx=0 tx=0).handle_hello peer v2:172.21.15.71:3300/0 says I am v2:172.21.15.71:41370/0 (socket says 172.21.15.71:41370)
2024-09-05T07:29:14.821 INFO:teuthology.orchestra.run.smithi071.stdout:/usr/bin/ceph: stderr
2024-09-05T07:29:14.064+0000 7f7c5ffff640 1 -- 172.21.15.71:0/3608171754 learned_addr learned my addr 172.21.15.71:0/3608171754 (peer_addr_for_me v2:172.21.15.71:0/0)
2024-09-05T07:29:14.821 INFO:teuthology.orchestra.run.smithi071.stdout:/usr/bin/ceph: stderr
2024-09-05T07:29:14.064+0000 7f7c5ffff640 1 -- 172.21.15.71:0/3608171754 --> [v2:172.21.15.71:3300/0,v1:172.21.15.71:6789/0] -- mon_subscribe({config=0+,monmap=0+}) -- 0x7f7c6010a840 con 0x7f7c60107f10
2024-09-05T07:29:14.821 INFO:teuthology.orchestra.run.smithi071.stdout:/usr/bin/ceph: stderr
2024-09-05T07:29:14.065+0000 7f7c5ffff640 1 --2- 172.21.15.71:0/3608171754 >> [v2:172.21.15.71:3300/0,v1:172.21.15.71:6789/0] conn(0x7f7c60107f10 0x7f7c6010a300 secure :-1 s=READY pgs=37 cs=0 l=1 rev1=1 crypto rx=0x7f7c50009820 tx=0x7f7c5002a270 comp rx=0 tx=0).ready entity=mon.0 client_cookie=d5e4176a0bed6e87 server_cookie=0 in_seq=0 out_seq=0
2024-09-05T07:29:14.821 INFO:teuthology.orchestra.run.smithi071.stdout:/usr/bin/ceph: stderr
2024-09-05T07:29:14.065+0000 7f7c5f7fe640 1 -- 172.21.15.71:0/3608171754 <== mon.0 v2:172.21.15.71:3300/0 1 ==== mon_map magic: 0 ==== 205+0+0 (secure 0 0 0) 0x7f7c50037070 con 0x7f7c60107f10
2024-09-05T07:29:14.821 INFO:teuthology.orchestra.run.smithi071.stdout:/usr/bin/ceph: stderr
2024-09-05T07:29:14.065+0000 7f7c5f7fe640 1 -- 172.21.15.71:0/3608171754 <== mon.0 v2:172.21.15.71:3300/0 2 ==== config(26 keys) ==== 1071+0+0 (secure 0 0 0) 0x7f7c500328d0 con 0x7f7c60107f10
2024-09-05T07:29:14.821 INFO:teuthology.orchestra.run.smithi071.stdout:/usr/bin/ceph: stderr
2024-09-05T07:29:14.065+0000 7f7c5f7fe640 1 -- 172.21.15.71:0/3608171754 <== mon.0 v2:172.21.15.71:3300/0 3 ==== mon_map magic: 0 ==== 205+0+0 (secure 0 0 0) 0x7f7c500307d0 con 0x7f7c60107f10
2024-09-05T07:29:14.821 INFO:teuthology.orchestra.run.smithi071.stdout:/usr/bin/ceph: stderr
2024-09-05T07:29:14.065+0000 7f7c66566640 1 -- 172.21.15.71:0/3608171754 >> [v2:172.21.15.71:3300/0,v1:172.21.15.71:6789/0] conn(0x7f7c60107f10 msgr2=0x7f7c6010a300 secure :-1 s=STATE_CONNECTION_ESTABLISHED l=1).mark_down
2024-09-05T07:29:14.821 INFO:teuthology.orchestra.run.smithi071.stdout:/usr/bin/ceph: stderr
2024-09-05T07:29:14.065+0000 7f7c66566640 1 --2- 172.21.15.71:0/3608171754 >> [v2:172.21.15.71:3300/0,v1:172.21.15.71:6789/0] conn(0x7f7c60107f10 0x7f7c6010a300 secure :-1 s=READY pgs=37 cs=0 l=1 rev1=1 crypto rx=0x7f7c50009820 tx=0x7f7c5002a270 comp rx=0 tx=0).stop
2024-09-05T07:29:14.821 INFO:teuthology.orchestra.run.smithi071.stdout:/usr/bin/ceph: stderr
2024-09-05T07:29:14.066+0000 7f7c66566640 1 -- 172.21.15.71:0/3608171754 shutdown_connections
2024-09-05T07:29:14.821 INFO:teuthology.orchestra.run.smithi071.stdout:/usr/bin/ceph: stderr
2024-09-05T07:29:14.066+0000 7f7c66566640 1 --2- 172.21.15.71:0/3608171754 >> [v2:172.21.15.71:3300/0,v1:172.21.15.71:6789/0] conn(0x7f7c60107f10 0x7f7c6010a300 unknown :-1 s=CLOSED pgs=37 cs=0 l=1 rev1=1 crypto rx=0 tx=0 comp rx=0 tx=0).stop
2024-09-05T07:29:14.821 INFO:teuthology.orchestra.run.smithi071.stdout:/usr/bin/ceph: stderr
2024-09-05T07:29:14.066+0000 7f7c66566640 1 -- 172.21.15.71:0/3608171754 >> 172.21.15.71:0/3608171754 conn(0x7f7c60101a90 msgr2=0x7f7c60103eb0 unknown :-1 s=STATE_NONE l=0).mark_down
2024-09-05T07:29:14.821 INFO:teuthology.orchestra.run.smithi071.stdout:/usr/bin/ceph: stderr
2024-09-05T07:29:14.066+0000 7f7c66566640 1 -- 172.21.15.71:0/3608171754 shutdown_connections
2024-09-05T07:29:14.821 INFO:teuthology.orchestra.run.smithi071.stdout:/usr/bin/ceph: stderr
2024-09-05T07:29:14.066+0000 7f7c66566640 1 -- 172.21.15.71:0/3608171754 wait complete.
2024-09-05T07:29:14.822 INFO:teuthology.orchestra.run.smithi071.stdout:/usr/bin/ceph: stderr
2024-09-05T07:29:14.066+0000 7f7c66566640 1 Processor -- start
2024-09-05T07:29:14.822 INFO:teuthology.orchestra.run.smithi071.stdout:/usr/bin/ceph: stderr
2024-09-05T07:29:14.066+0000 7f7c66566640 1 -- start start
2024-09-05T07:29:14.822 INFO:teuthology.orchestra.run.smithi071.stdout:/usr/bin/ceph: stderr
2024-09-05T07:29:14.066+0000 7f7c66566640 1 --2- >> [v2:172.21.15.71:3300/0,v1:172.21.15.71:6789/0] conn(0x7f7c60107f10 0x7f7c6019b6e0 unknown :-1 s=NONE pgs=0 cs=0 l=1 rev1=0 crypto rx=0 tx=0 comp rx=0 tx=0).connect
2024-09-05T07:29:14.822 INFO:teuthology.orchestra.run.smithi071.stdout:/usr/bin/ceph: stderr
2024-09-05T07:29:14.066+0000 7f7c66566640 1 -- --> [v2:172.21.15.71:3300/0,v1:172.21.15.71:6789/0] -- mon_getmap magic: 0 -- 0x7f7c6010b7c0 con 0x7f7c60107f10
2024-09-05T07:29:14.822 INFO:teuthology.orchestra.run.smithi071.stdout:/usr/bin/ceph: stderr
2024-09-05T07:29:14.066+0000 7f7c5ffff640 1 --2- >> [v2:172.21.15.71:3300/0,v1:172.21.15.71:6789/0] conn(0x7f7c60107f10 0x7f7c6019b6e0 unknown :-1 s=BANNER_CONNECTING pgs=0 cs=0 l=1 rev1=0 crypto rx=0 tx=0 comp rx=0 tx=0)._handle_peer_banner_payload supported=3 required=0
2024-09-05T07:29:14.822 INFO:teuthology.orchestra.run.smithi071.stdout:/usr/bin/ceph: stderr
2024-09-05T07:29:14.066+0000 7f7c5ffff640 1 --2- >> [v2:172.21.15.71:3300/0,v1:172.21.15.71:6789/0] conn(0x7f7c60107f10 0x7f7c6019b6e0 unknown :-1 s=HELLO_CONNECTING pgs=0 cs=0 l=1 rev1=1 crypto rx=0 tx=0 comp rx=0 tx=0).handle_hello peer v2:172.21.15.71:3300/0 says I am v2:172.21.15.71:41374/0 (socket says 172.21.15.71:41374)
2024-09-05T07:29:14.822 INFO:teuthology.orchestra.run.smithi071.stdout:/usr/bin/ceph: stderr
2024-09-05T07:29:14.066+0000 7f7c5ffff640 1 -- 172.21.15.71:0/868720769 learned_addr learned my addr 172.21.15.71:0/868720769 (peer_addr_for_me v2:172.21.15.71:0/0)
2024-09-05T07:29:14.822 INFO:teuthology.orchestra.run.smithi071.stdout:/usr/bin/ceph: stderr
2024-09-05T07:29:14.067+0000 7f7c5ffff640 1 -- 172.21.15.71:0/868720769 --> [v2:172.21.15.71:3300/0,v1:172.21.15.71:6789/0] -- mon_subscribe({config=0+,monmap=0+}) -- 0x7f7c6019bc20 con 0x7f7c60107f10
2024-09-05T07:29:14.822 INFO:teuthology.orchestra.run.smithi071.stdout:/usr/bin/ceph: stderr
2024-09-05T07:29:14.067+0000 7f7c5ffff640 1 --2- 172.21.15.71:0/868720769 >> [v2:172.21.15.71:3300/0,v1:172.21.15.71:6789/0] conn(0x7f7c60107f10 0x7f7c6019b6e0 secure :-1 s=READY pgs=38 cs=0 l=1 rev1=1 crypto rx=0x7f7c500097f0 tx=0x7f7c50030d00 comp rx=0 tx=0).ready entity=mon.0 client_cookie=0 server_cookie=0 in_seq=0 out_seq=0
2024-09-05T07:29:14.822 INFO:teuthology.orchestra.run.smithi071.stdout:/usr/bin/ceph: stderr
2024-09-05T07:29:14.067+0000 7f7c5dffb640 1 -- 172.21.15.71:0/868720769 <== mon.0 v2:172.21.15.71:3300/0 1 ==== mon_map magic: 0 ==== 205+0+0 (secure 0 0 0) 0x7f7c50037040 con 0x7f7c60107f10
2024-09-05T07:29:14.822 INFO:teuthology.orchestra.run.smithi071.stdout:/usr/bin/ceph: stderr
2024-09-05T07:29:14.067+0000 7f7c5dffb640 1 -- 172.21.15.71:0/868720769 <== mon.0 v2:172.21.15.71:3300/0 2 ==== config(26 keys) ==== 1071+0+0 (secure 0 0 0) 0x7f7c50032bb0 con 0x7f7c60107f10
2024-09-05T07:29:14.822 INFO:teuthology.orchestra.run.smithi071.stdout:/usr/bin/ceph: stderr
2024-09-05T07:29:14.067+0000 7f7c5dffb640 1 -- 172.21.15.71:0/868720769 <== mon.0 v2:172.21.15.71:3300/0 3 ==== mon_map magic: 0 ==== 205+0+0 (secure 0 0 0) 0x7f7c5003a390 con 0x7f7c60107f10
2024-09-05T07:29:14.822 INFO:teuthology.orchestra.run.smithi071.stdout:/usr/bin/ceph: stderr
2024-09-05T07:29:14.067+0000 7f7c66566640 1 -- 172.21.15.71:0/868720769 --> [v2:172.21.15.71:3300/0,v1:172.21.15.71:6789/0] -- mon_subscribe({mgrmap=0+}) -- 0x7f7c6019beb0 con 0x7f7c60107f10
2024-09-05T07:29:14.822 INFO:teuthology.orchestra.run.smithi071.stdout:/usr/bin/ceph: stderr
2024-09-05T07:29:14.067+0000 7f7c66566640 1 -- 172.21.15.71:0/868720769 --> [v2:172.21.15.71:3300/0,v1:172.21.15.71:6789/0] -- mon_subscribe({osdmap=0}) -- 0x7f7c6019eb50 con 0x7f7c60107f10
2024-09-05T07:29:14.823 INFO:teuthology.orchestra.run.smithi071.stdout:/usr/bin/ceph: stderr
2024-09-05T07:29:14.068+0000 7f7c5dffb640 1 -- 172.21.15.71:0/868720769 <== mon.0 v2:172.21.15.71:3300/0 4 ==== mgrmap(e 8) ==== 46287+0+0 (secure 0 0 0) 0x7f7c5003a580 con 0x7f7c60107f10
2024-09-05T07:29:14.823 INFO:teuthology.orchestra.run.smithi071.stdout:/usr/bin/ceph: stderr
2024-09-05T07:29:14.068+0000 7f7c5dffb640 1 --2- 172.21.15.71:0/868720769 >> [v2:172.21.15.71:6800/316149397,v1:172.21.15.71:6801/316149397] conn(0x7f7c4c038fc0 0x7f7c4c03b480 unknown :-1 s=NONE pgs=0 cs=0 l=1 rev1=0 crypto rx=0 tx=0 comp rx=0 tx=0).connect
2024-09-05T07:29:14.823 INFO:teuthology.orchestra.run.smithi071.stdout:/usr/bin/ceph: stderr
2024-09-05T07:29:14.068+0000 7f7c66566640 1 -- 172.21.15.71:0/868720769 --> [v2:172.21.15.71:3300/0,v1:172.21.15.71:6789/0] -- mon_command({"prefix": "get_command_descriptions"} v 0) -- 0x7f7c60108370 con 0x7f7c60107f10
2024-09-05T07:29:14.823 INFO:teuthology.orchestra.run.smithi071.stdout:/usr/bin/ceph: stderr
2024-09-05T07:29:14.068+0000 7f7c5dffb640 1 -- 172.21.15.71:0/868720769 <== mon.0 v2:172.21.15.71:3300/0 5 ==== osd_map(2..2 src has 1..2) ==== 940+0+0 (secure 0 0 0) 0x7f7c5006c340 con 0x7f7c60107f10
2024-09-05T07:29:14.823 INFO:teuthology.orchestra.run.smithi071.stdout:/usr/bin/ceph: stderr
2024-09-05T07:29:14.068+0000 7f7c57fff640 1 --2- 172.21.15.71:0/868720769 >> [v2:172.21.15.71:6800/316149397,v1:172.21.15.71:6801/316149397] conn(0x7f7c4c038fc0 0x7f7c4c03b480 unknown :-1 s=BANNER_CONNECTING pgs=0 cs=0 l=1 rev1=0 crypto rx=0 tx=0 comp rx=0 tx=0)._handle_peer_banner_payload supported=3 required=0
2024-09-05T07:29:14.823 INFO:teuthology.orchestra.run.smithi071.stdout:/usr/bin/ceph: stderr
2024-09-05T07:29:14.068+0000 7f7c57fff640 1 --2- 172.21.15.71:0/868720769 >> [v2:172.21.15.71:6800/316149397,v1:172.21.15.71:6801/316149397] conn(0x7f7c4c038fc0 0x7f7c4c03b480 secure :-1 s=READY pgs=8 cs=0 l=1 rev1=1 crypto rx=0x7f7c480098c0 tx=0x7f7c48006db0 comp rx=0 tx=0).ready entity=mgr.14118 client_cookie=0 server_cookie=0 in_seq=0 out_seq=0
2024-09-05T07:29:14.823 INFO:teuthology.orchestra.run.smithi071.stdout:/usr/bin/ceph: stderr
2024-09-05T07:29:14.073+0000 7f7c5dffb640 1 -- 172.21.15.71:0/868720769 <== mon.0 v2:172.21.15.71:3300/0 6 ==== mon_command_ack([{"prefix": "get_command_descriptions"}]=0 v0) ==== 72+0+188821 (secure 0 0 0) 0x7f7c5003d0c0 con 0x7f7c60107f10
2024-09-05T07:29:14.823 INFO:teuthology.orchestra.run.smithi071.stdout:/usr/bin/ceph: stderr
2024-09-05T07:29:14.241+0000 7f7c66566640 1 -- 172.21.15.71:0/868720769 --> [v2:172.21.15.71:6800/316149397,v1:172.21.15.71:6801/316149397] -- mgr_command(tid 0: {"prefix": "cephadm set-user", "user": "root", "target": ["mon-mgr", ""]}) -- 0x7f7c60062630 con 0x7f7c4c038fc0
2024-09-05T07:29:14.823 INFO:teuthology.orchestra.run.smithi071.stdout:/usr/bin/ceph: stderr
2024-09-05T07:29:14.242+0000 7f7c5dffb640 1 -- 172.21.15.71:0/868720769 <== mgr.14118 v2:172.21.15.71:6800/316149397 1 ==== mgr_command_reply(tid 0: 0 ) ==== 8+0+16 (secure 0 0 0) 0x7f7c60062630 con 0x7f7c4c038fc0
2024-09-05T07:29:14.823 INFO:teuthology.orchestra.run.smithi071.stdout:/usr/bin/ceph: stderr
2024-09-05T07:29:14.244+0000 7f7c66566640 1 -- 172.21.15.71:0/868720769 >> [v2:172.21.15.71:6800/316149397,v1:172.21.15.71:6801/316149397] conn(0x7f7c4c038fc0 msgr2=0x7f7c4c03b480 secure :-1 s=STATE_CONNECTION_ESTABLISHED l=1).mark_down
2024-09-05T07:29:14.823 INFO:teuthology.orchestra.run.smithi071.stdout:/usr/bin/ceph: stderr
2024-09-05T07:29:14.244+0000 7f7c66566640 1 --2- 172.21.15.71:0/868720769 >> [v2:172.21.15.71:6800/316149397,v1:172.21.15.71:6801/316149397] conn(0x7f7c4c038fc0 0x7f7c4c03b480 secure :-1 s=READY pgs=8 cs=0 l=1 rev1=1 crypto rx=0x7f7c480098c0 tx=0x7f7c48006db0 comp rx=0 tx=0).stop
2024-09-05T07:29:14.823 INFO:teuthology.orchestra.run.smithi071.stdout:/usr/bin/ceph: stderr
2024-09-05T07:29:14.244+0000 7f7c66566640 1 -- 172.21.15.71:0/868720769 >> [v2:172.21.15.71:3300/0,v1:172.21.15.71:6789/0] conn(0x7f7c60107f10 msgr2=0x7f7c6019b6e0 secure :-1 s=STATE_CONNECTION_ESTABLISHED l=1).mark_down
2024-09-05T07:29:14.823 INFO:teuthology.orchestra.run.smithi071.stdout:/usr/bin/ceph: stderr
2024-09-05T07:29:14.244+0000 7f7c66566640 1 --2- 172.21.15.71:0/868720769 >> [v2:172.21.15.71:3300/0,v1:172.21.15.71:6789/0] conn(0x7f7c60107f10 0x7f7c6019b6e0 secure :-1 s=READY pgs=38 cs=0 l=1 rev1=1 crypto rx=0x7f7c500097f0 tx=0x7f7c50030d00 comp rx=0 tx=0).stop
2024-09-05T07:29:14.824 INFO:teuthology.orchestra.run.smithi071.stdout:/usr/bin/ceph: stderr
2024-09-05T07:29:14.244+0000 7f7c66566640 1 -- 172.21.15.71:0/868720769 shutdown_connections
2024-09-05T07:29:14.824 INFO:teuthology.orchestra.run.smithi071.stdout:/usr/bin/ceph: stderr
2024-09-05T07:29:14.244+0000 7f7c66566640 1 --2- 172.21.15.71:0/868720769 >> [v2:172.21.15.71:6800/316149397,v1:172.21.15.71:6801/316149397] conn(0x7f7c4c038fc0 0x7f7c4c03b480 unknown :-1 s=CLOSED pgs=8 cs=0 l=1 rev1=1 crypto rx=0 tx=0 comp rx=0 tx=0).stop
2024-09-05T07:29:14.824 INFO:teuthology.orchestra.run.smithi071.stdout:/usr/bin/ceph: stderr
2024-09-05T07:29:14.244+0000 7f7c66566640 1 --2- 172.21.15.71:0/868720769 >> [v2:172.21.15.71:3300/0,v1:172.21.15.71:6789/0] conn(0x7f7c60107f10 0x7f7c6019b6e0 unknown :-1 s=CLOSED pgs=38 cs=0 l=1 rev1=1 crypto rx=0 tx=0 comp rx=0 tx=0).stop
2024-09-05T07:29:14.824 INFO:teuthology.orchestra.run.smithi071.stdout:/usr/bin/ceph: stderr
2024-09-05T07:29:14.244+0000 7f7c66566640 1 -- 172.21.15.71:0/868720769 >> 172.21.15.71:0/868720769 conn(0x7f7c60101a90 msgr2=0x7f7c60102860 unknown :-1 s=STATE_NONE l=0).mark_down
2024-09-05T07:29:14.824 INFO:teuthology.orchestra.run.smithi071.stdout:/usr/bin/ceph: stderr
2024-09-05T07:29:14.244+0000 7f7c66566640 1 -- 172.21.15.71:0/868720769 shutdown_connections
2024-09-05T07:29:14.824 INFO:teuthology.orchestra.run.smithi071.stdout:/usr/bin/ceph: stderr
2024-09-05T07:29:14.244+0000 7f7c66566640 1 -- 172.21.15.71:0/868720769 wait complete.
2024-09-05T07:29:14.824 INFO:teuthology.orchestra.run.smithi071.stdout:Generating ssh key...
2024-09-05T07:29:15.123 INFO:journalctl@ceph.mon.a.smithi071.stdout:Sep 05 07:29:14 smithi071 ceph-mon[30965]: from='client.14130 -' entity='client.admin' cmd=[{"prefix": "orch set backend", "module_name": "cephadm", "target": ["mon-mgr", ""]}]: dispatch
2024-09-05T07:29:15.649 INFO:journalctl@ceph.mgr.x.smithi071.stdout:Sep 05 07:29:15 smithi071 ceph-528064f0-6b58-11ef-bcd6-c7b262605968-mgr-x[31194]: Generating public/private rsa key pair.
2024-09-05T07:29:15.649 INFO:journalctl@ceph.mgr.x.smithi071.stdout:Sep 05 07:29:15 smithi071 ceph-528064f0-6b58-11ef-bcd6-c7b262605968-mgr-x[31194]: Your identification has been saved in /tmp/tmpfjn786px/key
