2024-09-05T07:29:30.919+0000 7fa7af8b5640 1 --2- 172.21.15.71:0/674028264 >> [v2:172.21.15.71:6800/316149397,v1:172.21.15.71:6801/316149397] conn(0x7fa794038fc0 0x7fa79403b480 unknown :-1 s=START_CONNECT pgs=0 cs=0 l=1 rev1=0 crypto rx=0 tx=0 comp rx=0 tx=0).stop
2024-09-05T07:29:31.546 INFO:teuthology.orchestra.run.smithi071.stdout:/usr/bin/ceph: stderr
2024-09-05T07:29:30.919+0000 7fa7af8b5640 1 -- 172.21.15.71:0/674028264 >> [v2:172.21.15.71:3300/0,v1:172.21.15.71:6789/0] conn(0x7fa7a8107ed0 msgr2=0x7fa7a819d5e0 secure :-1 s=STATE_CONNECTION_ESTABLISHED l=1).mark_down
2024-09-05T07:29:31.546 INFO:teuthology.orchestra.run.smithi071.stdout:/usr/bin/ceph: stderr
2024-09-05T07:29:30.919+0000 7fa7af8b5640 1 --2- 172.21.15.71:0/674028264 >> [v2:172.21.15.71:3300/0,v1:172.21.15.71:6789/0] conn(0x7fa7a8107ed0 0x7fa7a819d5e0 secure :-1 s=READY pgs=58 cs=0 l=1 rev1=1 crypto rx=0x7fa7a4030cc0 tx=0x7fa7a4030cf0 comp rx=0 tx=0).stop
2024-09-05T07:29:31.546 INFO:teuthology.orchestra.run.smithi071.stdout:/usr/bin/ceph: stderr
2024-09-05T07:29:30.919+0000 7fa7af8b5640 1 -- 172.21.15.71:0/674028264 shutdown_connections
2024-09-05T07:29:31.546 INFO:teuthology.orchestra.run.smithi071.stdout:/usr/bin/ceph: stderr
2024-09-05T07:29:30.919+0000 7fa7af8b5640 1 --2- 172.21.15.71:0/674028264 >> [v2:172.21.15.71:6800/316149397,v1:172.21.15.71:6801/316149397] conn(0x7fa794038fc0 0x7fa79403b480 unknown :-1 s=CLOSED pgs=0 cs=0 l=1 rev1=0 crypto rx=0 tx=0 comp rx=0 tx=0).stop
2024-09-05T07:29:31.546 INFO:teuthology.orchestra.run.smithi071.stdout:/usr/bin/ceph: stderr
2024-09-05T07:29:30.919+0000 7fa7af8b5640 1 --2- 172.21.15.71:0/674028264 >> [v2:172.21.15.71:3300/0,v1:172.21.15.71:6789/0] conn(0x7fa7a8107ed0 0x7fa7a819d5e0 unknown :-1 s=CLOSED pgs=58 cs=0 l=1 rev1=1 crypto rx=0 tx=0 comp rx=0 tx=0).stop
2024-09-05T07:29:31.546 INFO:teuthology.orchestra.run.smithi071.stdout:/usr/bin/ceph: stderr
2024-09-05T07:29:30.919+0000 7fa7af8b5640 1 -- 172.21.15.71:0/674028264 >> 172.21.15.71:0/674028264 conn(0x7fa7a8101a70 msgr2=0x7fa7a8102650 unknown :-1 s=STATE_NONE l=0).mark_down
2024-09-05T07:29:31.546 INFO:teuthology.orchestra.run.smithi071.stdout:/usr/bin/ceph: stderr
2024-09-05T07:29:30.919+0000 7fa7af8b5640 1 -- 172.21.15.71:0/674028264 shutdown_connections
2024-09-05T07:29:31.546 INFO:teuthology.orchestra.run.smithi071.stdout:/usr/bin/ceph: stderr
2024-09-05T07:29:30.919+0000 7fa7af8b5640 1 -- 172.21.15.71:0/674028264 wait complete.
2024-09-05T07:29:31.546 INFO:teuthology.orchestra.run.smithi071.stdout:Waiting for the mgr to restart...
2024-09-05T07:29:31.547 INFO:teuthology.orchestra.run.smithi071.stdout:Waiting for mgr epoch 9...
2024-09-05T07:29:31.620 INFO:journalctl@ceph.mon.a.smithi071.stdout:Sep 05 07:29:31 smithi071 ceph-mon[30965]: from='client.? 172.21.15.71:0/674028264' entity='client.admin' cmd=[{"prefix": "mgr stat"}]: dispatch
2024-09-05T07:29:31.620 INFO:journalctl@ceph.mgr.x.smithi071.stdout:Sep 05 07:29:31 smithi071 ceph-528064f0-6b58-11ef-bcd6-c7b262605968-mgr-x[31194]:
2024-09-05T07:29:31.547+0000 7efe03e29040 -1 mgr[py] Module telemetry has missing NOTIFY_TYPES member
2024-09-05T07:29:31.620 INFO:journalctl@ceph.mgr.x.smithi071.stdout:Sep 05 07:29:31 smithi071 ceph-528064f0-6b58-11ef-bcd6-c7b262605968-mgr-x[31194]:
2024-09-05T07:29:31.619+0000 7efe03e29040 -1 mgr[py] Module balancer has missing NOTIFY_TYPES member
2024-09-05T07:29:32.600 INFO:journalctl@ceph.mgr.x.smithi071.stdout:Sep 05 07:29:32 smithi071 ceph-528064f0-6b58-11ef-bcd6-c7b262605968-mgr-x[31194]:
2024-09-05T07:29:32.344+0000 7efe03e29040 -1 mgr[py] Module rook has missing NOTIFY_TYPES member
2024-09-05T07:29:32.600 INFO:journalctl@ceph.mgr.x.smithi071.stdout:Sep 05 07:29:32 smithi071 ceph-528064f0-6b58-11ef-bcd6-c7b262605968-mgr-x[31194]:
2024-09-05T07:29:32.458+0000 7efe03e29040 -1 mgr[py] Module iostat has missing NOTIFY_TYPES member
2024-09-05T07:29:32.875 INFO:journalctl@ceph.mgr.x.smithi071.stdout:Sep 05 07:29:32 smithi071 ceph-528064f0-6b58-11ef-bcd6-c7b262605968-mgr-x[31194]:
2024-09-05T07:29:32.599+0000 7efe03e29040 -1 mgr[py] Module orchestrator has missing NOTIFY_TYPES member
2024-09-05T07:29:32.875 INFO:journalctl@ceph.mgr.x.smithi071.stdout:Sep 05 07:29:32 smithi071 ceph-528064f0-6b58-11ef-bcd6-c7b262605968-mgr-x[31194]:
2024-09-05T07:29:32.661+0000 7efe03e29040 -1 mgr[py] Module devicehealth has missing NOTIFY_TYPES member
2024-09-05T07:29:32.875 INFO:journalctl@ceph.mgr.x.smithi071.stdout:Sep 05 07:29:32 smithi071 ceph-528064f0-6b58-11ef-bcd6-c7b262605968-mgr-x[31194]:
2024-09-05T07:29:32.808+0000 7efe03e29040 -1 mgr[py] Module rgw has missing NOTIFY_TYPES member
2024-09-05T07:29:32.875 INFO:journalctl@ceph.mgr.x.smithi071.stdout:Sep 05 07:29:32 smithi071 ceph-528064f0-6b58-11ef-bcd6-c7b262605968-mgr-x[31194]:
2024-09-05T07:29:32.874+0000 7efe03e29040 -1 mgr[py] Module alerts has missing NOTIFY_TYPES member
2024-09-05T07:29:33.148 INFO:journalctl@ceph.mgr.x.smithi071.stdout:Sep 05 07:29:32 smithi071 ceph-528064f0-6b58-11ef-bcd6-c7b262605968-mgr-x[31194]:
2024-09-05T07:29:32.934+0000 7efe03e29040 -1 mgr[py] Module progress has missing NOTIFY_TYPES member
2024-09-05T07:29:33.148 INFO:journalctl@ceph.mgr.x.smithi071.stdout:Sep 05 07:29:33 smithi071 ceph-528064f0-6b58-11ef-bcd6-c7b262605968-mgr-x[31194]:
2024-09-05T07:29:33.090+0000 7efe03e29040 -1 mgr[py] Module nfs has missing NOTIFY_TYPES member
2024-09-05T07:29:33.421 INFO:journalctl@ceph.mgr.x.smithi071.stdout:Sep 05 07:29:33 smithi071 ceph-528064f0-6b58-11ef-bcd6-c7b262605968-mgr-x[31194]:
2024-09-05T07:29:33.155+0000 7efe03e29040 -1 mgr[py] Module status has missing NOTIFY_TYPES member
2024-09-05T07:29:33.421 INFO:journalctl@ceph.mgr.x.smithi071.stdout:Sep 05 07:29:33 smithi071 ceph-528064f0-6b58-11ef-bcd6-c7b262605968-mgr-x[31194]:
2024-09-05T07:29:33.221+0000 7efe03e29040 -1 mgr[py] Module pg_autoscaler has missing NOTIFY_TYPES member
2024-09-05T07:29:33.421 INFO:journalctl@ceph.mgr.x.smithi071.stdout:Sep 05 07:29:33 smithi071 ceph-528064f0-6b58-11ef-bcd6-c7b262605968-mgr-x[31194]:
2024-09-05T07:29:33.303+0000 7efe03e29040 -1 mgr[py] Module rbd_support has missing NOTIFY_TYPES member
2024-09-05T07:29:33.421 INFO:journalctl@ceph.mgr.x.smithi071.stdout:Sep 05 07:29:33 smithi071 ceph-528064f0-6b58-11ef-bcd6-c7b262605968-mgr-x[31194]:
2024-09-05T07:29:33.362+0000 7efe03e29040 -1 mgr[py] Module influx has missing NOTIFY_TYPES member
2024-09-05T07:29:33.421 INFO:journalctl@ceph.mgr.x.smithi071.stdout:Sep 05 07:29:33 smithi071 ceph-528064f0-6b58-11ef-bcd6-c7b262605968-mgr-x[31194]:
2024-09-05T07:29:33.420+0000 7efe03e29040 -1 mgr[py] Module zabbix has missing NOTIFY_TYPES member
2024-09-05T07:29:34.649 INFO:journalctl@ceph.mgr.x.smithi071.stdout:Sep 05 07:29:34 smithi071 ceph-528064f0-6b58-11ef-bcd6-c7b262605968-mgr-x[31194]:
2024-09-05T07:29:34.203+0000 7efe03e29040 -1 mgr[py] Module telegraf has missing NOTIFY_TYPES member
2024-09-05T07:29:34.649 INFO:journalctl@ceph.mon.a.smithi071.stdout:Sep 05 07:29:34 smithi071 ceph-mon[30965]: Active manager daemon x restarted
2024-09-05T07:29:34.649 INFO:journalctl@ceph.mon.a.smithi071.stdout:Sep 05 07:29:34 smithi071 ceph-mon[30965]: Activating manager daemon x
2024-09-05T07:29:34.649 INFO:journalctl@ceph.mon.a.smithi071.stdout:Sep 05 07:29:34 smithi071 ceph-mon[30965]: osdmap e3: 0 total, 0 up, 0 in
2024-09-05T07:29:34.649 INFO:journalctl@ceph.mon.a.smithi071.stdout:Sep 05 07:29:34 smithi071 ceph-mon[30965]: mgrmap e10: x(active, starting, since 0.0031175s)
2024-09-05T07:29:34.649 INFO:journalctl@ceph.mon.a.smithi071.stdout:Sep 05 07:29:34 smithi071 ceph-mon[30965]: from='mgr.14150 172.21.15.71:0/2458485009' entity='mgr.x' cmd=[{"prefix": "mon metadata", "id": "a"}]: dispatch
2024-09-05T07:29:34.649 INFO:journalctl@ceph.mon.a.smithi071.stdout:Sep 05 07:29:34 smithi071 ceph-mon[30965]: from='mgr.14150 172.21.15.71:0/2458485009' entity='mgr.x' cmd=[{"prefix": "mgr metadata", "who": "x", "id": "x"}]: dispatch
2024-09-05T07:29:34.649 INFO:journalctl@ceph.mon.a.smithi071.stdout:Sep 05 07:29:34 smithi071 ceph-mon[30965]: from='mgr.14150 172.21.15.71:0/2458485009' entity='mgr.x' cmd=[{"prefix": "mds metadata"}]: dispatch
2024-09-05T07:29:34.650 INFO:journalctl@ceph.mon.a.smithi071.stdout:Sep 05 07:29:34 smithi071 ceph-mon[30965]: from='mgr.14150 172.21.15.71:0/2458485009' entity='mgr.x' cmd=[{"prefix": "osd metadata"}]: dispatch
2024-09-05T07:29:34.650 INFO:journalctl@ceph.mon.a.smithi071.stdout:Sep 05 07:29:34 smithi071 ceph-mon[30965]: from='mgr.14150 172.21.15.71:0/2458485009' entity='mgr.x' cmd=[{"prefix": "mon metadata"}]: dispatch
2024-09-05T07:29:34.650 INFO:journalctl@ceph.mon.a.smithi071.stdout:Sep 05 07:29:34 smithi071 ceph-mon[30965]: Manager daemon x is now available
2024-09-05T07:29:34.650 INFO:journalctl@ceph.mon.a.smithi071.stdout:Sep 05 07:29:34 smithi071 ceph-mon[30965]: from='mgr.14150 172.21.15.71:0/2458485009' entity='mgr.x' cmd=[{"prefix": "config dump", "format": "json"}]: dispatch
2024-09-05T07:29:34.650 INFO:journalctl@ceph.mon.a.smithi071.stdout:Sep 05 07:29:34 smithi071 ceph-mon[30965]: from='mgr.14150 172.21.15.71:0/2458485009' entity='mgr.x' cmd=[{"prefix":"config rm","who":"mgr","name":"mgr/rbd_support/x/mirror_snapshot_schedule"}]: dispatch
2024-09-05T07:29:34.650 INFO:journalctl@ceph.mon.a.smithi071.stdout:Sep 05 07:29:34 smithi071 ceph-mon[30965]: from='mgr.14150 172.21.15.71:0/2458485009' entity='mgr.x' cmd=[{"prefix":"config rm","who":"mgr","name":"mgr/rbd_support/x/trash_purge_schedule"}]: dispatch
2024-09-05T07:29:36.017 INFO:journalctl@ceph.mgr.x.smithi071.stdout:Sep 05 07:29:35 smithi071 ceph-528064f0-6b58-11ef-bcd6-c7b262605968-mgr-x[31194]:
2024-09-05T07:29:35.730+0000 7efd698f3640 -1 log_channel(cephadm) log [ERR] : [05/Sep/2024:07:29:35] ENGINE Error in HTTPServer.serve
2024-09-05T07:29:36.017 INFO:journalctl@ceph.mgr.x.smithi071.stdout:Sep 05 07:29:35 smithi071 ceph-528064f0-6b58-11ef-bcd6-c7b262605968-mgr-x[31194]: Traceback (most recent call last):
2024-09-05T07:29:36.017 INFO:journalctl@ceph.mgr.x.smithi071.stdout:Sep 05 07:29:35 smithi071 ceph-528064f0-6b58-11ef-bcd6-c7b262605968-mgr-x[31194]: File "/lib/python3.9/site-packages/cheroot/server.py", line 1823, in serve
2024-09-05T07:29:36.017 INFO:journalctl@ceph.mgr.x.smithi071.stdout:Sep 05 07:29:35 smithi071 ceph-528064f0-6b58-11ef-bcd6-c7b262605968-mgr-x[31194]: self._connections.run(self.expiration_interval)
2024-09-05T07:29:36.017 INFO:journalctl@ceph.mgr.x.smithi071.stdout:Sep 05 07:29:35 smithi071 ceph-528064f0-6b58-11ef-bcd6-c7b262605968-mgr-x[31194]: File "/lib/python3.9/site-packages/cheroot/connections.py", line 203, in run
2024-09-05T07:29:36.017 INFO:journalctl@ceph.mgr.x.smithi071.stdout:Sep 05 07:29:35 smithi071 ceph-528064f0-6b58-11ef-bcd6-c7b262605968-mgr-x[31194]: self._run(expiration_interval)
2024-09-05T07:29:36.017 INFO:journalctl@ceph.mgr.x.smithi071.stdout:Sep 05 07:29:35 smithi071 ceph-528064f0-6b58-11ef-bcd6-c7b262605968-mgr-x[31194]: File "/lib/python3.9/site-packages/cheroot/connections.py", line 246, in _run
2024-09-05T07:29:36.017 INFO:journalctl@ceph.mgr.x.smithi071.stdout:Sep 05 07:29:35 smithi071 ceph-528064f0-6b58-11ef-bcd6-c7b262605968-mgr-x[31194]: new_conn = self._from_server_socket(self.server.socket)
2024-09-05T07:29:36.017 INFO:journalctl@ceph.mgr.x.smithi071.stdout:Sep 05 07:29:35 smithi071 ceph-528064f0-6b58-11ef-bcd6-c7b262605968-mgr-x[31194]: File "/lib/python3.9/site-packages/cheroot/connections.py", line 300, in _from_server_socket
2024-09-05T07:29:36.017 INFO:journalctl@ceph.mgr.x.smithi071.stdout:Sep 05 07:29:35 smithi071 ceph-528064f0-6b58-11ef-bcd6-c7b262605968-mgr-x[31194]: s, ssl_env = self.server.ssl_adapter.wrap(s)
2024-09-05T07:29:36.018 INFO:journalctl@ceph.mgr.x.smithi071.stdout:Sep 05 07:29:35 smithi071 ceph-528064f0-6b58-11ef-bcd6-c7b262605968-mgr-x[31194]: File "/lib/python3.9/site-packages/cheroot/ssl/builtin.py", line 277, in wrap
2024-09-05T07:29:36.018 INFO:journalctl@ceph.mgr.x.smithi071.stdout:Sep 05 07:29:35 smithi071 ceph-528064f0-6b58-11ef-bcd6-c7b262605968-mgr-x[31194]: s = self.context.wrap_socket(
2024-09-05T07:29:36.018 INFO:journalctl@ceph.mgr.x.smithi071.stdout:Sep 05 07:29:35 smithi071 ceph-528064f0-6b58-11ef-bcd6-c7b262605968-mgr-x[31194]: File "/lib64/python3.9/ssl.py", line 501, in wrap_socket
2024-09-05T07:29:36.018 INFO:journalctl@ceph.mgr.x.smithi071.stdout:Sep 05 07:29:35 smithi071 ceph-528064f0-6b58-11ef-bcd6-c7b262605968-mgr-x[31194]: return self.sslsocket_class._create(
2024-09-05T07:29:36.018 INFO:journalctl@ceph.mgr.x.smithi071.stdout:Sep 05 07:29:35 smithi071 ceph-528064f0-6b58-11ef-bcd6-c7b262605968-mgr-x[31194]: File "/lib64/python3.9/ssl.py", line 1074, in _create
2024-09-05T07:29:36.018 INFO:journalctl@ceph.mgr.x.smithi071.stdout:Sep 05 07:29:35 smithi071 ceph-528064f0-6b58-11ef-bcd6-c7b262605968-mgr-x[31194]: self.do_handshake()
2024-09-05T07:29:36.018 INFO:journalctl@ceph.mgr.x.smithi071.stdout:Sep 05 07:29:35 smithi071 ceph-528064f0-6b58-11ef-bcd6-c7b262605968-mgr-x[31194]: File "/lib64/python3.9/ssl.py", line 1343, in do_handshake
2024-09-05T07:29:36.018 INFO:journalctl@ceph.mgr.x.smithi071.stdout:Sep 05 07:29:35 smithi071 ceph-528064f0-6b58-11ef-bcd6-c7b262605968-mgr-x[31194]: self._sslobj.do_handshake()
2024-09-05T07:29:36.018 INFO:journalctl@ceph.mgr.x.smithi071.stdout:Sep 05 07:29:35 smithi071 ceph-528064f0-6b58-11ef-bcd6-c7b262605968-mgr-x[31194]: ssl.SSLZeroReturnError: TLS/SSL connection has been closed (EOF) (_ssl.c:1133)
2024-09-05T07:29:36.018 INFO:journalctl@ceph.mgr.x.smithi071.stdout:Sep 05 07:29:35 smithi071 ceph-528064f0-6b58-11ef-bcd6-c7b262605968-mgr-x[31194]:
2024-09-05T07:29:36.019 INFO:teuthology.orchestra.run.smithi071.stdout:/usr/bin/ceph: stdout {
2024-09-05T07:29:36.026 INFO:teuthology.orchestra.run.smithi071.stdout:/usr/bin/ceph: stdout "mgrmap_epoch": 11,
2024-09-05T07:29:36.026 INFO:teuthology.orchestra.run.smithi071.stdout:/usr/bin/ceph: stdout "initialized": true
2024-09-05T07:29:36.026 INFO:teuthology.orchestra.run.smithi071.stdout:/usr/bin/ceph: stdout }
2024-09-05T07:29:36.026 INFO:teuthology.orchestra.run.smithi071.stdout:/usr/bin/ceph: stderr
2024-09-05T07:29:32.018+0000 7f3967647640 1 Processor -- start
2024-09-05T07:29:36.026 INFO:teuthology.orchestra.run.smithi071.stdout:/usr/bin/ceph: stderr
2024-09-05T07:29:32.018+0000 7f3967647640 1 -- start start
2024-09-05T07:29:36.026 INFO:teuthology.orchestra.run.smithi071.stdout:/usr/bin/ceph: stderr
2024-09-05T07:29:32.018+0000 7f3967647640 1 --2- >> [v2:172.21.15.71:3300/0,v1:172.21.15.71:6789/0] conn(0x7f3960107eb0 0x7f396010a2a0 unknown :-1 s=NONE pgs=0 cs=0 l=0 rev1=0 crypto rx=0 tx=0 comp rx=0 tx=0).connect
2024-09-05T07:29:36.026 INFO:teuthology.orchestra.run.smithi071.stdout:/usr/bin/ceph: stderr
2024-09-05T07:29:32.018+0000 7f3967647640 1 -- --> [v2:172.21.15.71:3300/0,v1:172.21.15.71:6789/0] -- mon_getmap magic: 0 -- 0x7f3960075740 con 0x7f3960107eb0
2024-09-05T07:29:36.026 INFO:teuthology.orchestra.run.smithi071.stdout:/usr/bin/ceph: stderr
2024-09-05T07:29:32.018+0000 7f39653e3640 1 --2- >> [v2:172.21.15.71:3300/0,v1:172.21.15.71:6789/0] conn(0x7f3960107eb0 0x7f396010a2a0 unknown :-1 s=BANNER_CONNECTING pgs=0 cs=0 l=0 rev1=0 crypto rx=0 tx=0 comp rx=0 tx=0)._handle_peer_banner_payload supported=3 required=0
2024-09-05T07:29:36.026 INFO:teuthology.orchestra.run.smithi071.stdout:/usr/bin/ceph: stderr
2024-09-05T07:29:32.018+0000 7f39653e3640 1 --2- >> [v2:172.21.15.71:3300/0,v1:172.21.15.71:6789/0] conn(0x7f3960107eb0 0x7f396010a2a0 unknown :-1 s=HELLO_CONNECTING pgs=0 cs=0 l=0 rev1=1 crypto rx=0 tx=0 comp rx=0 tx=0).handle_hello peer v2:172.21.15.71:3300/0 says I am v2:172.21.15.71:39718/0 (socket says 172.21.15.71:39718)
2024-09-05T07:29:36.026 INFO:teuthology.orchestra.run.smithi071.stdout:/usr/bin/ceph: stderr
2024-09-05T07:29:32.018+0000 7f39653e3640 1 -- 172.21.15.71:0/145338604 learned_addr learned my addr 172.21.15.71:0/145338604 (peer_addr_for_me v2:172.21.15.71:0/0)
2024-09-05T07:29:36.026 INFO:teuthology.orchestra.run.smithi071.stdout:/usr/bin/ceph: stderr
2024-09-05T07:29:32.019+0000 7f39653e3640 1 -- 172.21.15.71:0/145338604 --> [v2:172.21.15.71:3300/0,v1:172.21.15.71:6789/0] -- mon_subscribe({config=0+,monmap=0+}) -- 0x7f396010a7e0 con 0x7f3960107eb0
2024-09-05T07:29:36.026 INFO:teuthology.orchestra.run.smithi071.stdout:/usr/bin/ceph: stderr
2024-09-05T07:29:32.019+0000 7f39653e3640 1 --2- 172.21.15.71:0/145338604 >> [v2:172.21.15.71:3300/0,v1:172.21.15.71:6789/0] conn(0x7f3960107eb0 0x7f396010a2a0 secure :-1 s=READY pgs=59 cs=0 l=1 rev1=1 crypto rx=0x7f3950009820 tx=0x7f395002a270 comp rx=0 tx=0).ready entity=mon.0 client_cookie=3e7563849fdc96d0 server_cookie=0 in_seq=0 out_seq=0
2024-09-05T07:29:36.027 INFO:teuthology.orchestra.run.smithi071.stdout:/usr/bin/ceph: stderr
2024-09-05T07:29:32.020+0000 7f3957fff640 1 -- 172.21.15.71:0/145338604 <== mon.0 v2:172.21.15.71:3300/0 1 ==== mon_map magic: 0 ==== 205+0+0 (secure 0 0 0) 0x7f3950037070 con 0x7f3960107eb0
2024-09-05T07:29:36.027 INFO:teuthology.orchestra.run.smithi071.stdout:/usr/bin/ceph: stderr
2024-09-05T07:29:32.020+0000 7f3957fff640 1 -- 172.21.15.71:0/145338604 <== mon.0 v2:172.21.15.71:3300/0 2 ==== config(26 keys) ==== 1102+0+0 (secure 0 0 0) 0x7f39500328f0 con 0x7f3960107eb0
2024-09-05T07:29:36.027 INFO:teuthology.orchestra.run.smithi071.stdout:/usr/bin/ceph: stderr
2024-09-05T07:29:32.020+0000 7f3957fff640 1 -- 172.21.15.71:0/145338604 <== mon.0 v2:172.21.15.71:3300/0 3 ==== mon_map magic: 0 ==== 205+0+0 (secure 0 0 0) 0x7f3950030740 con 0x7f3960107eb0
2024-09-05T07:29:36.027 INFO:teuthology.orchestra.run.smithi071.stdout:/usr/bin/ceph: stderr
2024-09-05T07:29:32.021+0000 7f3967647640 1 -- 172.21.15.71:0/145338604 >> [v2:172.21.15.71:3300/0,v1:172.21.15.71:6789/0] conn(0x7f3960107eb0 msgr2=0x7f396010a2a0 secure :-1 s=STATE_CONNECTION_ESTABLISHED l=1).mark_down
2024-09-05T07:29:36.027 INFO:teuthology.orchestra.run.smithi071.stdout:/usr/bin/ceph: stderr
2024-09-05T07:29:32.021+0000 7f3967647640 1 --2- 172.21.15.71:0/145338604 >> [v2:172.21.15.71:3300/0,v1:172.21.15.71:6789/0] conn(0x7f3960107eb0 0x7f396010a2a0 secure :-1 s=READY pgs=59 cs=0 l=1 rev1=1 crypto rx=0x7f3950009820 tx=0x7f395002a270 comp rx=0 tx=0).stop
2024-09-05T07:29:36.027 INFO:teuthology.orchestra.run.smithi071.stdout:/usr/bin/ceph: stderr
2024-09-05T07:29:32.021+0000 7f3967647640 1 -- 172.21.15.71:0/145338604 shutdown_connections
2024-09-05T07:29:36.027 INFO:teuthology.orchestra.run.smithi071.stdout:/usr/bin/ceph: stderr
2024-09-05T07:29:32.021+0000 7f3967647640 1 --2- 172.21.15.71:0/145338604 >> [v2:172.21.15.71:3300/0,v1:172.21.15.71:6789/0] conn(0x7f3960107eb0 0x7f396010a2a0 unknown :-1 s=CLOSED pgs=59 cs=0 l=1 rev1=1 crypto rx=0 tx=0 comp rx=0 tx=0).stop
2024-09-05T07:29:36.027 INFO:teuthology.orchestra.run.smithi071.stdout:/usr/bin/ceph: stderr
2024-09-05T07:29:32.021+0000 7f3967647640 1 -- 172.21.15.71:0/145338604 >> 172.21.15.71:0/145338604 conn(0x7f3960101a90 msgr2=0x7f3960103eb0 unknown :-1 s=STATE_NONE l=0).mark_down
2024-09-05T07:29:36.027 INFO:teuthology.orchestra.run.smithi071.stdout:/usr/bin/ceph: stderr
2024-09-05T07:29:32.021+0000 7f3967647640 1 -- 172.21.15.71:0/145338604 shutdown_connections
2024-09-05T07:29:36.027 INFO:teuthology.orchestra.run.smithi071.stdout:/usr/bin/ceph: stderr
2024-09-05T07:29:32.021+0000 7f3967647640 1 -- 172.21.15.71:0/145338604 wait complete.
2024-09-05T07:29:36.027 INFO:teuthology.orchestra.run.smithi071.stdout:/usr/bin/ceph: stderr
2024-09-05T07:29:32.021+0000 7f3967647640 1 Processor -- start
2024-09-05T07:29:36.027 INFO:teuthology.orchestra.run.smithi071.stdout:/usr/bin/ceph: stderr
2024-09-05T07:29:32.021+0000 7f3967647640 1 -- start start
2024-09-05T07:29:36.027 INFO:teuthology.orchestra.run.smithi071.stdout:/usr/bin/ceph: stderr
2024-09-05T07:29:32.022+0000 7f3967647640 1 --2- >> [v2:172.21.15.71:3300/0,v1:172.21.15.71:6789/0] conn(0x7f3960107eb0 0x7f3960199490 unknown :-1 s=NONE pgs=0 cs=0 l=1 rev1=0 crypto rx=0 tx=0 comp rx=0 tx=0).connect
2024-09-05T07:29:36.028 INFO:teuthology.orchestra.run.smithi071.stdout:/usr/bin/ceph: stderr
2024-09-05T07:29:32.022+0000 7f3967647640 1 -- --> [v2:172.21.15.71:3300/0,v1:172.21.15.71:6789/0] -- mon_getmap magic: 0 -- 0x7f39601067f0 con 0x7f3960107eb0
2024-09-05T07:29:36.028 INFO:teuthology.orchestra.run.smithi071.stdout:/usr/bin/ceph: stderr
2024-09-05T07:29:32.022+0000 7f39653e3640 1 --2- >> [v2:172.21.15.71:3300/0,v1:172.21.15.71:6789/0] conn(0x7f3960107eb0 0x7f3960199490 unknown :-1 s=BANNER_CONNECTING pgs=0 cs=0 l=1 rev1=0 crypto rx=0 tx=0 comp rx=0 tx=0)._handle_peer_banner_payload supported=3 required=0
2024-09-05T07:29:36.028 INFO:teuthology.orchestra.run.smithi071.stdout:/usr/bin/ceph: stderr
2024-09-05T07:29:32.022+0000 7f39653e3640 1 --2- >> [v2:172.21.15.71:3300/0,v1:172.21.15.71:6789/0] conn(0x7f3960107eb0 0x7f3960199490 unknown :-1 s=HELLO_CONNECTING pgs=0 cs=0 l=1 rev1=1 crypto rx=0 tx=0 comp rx=0 tx=0).handle_hello peer v2:172.21.15.71:3300/0 says I am v2:172.21.15.71:39734/0 (socket says 172.21.15.71:39734)
2024-09-05T07:29:36.028 INFO:teuthology.orchestra.run.smithi071.stdout:/usr/bin/ceph: stderr
2024-09-05T07:29:32.022+0000 7f39653e3640 1 -- 172.21.15.71:0/266979108 learned_addr learned my addr 172.21.15.71:0/266979108 (peer_addr_for_me v2:172.21.15.71:0/0)
2024-09-05T07:29:36.028 INFO:teuthology.orchestra.run.smithi071.stdout:/usr/bin/ceph: stderr
2024-09-05T07:29:32.022+0000 7f39653e3640 1 -- 172.21.15.71:0/266979108 --> [v2:172.21.15.71:3300/0,v1:172.21.15.71:6789/0] -- mon_subscribe({config=0+,monmap=0+}) -- 0x7f39601999d0 con 0x7f3960107eb0
2024-09-05T07:29:36.028 INFO:teuthology.orchestra.run.smithi071.stdout:/usr/bin/ceph: stderr
2024-09-05T07:29:32.022+0000 7f39653e3640 1 --2- 172.21.15.71:0/266979108 >> [v2:172.21.15.71:3300/0,v1:172.21.15.71:6789/0] conn(0x7f3960107eb0 0x7f3960199490 secure :-1 s=READY pgs=60 cs=0 l=1 rev1=1 crypto rx=0x7f39500097f0 tx=0x7f3950030c70 comp rx=0 tx=0).ready entity=mon.0 client_cookie=0 server_cookie=0 in_seq=0 out_seq=0
2024-09-05T07:29:36.028 INFO:teuthology.orchestra.run.smithi071.stdout:/usr/bin/ceph: stderr
2024-09-05T07:29:32.022+0000 7f39567fc640 1 -- 172.21.15.71:0/266979108 <== mon.0 v2:172.21.15.71:3300/0 1 ==== mon_map magic: 0 ==== 205+0+0 (secure 0 0 0) 0x7f3950042070 con 0x7f3960107eb0
2024-09-05T07:29:36.028 INFO:teuthology.orchestra.run.smithi071.stdout:/usr/bin/ceph: stderr
2024-09-05T07:29:32.022+0000 7f39567fc640 1 -- 172.21.15.71:0/266979108 <== mon.0 v2:172.21.15.71:3300/0 2 ==== config(26 keys) ==== 1102+0+0 (secure 0 0 0) 0x7f3950030d80 con 0x7f3960107eb0
2024-09-05T07:29:36.028 INFO:teuthology.orchestra.run.smithi071.stdout:/usr/bin/ceph: stderr
2024-09-05T07:29:32.022+0000 7f3967647640 1 -- 172.21.15.71:0/266979108 --> [v2:172.21.15.71:3300/0,v1:172.21.15.71:6789/0] -- mon_subscribe({mgrmap=0+}) -- 0x7f3960199c60 con 0x7f3960107eb0
2024-09-05T07:29:36.028 INFO:teuthology.orchestra.run.smithi071.stdout:/usr/bin/ceph: stderr
2024-09-05T07:29:32.022+0000 7f39567fc640 1 -- 172.21.15.71:0/266979108 <== mon.0 v2:172.21.15.71:3300/0 3 ==== mon_map magic: 0 ==== 205+0+0 (secure 0 0 0) 0x7f3950037040 con 0x7f3960107eb0
2024-09-05T07:29:36.028 INFO:teuthology.orchestra.run.smithi071.stdout:/usr/bin/ceph: stderr
2024-09-05T07:29:32.022+0000 7f3967647640 1 -- 172.21.15.71:0/266979108 --> [v2:172.21.15.71:3300/0,v1:172.21.15.71:6789/0] -- mon_subscribe({osdmap=0}) -- 0x7f396019c950 con 0x7f3960107eb0
2024-09-05T07:29:36.028 INFO:teuthology.orchestra.run.smithi071.stdout:/usr/bin/ceph: stderr
2024-09-05T07:29:32.023+0000 7f39567fc640 1 -- 172.21.15.71:0/266979108 <== mon.0 v2:172.21.15.71:3300/0 4 ==== mgrmap(e 9) ==== 46300+0+0 (secure 0 0 0) 0x7f3950045070 con 0x7f3960107eb0
2024-09-05T07:29:36.028 INFO:teuthology.orchestra.run.smithi071.stdout:/usr/bin/ceph: stderr
2024-09-05T07:29:32.023+0000 7f39567fc640 1 --2- 172.21.15.71:0/266979108 >> [v2:172.21.15.71:6800/316149397,v1:172.21.15.71:6801/316149397] conn(0x7f394c03d420 0x7f394c03f8e0 unknown :-1 s=NONE pgs=0 cs=0 l=1 rev1=0 crypto rx=0 tx=0 comp rx=0 tx=0).connect
2024-09-05T07:29:36.029 INFO:teuthology.orchestra.run.smithi071.stdout:/usr/bin/ceph: stderr
2024-09-05T07:29:32.023+0000 7f39567fc640 1 -- 172.21.15.71:0/266979108 --> [v2:172.21.15.71:6800/316149397,v1:172.21.15.71:6801/316149397] -- command(tid 0: {"prefix": "get_command_descriptions"}) -- 0x7f394c03fff0 con 0x7f394c03d420
2024-09-05T07:29:36.029 INFO:teuthology.orchestra.run.smithi071.stdout:/usr/bin/ceph: stderr
2024-09-05T07:29:32.024+0000 7f39567fc640 1 -- 172.21.15.71:0/266979108 <== mon.0 v2:172.21.15.71:3300/0 5 ==== osd_map(2..2 src has 1..2) ==== 940+0+0 (secure 0 0 0) 0x7f395006c030 con 0x7f3960107eb0
2024-09-05T07:29:36.029 INFO:teuthology.orchestra.run.smithi071.stdout:/usr/bin/ceph: stderr
2024-09-05T07:29:32.023+0000 7f3964be2640 1 -- 172.21.15.71:0/266979108 >> [v2:172.21.15.71:6800/316149397,v1:172.21.15.71:6801/316149397] conn(0x7f394c03d420 msgr2=0x7f394c03f8e0 unknown :-1 s=STATE_CONNECTING_RE l=1).process reconnect failed to v2:172.21.15.71:6800/316149397
2024-09-05T07:29:36.029 INFO:teuthology.orchestra.run.smithi071.stdout:/usr/bin/ceph: stderr
2024-09-05T07:29:32.024+0000 7f3964be2640 1 --2- 172.21.15.71:0/266979108 >> [v2:172.21.15.71:6800/316149397,v1:172.21.15.71:6801/316149397] conn(0x7f394c03d420 0x7f394c03f8e0 unknown :-1 s=START_CONNECT pgs=0 cs=0 l=1 rev1=0 crypto rx=0 tx=0 comp rx=0 tx=0)._fault waiting 0.200000
2024-09-05T07:29:36.029 INFO:teuthology.orchestra.run.smithi071.stdout:/usr/bin/ceph: stderr
2024-09-05T07:29:32.225+0000 7f3964be2640 1 -- 172.21.15.71:0/266979108 >> [v2:172.21.15.71:6800/316149397,v1:172.21.15.71:6801/316149397] conn(0x7f394c03d420 msgr2=0x7f394c03f8e0 unknown :-1 s=STATE_CONNECTING_RE l=1).process reconnect failed to v2:172.21.15.71:6800/316149397
2024-09-05T07:29:36.029 INFO:teuthology.orchestra.run.smithi071.stdout:/usr/bin/ceph: stderr
2024-09-05T07:29:32.225+0000 7f3964be2640 1 --2- 172.21.15.71:0/266979108 >> [v2:172.21.15.71:6800/316149397,v1:172.21.15.71:6801/316149397] conn(0x7f394c03d420 0x7f394c03f8e0 unknown :-1 s=START_CONNECT pgs=0 cs=0 l=1 rev1=0 crypto rx=0 tx=0 comp rx=0 tx=0)._fault waiting 0.400000
2024-09-05T07:29:36.029 INFO:teuthology.orchestra.run.smithi071.stdout:/usr/bin/ceph: stderr
2024-09-05T07:29:32.626+0000 7f3964be2640 1 -- 172.21.15.71:0/266979108 >> [v2:172.21.15.71:6800/316149397,v1:172.21.15.71:6801/316149397] conn(0x7f394c03d420 msgr2=0x7f394c03f8e0 unknown :-1 s=STATE_CONNECTING_RE l=1).process reconnect failed to v2:172.21.15.71:6800/316149397
2024-09-05T07:29:36.029 INFO:teuthology.orchestra.run.smithi071.stdout:/usr/bin/ceph: stderr
2024-09-05T07:29:32.626+0000 7f3964be2640 1 --2- 172.21.15.71:0/266979108 >> [v2:172.21.15.71:6800/316149397,v1:172.21.15.71:6801/316149397] conn(0x7f394c03d420 0x7f394c03f8e0 unknown :-1 s=START_CONNECT pgs=0 cs=0 l=1 rev1=0 crypto rx=0 tx=0 comp rx=0 tx=0)._fault waiting 0.800000
2024-09-05T07:29:36.029 INFO:teuthology.orchestra.run.smithi071.stdout:/usr/bin/ceph: stderr
2024-09-05T07:29:33.427+0000 7f3964be2640 1 -- 172.21.15.71:0/266979108 >> [v2:172.21.15.71:6800/316149397,v1:172.21.15.71:6801/316149397] conn(0x7f394c03d420 msgr2=0x7f394c03f8e0 unknown :-1 s=STATE_CONNECTING_RE l=1).process reconnect failed to v2:172.21.15.71:6800/316149397
2024-09-05T07:29:36.029 INFO:teuthology.orchestra.run.smithi071.stdout:/usr/bin/ceph: stderr
2024-09-05T07:29:33.427+0000 7f3964be2640 1 --2- 172.21.15.71:0/266979108 >> [v2:172.21.15.71:6800/316149397,v1:172.21.15.71:6801/316149397] conn(0x7f394c03d420 0x7f394c03f8e0 unknown :-1 s=START_CONNECT pgs=0 cs=0 l=1 rev1=0 crypto rx=0 tx=0 comp rx=0 tx=0)._fault waiting 1.600000
2024-09-05T07:29:36.029 INFO:teuthology.orchestra.run.smithi071.stdout:/usr/bin/ceph: stderr
2024-09-05T07:29:34.207+0000 7f39567fc640 1 -- 172.21.15.71:0/266979108 <== mon.0 v2:172.21.15.71:3300/0 6 ==== mgrmap(e 10) ==== 46067+0+0 (secure 0 0 0) 0x7f395006aae0 con 0x7f3960107eb0
2024-09-05T07:29:36.029 INFO:teuthology.orchestra.run.smithi071.stdout:/usr/bin/ceph: stderr
2024-09-05T07:29:34.207+0000 7f39567fc640 1 -- 172.21.15.71:0/266979108 >> [v2:172.21.15.71:6800/316149397,v1:172.21.15.71:6801/316149397] conn(0x7f394c03d420 msgr2=0x7f394c03f8e0 unknown :-1 s=STATE_CONNECTING l=1).mark_down
2024-09-05T07:29:36.029 INFO:teuthology.orchestra.run.smithi071.stdout:/usr/bin/ceph: stderr
2024-09-05T07:29:34.207+0000 7f39567fc640 1 --2- 172.21.15.71:0/266979108 >> [v2:172.21.15.71:6800/316149397,v1:172.21.15.71:6801/316149397] conn(0x7f394c03d420 0x7f394c03f8e0 unknown :-1 s=START_CONNECT pgs=0 cs=0 l=1 rev1=0 crypto rx=0 tx=0 comp rx=0 tx=0).stop
2024-09-05T07:29:36.030 INFO:teuthology.orchestra.run.smithi071.stdout:/usr/bin/ceph: stderr
2024-09-05T07:29:35.209+0000 7f39567fc640 1 -- 172.21.15.71:0/266979108 <== mon.0 v2:172.21.15.71:3300/0 7 ==== mgrmap(e 11) ==== 46194+0+0 (secure 0 0 0) 0x7f395003d430 con 0x7f3960107eb0
2024-09-05T07:29:36.030 INFO:teuthology.orchestra.run.smithi071.stdout:/usr/bin/ceph: stderr
2024-09-05T07:29:35.209+0000 7f39567fc640 1 --2- 172.21.15.71:0/266979108 >> [v2:172.21.15.71:6800/3540526501,v1:172.21.15.71:6801/3540526501] conn(0x7f394c040f30 0x7f394c043320 unknown :-1 s=NONE pgs=0 cs=0 l=1 rev1=0 crypto rx=0 tx=0 comp rx=0 tx=0).connect
2024-09-05T07:29:36.030 INFO:teuthology.orchestra.run.smithi071.stdout:/usr/bin/ceph: stderr
2024-09-05T07:29:35.209+0000 7f39567fc640 1 -- 172.21.15.71:0/266979108 --> [v2:172.21.15.71:6800/3540526501,v1:172.21.15.71:6801/3540526501] -- command(tid 0: {"prefix": "get_command_descriptions"}) -- 0x7f3950065150 con 0x7f394c040f30
2024-09-05T07:29:36.030 INFO:teuthology.orchestra.run.smithi071.stdout:/usr/bin/ceph: stderr
2024-09-05T07:29:35.209+0000 7f3964be2640 1 --2- 172.21.15.71:0/266979108 >> [v2:172.21.15.71:6800/3540526501,v1:172.21.15.71:6801/3540526501] conn(0x7f394c040f30 0x7f394c043320 unknown :-1 s=BANNER_CONNECTING pgs=0 cs=0 l=1 rev1=0 crypto rx=0 tx=0 comp rx=0 tx=0)._handle_peer_banner_payload supported=3 required=0
2024-09-05T07:29:36.030 INFO:teuthology.orchestra.run.smithi071.stdout:/usr/bin/ceph: stderr
2024-09-05T07:29:35.210+0000 7f3964be2640 1 --2- 172.21.15.71:0/266979108 >> [v2:172.21.15.71:6800/3540526501,v1:172.21.15.71:6801/3540526501] conn(0x7f394c040f30 0x7f394c043320 secure :-1 s=READY pgs=1 cs=0 l=1 rev1=1 crypto rx=0x7f395c003980 tx=0x7f395c006e10 comp rx=0 tx=0).ready entity=mgr.14150 client_cookie=0 server_cookie=0 in_seq=0 out_seq=0
2024-09-05T07:29:36.030 INFO:teuthology.orchestra.run.smithi071.stdout:/usr/bin/ceph: stderr
2024-09-05T07:29:35.210+0000 7f39567fc640 1 -- 172.21.15.71:0/266979108 <== mgr.14150 v2:172.21.15.71:6800/3540526501 1 ==== command_reply(tid 0: 0 ) ==== 8+0+9564 (secure 0 0 0) 0x7f3950065150 con 0x7f394c040f30
2024-09-05T07:29:36.030 INFO:teuthology.orchestra.run.smithi071.stdout:/usr/bin/ceph: stderr
2024-09-05T07:29:35.217+0000 7f3967647640 1 -- 172.21.15.71:0/266979108 --> [v2:172.21.15.71:6800/3540526501,v1:172.21.15.71:6801/3540526501] -- command(tid 1: {"prefix": "mgr_status"}) -- 0x7f3960106e70 con 0x7f394c040f30
2024-09-05T07:29:36.030 INFO:teuthology.orchestra.run.smithi071.stdout:/usr/bin/ceph: stderr
2024-09-05T07:29:35.218+0000 7f39567fc640 1 -- 172.21.15.71:0/266979108 <== mgr.14150 v2:172.21.15.71:6800/3540526501 2 ==== command_reply(tid 1: 0 ) ==== 8+0+52 (secure 0 0 0) 0x7f3960106e70 con 0x7f394c040f30
2024-09-05T07:29:36.030 INFO:teuthology.orchestra.run.smithi071.stdout:/usr/bin/ceph: stderr
2024-09-05T07:29:35.218+0000 7f3967647640 1 -- 172.21.15.71:0/266979108 >> [v2:172.21.15.71:6800/3540526501,v1:172.21.15.71:6801/3540526501] conn(0x7f394c040f30 msgr2=0x7f394c043320 secure :-1 s=STATE_CONNECTION_ESTABLISHED l=1).mark_down
2024-09-05T07:29:36.030 INFO:teuthology.orchestra.run.smithi071.stdout:/usr/bin/ceph: stderr
2024-09-05T07:29:35.218+0000 7f3967647640 1 --2- 172.21.15.71:0/266979108 >> [v2:172.21.15.71:6800/3540526501,v1:172.21.15.71:6801/3540526501] conn(0x7f394c040f30 0x7f394c043320 secure :-1 s=READY pgs=1 cs=0 l=1 rev1=1 crypto rx=0x7f395c003980 tx=0x7f395c006e10 comp rx=0 tx=0).stop
2024-09-05T07:29:36.030 INFO:teuthology.orchestra.run.smithi071.stdout:/usr/bin/ceph: stderr
2024-09-05T07:29:35.218+0000 7f3967647640 1 -- 172.21.15.71:0/266979108 >> [v2:172.21.15.71:3300/0,v1:172.21.15.71:6789/0] conn(0x7f3960107eb0 msgr2=0x7f3960199490 secure :-1 s=STATE_CONNECTION_ESTABLISHED l=1).mark_down
2024-09-05T07:29:36.030 INFO:teuthology.orchestra.run.smithi071.stdout:/usr/bin/ceph: stderr
2024-09-05T07:29:35.218+0000 7f3967647640 1 --2- 172.21.15.71:0/266979108 >> [v2:172.21.15.71:3300/0,v1:172.21.15.71:6789/0] conn(0x7f3960107eb0 0x7f3960199490 secure :-1 s=READY pgs=60 cs=0 l=1 rev1=1 crypto rx=0x7f39500097f0 tx=0x7f3950030c70 comp rx=0 tx=0).stop
2024-09-05T07:29:36.031 INFO:teuthology.orchestra.run.smithi071.stdout:/usr/bin/ceph: stderr
2024-09-05T07:29:35.218+0000 7f3967647640 1 -- 172.21.15.71:0/266979108 shutdown_connections
2024-09-05T07:29:36.031 INFO:teuthology.orchestra.run.smithi071.stdout:/usr/bin/ceph: stderr
2024-09-05T07:29:35.218+0000 7f3967647640 1 --2- 172.21.15.71:0/266979108 >> [v2:172.21.15.71:6800/3540526501,v1:172.21.15.71:6801/3540526501] conn(0x7f394c040f30 0x7f394c043320 unknown :-1 s=CLOSED pgs=1 cs=0 l=1 rev1=1 crypto rx=0 tx=0 comp rx=0 tx=0).stop
2024-09-05T07:29:36.031 INFO:teuthology.orchestra.run.smithi071.stdout:/usr/bin/ceph: stderr
2024-09-05T07:29:35.218+0000 7f3967647640 1 --2- 172.21.15.71:0/266979108 >> [v2:172.21.15.71:6800/316149397,v1:172.21.15.71:6801/316149397] conn(0x7f394c03d420 0x7f394c03f8e0 unknown :-1 s=CLOSED pgs=0 cs=0 l=1 rev1=0 crypto rx=0 tx=0 comp rx=0 tx=0).stop
2024-09-05T07:29:36.031 INFO:teuthology.orchestra.run.smithi071.stdout:/usr/bin/ceph: stderr
2024-09-05T07:29:35.218+0000 7f3967647640 1 --2- 172.21.15.71:0/266979108 >> [v2:172.21.15.71:3300/0,v1:172.21.15.71:6789/0] conn(0x7f3960107eb0 0x7f3960199490 unknown :-1 s=CLOSED pgs=60 cs=0 l=1 rev1=1 crypto rx=0 tx=0 comp rx=0 tx=0).stop
2024-09-05T07:29:36.031 INFO:teuthology.orchestra.run.smithi071.stdout:/usr/bin/ceph: stderr
2024-09-05T07:29:35.218+0000 7f3967647640 1 -- 172.21.15.71:0/266979108 >> 172.21.15.71:0/266979108 conn(0x7f3960101a90 msgr2=0x7f39601026c0 unknown :-1 s=STATE_NONE l=0).mark_down
2024-09-05T07:29:36.031 INFO:teuthology.orchestra.run.smithi071.stdout:/usr/bin/ceph: stderr
2024-09-05T07:29:35.218+0000 7f3967647640 1 -- 172.21.15.71:0/266979108 shutdown_connections
2024-09-05T07:29:36.031 INFO:teuthology.orchestra.run.smithi071.stdout:/usr/bin/ceph: stderr
2024-09-05T07:29:35.218+0000 7f3967647640 1 -- 172.21.15.71:0/266979108 wait complete.
2024-09-05T07:29:36.031 INFO:teuthology.orchestra.run.smithi071.stdout:mgr epoch 9 is available
2024-09-05T07:29:36.031 INFO:teuthology.orchestra.run.smithi071.stdout:Generating a dashboard self-signed certificate...
2024-09-05T07:29:36.336 INFO:journalctl@ceph.mon.a.smithi071.stdout:Sep 05 07:29:36 smithi071 ceph-mon[30965]: from='client.14154 -' entity='client.admin' cmd=[{"prefix": "get_command_descriptions"}]: dispatch
2024-09-05T07:29:36.336 INFO:journalctl@ceph.mon.a.smithi071.stdout:Sep 05 07:29:36 smithi071 ceph-mon[30965]: mgrmap e11: x(active, since 1.00653s)
2024-09-05T07:29:36.336 INFO:journalctl@ceph.mon.a.smithi071.stdout:Sep 05 07:29:36 smithi071 ceph-mon[30965]: from='client.14154 -' entity='client.admin' cmd=[{"prefix": "mgr_status"}]: dispatch
2024-09-05T07:29:36.336 INFO:journalctl@ceph.mon.a.smithi071.stdout:Sep 05 07:29:36 smithi071 ceph-mon[30965]: from='mgr.14150 172.21.15.71:0/2458485009' entity='mgr.x'
2024-09-05T07:29:37.330 INFO:teuthology.orchestra.run.smithi071.stdout:/usr/bin/ceph: stdout Self-signed certificate created
2024-09-05T07:29:37.331 INFO:teuthology.orchestra.run.smithi071.stdout:/usr/bin/ceph: stderr
2024-09-05T07:29:36.412+0000 7efd3125a640 1 Processor -- start
2024-09-05T07:29:37.331 INFO:teuthology.orchestra.run.smithi071.stdout:/usr/bin/ceph: stderr
2024-09-05T07:29:36.412+0000 7efd3125a640 1 -- start start
2024-09-05T07:29:37.331 INFO:teuthology.orchestra.run.smithi071.stdout:/usr/bin/ceph: stderr
2024-09-05T07:29:36.412+0000 7efd3125a640 1 --2- >> [v2:172.21.15.71:3300/0,v1:172.21.15.71:6789/0] conn(0x7efd2c1062e0 0x7efd2c1066e0 unknown :-1 s=NONE pgs=0 cs=0 l=0 rev1=0 crypto rx=0 tx=0 comp rx=0 tx=0).connect
2024-09-05T07:29:37.331 INFO:teuthology.orchestra.run.smithi071.stdout:/usr/bin/ceph: stderr
2024-09-05T07:29:36.412+0000 7efd3125a640 1 -- --> [v2:172.21.15.71:3300/0,v1:172.21.15.71:6789/0] -- mon_getmap magic: 0 -- 0x7efd2c106cb0 con 0x7efd2c1062e0
2024-09-05T07:29:37.331 INFO:teuthology.orchestra.run.smithi071.stdout:/usr/bin/ceph: stderr
2024-09-05T07:29:36.413+0000 7efd2ad9d640 1 --2- >> [v2:172.21.15.71:3300/0,v1:172.21.15.71:6789/0] conn(0x7efd2c1062e0 0x7efd2c1066e0 unknown :-1 s=BANNER_CONNECTING pgs=0 cs=0 l=0 rev1=0 crypto rx=0 tx=0 comp rx=0 tx=0)._handle_peer_banner_payload supported=3 required=0
2024-09-05T07:29:37.331 INFO:teuthology.orchestra.run.smithi071.stdout:/usr/bin/ceph: stderr
2024-09-05T07:29:36.413+0000 7efd2ad9d640 1 --2- >> [v2:172.21.15.71:3300/0,v1:172.21.15.71:6789/0] conn(0x7efd2c1062e0 0x7efd2c1066e0 unknown :-1 s=HELLO_CONNECTING pgs=0 cs=0 l=0 rev1=1 crypto rx=0 tx=0 comp rx=0 tx=0).handle_hello peer v2:172.21.15.71:3300/0 says I am v2:172.21.15.71:39792/0 (socket says 172.21.15.71:39792)
2024-09-05T07:29:37.331 INFO:teuthology.orchestra.run.smithi071.stdout:/usr/bin/ceph: stderr
2024-09-05T07:29:36.413+0000 7efd2ad9d640 1 -- 172.21.15.71:0/39627685 learned_addr learned my addr 172.21.15.71:0/39627685 (peer_addr_for_me v2:172.21.15.71:0/0)
2024-09-05T07:29:37.331 INFO:teuthology.orchestra.run.smithi071.stdout:/usr/bin/ceph: stderr
2024-09-05T07:29:36.413+0000 7efd2ad9d640 1 -- 172.21.15.71:0/39627685 --> [v2:172.21.15.71:3300/0,v1:172.21.15.71:6789/0] -- mon_subscribe({config=0+,monmap=0+}) -- 0x7efd2c1074e0 con 0x7efd2c1062e0
2024-09-05T07:29:37.331 INFO:teuthology.orchestra.run.smithi071.stdout:/usr/bin/ceph: stderr
2024-09-05T07:29:36.414+0000 7efd2ad9d640 1 --2- 172.21.15.71:0/39627685 >> [v2:172.21.15.71:3300/0,v1:172.21.15.71:6789/0] conn(0x7efd2c1062e0 0x7efd2c1066e0 secure :-1 s=READY pgs=68 cs=0 l=1 rev1=1 crypto rx=0x7efd1c009820 tx=0x7efd1c02a270 comp rx=0 tx=0).ready entity=mon.0 client_cookie=845653e0ede273ae server_cookie=0 in_seq=0 out_seq=0
2024-09-05T07:29:37.331 INFO:teuthology.orchestra.run.smithi071.stdout:/usr/bin/ceph: stderr
2024-09-05T07:29:36.414+0000 7efd29d9b640 1 -- 172.21.15.71:0/39627685 <== mon.0 v2:172.21.15.71:3300/0 1 ==== mon_map magic: 0 ==== 205+0+0 (secure 0 0 0) 0x7efd1c037070 con 0x7efd2c1062e0
2024-09-05T07:29:37.331 INFO:teuthology.orchestra.run.smithi071.stdout:/usr/bin/ceph: stderr
2024-09-05T07:29:36.414+0000 7efd29d9b640 1 -- 172.21.15.71:0/39627685 <== mon.0 v2:172.21.15.71:3300/0 2 ==== config(26 keys) ==== 1102+0+0 (secure 0 0 0) 0x7efd1c0328f0 con 0x7efd2c1062e0
2024-09-05T07:29:37.332 INFO:teuthology.orchestra.run.smithi071.stdout:/usr/bin/ceph: stderr
2024-09-05T07:29:36.414+0000 7efd29d9b640 1 -- 172.21.15.71:0/39627685 <== mon.0 v2:172.21.15.71:3300/0 3 ==== mon_map magic: 0 ==== 205+0+0 (secure 0 0 0) 0x7efd1c030740 con 0x7efd2c1062e0
2024-09-05T07:29:37.332 INFO:teuthology.orchestra.run.smithi071.stdout:/usr/bin/ceph: stderr
2024-09-05T07:29:36.414+0000 7efd3125a640 1 -- 172.21.15.71:0/39627685 >> [v2:172.21.15.71:3300/0,v1:172.21.15.71:6789/0] conn(0x7efd2c1062e0 msgr2=0x7efd2c1066e0 secure :-1 s=STATE_CONNECTION_ESTABLISHED l=1).mark_down
2024-09-05T07:29:37.332 INFO:teuthology.orchestra.run.smithi071.stdout:/usr/bin/ceph: stderr
2024-09-05T07:29:36.414+0000 7efd3125a640 1 --2- 172.21.15.71:0/39627685 >> [v2:172.21.15.71:3300/0,v1:172.21.15.71:6789/0] conn(0x7efd2c1062e0 0x7efd2c1066e0 secure :-1 s=READY pgs=68 cs=0 l=1 rev1=1 crypto rx=0x7efd1c009820 tx=0x7efd1c02a270 comp rx=0 tx=0).stop
2024-09-05T07:29:37.332 INFO:teuthology.orchestra.run.smithi071.stdout:/usr/bin/ceph: stderr
2024-09-05T07:29:36.414+0000 7efd3125a640 1 -- 172.21.15.71:0/39627685 shutdown_connections
2024-09-05T07:29:37.332 INFO:teuthology.orchestra.run.smithi071.stdout:/usr/bin/ceph: stderr
2024-09-05T07:29:36.414+0000 7efd3125a640 1 --2- 172.21.15.71:0/39627685 >> [v2:172.21.15.71:3300/0,v1:172.21.15.71:6789/0] conn(0x7efd2c1062e0 0x7efd2c1066e0 unknown :-1 s=CLOSED pgs=68 cs=0 l=1 rev1=1 crypto rx=0 tx=0 comp rx=0 tx=0).stop
2024-09-05T07:29:37.332 INFO:teuthology.orchestra.run.smithi071.stdout:/usr/bin/ceph: stderr
2024-09-05T07:29:36.414+0000 7efd3125a640 1 -- 172.21.15.71:0/39627685 >> 172.21.15.71:0/39627685 conn(0x7efd2c101a90 msgr2=0x7efd2c103eb0 unknown :-1 s=STATE_NONE l=0).mark_down
2024-09-05T07:29:37.332 INFO:teuthology.orchestra.run.smithi071.stdout:/usr/bin/ceph: stderr
2024-09-05T07:29:36.414+0000 7efd3125a640 1 -- 172.21.15.71:0/39627685 shutdown_connections
2024-09-05T07:29:37.332 INFO:teuthology.orchestra.run.smithi071.stdout:/usr/bin/ceph: stderr
2024-09-05T07:29:36.414+0000 7efd3125a640 1 -- 172.21.15.71:0/39627685 wait complete.
2024-09-05T07:29:37.332 INFO:teuthology.orchestra.run.smithi071.stdout:/usr/bin/ceph: stderr
2024-09-05T07:29:36.415+0000 7efd3125a640 1 Processor -- start
2024-09-05T07:29:37.332 INFO:teuthology.orchestra.run.smithi071.stdout:/usr/bin/ceph: stderr
2024-09-05T07:29:36.415+0000 7efd3125a640 1 -- start start
2024-09-05T07:29:37.332 INFO:teuthology.orchestra.run.smithi071.stdout:/usr/bin/ceph: stderr
2024-09-05T07:29:36.415+0000 7efd3125a640 1 --2- >> [v2:172.21.15.71:3300/0,v1:172.21.15.71:6789/0] conn(0x7efd2c1062e0 0x7efd2c191510 unknown :-1 s=NONE pgs=0 cs=0 l=1 rev1=0 crypto rx=0 tx=0 comp rx=0 tx=0).connect
2024-09-05T07:29:37.332 INFO:teuthology.orchestra.run.smithi071.stdout:/usr/bin/ceph: stderr
2024-09-05T07:29:36.415+0000 7efd3125a640 1 -- --> [v2:172.21.15.71:3300/0,v1:172.21.15.71:6789/0] -- mon_getmap magic: 0 -- 0x7efd2c10a890 con 0x7efd2c1062e0
2024-09-05T07:29:37.333 INFO:teuthology.orchestra.run.smithi071.stdout:/usr/bin/ceph: stderr
2024-09-05T07:29:36.416+0000 7efd2ad9d640 1 --2- >> [v2:172.21.15.71:3300/0,v1:172.21.15.71:6789/0] conn(0x7efd2c1062e0 0x7efd2c191510 unknown :-1 s=BANNER_CONNECTING pgs=0 cs=0 l=1 rev1=0 crypto rx=0 tx=0 comp rx=0 tx=0)._handle_peer_banner_payload supported=3 required=0
2024-09-05T07:29:37.333 INFO:teuthology.orchestra.run.smithi071.stdout:/usr/bin/ceph: stderr
2024-09-05T07:29:36.416+0000 7efd2ad9d640 1 --2- >> [v2:172.21.15.71:3300/0,v1:172.21.15.71:6789/0] conn(0x7efd2c1062e0 0x7efd2c191510 unknown :-1 s=HELLO_CONNECTING pgs=0 cs=0 l=1 rev1=1 crypto rx=0 tx=0 comp rx=0 tx=0).handle_hello peer v2:172.21.15.71:3300/0 says I am v2:172.21.15.71:39806/0 (socket says 172.21.15.71:39806)
2024-09-05T07:29:37.333 INFO:teuthology.orchestra.run.smithi071.stdout:/usr/bin/ceph: stderr
2024-09-05T07:29:36.416+0000 7efd2ad9d640 1 -- 172.21.15.71:0/2391853924 learned_addr learned my addr 172.21.15.71:0/2391853924 (peer_addr_for_me v2:172.21.15.71:0/0)
2024-09-05T07:29:37.333 INFO:teuthology.orchestra.run.smithi071.stdout:/usr/bin/ceph: stderr
2024-09-05T07:29:36.416+0000 7efd2ad9d640 1 -- 172.21.15.71:0/2391853924 --> [v2:172.21.15.71:3300/0,v1:172.21.15.71:6789/0] -- mon_subscribe({config=0+,monmap=0+}) -- 0x7efd2c191a50 con 0x7efd2c1062e0
2024-09-05T07:29:37.333 INFO:teuthology.orchestra.run.smithi071.stdout:/usr/bin/ceph: stderr
2024-09-05T07:29:36.416+0000 7efd2ad9d640 1 --2- 172.21.15.71:0/2391853924 >> [v2:172.21.15.71:3300/0,v1:172.21.15.71:6789/0] conn(0x7efd2c1062e0 0x7efd2c191510 secure :-1 s=READY pgs=69 cs=0 l=1 rev1=1 crypto rx=0x7efd1c0097f0 tx=0x7efd1c030c70 comp rx=0 tx=0).ready entity=mon.0 client_cookie=0 server_cookie=0 in_seq=0 out_seq=0
2024-09-05T07:29:37.333 INFO:teuthology.orchestra.run.smithi071.stdout:/usr/bin/ceph: stderr
2024-09-05T07:29:36.416+0000 7efd13fff640 1 -- 172.21.15.71:0/2391853924 <== mon.0 v2:172.21.15.71:3300/0 1 ==== mon_map magic: 0 ==== 205+0+0 (secure 0 0 0) 0x7efd1c042070 con 0x7efd2c1062e0
2024-09-05T07:29:37.333 INFO:teuthology.orchestra.run.smithi071.stdout:/usr/bin/ceph: stderr
2024-09-05T07:29:36.416+0000 7efd13fff640 1 -- 172.21.15.71:0/2391853924 <== mon.0 v2:172.21.15.71:3300/0 2 ==== config(26 keys) ==== 1102+0+0 (secure 0 0 0) 0x7efd1c030d80 con 0x7efd2c1062e0
2024-09-05T07:29:37.333 INFO:teuthology.orchestra.run.smithi071.stdout:/usr/bin/ceph: stderr
2024-09-05T07:29:36.416+0000 7efd3125a640 1 -- 172.21.15.71:0/2391853924 --> [v2:172.21.15.71:3300/0,v1:172.21.15.71:6789/0] -- mon_subscribe({mgrmap=0+}) -- 0x7efd2c18fc40 con 0x7efd2c1062e0
2024-09-05T07:29:37.333 INFO:teuthology.orchestra.run.smithi071.stdout:/usr/bin/ceph: stderr
2024-09-05T07:29:36.416+0000 7efd13fff640 1 -- 172.21.15.71:0/2391853924 <== mon.0 v2:172.21.15.71:3300/0 3 ==== mon_map magic: 0 ==== 205+0+0 (secure 0 0 0) 0x7efd1c037040 con 0x7efd2c1062e0
2024-09-05T07:29:37.333 INFO:teuthology.orchestra.run.smithi071.stdout:/usr/bin/ceph: stderr
2024-09-05T07:29:36.416+0000 7efd3125a640 1 -- 172.21.15.71:0/2391853924 --> [v2:172.21.15.71:3300/0,v1:172.21.15.71:6789/0] -- mon_subscribe({osdmap=0}) -- 0x7efd2c190180 con 0x7efd2c1062e0
2024-09-05T07:29:37.333 INFO:teuthology.orchestra.run.smithi071.stdout:/usr/bin/ceph: stderr
2024-09-05T07:29:36.417+0000 7efd13fff640 1 -- 172.21.15.71:0/2391853924 <== mon.0 v2:172.21.15.71:3300/0 4 ==== mgrmap(e 11) ==== 46194+0+0 (secure 0 0 0) 0x7efd1c045070 con 0x7efd2c1062e0
2024-09-05T07:29:37.333 INFO:teuthology.orchestra.run.smithi071.stdout:/usr/bin/ceph: stderr
2024-09-05T07:29:36.417+0000 7efd3125a640 1 -- 172.21.15.71:0/2391853924 --> [v2:172.21.15.71:3300/0,v1:172.21.15.71:6789/0] -- mon_command({"prefix": "get_command_descriptions"} v 0) -- 0x7efd2c10aa10 con 0x7efd2c1062e0
2024-09-05T07:29:37.334 INFO:teuthology.orchestra.run.smithi071.stdout:/usr/bin/ceph: stderr
2024-09-05T07:29:36.417+0000 7efd13fff640 1 --2- 172.21.15.71:0/2391853924 >> [v2:172.21.15.71:6800/3540526501,v1:172.21.15.71:6801/3540526501] conn(0x7efd14038eb0 0x7efd1403b370 unknown :-1 s=NONE pgs=0 cs=0 l=1 rev1=0 crypto rx=0 tx=0 comp rx=0 tx=0).connect
2024-09-05T07:29:37.334 INFO:teuthology.orchestra.run.smithi071.stdout:/usr/bin/ceph: stderr
2024-09-05T07:29:36.417+0000 7efd13fff640 1 -- 172.21.15.71:0/2391853924 <== mon.0 v2:172.21.15.71:3300/0 5 ==== osd_map(3..3 src has 1..3) ==== 1155+0+0 (secure 0 0 0) 0x7efd1c06bfb0 con 0x7efd2c1062e0
2024-09-05T07:29:37.334 INFO:teuthology.orchestra.run.smithi071.stdout:/usr/bin/ceph: stderr
2024-09-05T07:29:36.417+0000 7efd2a59c640 1 --2- 172.21.15.71:0/2391853924 >> [v2:172.21.15.71:6800/3540526501,v1:172.21.15.71:6801/3540526501] conn(0x7efd14038eb0 0x7efd1403b370 unknown :-1 s=BANNER_CONNECTING pgs=0 cs=0 l=1 rev1=0 crypto rx=0 tx=0 comp rx=0 tx=0)._handle_peer_banner_payload supported=3 required=0
2024-09-05T07:29:37.334 INFO:teuthology.orchestra.run.smithi071.stdout:/usr/bin/ceph: stderr
2024-09-05T07:29:36.418+0000 7efd2a59c640 1 --2- 172.21.15.71:0/2391853924 >> [v2:172.21.15.71:6800/3540526501,v1:172.21.15.71:6801/3540526501] conn(0x7efd14038eb0 0x7efd1403b370 secure :-1 s=READY pgs=7 cs=0 l=1 rev1=1 crypto rx=0x7efd200098c0 tx=0x7efd20006db0 comp rx=0 tx=0).ready entity=mgr.14150 client_cookie=0 server_cookie=0 in_seq=0 out_seq=0
2024-09-05T07:29:37.334 INFO:teuthology.orchestra.run.smithi071.stdout:/usr/bin/ceph: stderr
2024-09-05T07:29:36.422+0000 7efd13fff640 1 -- 172.21.15.71:0/2391853924 <== mon.0 v2:172.21.15.71:3300/0 6 ==== mon_command_ack([{"prefix": "get_command_descriptions"}]=0 v0) ==== 72+0+188821 (secure 0 0 0) 0x7efd1c045520 con 0x7efd2c1062e0
2024-09-05T07:29:37.334 INFO:teuthology.orchestra.run.smithi071.stdout:/usr/bin/ceph: stderr
2024-09-05T07:29:36.596+0000 7efd3125a640 1 -- 172.21.15.71:0/2391853924 --> [v2:172.21.15.71:6800/3540526501,v1:172.21.15.71:6801/3540526501] -- mgr_command(tid 0: {"prefix": "dashboard create-self-signed-cert", "target": ["mon-mgr", ""]}) -- 0x7efd2c194fa0 con 0x7efd14038eb0
2024-09-05T07:29:37.334 INFO:teuthology.orchestra.run.smithi071.stdout:/usr/bin/ceph: stderr
2024-09-05T07:29:36.656+0000 7efd13fff640 1 -- 172.21.15.71:0/2391853924 <== mon.0 v2:172.21.15.71:3300/0 7 ==== mgrmap(e 12) ==== 46300+0+0 (secure 0 0 0) 0x7efd1c03db00 con 0x7efd2c1062e0
2024-09-05T07:29:37.334 INFO:teuthology.orchestra.run.smithi071.stdout:/usr/bin/ceph: stderr
2024-09-05T07:29:36.694+0000 7efd13fff640 1 -- 172.21.15.71:0/2391853924 <== mgr.14150 v2:172.21.15.71:6800/3540526501 1 ==== mgr_command_reply(tid 0: 0 ) ==== 8+0+32 (secure 0 0 0) 0x7efd2c194fa0 con 0x7efd14038eb0
2024-09-05T07:29:37.334 INFO:teuthology.orchestra.run.smithi071.stdout:/usr/bin/ceph: stderr
2024-09-05T07:29:36.696+0000 7efd3125a640 1 -- 172.21.15.71:0/2391853924 >> [v2:172.21.15.71:6800/3540526501,v1:172.21.15.71:6801/3540526501] conn(0x7efd14038eb0 msgr2=0x7efd1403b370 secure :-1 s=STATE_CONNECTION_ESTABLISHED l=1).mark_down
2024-09-05T07:29:37.334 INFO:teuthology.orchestra.run.smithi071.stdout:/usr/bin/ceph: stderr
2024-09-05T07:29:36.696+0000 7efd3125a640 1 --2- 172.21.15.71:0/2391853924 >> [v2:172.21.15.71:6800/3540526501,v1:172.21.15.71:6801/3540526501] conn(0x7efd14038eb0 0x7efd1403b370 secure :-1 s=READY pgs=7 cs=0 l=1 rev1=1 crypto rx=0x7efd200098c0 tx=0x7efd20006db0 comp rx=0 tx=0).stop
2024-09-05T07:29:37.334 INFO:teuthology.orchestra.run.smithi071.stdout:/usr/bin/ceph: stderr
2024-09-05T07:29:36.696+0000 7efd3125a640 1 -- 172.21.15.71:0/2391853924 >> [v2:172.21.15.71:3300/0,v1:172.21.15.71:6789/0] conn(0x7efd2c1062e0 msgr2=0x7efd2c191510 secure :-1 s=STATE_CONNECTION_ESTABLISHED l=1).mark_down
2024-09-05T07:29:37.334 INFO:teuthology.orchestra.run.smithi071.stdout:/usr/bin/ceph: stderr
2024-09-05T07:29:36.696+0000 7efd3125a640 1 --2- 172.21.15.71:0/2391853924 >> [v2:172.21.15.71:3300/0,v1:172.21.15.71:6789/0] conn(0x7efd2c1062e0 0x7efd2c191510 secure :-1 s=READY pgs=69 cs=0 l=1 rev1=1 crypto rx=0x7efd1c0097f0 tx=0x7efd1c030c70 comp rx=0 tx=0).stop
2024-09-05T07:29:37.334 INFO:teuthology.orchestra.run.smithi071.stdout:/usr/bin/ceph: stderr
2024-09-05T07:29:36.696+0000 7efd3125a640 1 -- 172.21.15.71:0/2391853924 shutdown_connections
