2024-09-05T07:41:58.997+0000 7f3d99a00640 1 --2- >> [v2:172.21.15.144:3300/0,v1:172.21.15.144:6789/0] conn(0x7f3d94105f00 0x7f3d9419d7c0 unknown :-1 s=NONE pgs=0 cs=0 l=1 rev1=0 crypto rx=0 tx=0 comp rx=0 tx=0).connect
2024-09-05T07:42:00.190 INFO:teuthology.orchestra.run.smithi144.stdout:/usr/bin/ceph: stderr
2024-09-05T07:41:58.997+0000 7f3d99a00640 1 -- --> [v2:172.21.15.144:3300/0,v1:172.21.15.144:6789/0] -- mon_getmap magic: 0 -- 0x7f3d94107800 con 0x7f3d94105f00
2024-09-05T07:42:00.190 INFO:teuthology.orchestra.run.smithi144.stdout:/usr/bin/ceph: stderr
2024-09-05T07:41:58.997+0000 7f3d92a00640 1 --2- >> [v2:172.21.15.144:3300/0,v1:172.21.15.144:6789/0] conn(0x7f3d94105f00 0x7f3d9419d7c0 unknown :-1 s=BANNER_CONNECTING pgs=0 cs=0 l=1 rev1=0 crypto rx=0 tx=0 comp rx=0 tx=0)._handle_peer_banner_payload supported=3 required=0
2024-09-05T07:42:00.190 INFO:teuthology.orchestra.run.smithi144.stdout:/usr/bin/ceph: stderr
2024-09-05T07:41:58.997+0000 7f3d92a00640 1 --2- >> [v2:172.21.15.144:3300/0,v1:172.21.15.144:6789/0] conn(0x7f3d94105f00 0x7f3d9419d7c0 unknown :-1 s=HELLO_CONNECTING pgs=0 cs=0 l=1 rev1=1 crypto rx=0 tx=0 comp rx=0 tx=0).handle_hello peer v2:172.21.15.144:3300/0 says I am v2:172.21.15.144:60618/0 (socket says 172.21.15.144:60618)
2024-09-05T07:42:00.190 INFO:teuthology.orchestra.run.smithi144.stdout:/usr/bin/ceph: stderr
2024-09-05T07:41:58.997+0000 7f3d92a00640 1 -- 172.21.15.144:0/2544439684 learned_addr learned my addr 172.21.15.144:0/2544439684 (peer_addr_for_me v2:172.21.15.144:0/0)
2024-09-05T07:42:00.191 INFO:teuthology.orchestra.run.smithi144.stdout:/usr/bin/ceph: stderr
2024-09-05T07:41:58.997+0000 7f3d92a00640 1 -- 172.21.15.144:0/2544439684 --> [v2:172.21.15.144:3300/0,v1:172.21.15.144:6789/0] -- mon_subscribe({config=0+,monmap=0+}) -- 0x7f3d9419dd00 con 0x7f3d94105f00
2024-09-05T07:42:00.191 INFO:teuthology.orchestra.run.smithi144.stdout:/usr/bin/ceph: stderr
2024-09-05T07:41:58.997+0000 7f3d92a00640 1 --2- 172.21.15.144:0/2544439684 >> [v2:172.21.15.144:3300/0,v1:172.21.15.144:6789/0] conn(0x7f3d94105f00 0x7f3d9419d7c0 secure :-1 s=READY pgs=54 cs=0 l=1 rev1=1 crypto rx=0x7f3d840097f0 tx=0x7f3d840327b0 comp rx=0 tx=0).ready entity=mon.0 client_cookie=0 server_cookie=0 in_seq=0 out_seq=0
2024-09-05T07:42:00.191 INFO:teuthology.orchestra.run.smithi144.stdout:/usr/bin/ceph: stderr
2024-09-05T07:41:58.998+0000 7f3d8b400640 1 -- 172.21.15.144:0/2544439684 <== mon.0 v2:172.21.15.144:3300/0 1 ==== mon_map magic: 0 ==== 205+0+0 (secure 0 0 0) 0x7f3d84037040 con 0x7f3d94105f00
2024-09-05T07:42:00.191 INFO:teuthology.orchestra.run.smithi144.stdout:/usr/bin/ceph: stderr
2024-09-05T07:41:58.998+0000 7f3d8b400640 1 -- 172.21.15.144:0/2544439684 <== mon.0 v2:172.21.15.144:3300/0 2 ==== config(27 keys) ==== 1140+0+0 (secure 0 0 0) 0x7f3d84030cc0 con 0x7f3d94105f00
2024-09-05T07:42:00.191 INFO:teuthology.orchestra.run.smithi144.stdout:/usr/bin/ceph: stderr
2024-09-05T07:41:58.998+0000 7f3d8b400640 1 -- 172.21.15.144:0/2544439684 <== mon.0 v2:172.21.15.144:3300/0 3 ==== mon_map magic: 0 ==== 205+0+0 (secure 0 0 0) 0x7f3d8403a6b0 con 0x7f3d94105f00
2024-09-05T07:42:00.191 INFO:teuthology.orchestra.run.smithi144.stdout:/usr/bin/ceph: stderr
2024-09-05T07:41:58.998+0000 7f3d99a00640 1 -- 172.21.15.144:0/2544439684 --> [v2:172.21.15.144:3300/0,v1:172.21.15.144:6789/0] -- mon_subscribe({mgrmap=0+}) -- 0x7f3d9419df90 con 0x7f3d94105f00
2024-09-05T07:42:00.191 INFO:teuthology.orchestra.run.smithi144.stdout:/usr/bin/ceph: stderr
2024-09-05T07:41:58.998+0000 7f3d99a00640 1 -- 172.21.15.144:0/2544439684 --> [v2:172.21.15.144:3300/0,v1:172.21.15.144:6789/0] -- mon_subscribe({osdmap=0}) -- 0x7f3d941a0c80 con 0x7f3d94105f00
2024-09-05T07:42:00.191 INFO:teuthology.orchestra.run.smithi144.stdout:/usr/bin/ceph: stderr
2024-09-05T07:41:58.999+0000 7f3d8b400640 1 -- 172.21.15.144:0/2544439684 <== mon.0 v2:172.21.15.144:3300/0 4 ==== mgrmap(e 8) ==== 46287+0+0 (secure 0 0 0) 0x7f3d8403baf0 con 0x7f3d94105f00
2024-09-05T07:42:00.191 INFO:teuthology.orchestra.run.smithi144.stdout:/usr/bin/ceph: stderr
2024-09-05T07:41:58.999+0000 7f3d99a00640 1 -- 172.21.15.144:0/2544439684 --> [v2:172.21.15.144:3300/0,v1:172.21.15.144:6789/0] -- mon_command({"prefix": "get_command_descriptions"} v 0) -- 0x7f3d94107eb0 con 0x7f3d94105f00
2024-09-05T07:42:00.191 INFO:teuthology.orchestra.run.smithi144.stdout:/usr/bin/ceph: stderr
2024-09-05T07:41:58.999+0000 7f3d8b400640 1 --2- 172.21.15.144:0/2544439684 >> [v2:172.21.15.144:6800/490246891,v1:172.21.15.144:6801/490246891] conn(0x7f3d78038fc0 0x7f3d7803b480 unknown :-1 s=NONE pgs=0 cs=0 l=1 rev1=0 crypto rx=0 tx=0 comp rx=0 tx=0).connect
2024-09-05T07:42:00.192 INFO:teuthology.orchestra.run.smithi144.stdout:/usr/bin/ceph: stderr
2024-09-05T07:41:58.999+0000 7f3d8b400640 1 -- 172.21.15.144:0/2544439684 <== mon.0 v2:172.21.15.144:3300/0 5 ==== osd_map(2..2 src has 1..2) ==== 940+0+0 (secure 0 0 0) 0x7f3d8406c570 con 0x7f3d94105f00
2024-09-05T07:42:00.192 INFO:teuthology.orchestra.run.smithi144.stdout:/usr/bin/ceph: stderr
2024-09-05T07:41:59.000+0000 7f3d92000640 1 --2- 172.21.15.144:0/2544439684 >> [v2:172.21.15.144:6800/490246891,v1:172.21.15.144:6801/490246891] conn(0x7f3d78038fc0 0x7f3d7803b480 unknown :-1 s=BANNER_CONNECTING pgs=0 cs=0 l=1 rev1=0 crypto rx=0 tx=0 comp rx=0 tx=0)._handle_peer_banner_payload supported=3 required=0
2024-09-05T07:42:00.192 INFO:teuthology.orchestra.run.smithi144.stdout:/usr/bin/ceph: stderr
2024-09-05T07:41:59.000+0000 7f3d92000640 1 --2- 172.21.15.144:0/2544439684 >> [v2:172.21.15.144:6800/490246891,v1:172.21.15.144:6801/490246891] conn(0x7f3d78038fc0 0x7f3d7803b480 secure :-1 s=READY pgs=16 cs=0 l=1 rev1=1 crypto rx=0x7f3d800098c0 tx=0x7f3d80006db0 comp rx=0 tx=0).ready entity=mgr.14118 client_cookie=0 server_cookie=0 in_seq=0 out_seq=0
2024-09-05T07:42:00.192 INFO:teuthology.orchestra.run.smithi144.stdout:/usr/bin/ceph: stderr
2024-09-05T07:41:59.004+0000 7f3d8b400640 1 -- 172.21.15.144:0/2544439684 <== mon.0 v2:172.21.15.144:3300/0 6 ==== mon_command_ack([{"prefix": "get_command_descriptions"}]=0 v0) ==== 72+0+188821 (secure 0 0 0) 0x7f3d84042dc0 con 0x7f3d94105f00
2024-09-05T07:42:00.192 INFO:teuthology.orchestra.run.smithi144.stdout:/usr/bin/ceph: stderr
2024-09-05T07:41:59.230+0000 7f3d99a00640 1 -- 172.21.15.144:0/2544439684 --> [v2:172.21.15.144:3300/0,v1:172.21.15.144:6789/0] -- mon_command({"prefix": "mgr module enable", "module": "dashboard"} v 0) -- 0x7f3d9402d9a0 con 0x7f3d94105f00
2024-09-05T07:42:00.192 INFO:teuthology.orchestra.run.smithi144.stdout:/usr/bin/ceph: stderr
2024-09-05T07:41:59.289+0000 7f3d8b400640 1 -- 172.21.15.144:0/2544439684 <== mon.0 v2:172.21.15.144:3300/0 7 ==== mon_command_ack([{"prefix": "mgr module enable", "module": "dashboard"}]=0 v9) ==== 88+0+0 (secure 0 0 0) 0x7f3d8406bec0 con 0x7f3d94105f00
2024-09-05T07:42:00.192 INFO:teuthology.orchestra.run.smithi144.stdout:/usr/bin/ceph: stderr
2024-09-05T07:41:59.291+0000 7f3d8b400640 1 -- 172.21.15.144:0/2544439684 <== mon.0 v2:172.21.15.144:3300/0 8 ==== mgrmap(e 9) ==== 46300+0+0 (secure 0 0 0) 0x7f3d8403a850 con 0x7f3d94105f00
2024-09-05T07:42:00.192 INFO:teuthology.orchestra.run.smithi144.stdout:/usr/bin/ceph: stderr
2024-09-05T07:41:59.293+0000 7f3d99a00640 1 -- 172.21.15.144:0/2544439684 >> [v2:172.21.15.144:6800/490246891,v1:172.21.15.144:6801/490246891] conn(0x7f3d78038fc0 msgr2=0x7f3d7803b480 secure :-1 s=STATE_CONNECTION_ESTABLISHED l=1).mark_down
2024-09-05T07:42:00.192 INFO:teuthology.orchestra.run.smithi144.stdout:/usr/bin/ceph: stderr
2024-09-05T07:41:59.293+0000 7f3d99a00640 1 --2- 172.21.15.144:0/2544439684 >> [v2:172.21.15.144:6800/490246891,v1:172.21.15.144:6801/490246891] conn(0x7f3d78038fc0 0x7f3d7803b480 secure :-1 s=READY pgs=16 cs=0 l=1 rev1=1 crypto rx=0x7f3d800098c0 tx=0x7f3d80006db0 comp rx=0 tx=0).stop
2024-09-05T07:42:00.193 INFO:teuthology.orchestra.run.smithi144.stdout:/usr/bin/ceph: stderr
2024-09-05T07:41:59.293+0000 7f3d99a00640 1 -- 172.21.15.144:0/2544439684 >> [v2:172.21.15.144:3300/0,v1:172.21.15.144:6789/0] conn(0x7f3d94105f00 msgr2=0x7f3d9419d7c0 secure :-1 s=STATE_CONNECTION_ESTABLISHED l=1).mark_down
2024-09-05T07:42:00.193 INFO:teuthology.orchestra.run.smithi144.stdout:/usr/bin/ceph: stderr
2024-09-05T07:41:59.293+0000 7f3d99a00640 1 --2- 172.21.15.144:0/2544439684 >> [v2:172.21.15.144:3300/0,v1:172.21.15.144:6789/0] conn(0x7f3d94105f00 0x7f3d9419d7c0 secure :-1 s=READY pgs=54 cs=0 l=1 rev1=1 crypto rx=0x7f3d840097f0 tx=0x7f3d840327b0 comp rx=0 tx=0).stop
2024-09-05T07:42:00.193 INFO:teuthology.orchestra.run.smithi144.stdout:/usr/bin/ceph: stderr
2024-09-05T07:41:59.293+0000 7f3d99a00640 1 -- 172.21.15.144:0/2544439684 shutdown_connections
2024-09-05T07:42:00.193 INFO:teuthology.orchestra.run.smithi144.stdout:/usr/bin/ceph: stderr
2024-09-05T07:41:59.293+0000 7f3d99a00640 1 --2- 172.21.15.144:0/2544439684 >> [v2:172.21.15.144:6800/490246891,v1:172.21.15.144:6801/490246891] conn(0x7f3d78038fc0 0x7f3d7803b480 unknown :-1 s=CLOSED pgs=16 cs=0 l=1 rev1=1 crypto rx=0 tx=0 comp rx=0 tx=0).stop
2024-09-05T07:42:00.193 INFO:teuthology.orchestra.run.smithi144.stdout:/usr/bin/ceph: stderr
2024-09-05T07:41:59.293+0000 7f3d99a00640 1 --2- 172.21.15.144:0/2544439684 >> [v2:172.21.15.144:3300/0,v1:172.21.15.144:6789/0] conn(0x7f3d94105f00 0x7f3d9419d7c0 unknown :-1 s=CLOSED pgs=54 cs=0 l=1 rev1=1 crypto rx=0 tx=0 comp rx=0 tx=0).stop
2024-09-05T07:42:00.193 INFO:teuthology.orchestra.run.smithi144.stdout:/usr/bin/ceph: stderr
2024-09-05T07:41:59.293+0000 7f3d99a00640 1 -- 172.21.15.144:0/2544439684 >> 172.21.15.144:0/2544439684 conn(0x7f3d94101cd0 msgr2=0x7f3d94194460 unknown :-1 s=STATE_NONE l=0).mark_down
2024-09-05T07:42:00.193 INFO:teuthology.orchestra.run.smithi144.stdout:/usr/bin/ceph: stderr
2024-09-05T07:41:59.293+0000 7f3d99a00640 1 -- 172.21.15.144:0/2544439684 shutdown_connections
2024-09-05T07:42:00.193 INFO:teuthology.orchestra.run.smithi144.stdout:/usr/bin/ceph: stderr
2024-09-05T07:41:59.294+0000 7f3d99a00640 1 -- 172.21.15.144:0/2544439684 wait complete.
2024-09-05T07:42:00.295 INFO:journalctl@ceph.mgr.x.smithi144.stdout:Sep 05 07:42:00 smithi144 ceph-17138d32-6b5a-11ef-bcd6-c7b262605968-mgr-x[29760]:
2024-09-05T07:42:00.213+0000 7fa831692040 -1 mgr[py] Module snap_schedule has missing NOTIFY_TYPES member
2024-09-05T07:42:00.571 INFO:journalctl@ceph.mon.a.smithi144.stdout:Sep 05 07:42:00 smithi144 ceph-mon[29535]: from='client.? 172.21.15.144:0/2544439684' entity='client.admin' cmd='[{"prefix": "mgr module enable", "module": "dashboard"}]': finished
2024-09-05T07:42:00.571 INFO:journalctl@ceph.mon.a.smithi144.stdout:Sep 05 07:42:00 smithi144 ceph-mon[29535]: mgrmap e9: x(active, since 21s)
2024-09-05T07:42:00.878 INFO:journalctl@ceph.mgr.x.smithi144.stdout:Sep 05 07:42:00 smithi144 ceph-17138d32-6b5a-11ef-bcd6-c7b262605968-mgr-x[29760]:
2024-09-05T07:42:00.588+0000 7fa831692040 -1 mgr[py] Module prometheus has missing NOTIFY_TYPES member
2024-09-05T07:42:00.879 INFO:journalctl@ceph.mgr.x.smithi144.stdout:Sep 05 07:42:00 smithi144 ceph-17138d32-6b5a-11ef-bcd6-c7b262605968-mgr-x[29760]:
2024-09-05T07:42:00.661+0000 7fa831692040 -1 mgr[py] Module selftest has missing NOTIFY_TYPES member
2024-09-05T07:42:01.296 INFO:journalctl@ceph.mgr.x.smithi144.stdout:Sep 05 07:42:00 smithi144 ceph-17138d32-6b5a-11ef-bcd6-c7b262605968-mgr-x[29760]:
2024-09-05T07:42:00.877+0000 7fa831692040 -1 mgr[py] Module volumes has missing NOTIFY_TYPES member
2024-09-05T07:42:01.571 INFO:journalctl@ceph.mon.a.smithi144.stdout:Sep 05 07:42:01 smithi144 ceph-mon[29535]: from='client.? 172.21.15.144:0/689165075' entity='client.admin' cmd=[{"prefix": "mgr stat"}]: dispatch
2024-09-05T07:42:01.735 INFO:teuthology.orchestra.run.smithi144.stdout:/usr/bin/ceph: stdout {
2024-09-05T07:42:01.735 INFO:teuthology.orchestra.run.smithi144.stdout:/usr/bin/ceph: stdout "epoch": 9,
2024-09-05T07:42:01.735 INFO:teuthology.orchestra.run.smithi144.stdout:/usr/bin/ceph: stdout "available": true,
2024-09-05T07:42:01.735 INFO:teuthology.orchestra.run.smithi144.stdout:/usr/bin/ceph: stdout "active_name": "x",
2024-09-05T07:42:01.735 INFO:teuthology.orchestra.run.smithi144.stdout:/usr/bin/ceph: stdout "num_standby": 0
2024-09-05T07:42:01.735 INFO:teuthology.orchestra.run.smithi144.stdout:/usr/bin/ceph: stdout }
2024-09-05T07:42:01.735 INFO:teuthology.orchestra.run.smithi144.stdout:/usr/bin/ceph: stderr
2024-09-05T07:42:00.759+0000 7fb43d800640 1 Processor -- start
2024-09-05T07:42:01.735 INFO:teuthology.orchestra.run.smithi144.stdout:/usr/bin/ceph: stderr
2024-09-05T07:42:00.760+0000 7fb43d800640 1 -- start start
2024-09-05T07:42:01.735 INFO:teuthology.orchestra.run.smithi144.stdout:/usr/bin/ceph: stderr
2024-09-05T07:42:00.760+0000 7fb43d800640 1 --2- >> [v2:172.21.15.144:3300/0,v1:172.21.15.144:6789/0] conn(0x7fb438107440 0x7fb438107840 unknown :-1 s=NONE pgs=0 cs=0 l=0 rev1=0 crypto rx=0 tx=0 comp rx=0 tx=0).connect
2024-09-05T07:42:01.735 INFO:teuthology.orchestra.run.smithi144.stdout:/usr/bin/ceph: stderr
2024-09-05T07:42:00.760+0000 7fb43d800640 1 -- --> [v2:172.21.15.144:3300/0,v1:172.21.15.144:6789/0] -- mon_getmap magic: 0 -- 0x7fb438107e10 con 0x7fb438107440
2024-09-05T07:42:01.735 INFO:teuthology.orchestra.run.smithi144.stdout:/usr/bin/ceph: stderr
2024-09-05T07:42:00.760+0000 7fb437e00640 1 --2- >> [v2:172.21.15.144:3300/0,v1:172.21.15.144:6789/0] conn(0x7fb438107440 0x7fb438107840 unknown :-1 s=BANNER_CONNECTING pgs=0 cs=0 l=0 rev1=0 crypto rx=0 tx=0 comp rx=0 tx=0)._handle_peer_banner_payload supported=3 required=0
2024-09-05T07:42:01.736 INFO:teuthology.orchestra.run.smithi144.stdout:/usr/bin/ceph: stderr
2024-09-05T07:42:00.760+0000 7fb437e00640 1 --2- >> [v2:172.21.15.144:3300/0,v1:172.21.15.144:6789/0] conn(0x7fb438107440 0x7fb438107840 unknown :-1 s=HELLO_CONNECTING pgs=0 cs=0 l=0 rev1=1 crypto rx=0 tx=0 comp rx=0 tx=0).handle_hello peer v2:172.21.15.144:3300/0 says I am v2:172.21.15.144:60650/0 (socket says 172.21.15.144:60650)
2024-09-05T07:42:01.736 INFO:teuthology.orchestra.run.smithi144.stdout:/usr/bin/ceph: stderr
2024-09-05T07:42:00.760+0000 7fb437e00640 1 -- 172.21.15.144:0/2475260762 learned_addr learned my addr 172.21.15.144:0/2475260762 (peer_addr_for_me v2:172.21.15.144:0/0)
2024-09-05T07:42:01.736 INFO:teuthology.orchestra.run.smithi144.stdout:/usr/bin/ceph: stderr
2024-09-05T07:42:00.761+0000 7fb437e00640 1 -- 172.21.15.144:0/2475260762 --> [v2:172.21.15.144:3300/0,v1:172.21.15.144:6789/0] -- mon_subscribe({config=0+,monmap=0+}) -- 0x7fb438108640 con 0x7fb438107440
2024-09-05T07:42:01.736 INFO:teuthology.orchestra.run.smithi144.stdout:/usr/bin/ceph: stderr
2024-09-05T07:42:00.762+0000 7fb437e00640 1 --2- 172.21.15.144:0/2475260762 >> [v2:172.21.15.144:3300/0,v1:172.21.15.144:6789/0] conn(0x7fb438107440 0x7fb438107840 secure :-1 s=READY pgs=57 cs=0 l=1 rev1=1 crypto rx=0x7fb428009820 tx=0x7fb42802a270 comp rx=0 tx=0).ready entity=mon.0 client_cookie=c6e449884fa135d0 server_cookie=0 in_seq=0 out_seq=0
2024-09-05T07:42:01.736 INFO:teuthology.orchestra.run.smithi144.stdout:/usr/bin/ceph: stderr
2024-09-05T07:42:00.762+0000 7fb436a00640 1 -- 172.21.15.144:0/2475260762 <== mon.0 v2:172.21.15.144:3300/0 1 ==== mon_map magic: 0 ==== 205+0+0 (secure 0 0 0) 0x7fb428037070 con 0x7fb438107440
2024-09-05T07:42:01.736 INFO:teuthology.orchestra.run.smithi144.stdout:/usr/bin/ceph: stderr
2024-09-05T07:42:00.762+0000 7fb436a00640 1 -- 172.21.15.144:0/2475260762 <== mon.0 v2:172.21.15.144:3300/0 2 ==== config(27 keys) ==== 1140+0+0 (secure 0 0 0) 0x7fb428032920 con 0x7fb438107440
2024-09-05T07:42:01.736 INFO:teuthology.orchestra.run.smithi144.stdout:/usr/bin/ceph: stderr
2024-09-05T07:42:00.762+0000 7fb436a00640 1 -- 172.21.15.144:0/2475260762 <== mon.0 v2:172.21.15.144:3300/0 3 ==== mon_map magic: 0 ==== 205+0+0 (secure 0 0 0) 0x7fb428030810 con 0x7fb438107440
2024-09-05T07:42:01.736 INFO:teuthology.orchestra.run.smithi144.stdout:/usr/bin/ceph: stderr
2024-09-05T07:42:00.763+0000 7fb43d800640 1 -- 172.21.15.144:0/2475260762 >> [v2:172.21.15.144:3300/0,v1:172.21.15.144:6789/0] conn(0x7fb438107440 msgr2=0x7fb438107840 secure :-1 s=STATE_CONNECTION_ESTABLISHED l=1).mark_down
2024-09-05T07:42:01.736 INFO:teuthology.orchestra.run.smithi144.stdout:/usr/bin/ceph: stderr
2024-09-05T07:42:00.763+0000 7fb43d800640 1 --2- 172.21.15.144:0/2475260762 >> [v2:172.21.15.144:3300/0,v1:172.21.15.144:6789/0] conn(0x7fb438107440 0x7fb438107840 secure :-1 s=READY pgs=57 cs=0 l=1 rev1=1 crypto rx=0x7fb428009820 tx=0x7fb42802a270 comp rx=0 tx=0).stop
2024-09-05T07:42:01.736 INFO:teuthology.orchestra.run.smithi144.stdout:/usr/bin/ceph: stderr
2024-09-05T07:42:00.763+0000 7fb43d800640 1 -- 172.21.15.144:0/2475260762 shutdown_connections
2024-09-05T07:42:01.736 INFO:teuthology.orchestra.run.smithi144.stdout:/usr/bin/ceph: stderr
2024-09-05T07:42:00.763+0000 7fb43d800640 1 --2- 172.21.15.144:0/2475260762 >> [v2:172.21.15.144:3300/0,v1:172.21.15.144:6789/0] conn(0x7fb438107440 0x7fb438107840 unknown :-1 s=CLOSED pgs=57 cs=0 l=1 rev1=1 crypto rx=0 tx=0 comp rx=0 tx=0).stop
2024-09-05T07:42:01.736 INFO:teuthology.orchestra.run.smithi144.stdout:/usr/bin/ceph: stderr
2024-09-05T07:42:00.763+0000 7fb43d800640 1 -- 172.21.15.144:0/2475260762 >> 172.21.15.144:0/2475260762 conn(0x7fb438102c10 msgr2=0x7fb438105030 unknown :-1 s=STATE_NONE l=0).mark_down
2024-09-05T07:42:01.736 INFO:teuthology.orchestra.run.smithi144.stdout:/usr/bin/ceph: stderr
2024-09-05T07:42:00.763+0000 7fb43d800640 1 -- 172.21.15.144:0/2475260762 shutdown_connections
2024-09-05T07:42:01.737 INFO:teuthology.orchestra.run.smithi144.stdout:/usr/bin/ceph: stderr
2024-09-05T07:42:00.763+0000 7fb43d800640 1 -- 172.21.15.144:0/2475260762 wait complete.
2024-09-05T07:42:01.737 INFO:teuthology.orchestra.run.smithi144.stdout:/usr/bin/ceph: stderr
2024-09-05T07:42:00.764+0000 7fb43d800640 1 Processor -- start
2024-09-05T07:42:01.737 INFO:teuthology.orchestra.run.smithi144.stdout:/usr/bin/ceph: stderr
2024-09-05T07:42:00.764+0000 7fb43d800640 1 -- start start
2024-09-05T07:42:01.737 INFO:teuthology.orchestra.run.smithi144.stdout:/usr/bin/ceph: stderr
2024-09-05T07:42:00.765+0000 7fb43d800640 1 --2- >> [v2:172.21.15.144:3300/0,v1:172.21.15.144:6789/0] conn(0x7fb438107440 0x7fb43819d750 unknown :-1 s=NONE pgs=0 cs=0 l=1 rev1=0 crypto rx=0 tx=0 comp rx=0 tx=0).connect
2024-09-05T07:42:01.737 INFO:teuthology.orchestra.run.smithi144.stdout:/usr/bin/ceph: stderr
2024-09-05T07:42:00.765+0000 7fb43d800640 1 -- --> [v2:172.21.15.144:3300/0,v1:172.21.15.144:6789/0] -- mon_getmap magic: 0 -- 0x7fb43810b9f0 con 0x7fb438107440
2024-09-05T07:42:01.737 INFO:teuthology.orchestra.run.smithi144.stdout:/usr/bin/ceph: stderr
2024-09-05T07:42:00.765+0000 7fb437e00640 1 --2- >> [v2:172.21.15.144:3300/0,v1:172.21.15.144:6789/0] conn(0x7fb438107440 0x7fb43819d750 unknown :-1 s=BANNER_CONNECTING pgs=0 cs=0 l=1 rev1=0 crypto rx=0 tx=0 comp rx=0 tx=0)._handle_peer_banner_payload supported=3 required=0
2024-09-05T07:42:01.737 INFO:teuthology.orchestra.run.smithi144.stdout:/usr/bin/ceph: stderr
2024-09-05T07:42:00.765+0000 7fb437e00640 1 --2- >> [v2:172.21.15.144:3300/0,v1:172.21.15.144:6789/0] conn(0x7fb438107440 0x7fb43819d750 unknown :-1 s=HELLO_CONNECTING pgs=0 cs=0 l=1 rev1=1 crypto rx=0 tx=0 comp rx=0 tx=0).handle_hello peer v2:172.21.15.144:3300/0 says I am v2:172.21.15.144:60662/0 (socket says 172.21.15.144:60662)
2024-09-05T07:42:01.737 INFO:teuthology.orchestra.run.smithi144.stdout:/usr/bin/ceph: stderr
2024-09-05T07:42:00.765+0000 7fb437e00640 1 -- 172.21.15.144:0/689165075 learned_addr learned my addr 172.21.15.144:0/689165075 (peer_addr_for_me v2:172.21.15.144:0/0)
2024-09-05T07:42:01.737 INFO:teuthology.orchestra.run.smithi144.stdout:/usr/bin/ceph: stderr
2024-09-05T07:42:00.765+0000 7fb437e00640 1 -- 172.21.15.144:0/689165075 --> [v2:172.21.15.144:3300/0,v1:172.21.15.144:6789/0] -- mon_subscribe({config=0+,monmap=0+}) -- 0x7fb43819dc90 con 0x7fb438107440
2024-09-05T07:42:01.737 INFO:teuthology.orchestra.run.smithi144.stdout:/usr/bin/ceph: stderr
2024-09-05T07:42:00.766+0000 7fb437e00640 1 --2- 172.21.15.144:0/689165075 >> [v2:172.21.15.144:3300/0,v1:172.21.15.144:6789/0] conn(0x7fb438107440 0x7fb43819d750 secure :-1 s=READY pgs=58 cs=0 l=1 rev1=1 crypto rx=0x7fb4280097f0 tx=0x7fb4280327b0 comp rx=0 tx=0).ready entity=mon.0 client_cookie=0 server_cookie=0 in_seq=0 out_seq=0
2024-09-05T07:42:01.737 INFO:teuthology.orchestra.run.smithi144.stdout:/usr/bin/ceph: stderr
2024-09-05T07:42:00.766+0000 7fb434c00640 1 -- 172.21.15.144:0/689165075 <== mon.0 v2:172.21.15.144:3300/0 1 ==== mon_map magic: 0 ==== 205+0+0 (secure 0 0 0) 0x7fb428037040 con 0x7fb438107440
2024-09-05T07:42:01.737 INFO:teuthology.orchestra.run.smithi144.stdout:/usr/bin/ceph: stderr
2024-09-05T07:42:00.766+0000 7fb434c00640 1 -- 172.21.15.144:0/689165075 <== mon.0 v2:172.21.15.144:3300/0 2 ==== config(27 keys) ==== 1140+0+0 (secure 0 0 0) 0x7fb428030c40 con 0x7fb438107440
2024-09-05T07:42:01.737 INFO:teuthology.orchestra.run.smithi144.stdout:/usr/bin/ceph: stderr
2024-09-05T07:42:00.766+0000 7fb434c00640 1 -- 172.21.15.144:0/689165075 <== mon.0 v2:172.21.15.144:3300/0 3 ==== mon_map magic: 0 ==== 205+0+0 (secure 0 0 0) 0x7fb42803a5b0 con 0x7fb438107440
2024-09-05T07:42:01.737 INFO:teuthology.orchestra.run.smithi144.stdout:/usr/bin/ceph: stderr
2024-09-05T07:42:00.766+0000 7fb43d800640 1 -- 172.21.15.144:0/689165075 --> [v2:172.21.15.144:3300/0,v1:172.21.15.144:6789/0] -- mon_subscribe({mgrmap=0+}) -- 0x7fb43819df20 con 0x7fb438107440
2024-09-05T07:42:01.738 INFO:teuthology.orchestra.run.smithi144.stdout:/usr/bin/ceph: stderr
2024-09-05T07:42:00.766+0000 7fb43d800640 1 -- 172.21.15.144:0/689165075 --> [v2:172.21.15.144:3300/0,v1:172.21.15.144:6789/0] -- mon_subscribe({osdmap=0}) -- 0x7fb4381a0c10 con 0x7fb438107440
2024-09-05T07:42:01.738 INFO:teuthology.orchestra.run.smithi144.stdout:/usr/bin/ceph: stderr
2024-09-05T07:42:00.767+0000 7fb43d800640 1 -- 172.21.15.144:0/689165075 --> [v2:172.21.15.144:3300/0,v1:172.21.15.144:6789/0] -- mon_command({"prefix": "get_command_descriptions"} v 0) -- 0x7fb43810bb70 con 0x7fb438107440
2024-09-05T07:42:01.738 INFO:teuthology.orchestra.run.smithi144.stdout:/usr/bin/ceph: stderr
2024-09-05T07:42:00.768+0000 7fb434c00640 1 -- 172.21.15.144:0/689165075 <== mon.0 v2:172.21.15.144:3300/0 4 ==== mgrmap(e 9) ==== 46300+0+0 (secure 0 0 0) 0x7fb42803a7a0 con 0x7fb438107440
2024-09-05T07:42:01.738 INFO:teuthology.orchestra.run.smithi144.stdout:/usr/bin/ceph: stderr
2024-09-05T07:42:00.768+0000 7fb434c00640 1 --2- 172.21.15.144:0/689165075 >> [v2:172.21.15.144:6800/490246891,v1:172.21.15.144:6801/490246891] conn(0x7fb41c039020 0x7fb41c03b4e0 unknown :-1 s=NONE pgs=0 cs=0 l=1 rev1=0 crypto rx=0 tx=0 comp rx=0 tx=0).connect
2024-09-05T07:42:01.738 INFO:teuthology.orchestra.run.smithi144.stdout:/usr/bin/ceph: stderr
2024-09-05T07:42:00.768+0000 7fb434c00640 1 -- 172.21.15.144:0/689165075 <== mon.0 v2:172.21.15.144:3300/0 5 ==== osd_map(2..2 src has 1..2) ==== 940+0+0 (secure 0 0 0) 0x7fb42806c4c0 con 0x7fb438107440
2024-09-05T07:42:01.738 INFO:teuthology.orchestra.run.smithi144.stdout:/usr/bin/ceph: stderr
2024-09-05T07:42:00.768+0000 7fb437400640 1 -- 172.21.15.144:0/689165075 >> [v2:172.21.15.144:6800/490246891,v1:172.21.15.144:6801/490246891] conn(0x7fb41c039020 msgr2=0x7fb41c03b4e0 unknown :-1 s=STATE_CONNECTING_RE l=1).process reconnect failed to v2:172.21.15.144:6800/490246891
2024-09-05T07:42:01.738 INFO:teuthology.orchestra.run.smithi144.stdout:/usr/bin/ceph: stderr
2024-09-05T07:42:00.768+0000 7fb437400640 1 --2- 172.21.15.144:0/689165075 >> [v2:172.21.15.144:6800/490246891,v1:172.21.15.144:6801/490246891] conn(0x7fb41c039020 0x7fb41c03b4e0 unknown :-1 s=START_CONNECT pgs=0 cs=0 l=1 rev1=0 crypto rx=0 tx=0 comp rx=0 tx=0)._fault waiting 0.200000
2024-09-05T07:42:01.738 INFO:teuthology.orchestra.run.smithi144.stdout:/usr/bin/ceph: stderr
2024-09-05T07:42:00.773+0000 7fb434c00640 1 -- 172.21.15.144:0/689165075 <== mon.0 v2:172.21.15.144:3300/0 6 ==== mon_command_ack([{"prefix": "get_command_descriptions"}]=0 v0) ==== 72+0+188821 (secure 0 0 0) 0x7fb4280371e0 con 0x7fb438107440
2024-09-05T07:42:01.738 INFO:teuthology.orchestra.run.smithi144.stdout:/usr/bin/ceph: stderr
2024-09-05T07:42:00.969+0000 7fb437400640 1 -- 172.21.15.144:0/689165075 >> [v2:172.21.15.144:6800/490246891,v1:172.21.15.144:6801/490246891] conn(0x7fb41c039020 msgr2=0x7fb41c03b4e0 unknown :-1 s=STATE_CONNECTING_RE l=1).process reconnect failed to v2:172.21.15.144:6800/490246891
2024-09-05T07:42:01.738 INFO:teuthology.orchestra.run.smithi144.stdout:/usr/bin/ceph: stderr
2024-09-05T07:42:00.969+0000 7fb437400640 1 --2- 172.21.15.144:0/689165075 >> [v2:172.21.15.144:6800/490246891,v1:172.21.15.144:6801/490246891] conn(0x7fb41c039020 0x7fb41c03b4e0 unknown :-1 s=START_CONNECT pgs=0 cs=0 l=1 rev1=0 crypto rx=0 tx=0 comp rx=0 tx=0)._fault waiting 0.400000
2024-09-05T07:42:01.738 INFO:teuthology.orchestra.run.smithi144.stdout:/usr/bin/ceph: stderr
2024-09-05T07:42:00.998+0000 7fb43d800640 1 -- 172.21.15.144:0/689165075 --> [v2:172.21.15.144:3300/0,v1:172.21.15.144:6789/0] -- mon_command({"prefix": "mgr stat"} v 0) -- 0x7fb4381a0de0 con 0x7fb438107440
2024-09-05T07:42:01.738 INFO:teuthology.orchestra.run.smithi144.stdout:/usr/bin/ceph: stderr
2024-09-05T07:42:00.998+0000 7fb434c00640 1 -- 172.21.15.144:0/689165075 <== mon.0 v2:172.21.15.144:3300/0 7 ==== mon_command_ack([{"prefix": "mgr stat"}]=0 v9) ==== 56+0+88 (secure 0 0 0) 0x7fb42806be10 con 0x7fb438107440
2024-09-05T07:42:01.738 INFO:teuthology.orchestra.run.smithi144.stdout:/usr/bin/ceph: stderr
2024-09-05T07:42:01.001+0000 7fb43d800640 1 -- 172.21.15.144:0/689165075 >> [v2:172.21.15.144:6800/490246891,v1:172.21.15.144:6801/490246891] conn(0x7fb41c039020 msgr2=0x7fb41c03b4e0 unknown :-1 s=STATE_CONNECTING l=1).mark_down
2024-09-05T07:42:01.739 INFO:teuthology.orchestra.run.smithi144.stdout:/usr/bin/ceph: stderr
2024-09-05T07:42:01.001+0000 7fb43d800640 1 --2- 172.21.15.144:0/689165075 >> [v2:172.21.15.144:6800/490246891,v1:172.21.15.144:6801/490246891] conn(0x7fb41c039020 0x7fb41c03b4e0 unknown :-1 s=START_CONNECT pgs=0 cs=0 l=1 rev1=0 crypto rx=0 tx=0 comp rx=0 tx=0).stop
2024-09-05T07:42:01.739 INFO:teuthology.orchestra.run.smithi144.stdout:/usr/bin/ceph: stderr
2024-09-05T07:42:01.001+0000 7fb43d800640 1 -- 172.21.15.144:0/689165075 >> [v2:172.21.15.144:3300/0,v1:172.21.15.144:6789/0] conn(0x7fb438107440 msgr2=0x7fb43819d750 secure :-1 s=STATE_CONNECTION_ESTABLISHED l=1).mark_down
2024-09-05T07:42:01.739 INFO:teuthology.orchestra.run.smithi144.stdout:/usr/bin/ceph: stderr
2024-09-05T07:42:01.001+0000 7fb43d800640 1 --2- 172.21.15.144:0/689165075 >> [v2:172.21.15.144:3300/0,v1:172.21.15.144:6789/0] conn(0x7fb438107440 0x7fb43819d750 secure :-1 s=READY pgs=58 cs=0 l=1 rev1=1 crypto rx=0x7fb4280097f0 tx=0x7fb4280327b0 comp rx=0 tx=0).stop
2024-09-05T07:42:01.739 INFO:teuthology.orchestra.run.smithi144.stdout:/usr/bin/ceph: stderr
2024-09-05T07:42:01.001+0000 7fb43d800640 1 -- 172.21.15.144:0/689165075 shutdown_connections
2024-09-05T07:42:01.739 INFO:teuthology.orchestra.run.smithi144.stdout:/usr/bin/ceph: stderr
2024-09-05T07:42:01.001+0000 7fb43d800640 1 --2- 172.21.15.144:0/689165075 >> [v2:172.21.15.144:6800/490246891,v1:172.21.15.144:6801/490246891] conn(0x7fb41c039020 0x7fb41c03b4e0 unknown :-1 s=CLOSED pgs=0 cs=0 l=1 rev1=0 crypto rx=0 tx=0 comp rx=0 tx=0).stop
2024-09-05T07:42:01.739 INFO:teuthology.orchestra.run.smithi144.stdout:/usr/bin/ceph: stderr
2024-09-05T07:42:01.001+0000 7fb43d800640 1 --2- 172.21.15.144:0/689165075 >> [v2:172.21.15.144:3300/0,v1:172.21.15.144:6789/0] conn(0x7fb438107440 0x7fb43819d750 unknown :-1 s=CLOSED pgs=58 cs=0 l=1 rev1=1 crypto rx=0 tx=0 comp rx=0 tx=0).stop
2024-09-05T07:42:01.739 INFO:teuthology.orchestra.run.smithi144.stdout:/usr/bin/ceph: stderr
2024-09-05T07:42:01.001+0000 7fb43d800640 1 -- 172.21.15.144:0/689165075 >> 172.21.15.144:0/689165075 conn(0x7fb438102c10 msgr2=0x7fb4381037c0 unknown :-1 s=STATE_NONE l=0).mark_down
2024-09-05T07:42:01.739 INFO:teuthology.orchestra.run.smithi144.stdout:/usr/bin/ceph: stderr
2024-09-05T07:42:01.001+0000 7fb43d800640 1 -- 172.21.15.144:0/689165075 shutdown_connections
2024-09-05T07:42:01.739 INFO:teuthology.orchestra.run.smithi144.stdout:/usr/bin/ceph: stderr
2024-09-05T07:42:01.001+0000 7fb43d800640 1 -- 172.21.15.144:0/689165075 wait complete.
2024-09-05T07:42:01.739 INFO:teuthology.orchestra.run.smithi144.stdout:Waiting for the mgr to restart...
2024-09-05T07:42:01.739 INFO:teuthology.orchestra.run.smithi144.stdout:Waiting for mgr epoch 9...
2024-09-05T07:42:02.252 INFO:journalctl@ceph.mgr.x.smithi144.stdout:Sep 05 07:42:02 smithi144 ceph-17138d32-6b5a-11ef-bcd6-c7b262605968-mgr-x[29760]:
2024-09-05T07:42:02.002+0000 7fa831692040 -1 mgr[py] Module telemetry has missing NOTIFY_TYPES member
2024-09-05T07:42:02.252 INFO:journalctl@ceph.mgr.x.smithi144.stdout:Sep 05 07:42:02 smithi144 ceph-17138d32-6b5a-11ef-bcd6-c7b262605968-mgr-x[29760]:
2024-09-05T07:42:02.083+0000 7fa831692040 -1 mgr[py] Module balancer has missing NOTIFY_TYPES member
2024-09-05T07:42:03.133 INFO:journalctl@ceph.mgr.x.smithi144.stdout:Sep 05 07:42:02 smithi144 ceph-17138d32-6b5a-11ef-bcd6-c7b262605968-mgr-x[29760]:
2024-09-05T07:42:02.991+0000 7fa831692040 -1 mgr[py] Module rook has missing NOTIFY_TYPES member
2024-09-05T07:42:03.532 INFO:journalctl@ceph.mgr.x.smithi144.stdout:Sep 05 07:42:03 smithi144 ceph-17138d32-6b5a-11ef-bcd6-c7b262605968-mgr-x[29760]:
2024-09-05T07:42:03.132+0000 7fa831692040 -1 mgr[py] Module iostat has missing NOTIFY_TYPES member
2024-09-05T07:42:03.532 INFO:journalctl@ceph.mgr.x.smithi144.stdout:Sep 05 07:42:03 smithi144 ceph-17138d32-6b5a-11ef-bcd6-c7b262605968-mgr-x[29760]:
2024-09-05T07:42:03.293+0000 7fa831692040 -1 mgr[py] Module orchestrator has missing NOTIFY_TYPES member
2024-09-05T07:42:03.532 INFO:journalctl@ceph.mgr.x.smithi144.stdout:Sep 05 07:42:03 smithi144 ceph-17138d32-6b5a-11ef-bcd6-c7b262605968-mgr-x[29760]:
2024-09-05T07:42:03.364+0000 7fa831692040 -1 mgr[py] Module devicehealth has missing NOTIFY_TYPES member
2024-09-05T07:42:03.532 INFO:journalctl@ceph.mgr.x.smithi144.stdout:Sep 05 07:42:03 smithi144 ceph-17138d32-6b5a-11ef-bcd6-c7b262605968-mgr-x[29760]:
2024-09-05T07:42:03.531+0000 7fa831692040 -1 mgr[py] Module rgw has missing NOTIFY_TYPES member
2024-09-05T07:42:03.821 INFO:journalctl@ceph.mgr.x.smithi144.stdout:Sep 05 07:42:03 smithi144 ceph-17138d32-6b5a-11ef-bcd6-c7b262605968-mgr-x[29760]:
2024-09-05T07:42:03.612+0000 7fa831692040 -1 mgr[py] Module alerts has missing NOTIFY_TYPES member
2024-09-05T07:42:03.821 INFO:journalctl@ceph.mgr.x.smithi144.stdout:Sep 05 07:42:03 smithi144 ceph-17138d32-6b5a-11ef-bcd6-c7b262605968-mgr-x[29760]:
2024-09-05T07:42:03.691+0000 7fa831692040 -1 mgr[py] Module progress has missing NOTIFY_TYPES member
2024-09-05T07:42:04.189 INFO:journalctl@ceph.mgr.x.smithi144.stdout:Sep 05 07:42:03 smithi144 ceph-17138d32-6b5a-11ef-bcd6-c7b262605968-mgr-x[29760]:
2024-09-05T07:42:03.870+0000 7fa831692040 -1 mgr[py] Module nfs has missing NOTIFY_TYPES member
2024-09-05T07:42:04.189 INFO:journalctl@ceph.mgr.x.smithi144.stdout:Sep 05 07:42:03 smithi144 ceph-17138d32-6b5a-11ef-bcd6-c7b262605968-mgr-x[29760]:
2024-09-05T07:42:03.946+0000 7fa831692040 -1 mgr[py] Module status has missing NOTIFY_TYPES member
2024-09-05T07:42:04.189 INFO:journalctl@ceph.mgr.x.smithi144.stdout:Sep 05 07:42:04 smithi144 ceph-17138d32-6b5a-11ef-bcd6-c7b262605968-mgr-x[29760]:
2024-09-05T07:42:04.024+0000 7fa831692040 -1 mgr[py] Module pg_autoscaler has missing NOTIFY_TYPES member
2024-09-05T07:42:04.189 INFO:journalctl@ceph.mgr.x.smithi144.stdout:Sep 05 07:42:04 smithi144 ceph-17138d32-6b5a-11ef-bcd6-c7b262605968-mgr-x[29760]:
2024-09-05T07:42:04.119+0000 7fa831692040 -1 mgr[py] Module rbd_support has missing NOTIFY_TYPES member
2024-09-05T07:42:04.571 INFO:journalctl@ceph.mgr.x.smithi144.stdout:Sep 05 07:42:04 smithi144 ceph-17138d32-6b5a-11ef-bcd6-c7b262605968-mgr-x[29760]:
2024-09-05T07:42:04.188+0000 7fa831692040 -1 mgr[py] Module influx has missing NOTIFY_TYPES member
2024-09-05T07:42:04.571 INFO:journalctl@ceph.mgr.x.smithi144.stdout:Sep 05 07:42:04 smithi144 ceph-17138d32-6b5a-11ef-bcd6-c7b262605968-mgr-x[29760]:
2024-09-05T07:42:04.257+0000 7fa831692040 -1 mgr[py] Module zabbix has missing NOTIFY_TYPES member
2024-09-05T07:42:05.571 INFO:journalctl@ceph.mgr.x.smithi144.stdout:Sep 05 07:42:05 smithi144 ceph-17138d32-6b5a-11ef-bcd6-c7b262605968-mgr-x[29760]:
2024-09-05T07:42:05.151+0000 7fa831692040 -1 mgr[py] Module telegraf has missing NOTIFY_TYPES member
2024-09-05T07:42:05.572 INFO:journalctl@ceph.mon.a.smithi144.stdout:Sep 05 07:42:05 smithi144 ceph-mon[29535]: Active manager daemon x restarted
2024-09-05T07:42:05.572 INFO:journalctl@ceph.mon.a.smithi144.stdout:Sep 05 07:42:05 smithi144 ceph-mon[29535]: Activating manager daemon x
2024-09-05T07:42:05.572 INFO:journalctl@ceph.mon.a.smithi144.stdout:Sep 05 07:42:05 smithi144 ceph-mon[29535]: osdmap e3: 0 total, 0 up, 0 in
2024-09-05T07:42:05.572 INFO:journalctl@ceph.mon.a.smithi144.stdout:Sep 05 07:42:05 smithi144 ceph-mon[29535]: mgrmap e10: x(active, starting, since 0.00404101s)
2024-09-05T07:42:05.572 INFO:journalctl@ceph.mon.a.smithi144.stdout:Sep 05 07:42:05 smithi144 ceph-mon[29535]: from='mgr.14150 172.21.15.144:0/592607913' entity='mgr.x' cmd=[{"prefix": "mon metadata", "id": "a"}]: dispatch
2024-09-05T07:42:05.573 INFO:journalctl@ceph.mon.a.smithi144.stdout:Sep 05 07:42:05 smithi144 ceph-mon[29535]: from='mgr.14150 172.21.15.144:0/592607913' entity='mgr.x' cmd=[{"prefix": "mgr metadata", "who": "x", "id": "x"}]: dispatch
2024-09-05T07:42:05.573 INFO:journalctl@ceph.mon.a.smithi144.stdout:Sep 05 07:42:05 smithi144 ceph-mon[29535]: from='mgr.14150 172.21.15.144:0/592607913' entity='mgr.x' cmd=[{"prefix": "mds metadata"}]: dispatch
2024-09-05T07:42:05.573 INFO:journalctl@ceph.mon.a.smithi144.stdout:Sep 05 07:42:05 smithi144 ceph-mon[29535]: from='mgr.14150 172.21.15.144:0/592607913' entity='mgr.x' cmd=[{"prefix": "osd metadata"}]: dispatch
2024-09-05T07:42:05.573 INFO:journalctl@ceph.mon.a.smithi144.stdout:Sep 05 07:42:05 smithi144 ceph-mon[29535]: from='mgr.14150 172.21.15.144:0/592607913' entity='mgr.x' cmd=[{"prefix": "mon metadata"}]: dispatch
2024-09-05T07:42:05.573 INFO:journalctl@ceph.mon.a.smithi144.stdout:Sep 05 07:42:05 smithi144 ceph-mon[29535]: Manager daemon x is now available
2024-09-05T07:42:05.573 INFO:journalctl@ceph.mon.a.smithi144.stdout:Sep 05 07:42:05 smithi144 ceph-mon[29535]: from='mgr.14150 172.21.15.144:0/592607913' entity='mgr.x' cmd=[{"prefix": "config dump", "format": "json"}]: dispatch
2024-09-05T07:42:06.471 INFO:journalctl@ceph.mon.a.smithi144.stdout:Sep 05 07:42:06 smithi144 ceph-mon[29535]: from='mgr.14150 172.21.15.144:0/592607913' entity='mgr.x' cmd=[{"prefix":"config rm","who":"mgr","name":"mgr/rbd_support/x/mirror_snapshot_schedule"}]: dispatch
2024-09-05T07:42:06.472 INFO:journalctl@ceph.mon.a.smithi144.stdout:Sep 05 07:42:06 smithi144 ceph-mon[29535]: from='mgr.14150 172.21.15.144:0/592607913' entity='mgr.x' cmd=[{"prefix":"config rm","who":"mgr","name":"mgr/rbd_support/x/trash_purge_schedule"}]: dispatch
2024-09-05T07:42:06.472 INFO:journalctl@ceph.mon.a.smithi144.stdout:Sep 05 07:42:06 smithi144 ceph-mon[29535]: mgrmap e11: x(active, since 1.00752s)
2024-09-05T07:42:06.822 INFO:journalctl@ceph.mgr.x.smithi144.stdout:Sep 05 07:42:06 smithi144 ceph-17138d32-6b5a-11ef-bcd6-c7b262605968-mgr-x[29760]:
2024-09-05T07:42:06.470+0000 7fa788200640 -1 log_channel(cephadm) log [ERR] : [05/Sep/2024:07:42:06] ENGINE Error in HTTPServer.serve
2024-09-05T07:42:06.822 INFO:journalctl@ceph.mgr.x.smithi144.stdout:Sep 05 07:42:06 smithi144 ceph-17138d32-6b5a-11ef-bcd6-c7b262605968-mgr-x[29760]: Traceback (most recent call last):
2024-09-05T07:42:06.822 INFO:journalctl@ceph.mgr.x.smithi144.stdout:Sep 05 07:42:06 smithi144 ceph-17138d32-6b5a-11ef-bcd6-c7b262605968-mgr-x[29760]: File "/lib/python3.9/site-packages/cheroot/server.py", line 1823, in serve
2024-09-05T07:42:06.822 INFO:journalctl@ceph.mgr.x.smithi144.stdout:Sep 05 07:42:06 smithi144 ceph-17138d32-6b5a-11ef-bcd6-c7b262605968-mgr-x[29760]: self._connections.run(self.expiration_interval)
2024-09-05T07:42:06.822 INFO:journalctl@ceph.mgr.x.smithi144.stdout:Sep 05 07:42:06 smithi144 ceph-17138d32-6b5a-11ef-bcd6-c7b262605968-mgr-x[29760]: File "/lib/python3.9/site-packages/cheroot/connections.py", line 203, in run
2024-09-05T07:42:06.822 INFO:journalctl@ceph.mgr.x.smithi144.stdout:Sep 05 07:42:06 smithi144 ceph-17138d32-6b5a-11ef-bcd6-c7b262605968-mgr-x[29760]: self._run(expiration_interval)
2024-09-05T07:42:06.822 INFO:journalctl@ceph.mgr.x.smithi144.stdout:Sep 05 07:42:06 smithi144 ceph-17138d32-6b5a-11ef-bcd6-c7b262605968-mgr-x[29760]: File "/lib/python3.9/site-packages/cheroot/connections.py", line 246, in _run
2024-09-05T07:42:06.822 INFO:journalctl@ceph.mgr.x.smithi144.stdout:Sep 05 07:42:06 smithi144 ceph-17138d32-6b5a-11ef-bcd6-c7b262605968-mgr-x[29760]: new_conn = self._from_server_socket(self.server.socket)
2024-09-05T07:42:06.822 INFO:journalctl@ceph.mgr.x.smithi144.stdout:Sep 05 07:42:06 smithi144 ceph-17138d32-6b5a-11ef-bcd6-c7b262605968-mgr-x[29760]: File "/lib/python3.9/site-packages/cheroot/connections.py", line 300, in _from_server_socket
2024-09-05T07:42:06.822 INFO:journalctl@ceph.mgr.x.smithi144.stdout:Sep 05 07:42:06 smithi144 ceph-17138d32-6b5a-11ef-bcd6-c7b262605968-mgr-x[29760]: s, ssl_env = self.server.ssl_adapter.wrap(s)
2024-09-05T07:42:06.823 INFO:journalctl@ceph.mgr.x.smithi144.stdout:Sep 05 07:42:06 smithi144 ceph-17138d32-6b5a-11ef-bcd6-c7b262605968-mgr-x[29760]: File "/lib/python3.9/site-packages/cheroot/ssl/builtin.py", line 277, in wrap
2024-09-05T07:42:06.823 INFO:journalctl@ceph.mgr.x.smithi144.stdout:Sep 05 07:42:06 smithi144 ceph-17138d32-6b5a-11ef-bcd6-c7b262605968-mgr-x[29760]: s = self.context.wrap_socket(
2024-09-05T07:42:06.823 INFO:journalctl@ceph.mgr.x.smithi144.stdout:Sep 05 07:42:06 smithi144 ceph-17138d32-6b5a-11ef-bcd6-c7b262605968-mgr-x[29760]: File "/lib64/python3.9/ssl.py", line 501, in wrap_socket
2024-09-05T07:42:06.823 INFO:journalctl@ceph.mgr.x.smithi144.stdout:Sep 05 07:42:06 smithi144 ceph-17138d32-6b5a-11ef-bcd6-c7b262605968-mgr-x[29760]: return self.sslsocket_class._create(
2024-09-05T07:42:06.823 INFO:journalctl@ceph.mgr.x.smithi144.stdout:Sep 05 07:42:06 smithi144 ceph-17138d32-6b5a-11ef-bcd6-c7b262605968-mgr-x[29760]: File "/lib64/python3.9/ssl.py", line 1074, in _create
2024-09-05T07:42:06.823 INFO:journalctl@ceph.mgr.x.smithi144.stdout:Sep 05 07:42:06 smithi144 ceph-17138d32-6b5a-11ef-bcd6-c7b262605968-mgr-x[29760]: self.do_handshake()
2024-09-05T07:42:06.823 INFO:journalctl@ceph.mgr.x.smithi144.stdout:Sep 05 07:42:06 smithi144 ceph-17138d32-6b5a-11ef-bcd6-c7b262605968-mgr-x[29760]: File "/lib64/python3.9/ssl.py", line 1343, in do_handshake
2024-09-05T07:42:06.823 INFO:journalctl@ceph.mgr.x.smithi144.stdout:Sep 05 07:42:06 smithi144 ceph-17138d32-6b5a-11ef-bcd6-c7b262605968-mgr-x[29760]: self._sslobj.do_handshake()
2024-09-05T07:42:06.823 INFO:journalctl@ceph.mgr.x.smithi144.stdout:Sep 05 07:42:06 smithi144 ceph-17138d32-6b5a-11ef-bcd6-c7b262605968-mgr-x[29760]: ssl.SSLZeroReturnError: TLS/SSL connection has been closed (EOF) (_ssl.c:1133)
2024-09-05T07:42:06.823 INFO:journalctl@ceph.mgr.x.smithi144.stdout:Sep 05 07:42:06 smithi144 ceph-17138d32-6b5a-11ef-bcd6-c7b262605968-mgr-x[29760]:
2024-09-05T07:42:07.321 INFO:journalctl@ceph.mon.a.smithi144.stdout:Sep 05 07:42:07 smithi144 ceph-mon[29535]: [05/Sep/2024:07:42:06] ENGINE Bus STARTING
2024-09-05T07:42:07.321 INFO:journalctl@ceph.mon.a.smithi144.stdout:Sep 05 07:42:07 smithi144 ceph-mon[29535]: [05/Sep/2024:07:42:06] ENGINE Serving on http://172.21.15.144:8765
2024-09-05T07:42:07.321 INFO:journalctl@ceph.mon.a.smithi144.stdout:Sep 05 07:42:07 smithi144 ceph-mon[29535]: from='mgr.14150 172.21.15.144:0/592607913' entity='mgr.x'
2024-09-05T07:42:07.333 INFO:teuthology.orchestra.run.smithi144.stdout:/usr/bin/ceph: stdout {
2024-09-05T07:42:07.333 INFO:teuthology.orchestra.run.smithi144.stdout:/usr/bin/ceph: stdout "mgrmap_epoch": 11,
2024-09-05T07:42:07.333 INFO:teuthology.orchestra.run.smithi144.stdout:/usr/bin/ceph: stdout "initialized": true
2024-09-05T07:42:07.333 INFO:teuthology.orchestra.run.smithi144.stdout:/usr/bin/ceph: stdout }
2024-09-05T07:42:07.333 INFO:teuthology.orchestra.run.smithi144.stdout:/usr/bin/ceph: stderr
2024-09-05T07:42:02.242+0000 7f9f88e00640 1 Processor -- start
2024-09-05T07:42:07.333 INFO:teuthology.orchestra.run.smithi144.stdout:/usr/bin/ceph: stderr
2024-09-05T07:42:02.242+0000 7f9f88e00640 1 -- start start
2024-09-05T07:42:07.333 INFO:teuthology.orchestra.run.smithi144.stdout:/usr/bin/ceph: stderr
2024-09-05T07:42:02.243+0000 7f9f88e00640 1 --2- >> [v2:172.21.15.144:3300/0,v1:172.21.15.144:6789/0] conn(0x7f9f8407de80 0x7f9f8407c2e0 unknown :-1 s=NONE pgs=0 cs=0 l=0 rev1=0 crypto rx=0 tx=0 comp rx=0 tx=0).connect
2024-09-05T07:42:07.333 INFO:teuthology.orchestra.run.smithi144.stdout:/usr/bin/ceph: stderr
2024-09-05T07:42:02.243+0000 7f9f88e00640 1 -- --> [v2:172.21.15.144:3300/0,v1:172.21.15.144:6789/0] -- mon_getmap magic: 0 -- 0x7f9f8407c8b0 con 0x7f9f8407de80
2024-09-05T07:42:07.333 INFO:teuthology.orchestra.run.smithi144.stdout:/usr/bin/ceph: stderr
2024-09-05T07:42:02.243+0000 7f9f83400640 1 --2- >> [v2:172.21.15.144:3300/0,v1:172.21.15.144:6789/0] conn(0x7f9f8407de80 0x7f9f8407c2e0 unknown :-1 s=BANNER_CONNECTING pgs=0 cs=0 l=0 rev1=0 crypto rx=0 tx=0 comp rx=0 tx=0)._handle_peer_banner_payload supported=3 required=0
2024-09-05T07:42:07.333 INFO:teuthology.orchestra.run.smithi144.stdout:/usr/bin/ceph: stderr
2024-09-05T07:42:02.243+0000 7f9f83400640 1 --2- >> [v2:172.21.15.144:3300/0,v1:172.21.15.144:6789/0] conn(0x7f9f8407de80 0x7f9f8407c2e0 unknown :-1 s=HELLO_CONNECTING pgs=0 cs=0 l=0 rev1=1 crypto rx=0 tx=0 comp rx=0 tx=0).handle_hello peer v2:172.21.15.144:3300/0 says I am v2:172.21.15.144:60666/0 (socket says 172.21.15.144:60666)
2024-09-05T07:42:07.339 INFO:teuthology.orchestra.run.smithi144.stdout:/usr/bin/ceph: stderr
2024-09-05T07:42:02.243+0000 7f9f83400640 1 -- 172.21.15.144:0/616495594 learned_addr learned my addr 172.21.15.144:0/616495594 (peer_addr_for_me v2:172.21.15.144:0/0)
2024-09-05T07:42:07.339 INFO:teuthology.orchestra.run.smithi144.stdout:/usr/bin/ceph: stderr
2024-09-05T07:42:02.244+0000 7f9f83400640 1 -- 172.21.15.144:0/616495594 --> [v2:172.21.15.144:3300/0,v1:172.21.15.144:6789/0] -- mon_subscribe({config=0+,monmap=0+}) -- 0x7f9f8407ca30 con 0x7f9f8407de80
2024-09-05T07:42:07.339 INFO:teuthology.orchestra.run.smithi144.stdout:/usr/bin/ceph: stderr
2024-09-05T07:42:02.245+0000 7f9f83400640 1 --2- 172.21.15.144:0/616495594 >> [v2:172.21.15.144:3300/0,v1:172.21.15.144:6789/0] conn(0x7f9f8407de80 0x7f9f8407c2e0 secure :-1 s=READY pgs=59 cs=0 l=1 rev1=1 crypto rx=0x7f9f74009820 tx=0x7f9f7402a270 comp rx=0 tx=0).ready entity=mon.0 client_cookie=4a0c6e4844080b5d server_cookie=0 in_seq=0 out_seq=0
2024-09-05T07:42:07.339 INFO:teuthology.orchestra.run.smithi144.stdout:/usr/bin/ceph: stderr
2024-09-05T07:42:02.245+0000 7f9f82000640 1 -- 172.21.15.144:0/616495594 <== mon.0 v2:172.21.15.144:3300/0 1 ==== mon_map magic: 0 ==== 205+0+0 (secure 0 0 0) 0x7f9f74037070 con 0x7f9f8407de80
2024-09-05T07:42:07.340 INFO:teuthology.orchestra.run.smithi144.stdout:/usr/bin/ceph: stderr
2024-09-05T07:42:02.245+0000 7f9f82000640 1 -- 172.21.15.144:0/616495594 <== mon.0 v2:172.21.15.144:3300/0 2 ==== config(27 keys) ==== 1140+0+0 (secure 0 0 0) 0x7f9f74032920 con 0x7f9f8407de80
2024-09-05T07:42:07.340 INFO:teuthology.orchestra.run.smithi144.stdout:/usr/bin/ceph: stderr
2024-09-05T07:42:02.245+0000 7f9f82000640 1 -- 172.21.15.144:0/616495594 <== mon.0 v2:172.21.15.144:3300/0 3 ==== mon_map magic: 0 ==== 205+0+0 (secure 0 0 0) 0x7f9f74030810 con 0x7f9f8407de80
2024-09-05T07:42:07.340 INFO:teuthology.orchestra.run.smithi144.stdout:/usr/bin/ceph: stderr
2024-09-05T07:42:02.246+0000 7f9f88e00640 1 -- 172.21.15.144:0/616495594 >> [v2:172.21.15.144:3300/0,v1:172.21.15.144:6789/0] conn(0x7f9f8407de80 msgr2=0x7f9f8407c2e0 secure :-1 s=STATE_CONNECTION_ESTABLISHED l=1).mark_down
2024-09-05T07:42:07.340 INFO:teuthology.orchestra.run.smithi144.stdout:/usr/bin/ceph: stderr
2024-09-05T07:42:02.246+0000 7f9f88e00640 1 --2- 172.21.15.144:0/616495594 >> [v2:172.21.15.144:3300/0,v1:172.21.15.144:6789/0] conn(0x7f9f8407de80 0x7f9f8407c2e0 secure :-1 s=READY pgs=59 cs=0 l=1 rev1=1 crypto rx=0x7f9f74009820 tx=0x7f9f7402a270 comp rx=0 tx=0).stop
2024-09-05T07:42:07.340 INFO:teuthology.orchestra.run.smithi144.stdout:/usr/bin/ceph: stderr
2024-09-05T07:42:02.246+0000 7f9f88e00640 1 -- 172.21.15.144:0/616495594 shutdown_connections
2024-09-05T07:42:07.340 INFO:teuthology.orchestra.run.smithi144.stdout:/usr/bin/ceph: stderr
2024-09-05T07:42:02.246+0000 7f9f88e00640 1 --2- 172.21.15.144:0/616495594 >> [v2:172.21.15.144:3300/0,v1:172.21.15.144:6789/0] conn(0x7f9f8407de80 0x7f9f8407c2e0 unknown :-1 s=CLOSED pgs=59 cs=0 l=1 rev1=1 crypto rx=0 tx=0 comp rx=0 tx=0).stop
2024-09-05T07:42:07.340 INFO:teuthology.orchestra.run.smithi144.stdout:/usr/bin/ceph: stderr
2024-09-05T07:42:02.246+0000 7f9f88e00640 1 -- 172.21.15.144:0/616495594 >> 172.21.15.144:0/616495594 conn(0x7f9f84102c10 msgr2=0x7f9f84105030 unknown :-1 s=STATE_NONE l=0).mark_down
2024-09-05T07:42:07.340 INFO:teuthology.orchestra.run.smithi144.stdout:/usr/bin/ceph: stderr
2024-09-05T07:42:02.246+0000 7f9f88e00640 1 -- 172.21.15.144:0/616495594 shutdown_connections
2024-09-05T07:42:07.340 INFO:teuthology.orchestra.run.smithi144.stdout:/usr/bin/ceph: stderr
2024-09-05T07:42:02.246+0000 7f9f88e00640 1 -- 172.21.15.144:0/616495594 wait complete.
2024-09-05T07:42:07.340 INFO:teuthology.orchestra.run.smithi144.stdout:/usr/bin/ceph: stderr
2024-09-05T07:42:02.247+0000 7f9f88e00640 1 Processor -- start
2024-09-05T07:42:07.340 INFO:teuthology.orchestra.run.smithi144.stdout:/usr/bin/ceph: stderr
2024-09-05T07:42:02.247+0000 7f9f88e00640 1 -- start start
2024-09-05T07:42:07.340 INFO:teuthology.orchestra.run.smithi144.stdout:/usr/bin/ceph: stderr
2024-09-05T07:42:02.248+0000 7f9f88e00640 1 --2- >> [v2:172.21.15.144:3300/0,v1:172.21.15.144:6789/0] conn(0x7f9f8407de80 0x7f9f8419d6e0 unknown :-1 s=NONE pgs=0 cs=0 l=1 rev1=0 crypto rx=0 tx=0 comp rx=0 tx=0).connect
2024-09-05T07:42:07.341 INFO:teuthology.orchestra.run.smithi144.stdout:/usr/bin/ceph: stderr
2024-09-05T07:42:02.248+0000 7f9f88e00640 1 -- --> [v2:172.21.15.144:3300/0,v1:172.21.15.144:6789/0] -- mon_getmap magic: 0 -- 0x7f9f8410dad0 con 0x7f9f8407de80
2024-09-05T07:42:07.341 INFO:teuthology.orchestra.run.smithi144.stdout:/usr/bin/ceph: stderr
2024-09-05T07:42:02.248+0000 7f9f83400640 1 --2- >> [v2:172.21.15.144:3300/0,v1:172.21.15.144:6789/0] conn(0x7f9f8407de80 0x7f9f8419d6e0 unknown :-1 s=BANNER_CONNECTING pgs=0 cs=0 l=1 rev1=0 crypto rx=0 tx=0 comp rx=0 tx=0)._handle_peer_banner_payload supported=3 required=0
2024-09-05T07:42:07.341 INFO:teuthology.orchestra.run.smithi144.stdout:/usr/bin/ceph: stderr
2024-09-05T07:42:02.248+0000 7f9f83400640 1 --2- >> [v2:172.21.15.144:3300/0,v1:172.21.15.144:6789/0] conn(0x7f9f8407de80 0x7f9f8419d6e0 unknown :-1 s=HELLO_CONNECTING pgs=0 cs=0 l=1 rev1=1 crypto rx=0 tx=0 comp rx=0 tx=0).handle_hello peer v2:172.21.15.144:3300/0 says I am v2:172.21.15.144:60682/0 (socket says 172.21.15.144:60682)
2024-09-05T07:42:07.341 INFO:teuthology.orchestra.run.smithi144.stdout:/usr/bin/ceph: stderr
2024-09-05T07:42:02.248+0000 7f9f83400640 1 -- 172.21.15.144:0/4207751649 learned_addr learned my addr 172.21.15.144:0/4207751649 (peer_addr_for_me v2:172.21.15.144:0/0)
2024-09-05T07:42:07.341 INFO:teuthology.orchestra.run.smithi144.stdout:/usr/bin/ceph: stderr
2024-09-05T07:42:02.248+0000 7f9f83400640 1 -- 172.21.15.144:0/4207751649 --> [v2:172.21.15.144:3300/0,v1:172.21.15.144:6789/0] -- mon_subscribe({config=0+,monmap=0+}) -- 0x7f9f8419dc20 con 0x7f9f8407de80
2024-09-05T07:42:07.341 INFO:teuthology.orchestra.run.smithi144.stdout:/usr/bin/ceph: stderr
2024-09-05T07:42:02.249+0000 7f9f83400640 1 --2- 172.21.15.144:0/4207751649 >> [v2:172.21.15.144:3300/0,v1:172.21.15.144:6789/0] conn(0x7f9f8407de80 0x7f9f8419d6e0 secure :-1 s=READY pgs=60 cs=0 l=1 rev1=1 crypto rx=0x7f9f740097f0 tx=0x7f9f740327b0 comp rx=0 tx=0).ready entity=mon.0 client_cookie=0 server_cookie=0 in_seq=0 out_seq=0
2024-09-05T07:42:07.341 INFO:teuthology.orchestra.run.smithi144.stdout:/usr/bin/ceph: stderr
2024-09-05T07:42:02.249+0000 7f9f7be00640 1 -- 172.21.15.144:0/4207751649 <== mon.0 v2:172.21.15.144:3300/0 1 ==== mon_map magic: 0 ==== 205+0+0 (secure 0 0 0) 0x7f9f74037040 con 0x7f9f8407de80
2024-09-05T07:42:07.341 INFO:teuthology.orchestra.run.smithi144.stdout:/usr/bin/ceph: stderr
2024-09-05T07:42:02.249+0000 7f9f7be00640 1 -- 172.21.15.144:0/4207751649 <== mon.0 v2:172.21.15.144:3300/0 2 ==== config(27 keys) ==== 1140+0+0 (secure 0 0 0) 0x7f9f74030c40 con 0x7f9f8407de80
2024-09-05T07:42:07.341 INFO:teuthology.orchestra.run.smithi144.stdout:/usr/bin/ceph: stderr
2024-09-05T07:42:02.249+0000 7f9f88e00640 1 -- 172.21.15.144:0/4207751649 --> [v2:172.21.15.144:3300/0,v1:172.21.15.144:6789/0] -- mon_subscribe({mgrmap=0+}) -- 0x7f9f8419deb0 con 0x7f9f8407de80
2024-09-05T07:42:07.341 INFO:teuthology.orchestra.run.smithi144.stdout:/usr/bin/ceph: stderr
2024-09-05T07:42:02.249+0000 7f9f7be00640 1 -- 172.21.15.144:0/4207751649 <== mon.0 v2:172.21.15.144:3300/0 3 ==== mon_map magic: 0 ==== 205+0+0 (secure 0 0 0) 0x7f9f7403a5d0 con 0x7f9f8407de80
2024-09-05T07:42:07.341 INFO:teuthology.orchestra.run.smithi144.stdout:/usr/bin/ceph: stderr
2024-09-05T07:42:02.249+0000 7f9f88e00640 1 -- 172.21.15.144:0/4207751649 --> [v2:172.21.15.144:3300/0,v1:172.21.15.144:6789/0] -- mon_subscribe({osdmap=0}) -- 0x7f9f841a0ba0 con 0x7f9f8407de80
2024-09-05T07:42:07.341 INFO:teuthology.orchestra.run.smithi144.stdout:/usr/bin/ceph: stderr
