2024-09-05T07:41:53.672+0000 7fe0e8e00640 1 Processor -- start
2024-09-05T07:41:55.200 INFO:teuthology.orchestra.run.smithi144.stdout:/usr/bin/ceph: stderr
2024-09-05T07:41:53.673+0000 7fe0e8e00640 1 -- start start
2024-09-05T07:41:55.200 INFO:teuthology.orchestra.run.smithi144.stdout:/usr/bin/ceph: stderr
2024-09-05T07:41:53.673+0000 7fe0e8e00640 1 --2- >> [v2:172.21.15.144:3300/0,v1:172.21.15.144:6789/0] conn(0x7fe0e4107680 0x7fe0e407db70 unknown :-1 s=NONE pgs=0 cs=0 l=1 rev1=0 crypto rx=0 tx=0 comp rx=0 tx=0).connect
2024-09-05T07:41:55.200 INFO:teuthology.orchestra.run.smithi144.stdout:/usr/bin/ceph: stderr
2024-09-05T07:41:53.673+0000 7fe0e8e00640 1 -- --> [v2:172.21.15.144:3300/0,v1:172.21.15.144:6789/0] -- mon_getmap magic: 0 -- 0x7fe0e410baf0 con 0x7fe0e4107680
2024-09-05T07:41:55.200 INFO:teuthology.orchestra.run.smithi144.stdout:/usr/bin/ceph: stderr
2024-09-05T07:41:53.673+0000 7fe0e1e00640 1 --2- >> [v2:172.21.15.144:3300/0,v1:172.21.15.144:6789/0] conn(0x7fe0e4107680 0x7fe0e407db70 unknown :-1 s=BANNER_CONNECTING pgs=0 cs=0 l=1 rev1=0 crypto rx=0 tx=0 comp rx=0 tx=0)._handle_peer_banner_payload supported=3 required=0
2024-09-05T07:41:55.200 INFO:teuthology.orchestra.run.smithi144.stdout:/usr/bin/ceph: stderr
2024-09-05T07:41:53.673+0000 7fe0e1e00640 1 --2- >> [v2:172.21.15.144:3300/0,v1:172.21.15.144:6789/0] conn(0x7fe0e4107680 0x7fe0e407db70 unknown :-1 s=HELLO_CONNECTING pgs=0 cs=0 l=1 rev1=1 crypto rx=0 tx=0 comp rx=0 tx=0).handle_hello peer v2:172.21.15.144:3300/0 says I am v2:172.21.15.144:60560/0 (socket says 172.21.15.144:60560)
2024-09-05T07:41:55.200 INFO:teuthology.orchestra.run.smithi144.stdout:/usr/bin/ceph: stderr
2024-09-05T07:41:53.673+0000 7fe0e1e00640 1 -- 172.21.15.144:0/3066220258 learned_addr learned my addr 172.21.15.144:0/3066220258 (peer_addr_for_me v2:172.21.15.144:0/0)
2024-09-05T07:41:55.200 INFO:teuthology.orchestra.run.smithi144.stdout:/usr/bin/ceph: stderr
2024-09-05T07:41:53.673+0000 7fe0e1e00640 1 -- 172.21.15.144:0/3066220258 --> [v2:172.21.15.144:3300/0,v1:172.21.15.144:6789/0] -- mon_subscribe({config=0+,monmap=0+}) -- 0x7fe0e407e0b0 con 0x7fe0e4107680
2024-09-05T07:41:55.200 INFO:teuthology.orchestra.run.smithi144.stdout:/usr/bin/ceph: stderr
2024-09-05T07:41:53.674+0000 7fe0e1e00640 1 --2- 172.21.15.144:0/3066220258 >> [v2:172.21.15.144:3300/0,v1:172.21.15.144:6789/0] conn(0x7fe0e4107680 0x7fe0e407db70 secure :-1 s=READY pgs=48 cs=0 l=1 rev1=1 crypto rx=0x7fe0d40097f0 tx=0x7fe0d40327b0 comp rx=0 tx=0).ready entity=mon.0 client_cookie=0 server_cookie=0 in_seq=0 out_seq=0
2024-09-05T07:41:55.200 INFO:teuthology.orchestra.run.smithi144.stdout:/usr/bin/ceph: stderr
2024-09-05T07:41:53.674+0000 7fe0db400640 1 -- 172.21.15.144:0/3066220258 <== mon.0 v2:172.21.15.144:3300/0 1 ==== mon_map magic: 0 ==== 205+0+0 (secure 0 0 0) 0x7fe0d4037040 con 0x7fe0e4107680
2024-09-05T07:41:55.200 INFO:teuthology.orchestra.run.smithi144.stdout:/usr/bin/ceph: stderr
2024-09-05T07:41:53.674+0000 7fe0e8e00640 1 -- 172.21.15.144:0/3066220258 --> [v2:172.21.15.144:3300/0,v1:172.21.15.144:6789/0] -- mon_subscribe({mgrmap=0+}) -- 0x7fe0e407c2a0 con 0x7fe0e4107680
2024-09-05T07:41:55.200 INFO:teuthology.orchestra.run.smithi144.stdout:/usr/bin/ceph: stderr
2024-09-05T07:41:53.674+0000 7fe0db400640 1 -- 172.21.15.144:0/3066220258 <== mon.0 v2:172.21.15.144:3300/0 2 ==== config(27 keys) ==== 1140+0+0 (secure 0 0 0) 0x7fe0d4030c40 con 0x7fe0e4107680
2024-09-05T07:41:55.200 INFO:teuthology.orchestra.run.smithi144.stdout:/usr/bin/ceph: stderr
2024-09-05T07:41:53.674+0000 7fe0db400640 1 -- 172.21.15.144:0/3066220258 <== mon.0 v2:172.21.15.144:3300/0 3 ==== mon_map magic: 0 ==== 205+0+0 (secure 0 0 0) 0x7fe0d403a5d0 con 0x7fe0e4107680
2024-09-05T07:41:55.201 INFO:teuthology.orchestra.run.smithi144.stdout:/usr/bin/ceph: stderr
2024-09-05T07:41:53.674+0000 7fe0e8e00640 1 -- 172.21.15.144:0/3066220258 --> [v2:172.21.15.144:3300/0,v1:172.21.15.144:6789/0] -- mon_subscribe({osdmap=0}) -- 0x7fe0e407c7e0 con 0x7fe0e4107680
2024-09-05T07:41:55.201 INFO:teuthology.orchestra.run.smithi144.stdout:/usr/bin/ceph: stderr
2024-09-05T07:41:53.675+0000 7fe0db400640 1 -- 172.21.15.144:0/3066220258 <== mon.0 v2:172.21.15.144:3300/0 4 ==== mgrmap(e 8) ==== 46287+0+0 (secure 0 0 0) 0x7fe0d403b3f0 con 0x7fe0e4107680
2024-09-05T07:41:55.201 INFO:teuthology.orchestra.run.smithi144.stdout:/usr/bin/ceph: stderr
2024-09-05T07:41:53.675+0000 7fe0e8e00640 1 -- 172.21.15.144:0/3066220258 --> [v2:172.21.15.144:3300/0,v1:172.21.15.144:6789/0] -- mon_command({"prefix": "get_command_descriptions"} v 0) -- 0x7fe0e4107b00 con 0x7fe0e4107680
2024-09-05T07:41:55.201 INFO:teuthology.orchestra.run.smithi144.stdout:/usr/bin/ceph: stderr
2024-09-05T07:41:53.676+0000 7fe0db400640 1 --2- 172.21.15.144:0/3066220258 >> [v2:172.21.15.144:6800/490246891,v1:172.21.15.144:6801/490246891] conn(0x7fe0c8038fc0 0x7fe0c803b480 unknown :-1 s=NONE pgs=0 cs=0 l=1 rev1=0 crypto rx=0 tx=0 comp rx=0 tx=0).connect
2024-09-05T07:41:55.201 INFO:teuthology.orchestra.run.smithi144.stdout:/usr/bin/ceph: stderr
2024-09-05T07:41:53.676+0000 7fe0db400640 1 -- 172.21.15.144:0/3066220258 <== mon.0 v2:172.21.15.144:3300/0 5 ==== osd_map(2..2 src has 1..2) ==== 940+0+0 (secure 0 0 0) 0x7fe0d406c4f0 con 0x7fe0e4107680
2024-09-05T07:41:55.201 INFO:teuthology.orchestra.run.smithi144.stdout:/usr/bin/ceph: stderr
2024-09-05T07:41:53.676+0000 7fe0d9400640 1 --2- 172.21.15.144:0/3066220258 >> [v2:172.21.15.144:6800/490246891,v1:172.21.15.144:6801/490246891] conn(0x7fe0c8038fc0 0x7fe0c803b480 unknown :-1 s=BANNER_CONNECTING pgs=0 cs=0 l=1 rev1=0 crypto rx=0 tx=0 comp rx=0 tx=0)._handle_peer_banner_payload supported=3 required=0
2024-09-05T07:41:55.201 INFO:teuthology.orchestra.run.smithi144.stdout:/usr/bin/ceph: stderr
2024-09-05T07:41:53.677+0000 7fe0d9400640 1 --2- 172.21.15.144:0/3066220258 >> [v2:172.21.15.144:6800/490246891,v1:172.21.15.144:6801/490246891] conn(0x7fe0c8038fc0 0x7fe0c803b480 secure :-1 s=READY pgs=13 cs=0 l=1 rev1=1 crypto rx=0x7fe0cc0098c0 tx=0x7fe0cc006db0 comp rx=0 tx=0).ready entity=mgr.14118 client_cookie=0 server_cookie=0 in_seq=0 out_seq=0
2024-09-05T07:41:55.201 INFO:teuthology.orchestra.run.smithi144.stdout:/usr/bin/ceph: stderr
2024-09-05T07:41:53.681+0000 7fe0db400640 1 -- 172.21.15.144:0/3066220258 <== mon.0 v2:172.21.15.144:3300/0 6 ==== mon_command_ack([{"prefix": "get_command_descriptions"}]=0 v0) ==== 72+0+188821 (secure 0 0 0) 0x7fe0d40371e0 con 0x7fe0e4107680
2024-09-05T07:41:55.201 INFO:teuthology.orchestra.run.smithi144.stdout:/usr/bin/ceph: stderr
2024-09-05T07:41:53.883+0000 7fe0e8e00640 1 -- 172.21.15.144:0/3066220258 --> [v2:172.21.15.144:6800/490246891,v1:172.21.15.144:6801/490246891] -- mgr_command(tid 0: {"prefix": "orch apply", "service_type": "mgr", "unmanaged": true, "target": ["mon-mgr", ""]}) -- 0x7fe0e407d130 con 0x7fe0c8038fc0
2024-09-05T07:41:55.201 INFO:teuthology.orchestra.run.smithi144.stdout:/usr/bin/ceph: stderr
2024-09-05T07:41:53.888+0000 7fe0db400640 1 -- 172.21.15.144:0/3066220258 <== mgr.14118 v2:172.21.15.144:6800/490246891 1 ==== mgr_command_reply(tid 0: 0 ) ==== 8+0+24 (secure 0 0 0) 0x7fe0e407d130 con 0x7fe0c8038fc0
2024-09-05T07:41:55.201 INFO:teuthology.orchestra.run.smithi144.stdout:/usr/bin/ceph: stderr
2024-09-05T07:41:53.891+0000 7fe0e8e00640 1 -- 172.21.15.144:0/3066220258 >> [v2:172.21.15.144:6800/490246891,v1:172.21.15.144:6801/490246891] conn(0x7fe0c8038fc0 msgr2=0x7fe0c803b480 secure :-1 s=STATE_CONNECTION_ESTABLISHED l=1).mark_down
2024-09-05T07:41:55.201 INFO:teuthology.orchestra.run.smithi144.stdout:/usr/bin/ceph: stderr
2024-09-05T07:41:53.891+0000 7fe0e8e00640 1 --2- 172.21.15.144:0/3066220258 >> [v2:172.21.15.144:6800/490246891,v1:172.21.15.144:6801/490246891] conn(0x7fe0c8038fc0 0x7fe0c803b480 secure :-1 s=READY pgs=13 cs=0 l=1 rev1=1 crypto rx=0x7fe0cc0098c0 tx=0x7fe0cc006db0 comp rx=0 tx=0).stop
2024-09-05T07:41:55.201 INFO:teuthology.orchestra.run.smithi144.stdout:/usr/bin/ceph: stderr
2024-09-05T07:41:53.891+0000 7fe0e8e00640 1 -- 172.21.15.144:0/3066220258 >> [v2:172.21.15.144:3300/0,v1:172.21.15.144:6789/0] conn(0x7fe0e4107680 msgr2=0x7fe0e407db70 secure :-1 s=STATE_CONNECTION_ESTABLISHED l=1).mark_down
2024-09-05T07:41:55.202 INFO:teuthology.orchestra.run.smithi144.stdout:/usr/bin/ceph: stderr
2024-09-05T07:41:53.891+0000 7fe0e8e00640 1 --2- 172.21.15.144:0/3066220258 >> [v2:172.21.15.144:3300/0,v1:172.21.15.144:6789/0] conn(0x7fe0e4107680 0x7fe0e407db70 secure :-1 s=READY pgs=48 cs=0 l=1 rev1=1 crypto rx=0x7fe0d40097f0 tx=0x7fe0d40327b0 comp rx=0 tx=0).stop
2024-09-05T07:41:55.202 INFO:teuthology.orchestra.run.smithi144.stdout:/usr/bin/ceph: stderr
2024-09-05T07:41:53.891+0000 7fe0e8e00640 1 -- 172.21.15.144:0/3066220258 shutdown_connections
2024-09-05T07:41:55.202 INFO:teuthology.orchestra.run.smithi144.stdout:/usr/bin/ceph: stderr
2024-09-05T07:41:53.891+0000 7fe0e8e00640 1 --2- 172.21.15.144:0/3066220258 >> [v2:172.21.15.144:6800/490246891,v1:172.21.15.144:6801/490246891] conn(0x7fe0c8038fc0 0x7fe0c803b480 unknown :-1 s=CLOSED pgs=13 cs=0 l=1 rev1=1 crypto rx=0 tx=0 comp rx=0 tx=0).stop
2024-09-05T07:41:55.202 INFO:teuthology.orchestra.run.smithi144.stdout:/usr/bin/ceph: stderr
2024-09-05T07:41:53.891+0000 7fe0e8e00640 1 --2- 172.21.15.144:0/3066220258 >> [v2:172.21.15.144:3300/0,v1:172.21.15.144:6789/0] conn(0x7fe0e4107680 0x7fe0e407db70 unknown :-1 s=CLOSED pgs=48 cs=0 l=1 rev1=1 crypto rx=0 tx=0 comp rx=0 tx=0).stop
2024-09-05T07:41:55.202 INFO:teuthology.orchestra.run.smithi144.stdout:/usr/bin/ceph: stderr
2024-09-05T07:41:53.891+0000 7fe0e8e00640 1 -- 172.21.15.144:0/3066220258 >> 172.21.15.144:0/3066220258 conn(0x7fe0e4102eb0 msgr2=0x7fe0e4103a80 unknown :-1 s=STATE_NONE l=0).mark_down
2024-09-05T07:41:55.202 INFO:teuthology.orchestra.run.smithi144.stdout:/usr/bin/ceph: stderr
2024-09-05T07:41:53.891+0000 7fe0e8e00640 1 -- 172.21.15.144:0/3066220258 shutdown_connections
2024-09-05T07:41:55.202 INFO:teuthology.orchestra.run.smithi144.stdout:/usr/bin/ceph: stderr
2024-09-05T07:41:53.891+0000 7fe0e8e00640 1 -- 172.21.15.144:0/3066220258 wait complete.
2024-09-05T07:41:56.571 INFO:journalctl@ceph.mon.a.smithi144.stdout:Sep 05 07:41:56 smithi144 ceph-mon[29535]: from='mgr.14118 172.21.15.144:0/2650639030' entity='mgr.x'
2024-09-05T07:41:56.571 INFO:journalctl@ceph.mon.a.smithi144.stdout:Sep 05 07:41:56 smithi144 ceph-mon[29535]: from='client.? 172.21.15.144:0/3660787351' entity='client.admin'
2024-09-05T07:41:56.706 INFO:teuthology.orchestra.run.smithi144.stdout:/usr/bin/ceph: stderr
2024-09-05T07:41:55.756+0000 7fd72f800640 1 Processor -- start
2024-09-05T07:41:56.706 INFO:teuthology.orchestra.run.smithi144.stdout:/usr/bin/ceph: stderr
2024-09-05T07:41:55.757+0000 7fd72f800640 1 -- start start
2024-09-05T07:41:56.706 INFO:teuthology.orchestra.run.smithi144.stdout:/usr/bin/ceph: stderr
2024-09-05T07:41:55.757+0000 7fd72f800640 1 --2- >> [v2:172.21.15.144:3300/0,v1:172.21.15.144:6789/0] conn(0x7fd728109920 0x7fd728109d40 unknown :-1 s=NONE pgs=0 cs=0 l=0 rev1=0 crypto rx=0 tx=0 comp rx=0 tx=0).connect
2024-09-05T07:41:56.706 INFO:teuthology.orchestra.run.smithi144.stdout:/usr/bin/ceph: stderr
2024-09-05T07:41:55.757+0000 7fd72f800640 1 -- --> [v2:172.21.15.144:3300/0,v1:172.21.15.144:6789/0] -- mon_getmap magic: 0 -- 0x7fd72810a310 con 0x7fd728109920
2024-09-05T07:41:56.706 INFO:teuthology.orchestra.run.smithi144.stdout:/usr/bin/ceph: stderr
2024-09-05T07:41:55.757+0000 7fd72ce00640 1 --2- >> [v2:172.21.15.144:3300/0,v1:172.21.15.144:6789/0] conn(0x7fd728109920 0x7fd728109d40 unknown :-1 s=BANNER_CONNECTING pgs=0 cs=0 l=0 rev1=0 crypto rx=0 tx=0 comp rx=0 tx=0)._handle_peer_banner_payload supported=3 required=0
2024-09-05T07:41:56.706 INFO:teuthology.orchestra.run.smithi144.stdout:/usr/bin/ceph: stderr
2024-09-05T07:41:55.758+0000 7fd72ce00640 1 --2- >> [v2:172.21.15.144:3300/0,v1:172.21.15.144:6789/0] conn(0x7fd728109920 0x7fd728109d40 unknown :-1 s=HELLO_CONNECTING pgs=0 cs=0 l=0 rev1=1 crypto rx=0 tx=0 comp rx=0 tx=0).handle_hello peer v2:172.21.15.144:3300/0 says I am v2:172.21.15.144:60570/0 (socket says 172.21.15.144:60570)
2024-09-05T07:41:56.706 INFO:teuthology.orchestra.run.smithi144.stdout:/usr/bin/ceph: stderr
2024-09-05T07:41:55.758+0000 7fd72ce00640 1 -- 172.21.15.144:0/2308607085 learned_addr learned my addr 172.21.15.144:0/2308607085 (peer_addr_for_me v2:172.21.15.144:0/0)
2024-09-05T07:41:56.707 INFO:teuthology.orchestra.run.smithi144.stdout:/usr/bin/ceph: stderr
2024-09-05T07:41:55.758+0000 7fd72ce00640 1 -- 172.21.15.144:0/2308607085 --> [v2:172.21.15.144:3300/0,v1:172.21.15.144:6789/0] -- mon_subscribe({config=0+,monmap=0+}) -- 0x7fd72810aa10 con 0x7fd728109920
2024-09-05T07:41:56.707 INFO:teuthology.orchestra.run.smithi144.stdout:/usr/bin/ceph: stderr
2024-09-05T07:41:55.759+0000 7fd72ce00640 1 --2- 172.21.15.144:0/2308607085 >> [v2:172.21.15.144:3300/0,v1:172.21.15.144:6789/0] conn(0x7fd728109920 0x7fd728109d40 secure :-1 s=READY pgs=49 cs=0 l=1 rev1=1 crypto rx=0x7fd71c009820 tx=0x7fd71c02a270 comp rx=0 tx=0).ready entity=mon.0 client_cookie=e0600ddd02dfd12c server_cookie=0 in_seq=0 out_seq=0
2024-09-05T07:41:56.707 INFO:teuthology.orchestra.run.smithi144.stdout:/usr/bin/ceph: stderr
2024-09-05T07:41:55.759+0000 7fd727400640 1 -- 172.21.15.144:0/2308607085 <== mon.0 v2:172.21.15.144:3300/0 1 ==== mon_map magic: 0 ==== 205+0+0 (secure 0 0 0) 0x7fd71c037070 con 0x7fd728109920
2024-09-05T07:41:56.707 INFO:teuthology.orchestra.run.smithi144.stdout:/usr/bin/ceph: stderr
2024-09-05T07:41:55.759+0000 7fd727400640 1 -- 172.21.15.144:0/2308607085 <== mon.0 v2:172.21.15.144:3300/0 2 ==== config(27 keys) ==== 1140+0+0 (secure 0 0 0) 0x7fd71c032920 con 0x7fd728109920
2024-09-05T07:41:56.707 INFO:teuthology.orchestra.run.smithi144.stdout:/usr/bin/ceph: stderr
2024-09-05T07:41:55.759+0000 7fd727400640 1 -- 172.21.15.144:0/2308607085 <== mon.0 v2:172.21.15.144:3300/0 3 ==== mon_map magic: 0 ==== 205+0+0 (secure 0 0 0) 0x7fd71c030810 con 0x7fd728109920
2024-09-05T07:41:56.707 INFO:teuthology.orchestra.run.smithi144.stdout:/usr/bin/ceph: stderr
2024-09-05T07:41:55.760+0000 7fd72f800640 1 -- 172.21.15.144:0/2308607085 >> [v2:172.21.15.144:3300/0,v1:172.21.15.144:6789/0] conn(0x7fd728109920 msgr2=0x7fd728109d40 secure :-1 s=STATE_CONNECTION_ESTABLISHED l=1).mark_down
2024-09-05T07:41:56.707 INFO:teuthology.orchestra.run.smithi144.stdout:/usr/bin/ceph: stderr
2024-09-05T07:41:55.760+0000 7fd72f800640 1 --2- 172.21.15.144:0/2308607085 >> [v2:172.21.15.144:3300/0,v1:172.21.15.144:6789/0] conn(0x7fd728109920 0x7fd728109d40 secure :-1 s=READY pgs=49 cs=0 l=1 rev1=1 crypto rx=0x7fd71c009820 tx=0x7fd71c02a270 comp rx=0 tx=0).stop
2024-09-05T07:41:56.707 INFO:teuthology.orchestra.run.smithi144.stdout:/usr/bin/ceph: stderr
2024-09-05T07:41:55.760+0000 7fd72f800640 1 -- 172.21.15.144:0/2308607085 shutdown_connections
2024-09-05T07:41:56.707 INFO:teuthology.orchestra.run.smithi144.stdout:/usr/bin/ceph: stderr
2024-09-05T07:41:55.760+0000 7fd72f800640 1 --2- 172.21.15.144:0/2308607085 >> [v2:172.21.15.144:3300/0,v1:172.21.15.144:6789/0] conn(0x7fd728109920 0x7fd728109d40 unknown :-1 s=CLOSED pgs=49 cs=0 l=1 rev1=1 crypto rx=0 tx=0 comp rx=0 tx=0).stop
2024-09-05T07:41:56.707 INFO:teuthology.orchestra.run.smithi144.stdout:/usr/bin/ceph: stderr
2024-09-05T07:41:55.760+0000 7fd72f800640 1 -- 172.21.15.144:0/2308607085 >> 172.21.15.144:0/2308607085 conn(0x7fd72807cf40 msgr2=0x7fd72807d350 unknown :-1 s=STATE_NONE l=0).mark_down
2024-09-05T07:41:56.707 INFO:teuthology.orchestra.run.smithi144.stdout:/usr/bin/ceph: stderr
2024-09-05T07:41:55.760+0000 7fd72f800640 1 -- 172.21.15.144:0/2308607085 shutdown_connections
2024-09-05T07:41:56.707 INFO:teuthology.orchestra.run.smithi144.stdout:/usr/bin/ceph: stderr
2024-09-05T07:41:55.760+0000 7fd72f800640 1 -- 172.21.15.144:0/2308607085 wait complete.
2024-09-05T07:41:56.708 INFO:teuthology.orchestra.run.smithi144.stdout:/usr/bin/ceph: stderr
2024-09-05T07:41:55.761+0000 7fd72f800640 1 Processor -- start
2024-09-05T07:41:56.708 INFO:teuthology.orchestra.run.smithi144.stdout:/usr/bin/ceph: stderr
2024-09-05T07:41:55.761+0000 7fd72f800640 1 -- start start
2024-09-05T07:41:56.708 INFO:teuthology.orchestra.run.smithi144.stdout:/usr/bin/ceph: stderr
2024-09-05T07:41:55.762+0000 7fd72f800640 1 --2- >> [v2:172.21.15.144:3300/0,v1:172.21.15.144:6789/0] conn(0x7fd728109920 0x7fd72819d830 unknown :-1 s=NONE pgs=0 cs=0 l=1 rev1=0 crypto rx=0 tx=0 comp rx=0 tx=0).connect
2024-09-05T07:41:56.708 INFO:teuthology.orchestra.run.smithi144.stdout:/usr/bin/ceph: stderr
2024-09-05T07:41:55.762+0000 7fd72f800640 1 -- --> [v2:172.21.15.144:3300/0,v1:172.21.15.144:6789/0] -- mon_getmap magic: 0 -- 0x7fd72810ddc0 con 0x7fd728109920
2024-09-05T07:41:56.708 INFO:teuthology.orchestra.run.smithi144.stdout:/usr/bin/ceph: stderr
2024-09-05T07:41:55.762+0000 7fd72ce00640 1 --2- >> [v2:172.21.15.144:3300/0,v1:172.21.15.144:6789/0] conn(0x7fd728109920 0x7fd72819d830 unknown :-1 s=BANNER_CONNECTING pgs=0 cs=0 l=1 rev1=0 crypto rx=0 tx=0 comp rx=0 tx=0)._handle_peer_banner_payload supported=3 required=0
2024-09-05T07:41:56.708 INFO:teuthology.orchestra.run.smithi144.stdout:/usr/bin/ceph: stderr
2024-09-05T07:41:55.762+0000 7fd72ce00640 1 --2- >> [v2:172.21.15.144:3300/0,v1:172.21.15.144:6789/0] conn(0x7fd728109920 0x7fd72819d830 unknown :-1 s=HELLO_CONNECTING pgs=0 cs=0 l=1 rev1=1 crypto rx=0 tx=0 comp rx=0 tx=0).handle_hello peer v2:172.21.15.144:3300/0 says I am v2:172.21.15.144:60572/0 (socket says 172.21.15.144:60572)
2024-09-05T07:41:56.708 INFO:teuthology.orchestra.run.smithi144.stdout:/usr/bin/ceph: stderr
2024-09-05T07:41:55.762+0000 7fd72ce00640 1 -- 172.21.15.144:0/3660787351 learned_addr learned my addr 172.21.15.144:0/3660787351 (peer_addr_for_me v2:172.21.15.144:0/0)
2024-09-05T07:41:56.708 INFO:teuthology.orchestra.run.smithi144.stdout:/usr/bin/ceph: stderr
2024-09-05T07:41:55.762+0000 7fd72ce00640 1 -- 172.21.15.144:0/3660787351 --> [v2:172.21.15.144:3300/0,v1:172.21.15.144:6789/0] -- mon_subscribe({config=0+,monmap=0+}) -- 0x7fd72819dd70 con 0x7fd728109920
2024-09-05T07:41:56.708 INFO:teuthology.orchestra.run.smithi144.stdout:/usr/bin/ceph: stderr
2024-09-05T07:41:55.763+0000 7fd72ce00640 1 --2- 172.21.15.144:0/3660787351 >> [v2:172.21.15.144:3300/0,v1:172.21.15.144:6789/0] conn(0x7fd728109920 0x7fd72819d830 secure :-1 s=READY pgs=50 cs=0 l=1 rev1=1 crypto rx=0x7fd71c0097f0 tx=0x7fd71c0327b0 comp rx=0 tx=0).ready entity=mon.0 client_cookie=0 server_cookie=0 in_seq=0 out_seq=0
2024-09-05T07:41:56.708 INFO:teuthology.orchestra.run.smithi144.stdout:/usr/bin/ceph: stderr
2024-09-05T07:41:55.763+0000 7fd725600640 1 -- 172.21.15.144:0/3660787351 <== mon.0 v2:172.21.15.144:3300/0 1 ==== mon_map magic: 0 ==== 205+0+0 (secure 0 0 0) 0x7fd71c037040 con 0x7fd728109920
2024-09-05T07:41:56.708 INFO:teuthology.orchestra.run.smithi144.stdout:/usr/bin/ceph: stderr
2024-09-05T07:41:55.763+0000 7fd725600640 1 -- 172.21.15.144:0/3660787351 <== mon.0 v2:172.21.15.144:3300/0 2 ==== config(27 keys) ==== 1140+0+0 (secure 0 0 0) 0x7fd71c030cc0 con 0x7fd728109920
2024-09-05T07:41:56.708 INFO:teuthology.orchestra.run.smithi144.stdout:/usr/bin/ceph: stderr
2024-09-05T07:41:55.763+0000 7fd725600640 1 -- 172.21.15.144:0/3660787351 <== mon.0 v2:172.21.15.144:3300/0 3 ==== mon_map magic: 0 ==== 205+0+0 (secure 0 0 0) 0x7fd71c03a640 con 0x7fd728109920
2024-09-05T07:41:56.708 INFO:teuthology.orchestra.run.smithi144.stdout:/usr/bin/ceph: stderr
2024-09-05T07:41:55.763+0000 7fd72f800640 1 -- 172.21.15.144:0/3660787351 --> [v2:172.21.15.144:3300/0,v1:172.21.15.144:6789/0] -- mon_subscribe({mgrmap=0+}) -- 0x7fd72819e000 con 0x7fd728109920
2024-09-05T07:41:56.709 INFO:teuthology.orchestra.run.smithi144.stdout:/usr/bin/ceph: stderr
2024-09-05T07:41:55.763+0000 7fd72f800640 1 -- 172.21.15.144:0/3660787351 --> [v2:172.21.15.144:3300/0,v1:172.21.15.144:6789/0] -- mon_subscribe({osdmap=0}) -- 0x7fd7281a0cf0 con 0x7fd728109920
2024-09-05T07:41:56.709 INFO:teuthology.orchestra.run.smithi144.stdout:/usr/bin/ceph: stderr
2024-09-05T07:41:55.764+0000 7fd72f800640 1 -- 172.21.15.144:0/3660787351 --> [v2:172.21.15.144:3300/0,v1:172.21.15.144:6789/0] -- mon_command({"prefix": "get_command_descriptions"} v 0) -- 0x7fd72810df40 con 0x7fd728109920
2024-09-05T07:41:56.709 INFO:teuthology.orchestra.run.smithi144.stdout:/usr/bin/ceph: stderr
2024-09-05T07:41:55.764+0000 7fd725600640 1 -- 172.21.15.144:0/3660787351 <== mon.0 v2:172.21.15.144:3300/0 4 ==== mgrmap(e 8) ==== 46287+0+0 (secure 0 0 0) 0x7fd71c03b3f0 con 0x7fd728109920
2024-09-05T07:41:56.709 INFO:teuthology.orchestra.run.smithi144.stdout:/usr/bin/ceph: stderr
2024-09-05T07:41:55.765+0000 7fd725600640 1 --2- 172.21.15.144:0/3660787351 >> [v2:172.21.15.144:6800/490246891,v1:172.21.15.144:6801/490246891] conn(0x7fd710038fc0 0x7fd71003b480 unknown :-1 s=NONE pgs=0 cs=0 l=1 rev1=0 crypto rx=0 tx=0 comp rx=0 tx=0).connect
2024-09-05T07:41:56.709 INFO:teuthology.orchestra.run.smithi144.stdout:/usr/bin/ceph: stderr
2024-09-05T07:41:55.765+0000 7fd725600640 1 -- 172.21.15.144:0/3660787351 <== mon.0 v2:172.21.15.144:3300/0 5 ==== osd_map(2..2 src has 1..2) ==== 940+0+0 (secure 0 0 0) 0x7fd71c06c570 con 0x7fd728109920
2024-09-05T07:41:56.709 INFO:teuthology.orchestra.run.smithi144.stdout:/usr/bin/ceph: stderr
2024-09-05T07:41:55.765+0000 7fd727e00640 1 --2- 172.21.15.144:0/3660787351 >> [v2:172.21.15.144:6800/490246891,v1:172.21.15.144:6801/490246891] conn(0x7fd710038fc0 0x7fd71003b480 unknown :-1 s=BANNER_CONNECTING pgs=0 cs=0 l=1 rev1=0 crypto rx=0 tx=0 comp rx=0 tx=0)._handle_peer_banner_payload supported=3 required=0
2024-09-05T07:41:56.709 INFO:teuthology.orchestra.run.smithi144.stdout:/usr/bin/ceph: stderr
2024-09-05T07:41:55.766+0000 7fd727e00640 1 --2- 172.21.15.144:0/3660787351 >> [v2:172.21.15.144:6800/490246891,v1:172.21.15.144:6801/490246891] conn(0x7fd710038fc0 0x7fd71003b480 secure :-1 s=READY pgs=14 cs=0 l=1 rev1=1 crypto rx=0x7fd7140098c0 tx=0x7fd714006db0 comp rx=0 tx=0).ready entity=mgr.14118 client_cookie=0 server_cookie=0 in_seq=0 out_seq=0
2024-09-05T07:41:56.709 INFO:teuthology.orchestra.run.smithi144.stdout:/usr/bin/ceph: stderr
2024-09-05T07:41:55.770+0000 7fd725600640 1 -- 172.21.15.144:0/3660787351 <== mon.0 v2:172.21.15.144:3300/0 6 ==== mon_command_ack([{"prefix": "get_command_descriptions"}]=0 v0) ==== 72+0+188821 (secure 0 0 0) 0x7fd71c042e10 con 0x7fd728109920
2024-09-05T07:41:56.709 INFO:teuthology.orchestra.run.smithi144.stdout:/usr/bin/ceph: stderr
2024-09-05T07:41:55.970+0000 7fd72f800640 1 -- 172.21.15.144:0/3660787351 --> [v2:172.21.15.144:3300/0,v1:172.21.15.144:6789/0] -- mon_command([{prefix=config set, name=mgr/cephadm/container_init}] v 0) -- 0x7fd728109dc0 con 0x7fd728109920
2024-09-05T07:41:56.709 INFO:teuthology.orchestra.run.smithi144.stdout:/usr/bin/ceph: stderr
2024-09-05T07:41:55.973+0000 7fd725600640 1 -- 172.21.15.144:0/3660787351 <== mon.0 v2:172.21.15.144:3300/0 7 ==== mon_command_ack([{prefix=config set, name=mgr/cephadm/container_init}]=0 v7)=0 v7) ==== 142+0+0 (secure 0 0 0) 0x7fd71c0328c0 con 0x7fd728109920
2024-09-05T07:41:56.709 INFO:teuthology.orchestra.run.smithi144.stdout:/usr/bin/ceph: stderr
2024-09-05T07:41:55.975+0000 7fd72f800640 1 -- 172.21.15.144:0/3660787351 >> [v2:172.21.15.144:6800/490246891,v1:172.21.15.144:6801/490246891] conn(0x7fd710038fc0 msgr2=0x7fd71003b480 secure :-1 s=STATE_CONNECTION_ESTABLISHED l=1).mark_down
2024-09-05T07:41:56.709 INFO:teuthology.orchestra.run.smithi144.stdout:/usr/bin/ceph: stderr
2024-09-05T07:41:55.975+0000 7fd72f800640 1 --2- 172.21.15.144:0/3660787351 >> [v2:172.21.15.144:6800/490246891,v1:172.21.15.144:6801/490246891] conn(0x7fd710038fc0 0x7fd71003b480 secure :-1 s=READY pgs=14 cs=0 l=1 rev1=1 crypto rx=0x7fd7140098c0 tx=0x7fd714006db0 comp rx=0 tx=0).stop
2024-09-05T07:41:56.709 INFO:teuthology.orchestra.run.smithi144.stdout:/usr/bin/ceph: stderr
2024-09-05T07:41:55.975+0000 7fd72f800640 1 -- 172.21.15.144:0/3660787351 >> [v2:172.21.15.144:3300/0,v1:172.21.15.144:6789/0] conn(0x7fd728109920 msgr2=0x7fd72819d830 secure :-1 s=STATE_CONNECTION_ESTABLISHED l=1).mark_down
2024-09-05T07:41:56.710 INFO:teuthology.orchestra.run.smithi144.stdout:/usr/bin/ceph: stderr
2024-09-05T07:41:55.975+0000 7fd72f800640 1 --2- 172.21.15.144:0/3660787351 >> [v2:172.21.15.144:3300/0,v1:172.21.15.144:6789/0] conn(0x7fd728109920 0x7fd72819d830 secure :-1 s=READY pgs=50 cs=0 l=1 rev1=1 crypto rx=0x7fd71c0097f0 tx=0x7fd71c0327b0 comp rx=0 tx=0).stop
2024-09-05T07:41:56.710 INFO:teuthology.orchestra.run.smithi144.stdout:/usr/bin/ceph: stderr
2024-09-05T07:41:55.975+0000 7fd72f800640 1 -- 172.21.15.144:0/3660787351 shutdown_connections
2024-09-05T07:41:56.710 INFO:teuthology.orchestra.run.smithi144.stdout:/usr/bin/ceph: stderr
2024-09-05T07:41:55.975+0000 7fd72f800640 1 --2- 172.21.15.144:0/3660787351 >> [v2:172.21.15.144:6800/490246891,v1:172.21.15.144:6801/490246891] conn(0x7fd710038fc0 0x7fd71003b480 unknown :-1 s=CLOSED pgs=14 cs=0 l=1 rev1=1 crypto rx=0 tx=0 comp rx=0 tx=0).stop
2024-09-05T07:41:56.710 INFO:teuthology.orchestra.run.smithi144.stdout:/usr/bin/ceph: stderr
2024-09-05T07:41:55.975+0000 7fd72f800640 1 --2- 172.21.15.144:0/3660787351 >> [v2:172.21.15.144:3300/0,v1:172.21.15.144:6789/0] conn(0x7fd728109920 0x7fd72819d830 unknown :-1 s=CLOSED pgs=50 cs=0 l=1 rev1=1 crypto rx=0 tx=0 comp rx=0 tx=0).stop
2024-09-05T07:41:56.710 INFO:teuthology.orchestra.run.smithi144.stdout:/usr/bin/ceph: stderr
2024-09-05T07:41:55.975+0000 7fd72f800640 1 -- 172.21.15.144:0/3660787351 >> 172.21.15.144:0/3660787351 conn(0x7fd72807cf40 msgr2=0x7fd728107590 unknown :-1 s=STATE_NONE l=0).mark_down
2024-09-05T07:41:56.710 INFO:teuthology.orchestra.run.smithi144.stdout:/usr/bin/ceph: stderr
2024-09-05T07:41:55.976+0000 7fd72f800640 1 -- 172.21.15.144:0/3660787351 shutdown_connections
2024-09-05T07:41:56.710 INFO:teuthology.orchestra.run.smithi144.stdout:/usr/bin/ceph: stderr
2024-09-05T07:41:55.976+0000 7fd72f800640 1 -- 172.21.15.144:0/3660787351 wait complete.
2024-09-05T07:41:58.063 INFO:journalctl@ceph.mon.a.smithi144.stdout:Sep 05 07:41:57 smithi144 ceph-mon[29535]: from='mgr.14118 172.21.15.144:0/2650639030' entity='mgr.x'
2024-09-05T07:41:58.063 INFO:journalctl@ceph.mon.a.smithi144.stdout:Sep 05 07:41:57 smithi144 ceph-mon[29535]: from='client.? 172.21.15.144:0/3595681893' entity='client.admin'
2024-09-05T07:41:58.071 INFO:teuthology.orchestra.run.smithi144.stdout:/usr/bin/ceph: stderr
2024-09-05T07:41:57.146+0000 7fd761600640 1 Processor -- start
2024-09-05T07:41:58.071 INFO:teuthology.orchestra.run.smithi144.stdout:/usr/bin/ceph: stderr
2024-09-05T07:41:57.146+0000 7fd761600640 1 -- start start
2024-09-05T07:41:58.072 INFO:teuthology.orchestra.run.smithi144.stdout:/usr/bin/ceph: stderr
2024-09-05T07:41:57.146+0000 7fd761600640 1 --2- >> [v2:172.21.15.144:3300/0,v1:172.21.15.144:6789/0] conn(0x7fd75c105d00 0x7fd75c106100 unknown :-1 s=NONE pgs=0 cs=0 l=0 rev1=0 crypto rx=0 tx=0 comp rx=0 tx=0).connect
2024-09-05T07:41:58.072 INFO:teuthology.orchestra.run.smithi144.stdout:/usr/bin/ceph: stderr
2024-09-05T07:41:57.146+0000 7fd761600640 1 -- --> [v2:172.21.15.144:3300/0,v1:172.21.15.144:6789/0] -- mon_getmap magic: 0 -- 0x7fd75c07be30 con 0x7fd75c105d00
2024-09-05T07:41:58.072 INFO:teuthology.orchestra.run.smithi144.stdout:/usr/bin/ceph: stderr
2024-09-05T07:41:57.146+0000 7fd75be00640 1 --2- >> [v2:172.21.15.144:3300/0,v1:172.21.15.144:6789/0] conn(0x7fd75c105d00 0x7fd75c106100 unknown :-1 s=BANNER_CONNECTING pgs=0 cs=0 l=0 rev1=0 crypto rx=0 tx=0 comp rx=0 tx=0)._handle_peer_banner_payload supported=3 required=0
2024-09-05T07:41:58.072 INFO:teuthology.orchestra.run.smithi144.stdout:/usr/bin/ceph: stderr
2024-09-05T07:41:57.146+0000 7fd75be00640 1 --2- >> [v2:172.21.15.144:3300/0,v1:172.21.15.144:6789/0] conn(0x7fd75c105d00 0x7fd75c106100 unknown :-1 s=HELLO_CONNECTING pgs=0 cs=0 l=0 rev1=1 crypto rx=0 tx=0 comp rx=0 tx=0).handle_hello peer v2:172.21.15.144:3300/0 says I am v2:172.21.15.144:60588/0 (socket says 172.21.15.144:60588)
2024-09-05T07:41:58.072 INFO:teuthology.orchestra.run.smithi144.stdout:/usr/bin/ceph: stderr
2024-09-05T07:41:57.146+0000 7fd75be00640 1 -- 172.21.15.144:0/469192206 learned_addr learned my addr 172.21.15.144:0/469192206 (peer_addr_for_me v2:172.21.15.144:0/0)
2024-09-05T07:41:58.072 INFO:teuthology.orchestra.run.smithi144.stdout:/usr/bin/ceph: stderr
2024-09-05T07:41:57.147+0000 7fd75be00640 1 -- 172.21.15.144:0/469192206 --> [v2:172.21.15.144:3300/0,v1:172.21.15.144:6789/0] -- mon_subscribe({config=0+,monmap=0+}) -- 0x7fd75c106640 con 0x7fd75c105d00
2024-09-05T07:41:58.072 INFO:teuthology.orchestra.run.smithi144.stdout:/usr/bin/ceph: stderr
2024-09-05T07:41:57.148+0000 7fd75be00640 1 --2- 172.21.15.144:0/469192206 >> [v2:172.21.15.144:3300/0,v1:172.21.15.144:6789/0] conn(0x7fd75c105d00 0x7fd75c106100 secure :-1 s=READY pgs=51 cs=0 l=1 rev1=1 crypto rx=0x7fd74c009820 tx=0x7fd74c02a270 comp rx=0 tx=0).ready entity=mon.0 client_cookie=f6abcb81370df7 server_cookie=0 in_seq=0 out_seq=0
2024-09-05T07:41:58.072 INFO:teuthology.orchestra.run.smithi144.stdout:/usr/bin/ceph: stderr
2024-09-05T07:41:57.148+0000 7fd75aa00640 1 -- 172.21.15.144:0/469192206 <== mon.0 v2:172.21.15.144:3300/0 1 ==== mon_map magic: 0 ==== 205+0+0 (secure 0 0 0) 0x7fd74c037070 con 0x7fd75c105d00
2024-09-05T07:41:58.072 INFO:teuthology.orchestra.run.smithi144.stdout:/usr/bin/ceph: stderr
2024-09-05T07:41:57.148+0000 7fd75aa00640 1 -- 172.21.15.144:0/469192206 <== mon.0 v2:172.21.15.144:3300/0 2 ==== config(27 keys) ==== 1140+0+0 (secure 0 0 0) 0x7fd74c032920 con 0x7fd75c105d00
2024-09-05T07:41:58.072 INFO:teuthology.orchestra.run.smithi144.stdout:/usr/bin/ceph: stderr
2024-09-05T07:41:57.148+0000 7fd75aa00640 1 -- 172.21.15.144:0/469192206 <== mon.0 v2:172.21.15.144:3300/0 3 ==== mon_map magic: 0 ==== 205+0+0 (secure 0 0 0) 0x7fd74c030810 con 0x7fd75c105d00
2024-09-05T07:41:58.072 INFO:teuthology.orchestra.run.smithi144.stdout:/usr/bin/ceph: stderr
2024-09-05T07:41:57.149+0000 7fd761600640 1 -- 172.21.15.144:0/469192206 >> [v2:172.21.15.144:3300/0,v1:172.21.15.144:6789/0] conn(0x7fd75c105d00 msgr2=0x7fd75c106100 secure :-1 s=STATE_CONNECTION_ESTABLISHED l=1).mark_down
2024-09-05T07:41:58.072 INFO:teuthology.orchestra.run.smithi144.stdout:/usr/bin/ceph: stderr
2024-09-05T07:41:57.149+0000 7fd761600640 1 --2- 172.21.15.144:0/469192206 >> [v2:172.21.15.144:3300/0,v1:172.21.15.144:6789/0] conn(0x7fd75c105d00 0x7fd75c106100 secure :-1 s=READY pgs=51 cs=0 l=1 rev1=1 crypto rx=0x7fd74c009820 tx=0x7fd74c02a270 comp rx=0 tx=0).stop
2024-09-05T07:41:58.073 INFO:teuthology.orchestra.run.smithi144.stdout:/usr/bin/ceph: stderr
2024-09-05T07:41:57.149+0000 7fd761600640 1 -- 172.21.15.144:0/469192206 shutdown_connections
2024-09-05T07:41:58.073 INFO:teuthology.orchestra.run.smithi144.stdout:/usr/bin/ceph: stderr
2024-09-05T07:41:57.149+0000 7fd761600640 1 --2- 172.21.15.144:0/469192206 >> [v2:172.21.15.144:3300/0,v1:172.21.15.144:6789/0] conn(0x7fd75c105d00 0x7fd75c106100 unknown :-1 s=CLOSED pgs=51 cs=0 l=1 rev1=1 crypto rx=0 tx=0 comp rx=0 tx=0).stop
2024-09-05T07:41:58.073 INFO:teuthology.orchestra.run.smithi144.stdout:/usr/bin/ceph: stderr
2024-09-05T07:41:57.149+0000 7fd761600640 1 -- 172.21.15.144:0/469192206 >> 172.21.15.144:0/469192206 conn(0x7fd75c101a70 msgr2=0x7fd75c103ef0 unknown :-1 s=STATE_NONE l=0).mark_down
2024-09-05T07:41:58.073 INFO:teuthology.orchestra.run.smithi144.stdout:/usr/bin/ceph: stderr
2024-09-05T07:41:57.149+0000 7fd761600640 1 -- 172.21.15.144:0/469192206 shutdown_connections
2024-09-05T07:41:58.073 INFO:teuthology.orchestra.run.smithi144.stdout:/usr/bin/ceph: stderr
2024-09-05T07:41:57.149+0000 7fd761600640 1 -- 172.21.15.144:0/469192206 wait complete.
2024-09-05T07:41:58.073 INFO:teuthology.orchestra.run.smithi144.stdout:/usr/bin/ceph: stderr
2024-09-05T07:41:57.150+0000 7fd761600640 1 Processor -- start
2024-09-05T07:41:58.073 INFO:teuthology.orchestra.run.smithi144.stdout:/usr/bin/ceph: stderr
2024-09-05T07:41:57.150+0000 7fd761600640 1 -- start start
2024-09-05T07:41:58.073 INFO:teuthology.orchestra.run.smithi144.stdout:/usr/bin/ceph: stderr
2024-09-05T07:41:57.150+0000 7fd761600640 1 --2- >> [v2:172.21.15.144:3300/0,v1:172.21.15.144:6789/0] conn(0x7fd75c105d00 0x7fd75c19d660 unknown :-1 s=NONE pgs=0 cs=0 l=1 rev1=0 crypto rx=0 tx=0 comp rx=0 tx=0).connect
2024-09-05T07:41:58.073 INFO:teuthology.orchestra.run.smithi144.stdout:/usr/bin/ceph: stderr
2024-09-05T07:41:57.150+0000 7fd761600640 1 -- --> [v2:172.21.15.144:3300/0,v1:172.21.15.144:6789/0] -- mon_getmap magic: 0 -- 0x7fd75c107780 con 0x7fd75c105d00
2024-09-05T07:41:58.073 INFO:teuthology.orchestra.run.smithi144.stdout:/usr/bin/ceph: stderr
2024-09-05T07:41:57.151+0000 7fd75be00640 1 --2- >> [v2:172.21.15.144:3300/0,v1:172.21.15.144:6789/0] conn(0x7fd75c105d00 0x7fd75c19d660 unknown :-1 s=BANNER_CONNECTING pgs=0 cs=0 l=1 rev1=0 crypto rx=0 tx=0 comp rx=0 tx=0)._handle_peer_banner_payload supported=3 required=0
2024-09-05T07:41:58.073 INFO:teuthology.orchestra.run.smithi144.stdout:/usr/bin/ceph: stderr
2024-09-05T07:41:57.151+0000 7fd75be00640 1 --2- >> [v2:172.21.15.144:3300/0,v1:172.21.15.144:6789/0] conn(0x7fd75c105d00 0x7fd75c19d660 unknown :-1 s=HELLO_CONNECTING pgs=0 cs=0 l=1 rev1=1 crypto rx=0 tx=0 comp rx=0 tx=0).handle_hello peer v2:172.21.15.144:3300/0 says I am v2:172.21.15.144:60598/0 (socket says 172.21.15.144:60598)
2024-09-05T07:41:58.073 INFO:teuthology.orchestra.run.smithi144.stdout:/usr/bin/ceph: stderr
2024-09-05T07:41:57.151+0000 7fd75be00640 1 -- 172.21.15.144:0/3595681893 learned_addr learned my addr 172.21.15.144:0/3595681893 (peer_addr_for_me v2:172.21.15.144:0/0)
2024-09-05T07:41:58.074 INFO:teuthology.orchestra.run.smithi144.stdout:/usr/bin/ceph: stderr
2024-09-05T07:41:57.151+0000 7fd75be00640 1 -- 172.21.15.144:0/3595681893 --> [v2:172.21.15.144:3300/0,v1:172.21.15.144:6789/0] -- mon_subscribe({config=0+,monmap=0+}) -- 0x7fd75c19dba0 con 0x7fd75c105d00
2024-09-05T07:41:58.074 INFO:teuthology.orchestra.run.smithi144.stdout:/usr/bin/ceph: stderr
2024-09-05T07:41:57.151+0000 7fd75be00640 1 --2- 172.21.15.144:0/3595681893 >> [v2:172.21.15.144:3300/0,v1:172.21.15.144:6789/0] conn(0x7fd75c105d00 0x7fd75c19d660 secure :-1 s=READY pgs=52 cs=0 l=1 rev1=1 crypto rx=0x7fd74c0097f0 tx=0x7fd74c0327b0 comp rx=0 tx=0).ready entity=mon.0 client_cookie=0 server_cookie=0 in_seq=0 out_seq=0
2024-09-05T07:41:58.074 INFO:teuthology.orchestra.run.smithi144.stdout:/usr/bin/ceph: stderr
2024-09-05T07:41:57.151+0000 7fd758c00640 1 -- 172.21.15.144:0/3595681893 <== mon.0 v2:172.21.15.144:3300/0 1 ==== mon_map magic: 0 ==== 205+0+0 (secure 0 0 0) 0x7fd74c037040 con 0x7fd75c105d00
2024-09-05T07:41:58.074 INFO:teuthology.orchestra.run.smithi144.stdout:/usr/bin/ceph: stderr
2024-09-05T07:41:57.152+0000 7fd758c00640 1 -- 172.21.15.144:0/3595681893 <== mon.0 v2:172.21.15.144:3300/0 2 ==== config(27 keys) ==== 1140+0+0 (secure 0 0 0) 0x7fd74c030c40 con 0x7fd75c105d00
2024-09-05T07:41:58.074 INFO:teuthology.orchestra.run.smithi144.stdout:/usr/bin/ceph: stderr
2024-09-05T07:41:57.152+0000 7fd761600640 1 -- 172.21.15.144:0/3595681893 --> [v2:172.21.15.144:3300/0,v1:172.21.15.144:6789/0] -- mon_subscribe({mgrmap=0+}) -- 0x7fd75c19de30 con 0x7fd75c105d00
2024-09-05T07:41:58.074 INFO:teuthology.orchestra.run.smithi144.stdout:/usr/bin/ceph: stderr
2024-09-05T07:41:57.152+0000 7fd758c00640 1 -- 172.21.15.144:0/3595681893 <== mon.0 v2:172.21.15.144:3300/0 3 ==== mon_map magic: 0 ==== 205+0+0 (secure 0 0 0) 0x7fd74c03a5d0 con 0x7fd75c105d00
2024-09-05T07:41:58.074 INFO:teuthology.orchestra.run.smithi144.stdout:/usr/bin/ceph: stderr
2024-09-05T07:41:57.152+0000 7fd761600640 1 -- 172.21.15.144:0/3595681893 --> [v2:172.21.15.144:3300/0,v1:172.21.15.144:6789/0] -- mon_subscribe({osdmap=0}) -- 0x7fd75c1a0b20 con 0x7fd75c105d00
2024-09-05T07:41:58.074 INFO:teuthology.orchestra.run.smithi144.stdout:/usr/bin/ceph: stderr
2024-09-05T07:41:57.153+0000 7fd758c00640 1 -- 172.21.15.144:0/3595681893 <== mon.0 v2:172.21.15.144:3300/0 4 ==== mgrmap(e 8) ==== 46287+0+0 (secure 0 0 0) 0x7fd74c03a7c0 con 0x7fd75c105d00
2024-09-05T07:41:58.074 INFO:teuthology.orchestra.run.smithi144.stdout:/usr/bin/ceph: stderr
2024-09-05T07:41:57.153+0000 7fd761600640 1 -- 172.21.15.144:0/3595681893 --> [v2:172.21.15.144:3300/0,v1:172.21.15.144:6789/0] -- mon_command({"prefix": "get_command_descriptions"} v 0) -- 0x7fd75c106100 con 0x7fd75c105d00
2024-09-05T07:41:58.074 INFO:teuthology.orchestra.run.smithi144.stdout:/usr/bin/ceph: stderr
2024-09-05T07:41:57.154+0000 7fd758c00640 1 --2- 172.21.15.144:0/3595681893 >> [v2:172.21.15.144:6800/490246891,v1:172.21.15.144:6801/490246891] conn(0x7fd740038fc0 0x7fd74003b480 unknown :-1 s=NONE pgs=0 cs=0 l=1 rev1=0 crypto rx=0 tx=0 comp rx=0 tx=0).connect
2024-09-05T07:41:58.074 INFO:teuthology.orchestra.run.smithi144.stdout:/usr/bin/ceph: stderr
2024-09-05T07:41:57.154+0000 7fd758c00640 1 -- 172.21.15.144:0/3595681893 <== mon.0 v2:172.21.15.144:3300/0 5 ==== osd_map(2..2 src has 1..2) ==== 940+0+0 (secure 0 0 0) 0x7fd74c06c5e0 con 0x7fd75c105d00
2024-09-05T07:41:58.074 INFO:teuthology.orchestra.run.smithi144.stdout:/usr/bin/ceph: stderr
2024-09-05T07:41:57.154+0000 7fd75b400640 1 --2- 172.21.15.144:0/3595681893 >> [v2:172.21.15.144:6800/490246891,v1:172.21.15.144:6801/490246891] conn(0x7fd740038fc0 0x7fd74003b480 unknown :-1 s=BANNER_CONNECTING pgs=0 cs=0 l=1 rev1=0 crypto rx=0 tx=0 comp rx=0 tx=0)._handle_peer_banner_payload supported=3 required=0
2024-09-05T07:41:58.074 INFO:teuthology.orchestra.run.smithi144.stdout:/usr/bin/ceph: stderr
2024-09-05T07:41:57.155+0000 7fd75b400640 1 --2- 172.21.15.144:0/3595681893 >> [v2:172.21.15.144:6800/490246891,v1:172.21.15.144:6801/490246891] conn(0x7fd740038fc0 0x7fd74003b480 secure :-1 s=READY pgs=15 cs=0 l=1 rev1=1 crypto rx=0x7fd7480098c0 tx=0x7fd748006db0 comp rx=0 tx=0).ready entity=mgr.14118 client_cookie=0 server_cookie=0 in_seq=0 out_seq=0
2024-09-05T07:41:58.074 INFO:teuthology.orchestra.run.smithi144.stdout:/usr/bin/ceph: stderr
2024-09-05T07:41:57.159+0000 7fd758c00640 1 -- 172.21.15.144:0/3595681893 <== mon.0 v2:172.21.15.144:3300/0 6 ==== mon_command_ack([{"prefix": "get_command_descriptions"}]=0 v0) ==== 72+0+188821 (secure 0 0 0) 0x7fd74c0392f0 con 0x7fd75c105d00
2024-09-05T07:41:58.075 INFO:teuthology.orchestra.run.smithi144.stdout:/usr/bin/ceph: stderr
2024-09-05T07:41:57.342+0000 7fd761600640 1 -- 172.21.15.144:0/3595681893 --> [v2:172.21.15.144:3300/0,v1:172.21.15.144:6789/0] -- mon_command([{prefix=config set, name=mgr/dashboard/ssl_server_port}] v 0) -- 0x7fd75c196ad0 con 0x7fd75c105d00
2024-09-05T07:41:58.075 INFO:teuthology.orchestra.run.smithi144.stdout:/usr/bin/ceph: stderr
2024-09-05T07:41:57.344+0000 7fd758c00640 1 -- 172.21.15.144:0/3595681893 <== mon.0 v2:172.21.15.144:3300/0 7 ==== mon_command_ack([{prefix=config set, name=mgr/dashboard/ssl_server_port}]=0 v8)=0 v8) ==== 130+0+0 (secure 0 0 0) 0x7fd74c06bf70 con 0x7fd75c105d00
2024-09-05T07:41:58.075 INFO:teuthology.orchestra.run.smithi144.stdout:/usr/bin/ceph: stderr
2024-09-05T07:41:57.347+0000 7fd761600640 1 -- 172.21.15.144:0/3595681893 >> [v2:172.21.15.144:6800/490246891,v1:172.21.15.144:6801/490246891] conn(0x7fd740038fc0 msgr2=0x7fd74003b480 secure :-1 s=STATE_CONNECTION_ESTABLISHED l=1).mark_down
2024-09-05T07:41:58.075 INFO:teuthology.orchestra.run.smithi144.stdout:/usr/bin/ceph: stderr
2024-09-05T07:41:57.347+0000 7fd761600640 1 --2- 172.21.15.144:0/3595681893 >> [v2:172.21.15.144:6800/490246891,v1:172.21.15.144:6801/490246891] conn(0x7fd740038fc0 0x7fd74003b480 secure :-1 s=READY pgs=15 cs=0 l=1 rev1=1 crypto rx=0x7fd7480098c0 tx=0x7fd748006db0 comp rx=0 tx=0).stop
2024-09-05T07:41:58.075 INFO:teuthology.orchestra.run.smithi144.stdout:/usr/bin/ceph: stderr
2024-09-05T07:41:57.347+0000 7fd761600640 1 -- 172.21.15.144:0/3595681893 >> [v2:172.21.15.144:3300/0,v1:172.21.15.144:6789/0] conn(0x7fd75c105d00 msgr2=0x7fd75c19d660 secure :-1 s=STATE_CONNECTION_ESTABLISHED l=1).mark_down
2024-09-05T07:41:58.075 INFO:teuthology.orchestra.run.smithi144.stdout:/usr/bin/ceph: stderr
2024-09-05T07:41:57.347+0000 7fd761600640 1 --2- 172.21.15.144:0/3595681893 >> [v2:172.21.15.144:3300/0,v1:172.21.15.144:6789/0] conn(0x7fd75c105d00 0x7fd75c19d660 secure :-1 s=READY pgs=52 cs=0 l=1 rev1=1 crypto rx=0x7fd74c0097f0 tx=0x7fd74c0327b0 comp rx=0 tx=0).stop
2024-09-05T07:41:58.075 INFO:teuthology.orchestra.run.smithi144.stdout:/usr/bin/ceph: stderr
2024-09-05T07:41:57.347+0000 7fd761600640 1 -- 172.21.15.144:0/3595681893 shutdown_connections
2024-09-05T07:41:58.075 INFO:teuthology.orchestra.run.smithi144.stdout:/usr/bin/ceph: stderr
2024-09-05T07:41:57.347+0000 7fd761600640 1 --2- 172.21.15.144:0/3595681893 >> [v2:172.21.15.144:6800/490246891,v1:172.21.15.144:6801/490246891] conn(0x7fd740038fc0 0x7fd74003b480 unknown :-1 s=CLOSED pgs=15 cs=0 l=1 rev1=1 crypto rx=0 tx=0 comp rx=0 tx=0).stop
2024-09-05T07:41:58.075 INFO:teuthology.orchestra.run.smithi144.stdout:/usr/bin/ceph: stderr
2024-09-05T07:41:57.347+0000 7fd761600640 1 --2- 172.21.15.144:0/3595681893 >> [v2:172.21.15.144:3300/0,v1:172.21.15.144:6789/0] conn(0x7fd75c105d00 0x7fd75c19d660 unknown :-1 s=CLOSED pgs=52 cs=0 l=1 rev1=1 crypto rx=0 tx=0 comp rx=0 tx=0).stop
2024-09-05T07:41:58.075 INFO:teuthology.orchestra.run.smithi144.stdout:/usr/bin/ceph: stderr
2024-09-05T07:41:57.347+0000 7fd761600640 1 -- 172.21.15.144:0/3595681893 >> 172.21.15.144:0/3595681893 conn(0x7fd75c101a70 msgr2=0x7fd75c191960 unknown :-1 s=STATE_NONE l=0).mark_down
2024-09-05T07:41:58.075 INFO:teuthology.orchestra.run.smithi144.stdout:/usr/bin/ceph: stderr
2024-09-05T07:41:57.347+0000 7fd761600640 1 -- 172.21.15.144:0/3595681893 shutdown_connections
2024-09-05T07:41:58.075 INFO:teuthology.orchestra.run.smithi144.stdout:/usr/bin/ceph: stderr
2024-09-05T07:41:57.347+0000 7fd761600640 1 -- 172.21.15.144:0/3595681893 wait complete.
2024-09-05T07:41:58.075 INFO:teuthology.orchestra.run.smithi144.stdout:Enabling the dashboard module...
2024-09-05T07:41:59.535 INFO:journalctl@ceph.mon.a.smithi144.stdout:Sep 05 07:41:59 smithi144 ceph-mon[29535]: pgmap v3: 0 pgs: ; 0 B data, 0 B used, 0 B / 0 B avail
2024-09-05T07:41:59.535 INFO:journalctl@ceph.mon.a.smithi144.stdout:Sep 05 07:41:59 smithi144 ceph-mon[29535]: from='client.? 172.21.15.144:0/2544439684' entity='client.admin' cmd=[{"prefix": "mgr module enable", "module": "dashboard"}]: dispatch
2024-09-05T07:41:59.535 INFO:journalctl@ceph.mgr.x.smithi144.stdout:Sep 05 07:41:59 smithi144 ceph-17138d32-6b5a-11ef-bcd6-c7b262605968-mgr-x[29760]: ignoring --setuser ceph since I am not root
2024-09-05T07:41:59.535 INFO:journalctl@ceph.mgr.x.smithi144.stdout:Sep 05 07:41:59 smithi144 ceph-17138d32-6b5a-11ef-bcd6-c7b262605968-mgr-x[29760]: ignoring --setgroup ceph since I am not root
2024-09-05T07:41:59.536 INFO:journalctl@ceph.mgr.x.smithi144.stdout:Sep 05 07:41:59 smithi144 ceph-17138d32-6b5a-11ef-bcd6-c7b262605968-mgr-x[29760]:
2024-09-05T07:41:59.534+0000 7fa831692040 -1 mgr[py] Module osd_perf_query has missing NOTIFY_TYPES member
2024-09-05T07:41:59.792 INFO:journalctl@ceph.mgr.x.smithi144.stdout:Sep 05 07:41:59 smithi144 ceph-17138d32-6b5a-11ef-bcd6-c7b262605968-mgr-x[29760]:
2024-09-05T07:41:59.607+0000 7fa831692040 -1 mgr[py] Module osd_support has missing NOTIFY_TYPES member
2024-09-05T07:41:59.792 INFO:journalctl@ceph.mgr.x.smithi144.stdout:Sep 05 07:41:59 smithi144 ceph-17138d32-6b5a-11ef-bcd6-c7b262605968-mgr-x[29760]:
2024-09-05T07:41:59.790+0000 7fa831692040 -1 mgr[py] Module diskprediction_local has missing NOTIFY_TYPES member
2024-09-05T07:42:00.044 INFO:journalctl@ceph.mgr.x.smithi144.stdout:Sep 05 07:41:59 smithi144 ceph-17138d32-6b5a-11ef-bcd6-c7b262605968-mgr-x[29760]:
2024-09-05T07:41:59.870+0000 7fa831692040 -1 mgr[py] Module crash has missing NOTIFY_TYPES member
2024-09-05T07:42:00.044 INFO:journalctl@ceph.mgr.x.smithi144.stdout:Sep 05 07:42:00 smithi144 ceph-17138d32-6b5a-11ef-bcd6-c7b262605968-mgr-x[29760]:
2024-09-05T07:42:00.043+0000 7fa831692040 -1 mgr[py] Module test_orchestrator has missing NOTIFY_TYPES member
2024-09-05T07:42:00.188 INFO:teuthology.orchestra.run.smithi144.stdout:/usr/bin/ceph: stderr
2024-09-05T07:41:58.992+0000 7f3d99a00640 1 Processor -- start
2024-09-05T07:42:00.188 INFO:teuthology.orchestra.run.smithi144.stdout:/usr/bin/ceph: stderr
2024-09-05T07:41:58.992+0000 7f3d99a00640 1 -- start start
2024-09-05T07:42:00.188 INFO:teuthology.orchestra.run.smithi144.stdout:/usr/bin/ceph: stderr
2024-09-05T07:41:58.992+0000 7f3d99a00640 1 --2- >> [v2:172.21.15.144:3300/0,v1:172.21.15.144:6789/0] conn(0x7f3d94105f00 0x7f3d94106300 unknown :-1 s=NONE pgs=0 cs=0 l=0 rev1=0 crypto rx=0 tx=0 comp rx=0 tx=0).connect
2024-09-05T07:42:00.188 INFO:teuthology.orchestra.run.smithi144.stdout:/usr/bin/ceph: stderr
2024-09-05T07:41:58.992+0000 7f3d99a00640 1 -- --> [v2:172.21.15.144:3300/0,v1:172.21.15.144:6789/0] -- mon_getmap magic: 0 -- 0x7f3d9407bde0 con 0x7f3d94105f00
2024-09-05T07:42:00.188 INFO:teuthology.orchestra.run.smithi144.stdout:/usr/bin/ceph: stderr
2024-09-05T07:41:58.993+0000 7f3d92a00640 1 --2- >> [v2:172.21.15.144:3300/0,v1:172.21.15.144:6789/0] conn(0x7f3d94105f00 0x7f3d94106300 unknown :-1 s=BANNER_CONNECTING pgs=0 cs=0 l=0 rev1=0 crypto rx=0 tx=0 comp rx=0 tx=0)._handle_peer_banner_payload supported=3 required=0
2024-09-05T07:42:00.189 INFO:teuthology.orchestra.run.smithi144.stdout:/usr/bin/ceph: stderr
2024-09-05T07:41:58.993+0000 7f3d92a00640 1 --2- >> [v2:172.21.15.144:3300/0,v1:172.21.15.144:6789/0] conn(0x7f3d94105f00 0x7f3d94106300 unknown :-1 s=HELLO_CONNECTING pgs=0 cs=0 l=0 rev1=1 crypto rx=0 tx=0 comp rx=0 tx=0).handle_hello peer v2:172.21.15.144:3300/0 says I am v2:172.21.15.144:60604/0 (socket says 172.21.15.144:60604)
2024-09-05T07:42:00.189 INFO:teuthology.orchestra.run.smithi144.stdout:/usr/bin/ceph: stderr
2024-09-05T07:41:58.993+0000 7f3d92a00640 1 -- 172.21.15.144:0/240734376 learned_addr learned my addr 172.21.15.144:0/240734376 (peer_addr_for_me v2:172.21.15.144:0/0)
2024-09-05T07:42:00.189 INFO:teuthology.orchestra.run.smithi144.stdout:/usr/bin/ceph: stderr
2024-09-05T07:41:58.993+0000 7f3d92a00640 1 -- 172.21.15.144:0/240734376 --> [v2:172.21.15.144:3300/0,v1:172.21.15.144:6789/0] -- mon_subscribe({config=0+,monmap=0+}) -- 0x7f3d94106840 con 0x7f3d94105f00
2024-09-05T07:42:00.189 INFO:teuthology.orchestra.run.smithi144.stdout:/usr/bin/ceph: stderr
2024-09-05T07:41:58.994+0000 7f3d92a00640 1 --2- 172.21.15.144:0/240734376 >> [v2:172.21.15.144:3300/0,v1:172.21.15.144:6789/0] conn(0x7f3d94105f00 0x7f3d94106300 secure :-1 s=READY pgs=53 cs=0 l=1 rev1=1 crypto rx=0x7f3d84009820 tx=0x7f3d8402a270 comp rx=0 tx=0).ready entity=mon.0 client_cookie=e32adc899941d766 server_cookie=0 in_seq=0 out_seq=0
2024-09-05T07:42:00.189 INFO:teuthology.orchestra.run.smithi144.stdout:/usr/bin/ceph: stderr
2024-09-05T07:41:58.994+0000 7f3d91600640 1 -- 172.21.15.144:0/240734376 <== mon.0 v2:172.21.15.144:3300/0 1 ==== mon_map magic: 0 ==== 205+0+0 (secure 0 0 0) 0x7f3d84037070 con 0x7f3d94105f00
2024-09-05T07:42:00.189 INFO:teuthology.orchestra.run.smithi144.stdout:/usr/bin/ceph: stderr
2024-09-05T07:41:58.994+0000 7f3d91600640 1 -- 172.21.15.144:0/240734376 <== mon.0 v2:172.21.15.144:3300/0 2 ==== config(27 keys) ==== 1140+0+0 (secure 0 0 0) 0x7f3d84032920 con 0x7f3d94105f00
2024-09-05T07:42:00.189 INFO:teuthology.orchestra.run.smithi144.stdout:/usr/bin/ceph: stderr
2024-09-05T07:41:58.994+0000 7f3d91600640 1 -- 172.21.15.144:0/240734376 <== mon.0 v2:172.21.15.144:3300/0 3 ==== mon_map magic: 0 ==== 205+0+0 (secure 0 0 0) 0x7f3d84030810 con 0x7f3d94105f00
2024-09-05T07:42:00.189 INFO:teuthology.orchestra.run.smithi144.stdout:/usr/bin/ceph: stderr
2024-09-05T07:41:58.995+0000 7f3d99a00640 1 -- 172.21.15.144:0/240734376 >> [v2:172.21.15.144:3300/0,v1:172.21.15.144:6789/0] conn(0x7f3d94105f00 msgr2=0x7f3d94106300 secure :-1 s=STATE_CONNECTION_ESTABLISHED l=1).mark_down
2024-09-05T07:42:00.189 INFO:teuthology.orchestra.run.smithi144.stdout:/usr/bin/ceph: stderr
2024-09-05T07:41:58.995+0000 7f3d99a00640 1 --2- 172.21.15.144:0/240734376 >> [v2:172.21.15.144:3300/0,v1:172.21.15.144:6789/0] conn(0x7f3d94105f00 0x7f3d94106300 secure :-1 s=READY pgs=53 cs=0 l=1 rev1=1 crypto rx=0x7f3d84009820 tx=0x7f3d8402a270 comp rx=0 tx=0).stop
2024-09-05T07:42:00.190 INFO:teuthology.orchestra.run.smithi144.stdout:/usr/bin/ceph: stderr
2024-09-05T07:41:58.995+0000 7f3d99a00640 1 -- 172.21.15.144:0/240734376 shutdown_connections
2024-09-05T07:42:00.190 INFO:teuthology.orchestra.run.smithi144.stdout:/usr/bin/ceph: stderr
2024-09-05T07:41:58.995+0000 7f3d99a00640 1 --2- 172.21.15.144:0/240734376 >> [v2:172.21.15.144:3300/0,v1:172.21.15.144:6789/0] conn(0x7f3d94105f00 0x7f3d94106300 unknown :-1 s=CLOSED pgs=53 cs=0 l=1 rev1=1 crypto rx=0 tx=0 comp rx=0 tx=0).stop
2024-09-05T07:42:00.190 INFO:teuthology.orchestra.run.smithi144.stdout:/usr/bin/ceph: stderr
2024-09-05T07:41:58.995+0000 7f3d99a00640 1 -- 172.21.15.144:0/240734376 >> 172.21.15.144:0/240734376 conn(0x7f3d94101cd0 msgr2=0x7f3d941040f0 unknown :-1 s=STATE_NONE l=0).mark_down
2024-09-05T07:42:00.190 INFO:teuthology.orchestra.run.smithi144.stdout:/usr/bin/ceph: stderr
2024-09-05T07:41:58.995+0000 7f3d99a00640 1 -- 172.21.15.144:0/240734376 shutdown_connections
2024-09-05T07:42:00.190 INFO:teuthology.orchestra.run.smithi144.stdout:/usr/bin/ceph: stderr
2024-09-05T07:41:58.995+0000 7f3d99a00640 1 -- 172.21.15.144:0/240734376 wait complete.
2024-09-05T07:42:00.190 INFO:teuthology.orchestra.run.smithi144.stdout:/usr/bin/ceph: stderr
2024-09-05T07:41:58.996+0000 7f3d99a00640 1 Processor -- start
2024-09-05T07:42:00.190 INFO:teuthology.orchestra.run.smithi144.stdout:/usr/bin/ceph: stderr
2024-09-05T07:41:58.996+0000 7f3d99a00640 1 -- start start
2024-09-05T07:42:00.190 INFO:teuthology.orchestra.run.smithi144.stdout:/usr/bin/ceph: stderr
