2024-09-05T07:42:02.250+0000 7f9f7be00640 1 -- 172.21.15.144:0/4207751649 <== mon.0 v2:172.21.15.144:3300/0 4 ==== mgrmap(e 9) ==== 46300+0+0 (secure 0 0 0) 0x7f9f7403b3f0 con 0x7f9f8407de80
2024-09-05T07:42:07.342 INFO:teuthology.orchestra.run.smithi144.stdout:/usr/bin/ceph: stderr
2024-09-05T07:42:02.251+0000 7f9f7be00640 1 --2- 172.21.15.144:0/4207751649 >> [v2:172.21.15.144:6800/490246891,v1:172.21.15.144:6801/490246891] conn(0x7f9f68038fc0 0x7f9f6803b480 unknown :-1 s=NONE pgs=0 cs=0 l=1 rev1=0 crypto rx=0 tx=0 comp rx=0 tx=0).connect
2024-09-05T07:42:07.342 INFO:teuthology.orchestra.run.smithi144.stdout:/usr/bin/ceph: stderr
2024-09-05T07:42:02.251+0000 7f9f7be00640 1 -- 172.21.15.144:0/4207751649 --> [v2:172.21.15.144:6800/490246891,v1:172.21.15.144:6801/490246891] -- command(tid 0: {"prefix": "get_command_descriptions"}) -- 0x7f9f6803bb90 con 0x7f9f68038fc0
2024-09-05T07:42:07.342 INFO:teuthology.orchestra.run.smithi144.stdout:/usr/bin/ceph: stderr
2024-09-05T07:42:02.251+0000 7f9f7be00640 1 -- 172.21.15.144:0/4207751649 <== mon.0 v2:172.21.15.144:3300/0 5 ==== osd_map(2..2 src has 1..2) ==== 940+0+0 (secure 0 0 0) 0x7f9f7406c5b0 con 0x7f9f8407de80
2024-09-05T07:42:07.342 INFO:teuthology.orchestra.run.smithi144.stdout:/usr/bin/ceph: stderr
2024-09-05T07:42:02.251+0000 7f9f82a00640 1 -- 172.21.15.144:0/4207751649 >> [v2:172.21.15.144:6800/490246891,v1:172.21.15.144:6801/490246891] conn(0x7f9f68038fc0 msgr2=0x7f9f6803b480 unknown :-1 s=STATE_CONNECTING_RE l=1).process reconnect failed to v2:172.21.15.144:6800/490246891
2024-09-05T07:42:07.342 INFO:teuthology.orchestra.run.smithi144.stdout:/usr/bin/ceph: stderr
2024-09-05T07:42:02.251+0000 7f9f82a00640 1 --2- 172.21.15.144:0/4207751649 >> [v2:172.21.15.144:6800/490246891,v1:172.21.15.144:6801/490246891] conn(0x7f9f68038fc0 0x7f9f6803b480 unknown :-1 s=START_CONNECT pgs=0 cs=0 l=1 rev1=0 crypto rx=0 tx=0 comp rx=0 tx=0)._fault waiting 0.200000
2024-09-05T07:42:07.342 INFO:teuthology.orchestra.run.smithi144.stdout:/usr/bin/ceph: stderr
2024-09-05T07:42:02.452+0000 7f9f82a00640 1 -- 172.21.15.144:0/4207751649 >> [v2:172.21.15.144:6800/490246891,v1:172.21.15.144:6801/490246891] conn(0x7f9f68038fc0 msgr2=0x7f9f6803b480 unknown :-1 s=STATE_CONNECTING_RE l=1).process reconnect failed to v2:172.21.15.144:6800/490246891
2024-09-05T07:42:07.342 INFO:teuthology.orchestra.run.smithi144.stdout:/usr/bin/ceph: stderr
2024-09-05T07:42:02.452+0000 7f9f82a00640 1 --2- 172.21.15.144:0/4207751649 >> [v2:172.21.15.144:6800/490246891,v1:172.21.15.144:6801/490246891] conn(0x7f9f68038fc0 0x7f9f6803b480 unknown :-1 s=START_CONNECT pgs=0 cs=0 l=1 rev1=0 crypto rx=0 tx=0 comp rx=0 tx=0)._fault waiting 0.400000
2024-09-05T07:42:07.342 INFO:teuthology.orchestra.run.smithi144.stdout:/usr/bin/ceph: stderr
2024-09-05T07:42:02.853+0000 7f9f82a00640 1 -- 172.21.15.144:0/4207751649 >> [v2:172.21.15.144:6800/490246891,v1:172.21.15.144:6801/490246891] conn(0x7f9f68038fc0 msgr2=0x7f9f6803b480 unknown :-1 s=STATE_CONNECTING_RE l=1).process reconnect failed to v2:172.21.15.144:6800/490246891
2024-09-05T07:42:07.342 INFO:teuthology.orchestra.run.smithi144.stdout:/usr/bin/ceph: stderr
2024-09-05T07:42:02.853+0000 7f9f82a00640 1 --2- 172.21.15.144:0/4207751649 >> [v2:172.21.15.144:6800/490246891,v1:172.21.15.144:6801/490246891] conn(0x7f9f68038fc0 0x7f9f6803b480 unknown :-1 s=START_CONNECT pgs=0 cs=0 l=1 rev1=0 crypto rx=0 tx=0 comp rx=0 tx=0)._fault waiting 0.800000
2024-09-05T07:42:07.342 INFO:teuthology.orchestra.run.smithi144.stdout:/usr/bin/ceph: stderr
2024-09-05T07:42:03.654+0000 7f9f82a00640 1 -- 172.21.15.144:0/4207751649 >> [v2:172.21.15.144:6800/490246891,v1:172.21.15.144:6801/490246891] conn(0x7f9f68038fc0 msgr2=0x7f9f6803b480 unknown :-1 s=STATE_CONNECTING_RE l=1).process reconnect failed to v2:172.21.15.144:6800/490246891
2024-09-05T07:42:07.342 INFO:teuthology.orchestra.run.smithi144.stdout:/usr/bin/ceph: stderr
2024-09-05T07:42:03.654+0000 7f9f82a00640 1 --2- 172.21.15.144:0/4207751649 >> [v2:172.21.15.144:6800/490246891,v1:172.21.15.144:6801/490246891] conn(0x7f9f68038fc0 0x7f9f6803b480 unknown :-1 s=START_CONNECT pgs=0 cs=0 l=1 rev1=0 crypto rx=0 tx=0 comp rx=0 tx=0)._fault waiting 1.600000
2024-09-05T07:42:07.342 INFO:teuthology.orchestra.run.smithi144.stdout:/usr/bin/ceph: stderr
2024-09-05T07:42:05.155+0000 7f9f7be00640 1 -- 172.21.15.144:0/4207751649 <== mon.0 v2:172.21.15.144:3300/0 6 ==== mgrmap(e 10) ==== 46067+0+0 (secure 0 0 0) 0x7f9f7406afa0 con 0x7f9f8407de80
2024-09-05T07:42:07.343 INFO:teuthology.orchestra.run.smithi144.stdout:/usr/bin/ceph: stderr
2024-09-05T07:42:05.155+0000 7f9f7be00640 1 -- 172.21.15.144:0/4207751649 >> [v2:172.21.15.144:6800/490246891,v1:172.21.15.144:6801/490246891] conn(0x7f9f68038fc0 msgr2=0x7f9f6803b480 unknown :-1 s=STATE_CONNECTING l=1).mark_down
2024-09-05T07:42:07.343 INFO:teuthology.orchestra.run.smithi144.stdout:/usr/bin/ceph: stderr
2024-09-05T07:42:05.155+0000 7f9f7be00640 1 --2- 172.21.15.144:0/4207751649 >> [v2:172.21.15.144:6800/490246891,v1:172.21.15.144:6801/490246891] conn(0x7f9f68038fc0 0x7f9f6803b480 unknown :-1 s=START_CONNECT pgs=0 cs=0 l=1 rev1=0 crypto rx=0 tx=0 comp rx=0 tx=0).stop
2024-09-05T07:42:07.343 INFO:teuthology.orchestra.run.smithi144.stdout:/usr/bin/ceph: stderr
2024-09-05T07:42:06.157+0000 7f9f7be00640 1 -- 172.21.15.144:0/4207751649 <== mon.0 v2:172.21.15.144:3300/0 7 ==== mgrmap(e 11) ==== 46194+0+0 (secure 0 0 0) 0x7f9f74043850 con 0x7f9f8407de80
2024-09-05T07:42:07.343 INFO:teuthology.orchestra.run.smithi144.stdout:/usr/bin/ceph: stderr
2024-09-05T07:42:06.157+0000 7f9f7be00640 1 --2- 172.21.15.144:0/4207751649 >> [v2:172.21.15.144:6800/2361768482,v1:172.21.15.144:6801/2361768482] conn(0x7f9f6803ca80 0x7f9f6803ee70 unknown :-1 s=NONE pgs=0 cs=0 l=1 rev1=0 crypto rx=0 tx=0 comp rx=0 tx=0).connect
2024-09-05T07:42:07.343 INFO:teuthology.orchestra.run.smithi144.stdout:/usr/bin/ceph: stderr
2024-09-05T07:42:06.157+0000 7f9f7be00640 1 -- 172.21.15.144:0/4207751649 --> [v2:172.21.15.144:6800/2361768482,v1:172.21.15.144:6801/2361768482] -- command(tid 0: {"prefix": "get_command_descriptions"}) -- 0x7f9f74031ab0 con 0x7f9f6803ca80
2024-09-05T07:42:07.343 INFO:teuthology.orchestra.run.smithi144.stdout:/usr/bin/ceph: stderr
2024-09-05T07:42:06.158+0000 7f9f82a00640 1 --2- 172.21.15.144:0/4207751649 >> [v2:172.21.15.144:6800/2361768482,v1:172.21.15.144:6801/2361768482] conn(0x7f9f6803ca80 0x7f9f6803ee70 unknown :-1 s=BANNER_CONNECTING pgs=0 cs=0 l=1 rev1=0 crypto rx=0 tx=0 comp rx=0 tx=0)._handle_peer_banner_payload supported=3 required=0
2024-09-05T07:42:07.343 INFO:teuthology.orchestra.run.smithi144.stdout:/usr/bin/ceph: stderr
2024-09-05T07:42:06.159+0000 7f9f82a00640 1 --2- 172.21.15.144:0/4207751649 >> [v2:172.21.15.144:6800/2361768482,v1:172.21.15.144:6801/2361768482] conn(0x7f9f6803ca80 0x7f9f6803ee70 secure :-1 s=READY pgs=1 cs=0 l=1 rev1=1 crypto rx=0x7f9f70003980 tx=0x7f9f70006e10 comp rx=0 tx=0).ready entity=mgr.14150 client_cookie=0 server_cookie=0 in_seq=0 out_seq=0
2024-09-05T07:42:07.343 INFO:teuthology.orchestra.run.smithi144.stdout:/usr/bin/ceph: stderr
2024-09-05T07:42:06.160+0000 7f9f7be00640 1 -- 172.21.15.144:0/4207751649 <== mgr.14150 v2:172.21.15.144:6800/2361768482 1 ==== command_reply(tid 0: 0 ) ==== 8+0+9564 (secure 0 0 0) 0x7f9f74031ab0 con 0x7f9f6803ca80
2024-09-05T07:42:07.343 INFO:teuthology.orchestra.run.smithi144.stdout:/usr/bin/ceph: stderr
2024-09-05T07:42:06.167+0000 7f9f88e00640 1 -- 172.21.15.144:0/4207751649 --> [v2:172.21.15.144:6800/2361768482,v1:172.21.15.144:6801/2361768482] -- command(tid 1: {"prefix": "mgr_status"}) -- 0x7f9f8407c360 con 0x7f9f6803ca80
2024-09-05T07:42:07.344 INFO:teuthology.orchestra.run.smithi144.stdout:/usr/bin/ceph: stderr
2024-09-05T07:42:06.168+0000 7f9f7be00640 1 -- 172.21.15.144:0/4207751649 <== mgr.14150 v2:172.21.15.144:6800/2361768482 2 ==== command_reply(tid 1: 0 ) ==== 8+0+52 (secure 0 0 0) 0x7f9f8407c360 con 0x7f9f6803ca80
2024-09-05T07:42:07.344 INFO:teuthology.orchestra.run.smithi144.stdout:/usr/bin/ceph: stderr
2024-09-05T07:42:06.168+0000 7f9f88e00640 1 -- 172.21.15.144:0/4207751649 >> [v2:172.21.15.144:6800/2361768482,v1:172.21.15.144:6801/2361768482] conn(0x7f9f6803ca80 msgr2=0x7f9f6803ee70 secure :-1 s=STATE_CONNECTION_ESTABLISHED l=1).mark_down
2024-09-05T07:42:07.344 INFO:teuthology.orchestra.run.smithi144.stdout:/usr/bin/ceph: stderr
2024-09-05T07:42:06.168+0000 7f9f88e00640 1 --2- 172.21.15.144:0/4207751649 >> [v2:172.21.15.144:6800/2361768482,v1:172.21.15.144:6801/2361768482] conn(0x7f9f6803ca80 0x7f9f6803ee70 secure :-1 s=READY pgs=1 cs=0 l=1 rev1=1 crypto rx=0x7f9f70003980 tx=0x7f9f70006e10 comp rx=0 tx=0).stop
2024-09-05T07:42:07.344 INFO:teuthology.orchestra.run.smithi144.stdout:/usr/bin/ceph: stderr
2024-09-05T07:42:06.168+0000 7f9f88e00640 1 -- 172.21.15.144:0/4207751649 >> [v2:172.21.15.144:3300/0,v1:172.21.15.144:6789/0] conn(0x7f9f8407de80 msgr2=0x7f9f8419d6e0 secure :-1 s=STATE_CONNECTION_ESTABLISHED l=1).mark_down
2024-09-05T07:42:07.344 INFO:teuthology.orchestra.run.smithi144.stdout:/usr/bin/ceph: stderr
2024-09-05T07:42:06.168+0000 7f9f88e00640 1 --2- 172.21.15.144:0/4207751649 >> [v2:172.21.15.144:3300/0,v1:172.21.15.144:6789/0] conn(0x7f9f8407de80 0x7f9f8419d6e0 secure :-1 s=READY pgs=60 cs=0 l=1 rev1=1 crypto rx=0x7f9f740097f0 tx=0x7f9f740327b0 comp rx=0 tx=0).stop
2024-09-05T07:42:07.344 INFO:teuthology.orchestra.run.smithi144.stdout:/usr/bin/ceph: stderr
2024-09-05T07:42:06.168+0000 7f9f88e00640 1 -- 172.21.15.144:0/4207751649 shutdown_connections
2024-09-05T07:42:07.344 INFO:teuthology.orchestra.run.smithi144.stdout:/usr/bin/ceph: stderr
2024-09-05T07:42:06.168+0000 7f9f88e00640 1 --2- 172.21.15.144:0/4207751649 >> [v2:172.21.15.144:6800/2361768482,v1:172.21.15.144:6801/2361768482] conn(0x7f9f6803ca80 0x7f9f6803ee70 unknown :-1 s=CLOSED pgs=1 cs=0 l=1 rev1=1 crypto rx=0 tx=0 comp rx=0 tx=0).stop
2024-09-05T07:42:07.344 INFO:teuthology.orchestra.run.smithi144.stdout:/usr/bin/ceph: stderr
2024-09-05T07:42:06.168+0000 7f9f88e00640 1 --2- 172.21.15.144:0/4207751649 >> [v2:172.21.15.144:6800/490246891,v1:172.21.15.144:6801/490246891] conn(0x7f9f68038fc0 0x7f9f6803b480 unknown :-1 s=CLOSED pgs=0 cs=0 l=1 rev1=0 crypto rx=0 tx=0 comp rx=0 tx=0).stop
2024-09-05T07:42:07.344 INFO:teuthology.orchestra.run.smithi144.stdout:/usr/bin/ceph: stderr
2024-09-05T07:42:06.168+0000 7f9f88e00640 1 --2- 172.21.15.144:0/4207751649 >> [v2:172.21.15.144:3300/0,v1:172.21.15.144:6789/0] conn(0x7f9f8407de80 0x7f9f8419d6e0 unknown :-1 s=CLOSED pgs=60 cs=0 l=1 rev1=1 crypto rx=0 tx=0 comp rx=0 tx=0).stop
2024-09-05T07:42:07.344 INFO:teuthology.orchestra.run.smithi144.stdout:/usr/bin/ceph: stderr
2024-09-05T07:42:06.168+0000 7f9f88e00640 1 -- 172.21.15.144:0/4207751649 >> 172.21.15.144:0/4207751649 conn(0x7f9f84102c10 msgr2=0x7f9f84103810 unknown :-1 s=STATE_NONE l=0).mark_down
2024-09-05T07:42:07.344 INFO:teuthology.orchestra.run.smithi144.stdout:/usr/bin/ceph: stderr
2024-09-05T07:42:06.169+0000 7f9f88e00640 1 -- 172.21.15.144:0/4207751649 shutdown_connections
2024-09-05T07:42:07.344 INFO:teuthology.orchestra.run.smithi144.stdout:/usr/bin/ceph: stderr
2024-09-05T07:42:06.169+0000 7f9f88e00640 1 -- 172.21.15.144:0/4207751649 wait complete.
2024-09-05T07:42:07.345 INFO:teuthology.orchestra.run.smithi144.stdout:mgr epoch 9 is available
2024-09-05T07:42:07.345 INFO:teuthology.orchestra.run.smithi144.stdout:Generating a dashboard self-signed certificate...
2024-09-05T07:42:08.571 INFO:journalctl@ceph.mon.a.smithi144.stdout:Sep 05 07:42:08 smithi144 ceph-mon[29535]: [05/Sep/2024:07:42:06] ENGINE Serving on https://172.21.15.144:7150
2024-09-05T07:42:08.571 INFO:journalctl@ceph.mon.a.smithi144.stdout:Sep 05 07:42:08 smithi144 ceph-mon[29535]: [05/Sep/2024:07:42:06] ENGINE Bus STARTED
2024-09-05T07:42:08.571 INFO:journalctl@ceph.mon.a.smithi144.stdout:Sep 05 07:42:08 smithi144 ceph-mon[29535]: [05/Sep/2024:07:42:06] ENGINE Error in HTTPServer.serve
2024-09-05T07:42:08.572 INFO:journalctl@ceph.mon.a.smithi144.stdout: Traceback (most recent call last):
2024-09-05T07:42:08.572 INFO:journalctl@ceph.mon.a.smithi144.stdout: File "/lib/python3.9/site-packages/cheroot/server.py", line 1823, in serve
2024-09-05T07:42:08.572 INFO:journalctl@ceph.mon.a.smithi144.stdout: self._connections.run(self.expiration_interval)
2024-09-05T07:42:08.572 INFO:journalctl@ceph.mon.a.smithi144.stdout: File "/lib/python3.9/site-packages/cheroot/connections.py", line 203, in run
2024-09-05T07:42:08.572 INFO:journalctl@ceph.mon.a.smithi144.stdout: self._run(expiration_interval)
2024-09-05T07:42:08.572 INFO:journalctl@ceph.mon.a.smithi144.stdout: File "/lib/python3.9/site-packages/cheroot/connections.py", line 246, in _run
2024-09-05T07:42:08.572 INFO:journalctl@ceph.mon.a.smithi144.stdout: new_conn = self._from_server_socket(self.server.socket)
2024-09-05T07:42:08.572 INFO:journalctl@ceph.mon.a.smithi144.stdout: File "/lib/python3.9/site-packages/cheroot/connections.py", line 300, in _from_server_socket
2024-09-05T07:42:08.572 INFO:journalctl@ceph.mon.a.smithi144.stdout: s, ssl_env = self.server.ssl_adapter.wrap(s)
2024-09-05T07:42:08.572 INFO:journalctl@ceph.mon.a.smithi144.stdout: File "/lib/python3.9/site-packages/cheroot/ssl/builtin.py", line 277, in wrap
2024-09-05T07:42:08.572 INFO:journalctl@ceph.mon.a.smithi144.stdout: s = self.context.wrap_socket(
2024-09-05T07:42:08.572 INFO:journalctl@ceph.mon.a.smithi144.stdout: File "/lib64/python3.9/ssl.py", line 501, in wrap_socket
2024-09-05T07:42:08.573 INFO:journalctl@ceph.mon.a.smithi144.stdout: return self.sslsocket_class._create(
2024-09-05T07:42:08.573 INFO:journalctl@ceph.mon.a.smithi144.stdout: File "/lib64/python3.9/ssl.py", line 1074, in _create
2024-09-05T07:42:08.573 INFO:journalctl@ceph.mon.a.smithi144.stdout: self.do_handshake()
2024-09-05T07:42:08.573 INFO:journalctl@ceph.mon.a.smithi144.stdout: File "/lib64/python3.9/ssl.py", line 1343, in do_handshake
2024-09-05T07:42:08.573 INFO:journalctl@ceph.mon.a.smithi144.stdout: self._sslobj.do_handshake()
2024-09-05T07:42:08.573 INFO:journalctl@ceph.mon.a.smithi144.stdout: ssl.SSLZeroReturnError: TLS/SSL connection has been closed (EOF) (_ssl.c:1133)
2024-09-05T07:42:08.573 INFO:journalctl@ceph.mon.a.smithi144.stdout:Sep 05 07:42:08 smithi144 ceph-mon[29535]: mgrmap e12: x(active, since 2s)
2024-09-05T07:42:08.908 INFO:teuthology.orchestra.run.smithi144.stdout:/usr/bin/ceph: stdout Self-signed certificate created
2024-09-05T07:42:08.908 INFO:teuthology.orchestra.run.smithi144.stdout:/usr/bin/ceph: stderr
2024-09-05T07:42:07.885+0000 7f1d3e000640 1 Processor -- start
2024-09-05T07:42:08.908 INFO:teuthology.orchestra.run.smithi144.stdout:/usr/bin/ceph: stderr
2024-09-05T07:42:07.886+0000 7f1d3e000640 1 -- start start
2024-09-05T07:42:08.908 INFO:teuthology.orchestra.run.smithi144.stdout:/usr/bin/ceph: stderr
2024-09-05T07:42:07.886+0000 7f1d3e000640 1 --2- >> [v2:172.21.15.144:3300/0,v1:172.21.15.144:6789/0] conn(0x7f1d38107640 0x7f1d38107a40 unknown :-1 s=NONE pgs=0 cs=0 l=0 rev1=0 crypto rx=0 tx=0 comp rx=0 tx=0).connect
2024-09-05T07:42:08.908 INFO:teuthology.orchestra.run.smithi144.stdout:/usr/bin/ceph: stderr
2024-09-05T07:42:07.886+0000 7f1d3e000640 1 -- --> [v2:172.21.15.144:3300/0,v1:172.21.15.144:6789/0] -- mon_getmap magic: 0 -- 0x7f1d38108010 con 0x7f1d38107640
2024-09-05T07:42:08.908 INFO:teuthology.orchestra.run.smithi144.stdout:/usr/bin/ceph: stderr
2024-09-05T07:42:07.886+0000 7f1d37400640 1 --2- >> [v2:172.21.15.144:3300/0,v1:172.21.15.144:6789/0] conn(0x7f1d38107640 0x7f1d38107a40 unknown :-1 s=BANNER_CONNECTING pgs=0 cs=0 l=0 rev1=0 crypto rx=0 tx=0 comp rx=0 tx=0)._handle_peer_banner_payload supported=3 required=0
2024-09-05T07:42:08.908 INFO:teuthology.orchestra.run.smithi144.stdout:/usr/bin/ceph: stderr
2024-09-05T07:42:07.886+0000 7f1d37400640 1 --2- >> [v2:172.21.15.144:3300/0,v1:172.21.15.144:6789/0] conn(0x7f1d38107640 0x7f1d38107a40 unknown :-1 s=HELLO_CONNECTING pgs=0 cs=0 l=0 rev1=1 crypto rx=0 tx=0 comp rx=0 tx=0).handle_hello peer v2:172.21.15.144:3300/0 says I am v2:172.21.15.144:33848/0 (socket says 172.21.15.144:33848)
2024-09-05T07:42:08.909 INFO:teuthology.orchestra.run.smithi144.stdout:/usr/bin/ceph: stderr
2024-09-05T07:42:07.886+0000 7f1d37400640 1 -- 172.21.15.144:0/1065093295 learned_addr learned my addr 172.21.15.144:0/1065093295 (peer_addr_for_me v2:172.21.15.144:0/0)
2024-09-05T07:42:08.909 INFO:teuthology.orchestra.run.smithi144.stdout:/usr/bin/ceph: stderr
2024-09-05T07:42:07.887+0000 7f1d37400640 1 -- 172.21.15.144:0/1065093295 --> [v2:172.21.15.144:3300/0,v1:172.21.15.144:6789/0] -- mon_subscribe({config=0+,monmap=0+}) -- 0x7f1d381087f0 con 0x7f1d38107640
2024-09-05T07:42:08.909 INFO:teuthology.orchestra.run.smithi144.stdout:/usr/bin/ceph: stderr
2024-09-05T07:42:07.888+0000 7f1d37400640 1 --2- 172.21.15.144:0/1065093295 >> [v2:172.21.15.144:3300/0,v1:172.21.15.144:6789/0] conn(0x7f1d38107640 0x7f1d38107a40 secure :-1 s=READY pgs=68 cs=0 l=1 rev1=1 crypto rx=0x7f1d28009820 tx=0x7f1d2802a270 comp rx=0 tx=0).ready entity=mon.0 client_cookie=1705cff4211851cc server_cookie=0 in_seq=0 out_seq=0
2024-09-05T07:42:08.909 INFO:teuthology.orchestra.run.smithi144.stdout:/usr/bin/ceph: stderr
2024-09-05T07:42:07.888+0000 7f1d36000640 1 -- 172.21.15.144:0/1065093295 <== mon.0 v2:172.21.15.144:3300/0 1 ==== mon_map magic: 0 ==== 205+0+0 (secure 0 0 0) 0x7f1d28037070 con 0x7f1d38107640
2024-09-05T07:42:08.909 INFO:teuthology.orchestra.run.smithi144.stdout:/usr/bin/ceph: stderr
2024-09-05T07:42:07.888+0000 7f1d36000640 1 -- 172.21.15.144:0/1065093295 <== mon.0 v2:172.21.15.144:3300/0 2 ==== config(27 keys) ==== 1140+0+0 (secure 0 0 0) 0x7f1d28032920 con 0x7f1d38107640
2024-09-05T07:42:08.909 INFO:teuthology.orchestra.run.smithi144.stdout:/usr/bin/ceph: stderr
2024-09-05T07:42:07.888+0000 7f1d36000640 1 -- 172.21.15.144:0/1065093295 <== mon.0 v2:172.21.15.144:3300/0 3 ==== mon_map magic: 0 ==== 205+0+0 (secure 0 0 0) 0x7f1d28030810 con 0x7f1d38107640
2024-09-05T07:42:08.909 INFO:teuthology.orchestra.run.smithi144.stdout:/usr/bin/ceph: stderr
2024-09-05T07:42:07.889+0000 7f1d3e000640 1 -- 172.21.15.144:0/1065093295 >> [v2:172.21.15.144:3300/0,v1:172.21.15.144:6789/0] conn(0x7f1d38107640 msgr2=0x7f1d38107a40 secure :-1 s=STATE_CONNECTION_ESTABLISHED l=1).mark_down
2024-09-05T07:42:08.909 INFO:teuthology.orchestra.run.smithi144.stdout:/usr/bin/ceph: stderr
2024-09-05T07:42:07.889+0000 7f1d3e000640 1 --2- 172.21.15.144:0/1065093295 >> [v2:172.21.15.144:3300/0,v1:172.21.15.144:6789/0] conn(0x7f1d38107640 0x7f1d38107a40 secure :-1 s=READY pgs=68 cs=0 l=1 rev1=1 crypto rx=0x7f1d28009820 tx=0x7f1d2802a270 comp rx=0 tx=0).stop
2024-09-05T07:42:08.910 INFO:teuthology.orchestra.run.smithi144.stdout:/usr/bin/ceph: stderr
2024-09-05T07:42:07.889+0000 7f1d3e000640 1 -- 172.21.15.144:0/1065093295 shutdown_connections
2024-09-05T07:42:08.910 INFO:teuthology.orchestra.run.smithi144.stdout:/usr/bin/ceph: stderr
2024-09-05T07:42:07.889+0000 7f1d3e000640 1 --2- 172.21.15.144:0/1065093295 >> [v2:172.21.15.144:3300/0,v1:172.21.15.144:6789/0] conn(0x7f1d38107640 0x7f1d38107a40 unknown :-1 s=CLOSED pgs=68 cs=0 l=1 rev1=1 crypto rx=0 tx=0 comp rx=0 tx=0).stop
2024-09-05T07:42:08.910 INFO:teuthology.orchestra.run.smithi144.stdout:/usr/bin/ceph: stderr
2024-09-05T07:42:07.889+0000 7f1d3e000640 1 -- 172.21.15.144:0/1065093295 >> 172.21.15.144:0/1065093295 conn(0x7f1d38102dd0 msgr2=0x7f1d38105210 unknown :-1 s=STATE_NONE l=0).mark_down
2024-09-05T07:42:08.910 INFO:teuthology.orchestra.run.smithi144.stdout:/usr/bin/ceph: stderr
2024-09-05T07:42:07.889+0000 7f1d3e000640 1 -- 172.21.15.144:0/1065093295 shutdown_connections
2024-09-05T07:42:08.910 INFO:teuthology.orchestra.run.smithi144.stdout:/usr/bin/ceph: stderr
2024-09-05T07:42:07.889+0000 7f1d3e000640 1 -- 172.21.15.144:0/1065093295 wait complete.
2024-09-05T07:42:08.910 INFO:teuthology.orchestra.run.smithi144.stdout:/usr/bin/ceph: stderr
2024-09-05T07:42:07.890+0000 7f1d3e000640 1 Processor -- start
2024-09-05T07:42:08.910 INFO:teuthology.orchestra.run.smithi144.stdout:/usr/bin/ceph: stderr
2024-09-05T07:42:07.890+0000 7f1d3e000640 1 -- start start
2024-09-05T07:42:08.910 INFO:teuthology.orchestra.run.smithi144.stdout:/usr/bin/ceph: stderr
2024-09-05T07:42:07.890+0000 7f1d3e000640 1 --2- >> [v2:172.21.15.144:3300/0,v1:172.21.15.144:6789/0] conn(0x7f1d38107640 0x7f1d3819b620 unknown :-1 s=NONE pgs=0 cs=0 l=1 rev1=0 crypto rx=0 tx=0 comp rx=0 tx=0).connect
2024-09-05T07:42:08.910 INFO:teuthology.orchestra.run.smithi144.stdout:/usr/bin/ceph: stderr
2024-09-05T07:42:07.890+0000 7f1d3e000640 1 -- --> [v2:172.21.15.144:3300/0,v1:172.21.15.144:6789/0] -- mon_getmap magic: 0 -- 0x7f1d3810bba0 con 0x7f1d38107640
2024-09-05T07:42:08.910 INFO:teuthology.orchestra.run.smithi144.stdout:/usr/bin/ceph: stderr
2024-09-05T07:42:07.891+0000 7f1d37400640 1 --2- >> [v2:172.21.15.144:3300/0,v1:172.21.15.144:6789/0] conn(0x7f1d38107640 0x7f1d3819b620 unknown :-1 s=BANNER_CONNECTING pgs=0 cs=0 l=1 rev1=0 crypto rx=0 tx=0 comp rx=0 tx=0)._handle_peer_banner_payload supported=3 required=0
2024-09-05T07:42:08.910 INFO:teuthology.orchestra.run.smithi144.stdout:/usr/bin/ceph: stderr
2024-09-05T07:42:07.891+0000 7f1d37400640 1 --2- >> [v2:172.21.15.144:3300/0,v1:172.21.15.144:6789/0] conn(0x7f1d38107640 0x7f1d3819b620 unknown :-1 s=HELLO_CONNECTING pgs=0 cs=0 l=1 rev1=1 crypto rx=0 tx=0 comp rx=0 tx=0).handle_hello peer v2:172.21.15.144:3300/0 says I am v2:172.21.15.144:33852/0 (socket says 172.21.15.144:33852)
2024-09-05T07:42:08.911 INFO:teuthology.orchestra.run.smithi144.stdout:/usr/bin/ceph: stderr
2024-09-05T07:42:07.891+0000 7f1d37400640 1 -- 172.21.15.144:0/29269694 learned_addr learned my addr 172.21.15.144:0/29269694 (peer_addr_for_me v2:172.21.15.144:0/0)
2024-09-05T07:42:08.911 INFO:teuthology.orchestra.run.smithi144.stdout:/usr/bin/ceph: stderr
2024-09-05T07:42:07.891+0000 7f1d37400640 1 -- 172.21.15.144:0/29269694 --> [v2:172.21.15.144:3300/0,v1:172.21.15.144:6789/0] -- mon_subscribe({config=0+,monmap=0+}) -- 0x7f1d3819bb60 con 0x7f1d38107640
2024-09-05T07:42:08.911 INFO:teuthology.orchestra.run.smithi144.stdout:/usr/bin/ceph: stderr
2024-09-05T07:42:07.891+0000 7f1d37400640 1 --2- 172.21.15.144:0/29269694 >> [v2:172.21.15.144:3300/0,v1:172.21.15.144:6789/0] conn(0x7f1d38107640 0x7f1d3819b620 secure :-1 s=READY pgs=69 cs=0 l=1 rev1=1 crypto rx=0x7f1d280097f0 tx=0x7f1d280327b0 comp rx=0 tx=0).ready entity=mon.0 client_cookie=0 server_cookie=0 in_seq=0 out_seq=0
2024-09-05T07:42:08.911 INFO:teuthology.orchestra.run.smithi144.stdout:/usr/bin/ceph: stderr
2024-09-05T07:42:07.892+0000 7f1d2fe00640 1 -- 172.21.15.144:0/29269694 <== mon.0 v2:172.21.15.144:3300/0 1 ==== mon_map magic: 0 ==== 205+0+0 (secure 0 0 0) 0x7f1d28037040 con 0x7f1d38107640
2024-09-05T07:42:08.911 INFO:teuthology.orchestra.run.smithi144.stdout:/usr/bin/ceph: stderr
2024-09-05T07:42:07.892+0000 7f1d2fe00640 1 -- 172.21.15.144:0/29269694 <== mon.0 v2:172.21.15.144:3300/0 2 ==== config(27 keys) ==== 1140+0+0 (secure 0 0 0) 0x7f1d28030cc0 con 0x7f1d38107640
2024-09-05T07:42:08.911 INFO:teuthology.orchestra.run.smithi144.stdout:/usr/bin/ceph: stderr
2024-09-05T07:42:07.892+0000 7f1d3e000640 1 -- 172.21.15.144:0/29269694 --> [v2:172.21.15.144:3300/0,v1:172.21.15.144:6789/0] -- mon_subscribe({mgrmap=0+}) -- 0x7f1d3819bdf0 con 0x7f1d38107640
2024-09-05T07:42:08.911 INFO:teuthology.orchestra.run.smithi144.stdout:/usr/bin/ceph: stderr
2024-09-05T07:42:07.892+0000 7f1d2fe00640 1 -- 172.21.15.144:0/29269694 <== mon.0 v2:172.21.15.144:3300/0 3 ==== mon_map magic: 0 ==== 205+0+0 (secure 0 0 0) 0x7f1d2803a640 con 0x7f1d38107640
2024-09-05T07:42:08.911 INFO:teuthology.orchestra.run.smithi144.stdout:/usr/bin/ceph: stderr
2024-09-05T07:42:07.892+0000 7f1d3e000640 1 -- 172.21.15.144:0/29269694 --> [v2:172.21.15.144:3300/0,v1:172.21.15.144:6789/0] -- mon_subscribe({osdmap=0}) -- 0x7f1d3819eae0 con 0x7f1d38107640
2024-09-05T07:42:08.911 INFO:teuthology.orchestra.run.smithi144.stdout:/usr/bin/ceph: stderr
2024-09-05T07:42:07.893+0000 7f1d3e000640 1 -- 172.21.15.144:0/29269694 --> [v2:172.21.15.144:3300/0,v1:172.21.15.144:6789/0] -- mon_command({"prefix": "get_command_descriptions"} v 0) -- 0x7f1d3810bd20 con 0x7f1d38107640
2024-09-05T07:42:08.911 INFO:teuthology.orchestra.run.smithi144.stdout:/usr/bin/ceph: stderr
2024-09-05T07:42:07.894+0000 7f1d2fe00640 1 -- 172.21.15.144:0/29269694 <== mon.0 v2:172.21.15.144:3300/0 4 ==== mgrmap(e 11) ==== 46194+0+0 (secure 0 0 0) 0x7f1d2803b3f0 con 0x7f1d38107640
2024-09-05T07:42:08.912 INFO:teuthology.orchestra.run.smithi144.stdout:/usr/bin/ceph: stderr
2024-09-05T07:42:07.894+0000 7f1d2fe00640 1 --2- 172.21.15.144:0/29269694 >> [v2:172.21.15.144:6800/2361768482,v1:172.21.15.144:6801/2361768482] conn(0x7f1d1c038eb0 0x7f1d1c03b370 unknown :-1 s=NONE pgs=0 cs=0 l=1 rev1=0 crypto rx=0 tx=0 comp rx=0 tx=0).connect
2024-09-05T07:42:08.912 INFO:teuthology.orchestra.run.smithi144.stdout:/usr/bin/ceph: stderr
2024-09-05T07:42:07.894+0000 7f1d2fe00640 1 -- 172.21.15.144:0/29269694 <== mon.0 v2:172.21.15.144:3300/0 5 ==== osd_map(3..3 src has 1..3) ==== 1155+0+0 (secure 0 0 0) 0x7f1d2806c4f0 con 0x7f1d38107640
2024-09-05T07:42:08.912 INFO:teuthology.orchestra.run.smithi144.stdout:/usr/bin/ceph: stderr
2024-09-05T07:42:07.895+0000 7f1d36a00640 1 --2- 172.21.15.144:0/29269694 >> [v2:172.21.15.144:6800/2361768482,v1:172.21.15.144:6801/2361768482] conn(0x7f1d1c038eb0 0x7f1d1c03b370 unknown :-1 s=BANNER_CONNECTING pgs=0 cs=0 l=1 rev1=0 crypto rx=0 tx=0 comp rx=0 tx=0)._handle_peer_banner_payload supported=3 required=0
2024-09-05T07:42:08.912 INFO:teuthology.orchestra.run.smithi144.stdout:/usr/bin/ceph: stderr
2024-09-05T07:42:07.895+0000 7f1d36a00640 1 --2- 172.21.15.144:0/29269694 >> [v2:172.21.15.144:6800/2361768482,v1:172.21.15.144:6801/2361768482] conn(0x7f1d1c038eb0 0x7f1d1c03b370 secure :-1 s=READY pgs=7 cs=0 l=1 rev1=1 crypto rx=0x7f1d240098c0 tx=0x7f1d24006db0 comp rx=0 tx=0).ready entity=mgr.14150 client_cookie=0 server_cookie=0 in_seq=0 out_seq=0
2024-09-05T07:42:08.912 INFO:teuthology.orchestra.run.smithi144.stdout:/usr/bin/ceph: stderr
2024-09-05T07:42:07.900+0000 7f1d2fe00640 1 -- 172.21.15.144:0/29269694 <== mon.0 v2:172.21.15.144:3300/0 6 ==== mon_command_ack([{"prefix": "get_command_descriptions"}]=0 v0) ==== 72+0+188821 (secure 0 0 0) 0x7f1d28042e10 con 0x7f1d38107640
2024-09-05T07:42:08.912 INFO:teuthology.orchestra.run.smithi144.stdout:/usr/bin/ceph: stderr
2024-09-05T07:42:08.058+0000 7f1d2fe00640 1 -- 172.21.15.144:0/29269694 <== mon.0 v2:172.21.15.144:3300/0 7 ==== mgrmap(e 12) ==== 46300+0+0 (secure 0 0 0) 0x7f1d28049ca0 con 0x7f1d38107640
2024-09-05T07:42:08.912 INFO:teuthology.orchestra.run.smithi144.stdout:/usr/bin/ceph: stderr
2024-09-05T07:42:08.103+0000 7f1d3e000640 1 -- 172.21.15.144:0/29269694 --> [v2:172.21.15.144:6800/2361768482,v1:172.21.15.144:6801/2361768482] -- mgr_command(tid 0: {"prefix": "dashboard create-self-signed-cert", "target": ["mon-mgr", ""]}) -- 0x7f1d38104060 con 0x7f1d1c038eb0
2024-09-05T07:42:08.912 INFO:teuthology.orchestra.run.smithi144.stdout:/usr/bin/ceph: stderr
2024-09-05T07:42:08.227+0000 7f1d2fe00640 1 -- 172.21.15.144:0/29269694 <== mgr.14150 v2:172.21.15.144:6800/2361768482 1 ==== mgr_command_reply(tid 0: 0 ) ==== 8+0+32 (secure 0 0 0) 0x7f1d38104060 con 0x7f1d1c038eb0
2024-09-05T07:42:08.912 INFO:teuthology.orchestra.run.smithi144.stdout:/usr/bin/ceph: stderr
2024-09-05T07:42:08.231+0000 7f1d3e000640 1 -- 172.21.15.144:0/29269694 >> [v2:172.21.15.144:6800/2361768482,v1:172.21.15.144:6801/2361768482] conn(0x7f1d1c038eb0 msgr2=0x7f1d1c03b370 secure :-1 s=STATE_CONNECTION_ESTABLISHED l=1).mark_down
2024-09-05T07:42:08.913 INFO:teuthology.orchestra.run.smithi144.stdout:/usr/bin/ceph: stderr
2024-09-05T07:42:08.231+0000 7f1d3e000640 1 --2- 172.21.15.144:0/29269694 >> [v2:172.21.15.144:6800/2361768482,v1:172.21.15.144:6801/2361768482] conn(0x7f1d1c038eb0 0x7f1d1c03b370 secure :-1 s=READY pgs=7 cs=0 l=1 rev1=1 crypto rx=0x7f1d240098c0 tx=0x7f1d24006db0 comp rx=0 tx=0).stop
2024-09-05T07:42:08.913 INFO:teuthology.orchestra.run.smithi144.stdout:/usr/bin/ceph: stderr
2024-09-05T07:42:08.231+0000 7f1d3e000640 1 -- 172.21.15.144:0/29269694 >> [v2:172.21.15.144:3300/0,v1:172.21.15.144:6789/0] conn(0x7f1d38107640 msgr2=0x7f1d3819b620 secure :-1 s=STATE_CONNECTION_ESTABLISHED l=1).mark_down
2024-09-05T07:42:08.913 INFO:teuthology.orchestra.run.smithi144.stdout:/usr/bin/ceph: stderr
2024-09-05T07:42:08.231+0000 7f1d3e000640 1 --2- 172.21.15.144:0/29269694 >> [v2:172.21.15.144:3300/0,v1:172.21.15.144:6789/0] conn(0x7f1d38107640 0x7f1d3819b620 secure :-1 s=READY pgs=69 cs=0 l=1 rev1=1 crypto rx=0x7f1d280097f0 tx=0x7f1d280327b0 comp rx=0 tx=0).stop
2024-09-05T07:42:08.913 INFO:teuthology.orchestra.run.smithi144.stdout:/usr/bin/ceph: stderr
2024-09-05T07:42:08.231+0000 7f1d3e000640 1 -- 172.21.15.144:0/29269694 shutdown_connections
2024-09-05T07:42:08.913 INFO:teuthology.orchestra.run.smithi144.stdout:/usr/bin/ceph: stderr
2024-09-05T07:42:08.231+0000 7f1d3e000640 1 --2- 172.21.15.144:0/29269694 >> [v2:172.21.15.144:6800/2361768482,v1:172.21.15.144:6801/2361768482] conn(0x7f1d1c038eb0 0x7f1d1c03b370 unknown :-1 s=CLOSED pgs=7 cs=0 l=1 rev1=1 crypto rx=0 tx=0 comp rx=0 tx=0).stop
2024-09-05T07:42:08.913 INFO:teuthology.orchestra.run.smithi144.stdout:/usr/bin/ceph: stderr
2024-09-05T07:42:08.231+0000 7f1d3e000640 1 --2- 172.21.15.144:0/29269694 >> [v2:172.21.15.144:3300/0,v1:172.21.15.144:6789/0] conn(0x7f1d38107640 0x7f1d3819b620 unknown :-1 s=CLOSED pgs=69 cs=0 l=1 rev1=1 crypto rx=0 tx=0 comp rx=0 tx=0).stop
2024-09-05T07:42:08.913 INFO:teuthology.orchestra.run.smithi144.stdout:/usr/bin/ceph: stderr
2024-09-05T07:42:08.231+0000 7f1d3e000640 1 -- 172.21.15.144:0/29269694 >> 172.21.15.144:0/29269694 conn(0x7f1d38102dd0 msgr2=0x7f1d38103950 unknown :-1 s=STATE_NONE l=0).mark_down
2024-09-05T07:42:08.913 INFO:teuthology.orchestra.run.smithi144.stdout:/usr/bin/ceph: stderr
2024-09-05T07:42:08.231+0000 7f1d3e000640 1 -- 172.21.15.144:0/29269694 shutdown_connections
2024-09-05T07:42:08.913 INFO:teuthology.orchestra.run.smithi144.stdout:/usr/bin/ceph: stderr
2024-09-05T07:42:08.231+0000 7f1d3e000640 1 -- 172.21.15.144:0/29269694 wait complete.
2024-09-05T07:42:08.913 INFO:teuthology.orchestra.run.smithi144.stdout:Creating initial admin user...
2024-09-05T07:42:09.445 INFO:journalctl@ceph.mon.a.smithi144.stdout:Sep 05 07:42:09 smithi144 ceph-mon[29535]: from='client.14162 -' entity='client.admin' cmd=[{"prefix": "dashboard create-self-signed-cert", "target": ["mon-mgr", ""]}]: dispatch
2024-09-05T07:42:09.445 INFO:journalctl@ceph.mon.a.smithi144.stdout:Sep 05 07:42:09 smithi144 ceph-mon[29535]: from='mgr.14150 172.21.15.144:0/592607913' entity='mgr.x'
2024-09-05T07:42:09.446 INFO:journalctl@ceph.mon.a.smithi144.stdout:Sep 05 07:42:09 smithi144 ceph-mon[29535]: from='mgr.14150 172.21.15.144:0/592607913' entity='mgr.x'
2024-09-05T07:42:09.446 INFO:journalctl@ceph.mon.a.smithi144.stdout:Sep 05 07:42:09 smithi144 ceph-mon[29535]: from='mgr.14150 172.21.15.144:0/592607913' entity='mgr.x'
2024-09-05T07:42:10.878 INFO:teuthology.orchestra.run.smithi144.stdout:/usr/bin/ceph: stdout {"username": "admin", "password": "$2b$12$VSem.6.judLR2g8/9BRyOOdib1ZFuf31kp8QF4KWuMMCMGBwx.vqa", "roles": ["administrator"], "name": null, "email": null, "lastUpdate": 1725522129, "enabled": true, "pwdExpirationDate": null, "pwdUpdateRequired": true}
2024-09-05T07:42:10.879 INFO:teuthology.orchestra.run.smithi144.stdout:/usr/bin/ceph: stderr
2024-09-05T07:42:09.444+0000 7ff903400640 1 Processor -- start
2024-09-05T07:42:10.879 INFO:teuthology.orchestra.run.smithi144.stdout:/usr/bin/ceph: stderr
2024-09-05T07:42:09.444+0000 7ff903400640 1 -- start start
2024-09-05T07:42:10.879 INFO:teuthology.orchestra.run.smithi144.stdout:/usr/bin/ceph: stderr
2024-09-05T07:42:09.444+0000 7ff903400640 1 --2- >> [v2:172.21.15.144:3300/0,v1:172.21.15.144:6789/0] conn(0x7ff8fc109870 0x7ff8fc109c70 unknown :-1 s=NONE pgs=0 cs=0 l=0 rev1=0 crypto rx=0 tx=0 comp rx=0 tx=0).connect
2024-09-05T07:42:10.879 INFO:teuthology.orchestra.run.smithi144.stdout:/usr/bin/ceph: stderr
2024-09-05T07:42:09.444+0000 7ff903400640 1 -- --> [v2:172.21.15.144:3300/0,v1:172.21.15.144:6789/0] -- mon_getmap magic: 0 -- 0x7ff8fc10a240 con 0x7ff8fc109870
2024-09-05T07:42:10.879 INFO:teuthology.orchestra.run.smithi144.stdout:/usr/bin/ceph: stderr
2024-09-05T07:42:09.445+0000 7ff900a00640 1 --2- >> [v2:172.21.15.144:3300/0,v1:172.21.15.144:6789/0] conn(0x7ff8fc109870 0x7ff8fc109c70 unknown :-1 s=BANNER_CONNECTING pgs=0 cs=0 l=0 rev1=0 crypto rx=0 tx=0 comp rx=0 tx=0)._handle_peer_banner_payload supported=3 required=0
2024-09-05T07:42:10.879 INFO:teuthology.orchestra.run.smithi144.stdout:/usr/bin/ceph: stderr
2024-09-05T07:42:09.445+0000 7ff900a00640 1 --2- >> [v2:172.21.15.144:3300/0,v1:172.21.15.144:6789/0] conn(0x7ff8fc109870 0x7ff8fc109c70 unknown :-1 s=HELLO_CONNECTING pgs=0 cs=0 l=0 rev1=1 crypto rx=0 tx=0 comp rx=0 tx=0).handle_hello peer v2:172.21.15.144:3300/0 says I am v2:172.21.15.144:33860/0 (socket says 172.21.15.144:33860)
2024-09-05T07:42:10.879 INFO:teuthology.orchestra.run.smithi144.stdout:/usr/bin/ceph: stderr
2024-09-05T07:42:09.445+0000 7ff900a00640 1 -- 172.21.15.144:0/3768984645 learned_addr learned my addr 172.21.15.144:0/3768984645 (peer_addr_for_me v2:172.21.15.144:0/0)
2024-09-05T07:42:10.879 INFO:teuthology.orchestra.run.smithi144.stdout:/usr/bin/ceph: stderr
2024-09-05T07:42:09.445+0000 7ff900a00640 1 -- 172.21.15.144:0/3768984645 --> [v2:172.21.15.144:3300/0,v1:172.21.15.144:6789/0] -- mon_subscribe({config=0+,monmap=0+}) -- 0x7ff8fc10aa10 con 0x7ff8fc109870
2024-09-05T07:42:10.879 INFO:teuthology.orchestra.run.smithi144.stdout:/usr/bin/ceph: stderr
2024-09-05T07:42:09.447+0000 7ff900a00640 1 --2- 172.21.15.144:0/3768984645 >> [v2:172.21.15.144:3300/0,v1:172.21.15.144:6789/0] conn(0x7ff8fc109870 0x7ff8fc109c70 secure :-1 s=READY pgs=70 cs=0 l=1 rev1=1 crypto rx=0x7ff8f0009820 tx=0x7ff8f002a270 comp rx=0 tx=0).ready entity=mon.0 client_cookie=d81d44bd72a917a server_cookie=0 in_seq=0 out_seq=0
2024-09-05T07:42:10.879 INFO:teuthology.orchestra.run.smithi144.stdout:/usr/bin/ceph: stderr
2024-09-05T07:42:09.447+0000 7ff8fb400640 1 -- 172.21.15.144:0/3768984645 <== mon.0 v2:172.21.15.144:3300/0 1 ==== mon_map magic: 0 ==== 205+0+0 (secure 0 0 0) 0x7ff8f0037070 con 0x7ff8fc109870
2024-09-05T07:42:10.880 INFO:teuthology.orchestra.run.smithi144.stdout:/usr/bin/ceph: stderr
2024-09-05T07:42:09.447+0000 7ff8fb400640 1 -- 172.21.15.144:0/3768984645 <== mon.0 v2:172.21.15.144:3300/0 2 ==== config(27 keys) ==== 1140+0+0 (secure 0 0 0) 0x7ff8f0032920 con 0x7ff8fc109870
2024-09-05T07:42:10.880 INFO:teuthology.orchestra.run.smithi144.stdout:/usr/bin/ceph: stderr
2024-09-05T07:42:09.447+0000 7ff8fb400640 1 -- 172.21.15.144:0/3768984645 <== mon.0 v2:172.21.15.144:3300/0 3 ==== mon_map magic: 0 ==== 205+0+0 (secure 0 0 0) 0x7ff8f0030810 con 0x7ff8fc109870
2024-09-05T07:42:10.880 INFO:teuthology.orchestra.run.smithi144.stdout:/usr/bin/ceph: stderr
2024-09-05T07:42:09.448+0000 7ff903400640 1 -- 172.21.15.144:0/3768984645 >> [v2:172.21.15.144:3300/0,v1:172.21.15.144:6789/0] conn(0x7ff8fc109870 msgr2=0x7ff8fc109c70 secure :-1 s=STATE_CONNECTION_ESTABLISHED l=1).mark_down
2024-09-05T07:42:10.880 INFO:teuthology.orchestra.run.smithi144.stdout:/usr/bin/ceph: stderr
2024-09-05T07:42:09.448+0000 7ff903400640 1 --2- 172.21.15.144:0/3768984645 >> [v2:172.21.15.144:3300/0,v1:172.21.15.144:6789/0] conn(0x7ff8fc109870 0x7ff8fc109c70 secure :-1 s=READY pgs=70 cs=0 l=1 rev1=1 crypto rx=0x7ff8f0009820 tx=0x7ff8f002a270 comp rx=0 tx=0).stop
2024-09-05T07:42:10.880 INFO:teuthology.orchestra.run.smithi144.stdout:/usr/bin/ceph: stderr
2024-09-05T07:42:09.448+0000 7ff903400640 1 -- 172.21.15.144:0/3768984645 shutdown_connections
2024-09-05T07:42:10.880 INFO:teuthology.orchestra.run.smithi144.stdout:/usr/bin/ceph: stderr
2024-09-05T07:42:09.448+0000 7ff903400640 1 --2- 172.21.15.144:0/3768984645 >> [v2:172.21.15.144:3300/0,v1:172.21.15.144:6789/0] conn(0x7ff8fc109870 0x7ff8fc109c70 unknown :-1 s=CLOSED pgs=70 cs=0 l=1 rev1=1 crypto rx=0 tx=0 comp rx=0 tx=0).stop
2024-09-05T07:42:10.880 INFO:teuthology.orchestra.run.smithi144.stdout:/usr/bin/ceph: stderr
2024-09-05T07:42:09.448+0000 7ff903400640 1 -- 172.21.15.144:0/3768984645 >> 172.21.15.144:0/3768984645 conn(0x7ff8fc07cf40 msgr2=0x7ff8fc07d350 unknown :-1 s=STATE_NONE l=0).mark_down
2024-09-05T07:42:10.880 INFO:teuthology.orchestra.run.smithi144.stdout:/usr/bin/ceph: stderr
2024-09-05T07:42:09.448+0000 7ff903400640 1 -- 172.21.15.144:0/3768984645 shutdown_connections
2024-09-05T07:42:10.880 INFO:teuthology.orchestra.run.smithi144.stdout:/usr/bin/ceph: stderr
2024-09-05T07:42:09.448+0000 7ff903400640 1 -- 172.21.15.144:0/3768984645 wait complete.
2024-09-05T07:42:10.880 INFO:teuthology.orchestra.run.smithi144.stdout:/usr/bin/ceph: stderr
2024-09-05T07:42:09.449+0000 7ff903400640 1 Processor -- start
2024-09-05T07:42:10.880 INFO:teuthology.orchestra.run.smithi144.stdout:/usr/bin/ceph: stderr
2024-09-05T07:42:09.449+0000 7ff903400640 1 -- start start
2024-09-05T07:42:10.880 INFO:teuthology.orchestra.run.smithi144.stdout:/usr/bin/ceph: stderr
2024-09-05T07:42:09.450+0000 7ff903400640 1 --2- >> [v2:172.21.15.144:3300/0,v1:172.21.15.144:6789/0] conn(0x7ff8fc109870 0x7ff8fc19d7e0 unknown :-1 s=NONE pgs=0 cs=0 l=1 rev1=0 crypto rx=0 tx=0 comp rx=0 tx=0).connect
2024-09-05T07:42:10.881 INFO:teuthology.orchestra.run.smithi144.stdout:/usr/bin/ceph: stderr
2024-09-05T07:42:09.450+0000 7ff903400640 1 -- --> [v2:172.21.15.144:3300/0,v1:172.21.15.144:6789/0] -- mon_getmap magic: 0 -- 0x7ff8fc10ddc0 con 0x7ff8fc109870
2024-09-05T07:42:10.881 INFO:teuthology.orchestra.run.smithi144.stdout:/usr/bin/ceph: stderr
2024-09-05T07:42:09.450+0000 7ff900a00640 1 --2- >> [v2:172.21.15.144:3300/0,v1:172.21.15.144:6789/0] conn(0x7ff8fc109870 0x7ff8fc19d7e0 unknown :-1 s=BANNER_CONNECTING pgs=0 cs=0 l=1 rev1=0 crypto rx=0 tx=0 comp rx=0 tx=0)._handle_peer_banner_payload supported=3 required=0
2024-09-05T07:42:10.881 INFO:teuthology.orchestra.run.smithi144.stdout:/usr/bin/ceph: stderr
2024-09-05T07:42:09.450+0000 7ff900a00640 1 --2- >> [v2:172.21.15.144:3300/0,v1:172.21.15.144:6789/0] conn(0x7ff8fc109870 0x7ff8fc19d7e0 unknown :-1 s=HELLO_CONNECTING pgs=0 cs=0 l=1 rev1=1 crypto rx=0 tx=0 comp rx=0 tx=0).handle_hello peer v2:172.21.15.144:3300/0 says I am v2:172.21.15.144:33868/0 (socket says 172.21.15.144:33868)
2024-09-05T07:42:10.881 INFO:teuthology.orchestra.run.smithi144.stdout:/usr/bin/ceph: stderr
2024-09-05T07:42:09.450+0000 7ff900a00640 1 -- 172.21.15.144:0/3124338355 learned_addr learned my addr 172.21.15.144:0/3124338355 (peer_addr_for_me v2:172.21.15.144:0/0)
2024-09-05T07:42:10.881 INFO:teuthology.orchestra.run.smithi144.stdout:/usr/bin/ceph: stderr
2024-09-05T07:42:09.450+0000 7ff900a00640 1 -- 172.21.15.144:0/3124338355 --> [v2:172.21.15.144:3300/0,v1:172.21.15.144:6789/0] -- mon_subscribe({config=0+,monmap=0+}) -- 0x7ff8fc19dd20 con 0x7ff8fc109870
2024-09-05T07:42:10.881 INFO:teuthology.orchestra.run.smithi144.stdout:/usr/bin/ceph: stderr
2024-09-05T07:42:09.451+0000 7ff900a00640 1 --2- 172.21.15.144:0/3124338355 >> [v2:172.21.15.144:3300/0,v1:172.21.15.144:6789/0] conn(0x7ff8fc109870 0x7ff8fc19d7e0 secure :-1 s=READY pgs=71 cs=0 l=1 rev1=1 crypto rx=0x7ff8f00097f0 tx=0x7ff8f00327b0 comp rx=0 tx=0).ready entity=mon.0 client_cookie=0 server_cookie=0 in_seq=0 out_seq=0
2024-09-05T07:42:10.881 INFO:teuthology.orchestra.run.smithi144.stdout:/usr/bin/ceph: stderr
2024-09-05T07:42:09.451+0000 7ff8f9600640 1 -- 172.21.15.144:0/3124338355 <== mon.0 v2:172.21.15.144:3300/0 1 ==== mon_map magic: 0 ==== 205+0+0 (secure 0 0 0) 0x7ff8f0037040 con 0x7ff8fc109870
2024-09-05T07:42:10.881 INFO:teuthology.orchestra.run.smithi144.stdout:/usr/bin/ceph: stderr
2024-09-05T07:42:09.451+0000 7ff8f9600640 1 -- 172.21.15.144:0/3124338355 <== mon.0 v2:172.21.15.144:3300/0 2 ==== config(27 keys) ==== 1140+0+0 (secure 0 0 0) 0x7ff8f0030cc0 con 0x7ff8fc109870
2024-09-05T07:42:10.881 INFO:teuthology.orchestra.run.smithi144.stdout:/usr/bin/ceph: stderr
2024-09-05T07:42:09.451+0000 7ff903400640 1 -- 172.21.15.144:0/3124338355 --> [v2:172.21.15.144:3300/0,v1:172.21.15.144:6789/0] -- mon_subscribe({mgrmap=0+}) -- 0x7ff8fc19dfb0 con 0x7ff8fc109870
2024-09-05T07:42:10.881 INFO:teuthology.orchestra.run.smithi144.stdout:/usr/bin/ceph: stderr
2024-09-05T07:42:09.451+0000 7ff8f9600640 1 -- 172.21.15.144:0/3124338355 <== mon.0 v2:172.21.15.144:3300/0 3 ==== mon_map magic: 0 ==== 205+0+0 (secure 0 0 0) 0x7ff8f003a6b0 con 0x7ff8fc109870
2024-09-05T07:42:10.881 INFO:teuthology.orchestra.run.smithi144.stdout:/usr/bin/ceph: stderr
2024-09-05T07:42:09.451+0000 7ff903400640 1 -- 172.21.15.144:0/3124338355 --> [v2:172.21.15.144:3300/0,v1:172.21.15.144:6789/0] -- mon_subscribe({osdmap=0}) -- 0x7ff8fc1a0ca0 con 0x7ff8fc109870
2024-09-05T07:42:10.881 INFO:teuthology.orchestra.run.smithi144.stdout:/usr/bin/ceph: stderr
2024-09-05T07:42:09.452+0000 7ff8f9600640 1 -- 172.21.15.144:0/3124338355 <== mon.0 v2:172.21.15.144:3300/0 4 ==== mgrmap(e 12) ==== 46300+0+0 (secure 0 0 0) 0x7ff8f003baf0 con 0x7ff8fc109870
2024-09-05T07:42:10.881 INFO:teuthology.orchestra.run.smithi144.stdout:/usr/bin/ceph: stderr
2024-09-05T07:42:09.452+0000 7ff903400640 1 -- 172.21.15.144:0/3124338355 --> [v2:172.21.15.144:3300/0,v1:172.21.15.144:6789/0] -- mon_command({"prefix": "get_command_descriptions"} v 0) -- 0x7ff8fc109cf0 con 0x7ff8fc109870
2024-09-05T07:42:10.881 INFO:teuthology.orchestra.run.smithi144.stdout:/usr/bin/ceph: stderr
2024-09-05T07:42:09.453+0000 7ff8f9600640 1 --2- 172.21.15.144:0/3124338355 >> [v2:172.21.15.144:6800/2361768482,v1:172.21.15.144:6801/2361768482] conn(0x7ff8e4038fc0 0x7ff8e403b480 unknown :-1 s=NONE pgs=0 cs=0 l=1 rev1=0 crypto rx=0 tx=0 comp rx=0 tx=0).connect
2024-09-05T07:42:10.882 INFO:teuthology.orchestra.run.smithi144.stdout:/usr/bin/ceph: stderr
2024-09-05T07:42:09.453+0000 7ff8f9600640 1 -- 172.21.15.144:0/3124338355 <== mon.0 v2:172.21.15.144:3300/0 5 ==== osd_map(3..3 src has 1..3) ==== 1155+0+0 (secure 0 0 0) 0x7ff8f006c650 con 0x7ff8fc109870
2024-09-05T07:42:10.882 INFO:teuthology.orchestra.run.smithi144.stdout:/usr/bin/ceph: stderr
2024-09-05T07:42:09.453+0000 7ff8fbe00640 1 --2- 172.21.15.144:0/3124338355 >> [v2:172.21.15.144:6800/2361768482,v1:172.21.15.144:6801/2361768482] conn(0x7ff8e4038fc0 0x7ff8e403b480 unknown :-1 s=BANNER_CONNECTING pgs=0 cs=0 l=1 rev1=0 crypto rx=0 tx=0 comp rx=0 tx=0)._handle_peer_banner_payload supported=3 required=0
2024-09-05T07:42:10.882 INFO:teuthology.orchestra.run.smithi144.stdout:/usr/bin/ceph: stderr
2024-09-05T07:42:09.454+0000 7ff8fbe00640 1 --2- 172.21.15.144:0/3124338355 >> [v2:172.21.15.144:6800/2361768482,v1:172.21.15.144:6801/2361768482] conn(0x7ff8e4038fc0 0x7ff8e403b480 secure :-1 s=READY pgs=8 cs=0 l=1 rev1=1 crypto rx=0x7ff8e80098c0 tx=0x7ff8e8006db0 comp rx=0 tx=0).ready entity=mgr.14150 client_cookie=0 server_cookie=0 in_seq=0 out_seq=0
2024-09-05T07:42:10.882 INFO:teuthology.orchestra.run.smithi144.stdout:/usr/bin/ceph: stderr
2024-09-05T07:42:09.459+0000 7ff8f9600640 1 -- 172.21.15.144:0/3124338355 <== mon.0 v2:172.21.15.144:3300/0 6 ==== mon_command_ack([{"prefix": "get_command_descriptions"}]=0 v0) ==== 72+0+188821 (secure 0 0 0) 0x7ff8f00371e0 con 0x7ff8fc109870
2024-09-05T07:42:10.882 INFO:teuthology.orchestra.run.smithi144.stdout:/usr/bin/ceph: stderr
2024-09-05T07:42:09.652+0000 7ff903400640 1 -- 172.21.15.144:0/3124338355 --> [v2:172.21.15.144:6800/2361768482,v1:172.21.15.144:6801/2361768482] -- mgr_command(tid 0: {"prefix": "dashboard ac-user-create", "username": "admin", "rolename": "administrator", "force_password": true, "pwd_update_required": true, "target": ["mon-mgr", ""]}) -- 0x7ff8fc19e490 con 0x7ff8e4038fc0
2024-09-05T07:42:10.882 INFO:teuthology.orchestra.run.smithi144.stdout:/usr/bin/ceph: stderr
2024-09-05T07:42:09.880+0000 7ff8f9600640 1 -- 172.21.15.144:0/3124338355 <== mgr.14150 v2:172.21.15.144:6800/2361768482 1 ==== mgr_command_reply(tid 0: 0 ) ==== 8+0+252 (secure 0 0 0) 0x7ff8fc19e490 con 0x7ff8e4038fc0
2024-09-05T07:42:10.882 INFO:teuthology.orchestra.run.smithi144.stdout:/usr/bin/ceph: stderr
2024-09-05T07:42:09.882+0000 7ff903400640 1 -- 172.21.15.144:0/3124338355 >> [v2:172.21.15.144:6800/2361768482,v1:172.21.15.144:6801/2361768482] conn(0x7ff8e4038fc0 msgr2=0x7ff8e403b480 secure :-1 s=STATE_CONNECTION_ESTABLISHED l=1).mark_down
2024-09-05T07:42:10.882 INFO:teuthology.orchestra.run.smithi144.stdout:/usr/bin/ceph: stderr
2024-09-05T07:42:09.882+0000 7ff903400640 1 --2- 172.21.15.144:0/3124338355 >> [v2:172.21.15.144:6800/2361768482,v1:172.21.15.144:6801/2361768482] conn(0x7ff8e4038fc0 0x7ff8e403b480 secure :-1 s=READY pgs=8 cs=0 l=1 rev1=1 crypto rx=0x7ff8e80098c0 tx=0x7ff8e8006db0 comp rx=0 tx=0).stop
2024-09-05T07:42:10.882 INFO:teuthology.orchestra.run.smithi144.stdout:/usr/bin/ceph: stderr
2024-09-05T07:42:09.882+0000 7ff903400640 1 -- 172.21.15.144:0/3124338355 >> [v2:172.21.15.144:3300/0,v1:172.21.15.144:6789/0] conn(0x7ff8fc109870 msgr2=0x7ff8fc19d7e0 secure :-1 s=STATE_CONNECTION_ESTABLISHED l=1).mark_down
2024-09-05T07:42:10.882 INFO:teuthology.orchestra.run.smithi144.stdout:/usr/bin/ceph: stderr
2024-09-05T07:42:09.882+0000 7ff903400640 1 --2- 172.21.15.144:0/3124338355 >> [v2:172.21.15.144:3300/0,v1:172.21.15.144:6789/0] conn(0x7ff8fc109870 0x7ff8fc19d7e0 secure :-1 s=READY pgs=71 cs=0 l=1 rev1=1 crypto rx=0x7ff8f00097f0 tx=0x7ff8f00327b0 comp rx=0 tx=0).stop
2024-09-05T07:42:10.882 INFO:teuthology.orchestra.run.smithi144.stdout:/usr/bin/ceph: stderr
2024-09-05T07:42:09.883+0000 7ff903400640 1 -- 172.21.15.144:0/3124338355 shutdown_connections
2024-09-05T07:42:10.882 INFO:teuthology.orchestra.run.smithi144.stdout:/usr/bin/ceph: stderr
2024-09-05T07:42:09.883+0000 7ff903400640 1 --2- 172.21.15.144:0/3124338355 >> [v2:172.21.15.144:6800/2361768482,v1:172.21.15.144:6801/2361768482] conn(0x7ff8e4038fc0 0x7ff8e403b480 unknown :-1 s=CLOSED pgs=8 cs=0 l=1 rev1=1 crypto rx=0 tx=0 comp rx=0 tx=0).stop
2024-09-05T07:42:10.882 INFO:teuthology.orchestra.run.smithi144.stdout:/usr/bin/ceph: stderr
2024-09-05T07:42:09.883+0000 7ff903400640 1 --2- 172.21.15.144:0/3124338355 >> [v2:172.21.15.144:3300/0,v1:172.21.15.144:6789/0] conn(0x7ff8fc109870 0x7ff8fc19d7e0 unknown :-1 s=CLOSED pgs=71 cs=0 l=1 rev1=1 crypto rx=0 tx=0 comp rx=0 tx=0).stop
2024-09-05T07:42:10.883 INFO:teuthology.orchestra.run.smithi144.stdout:/usr/bin/ceph: stderr
2024-09-05T07:42:09.883+0000 7ff903400640 1 -- 172.21.15.144:0/3124338355 >> 172.21.15.144:0/3124338355 conn(0x7ff8fc07cf40 msgr2=0x7ff8fc107560 unknown :-1 s=STATE_NONE l=0).mark_down
2024-09-05T07:42:10.883 INFO:teuthology.orchestra.run.smithi144.stdout:/usr/bin/ceph: stderr
2024-09-05T07:42:09.883+0000 7ff903400640 1 -- 172.21.15.144:0/3124338355 shutdown_connections
2024-09-05T07:42:10.883 INFO:teuthology.orchestra.run.smithi144.stdout:/usr/bin/ceph: stderr
2024-09-05T07:42:09.883+0000 7ff903400640 1 -- 172.21.15.144:0/3124338355 wait complete.
2024-09-05T07:42:10.883 INFO:teuthology.orchestra.run.smithi144.stdout:Fetching dashboard port number...
2024-09-05T07:42:11.137 INFO:journalctl@ceph.mon.a.smithi144.stdout:Sep 05 07:42:10 smithi144 ceph-mon[29535]: from='client.14164 -' entity='client.admin' cmd=[{"prefix": "dashboard ac-user-create", "username": "admin", "rolename": "administrator", "force_password": true, "pwd_update_required": true, "target": ["mon-mgr", ""]}]: dispatch
2024-09-05T07:42:11.138 INFO:journalctl@ceph.mon.a.smithi144.stdout:Sep 05 07:42:10 smithi144 ceph-mon[29535]: from='mgr.14150 172.21.15.144:0/592607913' entity='mgr.x'
2024-09-05T07:42:12.321 INFO:journalctl@ceph.mon.a.smithi144.stdout:Sep 05 07:42:11 smithi144 ceph-mon[29535]: from='client.? 172.21.15.144:0/3343891365' entity='client.admin' cmd=[{"prefix": "config get", "who": "mgr", "key": "mgr/dashboard/ssl_server_port"}]: dispatch
2024-09-05T07:42:12.386 INFO:teuthology.orchestra.run.smithi144.stdout:/usr/bin/ceph: stdout 8443
2024-09-05T07:42:12.386 INFO:teuthology.orchestra.run.smithi144.stdout:/usr/bin/ceph: stderr
2024-09-05T07:42:11.360+0000 7f9ba7c00640 1 Processor -- start
2024-09-05T07:42:12.386 INFO:teuthology.orchestra.run.smithi144.stdout:/usr/bin/ceph: stderr
2024-09-05T07:42:11.360+0000 7f9ba7c00640 1 -- start start
2024-09-05T07:42:12.386 INFO:teuthology.orchestra.run.smithi144.stdout:/usr/bin/ceph: stderr
2024-09-05T07:42:11.360+0000 7f9ba7c00640 1 --2- >> [v2:172.21.15.144:3300/0,v1:172.21.15.144:6789/0] conn(0x7f9ba0109870 0x7f9ba0109c70 unknown :-1 s=NONE pgs=0 cs=0 l=0 rev1=0 crypto rx=0 tx=0 comp rx=0 tx=0).connect
2024-09-05T07:42:12.386 INFO:teuthology.orchestra.run.smithi144.stdout:/usr/bin/ceph: stderr
2024-09-05T07:42:11.360+0000 7f9ba7c00640 1 -- --> [v2:172.21.15.144:3300/0,v1:172.21.15.144:6789/0] -- mon_getmap magic: 0 -- 0x7f9ba010a240 con 0x7f9ba0109870
2024-09-05T07:42:12.387 INFO:teuthology.orchestra.run.smithi144.stdout:/usr/bin/ceph: stderr
2024-09-05T07:42:11.361+0000 7f9ba5200640 1 --2- >> [v2:172.21.15.144:3300/0,v1:172.21.15.144:6789/0] conn(0x7f9ba0109870 0x7f9ba0109c70 unknown :-1 s=BANNER_CONNECTING pgs=0 cs=0 l=0 rev1=0 crypto rx=0 tx=0 comp rx=0 tx=0)._handle_peer_banner_payload supported=3 required=0
2024-09-05T07:42:12.387 INFO:teuthology.orchestra.run.smithi144.stdout:/usr/bin/ceph: stderr
2024-09-05T07:42:11.361+0000 7f9ba5200640 1 --2- >> [v2:172.21.15.144:3300/0,v1:172.21.15.144:6789/0] conn(0x7f9ba0109870 0x7f9ba0109c70 unknown :-1 s=HELLO_CONNECTING pgs=0 cs=0 l=0 rev1=1 crypto rx=0 tx=0 comp rx=0 tx=0).handle_hello peer v2:172.21.15.144:3300/0 says I am v2:172.21.15.144:33872/0 (socket says 172.21.15.144:33872)
2024-09-05T07:42:12.387 INFO:teuthology.orchestra.run.smithi144.stdout:/usr/bin/ceph: stderr
2024-09-05T07:42:11.361+0000 7f9ba5200640 1 -- 172.21.15.144:0/2380460377 learned_addr learned my addr 172.21.15.144:0/2380460377 (peer_addr_for_me v2:172.21.15.144:0/0)
