2024-09-05T08:04:53.403+0000 7f091c9ef640 1 --2- >> [v2:172.21.15.100:3300/0,v1:172.21.15.100:6789/0] conn(0x7f091807de70 0x7f091807c2d0 unknown :-1 s=HELLO_CONNECTING pgs=0 cs=0 l=0 rev1=1 crypto rx=0 tx=0 comp rx=0 tx=0).handle_hello peer v2:172.21.15.100:3300/0 says I am v2:172.21.15.100:49648/0 (socket says 172.21.15.100:49648)
2024-09-05T08:04:54.603 INFO:teuthology.orchestra.run.smithi100.stdout:/usr/bin/ceph: stderr
2024-09-05T08:04:53.403+0000 7f091c9ef640 1 -- 172.21.15.100:0/430290459 learned_addr learned my addr 172.21.15.100:0/430290459 (peer_addr_for_me v2:172.21.15.100:0/0)
2024-09-05T08:04:54.604 INFO:teuthology.orchestra.run.smithi100.stdout:/usr/bin/ceph: stderr
2024-09-05T08:04:53.404+0000 7f091c9ef640 1 -- 172.21.15.100:0/430290459 --> [v2:172.21.15.100:3300/0,v1:172.21.15.100:6789/0] -- mon_subscribe({config=0+,monmap=0+}) -- 0x7f091807ca20 con 0x7f091807de70
2024-09-05T08:04:54.604 INFO:teuthology.orchestra.run.smithi100.stdout:/usr/bin/ceph: stderr
2024-09-05T08:04:53.404+0000 7f091c9ef640 1 --2- 172.21.15.100:0/430290459 >> [v2:172.21.15.100:3300/0,v1:172.21.15.100:6789/0] conn(0x7f091807de70 0x7f091807c2d0 secure :-1 s=READY pgs=20 cs=0 l=1 rev1=1 crypto rx=0x7f090c009820 tx=0x7f090c02a270 comp rx=0 tx=0).ready entity=mon.0 client_cookie=ba9608b035d3a11a server_cookie=0 in_seq=0 out_seq=0
2024-09-05T08:04:54.604 INFO:teuthology.orchestra.run.smithi100.stdout:/usr/bin/ceph: stderr
2024-09-05T08:04:53.404+0000 7f09177fe640 1 -- 172.21.15.100:0/430290459 <== mon.0 v2:172.21.15.100:3300/0 1 ==== mon_map magic: 0 ==== 205+0+0 (secure 0 0 0) 0x7f090c037070 con 0x7f091807de70
2024-09-05T08:04:54.604 INFO:teuthology.orchestra.run.smithi100.stdout:/usr/bin/ceph: stderr
2024-09-05T08:04:53.404+0000 7f09177fe640 1 -- 172.21.15.100:0/430290459 <== mon.0 v2:172.21.15.100:3300/0 2 ==== config(27 keys) ==== 1105+0+0 (secure 0 0 0) 0x7f090c032900 con 0x7f091807de70
2024-09-05T08:04:54.604 INFO:teuthology.orchestra.run.smithi100.stdout:/usr/bin/ceph: stderr
2024-09-05T08:04:53.405+0000 7f09177fe640 1 -- 172.21.15.100:0/430290459 <== mon.0 v2:172.21.15.100:3300/0 3 ==== mon_map magic: 0 ==== 205+0+0 (secure 0 0 0) 0x7f090c030840 con 0x7f091807de70
2024-09-05T08:04:54.604 INFO:teuthology.orchestra.run.smithi100.stdout:/usr/bin/ceph: stderr
2024-09-05T08:04:53.405+0000 7f091ec53640 1 -- 172.21.15.100:0/430290459 >> [v2:172.21.15.100:3300/0,v1:172.21.15.100:6789/0] conn(0x7f091807de70 msgr2=0x7f091807c2d0 secure :-1 s=STATE_CONNECTION_ESTABLISHED l=1).mark_down
2024-09-05T08:04:54.604 INFO:teuthology.orchestra.run.smithi100.stdout:/usr/bin/ceph: stderr
2024-09-05T08:04:53.405+0000 7f091ec53640 1 --2- 172.21.15.100:0/430290459 >> [v2:172.21.15.100:3300/0,v1:172.21.15.100:6789/0] conn(0x7f091807de70 0x7f091807c2d0 secure :-1 s=READY pgs=20 cs=0 l=1 rev1=1 crypto rx=0x7f090c009820 tx=0x7f090c02a270 comp rx=0 tx=0).stop
2024-09-05T08:04:54.604 INFO:teuthology.orchestra.run.smithi100.stdout:/usr/bin/ceph: stderr
2024-09-05T08:04:53.405+0000 7f091ec53640 1 -- 172.21.15.100:0/430290459 shutdown_connections
2024-09-05T08:04:54.604 INFO:teuthology.orchestra.run.smithi100.stdout:/usr/bin/ceph: stderr
2024-09-05T08:04:53.405+0000 7f091ec53640 1 --2- 172.21.15.100:0/430290459 >> [v2:172.21.15.100:3300/0,v1:172.21.15.100:6789/0] conn(0x7f091807de70 0x7f091807c2d0 unknown :-1 s=CLOSED pgs=20 cs=0 l=1 rev1=1 crypto rx=0 tx=0 comp rx=0 tx=0).stop
2024-09-05T08:04:54.604 INFO:teuthology.orchestra.run.smithi100.stdout:/usr/bin/ceph: stderr
2024-09-05T08:04:53.405+0000 7f091ec53640 1 -- 172.21.15.100:0/430290459 >> 172.21.15.100:0/430290459 conn(0x7f0918102d60 msgr2=0x7f0918105180 unknown :-1 s=STATE_NONE l=0).mark_down
2024-09-05T08:04:54.604 INFO:teuthology.orchestra.run.smithi100.stdout:/usr/bin/ceph: stderr
2024-09-05T08:04:53.405+0000 7f091ec53640 1 -- 172.21.15.100:0/430290459 shutdown_connections
2024-09-05T08:04:54.604 INFO:teuthology.orchestra.run.smithi100.stdout:/usr/bin/ceph: stderr
2024-09-05T08:04:53.405+0000 7f091ec53640 1 -- 172.21.15.100:0/430290459 wait complete.
2024-09-05T08:04:54.604 INFO:teuthology.orchestra.run.smithi100.stdout:/usr/bin/ceph: stderr
2024-09-05T08:04:53.406+0000 7f091ec53640 1 Processor -- start
2024-09-05T08:04:54.605 INFO:teuthology.orchestra.run.smithi100.stdout:/usr/bin/ceph: stderr
2024-09-05T08:04:53.406+0000 7f091ec53640 1 -- start start
2024-09-05T08:04:54.605 INFO:teuthology.orchestra.run.smithi100.stdout:/usr/bin/ceph: stderr
2024-09-05T08:04:53.406+0000 7f091ec53640 1 --2- >> [v2:172.21.15.100:3300/0,v1:172.21.15.100:6789/0] conn(0x7f091807de70 0x7f091819d710 unknown :-1 s=NONE pgs=0 cs=0 l=1 rev1=0 crypto rx=0 tx=0 comp rx=0 tx=0).connect
2024-09-05T08:04:54.605 INFO:teuthology.orchestra.run.smithi100.stdout:/usr/bin/ceph: stderr
2024-09-05T08:04:53.406+0000 7f091ec53640 1 -- --> [v2:172.21.15.100:3300/0,v1:172.21.15.100:6789/0] -- mon_getmap magic: 0 -- 0x7f091810dc00 con 0x7f091807de70
2024-09-05T08:04:54.605 INFO:teuthology.orchestra.run.smithi100.stdout:/usr/bin/ceph: stderr
2024-09-05T08:04:53.406+0000 7f091c9ef640 1 --2- >> [v2:172.21.15.100:3300/0,v1:172.21.15.100:6789/0] conn(0x7f091807de70 0x7f091819d710 unknown :-1 s=BANNER_CONNECTING pgs=0 cs=0 l=1 rev1=0 crypto rx=0 tx=0 comp rx=0 tx=0)._handle_peer_banner_payload supported=3 required=0
2024-09-05T08:04:54.605 INFO:teuthology.orchestra.run.smithi100.stdout:/usr/bin/ceph: stderr
2024-09-05T08:04:53.406+0000 7f091c9ef640 1 --2- >> [v2:172.21.15.100:3300/0,v1:172.21.15.100:6789/0] conn(0x7f091807de70 0x7f091819d710 unknown :-1 s=HELLO_CONNECTING pgs=0 cs=0 l=1 rev1=1 crypto rx=0 tx=0 comp rx=0 tx=0).handle_hello peer v2:172.21.15.100:3300/0 says I am v2:172.21.15.100:49652/0 (socket says 172.21.15.100:49652)
2024-09-05T08:04:54.605 INFO:teuthology.orchestra.run.smithi100.stdout:/usr/bin/ceph: stderr
2024-09-05T08:04:53.406+0000 7f091c9ef640 1 -- 172.21.15.100:0/931219470 learned_addr learned my addr 172.21.15.100:0/931219470 (peer_addr_for_me v2:172.21.15.100:0/0)
2024-09-05T08:04:54.605 INFO:teuthology.orchestra.run.smithi100.stdout:/usr/bin/ceph: stderr
2024-09-05T08:04:53.406+0000 7f091c9ef640 1 -- 172.21.15.100:0/931219470 --> [v2:172.21.15.100:3300/0,v1:172.21.15.100:6789/0] -- mon_subscribe({config=0+,monmap=0+}) -- 0x7f091819dc50 con 0x7f091807de70
2024-09-05T08:04:54.605 INFO:teuthology.orchestra.run.smithi100.stdout:/usr/bin/ceph: stderr
2024-09-05T08:04:53.406+0000 7f091c9ef640 1 --2- 172.21.15.100:0/931219470 >> [v2:172.21.15.100:3300/0,v1:172.21.15.100:6789/0] conn(0x7f091807de70 0x7f091819d710 secure :-1 s=READY pgs=21 cs=0 l=1 rev1=1 crypto rx=0x7f090c030480 tx=0x7f090c032ce0 comp rx=0 tx=0).ready entity=mon.0 client_cookie=0 server_cookie=0 in_seq=0 out_seq=0
2024-09-05T08:04:54.605 INFO:teuthology.orchestra.run.smithi100.stdout:/usr/bin/ceph: stderr
2024-09-05T08:04:53.406+0000 7f0915ffb640 1 -- 172.21.15.100:0/931219470 <== mon.0 v2:172.21.15.100:3300/0 1 ==== mon_map magic: 0 ==== 205+0+0 (secure 0 0 0) 0x7f090c037040 con 0x7f091807de70
2024-09-05T08:04:54.605 INFO:teuthology.orchestra.run.smithi100.stdout:/usr/bin/ceph: stderr
2024-09-05T08:04:53.407+0000 7f0915ffb640 1 -- 172.21.15.100:0/931219470 <== mon.0 v2:172.21.15.100:3300/0 2 ==== config(27 keys) ==== 1105+0+0 (secure 0 0 0) 0x7f090c040070 con 0x7f091807de70
2024-09-05T08:04:54.605 INFO:teuthology.orchestra.run.smithi100.stdout:/usr/bin/ceph: stderr
2024-09-05T08:04:53.407+0000 7f091ec53640 1 -- 172.21.15.100:0/931219470 --> [v2:172.21.15.100:3300/0,v1:172.21.15.100:6789/0] -- mon_subscribe({mgrmap=0+}) -- 0x7f091819dee0 con 0x7f091807de70
2024-09-05T08:04:54.606 INFO:teuthology.orchestra.run.smithi100.stdout:/usr/bin/ceph: stderr
2024-09-05T08:04:53.407+0000 7f0915ffb640 1 -- 172.21.15.100:0/931219470 <== mon.0 v2:172.21.15.100:3300/0 3 ==== mon_map magic: 0 ==== 205+0+0 (secure 0 0 0) 0x7f090c03a610 con 0x7f091807de70
2024-09-05T08:04:54.606 INFO:teuthology.orchestra.run.smithi100.stdout:/usr/bin/ceph: stderr
2024-09-05T08:04:53.407+0000 7f091ec53640 1 -- 172.21.15.100:0/931219470 --> [v2:172.21.15.100:3300/0,v1:172.21.15.100:6789/0] -- mon_subscribe({osdmap=0}) -- 0x7f09181a0bd0 con 0x7f091807de70
2024-09-05T08:04:54.606 INFO:teuthology.orchestra.run.smithi100.stdout:/usr/bin/ceph: stderr
2024-09-05T08:04:53.407+0000 7f0915ffb640 1 -- 172.21.15.100:0/931219470 <== mon.0 v2:172.21.15.100:3300/0 4 ==== mgrmap(e 4) ==== 46276+0+0 (secure 0 0 0) 0x7f090c03a880 con 0x7f091807de70
2024-09-05T08:04:54.606 INFO:teuthology.orchestra.run.smithi100.stdout:/usr/bin/ceph: stderr
2024-09-05T08:04:53.408+0000 7f0915ffb640 1 --2- 172.21.15.100:0/931219470 >> [v2:172.21.15.100:6800/3106612131,v1:172.21.15.100:6801/3106612131] conn(0x7f0908039030 0x7f090803b4f0 unknown :-1 s=NONE pgs=0 cs=0 l=1 rev1=0 crypto rx=0 tx=0 comp rx=0 tx=0).connect
2024-09-05T08:04:54.606 INFO:teuthology.orchestra.run.smithi100.stdout:/usr/bin/ceph: stderr
2024-09-05T08:04:53.408+0000 7f091ec53640 1 -- 172.21.15.100:0/931219470 --> [v2:172.21.15.100:3300/0,v1:172.21.15.100:6789/0] -- mon_command({"prefix": "get_command_descriptions"} v 0) -- 0x7f091807c350 con 0x7f091807de70
2024-09-05T08:04:54.606 INFO:teuthology.orchestra.run.smithi100.stdout:/usr/bin/ceph: stderr
2024-09-05T08:04:53.408+0000 7f0915ffb640 1 -- 172.21.15.100:0/931219470 <== mon.0 v2:172.21.15.100:3300/0 5 ==== osd_map(1..1 src has 1..1) ==== 725+0+0 (secure 0 0 0) 0x7f090c06bf90 con 0x7f091807de70
2024-09-05T08:04:54.606 INFO:teuthology.orchestra.run.smithi100.stdout:/usr/bin/ceph: stderr
2024-09-05T08:04:53.408+0000 7f0917fff640 1 --2- 172.21.15.100:0/931219470 >> [v2:172.21.15.100:6800/3106612131,v1:172.21.15.100:6801/3106612131] conn(0x7f0908039030 0x7f090803b4f0 unknown :-1 s=BANNER_CONNECTING pgs=0 cs=0 l=1 rev1=0 crypto rx=0 tx=0 comp rx=0 tx=0)._handle_peer_banner_payload supported=3 required=0
2024-09-05T08:04:54.606 INFO:teuthology.orchestra.run.smithi100.stdout:/usr/bin/ceph: stderr
2024-09-05T08:04:53.408+0000 7f0917fff640 1 --2- 172.21.15.100:0/931219470 >> [v2:172.21.15.100:6800/3106612131,v1:172.21.15.100:6801/3106612131] conn(0x7f0908039030 0x7f090803b4f0 secure :-1 s=READY pgs=8 cs=0 l=1 rev1=1 crypto rx=0x7f09040098c0 tx=0x7f0904006db0 comp rx=0 tx=0).ready entity=mgr.14100 client_cookie=0 server_cookie=0 in_seq=0 out_seq=0
2024-09-05T08:04:54.606 INFO:teuthology.orchestra.run.smithi100.stdout:/usr/bin/ceph: stderr
2024-09-05T08:04:53.412+0000 7f0915ffb640 1 -- 172.21.15.100:0/931219470 <== mon.0 v2:172.21.15.100:3300/0 6 ==== mon_command_ack([{"prefix": "get_command_descriptions"}]=0 v0) ==== 72+0+188821 (secure 0 0 0) 0x7f090c041270 con 0x7f091807de70
2024-09-05T08:04:54.606 INFO:teuthology.orchestra.run.smithi100.stdout:/usr/bin/ceph: stderr
2024-09-05T08:04:53.625+0000 7f091ec53640 1 -- 172.21.15.100:0/931219470 --> [v2:172.21.15.100:3300/0,v1:172.21.15.100:6789/0] -- mon_command({"prefix": "mgr module enable", "module": "cephadm"} v 0) -- 0x7f09181a1220 con 0x7f091807de70
2024-09-05T08:04:54.606 INFO:teuthology.orchestra.run.smithi100.stdout:/usr/bin/ceph: stderr
2024-09-05T08:04:53.948+0000 7f0915ffb640 1 -- 172.21.15.100:0/931219470 <== mon.0 v2:172.21.15.100:3300/0 7 ==== mon_command_ack([{"prefix": "mgr module enable", "module": "cephadm"}]=0 v5) ==== 86+0+0 (secure 0 0 0) 0x7f090c03bb00 con 0x7f091807de70
2024-09-05T08:04:54.606 INFO:teuthology.orchestra.run.smithi100.stdout:/usr/bin/ceph: stderr
2024-09-05T08:04:53.950+0000 7f0915ffb640 1 -- 172.21.15.100:0/931219470 <== mon.0 v2:172.21.15.100:3300/0 8 ==== mgrmap(e 5) ==== 46287+0+0 (secure 0 0 0) 0x7f090c045980 con 0x7f091807de70
2024-09-05T08:04:54.606 INFO:teuthology.orchestra.run.smithi100.stdout:/usr/bin/ceph: stderr
2024-09-05T08:04:53.951+0000 7f091ec53640 1 -- 172.21.15.100:0/931219470 >> [v2:172.21.15.100:6800/3106612131,v1:172.21.15.100:6801/3106612131] conn(0x7f0908039030 msgr2=0x7f090803b4f0 secure :-1 s=STATE_CONNECTION_ESTABLISHED l=1).mark_down
2024-09-05T08:04:54.606 INFO:teuthology.orchestra.run.smithi100.stdout:/usr/bin/ceph: stderr
2024-09-05T08:04:53.951+0000 7f091ec53640 1 --2- 172.21.15.100:0/931219470 >> [v2:172.21.15.100:6800/3106612131,v1:172.21.15.100:6801/3106612131] conn(0x7f0908039030 0x7f090803b4f0 secure :-1 s=READY pgs=8 cs=0 l=1 rev1=1 crypto rx=0x7f09040098c0 tx=0x7f0904006db0 comp rx=0 tx=0).stop
2024-09-05T08:04:54.607 INFO:teuthology.orchestra.run.smithi100.stdout:/usr/bin/ceph: stderr
2024-09-05T08:04:53.951+0000 7f091ec53640 1 -- 172.21.15.100:0/931219470 >> [v2:172.21.15.100:3300/0,v1:172.21.15.100:6789/0] conn(0x7f091807de70 msgr2=0x7f091819d710 secure :-1 s=STATE_CONNECTION_ESTABLISHED l=1).mark_down
2024-09-05T08:04:54.607 INFO:teuthology.orchestra.run.smithi100.stdout:/usr/bin/ceph: stderr
2024-09-05T08:04:53.951+0000 7f091ec53640 1 --2- 172.21.15.100:0/931219470 >> [v2:172.21.15.100:3300/0,v1:172.21.15.100:6789/0] conn(0x7f091807de70 0x7f091819d710 secure :-1 s=READY pgs=21 cs=0 l=1 rev1=1 crypto rx=0x7f090c030480 tx=0x7f090c032ce0 comp rx=0 tx=0).stop
2024-09-05T08:04:54.607 INFO:teuthology.orchestra.run.smithi100.stdout:/usr/bin/ceph: stderr
2024-09-05T08:04:53.951+0000 7f091ec53640 1 -- 172.21.15.100:0/931219470 shutdown_connections
2024-09-05T08:04:54.607 INFO:teuthology.orchestra.run.smithi100.stdout:/usr/bin/ceph: stderr
2024-09-05T08:04:53.951+0000 7f091ec53640 1 --2- 172.21.15.100:0/931219470 >> [v2:172.21.15.100:6800/3106612131,v1:172.21.15.100:6801/3106612131] conn(0x7f0908039030 0x7f090803b4f0 unknown :-1 s=CLOSED pgs=8 cs=0 l=1 rev1=1 crypto rx=0 tx=0 comp rx=0 tx=0).stop
2024-09-05T08:04:54.607 INFO:teuthology.orchestra.run.smithi100.stdout:/usr/bin/ceph: stderr
2024-09-05T08:04:53.951+0000 7f091ec53640 1 --2- 172.21.15.100:0/931219470 >> [v2:172.21.15.100:3300/0,v1:172.21.15.100:6789/0] conn(0x7f091807de70 0x7f091819d710 unknown :-1 s=CLOSED pgs=21 cs=0 l=1 rev1=1 crypto rx=0 tx=0 comp rx=0 tx=0).stop
2024-09-05T08:04:54.607 INFO:teuthology.orchestra.run.smithi100.stdout:/usr/bin/ceph: stderr
2024-09-05T08:04:53.951+0000 7f091ec53640 1 -- 172.21.15.100:0/931219470 >> 172.21.15.100:0/931219470 conn(0x7f0918102d60 msgr2=0x7f09181038a0 unknown :-1 s=STATE_NONE l=0).mark_down
2024-09-05T08:04:54.607 INFO:teuthology.orchestra.run.smithi100.stdout:/usr/bin/ceph: stderr
2024-09-05T08:04:53.951+0000 7f091ec53640 1 -- 172.21.15.100:0/931219470 shutdown_connections
2024-09-05T08:04:54.607 INFO:teuthology.orchestra.run.smithi100.stdout:/usr/bin/ceph: stderr
2024-09-05T08:04:53.951+0000 7f091ec53640 1 -- 172.21.15.100:0/931219470 wait complete.
2024-09-05T08:04:54.851 INFO:journalctl@ceph.mgr.x.smithi100.stdout:Sep 05 08:04:54 smithi100 ceph-5ce7dae0-6b5d-11ef-bcd6-c7b262605968-mgr-x[31184]:
2024-09-05T08:04:54.654+0000 7f688abda040 -1 mgr[py] Module snap_schedule has missing NOTIFY_TYPES member
2024-09-05T08:04:55.214 INFO:journalctl@ceph.mon.a.smithi100.stdout:Sep 05 08:04:54 smithi100 ceph-mon[30959]: from='client.? 172.21.15.100:0/931219470' entity='client.admin' cmd='[{"prefix": "mgr module enable", "module": "cephadm"}]': finished
2024-09-05T08:04:55.214 INFO:journalctl@ceph.mon.a.smithi100.stdout:Sep 05 08:04:54 smithi100 ceph-mon[30959]: mgrmap e5: x(active, since 5s)
2024-09-05T08:04:55.215 INFO:journalctl@ceph.mgr.x.smithi100.stdout:Sep 05 08:04:54 smithi100 ceph-5ce7dae0-6b5d-11ef-bcd6-c7b262605968-mgr-x[31184]:
2024-09-05T08:04:54.971+0000 7f688abda040 -1 mgr[py] Module prometheus has missing NOTIFY_TYPES member
2024-09-05T08:04:55.215 INFO:journalctl@ceph.mgr.x.smithi100.stdout:Sep 05 08:04:55 smithi100 ceph-5ce7dae0-6b5d-11ef-bcd6-c7b262605968-mgr-x[31184]:
2024-09-05T08:04:55.035+0000 7f688abda040 -1 mgr[py] Module selftest has missing NOTIFY_TYPES member
2024-09-05T08:04:55.528 INFO:journalctl@ceph.mgr.x.smithi100.stdout:Sep 05 08:04:55 smithi100 ceph-5ce7dae0-6b5d-11ef-bcd6-c7b262605968-mgr-x[31184]:
2024-09-05T08:04:55.225+0000 7f688abda040 -1 mgr[py] Module volumes has missing NOTIFY_TYPES member
2024-09-05T08:04:55.835 INFO:teuthology.orchestra.run.smithi100.stdout:/usr/bin/ceph: stdout {
2024-09-05T08:04:55.835 INFO:teuthology.orchestra.run.smithi100.stdout:/usr/bin/ceph: stdout "epoch": 5,
2024-09-05T08:04:55.835 INFO:teuthology.orchestra.run.smithi100.stdout:/usr/bin/ceph: stdout "available": true,
2024-09-05T08:04:55.836 INFO:teuthology.orchestra.run.smithi100.stdout:/usr/bin/ceph: stdout "active_name": "x",
2024-09-05T08:04:55.836 INFO:teuthology.orchestra.run.smithi100.stdout:/usr/bin/ceph: stdout "num_standby": 0
2024-09-05T08:04:55.836 INFO:teuthology.orchestra.run.smithi100.stdout:/usr/bin/ceph: stdout }
2024-09-05T08:04:55.836 INFO:teuthology.orchestra.run.smithi100.stdout:/usr/bin/ceph: stderr
2024-09-05T08:04:55.008+0000 7f17db47c640 1 Processor -- start
2024-09-05T08:04:55.836 INFO:teuthology.orchestra.run.smithi100.stdout:/usr/bin/ceph: stderr
2024-09-05T08:04:55.008+0000 7f17db47c640 1 -- start start
2024-09-05T08:04:55.836 INFO:teuthology.orchestra.run.smithi100.stdout:/usr/bin/ceph: stderr
2024-09-05T08:04:55.008+0000 7f17db47c640 1 --2- >> [v2:172.21.15.100:3300/0,v1:172.21.15.100:6789/0] conn(0x7f17d4107a40 0x7f17d4107e40 unknown :-1 s=NONE pgs=0 cs=0 l=0 rev1=0 crypto rx=0 tx=0 comp rx=0 tx=0).connect
2024-09-05T08:04:55.836 INFO:teuthology.orchestra.run.smithi100.stdout:/usr/bin/ceph: stderr
2024-09-05T08:04:55.008+0000 7f17db47c640 1 -- --> [v2:172.21.15.100:3300/0,v1:172.21.15.100:6789/0] -- mon_getmap magic: 0 -- 0x7f17d4108410 con 0x7f17d4107a40
2024-09-05T08:04:55.836 INFO:teuthology.orchestra.run.smithi100.stdout:/usr/bin/ceph: stderr
2024-09-05T08:04:55.009+0000 7f17d9218640 1 --2- >> [v2:172.21.15.100:3300/0,v1:172.21.15.100:6789/0] conn(0x7f17d4107a40 0x7f17d4107e40 unknown :-1 s=BANNER_CONNECTING pgs=0 cs=0 l=0 rev1=0 crypto rx=0 tx=0 comp rx=0 tx=0)._handle_peer_banner_payload supported=3 required=0
2024-09-05T08:04:55.836 INFO:teuthology.orchestra.run.smithi100.stdout:/usr/bin/ceph: stderr
2024-09-05T08:04:55.009+0000 7f17d9218640 1 --2- >> [v2:172.21.15.100:3300/0,v1:172.21.15.100:6789/0] conn(0x7f17d4107a40 0x7f17d4107e40 unknown :-1 s=HELLO_CONNECTING pgs=0 cs=0 l=0 rev1=1 crypto rx=0 tx=0 comp rx=0 tx=0).handle_hello peer v2:172.21.15.100:3300/0 says I am v2:172.21.15.100:55754/0 (socket says 172.21.15.100:55754)
2024-09-05T08:04:55.836 INFO:teuthology.orchestra.run.smithi100.stdout:/usr/bin/ceph: stderr
2024-09-05T08:04:55.009+0000 7f17d9218640 1 -- 172.21.15.100:0/330510444 learned_addr learned my addr 172.21.15.100:0/330510444 (peer_addr_for_me v2:172.21.15.100:0/0)
2024-09-05T08:04:55.837 INFO:teuthology.orchestra.run.smithi100.stdout:/usr/bin/ceph: stderr
2024-09-05T08:04:55.009+0000 7f17d9218640 1 -- 172.21.15.100:0/330510444 --> [v2:172.21.15.100:3300/0,v1:172.21.15.100:6789/0] -- mon_subscribe({config=0+,monmap=0+}) -- 0x7f17d4106650 con 0x7f17d4107a40
2024-09-05T08:04:55.837 INFO:teuthology.orchestra.run.smithi100.stdout:/usr/bin/ceph: stderr
2024-09-05T08:04:55.009+0000 7f17d9218640 1 --2- 172.21.15.100:0/330510444 >> [v2:172.21.15.100:3300/0,v1:172.21.15.100:6789/0] conn(0x7f17d4107a40 0x7f17d4107e40 secure :-1 s=READY pgs=24 cs=0 l=1 rev1=1 crypto rx=0x7f17c4009820 tx=0x7f17c402a270 comp rx=0 tx=0).ready entity=mon.0 client_cookie=417011554344cb4a server_cookie=0 in_seq=0 out_seq=0
2024-09-05T08:04:55.837 INFO:teuthology.orchestra.run.smithi100.stdout:/usr/bin/ceph: stderr
2024-09-05T08:04:55.010+0000 7f17cbfff640 1 -- 172.21.15.100:0/330510444 <== mon.0 v2:172.21.15.100:3300/0 1 ==== mon_map magic: 0 ==== 205+0+0 (secure 0 0 0) 0x7f17c4037070 con 0x7f17d4107a40
2024-09-05T08:04:55.837 INFO:teuthology.orchestra.run.smithi100.stdout:/usr/bin/ceph: stderr
2024-09-05T08:04:55.010+0000 7f17cbfff640 1 -- 172.21.15.100:0/330510444 <== mon.0 v2:172.21.15.100:3300/0 2 ==== config(27 keys) ==== 1105+0+0 (secure 0 0 0) 0x7f17c4032900 con 0x7f17d4107a40
2024-09-05T08:04:55.837 INFO:teuthology.orchestra.run.smithi100.stdout:/usr/bin/ceph: stderr
2024-09-05T08:04:55.010+0000 7f17cbfff640 1 -- 172.21.15.100:0/330510444 <== mon.0 v2:172.21.15.100:3300/0 3 ==== mon_map magic: 0 ==== 205+0+0 (secure 0 0 0) 0x7f17c4030840 con 0x7f17d4107a40
2024-09-05T08:04:55.837 INFO:teuthology.orchestra.run.smithi100.stdout:/usr/bin/ceph: stderr
2024-09-05T08:04:55.010+0000 7f17db47c640 1 -- 172.21.15.100:0/330510444 >> [v2:172.21.15.100:3300/0,v1:172.21.15.100:6789/0] conn(0x7f17d4107a40 msgr2=0x7f17d4107e40 secure :-1 s=STATE_CONNECTION_ESTABLISHED l=1).mark_down
2024-09-05T08:04:55.837 INFO:teuthology.orchestra.run.smithi100.stdout:/usr/bin/ceph: stderr
2024-09-05T08:04:55.010+0000 7f17db47c640 1 --2- 172.21.15.100:0/330510444 >> [v2:172.21.15.100:3300/0,v1:172.21.15.100:6789/0] conn(0x7f17d4107a40 0x7f17d4107e40 secure :-1 s=READY pgs=24 cs=0 l=1 rev1=1 crypto rx=0x7f17c4009820 tx=0x7f17c402a270 comp rx=0 tx=0).stop
2024-09-05T08:04:55.837 INFO:teuthology.orchestra.run.smithi100.stdout:/usr/bin/ceph: stderr
2024-09-05T08:04:55.010+0000 7f17db47c640 1 -- 172.21.15.100:0/330510444 shutdown_connections
2024-09-05T08:04:55.837 INFO:teuthology.orchestra.run.smithi100.stdout:/usr/bin/ceph: stderr
2024-09-05T08:04:55.010+0000 7f17db47c640 1 --2- 172.21.15.100:0/330510444 >> [v2:172.21.15.100:3300/0,v1:172.21.15.100:6789/0] conn(0x7f17d4107a40 0x7f17d4107e40 unknown :-1 s=CLOSED pgs=24 cs=0 l=1 rev1=1 crypto rx=0 tx=0 comp rx=0 tx=0).stop
2024-09-05T08:04:55.838 INFO:teuthology.orchestra.run.smithi100.stdout:/usr/bin/ceph: stderr
2024-09-05T08:04:55.010+0000 7f17db47c640 1 -- 172.21.15.100:0/330510444 >> 172.21.15.100:0/330510444 conn(0x7f17d4101370 msgr2=0x7f17d41037b0 unknown :-1 s=STATE_NONE l=0).mark_down
2024-09-05T08:04:55.838 INFO:teuthology.orchestra.run.smithi100.stdout:/usr/bin/ceph: stderr
2024-09-05T08:04:55.010+0000 7f17db47c640 1 -- 172.21.15.100:0/330510444 shutdown_connections
2024-09-05T08:04:55.838 INFO:teuthology.orchestra.run.smithi100.stdout:/usr/bin/ceph: stderr
2024-09-05T08:04:55.010+0000 7f17db47c640 1 -- 172.21.15.100:0/330510444 wait complete.
2024-09-05T08:04:55.838 INFO:teuthology.orchestra.run.smithi100.stdout:/usr/bin/ceph: stderr
2024-09-05T08:04:55.011+0000 7f17db47c640 1 Processor -- start
2024-09-05T08:04:55.838 INFO:teuthology.orchestra.run.smithi100.stdout:/usr/bin/ceph: stderr
2024-09-05T08:04:55.011+0000 7f17db47c640 1 -- start start
2024-09-05T08:04:55.838 INFO:teuthology.orchestra.run.smithi100.stdout:/usr/bin/ceph: stderr
2024-09-05T08:04:55.011+0000 7f17db47c640 1 --2- >> [v2:172.21.15.100:3300/0,v1:172.21.15.100:6789/0] conn(0x7f17d4107a40 0x7f17d4191690 unknown :-1 s=NONE pgs=0 cs=0 l=1 rev1=0 crypto rx=0 tx=0 comp rx=0 tx=0).connect
2024-09-05T08:04:55.838 INFO:teuthology.orchestra.run.smithi100.stdout:/usr/bin/ceph: stderr
2024-09-05T08:04:55.011+0000 7f17db47c640 1 -- --> [v2:172.21.15.100:3300/0,v1:172.21.15.100:6789/0] -- mon_getmap magic: 0 -- 0x7f17d410aa10 con 0x7f17d4107a40
2024-09-05T08:04:55.838 INFO:teuthology.orchestra.run.smithi100.stdout:/usr/bin/ceph: stderr
2024-09-05T08:04:55.011+0000 7f17d9218640 1 --2- >> [v2:172.21.15.100:3300/0,v1:172.21.15.100:6789/0] conn(0x7f17d4107a40 0x7f17d4191690 unknown :-1 s=BANNER_CONNECTING pgs=0 cs=0 l=1 rev1=0 crypto rx=0 tx=0 comp rx=0 tx=0)._handle_peer_banner_payload supported=3 required=0
2024-09-05T08:04:55.838 INFO:teuthology.orchestra.run.smithi100.stdout:/usr/bin/ceph: stderr
2024-09-05T08:04:55.011+0000 7f17d9218640 1 --2- >> [v2:172.21.15.100:3300/0,v1:172.21.15.100:6789/0] conn(0x7f17d4107a40 0x7f17d4191690 unknown :-1 s=HELLO_CONNECTING pgs=0 cs=0 l=1 rev1=1 crypto rx=0 tx=0 comp rx=0 tx=0).handle_hello peer v2:172.21.15.100:3300/0 says I am v2:172.21.15.100:55756/0 (socket says 172.21.15.100:55756)
2024-09-05T08:04:55.838 INFO:teuthology.orchestra.run.smithi100.stdout:/usr/bin/ceph: stderr
2024-09-05T08:04:55.011+0000 7f17d9218640 1 -- 172.21.15.100:0/1513061785 learned_addr learned my addr 172.21.15.100:0/1513061785 (peer_addr_for_me v2:172.21.15.100:0/0)
2024-09-05T08:04:55.838 INFO:teuthology.orchestra.run.smithi100.stdout:/usr/bin/ceph: stderr
2024-09-05T08:04:55.011+0000 7f17d9218640 1 -- 172.21.15.100:0/1513061785 --> [v2:172.21.15.100:3300/0,v1:172.21.15.100:6789/0] -- mon_subscribe({config=0+,monmap=0+}) -- 0x7f17d4191bd0 con 0x7f17d4107a40
2024-09-05T08:04:55.838 INFO:teuthology.orchestra.run.smithi100.stdout:/usr/bin/ceph: stderr
2024-09-05T08:04:55.012+0000 7f17d9218640 1 --2- 172.21.15.100:0/1513061785 >> [v2:172.21.15.100:3300/0,v1:172.21.15.100:6789/0] conn(0x7f17d4107a40 0x7f17d4191690 secure :-1 s=READY pgs=25 cs=0 l=1 rev1=1 crypto rx=0x7f17c4030590 tx=0x7f17c4032670 comp rx=0 tx=0).ready entity=mon.0 client_cookie=0 server_cookie=0 in_seq=0 out_seq=0
2024-09-05T08:04:55.838 INFO:teuthology.orchestra.run.smithi100.stdout:/usr/bin/ceph: stderr
2024-09-05T08:04:55.012+0000 7f17ca7fc640 1 -- 172.21.15.100:0/1513061785 <== mon.0 v2:172.21.15.100:3300/0 1 ==== mon_map magic: 0 ==== 205+0+0 (secure 0 0 0) 0x7f17c4037040 con 0x7f17d4107a40
2024-09-05T08:04:55.839 INFO:teuthology.orchestra.run.smithi100.stdout:/usr/bin/ceph: stderr
2024-09-05T08:04:55.012+0000 7f17ca7fc640 1 -- 172.21.15.100:0/1513061785 <== mon.0 v2:172.21.15.100:3300/0 2 ==== config(27 keys) ==== 1105+0+0 (secure 0 0 0) 0x7f17c4032be0 con 0x7f17d4107a40
2024-09-05T08:04:55.839 INFO:teuthology.orchestra.run.smithi100.stdout:/usr/bin/ceph: stderr
2024-09-05T08:04:55.012+0000 7f17db47c640 1 -- 172.21.15.100:0/1513061785 --> [v2:172.21.15.100:3300/0,v1:172.21.15.100:6789/0] -- mon_subscribe({mgrmap=0+}) -- 0x7f17d418fdc0 con 0x7f17d4107a40
2024-09-05T08:04:55.839 INFO:teuthology.orchestra.run.smithi100.stdout:/usr/bin/ceph: stderr
2024-09-05T08:04:55.012+0000 7f17ca7fc640 1 -- 172.21.15.100:0/1513061785 <== mon.0 v2:172.21.15.100:3300/0 3 ==== mon_map magic: 0 ==== 205+0+0 (secure 0 0 0) 0x7f17c403a520 con 0x7f17d4107a40
2024-09-05T08:04:55.839 INFO:teuthology.orchestra.run.smithi100.stdout:/usr/bin/ceph: stderr
2024-09-05T08:04:55.012+0000 7f17db47c640 1 -- 172.21.15.100:0/1513061785 --> [v2:172.21.15.100:3300/0,v1:172.21.15.100:6789/0] -- mon_subscribe({osdmap=0}) -- 0x7f17d4190300 con 0x7f17d4107a40
2024-09-05T08:04:55.839 INFO:teuthology.orchestra.run.smithi100.stdout:/usr/bin/ceph: stderr
2024-09-05T08:04:55.013+0000 7f17ca7fc640 1 -- 172.21.15.100:0/1513061785 <== mon.0 v2:172.21.15.100:3300/0 4 ==== mgrmap(e 5) ==== 46287+0+0 (secure 0 0 0) 0x7f17c403b3f0 con 0x7f17d4107a40
2024-09-05T08:04:55.839 INFO:teuthology.orchestra.run.smithi100.stdout:/usr/bin/ceph: stderr
2024-09-05T08:04:55.013+0000 7f17db47c640 1 -- 172.21.15.100:0/1513061785 --> [v2:172.21.15.100:3300/0,v1:172.21.15.100:6789/0] -- mon_command({"prefix": "get_command_descriptions"} v 0) -- 0x7f17d410ab90 con 0x7f17d4107a40
2024-09-05T08:04:55.839 INFO:teuthology.orchestra.run.smithi100.stdout:/usr/bin/ceph: stderr
2024-09-05T08:04:55.013+0000 7f17ca7fc640 1 --2- 172.21.15.100:0/1513061785 >> [v2:172.21.15.100:6800/3106612131,v1:172.21.15.100:6801/3106612131] conn(0x7f17c0039030 0x7f17c003b4f0 unknown :-1 s=NONE pgs=0 cs=0 l=1 rev1=0 crypto rx=0 tx=0 comp rx=0 tx=0).connect
2024-09-05T08:04:55.839 INFO:teuthology.orchestra.run.smithi100.stdout:/usr/bin/ceph: stderr
2024-09-05T08:04:55.013+0000 7f17ca7fc640 1 -- 172.21.15.100:0/1513061785 <== mon.0 v2:172.21.15.100:3300/0 5 ==== osd_map(1..1 src has 1..1) ==== 725+0+0 (secure 0 0 0) 0x7f17c406c1e0 con 0x7f17d4107a40
2024-09-05T08:04:55.839 INFO:teuthology.orchestra.run.smithi100.stdout:/usr/bin/ceph: stderr
2024-09-05T08:04:55.013+0000 7f17d8a17640 1 -- 172.21.15.100:0/1513061785 >> [v2:172.21.15.100:6800/3106612131,v1:172.21.15.100:6801/3106612131] conn(0x7f17c0039030 msgr2=0x7f17c003b4f0 unknown :-1 s=STATE_CONNECTING_RE l=1).process reconnect failed to v2:172.21.15.100:6800/3106612131
2024-09-05T08:04:55.839 INFO:teuthology.orchestra.run.smithi100.stdout:/usr/bin/ceph: stderr
2024-09-05T08:04:55.013+0000 7f17d8a17640 1 --2- 172.21.15.100:0/1513061785 >> [v2:172.21.15.100:6800/3106612131,v1:172.21.15.100:6801/3106612131] conn(0x7f17c0039030 0x7f17c003b4f0 unknown :-1 s=START_CONNECT pgs=0 cs=0 l=1 rev1=0 crypto rx=0 tx=0 comp rx=0 tx=0)._fault waiting 0.200000
2024-09-05T08:04:55.839 INFO:teuthology.orchestra.run.smithi100.stdout:/usr/bin/ceph: stderr
2024-09-05T08:04:55.018+0000 7f17ca7fc640 1 -- 172.21.15.100:0/1513061785 <== mon.0 v2:172.21.15.100:3300/0 6 ==== mon_command_ack([{"prefix": "get_command_descriptions"}]=0 v0) ==== 72+0+188821 (secure 0 0 0) 0x7f17c4042300 con 0x7f17d4107a40
2024-09-05T08:04:55.840 INFO:teuthology.orchestra.run.smithi100.stdout:/usr/bin/ceph: stderr
2024-09-05T08:04:55.214+0000 7f17d8a17640 1 -- 172.21.15.100:0/1513061785 >> [v2:172.21.15.100:6800/3106612131,v1:172.21.15.100:6801/3106612131] conn(0x7f17c0039030 msgr2=0x7f17c003b4f0 unknown :-1 s=STATE_CONNECTING_RE l=1).process reconnect failed to v2:172.21.15.100:6800/3106612131
2024-09-05T08:04:55.840 INFO:teuthology.orchestra.run.smithi100.stdout:/usr/bin/ceph: stderr
2024-09-05T08:04:55.214+0000 7f17d8a17640 1 --2- 172.21.15.100:0/1513061785 >> [v2:172.21.15.100:6800/3106612131,v1:172.21.15.100:6801/3106612131] conn(0x7f17c0039030 0x7f17c003b4f0 unknown :-1 s=START_CONNECT pgs=0 cs=0 l=1 rev1=0 crypto rx=0 tx=0 comp rx=0 tx=0)._fault waiting 0.400000
2024-09-05T08:04:55.840 INFO:teuthology.orchestra.run.smithi100.stdout:/usr/bin/ceph: stderr
2024-09-05T08:04:55.238+0000 7f17db47c640 1 -- 172.21.15.100:0/1513061785 --> [v2:172.21.15.100:3300/0,v1:172.21.15.100:6789/0] -- mon_command({"prefix": "mgr stat"} v 0) -- 0x7f17d4107ec0 con 0x7f17d4107a40
2024-09-05T08:04:55.840 INFO:teuthology.orchestra.run.smithi100.stdout:/usr/bin/ceph: stderr
2024-09-05T08:04:55.239+0000 7f17ca7fc640 1 -- 172.21.15.100:0/1513061785 <== mon.0 v2:172.21.15.100:3300/0 7 ==== mon_command_ack([{"prefix": "mgr stat"}]=0 v5) ==== 56+0+88 (secure 0 0 0) 0x7f17c4049c80 con 0x7f17d4107a40
2024-09-05T08:04:55.840 INFO:teuthology.orchestra.run.smithi100.stdout:/usr/bin/ceph: stderr
2024-09-05T08:04:55.241+0000 7f17db47c640 1 -- 172.21.15.100:0/1513061785 >> [v2:172.21.15.100:6800/3106612131,v1:172.21.15.100:6801/3106612131] conn(0x7f17c0039030 msgr2=0x7f17c003b4f0 unknown :-1 s=STATE_CONNECTING l=1).mark_down
2024-09-05T08:04:55.840 INFO:teuthology.orchestra.run.smithi100.stdout:/usr/bin/ceph: stderr
2024-09-05T08:04:55.241+0000 7f17db47c640 1 --2- 172.21.15.100:0/1513061785 >> [v2:172.21.15.100:6800/3106612131,v1:172.21.15.100:6801/3106612131] conn(0x7f17c0039030 0x7f17c003b4f0 unknown :-1 s=START_CONNECT pgs=0 cs=0 l=1 rev1=0 crypto rx=0 tx=0 comp rx=0 tx=0).stop
2024-09-05T08:04:55.840 INFO:teuthology.orchestra.run.smithi100.stdout:/usr/bin/ceph: stderr
2024-09-05T08:04:55.241+0000 7f17db47c640 1 -- 172.21.15.100:0/1513061785 >> [v2:172.21.15.100:3300/0,v1:172.21.15.100:6789/0] conn(0x7f17d4107a40 msgr2=0x7f17d4191690 secure :-1 s=STATE_CONNECTION_ESTABLISHED l=1).mark_down
2024-09-05T08:04:55.840 INFO:teuthology.orchestra.run.smithi100.stdout:/usr/bin/ceph: stderr
2024-09-05T08:04:55.241+0000 7f17db47c640 1 --2- 172.21.15.100:0/1513061785 >> [v2:172.21.15.100:3300/0,v1:172.21.15.100:6789/0] conn(0x7f17d4107a40 0x7f17d4191690 secure :-1 s=READY pgs=25 cs=0 l=1 rev1=1 crypto rx=0x7f17c4030590 tx=0x7f17c4032670 comp rx=0 tx=0).stop
2024-09-05T08:04:55.840 INFO:teuthology.orchestra.run.smithi100.stdout:/usr/bin/ceph: stderr
2024-09-05T08:04:55.241+0000 7f17db47c640 1 -- 172.21.15.100:0/1513061785 shutdown_connections
2024-09-05T08:04:55.840 INFO:teuthology.orchestra.run.smithi100.stdout:/usr/bin/ceph: stderr
2024-09-05T08:04:55.241+0000 7f17db47c640 1 --2- 172.21.15.100:0/1513061785 >> [v2:172.21.15.100:6800/3106612131,v1:172.21.15.100:6801/3106612131] conn(0x7f17c0039030 0x7f17c003b4f0 unknown :-1 s=CLOSED pgs=0 cs=0 l=1 rev1=0 crypto rx=0 tx=0 comp rx=0 tx=0).stop
2024-09-05T08:04:55.840 INFO:teuthology.orchestra.run.smithi100.stdout:/usr/bin/ceph: stderr
2024-09-05T08:04:55.241+0000 7f17db47c640 1 --2- 172.21.15.100:0/1513061785 >> [v2:172.21.15.100:3300/0,v1:172.21.15.100:6789/0] conn(0x7f17d4107a40 0x7f17d4191690 unknown :-1 s=CLOSED pgs=25 cs=0 l=1 rev1=1 crypto rx=0 tx=0 comp rx=0 tx=0).stop
2024-09-05T08:04:55.840 INFO:teuthology.orchestra.run.smithi100.stdout:/usr/bin/ceph: stderr
2024-09-05T08:04:55.241+0000 7f17db47c640 1 -- 172.21.15.100:0/1513061785 >> 172.21.15.100:0/1513061785 conn(0x7f17d4101370 msgr2=0x7f17d41021f0 unknown :-1 s=STATE_NONE l=0).mark_down
2024-09-05T08:04:55.841 INFO:teuthology.orchestra.run.smithi100.stdout:/usr/bin/ceph: stderr
2024-09-05T08:04:55.241+0000 7f17db47c640 1 -- 172.21.15.100:0/1513061785 shutdown_connections
2024-09-05T08:04:55.841 INFO:teuthology.orchestra.run.smithi100.stdout:/usr/bin/ceph: stderr
2024-09-05T08:04:55.241+0000 7f17db47c640 1 -- 172.21.15.100:0/1513061785 wait complete.
2024-09-05T08:04:55.841 INFO:teuthology.orchestra.run.smithi100.stdout:Waiting for the mgr to restart...
2024-09-05T08:04:55.841 INFO:teuthology.orchestra.run.smithi100.stdout:Waiting for mgr epoch 5...
2024-09-05T08:04:56.082 INFO:journalctl@ceph.mon.a.smithi100.stdout:Sep 05 08:04:55 smithi100 ceph-mon[30959]: from='client.? 172.21.15.100:0/1513061785' entity='client.admin' cmd=[{"prefix": "mgr stat"}]: dispatch
2024-09-05T08:04:56.481 INFO:journalctl@ceph.mgr.x.smithi100.stdout:Sep 05 08:04:56 smithi100 ceph-5ce7dae0-6b5d-11ef-bcd6-c7b262605968-mgr-x[31184]:
2024-09-05T08:04:56.135+0000 7f688abda040 -1 mgr[py] Module telemetry has missing NOTIFY_TYPES member
2024-09-05T08:04:56.482 INFO:journalctl@ceph.mgr.x.smithi100.stdout:Sep 05 08:04:56 smithi100 ceph-5ce7dae0-6b5d-11ef-bcd6-c7b262605968-mgr-x[31184]:
2024-09-05T08:04:56.203+0000 7f688abda040 -1 mgr[py] Module balancer has missing NOTIFY_TYPES member
2024-09-05T08:04:57.166 INFO:journalctl@ceph.mgr.x.smithi100.stdout:Sep 05 08:04:56 smithi100 ceph-5ce7dae0-6b5d-11ef-bcd6-c7b262605968-mgr-x[31184]:
2024-09-05T08:04:56.910+0000 7f688abda040 -1 mgr[py] Module rook has missing NOTIFY_TYPES member
2024-09-05T08:04:57.167 INFO:journalctl@ceph.mgr.x.smithi100.stdout:Sep 05 08:04:57 smithi100 ceph-5ce7dae0-6b5d-11ef-bcd6-c7b262605968-mgr-x[31184]:
2024-09-05T08:04:57.024+0000 7f688abda040 -1 mgr[py] Module iostat has missing NOTIFY_TYPES member
2024-09-05T08:04:57.441 INFO:journalctl@ceph.mgr.x.smithi100.stdout:Sep 05 08:04:57 smithi100 ceph-5ce7dae0-6b5d-11ef-bcd6-c7b262605968-mgr-x[31184]:
2024-09-05T08:04:57.166+0000 7f688abda040 -1 mgr[py] Module orchestrator has missing NOTIFY_TYPES member
2024-09-05T08:04:57.441 INFO:journalctl@ceph.mgr.x.smithi100.stdout:Sep 05 08:04:57 smithi100 ceph-5ce7dae0-6b5d-11ef-bcd6-c7b262605968-mgr-x[31184]:
2024-09-05T08:04:57.226+0000 7f688abda040 -1 mgr[py] Module devicehealth has missing NOTIFY_TYPES member
2024-09-05T08:04:57.441 INFO:journalctl@ceph.mgr.x.smithi100.stdout:Sep 05 08:04:57 smithi100 ceph-5ce7dae0-6b5d-11ef-bcd6-c7b262605968-mgr-x[31184]:
2024-09-05T08:04:57.374+0000 7f688abda040 -1 mgr[py] Module rgw has missing NOTIFY_TYPES member
2024-09-05T08:04:57.441 INFO:journalctl@ceph.mgr.x.smithi100.stdout:Sep 05 08:04:57 smithi100 ceph-5ce7dae0-6b5d-11ef-bcd6-c7b262605968-mgr-x[31184]:
2024-09-05T08:04:57.440+0000 7f688abda040 -1 mgr[py] Module alerts has missing NOTIFY_TYPES member
2024-09-05T08:04:57.719 INFO:journalctl@ceph.mgr.x.smithi100.stdout:Sep 05 08:04:57 smithi100 ceph-5ce7dae0-6b5d-11ef-bcd6-c7b262605968-mgr-x[31184]:
2024-09-05T08:04:57.500+0000 7f688abda040 -1 mgr[py] Module progress has missing NOTIFY_TYPES member
2024-09-05T08:04:57.719 INFO:journalctl@ceph.mgr.x.smithi100.stdout:Sep 05 08:04:57 smithi100 ceph-5ce7dae0-6b5d-11ef-bcd6-c7b262605968-mgr-x[31184]:
2024-09-05T08:04:57.654+0000 7f688abda040 -1 mgr[py] Module nfs has missing NOTIFY_TYPES member
2024-09-05T08:04:57.719 INFO:journalctl@ceph.mgr.x.smithi100.stdout:Sep 05 08:04:57 smithi100 ceph-5ce7dae0-6b5d-11ef-bcd6-c7b262605968-mgr-x[31184]:
2024-09-05T08:04:57.718+0000 7f688abda040 -1 mgr[py] Module status has missing NOTIFY_TYPES member
2024-09-05T08:04:57.981 INFO:journalctl@ceph.mgr.x.smithi100.stdout:Sep 05 08:04:57 smithi100 ceph-5ce7dae0-6b5d-11ef-bcd6-c7b262605968-mgr-x[31184]:
2024-09-05T08:04:57.784+0000 7f688abda040 -1 mgr[py] Module pg_autoscaler has missing NOTIFY_TYPES member
2024-09-05T08:04:57.981 INFO:journalctl@ceph.mgr.x.smithi100.stdout:Sep 05 08:04:57 smithi100 ceph-5ce7dae0-6b5d-11ef-bcd6-c7b262605968-mgr-x[31184]:
2024-09-05T08:04:57.865+0000 7f688abda040 -1 mgr[py] Module rbd_support has missing NOTIFY_TYPES member
2024-09-05T08:04:57.981 INFO:journalctl@ceph.mgr.x.smithi100.stdout:Sep 05 08:04:57 smithi100 ceph-5ce7dae0-6b5d-11ef-bcd6-c7b262605968-mgr-x[31184]:
2024-09-05T08:04:57.923+0000 7f688abda040 -1 mgr[py] Module influx has missing NOTIFY_TYPES member
2024-09-05T08:04:57.981 INFO:journalctl@ceph.mgr.x.smithi100.stdout:Sep 05 08:04:57 smithi100 ceph-5ce7dae0-6b5d-11ef-bcd6-c7b262605968-mgr-x[31184]:
2024-09-05T08:04:57.980+0000 7f688abda040 -1 mgr[py] Module zabbix has missing NOTIFY_TYPES member
2024-09-05T08:04:59.028 INFO:journalctl@ceph.mgr.x.smithi100.stdout:Sep 05 08:04:58 smithi100 ceph-5ce7dae0-6b5d-11ef-bcd6-c7b262605968-mgr-x[31184]:
2024-09-05T08:04:58.751+0000 7f688abda040 -1 mgr[py] Module telegraf has missing NOTIFY_TYPES member
2024-09-05T08:04:59.028 INFO:journalctl@ceph.mon.a.smithi100.stdout:Sep 05 08:04:58 smithi100 ceph-mon[30959]: Active manager daemon x restarted
2024-09-05T08:04:59.028 INFO:journalctl@ceph.mon.a.smithi100.stdout:Sep 05 08:04:58 smithi100 ceph-mon[30959]: Activating manager daemon x
2024-09-05T08:04:59.029 INFO:journalctl@ceph.mon.a.smithi100.stdout:Sep 05 08:04:58 smithi100 ceph-mon[30959]: osdmap e2: 0 total, 0 up, 0 in
2024-09-05T08:04:59.029 INFO:journalctl@ceph.mon.a.smithi100.stdout:Sep 05 08:04:58 smithi100 ceph-mon[30959]: mgrmap e6: x(active, starting, since 0.00369111s)
2024-09-05T08:04:59.029 INFO:journalctl@ceph.mon.a.smithi100.stdout:Sep 05 08:04:58 smithi100 ceph-mon[30959]: from='mgr.14118 172.21.15.100:0/4244866998' entity='mgr.x' cmd=[{"prefix": "mon metadata", "id": "a"}]: dispatch
2024-09-05T08:04:59.029 INFO:journalctl@ceph.mon.a.smithi100.stdout:Sep 05 08:04:58 smithi100 ceph-mon[30959]: from='mgr.14118 172.21.15.100:0/4244866998' entity='mgr.x' cmd=[{"prefix": "mgr metadata", "who": "x", "id": "x"}]: dispatch
2024-09-05T08:04:59.029 INFO:journalctl@ceph.mon.a.smithi100.stdout:Sep 05 08:04:58 smithi100 ceph-mon[30959]: from='mgr.14118 172.21.15.100:0/4244866998' entity='mgr.x' cmd=[{"prefix": "mds metadata"}]: dispatch
2024-09-05T08:04:59.029 INFO:journalctl@ceph.mon.a.smithi100.stdout:Sep 05 08:04:58 smithi100 ceph-mon[30959]: from='mgr.14118 172.21.15.100:0/4244866998' entity='mgr.x' cmd=[{"prefix": "osd metadata"}]: dispatch
2024-09-05T08:04:59.029 INFO:journalctl@ceph.mon.a.smithi100.stdout:Sep 05 08:04:58 smithi100 ceph-mon[30959]: from='mgr.14118 172.21.15.100:0/4244866998' entity='mgr.x' cmd=[{"prefix": "mon metadata"}]: dispatch
2024-09-05T08:04:59.029 INFO:journalctl@ceph.mon.a.smithi100.stdout:Sep 05 08:04:58 smithi100 ceph-mon[30959]: Manager daemon x is now available
2024-09-05T08:04:59.029 INFO:journalctl@ceph.mon.a.smithi100.stdout:Sep 05 08:04:58 smithi100 ceph-mon[30959]: from='mgr.14118 172.21.15.100:0/4244866998' entity='mgr.x'
2024-09-05T08:04:59.029 INFO:journalctl@ceph.mon.a.smithi100.stdout:Sep 05 08:04:58 smithi100 ceph-mon[30959]: from='mgr.14118 172.21.15.100:0/4244866998' entity='mgr.x'
2024-09-05T08:04:59.029 INFO:journalctl@ceph.mon.a.smithi100.stdout:Sep 05 08:04:58 smithi100 ceph-mon[30959]: from='mgr.14118 172.21.15.100:0/4244866998' entity='mgr.x' cmd=[{"prefix": "config dump", "format": "json"}]: dispatch
2024-09-05T08:04:59.029 INFO:journalctl@ceph.mon.a.smithi100.stdout:Sep 05 08:04:58 smithi100 ceph-mon[30959]: from='mgr.14118 172.21.15.100:0/4244866998' entity='mgr.x' cmd=[{"prefix": "config dump", "format": "json"}]: dispatch
2024-09-05T08:04:59.029 INFO:journalctl@ceph.mon.a.smithi100.stdout:Sep 05 08:04:58 smithi100 ceph-mon[30959]: from='mgr.14118 172.21.15.100:0/4244866998' entity='mgr.x' cmd=[{"prefix":"config rm","who":"mgr","name":"mgr/rbd_support/x/mirror_snapshot_schedule"}]: dispatch
2024-09-05T08:04:59.030 INFO:journalctl@ceph.mon.a.smithi100.stdout:Sep 05 08:04:58 smithi100 ceph-mon[30959]: from='mgr.14118 172.21.15.100:0/4244866998' entity='mgr.x' cmd=[{"prefix":"config rm","who":"mgr","name":"mgr/rbd_support/x/trash_purge_schedule"}]: dispatch
2024-09-05T08:05:00.028 INFO:journalctl@ceph.mon.a.smithi100.stdout:Sep 05 08:04:59 smithi100 ceph-mon[30959]: Found migration_current of "None". Setting to last migration.
2024-09-05T08:05:00.028 INFO:journalctl@ceph.mon.a.smithi100.stdout:Sep 05 08:04:59 smithi100 ceph-mon[30959]: from='mgr.14118 172.21.15.100:0/4244866998' entity='mgr.x'
2024-09-05T08:05:00.028 INFO:journalctl@ceph.mon.a.smithi100.stdout:Sep 05 08:04:59 smithi100 ceph-mon[30959]: from='mgr.14118 172.21.15.100:0/4244866998' entity='mgr.x'
2024-09-05T08:05:00.028 INFO:journalctl@ceph.mon.a.smithi100.stdout:Sep 05 08:04:59 smithi100 ceph-mon[30959]: mgrmap e7: x(active, since 1.00529s)
2024-09-05T08:05:00.417 INFO:journalctl@ceph.mgr.x.smithi100.stdout:Sep 05 08:05:00 smithi100 ceph-5ce7dae0-6b5d-11ef-bcd6-c7b262605968-mgr-x[31184]:
2024-09-05T08:05:00.166+0000 7f67f7740640 -1 log_channel(cephadm) log [ERR] : [05/Sep/2024:08:05:00] ENGINE Error in HTTPServer.serve
2024-09-05T08:05:00.418 INFO:journalctl@ceph.mgr.x.smithi100.stdout:Sep 05 08:05:00 smithi100 ceph-5ce7dae0-6b5d-11ef-bcd6-c7b262605968-mgr-x[31184]: Traceback (most recent call last):
2024-09-05T08:05:00.418 INFO:journalctl@ceph.mgr.x.smithi100.stdout:Sep 05 08:05:00 smithi100 ceph-5ce7dae0-6b5d-11ef-bcd6-c7b262605968-mgr-x[31184]: File "/lib/python3.9/site-packages/cheroot/server.py", line 1823, in serve
2024-09-05T08:05:00.418 INFO:journalctl@ceph.mgr.x.smithi100.stdout:Sep 05 08:05:00 smithi100 ceph-5ce7dae0-6b5d-11ef-bcd6-c7b262605968-mgr-x[31184]: self._connections.run(self.expiration_interval)
2024-09-05T08:05:00.418 INFO:journalctl@ceph.mgr.x.smithi100.stdout:Sep 05 08:05:00 smithi100 ceph-5ce7dae0-6b5d-11ef-bcd6-c7b262605968-mgr-x[31184]: File "/lib/python3.9/site-packages/cheroot/connections.py", line 203, in run
2024-09-05T08:05:00.418 INFO:journalctl@ceph.mgr.x.smithi100.stdout:Sep 05 08:05:00 smithi100 ceph-5ce7dae0-6b5d-11ef-bcd6-c7b262605968-mgr-x[31184]: self._run(expiration_interval)
2024-09-05T08:05:00.418 INFO:journalctl@ceph.mgr.x.smithi100.stdout:Sep 05 08:05:00 smithi100 ceph-5ce7dae0-6b5d-11ef-bcd6-c7b262605968-mgr-x[31184]: File "/lib/python3.9/site-packages/cheroot/connections.py", line 246, in _run
2024-09-05T08:05:00.418 INFO:journalctl@ceph.mgr.x.smithi100.stdout:Sep 05 08:05:00 smithi100 ceph-5ce7dae0-6b5d-11ef-bcd6-c7b262605968-mgr-x[31184]: new_conn = self._from_server_socket(self.server.socket)
2024-09-05T08:05:00.418 INFO:journalctl@ceph.mgr.x.smithi100.stdout:Sep 05 08:05:00 smithi100 ceph-5ce7dae0-6b5d-11ef-bcd6-c7b262605968-mgr-x[31184]: File "/lib/python3.9/site-packages/cheroot/connections.py", line 300, in _from_server_socket
2024-09-05T08:05:00.418 INFO:journalctl@ceph.mgr.x.smithi100.stdout:Sep 05 08:05:00 smithi100 ceph-5ce7dae0-6b5d-11ef-bcd6-c7b262605968-mgr-x[31184]: s, ssl_env = self.server.ssl_adapter.wrap(s)
2024-09-05T08:05:00.418 INFO:journalctl@ceph.mgr.x.smithi100.stdout:Sep 05 08:05:00 smithi100 ceph-5ce7dae0-6b5d-11ef-bcd6-c7b262605968-mgr-x[31184]: File "/lib/python3.9/site-packages/cheroot/ssl/builtin.py", line 277, in wrap
2024-09-05T08:05:00.418 INFO:journalctl@ceph.mgr.x.smithi100.stdout:Sep 05 08:05:00 smithi100 ceph-5ce7dae0-6b5d-11ef-bcd6-c7b262605968-mgr-x[31184]: s = self.context.wrap_socket(
2024-09-05T08:05:00.418 INFO:journalctl@ceph.mgr.x.smithi100.stdout:Sep 05 08:05:00 smithi100 ceph-5ce7dae0-6b5d-11ef-bcd6-c7b262605968-mgr-x[31184]: File "/lib64/python3.9/ssl.py", line 501, in wrap_socket
2024-09-05T08:05:00.418 INFO:journalctl@ceph.mgr.x.smithi100.stdout:Sep 05 08:05:00 smithi100 ceph-5ce7dae0-6b5d-11ef-bcd6-c7b262605968-mgr-x[31184]: return self.sslsocket_class._create(
2024-09-05T08:05:00.419 INFO:journalctl@ceph.mgr.x.smithi100.stdout:Sep 05 08:05:00 smithi100 ceph-5ce7dae0-6b5d-11ef-bcd6-c7b262605968-mgr-x[31184]: File "/lib64/python3.9/ssl.py", line 1074, in _create
2024-09-05T08:05:00.419 INFO:journalctl@ceph.mgr.x.smithi100.stdout:Sep 05 08:05:00 smithi100 ceph-5ce7dae0-6b5d-11ef-bcd6-c7b262605968-mgr-x[31184]: self.do_handshake()
2024-09-05T08:05:00.419 INFO:journalctl@ceph.mgr.x.smithi100.stdout:Sep 05 08:05:00 smithi100 ceph-5ce7dae0-6b5d-11ef-bcd6-c7b262605968-mgr-x[31184]: File "/lib64/python3.9/ssl.py", line 1343, in do_handshake
2024-09-05T08:05:00.419 INFO:journalctl@ceph.mgr.x.smithi100.stdout:Sep 05 08:05:00 smithi100 ceph-5ce7dae0-6b5d-11ef-bcd6-c7b262605968-mgr-x[31184]: self._sslobj.do_handshake()
2024-09-05T08:05:00.419 INFO:journalctl@ceph.mgr.x.smithi100.stdout:Sep 05 08:05:00 smithi100 ceph-5ce7dae0-6b5d-11ef-bcd6-c7b262605968-mgr-x[31184]: ssl.SSLZeroReturnError: TLS/SSL connection has been closed (EOF) (_ssl.c:1133)
2024-09-05T08:05:00.419 INFO:journalctl@ceph.mgr.x.smithi100.stdout:Sep 05 08:05:00 smithi100 ceph-5ce7dae0-6b5d-11ef-bcd6-c7b262605968-mgr-x[31184]:
2024-09-05T08:05:00.427 INFO:teuthology.orchestra.run.smithi100.stdout:/usr/bin/ceph: stdout {
2024-09-05T08:05:00.427 INFO:teuthology.orchestra.run.smithi100.stdout:/usr/bin/ceph: stdout "mgrmap_epoch": 7,
2024-09-05T08:05:00.427 INFO:teuthology.orchestra.run.smithi100.stdout:/usr/bin/ceph: stdout "initialized": true
2024-09-05T08:05:00.427 INFO:teuthology.orchestra.run.smithi100.stdout:/usr/bin/ceph: stdout }
2024-09-05T08:05:00.427 INFO:teuthology.orchestra.run.smithi100.stdout:/usr/bin/ceph: stderr
2024-09-05T08:04:56.275+0000 7f5e2d51b640 1 Processor -- start
2024-09-05T08:05:00.427 INFO:teuthology.orchestra.run.smithi100.stdout:/usr/bin/ceph: stderr
2024-09-05T08:04:56.275+0000 7f5e2d51b640 1 -- start start
2024-09-05T08:05:00.427 INFO:teuthology.orchestra.run.smithi100.stdout:/usr/bin/ceph: stderr
2024-09-05T08:04:56.275+0000 7f5e2d51b640 1 --2- >> [v2:172.21.15.100:3300/0,v1:172.21.15.100:6789/0] conn(0x7f5e281080b0 0x7f5e2810a4a0 unknown :-1 s=NONE pgs=0 cs=0 l=0 rev1=0 crypto rx=0 tx=0 comp rx=0 tx=0).connect
2024-09-05T08:05:00.427 INFO:teuthology.orchestra.run.smithi100.stdout:/usr/bin/ceph: stderr
2024-09-05T08:04:56.275+0000 7f5e2d51b640 1 -- --> [v2:172.21.15.100:3300/0,v1:172.21.15.100:6789/0] -- mon_getmap magic: 0 -- 0x7f5e2807bda0 con 0x7f5e281080b0
2024-09-05T08:05:00.427 INFO:teuthology.orchestra.run.smithi100.stdout:/usr/bin/ceph: stderr
2024-09-05T08:04:56.275+0000 7f5e26ffd640 1 --2- >> [v2:172.21.15.100:3300/0,v1:172.21.15.100:6789/0] conn(0x7f5e281080b0 0x7f5e2810a4a0 unknown :-1 s=BANNER_CONNECTING pgs=0 cs=0 l=0 rev1=0 crypto rx=0 tx=0 comp rx=0 tx=0)._handle_peer_banner_payload supported=3 required=0
2024-09-05T08:05:00.427 INFO:teuthology.orchestra.run.smithi100.stdout:/usr/bin/ceph: stderr
2024-09-05T08:04:56.275+0000 7f5e26ffd640 1 --2- >> [v2:172.21.15.100:3300/0,v1:172.21.15.100:6789/0] conn(0x7f5e281080b0 0x7f5e2810a4a0 unknown :-1 s=HELLO_CONNECTING pgs=0 cs=0 l=0 rev1=1 crypto rx=0 tx=0 comp rx=0 tx=0).handle_hello peer v2:172.21.15.100:3300/0 says I am v2:172.21.15.100:55760/0 (socket says 172.21.15.100:55760)
2024-09-05T08:05:00.427 INFO:teuthology.orchestra.run.smithi100.stdout:/usr/bin/ceph: stderr
2024-09-05T08:04:56.276+0000 7f5e26ffd640 1 -- 172.21.15.100:0/1178604619 learned_addr learned my addr 172.21.15.100:0/1178604619 (peer_addr_for_me v2:172.21.15.100:0/0)
2024-09-05T08:05:00.428 INFO:teuthology.orchestra.run.smithi100.stdout:/usr/bin/ceph: stderr
2024-09-05T08:04:56.276+0000 7f5e26ffd640 1 -- 172.21.15.100:0/1178604619 --> [v2:172.21.15.100:3300/0,v1:172.21.15.100:6789/0] -- mon_subscribe({config=0+,monmap=0+}) -- 0x7f5e2810a9e0 con 0x7f5e281080b0
2024-09-05T08:05:00.428 INFO:teuthology.orchestra.run.smithi100.stdout:/usr/bin/ceph: stderr
2024-09-05T08:04:56.276+0000 7f5e26ffd640 1 --2- 172.21.15.100:0/1178604619 >> [v2:172.21.15.100:3300/0,v1:172.21.15.100:6789/0] conn(0x7f5e281080b0 0x7f5e2810a4a0 secure :-1 s=READY pgs=26 cs=0 l=1 rev1=1 crypto rx=0x7f5e18009820 tx=0x7f5e1802a270 comp rx=0 tx=0).ready entity=mon.0 client_cookie=cd5b72eba8411db5 server_cookie=0 in_seq=0 out_seq=0
2024-09-05T08:05:00.428 INFO:teuthology.orchestra.run.smithi100.stdout:/usr/bin/ceph: stderr
2024-09-05T08:04:56.277+0000 7f5e267fc640 1 -- 172.21.15.100:0/1178604619 <== mon.0 v2:172.21.15.100:3300/0 1 ==== mon_map magic: 0 ==== 205+0+0 (secure 0 0 0) 0x7f5e18037070 con 0x7f5e281080b0
2024-09-05T08:05:00.428 INFO:teuthology.orchestra.run.smithi100.stdout:/usr/bin/ceph: stderr
2024-09-05T08:04:56.277+0000 7f5e267fc640 1 -- 172.21.15.100:0/1178604619 <== mon.0 v2:172.21.15.100:3300/0 2 ==== config(27 keys) ==== 1105+0+0 (secure 0 0 0) 0x7f5e18032900 con 0x7f5e281080b0
2024-09-05T08:05:00.428 INFO:teuthology.orchestra.run.smithi100.stdout:/usr/bin/ceph: stderr
2024-09-05T08:04:56.277+0000 7f5e267fc640 1 -- 172.21.15.100:0/1178604619 <== mon.0 v2:172.21.15.100:3300/0 3 ==== mon_map magic: 0 ==== 205+0+0 (secure 0 0 0) 0x7f5e18030840 con 0x7f5e281080b0
2024-09-05T08:05:00.428 INFO:teuthology.orchestra.run.smithi100.stdout:/usr/bin/ceph: stderr
2024-09-05T08:04:56.277+0000 7f5e2d51b640 1 -- 172.21.15.100:0/1178604619 >> [v2:172.21.15.100:3300/0,v1:172.21.15.100:6789/0] conn(0x7f5e281080b0 msgr2=0x7f5e2810a4a0 secure :-1 s=STATE_CONNECTION_ESTABLISHED l=1).mark_down
2024-09-05T08:05:00.428 INFO:teuthology.orchestra.run.smithi100.stdout:/usr/bin/ceph: stderr
2024-09-05T08:04:56.277+0000 7f5e2d51b640 1 --2- 172.21.15.100:0/1178604619 >> [v2:172.21.15.100:3300/0,v1:172.21.15.100:6789/0] conn(0x7f5e281080b0 0x7f5e2810a4a0 secure :-1 s=READY pgs=26 cs=0 l=1 rev1=1 crypto rx=0x7f5e18009820 tx=0x7f5e1802a270 comp rx=0 tx=0).stop
2024-09-05T08:05:00.428 INFO:teuthology.orchestra.run.smithi100.stdout:/usr/bin/ceph: stderr
2024-09-05T08:04:56.277+0000 7f5e2d51b640 1 -- 172.21.15.100:0/1178604619 shutdown_connections
2024-09-05T08:05:00.428 INFO:teuthology.orchestra.run.smithi100.stdout:/usr/bin/ceph: stderr
