2024-09-05T08:05:24.465+0000 7f953dc9d640 1 --2- >> [v2:172.21.15.100:3300/0,v1:172.21.15.100:6789/0] conn(0x7f9538107ae0 0x7f953819d620 unknown :-1 s=HELLO_CONNECTING pgs=0 cs=0 l=1 rev1=1 crypto rx=0 tx=0 comp rx=0 tx=0).handle_hello peer v2:172.21.15.100:3300/0 says I am v2:172.21.15.100:43980/0 (socket says 172.21.15.100:43980)
2024-09-05T08:05:25.358 INFO:teuthology.orchestra.run.smithi100.stdout:/usr/bin/ceph: stderr
2024-09-05T08:05:24.465+0000 7f953dc9d640 1 -- 172.21.15.100:0/3382484386 learned_addr learned my addr 172.21.15.100:0/3382484386 (peer_addr_for_me v2:172.21.15.100:0/0)
2024-09-05T08:05:25.358 INFO:teuthology.orchestra.run.smithi100.stdout:/usr/bin/ceph: stderr
2024-09-05T08:05:24.465+0000 7f953dc9d640 1 -- 172.21.15.100:0/3382484386 --> [v2:172.21.15.100:3300/0,v1:172.21.15.100:6789/0] -- mon_subscribe({config=0+,monmap=0+}) -- 0x7f953819db60 con 0x7f9538107ae0
2024-09-05T08:05:25.358 INFO:teuthology.orchestra.run.smithi100.stdout:/usr/bin/ceph: stderr
2024-09-05T08:05:24.465+0000 7f953dc9d640 1 --2- 172.21.15.100:0/3382484386 >> [v2:172.21.15.100:3300/0,v1:172.21.15.100:6789/0] conn(0x7f9538107ae0 0x7f953819d620 secure :-1 s=READY pgs=69 cs=0 l=1 rev1=1 crypto rx=0x7f953402a790 tx=0x7f9534030d00 comp rx=0 tx=0).ready entity=mon.0 client_cookie=0 server_cookie=0 in_seq=0 out_seq=0
2024-09-05T08:05:25.358 INFO:teuthology.orchestra.run.smithi100.stdout:/usr/bin/ceph: stderr
2024-09-05T08:05:24.465+0000 7f952effd640 1 -- 172.21.15.100:0/3382484386 <== mon.0 v2:172.21.15.100:3300/0 1 ==== mon_map magic: 0 ==== 205+0+0 (secure 0 0 0) 0x7f9534042070 con 0x7f9538107ae0
2024-09-05T08:05:25.358 INFO:teuthology.orchestra.run.smithi100.stdout:/usr/bin/ceph: stderr
2024-09-05T08:05:24.465+0000 7f952effd640 1 -- 172.21.15.100:0/3382484386 <== mon.0 v2:172.21.15.100:3300/0 2 ==== config(27 keys) ==== 1136+0+0 (secure 0 0 0) 0x7f9534030880 con 0x7f9538107ae0
2024-09-05T08:05:25.358 INFO:teuthology.orchestra.run.smithi100.stdout:/usr/bin/ceph: stderr
2024-09-05T08:05:24.465+0000 7f953ff01640 1 -- 172.21.15.100:0/3382484386 --> [v2:172.21.15.100:3300/0,v1:172.21.15.100:6789/0] -- mon_subscribe({mgrmap=0+}) -- 0x7f953819ddf0 con 0x7f9538107ae0
2024-09-05T08:05:25.358 INFO:teuthology.orchestra.run.smithi100.stdout:/usr/bin/ceph: stderr
2024-09-05T08:05:24.465+0000 7f952effd640 1 -- 172.21.15.100:0/3382484386 <== mon.0 v2:172.21.15.100:3300/0 3 ==== mon_map magic: 0 ==== 205+0+0 (secure 0 0 0) 0x7f9534037040 con 0x7f9538107ae0
2024-09-05T08:05:25.358 INFO:teuthology.orchestra.run.smithi100.stdout:/usr/bin/ceph: stderr
2024-09-05T08:05:24.465+0000 7f953ff01640 1 -- 172.21.15.100:0/3382484386 --> [v2:172.21.15.100:3300/0,v1:172.21.15.100:6789/0] -- mon_subscribe({osdmap=0}) -- 0x7f95381a0ae0 con 0x7f9538107ae0
2024-09-05T08:05:25.358 INFO:teuthology.orchestra.run.smithi100.stdout:/usr/bin/ceph: stderr
2024-09-05T08:05:24.466+0000 7f952effd640 1 -- 172.21.15.100:0/3382484386 <== mon.0 v2:172.21.15.100:3300/0 4 ==== mgrmap(e 12) ==== 46300+0+0 (secure 0 0 0) 0x7f9534045070 con 0x7f9538107ae0
2024-09-05T08:05:25.358 INFO:teuthology.orchestra.run.smithi100.stdout:/usr/bin/ceph: stderr
2024-09-05T08:05:24.466+0000 7f952effd640 1 --2- 172.21.15.100:0/3382484386 >> [v2:172.21.15.100:6800/4110799867,v1:172.21.15.100:6801/4110799867] conn(0x7f9524039080 0x7f952403b540 unknown :-1 s=NONE pgs=0 cs=0 l=1 rev1=0 crypto rx=0 tx=0 comp rx=0 tx=0).connect
2024-09-05T08:05:25.359 INFO:teuthology.orchestra.run.smithi100.stdout:/usr/bin/ceph: stderr
2024-09-05T08:05:24.466+0000 7f952effd640 1 -- 172.21.15.100:0/3382484386 <== mon.0 v2:172.21.15.100:3300/0 5 ==== osd_map(3..3 src has 1..3) ==== 1155+0+0 (secure 0 0 0) 0x7f953406c1a0 con 0x7f9538107ae0
2024-09-05T08:05:25.359 INFO:teuthology.orchestra.run.smithi100.stdout:/usr/bin/ceph: stderr
2024-09-05T08:05:24.466+0000 7f953d49c640 1 --2- 172.21.15.100:0/3382484386 >> [v2:172.21.15.100:6800/4110799867,v1:172.21.15.100:6801/4110799867] conn(0x7f9524039080 0x7f952403b540 unknown :-1 s=BANNER_CONNECTING pgs=0 cs=0 l=1 rev1=0 crypto rx=0 tx=0 comp rx=0 tx=0)._handle_peer_banner_payload supported=3 required=0
2024-09-05T08:05:25.359 INFO:teuthology.orchestra.run.smithi100.stdout:/usr/bin/ceph: stderr
2024-09-05T08:05:24.466+0000 7f953ff01640 1 -- 172.21.15.100:0/3382484386 --> [v2:172.21.15.100:3300/0,v1:172.21.15.100:6789/0] -- mon_command({"prefix": "get_command_descriptions"} v 0) -- 0x7f9538107ee0 con 0x7f9538107ae0
2024-09-05T08:05:25.359 INFO:teuthology.orchestra.run.smithi100.stdout:/usr/bin/ceph: stderr
2024-09-05T08:05:24.467+0000 7f953d49c640 1 --2- 172.21.15.100:0/3382484386 >> [v2:172.21.15.100:6800/4110799867,v1:172.21.15.100:6801/4110799867] conn(0x7f9524039080 0x7f952403b540 secure :-1 s=READY pgs=7 cs=0 l=1 rev1=1 crypto rx=0x7f95280098c0 tx=0x7f9528006db0 comp rx=0 tx=0).ready entity=mgr.14150 client_cookie=0 server_cookie=0 in_seq=0 out_seq=0
2024-09-05T08:05:25.359 INFO:teuthology.orchestra.run.smithi100.stdout:/usr/bin/ceph: stderr
2024-09-05T08:05:24.471+0000 7f952effd640 1 -- 172.21.15.100:0/3382484386 <== mon.0 v2:172.21.15.100:3300/0 6 ==== mon_command_ack([{"prefix": "get_command_descriptions"}]=0 v0) ==== 72+0+188821 (secure 0 0 0) 0x7f953403dc20 con 0x7f9538107ae0
2024-09-05T08:05:25.359 INFO:teuthology.orchestra.run.smithi100.stdout:/usr/bin/ceph: stderr
2024-09-05T08:05:24.681+0000 7f953ff01640 1 -- 172.21.15.100:0/3382484386 --> [v2:172.21.15.100:6800/4110799867,v1:172.21.15.100:6801/4110799867] -- mgr_command(tid 0: {"prefix": "dashboard create-self-signed-cert", "target": ["mon-mgr", ""]}) -- 0x7f9538062630 con 0x7f9524039080
2024-09-05T08:05:25.359 INFO:teuthology.orchestra.run.smithi100.stdout:/usr/bin/ceph: stderr
2024-09-05T08:05:24.762+0000 7f952effd640 1 -- 172.21.15.100:0/3382484386 <== mgr.14150 v2:172.21.15.100:6800/4110799867 1 ==== mgr_command_reply(tid 0: 0 ) ==== 8+0+32 (secure 0 0 0) 0x7f9538062630 con 0x7f9524039080
2024-09-05T08:05:25.359 INFO:teuthology.orchestra.run.smithi100.stdout:/usr/bin/ceph: stderr
2024-09-05T08:05:24.765+0000 7f953ff01640 1 -- 172.21.15.100:0/3382484386 >> [v2:172.21.15.100:6800/4110799867,v1:172.21.15.100:6801/4110799867] conn(0x7f9524039080 msgr2=0x7f952403b540 secure :-1 s=STATE_CONNECTION_ESTABLISHED l=1).mark_down
2024-09-05T08:05:25.359 INFO:teuthology.orchestra.run.smithi100.stdout:/usr/bin/ceph: stderr
2024-09-05T08:05:24.765+0000 7f953ff01640 1 --2- 172.21.15.100:0/3382484386 >> [v2:172.21.15.100:6800/4110799867,v1:172.21.15.100:6801/4110799867] conn(0x7f9524039080 0x7f952403b540 secure :-1 s=READY pgs=7 cs=0 l=1 rev1=1 crypto rx=0x7f95280098c0 tx=0x7f9528006db0 comp rx=0 tx=0).stop
2024-09-05T08:05:25.359 INFO:teuthology.orchestra.run.smithi100.stdout:/usr/bin/ceph: stderr
2024-09-05T08:05:24.765+0000 7f953ff01640 1 -- 172.21.15.100:0/3382484386 >> [v2:172.21.15.100:3300/0,v1:172.21.15.100:6789/0] conn(0x7f9538107ae0 msgr2=0x7f953819d620 secure :-1 s=STATE_CONNECTION_ESTABLISHED l=1).mark_down
2024-09-05T08:05:25.359 INFO:teuthology.orchestra.run.smithi100.stdout:/usr/bin/ceph: stderr
2024-09-05T08:05:24.765+0000 7f953ff01640 1 --2- 172.21.15.100:0/3382484386 >> [v2:172.21.15.100:3300/0,v1:172.21.15.100:6789/0] conn(0x7f9538107ae0 0x7f953819d620 secure :-1 s=READY pgs=69 cs=0 l=1 rev1=1 crypto rx=0x7f953402a790 tx=0x7f9534030d00 comp rx=0 tx=0).stop
2024-09-05T08:05:25.359 INFO:teuthology.orchestra.run.smithi100.stdout:/usr/bin/ceph: stderr
2024-09-05T08:05:24.765+0000 7f953ff01640 1 -- 172.21.15.100:0/3382484386 shutdown_connections
2024-09-05T08:05:25.359 INFO:teuthology.orchestra.run.smithi100.stdout:/usr/bin/ceph: stderr
2024-09-05T08:05:24.765+0000 7f953ff01640 1 --2- 172.21.15.100:0/3382484386 >> [v2:172.21.15.100:6800/4110799867,v1:172.21.15.100:6801/4110799867] conn(0x7f9524039080 0x7f952403b540 unknown :-1 s=CLOSED pgs=7 cs=0 l=1 rev1=1 crypto rx=0 tx=0 comp rx=0 tx=0).stop
2024-09-05T08:05:25.360 INFO:teuthology.orchestra.run.smithi100.stdout:/usr/bin/ceph: stderr
2024-09-05T08:05:24.765+0000 7f953ff01640 1 --2- 172.21.15.100:0/3382484386 >> [v2:172.21.15.100:3300/0,v1:172.21.15.100:6789/0] conn(0x7f9538107ae0 0x7f953819d620 unknown :-1 s=CLOSED pgs=69 cs=0 l=1 rev1=1 crypto rx=0 tx=0 comp rx=0 tx=0).stop
2024-09-05T08:05:25.360 INFO:teuthology.orchestra.run.smithi100.stdout:/usr/bin/ceph: stderr
2024-09-05T08:05:24.765+0000 7f953ff01640 1 -- 172.21.15.100:0/3382484386 >> 172.21.15.100:0/3382484386 conn(0x7f9538101370 msgr2=0x7f9538193cd0 unknown :-1 s=STATE_NONE l=0).mark_down
2024-09-05T08:05:25.360 INFO:teuthology.orchestra.run.smithi100.stdout:/usr/bin/ceph: stderr
2024-09-05T08:05:24.765+0000 7f953ff01640 1 -- 172.21.15.100:0/3382484386 shutdown_connections
2024-09-05T08:05:25.360 INFO:teuthology.orchestra.run.smithi100.stdout:/usr/bin/ceph: stderr
2024-09-05T08:05:24.765+0000 7f953ff01640 1 -- 172.21.15.100:0/3382484386 wait complete.
2024-09-05T08:05:25.360 INFO:teuthology.orchestra.run.smithi100.stdout:Creating initial admin user...
2024-09-05T08:05:25.735 INFO:journalctl@ceph.mon.a.smithi100.stdout:Sep 05 08:05:25 smithi100 ceph-mon[30959]: mgrmap e12: x(active, since 2s)
2024-09-05T08:05:25.735 INFO:journalctl@ceph.mon.a.smithi100.stdout:Sep 05 08:05:25 smithi100 ceph-mon[30959]: from='client.14162 -' entity='client.admin' cmd=[{"prefix": "dashboard create-self-signed-cert", "target": ["mon-mgr", ""]}]: dispatch
2024-09-05T08:05:25.735 INFO:journalctl@ceph.mon.a.smithi100.stdout:Sep 05 08:05:25 smithi100 ceph-mon[30959]: from='mgr.14150 172.21.15.100:0/2630149862' entity='mgr.x'
2024-09-05T08:05:25.735 INFO:journalctl@ceph.mon.a.smithi100.stdout:Sep 05 08:05:25 smithi100 ceph-mon[30959]: from='mgr.14150 172.21.15.100:0/2630149862' entity='mgr.x'
2024-09-05T08:05:25.735 INFO:journalctl@ceph.mon.a.smithi100.stdout:Sep 05 08:05:25 smithi100 ceph-mon[30959]: from='mgr.14150 172.21.15.100:0/2630149862' entity='mgr.x'
2024-09-05T08:05:27.299 INFO:teuthology.orchestra.run.smithi100.stdout:/usr/bin/ceph: stdout {"username": "admin", "password": "$2b$12$lHtkxJL9yUKt2Uc.yhOgjufBsT/o.OdB133n.BWIBfmKxdG4Uht.y", "roles": ["administrator"], "name": null, "email": null, "lastUpdate": 1725523526, "enabled": true, "pwdExpirationDate": null, "pwdUpdateRequired": true}
2024-09-05T08:05:27.299 INFO:teuthology.orchestra.run.smithi100.stdout:/usr/bin/ceph: stderr
2024-09-05T08:05:25.741+0000 7f2511643640 1 Processor -- start
2024-09-05T08:05:27.299 INFO:teuthology.orchestra.run.smithi100.stdout:/usr/bin/ceph: stderr
2024-09-05T08:05:25.741+0000 7f2511643640 1 -- start start
2024-09-05T08:05:27.299 INFO:teuthology.orchestra.run.smithi100.stdout:/usr/bin/ceph: stderr
2024-09-05T08:05:25.741+0000 7f2511643640 1 --2- >> [v2:172.21.15.100:3300/0,v1:172.21.15.100:6789/0] conn(0x7f250c1080d0 0x7f250c10a4c0 unknown :-1 s=NONE pgs=0 cs=0 l=0 rev1=0 crypto rx=0 tx=0 comp rx=0 tx=0).connect
2024-09-05T08:05:27.299 INFO:teuthology.orchestra.run.smithi100.stdout:/usr/bin/ceph: stderr
2024-09-05T08:05:25.741+0000 7f2511643640 1 -- --> [v2:172.21.15.100:3300/0,v1:172.21.15.100:6789/0] -- mon_getmap magic: 0 -- 0x7f250c07bda0 con 0x7f250c1080d0
2024-09-05T08:05:27.299 INFO:teuthology.orchestra.run.smithi100.stdout:/usr/bin/ceph: stderr
2024-09-05T08:05:25.742+0000 7f250affd640 1 --2- >> [v2:172.21.15.100:3300/0,v1:172.21.15.100:6789/0] conn(0x7f250c1080d0 0x7f250c10a4c0 unknown :-1 s=BANNER_CONNECTING pgs=0 cs=0 l=0 rev1=0 crypto rx=0 tx=0 comp rx=0 tx=0)._handle_peer_banner_payload supported=3 required=0
2024-09-05T08:05:27.299 INFO:teuthology.orchestra.run.smithi100.stdout:/usr/bin/ceph: stderr
2024-09-05T08:05:25.742+0000 7f250affd640 1 --2- >> [v2:172.21.15.100:3300/0,v1:172.21.15.100:6789/0] conn(0x7f250c1080d0 0x7f250c10a4c0 unknown :-1 s=HELLO_CONNECTING pgs=0 cs=0 l=0 rev1=1 crypto rx=0 tx=0 comp rx=0 tx=0).handle_hello peer v2:172.21.15.100:3300/0 says I am v2:172.21.15.100:43992/0 (socket says 172.21.15.100:43992)
2024-09-05T08:05:27.299 INFO:teuthology.orchestra.run.smithi100.stdout:/usr/bin/ceph: stderr
2024-09-05T08:05:25.742+0000 7f250affd640 1 -- 172.21.15.100:0/2931105642 learned_addr learned my addr 172.21.15.100:0/2931105642 (peer_addr_for_me v2:172.21.15.100:0/0)
2024-09-05T08:05:27.299 INFO:teuthology.orchestra.run.smithi100.stdout:/usr/bin/ceph: stderr
2024-09-05T08:05:25.742+0000 7f250affd640 1 -- 172.21.15.100:0/2931105642 --> [v2:172.21.15.100:3300/0,v1:172.21.15.100:6789/0] -- mon_subscribe({config=0+,monmap=0+}) -- 0x7f250c10aa00 con 0x7f250c1080d0
2024-09-05T08:05:27.299 INFO:teuthology.orchestra.run.smithi100.stdout:/usr/bin/ceph: stderr
2024-09-05T08:05:25.742+0000 7f250affd640 1 --2- 172.21.15.100:0/2931105642 >> [v2:172.21.15.100:3300/0,v1:172.21.15.100:6789/0] conn(0x7f250c1080d0 0x7f250c10a4c0 secure :-1 s=READY pgs=70 cs=0 l=1 rev1=1 crypto rx=0x7f24fc009820 tx=0x7f24fc02a270 comp rx=0 tx=0).ready entity=mon.0 client_cookie=36bde74d8042405a server_cookie=0 in_seq=0 out_seq=0
2024-09-05T08:05:27.300 INFO:teuthology.orchestra.run.smithi100.stdout:/usr/bin/ceph: stderr
2024-09-05T08:05:25.743+0000 7f250a7fc640 1 -- 172.21.15.100:0/2931105642 <== mon.0 v2:172.21.15.100:3300/0 1 ==== mon_map magic: 0 ==== 205+0+0 (secure 0 0 0) 0x7f24fc037070 con 0x7f250c1080d0
2024-09-05T08:05:27.300 INFO:teuthology.orchestra.run.smithi100.stdout:/usr/bin/ceph: stderr
2024-09-05T08:05:25.743+0000 7f250a7fc640 1 -- 172.21.15.100:0/2931105642 <== mon.0 v2:172.21.15.100:3300/0 2 ==== config(27 keys) ==== 1136+0+0 (secure 0 0 0) 0x7f24fc032910 con 0x7f250c1080d0
2024-09-05T08:05:27.306 INFO:teuthology.orchestra.run.smithi100.stdout:/usr/bin/ceph: stderr
2024-09-05T08:05:25.743+0000 7f250a7fc640 1 -- 172.21.15.100:0/2931105642 <== mon.0 v2:172.21.15.100:3300/0 3 ==== mon_map magic: 0 ==== 205+0+0 (secure 0 0 0) 0x7f24fc0307d0 con 0x7f250c1080d0
2024-09-05T08:05:27.306 INFO:teuthology.orchestra.run.smithi100.stdout:/usr/bin/ceph: stderr
2024-09-05T08:05:25.743+0000 7f2511643640 1 -- 172.21.15.100:0/2931105642 >> [v2:172.21.15.100:3300/0,v1:172.21.15.100:6789/0] conn(0x7f250c1080d0 msgr2=0x7f250c10a4c0 secure :-1 s=STATE_CONNECTION_ESTABLISHED l=1).mark_down
2024-09-05T08:05:27.306 INFO:teuthology.orchestra.run.smithi100.stdout:/usr/bin/ceph: stderr
2024-09-05T08:05:25.743+0000 7f2511643640 1 --2- 172.21.15.100:0/2931105642 >> [v2:172.21.15.100:3300/0,v1:172.21.15.100:6789/0] conn(0x7f250c1080d0 0x7f250c10a4c0 secure :-1 s=READY pgs=70 cs=0 l=1 rev1=1 crypto rx=0x7f24fc009820 tx=0x7f24fc02a270 comp rx=0 tx=0).stop
2024-09-05T08:05:27.306 INFO:teuthology.orchestra.run.smithi100.stdout:/usr/bin/ceph: stderr
2024-09-05T08:05:25.744+0000 7f2511643640 1 -- 172.21.15.100:0/2931105642 shutdown_connections
2024-09-05T08:05:27.306 INFO:teuthology.orchestra.run.smithi100.stdout:/usr/bin/ceph: stderr
2024-09-05T08:05:25.744+0000 7f2511643640 1 --2- 172.21.15.100:0/2931105642 >> [v2:172.21.15.100:3300/0,v1:172.21.15.100:6789/0] conn(0x7f250c1080d0 0x7f250c10a4c0 unknown :-1 s=CLOSED pgs=70 cs=0 l=1 rev1=1 crypto rx=0 tx=0 comp rx=0 tx=0).stop
2024-09-05T08:05:27.306 INFO:teuthology.orchestra.run.smithi100.stdout:/usr/bin/ceph: stderr
2024-09-05T08:05:25.744+0000 7f2511643640 1 -- 172.21.15.100:0/2931105642 >> 172.21.15.100:0/2931105642 conn(0x7f250c101c70 msgr2=0x7f250c104090 unknown :-1 s=STATE_NONE l=0).mark_down
2024-09-05T08:05:27.306 INFO:teuthology.orchestra.run.smithi100.stdout:/usr/bin/ceph: stderr
2024-09-05T08:05:25.744+0000 7f2511643640 1 -- 172.21.15.100:0/2931105642 shutdown_connections
2024-09-05T08:05:27.306 INFO:teuthology.orchestra.run.smithi100.stdout:/usr/bin/ceph: stderr
2024-09-05T08:05:25.744+0000 7f2511643640 1 -- 172.21.15.100:0/2931105642 wait complete.
2024-09-05T08:05:27.307 INFO:teuthology.orchestra.run.smithi100.stdout:/usr/bin/ceph: stderr
2024-09-05T08:05:25.744+0000 7f2511643640 1 Processor -- start
2024-09-05T08:05:27.307 INFO:teuthology.orchestra.run.smithi100.stdout:/usr/bin/ceph: stderr
2024-09-05T08:05:25.744+0000 7f2511643640 1 -- start start
2024-09-05T08:05:27.307 INFO:teuthology.orchestra.run.smithi100.stdout:/usr/bin/ceph: stderr
2024-09-05T08:05:25.744+0000 7f2511643640 1 --2- >> [v2:172.21.15.100:3300/0,v1:172.21.15.100:6789/0] conn(0x7f250c1080d0 0x7f250c107950 unknown :-1 s=NONE pgs=0 cs=0 l=1 rev1=0 crypto rx=0 tx=0 comp rx=0 tx=0).connect
2024-09-05T08:05:27.307 INFO:teuthology.orchestra.run.smithi100.stdout:/usr/bin/ceph: stderr
2024-09-05T08:05:25.744+0000 7f2511643640 1 -- --> [v2:172.21.15.100:3300/0,v1:172.21.15.100:6789/0] -- mon_getmap magic: 0 -- 0x7f250c10b9c0 con 0x7f250c1080d0
2024-09-05T08:05:27.307 INFO:teuthology.orchestra.run.smithi100.stdout:/usr/bin/ceph: stderr
2024-09-05T08:05:25.745+0000 7f250affd640 1 --2- >> [v2:172.21.15.100:3300/0,v1:172.21.15.100:6789/0] conn(0x7f250c1080d0 0x7f250c107950 unknown :-1 s=BANNER_CONNECTING pgs=0 cs=0 l=1 rev1=0 crypto rx=0 tx=0 comp rx=0 tx=0)._handle_peer_banner_payload supported=3 required=0
2024-09-05T08:05:27.307 INFO:teuthology.orchestra.run.smithi100.stdout:/usr/bin/ceph: stderr
2024-09-05T08:05:25.745+0000 7f250affd640 1 --2- >> [v2:172.21.15.100:3300/0,v1:172.21.15.100:6789/0] conn(0x7f250c1080d0 0x7f250c107950 unknown :-1 s=HELLO_CONNECTING pgs=0 cs=0 l=1 rev1=1 crypto rx=0 tx=0 comp rx=0 tx=0).handle_hello peer v2:172.21.15.100:3300/0 says I am v2:172.21.15.100:44000/0 (socket says 172.21.15.100:44000)
2024-09-05T08:05:27.307 INFO:teuthology.orchestra.run.smithi100.stdout:/usr/bin/ceph: stderr
2024-09-05T08:05:25.745+0000 7f250affd640 1 -- 172.21.15.100:0/977183444 learned_addr learned my addr 172.21.15.100:0/977183444 (peer_addr_for_me v2:172.21.15.100:0/0)
2024-09-05T08:05:27.307 INFO:teuthology.orchestra.run.smithi100.stdout:/usr/bin/ceph: stderr
2024-09-05T08:05:25.745+0000 7f250affd640 1 -- 172.21.15.100:0/977183444 --> [v2:172.21.15.100:3300/0,v1:172.21.15.100:6789/0] -- mon_subscribe({config=0+,monmap=0+}) -- 0x7f250c107e90 con 0x7f250c1080d0
2024-09-05T08:05:27.307 INFO:teuthology.orchestra.run.smithi100.stdout:/usr/bin/ceph: stderr
2024-09-05T08:05:25.745+0000 7f250affd640 1 --2- 172.21.15.100:0/977183444 >> [v2:172.21.15.100:3300/0,v1:172.21.15.100:6789/0] conn(0x7f250c1080d0 0x7f250c107950 secure :-1 s=READY pgs=71 cs=0 l=1 rev1=1 crypto rx=0x7f24fc030d50 tx=0x7f24fc030d80 comp rx=0 tx=0).ready entity=mon.0 client_cookie=0 server_cookie=0 in_seq=0 out_seq=0
2024-09-05T08:05:27.307 INFO:teuthology.orchestra.run.smithi100.stdout:/usr/bin/ceph: stderr
2024-09-05T08:05:25.745+0000 7f2508ff9640 1 -- 172.21.15.100:0/977183444 <== mon.0 v2:172.21.15.100:3300/0 1 ==== mon_map magic: 0 ==== 205+0+0 (secure 0 0 0) 0x7f24fc042070 con 0x7f250c1080d0
2024-09-05T08:05:27.307 INFO:teuthology.orchestra.run.smithi100.stdout:/usr/bin/ceph: stderr
2024-09-05T08:05:25.745+0000 7f2511643640 1 -- 172.21.15.100:0/977183444 --> [v2:172.21.15.100:3300/0,v1:172.21.15.100:6789/0] -- mon_subscribe({mgrmap=0+}) -- 0x7f250c106080 con 0x7f250c1080d0
2024-09-05T08:05:27.307 INFO:teuthology.orchestra.run.smithi100.stdout:/usr/bin/ceph: stderr
2024-09-05T08:05:25.745+0000 7f2508ff9640 1 -- 172.21.15.100:0/977183444 <== mon.0 v2:172.21.15.100:3300/0 2 ==== config(27 keys) ==== 1136+0+0 (secure 0 0 0) 0x7f24fc030870 con 0x7f250c1080d0
2024-09-05T08:05:27.308 INFO:teuthology.orchestra.run.smithi100.stdout:/usr/bin/ceph: stderr
2024-09-05T08:05:25.745+0000 7f2508ff9640 1 -- 172.21.15.100:0/977183444 <== mon.0 v2:172.21.15.100:3300/0 3 ==== mon_map magic: 0 ==== 205+0+0 (secure 0 0 0) 0x7f24fc037040 con 0x7f250c1080d0
2024-09-05T08:05:27.308 INFO:teuthology.orchestra.run.smithi100.stdout:/usr/bin/ceph: stderr
2024-09-05T08:05:25.745+0000 7f2511643640 1 -- 172.21.15.100:0/977183444 --> [v2:172.21.15.100:3300/0,v1:172.21.15.100:6789/0] -- mon_subscribe({osdmap=0}) -- 0x7f250c1065c0 con 0x7f250c1080d0
2024-09-05T08:05:27.308 INFO:teuthology.orchestra.run.smithi100.stdout:/usr/bin/ceph: stderr
2024-09-05T08:05:25.746+0000 7f2508ff9640 1 -- 172.21.15.100:0/977183444 <== mon.0 v2:172.21.15.100:3300/0 4 ==== mgrmap(e 12) ==== 46300+0+0 (secure 0 0 0) 0x7f24fc045070 con 0x7f250c1080d0
2024-09-05T08:05:27.308 INFO:teuthology.orchestra.run.smithi100.stdout:/usr/bin/ceph: stderr
2024-09-05T08:05:25.746+0000 7f2508ff9640 1 --2- 172.21.15.100:0/977183444 >> [v2:172.21.15.100:6800/4110799867,v1:172.21.15.100:6801/4110799867] conn(0x7f24f80390e0 0x7f24f803b5a0 unknown :-1 s=NONE pgs=0 cs=0 l=1 rev1=0 crypto rx=0 tx=0 comp rx=0 tx=0).connect
2024-09-05T08:05:27.308 INFO:teuthology.orchestra.run.smithi100.stdout:/usr/bin/ceph: stderr
2024-09-05T08:05:25.746+0000 7f2511643640 1 -- 172.21.15.100:0/977183444 --> [v2:172.21.15.100:3300/0,v1:172.21.15.100:6789/0] -- mon_command({"prefix": "get_command_descriptions"} v 0) -- 0x7f250c1084b0 con 0x7f250c1080d0
2024-09-05T08:05:27.308 INFO:teuthology.orchestra.run.smithi100.stdout:/usr/bin/ceph: stderr
2024-09-05T08:05:25.747+0000 7f2503fff640 1 --2- 172.21.15.100:0/977183444 >> [v2:172.21.15.100:6800/4110799867,v1:172.21.15.100:6801/4110799867] conn(0x7f24f80390e0 0x7f24f803b5a0 unknown :-1 s=BANNER_CONNECTING pgs=0 cs=0 l=1 rev1=0 crypto rx=0 tx=0 comp rx=0 tx=0)._handle_peer_banner_payload supported=3 required=0
2024-09-05T08:05:27.308 INFO:teuthology.orchestra.run.smithi100.stdout:/usr/bin/ceph: stderr
2024-09-05T08:05:25.747+0000 7f2508ff9640 1 -- 172.21.15.100:0/977183444 <== mon.0 v2:172.21.15.100:3300/0 5 ==== osd_map(3..3 src has 1..3) ==== 1155+0+0 (secure 0 0 0) 0x7f24fc06c1c0 con 0x7f250c1080d0
2024-09-05T08:05:27.308 INFO:teuthology.orchestra.run.smithi100.stdout:/usr/bin/ceph: stderr
2024-09-05T08:05:25.747+0000 7f2503fff640 1 --2- 172.21.15.100:0/977183444 >> [v2:172.21.15.100:6800/4110799867,v1:172.21.15.100:6801/4110799867] conn(0x7f24f80390e0 0x7f24f803b5a0 secure :-1 s=READY pgs=8 cs=0 l=1 rev1=1 crypto rx=0x7f24f40098c0 tx=0x7f24f4006db0 comp rx=0 tx=0).ready entity=mgr.14150 client_cookie=0 server_cookie=0 in_seq=0 out_seq=0
2024-09-05T08:05:27.308 INFO:teuthology.orchestra.run.smithi100.stdout:/usr/bin/ceph: stderr
2024-09-05T08:05:25.752+0000 7f2508ff9640 1 -- 172.21.15.100:0/977183444 <== mon.0 v2:172.21.15.100:3300/0 6 ==== mon_command_ack([{"prefix": "get_command_descriptions"}]=0 v0) ==== 72+0+188821 (secure 0 0 0) 0x7f24fc03cd30 con 0x7f250c1080d0
2024-09-05T08:05:27.308 INFO:teuthology.orchestra.run.smithi100.stdout:/usr/bin/ceph: stderr
2024-09-05T08:05:25.938+0000 7f2511643640 1 -- 172.21.15.100:0/977183444 --> [v2:172.21.15.100:6800/4110799867,v1:172.21.15.100:6801/4110799867] -- mgr_command(tid 0: {"prefix": "dashboard ac-user-create", "username": "admin", "rolename": "administrator", "force_password": true, "pwd_update_required": true, "target": ["mon-mgr", ""]}) -- 0x7f250c106d60 con 0x7f24f80390e0
2024-09-05T08:05:27.308 INFO:teuthology.orchestra.run.smithi100.stdout:/usr/bin/ceph: stderr
2024-09-05T08:05:26.163+0000 7f2508ff9640 1 -- 172.21.15.100:0/977183444 <== mgr.14150 v2:172.21.15.100:6800/4110799867 1 ==== mgr_command_reply(tid 0: 0 ) ==== 8+0+252 (secure 0 0 0) 0x7f250c106d60 con 0x7f24f80390e0
2024-09-05T08:05:27.308 INFO:teuthology.orchestra.run.smithi100.stdout:/usr/bin/ceph: stderr
2024-09-05T08:05:26.165+0000 7f2511643640 1 -- 172.21.15.100:0/977183444 >> [v2:172.21.15.100:6800/4110799867,v1:172.21.15.100:6801/4110799867] conn(0x7f24f80390e0 msgr2=0x7f24f803b5a0 secure :-1 s=STATE_CONNECTION_ESTABLISHED l=1).mark_down
2024-09-05T08:05:27.308 INFO:teuthology.orchestra.run.smithi100.stdout:/usr/bin/ceph: stderr
2024-09-05T08:05:26.165+0000 7f2511643640 1 --2- 172.21.15.100:0/977183444 >> [v2:172.21.15.100:6800/4110799867,v1:172.21.15.100:6801/4110799867] conn(0x7f24f80390e0 0x7f24f803b5a0 secure :-1 s=READY pgs=8 cs=0 l=1 rev1=1 crypto rx=0x7f24f40098c0 tx=0x7f24f4006db0 comp rx=0 tx=0).stop
2024-09-05T08:05:27.309 INFO:teuthology.orchestra.run.smithi100.stdout:/usr/bin/ceph: stderr
2024-09-05T08:05:26.165+0000 7f2511643640 1 -- 172.21.15.100:0/977183444 >> [v2:172.21.15.100:3300/0,v1:172.21.15.100:6789/0] conn(0x7f250c1080d0 msgr2=0x7f250c107950 secure :-1 s=STATE_CONNECTION_ESTABLISHED l=1).mark_down
2024-09-05T08:05:27.309 INFO:teuthology.orchestra.run.smithi100.stdout:/usr/bin/ceph: stderr
2024-09-05T08:05:26.165+0000 7f2511643640 1 --2- 172.21.15.100:0/977183444 >> [v2:172.21.15.100:3300/0,v1:172.21.15.100:6789/0] conn(0x7f250c1080d0 0x7f250c107950 secure :-1 s=READY pgs=71 cs=0 l=1 rev1=1 crypto rx=0x7f24fc030d50 tx=0x7f24fc030d80 comp rx=0 tx=0).stop
2024-09-05T08:05:27.309 INFO:teuthology.orchestra.run.smithi100.stdout:/usr/bin/ceph: stderr
2024-09-05T08:05:26.165+0000 7f2511643640 1 -- 172.21.15.100:0/977183444 shutdown_connections
2024-09-05T08:05:27.309 INFO:teuthology.orchestra.run.smithi100.stdout:/usr/bin/ceph: stderr
2024-09-05T08:05:26.165+0000 7f2511643640 1 --2- 172.21.15.100:0/977183444 >> [v2:172.21.15.100:6800/4110799867,v1:172.21.15.100:6801/4110799867] conn(0x7f24f80390e0 0x7f24f803b5a0 unknown :-1 s=CLOSED pgs=8 cs=0 l=1 rev1=1 crypto rx=0 tx=0 comp rx=0 tx=0).stop
2024-09-05T08:05:27.309 INFO:teuthology.orchestra.run.smithi100.stdout:/usr/bin/ceph: stderr
2024-09-05T08:05:26.165+0000 7f2511643640 1 --2- 172.21.15.100:0/977183444 >> [v2:172.21.15.100:3300/0,v1:172.21.15.100:6789/0] conn(0x7f250c1080d0 0x7f250c107950 unknown :-1 s=CLOSED pgs=71 cs=0 l=1 rev1=1 crypto rx=0 tx=0 comp rx=0 tx=0).stop
2024-09-05T08:05:27.309 INFO:teuthology.orchestra.run.smithi100.stdout:/usr/bin/ceph: stderr
2024-09-05T08:05:26.165+0000 7f2511643640 1 -- 172.21.15.100:0/977183444 >> 172.21.15.100:0/977183444 conn(0x7f250c101c70 msgr2=0x7f250c102710 unknown :-1 s=STATE_NONE l=0).mark_down
2024-09-05T08:05:27.309 INFO:teuthology.orchestra.run.smithi100.stdout:/usr/bin/ceph: stderr
2024-09-05T08:05:26.165+0000 7f2511643640 1 -- 172.21.15.100:0/977183444 shutdown_connections
2024-09-05T08:05:27.309 INFO:teuthology.orchestra.run.smithi100.stdout:/usr/bin/ceph: stderr
2024-09-05T08:05:26.165+0000 7f2511643640 1 -- 172.21.15.100:0/977183444 wait complete.
2024-09-05T08:05:27.309 INFO:teuthology.orchestra.run.smithi100.stdout:Fetching dashboard port number...
2024-09-05T08:05:27.421 INFO:journalctl@ceph.mon.a.smithi100.stdout:Sep 05 08:05:27 smithi100 ceph-mon[30959]: from='client.14164 -' entity='client.admin' cmd=[{"prefix": "dashboard ac-user-create", "username": "admin", "rolename": "administrator", "force_password": true, "pwd_update_required": true, "target": ["mon-mgr", ""]}]: dispatch
2024-09-05T08:05:27.421 INFO:journalctl@ceph.mon.a.smithi100.stdout:Sep 05 08:05:27 smithi100 ceph-mon[30959]: from='mgr.14150 172.21.15.100:0/2630149862' entity='mgr.x'
2024-09-05T08:05:28.485 INFO:journalctl@ceph.mon.a.smithi100.stdout:Sep 05 08:05:28 smithi100 ceph-mon[30959]: from='client.? 172.21.15.100:0/3434824744' entity='client.admin' cmd=[{"prefix": "config get", "who": "mgr", "key": "mgr/dashboard/ssl_server_port"}]: dispatch
2024-09-05T08:05:28.492 INFO:teuthology.orchestra.run.smithi100.stdout:/usr/bin/ceph: stdout 8443
2024-09-05T08:05:28.492 INFO:teuthology.orchestra.run.smithi100.stdout:/usr/bin/ceph: stderr
2024-09-05T08:05:27.734+0000 7f46246c9640 1 Processor -- start
2024-09-05T08:05:28.493 INFO:teuthology.orchestra.run.smithi100.stdout:/usr/bin/ceph: stderr
2024-09-05T08:05:27.734+0000 7f46246c9640 1 -- start start
2024-09-05T08:05:28.493 INFO:teuthology.orchestra.run.smithi100.stdout:/usr/bin/ceph: stderr
2024-09-05T08:05:27.734+0000 7f46246c9640 1 --2- >> [v2:172.21.15.100:3300/0,v1:172.21.15.100:6789/0] conn(0x7f461c107590 0x7f461c107990 unknown :-1 s=NONE pgs=0 cs=0 l=0 rev1=0 crypto rx=0 tx=0 comp rx=0 tx=0).connect
2024-09-05T08:05:28.493 INFO:teuthology.orchestra.run.smithi100.stdout:/usr/bin/ceph: stderr
2024-09-05T08:05:27.734+0000 7f46246c9640 1 -- --> [v2:172.21.15.100:3300/0,v1:172.21.15.100:6789/0] -- mon_getmap magic: 0 -- 0x7f461c107f60 con 0x7f461c107590
2024-09-05T08:05:28.493 INFO:teuthology.orchestra.run.smithi100.stdout:/usr/bin/ceph: stderr
2024-09-05T08:05:27.734+0000 7f4622465640 1 --2- >> [v2:172.21.15.100:3300/0,v1:172.21.15.100:6789/0] conn(0x7f461c107590 0x7f461c107990 unknown :-1 s=BANNER_CONNECTING pgs=0 cs=0 l=0 rev1=0 crypto rx=0 tx=0 comp rx=0 tx=0)._handle_peer_banner_payload supported=3 required=0
2024-09-05T08:05:28.493 INFO:teuthology.orchestra.run.smithi100.stdout:/usr/bin/ceph: stderr
2024-09-05T08:05:27.734+0000 7f4622465640 1 --2- >> [v2:172.21.15.100:3300/0,v1:172.21.15.100:6789/0] conn(0x7f461c107590 0x7f461c107990 unknown :-1 s=HELLO_CONNECTING pgs=0 cs=0 l=0 rev1=1 crypto rx=0 tx=0 comp rx=0 tx=0).handle_hello peer v2:172.21.15.100:3300/0 says I am v2:172.21.15.100:44006/0 (socket says 172.21.15.100:44006)
2024-09-05T08:05:28.493 INFO:teuthology.orchestra.run.smithi100.stdout:/usr/bin/ceph: stderr
2024-09-05T08:05:27.734+0000 7f4622465640 1 -- 172.21.15.100:0/2810410106 learned_addr learned my addr 172.21.15.100:0/2810410106 (peer_addr_for_me v2:172.21.15.100:0/0)
2024-09-05T08:05:28.493 INFO:teuthology.orchestra.run.smithi100.stdout:/usr/bin/ceph: stderr
2024-09-05T08:05:27.735+0000 7f4622465640 1 -- 172.21.15.100:0/2810410106 --> [v2:172.21.15.100:3300/0,v1:172.21.15.100:6789/0] -- mon_subscribe({config=0+,monmap=0+}) -- 0x7f461c108790 con 0x7f461c107590
2024-09-05T08:05:28.493 INFO:teuthology.orchestra.run.smithi100.stdout:/usr/bin/ceph: stderr
2024-09-05T08:05:27.736+0000 7f4622465640 1 --2- 172.21.15.100:0/2810410106 >> [v2:172.21.15.100:3300/0,v1:172.21.15.100:6789/0] conn(0x7f461c107590 0x7f461c107990 secure :-1 s=READY pgs=72 cs=0 l=1 rev1=1 crypto rx=0x7f4618009820 tx=0x7f461802a270 comp rx=0 tx=0).ready entity=mon.0 client_cookie=3c31b276d4b13c8 server_cookie=0 in_seq=0 out_seq=0
2024-09-05T08:05:28.493 INFO:teuthology.orchestra.run.smithi100.stdout:/usr/bin/ceph: stderr
2024-09-05T08:05:27.736+0000 7f4621463640 1 -- 172.21.15.100:0/2810410106 <== mon.0 v2:172.21.15.100:3300/0 1 ==== mon_map magic: 0 ==== 205+0+0 (secure 0 0 0) 0x7f4618037070 con 0x7f461c107590
2024-09-05T08:05:28.494 INFO:teuthology.orchestra.run.smithi100.stdout:/usr/bin/ceph: stderr
2024-09-05T08:05:27.736+0000 7f4621463640 1 -- 172.21.15.100:0/2810410106 <== mon.0 v2:172.21.15.100:3300/0 2 ==== config(27 keys) ==== 1136+0+0 (secure 0 0 0) 0x7f4618032910 con 0x7f461c107590
2024-09-05T08:05:28.494 INFO:teuthology.orchestra.run.smithi100.stdout:/usr/bin/ceph: stderr
2024-09-05T08:05:27.736+0000 7f4621463640 1 -- 172.21.15.100:0/2810410106 <== mon.0 v2:172.21.15.100:3300/0 3 ==== mon_map magic: 0 ==== 205+0+0 (secure 0 0 0) 0x7f46180307d0 con 0x7f461c107590
2024-09-05T08:05:28.494 INFO:teuthology.orchestra.run.smithi100.stdout:/usr/bin/ceph: stderr
2024-09-05T08:05:27.736+0000 7f46246c9640 1 -- 172.21.15.100:0/2810410106 >> [v2:172.21.15.100:3300/0,v1:172.21.15.100:6789/0] conn(0x7f461c107590 msgr2=0x7f461c107990 secure :-1 s=STATE_CONNECTION_ESTABLISHED l=1).mark_down
2024-09-05T08:05:28.494 INFO:teuthology.orchestra.run.smithi100.stdout:/usr/bin/ceph: stderr
2024-09-05T08:05:27.736+0000 7f46246c9640 1 --2- 172.21.15.100:0/2810410106 >> [v2:172.21.15.100:3300/0,v1:172.21.15.100:6789/0] conn(0x7f461c107590 0x7f461c107990 secure :-1 s=READY pgs=72 cs=0 l=1 rev1=1 crypto rx=0x7f4618009820 tx=0x7f461802a270 comp rx=0 tx=0).stop
2024-09-05T08:05:28.495 INFO:teuthology.orchestra.run.smithi100.stdout:/usr/bin/ceph: stderr
2024-09-05T08:05:27.736+0000 7f46246c9640 1 -- 172.21.15.100:0/2810410106 shutdown_connections
2024-09-05T08:05:28.495 INFO:teuthology.orchestra.run.smithi100.stdout:/usr/bin/ceph: stderr
2024-09-05T08:05:27.736+0000 7f46246c9640 1 --2- 172.21.15.100:0/2810410106 >> [v2:172.21.15.100:3300/0,v1:172.21.15.100:6789/0] conn(0x7f461c107590 0x7f461c107990 unknown :-1 s=CLOSED pgs=72 cs=0 l=1 rev1=1 crypto rx=0 tx=0 comp rx=0 tx=0).stop
2024-09-05T08:05:28.495 INFO:teuthology.orchestra.run.smithi100.stdout:/usr/bin/ceph: stderr
2024-09-05T08:05:27.736+0000 7f46246c9640 1 -- 172.21.15.100:0/2810410106 >> 172.21.15.100:0/2810410106 conn(0x7f461c102d60 msgr2=0x7f461c105180 unknown :-1 s=STATE_NONE l=0).mark_down
2024-09-05T08:05:28.495 INFO:teuthology.orchestra.run.smithi100.stdout:/usr/bin/ceph: stderr
2024-09-05T08:05:27.736+0000 7f46246c9640 1 -- 172.21.15.100:0/2810410106 shutdown_connections
2024-09-05T08:05:28.495 INFO:teuthology.orchestra.run.smithi100.stdout:/usr/bin/ceph: stderr
2024-09-05T08:05:27.736+0000 7f46246c9640 1 -- 172.21.15.100:0/2810410106 wait complete.
2024-09-05T08:05:28.495 INFO:teuthology.orchestra.run.smithi100.stdout:/usr/bin/ceph: stderr
2024-09-05T08:05:27.737+0000 7f46246c9640 1 Processor -- start
2024-09-05T08:05:28.495 INFO:teuthology.orchestra.run.smithi100.stdout:/usr/bin/ceph: stderr
2024-09-05T08:05:27.737+0000 7f46246c9640 1 -- start start
2024-09-05T08:05:28.495 INFO:teuthology.orchestra.run.smithi100.stdout:/usr/bin/ceph: stderr
2024-09-05T08:05:27.737+0000 7f46246c9640 1 --2- >> [v2:172.21.15.100:3300/0,v1:172.21.15.100:6789/0] conn(0x7f461c107590 0x7f461c19b4b0 unknown :-1 s=NONE pgs=0 cs=0 l=1 rev1=0 crypto rx=0 tx=0 comp rx=0 tx=0).connect
2024-09-05T08:05:28.495 INFO:teuthology.orchestra.run.smithi100.stdout:/usr/bin/ceph: stderr
2024-09-05T08:05:27.737+0000 7f46246c9640 1 -- --> [v2:172.21.15.100:3300/0,v1:172.21.15.100:6789/0] -- mon_getmap magic: 0 -- 0x7f461c10bb40 con 0x7f461c107590
2024-09-05T08:05:28.495 INFO:teuthology.orchestra.run.smithi100.stdout:/usr/bin/ceph: stderr
2024-09-05T08:05:27.737+0000 7f4622465640 1 --2- >> [v2:172.21.15.100:3300/0,v1:172.21.15.100:6789/0] conn(0x7f461c107590 0x7f461c19b4b0 unknown :-1 s=BANNER_CONNECTING pgs=0 cs=0 l=1 rev1=0 crypto rx=0 tx=0 comp rx=0 tx=0)._handle_peer_banner_payload supported=3 required=0
2024-09-05T08:05:28.495 INFO:teuthology.orchestra.run.smithi100.stdout:/usr/bin/ceph: stderr
2024-09-05T08:05:27.737+0000 7f4622465640 1 --2- >> [v2:172.21.15.100:3300/0,v1:172.21.15.100:6789/0] conn(0x7f461c107590 0x7f461c19b4b0 unknown :-1 s=HELLO_CONNECTING pgs=0 cs=0 l=1 rev1=1 crypto rx=0 tx=0 comp rx=0 tx=0).handle_hello peer v2:172.21.15.100:3300/0 says I am v2:172.21.15.100:44022/0 (socket says 172.21.15.100:44022)
2024-09-05T08:05:28.495 INFO:teuthology.orchestra.run.smithi100.stdout:/usr/bin/ceph: stderr
2024-09-05T08:05:27.737+0000 7f4622465640 1 -- 172.21.15.100:0/3434824744 learned_addr learned my addr 172.21.15.100:0/3434824744 (peer_addr_for_me v2:172.21.15.100:0/0)
2024-09-05T08:05:28.495 INFO:teuthology.orchestra.run.smithi100.stdout:/usr/bin/ceph: stderr
2024-09-05T08:05:27.738+0000 7f4622465640 1 -- 172.21.15.100:0/3434824744 --> [v2:172.21.15.100:3300/0,v1:172.21.15.100:6789/0] -- mon_subscribe({config=0+,monmap=0+}) -- 0x7f461c19b9f0 con 0x7f461c107590
2024-09-05T08:05:28.495 INFO:teuthology.orchestra.run.smithi100.stdout:/usr/bin/ceph: stderr
2024-09-05T08:05:27.738+0000 7f4622465640 1 --2- 172.21.15.100:0/3434824744 >> [v2:172.21.15.100:3300/0,v1:172.21.15.100:6789/0] conn(0x7f461c107590 0x7f461c19b4b0 secure :-1 s=READY pgs=73 cs=0 l=1 rev1=1 crypto rx=0x7f4618030520 tx=0x7f46180327b0 comp rx=0 tx=0).ready entity=mon.0 client_cookie=0 server_cookie=0 in_seq=0 out_seq=0
2024-09-05T08:05:28.496 INFO:teuthology.orchestra.run.smithi100.stdout:/usr/bin/ceph: stderr
2024-09-05T08:05:27.738+0000 7f46137fe640 1 -- 172.21.15.100:0/3434824744 <== mon.0 v2:172.21.15.100:3300/0 1 ==== mon_map magic: 0 ==== 205+0+0 (secure 0 0 0) 0x7f4618042070 con 0x7f461c107590
2024-09-05T08:05:28.496 INFO:teuthology.orchestra.run.smithi100.stdout:/usr/bin/ceph: stderr
2024-09-05T08:05:27.738+0000 7f46137fe640 1 -- 172.21.15.100:0/3434824744 <== mon.0 v2:172.21.15.100:3300/0 2 ==== config(27 keys) ==== 1136+0+0 (secure 0 0 0) 0x7f4618030d50 con 0x7f461c107590
2024-09-05T08:05:28.496 INFO:teuthology.orchestra.run.smithi100.stdout:/usr/bin/ceph: stderr
2024-09-05T08:05:27.738+0000 7f46246c9640 1 -- 172.21.15.100:0/3434824744 --> [v2:172.21.15.100:3300/0,v1:172.21.15.100:6789/0] -- mon_subscribe({mgrmap=0+}) -- 0x7f461c19bc80 con 0x7f461c107590
2024-09-05T08:05:28.496 INFO:teuthology.orchestra.run.smithi100.stdout:/usr/bin/ceph: stderr
2024-09-05T08:05:27.738+0000 7f46137fe640 1 -- 172.21.15.100:0/3434824744 <== mon.0 v2:172.21.15.100:3300/0 3 ==== mon_map magic: 0 ==== 205+0+0 (secure 0 0 0) 0x7f4618037040 con 0x7f461c107590
2024-09-05T08:05:28.496 INFO:teuthology.orchestra.run.smithi100.stdout:/usr/bin/ceph: stderr
2024-09-05T08:05:27.738+0000 7f46246c9640 1 -- 172.21.15.100:0/3434824744 --> [v2:172.21.15.100:3300/0,v1:172.21.15.100:6789/0] -- mon_subscribe({osdmap=0}) -- 0x7f461c19e970 con 0x7f461c107590
2024-09-05T08:05:28.496 INFO:teuthology.orchestra.run.smithi100.stdout:/usr/bin/ceph: stderr
2024-09-05T08:05:27.739+0000 7f46137fe640 1 -- 172.21.15.100:0/3434824744 <== mon.0 v2:172.21.15.100:3300/0 4 ==== mgrmap(e 12) ==== 46300+0+0 (secure 0 0 0) 0x7f4618045070 con 0x7f461c107590
2024-09-05T08:05:28.496 INFO:teuthology.orchestra.run.smithi100.stdout:/usr/bin/ceph: stderr
2024-09-05T08:05:27.739+0000 7f46137fe640 1 --2- 172.21.15.100:0/3434824744 >> [v2:172.21.15.100:6800/4110799867,v1:172.21.15.100:6801/4110799867] conn(0x7f46080390e0 0x7f460803b5a0 unknown :-1 s=NONE pgs=0 cs=0 l=1 rev1=0 crypto rx=0 tx=0 comp rx=0 tx=0).connect
2024-09-05T08:05:28.496 INFO:teuthology.orchestra.run.smithi100.stdout:/usr/bin/ceph: stderr
2024-09-05T08:05:27.739+0000 7f46246c9640 1 -- 172.21.15.100:0/3434824744 --> [v2:172.21.15.100:3300/0,v1:172.21.15.100:6789/0] -- mon_command({"prefix": "get_command_descriptions"} v 0) -- 0x7f461c10bcc0 con 0x7f461c107590
2024-09-05T08:05:28.496 INFO:teuthology.orchestra.run.smithi100.stdout:/usr/bin/ceph: stderr
2024-09-05T08:05:27.739+0000 7f46137fe640 1 -- 172.21.15.100:0/3434824744 <== mon.0 v2:172.21.15.100:3300/0 5 ==== osd_map(3..3 src has 1..3) ==== 1155+0+0 (secure 0 0 0) 0x7f461806c260 con 0x7f461c107590
2024-09-05T08:05:28.496 INFO:teuthology.orchestra.run.smithi100.stdout:/usr/bin/ceph: stderr
2024-09-05T08:05:27.739+0000 7f4621c64640 1 --2- 172.21.15.100:0/3434824744 >> [v2:172.21.15.100:6800/4110799867,v1:172.21.15.100:6801/4110799867] conn(0x7f46080390e0 0x7f460803b5a0 unknown :-1 s=BANNER_CONNECTING pgs=0 cs=0 l=1 rev1=0 crypto rx=0 tx=0 comp rx=0 tx=0)._handle_peer_banner_payload supported=3 required=0
2024-09-05T08:05:28.496 INFO:teuthology.orchestra.run.smithi100.stdout:/usr/bin/ceph: stderr
2024-09-05T08:05:27.739+0000 7f4621c64640 1 --2- 172.21.15.100:0/3434824744 >> [v2:172.21.15.100:6800/4110799867,v1:172.21.15.100:6801/4110799867] conn(0x7f46080390e0 0x7f460803b5a0 secure :-1 s=READY pgs=9 cs=0 l=1 rev1=1 crypto rx=0x7f460c0098c0 tx=0x7f460c006db0 comp rx=0 tx=0).ready entity=mgr.14150 client_cookie=0 server_cookie=0 in_seq=0 out_seq=0
2024-09-05T08:05:28.496 INFO:teuthology.orchestra.run.smithi100.stdout:/usr/bin/ceph: stderr
2024-09-05T08:05:27.744+0000 7f46137fe640 1 -- 172.21.15.100:0/3434824744 <== mon.0 v2:172.21.15.100:3300/0 6 ==== mon_command_ack([{"prefix": "get_command_descriptions"}]=0 v0) ==== 72+0+188821 (secure 0 0 0) 0x7f4618045360 con 0x7f461c107590
2024-09-05T08:05:28.497 INFO:teuthology.orchestra.run.smithi100.stdout:/usr/bin/ceph: stderr
2024-09-05T08:05:27.909+0000 7f46246c9640 1 -- 172.21.15.100:0/3434824744 --> [v2:172.21.15.100:3300/0,v1:172.21.15.100:6789/0] -- mon_command({"prefix": "config get", "who": "mgr", "key": "mgr/dashboard/ssl_server_port"} v 0) -- 0x7f461c19eb40 con 0x7f461c107590
2024-09-05T08:05:28.497 INFO:teuthology.orchestra.run.smithi100.stdout:/usr/bin/ceph: stderr
2024-09-05T08:05:27.910+0000 7f46137fe640 1 -- 172.21.15.100:0/3434824744 <== mon.0 v2:172.21.15.100:3300/0 7 ==== mon_command_ack([{"prefix": "config get", "who": "mgr", "key": "mgr/dashboard/ssl_server_port"}]=0 v8) ==== 112+0+5 (secure 0 0 0) 0x7f461803cc00 con 0x7f461c107590
2024-09-05T08:05:28.497 INFO:teuthology.orchestra.run.smithi100.stdout:/usr/bin/ceph: stderr
2024-09-05T08:05:27.913+0000 7f46246c9640 1 -- 172.21.15.100:0/3434824744 >> [v2:172.21.15.100:6800/4110799867,v1:172.21.15.100:6801/4110799867] conn(0x7f46080390e0 msgr2=0x7f460803b5a0 secure :-1 s=STATE_CONNECTION_ESTABLISHED l=1).mark_down
2024-09-05T08:05:28.497 INFO:teuthology.orchestra.run.smithi100.stdout:/usr/bin/ceph: stderr
2024-09-05T08:05:27.913+0000 7f46246c9640 1 --2- 172.21.15.100:0/3434824744 >> [v2:172.21.15.100:6800/4110799867,v1:172.21.15.100:6801/4110799867] conn(0x7f46080390e0 0x7f460803b5a0 secure :-1 s=READY pgs=9 cs=0 l=1 rev1=1 crypto rx=0x7f460c0098c0 tx=0x7f460c006db0 comp rx=0 tx=0).stop
2024-09-05T08:05:28.497 INFO:teuthology.orchestra.run.smithi100.stdout:/usr/bin/ceph: stderr
2024-09-05T08:05:27.913+0000 7f46246c9640 1 -- 172.21.15.100:0/3434824744 >> [v2:172.21.15.100:3300/0,v1:172.21.15.100:6789/0] conn(0x7f461c107590 msgr2=0x7f461c19b4b0 secure :-1 s=STATE_CONNECTION_ESTABLISHED l=1).mark_down
2024-09-05T08:05:28.497 INFO:teuthology.orchestra.run.smithi100.stdout:/usr/bin/ceph: stderr
2024-09-05T08:05:27.913+0000 7f46246c9640 1 --2- 172.21.15.100:0/3434824744 >> [v2:172.21.15.100:3300/0,v1:172.21.15.100:6789/0] conn(0x7f461c107590 0x7f461c19b4b0 secure :-1 s=READY pgs=73 cs=0 l=1 rev1=1 crypto rx=0x7f4618030520 tx=0x7f46180327b0 comp rx=0 tx=0).stop
2024-09-05T08:05:28.498 INFO:teuthology.orchestra.run.smithi100.stdout:/usr/bin/ceph: stderr
2024-09-05T08:05:27.913+0000 7f46246c9640 1 -- 172.21.15.100:0/3434824744 shutdown_connections
2024-09-05T08:05:28.498 INFO:teuthology.orchestra.run.smithi100.stdout:/usr/bin/ceph: stderr
2024-09-05T08:05:27.913+0000 7f46246c9640 1 --2- 172.21.15.100:0/3434824744 >> [v2:172.21.15.100:6800/4110799867,v1:172.21.15.100:6801/4110799867] conn(0x7f46080390e0 0x7f460803b5a0 unknown :-1 s=CLOSED pgs=9 cs=0 l=1 rev1=1 crypto rx=0 tx=0 comp rx=0 tx=0).stop
2024-09-05T08:05:28.498 INFO:teuthology.orchestra.run.smithi100.stdout:/usr/bin/ceph: stderr
2024-09-05T08:05:27.913+0000 7f46246c9640 1 --2- 172.21.15.100:0/3434824744 >> [v2:172.21.15.100:3300/0,v1:172.21.15.100:6789/0] conn(0x7f461c107590 0x7f461c19b4b0 unknown :-1 s=CLOSED pgs=73 cs=0 l=1 rev1=1 crypto rx=0 tx=0 comp rx=0 tx=0).stop
2024-09-05T08:05:28.498 INFO:teuthology.orchestra.run.smithi100.stdout:/usr/bin/ceph: stderr
2024-09-05T08:05:27.913+0000 7f46246c9640 1 -- 172.21.15.100:0/3434824744 >> 172.21.15.100:0/3434824744 conn(0x7f461c102d60 msgr2=0x7f461c1037b0 unknown :-1 s=STATE_NONE l=0).mark_down
2024-09-05T08:05:28.498 INFO:teuthology.orchestra.run.smithi100.stdout:/usr/bin/ceph: stderr
2024-09-05T08:05:27.913+0000 7f46246c9640 1 -- 172.21.15.100:0/3434824744 shutdown_connections
2024-09-05T08:05:28.498 INFO:teuthology.orchestra.run.smithi100.stdout:/usr/bin/ceph: stderr
2024-09-05T08:05:27.913+0000 7f46246c9640 1 -- 172.21.15.100:0/3434824744 wait complete.
2024-09-05T08:05:28.500 INFO:teuthology.orchestra.run.smithi100.stdout:Non-zero exit code 1 from systemctl is-enabled firewalld.service
2024-09-05T08:05:28.500 INFO:teuthology.orchestra.run.smithi100.stdout:systemctl: stdout disabled
2024-09-05T08:05:28.507 INFO:teuthology.orchestra.run.smithi100.stdout:Non-zero exit code 3 from systemctl is-active firewalld.service
2024-09-05T08:05:28.507 INFO:teuthology.orchestra.run.smithi100.stdout:systemctl: stdout inactive
2024-09-05T08:05:28.507 INFO:teuthology.orchestra.run.smithi100.stdout:firewalld.service is not enabled
2024-09-05T08:05:28.507 INFO:teuthology.orchestra.run.smithi100.stdout:Not possible to open ports <[8443]>. firewalld.service is not available
2024-09-05T08:05:28.509 INFO:teuthology.orchestra.run.smithi100.stdout:Ceph Dashboard is now available at:
2024-09-05T08:05:28.509 INFO:teuthology.orchestra.run.smithi100.stdout:
2024-09-05T08:05:28.509 INFO:teuthology.orchestra.run.smithi100.stdout: URL: https://smithi100:8443/
2024-09-05T08:05:28.509 INFO:teuthology.orchestra.run.smithi100.stdout: User: admin
2024-09-05T08:05:28.509 INFO:teuthology.orchestra.run.smithi100.stdout: Password: ntmd505eqg
2024-09-05T08:05:28.509 INFO:teuthology.orchestra.run.smithi100.stdout:
2024-09-05T08:05:28.509 INFO:teuthology.orchestra.run.smithi100.stdout:Saving cluster configuration to /var/lib/ceph/5ce7dae0-6b5d-11ef-bcd6-c7b262605968/config directory
2024-09-05T08:05:29.474 INFO:journalctl@ceph.mon.a.smithi100.stdout:Sep 05 08:05:29 smithi100 ceph-mon[30959]: mgrmap e13: x(active, since 6s)
2024-09-05T08:05:29.741 INFO:teuthology.orchestra.run.smithi100.stdout:/usr/bin/ceph: stderr
2024-09-05T08:05:28.907+0000 7f181e504640 1 Processor -- start
2024-09-05T08:05:29.741 INFO:teuthology.orchestra.run.smithi100.stdout:/usr/bin/ceph: stderr
2024-09-05T08:05:28.908+0000 7f181e504640 1 -- start start
2024-09-05T08:05:29.741 INFO:teuthology.orchestra.run.smithi100.stdout:/usr/bin/ceph: stderr
2024-09-05T08:05:28.908+0000 7f181e504640 1 --2- >> [v2:172.21.15.100:3300/0,v1:172.21.15.100:6789/0] conn(0x7f181807de70 0x7f181807c2d0 unknown :-1 s=NONE pgs=0 cs=0 l=0 rev1=0 crypto rx=0 tx=0 comp rx=0 tx=0).connect
2024-09-05T08:05:29.741 INFO:teuthology.orchestra.run.smithi100.stdout:/usr/bin/ceph: stderr
2024-09-05T08:05:28.908+0000 7f181e504640 1 -- --> [v2:172.21.15.100:3300/0,v1:172.21.15.100:6789/0] -- mon_getmap magic: 0 -- 0x7f181807c8a0 con 0x7f181807de70
2024-09-05T08:05:29.741 INFO:teuthology.orchestra.run.smithi100.stdout:/usr/bin/ceph: stderr
2024-09-05T08:05:28.908+0000 7f1817fff640 1 --2- >> [v2:172.21.15.100:3300/0,v1:172.21.15.100:6789/0] conn(0x7f181807de70 0x7f181807c2d0 unknown :-1 s=BANNER_CONNECTING pgs=0 cs=0 l=0 rev1=0 crypto rx=0 tx=0 comp rx=0 tx=0)._handle_peer_banner_payload supported=3 required=0
2024-09-05T08:05:29.742 INFO:teuthology.orchestra.run.smithi100.stdout:/usr/bin/ceph: stderr
2024-09-05T08:05:28.908+0000 7f1817fff640 1 --2- >> [v2:172.21.15.100:3300/0,v1:172.21.15.100:6789/0] conn(0x7f181807de70 0x7f181807c2d0 unknown :-1 s=HELLO_CONNECTING pgs=0 cs=0 l=0 rev1=1 crypto rx=0 tx=0 comp rx=0 tx=0).handle_hello peer v2:172.21.15.100:3300/0 says I am v2:172.21.15.100:44030/0 (socket says 172.21.15.100:44030)
2024-09-05T08:05:29.742 INFO:teuthology.orchestra.run.smithi100.stdout:/usr/bin/ceph: stderr
2024-09-05T08:05:28.908+0000 7f1817fff640 1 -- 172.21.15.100:0/3823244030 learned_addr learned my addr 172.21.15.100:0/3823244030 (peer_addr_for_me v2:172.21.15.100:0/0)
2024-09-05T08:05:29.742 INFO:teuthology.orchestra.run.smithi100.stdout:/usr/bin/ceph: stderr
2024-09-05T08:05:28.908+0000 7f1817fff640 1 -- 172.21.15.100:0/3823244030 --> [v2:172.21.15.100:3300/0,v1:172.21.15.100:6789/0] -- mon_subscribe({config=0+,monmap=0+}) -- 0x7f181807ca20 con 0x7f181807de70
2024-09-05T08:05:29.742 INFO:teuthology.orchestra.run.smithi100.stdout:/usr/bin/ceph: stderr
2024-09-05T08:05:28.909+0000 7f1817fff640 1 --2- 172.21.15.100:0/3823244030 >> [v2:172.21.15.100:3300/0,v1:172.21.15.100:6789/0] conn(0x7f181807de70 0x7f181807c2d0 secure :-1 s=READY pgs=74 cs=0 l=1 rev1=1 crypto rx=0x7f1808009820 tx=0x7f180802a270 comp rx=0 tx=0).ready entity=mon.0 client_cookie=a8a55813dbe02a50 server_cookie=0 in_seq=0 out_seq=0
2024-09-05T08:05:29.742 INFO:teuthology.orchestra.run.smithi100.stdout:/usr/bin/ceph: stderr
2024-09-05T08:05:28.909+0000 7f1816ffd640 1 -- 172.21.15.100:0/3823244030 <== mon.0 v2:172.21.15.100:3300/0 1 ==== mon_map magic: 0 ==== 205+0+0 (secure 0 0 0) 0x7f1808037070 con 0x7f181807de70
2024-09-05T08:05:29.742 INFO:teuthology.orchestra.run.smithi100.stdout:/usr/bin/ceph: stderr
2024-09-05T08:05:28.909+0000 7f1816ffd640 1 -- 172.21.15.100:0/3823244030 <== mon.0 v2:172.21.15.100:3300/0 2 ==== config(27 keys) ==== 1136+0+0 (secure 0 0 0) 0x7f1808032910 con 0x7f181807de70
2024-09-05T08:05:29.742 INFO:teuthology.orchestra.run.smithi100.stdout:/usr/bin/ceph: stderr
2024-09-05T08:05:28.909+0000 7f1816ffd640 1 -- 172.21.15.100:0/3823244030 <== mon.0 v2:172.21.15.100:3300/0 3 ==== mon_map magic: 0 ==== 205+0+0 (secure 0 0 0) 0x7f18080307d0 con 0x7f181807de70
2024-09-05T08:05:29.742 INFO:teuthology.orchestra.run.smithi100.stdout:/usr/bin/ceph: stderr
2024-09-05T08:05:28.910+0000 7f181e504640 1 -- 172.21.15.100:0/3823244030 >> [v2:172.21.15.100:3300/0,v1:172.21.15.100:6789/0] conn(0x7f181807de70 msgr2=0x7f181807c2d0 secure :-1 s=STATE_CONNECTION_ESTABLISHED l=1).mark_down
2024-09-05T08:05:29.742 INFO:teuthology.orchestra.run.smithi100.stdout:/usr/bin/ceph: stderr
2024-09-05T08:05:28.910+0000 7f181e504640 1 --2- 172.21.15.100:0/3823244030 >> [v2:172.21.15.100:3300/0,v1:172.21.15.100:6789/0] conn(0x7f181807de70 0x7f181807c2d0 secure :-1 s=READY pgs=74 cs=0 l=1 rev1=1 crypto rx=0x7f1808009820 tx=0x7f180802a270 comp rx=0 tx=0).stop
2024-09-05T08:05:29.742 INFO:teuthology.orchestra.run.smithi100.stdout:/usr/bin/ceph: stderr
2024-09-05T08:05:28.910+0000 7f181e504640 1 -- 172.21.15.100:0/3823244030 shutdown_connections
2024-09-05T08:05:29.742 INFO:teuthology.orchestra.run.smithi100.stdout:/usr/bin/ceph: stderr
2024-09-05T08:05:28.910+0000 7f181e504640 1 --2- 172.21.15.100:0/3823244030 >> [v2:172.21.15.100:3300/0,v1:172.21.15.100:6789/0] conn(0x7f181807de70 0x7f181807c2d0 unknown :-1 s=CLOSED pgs=74 cs=0 l=1 rev1=1 crypto rx=0 tx=0 comp rx=0 tx=0).stop
2024-09-05T08:05:29.742 INFO:teuthology.orchestra.run.smithi100.stdout:/usr/bin/ceph: stderr
2024-09-05T08:05:28.910+0000 7f181e504640 1 -- 172.21.15.100:0/3823244030 >> 172.21.15.100:0/3823244030 conn(0x7f1818102d60 msgr2=0x7f1818105180 unknown :-1 s=STATE_NONE l=0).mark_down
2024-09-05T08:05:29.743 INFO:teuthology.orchestra.run.smithi100.stdout:/usr/bin/ceph: stderr
2024-09-05T08:05:28.910+0000 7f181e504640 1 -- 172.21.15.100:0/3823244030 shutdown_connections
2024-09-05T08:05:29.743 INFO:teuthology.orchestra.run.smithi100.stdout:/usr/bin/ceph: stderr
2024-09-05T08:05:28.910+0000 7f181e504640 1 -- 172.21.15.100:0/3823244030 wait complete.
2024-09-05T08:05:29.743 INFO:teuthology.orchestra.run.smithi100.stdout:/usr/bin/ceph: stderr
2024-09-05T08:05:28.910+0000 7f181e504640 1 Processor -- start
2024-09-05T08:05:29.743 INFO:teuthology.orchestra.run.smithi100.stdout:/usr/bin/ceph: stderr
2024-09-05T08:05:28.910+0000 7f181e504640 1 -- start start
2024-09-05T08:05:29.743 INFO:teuthology.orchestra.run.smithi100.stdout:/usr/bin/ceph: stderr
2024-09-05T08:05:28.911+0000 7f181e504640 1 --2- >> [v2:172.21.15.100:3300/0,v1:172.21.15.100:6789/0] conn(0x7f181807de70 0x7f181819d6b0 unknown :-1 s=NONE pgs=0 cs=0 l=1 rev1=0 crypto rx=0 tx=0 comp rx=0 tx=0).connect
