2024-09-05T08:05:12.518+0000 7f32a8e1c640 1 --2- 172.21.15.100:0/740286034 >> [v2:172.21.15.100:6800/1405820202,v1:172.21.15.100:6801/1405820202] conn(0x7f328c039080 0x7f328c03b540 secure :-1 s=READY pgs=14 cs=0 l=1 rev1=1 crypto rx=0x7f32980098c0 tx=0x7f3298006db0 comp rx=0 tx=0).ready entity=mgr.14118 client_cookie=0 server_cookie=0 in_seq=0 out_seq=0
2024-09-05T08:05:13.992 INFO:teuthology.orchestra.run.smithi100.stdout:/usr/bin/ceph: stderr
2024-09-05T08:05:12.523+0000 7f32a27fc640 1 -- 172.21.15.100:0/740286034 <== mon.0 v2:172.21.15.100:3300/0 6 ==== mon_command_ack([{"prefix": "get_command_descriptions"}]=0 v0) ==== 72+0+188821 (secure 0 0 0) 0x7f3294045c60 con 0x7f32a4107fc0
2024-09-05T08:05:13.992 INFO:teuthology.orchestra.run.smithi100.stdout:/usr/bin/ceph: stderr
2024-09-05T08:05:12.690+0000 7f32ab881640 1 -- 172.21.15.100:0/740286034 --> [v2:172.21.15.100:3300/0,v1:172.21.15.100:6789/0] -- mon_command([{prefix=config set, name=mgr/cephadm/container_init}] v 0) -- 0x7f32a419ef00 con 0x7f32a4107fc0
2024-09-05T08:05:13.993 INFO:teuthology.orchestra.run.smithi100.stdout:/usr/bin/ceph: stderr
2024-09-05T08:05:12.692+0000 7f32a27fc640 1 -- 172.21.15.100:0/740286034 <== mon.0 v2:172.21.15.100:3300/0 7 ==== mon_command_ack([{prefix=config set, name=mgr/cephadm/container_init}]=0 v6)=0 v6) ==== 142+0+0 (secure 0 0 0) 0x7f3294039de0 con 0x7f32a4107fc0
2024-09-05T08:05:13.993 INFO:teuthology.orchestra.run.smithi100.stdout:/usr/bin/ceph: stderr
2024-09-05T08:05:12.694+0000 7f32ab881640 1 -- 172.21.15.100:0/740286034 >> [v2:172.21.15.100:6800/1405820202,v1:172.21.15.100:6801/1405820202] conn(0x7f328c039080 msgr2=0x7f328c03b540 secure :-1 s=STATE_CONNECTION_ESTABLISHED l=1).mark_down
2024-09-05T08:05:13.993 INFO:teuthology.orchestra.run.smithi100.stdout:/usr/bin/ceph: stderr
2024-09-05T08:05:12.694+0000 7f32ab881640 1 --2- 172.21.15.100:0/740286034 >> [v2:172.21.15.100:6800/1405820202,v1:172.21.15.100:6801/1405820202] conn(0x7f328c039080 0x7f328c03b540 secure :-1 s=READY pgs=14 cs=0 l=1 rev1=1 crypto rx=0x7f32980098c0 tx=0x7f3298006db0 comp rx=0 tx=0).stop
2024-09-05T08:05:13.993 INFO:teuthology.orchestra.run.smithi100.stdout:/usr/bin/ceph: stderr
2024-09-05T08:05:12.694+0000 7f32ab881640 1 -- 172.21.15.100:0/740286034 >> [v2:172.21.15.100:3300/0,v1:172.21.15.100:6789/0] conn(0x7f32a4107fc0 msgr2=0x7f32a419b490 secure :-1 s=STATE_CONNECTION_ESTABLISHED l=1).mark_down
2024-09-05T08:05:13.993 INFO:teuthology.orchestra.run.smithi100.stdout:/usr/bin/ceph: stderr
2024-09-05T08:05:12.694+0000 7f32ab881640 1 --2- 172.21.15.100:0/740286034 >> [v2:172.21.15.100:3300/0,v1:172.21.15.100:6789/0] conn(0x7f32a4107fc0 0x7f32a419b490 secure :-1 s=READY pgs=50 cs=0 l=1 rev1=1 crypto rx=0x7f3294031cd0 tx=0x7f3294031d00 comp rx=0 tx=0).stop
2024-09-05T08:05:13.993 INFO:teuthology.orchestra.run.smithi100.stdout:/usr/bin/ceph: stderr
2024-09-05T08:05:12.694+0000 7f32ab881640 1 -- 172.21.15.100:0/740286034 shutdown_connections
2024-09-05T08:05:13.993 INFO:teuthology.orchestra.run.smithi100.stdout:/usr/bin/ceph: stderr
2024-09-05T08:05:12.694+0000 7f32ab881640 1 --2- 172.21.15.100:0/740286034 >> [v2:172.21.15.100:6800/1405820202,v1:172.21.15.100:6801/1405820202] conn(0x7f328c039080 0x7f328c03b540 unknown :-1 s=CLOSED pgs=14 cs=0 l=1 rev1=1 crypto rx=0 tx=0 comp rx=0 tx=0).stop
2024-09-05T08:05:13.993 INFO:teuthology.orchestra.run.smithi100.stdout:/usr/bin/ceph: stderr
2024-09-05T08:05:12.694+0000 7f32ab881640 1 --2- 172.21.15.100:0/740286034 >> [v2:172.21.15.100:3300/0,v1:172.21.15.100:6789/0] conn(0x7f32a4107fc0 0x7f32a419b490 unknown :-1 s=CLOSED pgs=50 cs=0 l=1 rev1=1 crypto rx=0 tx=0 comp rx=0 tx=0).stop
2024-09-05T08:05:13.993 INFO:teuthology.orchestra.run.smithi100.stdout:/usr/bin/ceph: stderr
2024-09-05T08:05:12.694+0000 7f32ab881640 1 -- 172.21.15.100:0/740286034 >> 172.21.15.100:0/740286034 conn(0x7f32a4101be0 msgr2=0x7f32a41026d0 unknown :-1 s=STATE_NONE l=0).mark_down
2024-09-05T08:05:13.993 INFO:teuthology.orchestra.run.smithi100.stdout:/usr/bin/ceph: stderr
2024-09-05T08:05:12.694+0000 7f32ab881640 1 -- 172.21.15.100:0/740286034 shutdown_connections
2024-09-05T08:05:13.993 INFO:teuthology.orchestra.run.smithi100.stdout:/usr/bin/ceph: stderr
2024-09-05T08:05:12.694+0000 7f32ab881640 1 -- 172.21.15.100:0/740286034 wait complete.
2024-09-05T08:05:15.272 INFO:journalctl@ceph.mon.a.smithi100.stdout:Sep 05 08:05:15 smithi100 ceph-mon[30959]: from='mgr.14118 172.21.15.100:0/4244866998' entity='mgr.x'
2024-09-05T08:05:15.273 INFO:journalctl@ceph.mon.a.smithi100.stdout:Sep 05 08:05:15 smithi100 ceph-mon[30959]: from='client.? 172.21.15.100:0/4214338490' entity='client.admin'
2024-09-05T08:05:15.868 INFO:teuthology.orchestra.run.smithi100.stdout:/usr/bin/ceph: stderr
2024-09-05T08:05:14.438+0000 7f0bcd6b2640 1 Processor -- start
2024-09-05T08:05:15.868 INFO:teuthology.orchestra.run.smithi100.stdout:/usr/bin/ceph: stderr
2024-09-05T08:05:14.439+0000 7f0bcd6b2640 1 -- start start
2024-09-05T08:05:15.868 INFO:teuthology.orchestra.run.smithi100.stdout:/usr/bin/ceph: stderr
2024-09-05T08:05:14.439+0000 7f0bcd6b2640 1 --2- >> [v2:172.21.15.100:3300/0,v1:172.21.15.100:6789/0] conn(0x7f0bc81080a0 0x7f0bc810a490 unknown :-1 s=NONE pgs=0 cs=0 l=0 rev1=0 crypto rx=0 tx=0 comp rx=0 tx=0).connect
2024-09-05T08:05:15.868 INFO:teuthology.orchestra.run.smithi100.stdout:/usr/bin/ceph: stderr
2024-09-05T08:05:14.439+0000 7f0bcd6b2640 1 -- --> [v2:172.21.15.100:3300/0,v1:172.21.15.100:6789/0] -- mon_getmap magic: 0 -- 0x7f0bc807bda0 con 0x7f0bc81080a0
2024-09-05T08:05:15.868 INFO:teuthology.orchestra.run.smithi100.stdout:/usr/bin/ceph: stderr
2024-09-05T08:05:14.439+0000 7f0bc6ffd640 1 --2- >> [v2:172.21.15.100:3300/0,v1:172.21.15.100:6789/0] conn(0x7f0bc81080a0 0x7f0bc810a490 unknown :-1 s=BANNER_CONNECTING pgs=0 cs=0 l=0 rev1=0 crypto rx=0 tx=0 comp rx=0 tx=0)._handle_peer_banner_payload supported=3 required=0
2024-09-05T08:05:15.868 INFO:teuthology.orchestra.run.smithi100.stdout:/usr/bin/ceph: stderr
2024-09-05T08:05:14.439+0000 7f0bc6ffd640 1 --2- >> [v2:172.21.15.100:3300/0,v1:172.21.15.100:6789/0] conn(0x7f0bc81080a0 0x7f0bc810a490 unknown :-1 s=HELLO_CONNECTING pgs=0 cs=0 l=0 rev1=1 crypto rx=0 tx=0 comp rx=0 tx=0).handle_hello peer v2:172.21.15.100:3300/0 says I am v2:172.21.15.100:33088/0 (socket says 172.21.15.100:33088)
2024-09-05T08:05:15.868 INFO:teuthology.orchestra.run.smithi100.stdout:/usr/bin/ceph: stderr
2024-09-05T08:05:14.439+0000 7f0bc6ffd640 1 -- 172.21.15.100:0/696731492 learned_addr learned my addr 172.21.15.100:0/696731492 (peer_addr_for_me v2:172.21.15.100:0/0)
2024-09-05T08:05:15.868 INFO:teuthology.orchestra.run.smithi100.stdout:/usr/bin/ceph: stderr
2024-09-05T08:05:14.439+0000 7f0bc6ffd640 1 -- 172.21.15.100:0/696731492 --> [v2:172.21.15.100:3300/0,v1:172.21.15.100:6789/0] -- mon_subscribe({config=0+,monmap=0+}) -- 0x7f0bc810a9d0 con 0x7f0bc81080a0
2024-09-05T08:05:15.868 INFO:teuthology.orchestra.run.smithi100.stdout:/usr/bin/ceph: stderr
2024-09-05T08:05:14.440+0000 7f0bc6ffd640 1 --2- 172.21.15.100:0/696731492 >> [v2:172.21.15.100:3300/0,v1:172.21.15.100:6789/0] conn(0x7f0bc81080a0 0x7f0bc810a490 secure :-1 s=READY pgs=51 cs=0 l=1 rev1=1 crypto rx=0x7f0bb0009820 tx=0x7f0bb002a270 comp rx=0 tx=0).ready entity=mon.0 client_cookie=82b2bb4e3d856027 server_cookie=0 in_seq=0 out_seq=0
2024-09-05T08:05:15.868 INFO:teuthology.orchestra.run.smithi100.stdout:/usr/bin/ceph: stderr
2024-09-05T08:05:14.440+0000 7f0bc5ffb640 1 -- 172.21.15.100:0/696731492 <== mon.0 v2:172.21.15.100:3300/0 1 ==== mon_map magic: 0 ==== 205+0+0 (secure 0 0 0) 0x7f0bb0037070 con 0x7f0bc81080a0
2024-09-05T08:05:15.868 INFO:teuthology.orchestra.run.smithi100.stdout:/usr/bin/ceph: stderr
2024-09-05T08:05:14.440+0000 7f0bc5ffb640 1 -- 172.21.15.100:0/696731492 <== mon.0 v2:172.21.15.100:3300/0 2 ==== config(27 keys) ==== 1136+0+0 (secure 0 0 0) 0x7f0bb0032910 con 0x7f0bc81080a0
2024-09-05T08:05:15.869 INFO:teuthology.orchestra.run.smithi100.stdout:/usr/bin/ceph: stderr
2024-09-05T08:05:14.440+0000 7f0bc5ffb640 1 -- 172.21.15.100:0/696731492 <== mon.0 v2:172.21.15.100:3300/0 3 ==== mon_map magic: 0 ==== 205+0+0 (secure 0 0 0) 0x7f0bb00307d0 con 0x7f0bc81080a0
2024-09-05T08:05:15.869 INFO:teuthology.orchestra.run.smithi100.stdout:/usr/bin/ceph: stderr
2024-09-05T08:05:14.440+0000 7f0bcd6b2640 1 -- 172.21.15.100:0/696731492 >> [v2:172.21.15.100:3300/0,v1:172.21.15.100:6789/0] conn(0x7f0bc81080a0 msgr2=0x7f0bc810a490 secure :-1 s=STATE_CONNECTION_ESTABLISHED l=1).mark_down
2024-09-05T08:05:15.869 INFO:teuthology.orchestra.run.smithi100.stdout:/usr/bin/ceph: stderr
2024-09-05T08:05:14.440+0000 7f0bcd6b2640 1 --2- 172.21.15.100:0/696731492 >> [v2:172.21.15.100:3300/0,v1:172.21.15.100:6789/0] conn(0x7f0bc81080a0 0x7f0bc810a490 secure :-1 s=READY pgs=51 cs=0 l=1 rev1=1 crypto rx=0x7f0bb0009820 tx=0x7f0bb002a270 comp rx=0 tx=0).stop
2024-09-05T08:05:15.869 INFO:teuthology.orchestra.run.smithi100.stdout:/usr/bin/ceph: stderr
2024-09-05T08:05:14.441+0000 7f0bcd6b2640 1 -- 172.21.15.100:0/696731492 shutdown_connections
2024-09-05T08:05:15.869 INFO:teuthology.orchestra.run.smithi100.stdout:/usr/bin/ceph: stderr
2024-09-05T08:05:14.441+0000 7f0bcd6b2640 1 --2- 172.21.15.100:0/696731492 >> [v2:172.21.15.100:3300/0,v1:172.21.15.100:6789/0] conn(0x7f0bc81080a0 0x7f0bc810a490 unknown :-1 s=CLOSED pgs=51 cs=0 l=1 rev1=1 crypto rx=0 tx=0 comp rx=0 tx=0).stop
2024-09-05T08:05:15.869 INFO:teuthology.orchestra.run.smithi100.stdout:/usr/bin/ceph: stderr
2024-09-05T08:05:14.441+0000 7f0bcd6b2640 1 -- 172.21.15.100:0/696731492 >> 172.21.15.100:0/696731492 conn(0x7f0bc8101be0 msgr2=0x7f0bc8104020 unknown :-1 s=STATE_NONE l=0).mark_down
2024-09-05T08:05:15.869 INFO:teuthology.orchestra.run.smithi100.stdout:/usr/bin/ceph: stderr
2024-09-05T08:05:14.441+0000 7f0bcd6b2640 1 -- 172.21.15.100:0/696731492 shutdown_connections
2024-09-05T08:05:15.869 INFO:teuthology.orchestra.run.smithi100.stdout:/usr/bin/ceph: stderr
2024-09-05T08:05:14.441+0000 7f0bcd6b2640 1 -- 172.21.15.100:0/696731492 wait complete.
2024-09-05T08:05:15.869 INFO:teuthology.orchestra.run.smithi100.stdout:/usr/bin/ceph: stderr
2024-09-05T08:05:14.441+0000 7f0bcd6b2640 1 Processor -- start
2024-09-05T08:05:15.869 INFO:teuthology.orchestra.run.smithi100.stdout:/usr/bin/ceph: stderr
2024-09-05T08:05:14.441+0000 7f0bcd6b2640 1 -- start start
2024-09-05T08:05:15.869 INFO:teuthology.orchestra.run.smithi100.stdout:/usr/bin/ceph: stderr
2024-09-05T08:05:14.442+0000 7f0bcd6b2640 1 --2- >> [v2:172.21.15.100:3300/0,v1:172.21.15.100:6789/0] conn(0x7f0bc81080a0 0x7f0bc819b430 unknown :-1 s=NONE pgs=0 cs=0 l=1 rev1=0 crypto rx=0 tx=0 comp rx=0 tx=0).connect
2024-09-05T08:05:15.869 INFO:teuthology.orchestra.run.smithi100.stdout:/usr/bin/ceph: stderr
2024-09-05T08:05:14.442+0000 7f0bcd6b2640 1 -- --> [v2:172.21.15.100:3300/0,v1:172.21.15.100:6789/0] -- mon_getmap magic: 0 -- 0x7f0bc810b990 con 0x7f0bc81080a0
2024-09-05T08:05:15.869 INFO:teuthology.orchestra.run.smithi100.stdout:/usr/bin/ceph: stderr
2024-09-05T08:05:14.442+0000 7f0bc6ffd640 1 --2- >> [v2:172.21.15.100:3300/0,v1:172.21.15.100:6789/0] conn(0x7f0bc81080a0 0x7f0bc819b430 unknown :-1 s=BANNER_CONNECTING pgs=0 cs=0 l=1 rev1=0 crypto rx=0 tx=0 comp rx=0 tx=0)._handle_peer_banner_payload supported=3 required=0
2024-09-05T08:05:15.870 INFO:teuthology.orchestra.run.smithi100.stdout:/usr/bin/ceph: stderr
2024-09-05T08:05:14.442+0000 7f0bc6ffd640 1 --2- >> [v2:172.21.15.100:3300/0,v1:172.21.15.100:6789/0] conn(0x7f0bc81080a0 0x7f0bc819b430 unknown :-1 s=HELLO_CONNECTING pgs=0 cs=0 l=1 rev1=1 crypto rx=0 tx=0 comp rx=0 tx=0).handle_hello peer v2:172.21.15.100:3300/0 says I am v2:172.21.15.100:33104/0 (socket says 172.21.15.100:33104)
2024-09-05T08:05:15.870 INFO:teuthology.orchestra.run.smithi100.stdout:/usr/bin/ceph: stderr
2024-09-05T08:05:14.442+0000 7f0bc6ffd640 1 -- 172.21.15.100:0/4214338490 learned_addr learned my addr 172.21.15.100:0/4214338490 (peer_addr_for_me v2:172.21.15.100:0/0)
2024-09-05T08:05:15.870 INFO:teuthology.orchestra.run.smithi100.stdout:/usr/bin/ceph: stderr
2024-09-05T08:05:14.442+0000 7f0bc6ffd640 1 -- 172.21.15.100:0/4214338490 --> [v2:172.21.15.100:3300/0,v1:172.21.15.100:6789/0] -- mon_subscribe({config=0+,monmap=0+}) -- 0x7f0bc819b970 con 0x7f0bc81080a0
2024-09-05T08:05:15.870 INFO:teuthology.orchestra.run.smithi100.stdout:/usr/bin/ceph: stderr
2024-09-05T08:05:14.442+0000 7f0bc6ffd640 1 --2- 172.21.15.100:0/4214338490 >> [v2:172.21.15.100:3300/0,v1:172.21.15.100:6789/0] conn(0x7f0bc81080a0 0x7f0bc819b430 secure :-1 s=READY pgs=52 cs=0 l=1 rev1=1 crypto rx=0x7f0bb002a790 tx=0x7f0bb0030d00 comp rx=0 tx=0).ready entity=mon.0 client_cookie=0 server_cookie=0 in_seq=0 out_seq=0
2024-09-05T08:05:15.870 INFO:teuthology.orchestra.run.smithi100.stdout:/usr/bin/ceph: stderr
2024-09-05T08:05:14.442+0000 7f0bbffff640 1 -- 172.21.15.100:0/4214338490 <== mon.0 v2:172.21.15.100:3300/0 1 ==== mon_map magic: 0 ==== 205+0+0 (secure 0 0 0) 0x7f0bb0042070 con 0x7f0bc81080a0
2024-09-05T08:05:15.870 INFO:teuthology.orchestra.run.smithi100.stdout:/usr/bin/ceph: stderr
2024-09-05T08:05:14.442+0000 7f0bbffff640 1 -- 172.21.15.100:0/4214338490 <== mon.0 v2:172.21.15.100:3300/0 2 ==== config(27 keys) ==== 1136+0+0 (secure 0 0 0) 0x7f0bb0030880 con 0x7f0bc81080a0
2024-09-05T08:05:15.870 INFO:teuthology.orchestra.run.smithi100.stdout:/usr/bin/ceph: stderr
2024-09-05T08:05:14.442+0000 7f0bcd6b2640 1 -- 172.21.15.100:0/4214338490 --> [v2:172.21.15.100:3300/0,v1:172.21.15.100:6789/0] -- mon_subscribe({mgrmap=0+}) -- 0x7f0bc819bc00 con 0x7f0bc81080a0
2024-09-05T08:05:15.870 INFO:teuthology.orchestra.run.smithi100.stdout:/usr/bin/ceph: stderr
2024-09-05T08:05:14.442+0000 7f0bbffff640 1 -- 172.21.15.100:0/4214338490 <== mon.0 v2:172.21.15.100:3300/0 3 ==== mon_map magic: 0 ==== 205+0+0 (secure 0 0 0) 0x7f0bb0037040 con 0x7f0bc81080a0
2024-09-05T08:05:15.870 INFO:teuthology.orchestra.run.smithi100.stdout:/usr/bin/ceph: stderr
2024-09-05T08:05:14.442+0000 7f0bcd6b2640 1 -- 172.21.15.100:0/4214338490 --> [v2:172.21.15.100:3300/0,v1:172.21.15.100:6789/0] -- mon_subscribe({osdmap=0}) -- 0x7f0bc819e8f0 con 0x7f0bc81080a0
2024-09-05T08:05:15.870 INFO:teuthology.orchestra.run.smithi100.stdout:/usr/bin/ceph: stderr
2024-09-05T08:05:14.443+0000 7f0bbffff640 1 -- 172.21.15.100:0/4214338490 <== mon.0 v2:172.21.15.100:3300/0 4 ==== mgrmap(e 8) ==== 46287+0+0 (secure 0 0 0) 0x7f0bb0045070 con 0x7f0bc81080a0
2024-09-05T08:05:15.870 INFO:teuthology.orchestra.run.smithi100.stdout:/usr/bin/ceph: stderr
2024-09-05T08:05:14.443+0000 7f0bcd6b2640 1 -- 172.21.15.100:0/4214338490 --> [v2:172.21.15.100:3300/0,v1:172.21.15.100:6789/0] -- mon_command({"prefix": "get_command_descriptions"} v 0) -- 0x7f0bc8108480 con 0x7f0bc81080a0
2024-09-05T08:05:15.870 INFO:teuthology.orchestra.run.smithi100.stdout:/usr/bin/ceph: stderr
2024-09-05T08:05:14.443+0000 7f0bbffff640 1 --2- 172.21.15.100:0/4214338490 >> [v2:172.21.15.100:6800/1405820202,v1:172.21.15.100:6801/1405820202] conn(0x7f0bb4039030 0x7f0bb403b4f0 unknown :-1 s=NONE pgs=0 cs=0 l=1 rev1=0 crypto rx=0 tx=0 comp rx=0 tx=0).connect
2024-09-05T08:05:15.870 INFO:teuthology.orchestra.run.smithi100.stdout:/usr/bin/ceph: stderr
2024-09-05T08:05:14.443+0000 7f0bbffff640 1 -- 172.21.15.100:0/4214338490 <== mon.0 v2:172.21.15.100:3300/0 5 ==== osd_map(2..2 src has 1..2) ==== 940+0+0 (secure 0 0 0) 0x7f0bb006c260 con 0x7f0bc81080a0
2024-09-05T08:05:15.871 INFO:teuthology.orchestra.run.smithi100.stdout:/usr/bin/ceph: stderr
2024-09-05T08:05:14.443+0000 7f0bc67fc640 1 --2- 172.21.15.100:0/4214338490 >> [v2:172.21.15.100:6800/1405820202,v1:172.21.15.100:6801/1405820202] conn(0x7f0bb4039030 0x7f0bb403b4f0 unknown :-1 s=BANNER_CONNECTING pgs=0 cs=0 l=1 rev1=0 crypto rx=0 tx=0 comp rx=0 tx=0)._handle_peer_banner_payload supported=3 required=0
2024-09-05T08:05:15.871 INFO:teuthology.orchestra.run.smithi100.stdout:/usr/bin/ceph: stderr
2024-09-05T08:05:14.444+0000 7f0bc67fc640 1 --2- 172.21.15.100:0/4214338490 >> [v2:172.21.15.100:6800/1405820202,v1:172.21.15.100:6801/1405820202] conn(0x7f0bb4039030 0x7f0bb403b4f0 secure :-1 s=READY pgs=15 cs=0 l=1 rev1=1 crypto rx=0x7f0bb80098c0 tx=0x7f0bb8006db0 comp rx=0 tx=0).ready entity=mgr.14118 client_cookie=0 server_cookie=0 in_seq=0 out_seq=0
2024-09-05T08:05:15.871 INFO:teuthology.orchestra.run.smithi100.stdout:/usr/bin/ceph: stderr
2024-09-05T08:05:14.448+0000 7f0bbffff640 1 -- 172.21.15.100:0/4214338490 <== mon.0 v2:172.21.15.100:3300/0 6 ==== mon_command_ack([{"prefix": "get_command_descriptions"}]=0 v0) ==== 72+0+188821 (secure 0 0 0) 0x7f0bb003cd70 con 0x7f0bc81080a0
2024-09-05T08:05:15.871 INFO:teuthology.orchestra.run.smithi100.stdout:/usr/bin/ceph: stderr
2024-09-05T08:05:14.627+0000 7f0bcd6b2640 1 -- 172.21.15.100:0/4214338490 --> [v2:172.21.15.100:3300/0,v1:172.21.15.100:6789/0] -- mon_command([{prefix=config set, name=mgr/dashboard/ssl_server_port}] v 0) -- 0x7f0bc819ef50 con 0x7f0bc81080a0
2024-09-05T08:05:15.871 INFO:teuthology.orchestra.run.smithi100.stdout:/usr/bin/ceph: stderr
2024-09-05T08:05:14.630+0000 7f0bbffff640 1 -- 172.21.15.100:0/4214338490 <== mon.0 v2:172.21.15.100:3300/0 7 ==== mon_command_ack([{prefix=config set, name=mgr/dashboard/ssl_server_port}]=0 v8)=0 v8) ==== 130+0+0 (secure 0 0 0) 0x7f0bb003c800 con 0x7f0bc81080a0
2024-09-05T08:05:15.871 INFO:teuthology.orchestra.run.smithi100.stdout:/usr/bin/ceph: stderr
2024-09-05T08:05:14.632+0000 7f0bcd6b2640 1 -- 172.21.15.100:0/4214338490 >> [v2:172.21.15.100:6800/1405820202,v1:172.21.15.100:6801/1405820202] conn(0x7f0bb4039030 msgr2=0x7f0bb403b4f0 secure :-1 s=STATE_CONNECTION_ESTABLISHED l=1).mark_down
2024-09-05T08:05:15.871 INFO:teuthology.orchestra.run.smithi100.stdout:/usr/bin/ceph: stderr
2024-09-05T08:05:14.632+0000 7f0bcd6b2640 1 --2- 172.21.15.100:0/4214338490 >> [v2:172.21.15.100:6800/1405820202,v1:172.21.15.100:6801/1405820202] conn(0x7f0bb4039030 0x7f0bb403b4f0 secure :-1 s=READY pgs=15 cs=0 l=1 rev1=1 crypto rx=0x7f0bb80098c0 tx=0x7f0bb8006db0 comp rx=0 tx=0).stop
2024-09-05T08:05:15.871 INFO:teuthology.orchestra.run.smithi100.stdout:/usr/bin/ceph: stderr
2024-09-05T08:05:14.632+0000 7f0bcd6b2640 1 -- 172.21.15.100:0/4214338490 >> [v2:172.21.15.100:3300/0,v1:172.21.15.100:6789/0] conn(0x7f0bc81080a0 msgr2=0x7f0bc819b430 secure :-1 s=STATE_CONNECTION_ESTABLISHED l=1).mark_down
2024-09-05T08:05:15.871 INFO:teuthology.orchestra.run.smithi100.stdout:/usr/bin/ceph: stderr
2024-09-05T08:05:14.632+0000 7f0bcd6b2640 1 --2- 172.21.15.100:0/4214338490 >> [v2:172.21.15.100:3300/0,v1:172.21.15.100:6789/0] conn(0x7f0bc81080a0 0x7f0bc819b430 secure :-1 s=READY pgs=52 cs=0 l=1 rev1=1 crypto rx=0x7f0bb002a790 tx=0x7f0bb0030d00 comp rx=0 tx=0).stop
2024-09-05T08:05:15.871 INFO:teuthology.orchestra.run.smithi100.stdout:/usr/bin/ceph: stderr
2024-09-05T08:05:14.632+0000 7f0bcd6b2640 1 -- 172.21.15.100:0/4214338490 shutdown_connections
2024-09-05T08:05:15.871 INFO:teuthology.orchestra.run.smithi100.stdout:/usr/bin/ceph: stderr
2024-09-05T08:05:14.632+0000 7f0bcd6b2640 1 --2- 172.21.15.100:0/4214338490 >> [v2:172.21.15.100:6800/1405820202,v1:172.21.15.100:6801/1405820202] conn(0x7f0bb4039030 0x7f0bb403b4f0 unknown :-1 s=CLOSED pgs=15 cs=0 l=1 rev1=1 crypto rx=0 tx=0 comp rx=0 tx=0).stop
2024-09-05T08:05:15.871 INFO:teuthology.orchestra.run.smithi100.stdout:/usr/bin/ceph: stderr
2024-09-05T08:05:14.632+0000 7f0bcd6b2640 1 --2- 172.21.15.100:0/4214338490 >> [v2:172.21.15.100:3300/0,v1:172.21.15.100:6789/0] conn(0x7f0bc81080a0 0x7f0bc819b430 unknown :-1 s=CLOSED pgs=52 cs=0 l=1 rev1=1 crypto rx=0 tx=0 comp rx=0 tx=0).stop
2024-09-05T08:05:15.871 INFO:teuthology.orchestra.run.smithi100.stdout:/usr/bin/ceph: stderr
2024-09-05T08:05:14.632+0000 7f0bcd6b2640 1 -- 172.21.15.100:0/4214338490 >> 172.21.15.100:0/4214338490 conn(0x7f0bc8101be0 msgr2=0x7f0bc8102610 unknown :-1 s=STATE_NONE l=0).mark_down
2024-09-05T08:05:15.871 INFO:teuthology.orchestra.run.smithi100.stdout:/usr/bin/ceph: stderr
2024-09-05T08:05:14.632+0000 7f0bcd6b2640 1 -- 172.21.15.100:0/4214338490 shutdown_connections
2024-09-05T08:05:15.872 INFO:teuthology.orchestra.run.smithi100.stdout:/usr/bin/ceph: stderr
2024-09-05T08:05:14.632+0000 7f0bcd6b2640 1 -- 172.21.15.100:0/4214338490 wait complete.
2024-09-05T08:05:15.872 INFO:teuthology.orchestra.run.smithi100.stdout:Enabling the dashboard module...
2024-09-05T08:05:16.468 INFO:journalctl@ceph.mon.a.smithi100.stdout:Sep 05 08:05:16 smithi100 ceph-mon[30959]: from='mgr.14118 172.21.15.100:0/4244866998' entity='mgr.x'
2024-09-05T08:05:16.468 INFO:journalctl@ceph.mon.a.smithi100.stdout:Sep 05 08:05:16 smithi100 ceph-mon[30959]: from='mgr.14118 172.21.15.100:0/4244866998' entity='mgr.x'
2024-09-05T08:05:17.436 INFO:journalctl@ceph.mon.a.smithi100.stdout:Sep 05 08:05:17 smithi100 ceph-mon[30959]: from='client.? 172.21.15.100:0/2079221024' entity='client.admin' cmd=[{"prefix": "mgr module enable", "module": "dashboard"}]: dispatch
2024-09-05T08:05:17.437 INFO:journalctl@ceph.mgr.x.smithi100.stdout:Sep 05 08:05:17 smithi100 ceph-5ce7dae0-6b5d-11ef-bcd6-c7b262605968-mgr-x[31184]: ignoring --setuser ceph since I am not root
2024-09-05T08:05:17.437 INFO:journalctl@ceph.mgr.x.smithi100.stdout:Sep 05 08:05:17 smithi100 ceph-5ce7dae0-6b5d-11ef-bcd6-c7b262605968-mgr-x[31184]: ignoring --setgroup ceph since I am not root
2024-09-05T08:05:17.437 INFO:journalctl@ceph.mgr.x.smithi100.stdout:Sep 05 08:05:17 smithi100 ceph-5ce7dae0-6b5d-11ef-bcd6-c7b262605968-mgr-x[31184]:
2024-09-05T08:05:17.436+0000 7f957770d040 -1 mgr[py] Module osd_perf_query has missing NOTIFY_TYPES member
2024-09-05T08:05:17.719 INFO:journalctl@ceph.mgr.x.smithi100.stdout:Sep 05 08:05:17 smithi100 ceph-5ce7dae0-6b5d-11ef-bcd6-c7b262605968-mgr-x[31184]:
2024-09-05T08:05:17.497+0000 7f957770d040 -1 mgr[py] Module osd_support has missing NOTIFY_TYPES member
2024-09-05T08:05:17.720 INFO:journalctl@ceph.mgr.x.smithi100.stdout:Sep 05 08:05:17 smithi100 ceph-5ce7dae0-6b5d-11ef-bcd6-c7b262605968-mgr-x[31184]:
2024-09-05T08:05:17.650+0000 7f957770d040 -1 mgr[py] Module diskprediction_local has missing NOTIFY_TYPES member
2024-09-05T08:05:17.720 INFO:journalctl@ceph.mgr.x.smithi100.stdout:Sep 05 08:05:17 smithi100 ceph-5ce7dae0-6b5d-11ef-bcd6-c7b262605968-mgr-x[31184]:
2024-09-05T08:05:17.719+0000 7f957770d040 -1 mgr[py] Module crash has missing NOTIFY_TYPES member
2024-09-05T08:05:18.016 INFO:journalctl@ceph.mgr.x.smithi100.stdout:Sep 05 08:05:17 smithi100 ceph-5ce7dae0-6b5d-11ef-bcd6-c7b262605968-mgr-x[31184]:
2024-09-05T08:05:17.872+0000 7f957770d040 -1 mgr[py] Module test_orchestrator has missing NOTIFY_TYPES member
2024-09-05T08:05:18.017 INFO:journalctl@ceph.mgr.x.smithi100.stdout:Sep 05 08:05:18 smithi100 ceph-5ce7dae0-6b5d-11ef-bcd6-c7b262605968-mgr-x[31184]:
2024-09-05T08:05:18.016+0000 7f957770d040 -1 mgr[py] Module snap_schedule has missing NOTIFY_TYPES member
2024-09-05T08:05:18.056 INFO:teuthology.orchestra.run.smithi100.stdout:/usr/bin/ceph: stderr
2024-09-05T08:05:16.234+0000 7fe93d2a4640 1 Processor -- start
2024-09-05T08:05:18.060 INFO:teuthology.orchestra.run.smithi100.stdout:/usr/bin/ceph: stderr
2024-09-05T08:05:16.234+0000 7fe93d2a4640 1 -- start start
2024-09-05T08:05:18.061 INFO:teuthology.orchestra.run.smithi100.stdout:/usr/bin/ceph: stderr
2024-09-05T08:05:16.234+0000 7fe93d2a4640 1 --2- >> [v2:172.21.15.100:3300/0,v1:172.21.15.100:6789/0] conn(0x7fe938107b10 0x7fe938107f10 unknown :-1 s=NONE pgs=0 cs=0 l=0 rev1=0 crypto rx=0 tx=0 comp rx=0 tx=0).connect
2024-09-05T08:05:18.061 INFO:teuthology.orchestra.run.smithi100.stdout:/usr/bin/ceph: stderr
2024-09-05T08:05:16.234+0000 7fe93d2a4640 1 -- --> [v2:172.21.15.100:3300/0,v1:172.21.15.100:6789/0] -- mon_getmap magic: 0 -- 0x7fe9381084e0 con 0x7fe938107b10
2024-09-05T08:05:18.061 INFO:teuthology.orchestra.run.smithi100.stdout:/usr/bin/ceph: stderr
2024-09-05T08:05:16.234+0000 7fe936ffd640 1 --2- >> [v2:172.21.15.100:3300/0,v1:172.21.15.100:6789/0] conn(0x7fe938107b10 0x7fe938107f10 unknown :-1 s=BANNER_CONNECTING pgs=0 cs=0 l=0 rev1=0 crypto rx=0 tx=0 comp rx=0 tx=0)._handle_peer_banner_payload supported=3 required=0
2024-09-05T08:05:18.061 INFO:teuthology.orchestra.run.smithi100.stdout:/usr/bin/ceph: stderr
2024-09-05T08:05:16.234+0000 7fe936ffd640 1 --2- >> [v2:172.21.15.100:3300/0,v1:172.21.15.100:6789/0] conn(0x7fe938107b10 0x7fe938107f10 unknown :-1 s=HELLO_CONNECTING pgs=0 cs=0 l=0 rev1=1 crypto rx=0 tx=0 comp rx=0 tx=0).handle_hello peer v2:172.21.15.100:3300/0 says I am v2:172.21.15.100:33114/0 (socket says 172.21.15.100:33114)
2024-09-05T08:05:18.061 INFO:teuthology.orchestra.run.smithi100.stdout:/usr/bin/ceph: stderr
2024-09-05T08:05:16.234+0000 7fe936ffd640 1 -- 172.21.15.100:0/799367519 learned_addr learned my addr 172.21.15.100:0/799367519 (peer_addr_for_me v2:172.21.15.100:0/0)
2024-09-05T08:05:18.061 INFO:teuthology.orchestra.run.smithi100.stdout:/usr/bin/ceph: stderr
2024-09-05T08:05:16.234+0000 7fe936ffd640 1 -- 172.21.15.100:0/799367519 --> [v2:172.21.15.100:3300/0,v1:172.21.15.100:6789/0] -- mon_subscribe({config=0+,monmap=0+}) -- 0x7fe9381066e0 con 0x7fe938107b10
2024-09-05T08:05:18.061 INFO:teuthology.orchestra.run.smithi100.stdout:/usr/bin/ceph: stderr
2024-09-05T08:05:16.235+0000 7fe936ffd640 1 --2- 172.21.15.100:0/799367519 >> [v2:172.21.15.100:3300/0,v1:172.21.15.100:6789/0] conn(0x7fe938107b10 0x7fe938107f10 secure :-1 s=READY pgs=53 cs=0 l=1 rev1=1 crypto rx=0x7fe930009820 tx=0x7fe93002a270 comp rx=0 tx=0).ready entity=mon.0 client_cookie=d5290cda1f74b027 server_cookie=0 in_seq=0 out_seq=0
2024-09-05T08:05:18.061 INFO:teuthology.orchestra.run.smithi100.stdout:/usr/bin/ceph: stderr
2024-09-05T08:05:16.235+0000 7fe935ffb640 1 -- 172.21.15.100:0/799367519 <== mon.0 v2:172.21.15.100:3300/0 1 ==== mon_map magic: 0 ==== 205+0+0 (secure 0 0 0) 0x7fe930037070 con 0x7fe938107b10
2024-09-05T08:05:18.061 INFO:teuthology.orchestra.run.smithi100.stdout:/usr/bin/ceph: stderr
2024-09-05T08:05:16.235+0000 7fe935ffb640 1 -- 172.21.15.100:0/799367519 <== mon.0 v2:172.21.15.100:3300/0 2 ==== config(27 keys) ==== 1136+0+0 (secure 0 0 0) 0x7fe930032910 con 0x7fe938107b10
2024-09-05T08:05:18.061 INFO:teuthology.orchestra.run.smithi100.stdout:/usr/bin/ceph: stderr
2024-09-05T08:05:16.235+0000 7fe935ffb640 1 -- 172.21.15.100:0/799367519 <== mon.0 v2:172.21.15.100:3300/0 3 ==== mon_map magic: 0 ==== 205+0+0 (secure 0 0 0) 0x7fe9300307d0 con 0x7fe938107b10
2024-09-05T08:05:18.061 INFO:teuthology.orchestra.run.smithi100.stdout:/usr/bin/ceph: stderr
2024-09-05T08:05:16.236+0000 7fe93d2a4640 1 -- 172.21.15.100:0/799367519 >> [v2:172.21.15.100:3300/0,v1:172.21.15.100:6789/0] conn(0x7fe938107b10 msgr2=0x7fe938107f10 secure :-1 s=STATE_CONNECTION_ESTABLISHED l=1).mark_down
2024-09-05T08:05:18.061 INFO:teuthology.orchestra.run.smithi100.stdout:/usr/bin/ceph: stderr
2024-09-05T08:05:16.236+0000 7fe93d2a4640 1 --2- 172.21.15.100:0/799367519 >> [v2:172.21.15.100:3300/0,v1:172.21.15.100:6789/0] conn(0x7fe938107b10 0x7fe938107f10 secure :-1 s=READY pgs=53 cs=0 l=1 rev1=1 crypto rx=0x7fe930009820 tx=0x7fe93002a270 comp rx=0 tx=0).stop
2024-09-05T08:05:18.062 INFO:teuthology.orchestra.run.smithi100.stdout:/usr/bin/ceph: stderr
2024-09-05T08:05:16.236+0000 7fe93d2a4640 1 -- 172.21.15.100:0/799367519 shutdown_connections
2024-09-05T08:05:18.062 INFO:teuthology.orchestra.run.smithi100.stdout:/usr/bin/ceph: stderr
2024-09-05T08:05:16.236+0000 7fe93d2a4640 1 --2- 172.21.15.100:0/799367519 >> [v2:172.21.15.100:3300/0,v1:172.21.15.100:6789/0] conn(0x7fe938107b10 0x7fe938107f10 unknown :-1 s=CLOSED pgs=53 cs=0 l=1 rev1=1 crypto rx=0 tx=0 comp rx=0 tx=0).stop
2024-09-05T08:05:18.062 INFO:teuthology.orchestra.run.smithi100.stdout:/usr/bin/ceph: stderr
2024-09-05T08:05:16.236+0000 7fe93d2a4640 1 -- 172.21.15.100:0/799367519 >> 172.21.15.100:0/799367519 conn(0x7fe9381013a0 msgr2=0x7fe9381037e0 unknown :-1 s=STATE_NONE l=0).mark_down
2024-09-05T08:05:18.062 INFO:teuthology.orchestra.run.smithi100.stdout:/usr/bin/ceph: stderr
2024-09-05T08:05:16.236+0000 7fe93d2a4640 1 -- 172.21.15.100:0/799367519 shutdown_connections
2024-09-05T08:05:18.062 INFO:teuthology.orchestra.run.smithi100.stdout:/usr/bin/ceph: stderr
2024-09-05T08:05:16.236+0000 7fe93d2a4640 1 -- 172.21.15.100:0/799367519 wait complete.
2024-09-05T08:05:18.062 INFO:teuthology.orchestra.run.smithi100.stdout:/usr/bin/ceph: stderr
2024-09-05T08:05:16.236+0000 7fe93d2a4640 1 Processor -- start
2024-09-05T08:05:18.062 INFO:teuthology.orchestra.run.smithi100.stdout:/usr/bin/ceph: stderr
2024-09-05T08:05:16.237+0000 7fe93d2a4640 1 -- start start
2024-09-05T08:05:18.062 INFO:teuthology.orchestra.run.smithi100.stdout:/usr/bin/ceph: stderr
2024-09-05T08:05:16.237+0000 7fe93d2a4640 1 --2- >> [v2:172.21.15.100:3300/0,v1:172.21.15.100:6789/0] conn(0x7fe938107b10 0x7fe93819a3d0 unknown :-1 s=NONE pgs=0 cs=0 l=1 rev1=0 crypto rx=0 tx=0 comp rx=0 tx=0).connect
2024-09-05T08:05:18.062 INFO:teuthology.orchestra.run.smithi100.stdout:/usr/bin/ceph: stderr
2024-09-05T08:05:16.237+0000 7fe93d2a4640 1 -- --> [v2:172.21.15.100:3300/0,v1:172.21.15.100:6789/0] -- mon_getmap magic: 0 -- 0x7fe93810aaa0 con 0x7fe938107b10
2024-09-05T08:05:18.062 INFO:teuthology.orchestra.run.smithi100.stdout:/usr/bin/ceph: stderr
2024-09-05T08:05:16.237+0000 7fe936ffd640 1 --2- >> [v2:172.21.15.100:3300/0,v1:172.21.15.100:6789/0] conn(0x7fe938107b10 0x7fe93819a3d0 unknown :-1 s=BANNER_CONNECTING pgs=0 cs=0 l=1 rev1=0 crypto rx=0 tx=0 comp rx=0 tx=0)._handle_peer_banner_payload supported=3 required=0
2024-09-05T08:05:18.062 INFO:teuthology.orchestra.run.smithi100.stdout:/usr/bin/ceph: stderr
2024-09-05T08:05:16.237+0000 7fe936ffd640 1 --2- >> [v2:172.21.15.100:3300/0,v1:172.21.15.100:6789/0] conn(0x7fe938107b10 0x7fe93819a3d0 unknown :-1 s=HELLO_CONNECTING pgs=0 cs=0 l=1 rev1=1 crypto rx=0 tx=0 comp rx=0 tx=0).handle_hello peer v2:172.21.15.100:3300/0 says I am v2:172.21.15.100:33130/0 (socket says 172.21.15.100:33130)
2024-09-05T08:05:18.062 INFO:teuthology.orchestra.run.smithi100.stdout:/usr/bin/ceph: stderr
2024-09-05T08:05:16.237+0000 7fe936ffd640 1 -- 172.21.15.100:0/2079221024 learned_addr learned my addr 172.21.15.100:0/2079221024 (peer_addr_for_me v2:172.21.15.100:0/0)
2024-09-05T08:05:18.062 INFO:teuthology.orchestra.run.smithi100.stdout:/usr/bin/ceph: stderr
2024-09-05T08:05:16.237+0000 7fe936ffd640 1 -- 172.21.15.100:0/2079221024 --> [v2:172.21.15.100:3300/0,v1:172.21.15.100:6789/0] -- mon_subscribe({config=0+,monmap=0+}) -- 0x7fe93819a910 con 0x7fe938107b10
2024-09-05T08:05:18.062 INFO:teuthology.orchestra.run.smithi100.stdout:/usr/bin/ceph: stderr
2024-09-05T08:05:16.237+0000 7fe936ffd640 1 --2- 172.21.15.100:0/2079221024 >> [v2:172.21.15.100:3300/0,v1:172.21.15.100:6789/0] conn(0x7fe938107b10 0x7fe93819a3d0 secure :-1 s=READY pgs=54 cs=0 l=1 rev1=1 crypto rx=0x7fe93002a790 tx=0x7fe930030d00 comp rx=0 tx=0).ready entity=mon.0 client_cookie=0 server_cookie=0 in_seq=0 out_seq=0
2024-09-05T08:05:18.063 INFO:teuthology.orchestra.run.smithi100.stdout:/usr/bin/ceph: stderr
2024-09-05T08:05:16.238+0000 7fe91ffff640 1 -- 172.21.15.100:0/2079221024 <== mon.0 v2:172.21.15.100:3300/0 1 ==== mon_map magic: 0 ==== 205+0+0 (secure 0 0 0) 0x7fe930042070 con 0x7fe938107b10
2024-09-05T08:05:18.063 INFO:teuthology.orchestra.run.smithi100.stdout:/usr/bin/ceph: stderr
2024-09-05T08:05:16.238+0000 7fe91ffff640 1 -- 172.21.15.100:0/2079221024 <== mon.0 v2:172.21.15.100:3300/0 2 ==== config(27 keys) ==== 1136+0+0 (secure 0 0 0) 0x7fe930030860 con 0x7fe938107b10
2024-09-05T08:05:18.063 INFO:teuthology.orchestra.run.smithi100.stdout:/usr/bin/ceph: stderr
2024-09-05T08:05:16.238+0000 7fe93d2a4640 1 -- 172.21.15.100:0/2079221024 --> [v2:172.21.15.100:3300/0,v1:172.21.15.100:6789/0] -- mon_subscribe({mgrmap=0+}) -- 0x7fe93819aba0 con 0x7fe938107b10
2024-09-05T08:05:18.063 INFO:teuthology.orchestra.run.smithi100.stdout:/usr/bin/ceph: stderr
2024-09-05T08:05:16.238+0000 7fe91ffff640 1 -- 172.21.15.100:0/2079221024 <== mon.0 v2:172.21.15.100:3300/0 3 ==== mon_map magic: 0 ==== 205+0+0 (secure 0 0 0) 0x7fe930037040 con 0x7fe938107b10
2024-09-05T08:05:18.063 INFO:teuthology.orchestra.run.smithi100.stdout:/usr/bin/ceph: stderr
2024-09-05T08:05:16.238+0000 7fe93d2a4640 1 -- 172.21.15.100:0/2079221024 --> [v2:172.21.15.100:3300/0,v1:172.21.15.100:6789/0] -- mon_subscribe({osdmap=0}) -- 0x7fe93819d890 con 0x7fe938107b10
2024-09-05T08:05:18.063 INFO:teuthology.orchestra.run.smithi100.stdout:/usr/bin/ceph: stderr
2024-09-05T08:05:16.238+0000 7fe91ffff640 1 -- 172.21.15.100:0/2079221024 <== mon.0 v2:172.21.15.100:3300/0 4 ==== mgrmap(e 8) ==== 46287+0+0 (secure 0 0 0) 0x7fe930045070 con 0x7fe938107b10
2024-09-05T08:05:18.063 INFO:teuthology.orchestra.run.smithi100.stdout:/usr/bin/ceph: stderr
2024-09-05T08:05:16.239+0000 7fe93d2a4640 1 -- 172.21.15.100:0/2079221024 --> [v2:172.21.15.100:3300/0,v1:172.21.15.100:6789/0] -- mon_command({"prefix": "get_command_descriptions"} v 0) -- 0x7fe938107f10 con 0x7fe938107b10
2024-09-05T08:05:18.063 INFO:teuthology.orchestra.run.smithi100.stdout:/usr/bin/ceph: stderr
2024-09-05T08:05:16.239+0000 7fe91ffff640 1 --2- 172.21.15.100:0/2079221024 >> [v2:172.21.15.100:6800/1405820202,v1:172.21.15.100:6801/1405820202] conn(0x7fe920039030 0x7fe92003b4f0 unknown :-1 s=NONE pgs=0 cs=0 l=1 rev1=0 crypto rx=0 tx=0 comp rx=0 tx=0).connect
2024-09-05T08:05:18.063 INFO:teuthology.orchestra.run.smithi100.stdout:/usr/bin/ceph: stderr
2024-09-05T08:05:16.239+0000 7fe91ffff640 1 -- 172.21.15.100:0/2079221024 <== mon.0 v2:172.21.15.100:3300/0 5 ==== osd_map(2..2 src has 1..2) ==== 940+0+0 (secure 0 0 0) 0x7fe93006c0d0 con 0x7fe938107b10
2024-09-05T08:05:18.063 INFO:teuthology.orchestra.run.smithi100.stdout:/usr/bin/ceph: stderr
2024-09-05T08:05:16.239+0000 7fe9367fc640 1 --2- 172.21.15.100:0/2079221024 >> [v2:172.21.15.100:6800/1405820202,v1:172.21.15.100:6801/1405820202] conn(0x7fe920039030 0x7fe92003b4f0 unknown :-1 s=BANNER_CONNECTING pgs=0 cs=0 l=1 rev1=0 crypto rx=0 tx=0 comp rx=0 tx=0)._handle_peer_banner_payload supported=3 required=0
2024-09-05T08:05:18.063 INFO:teuthology.orchestra.run.smithi100.stdout:/usr/bin/ceph: stderr
2024-09-05T08:05:16.239+0000 7fe9367fc640 1 --2- 172.21.15.100:0/2079221024 >> [v2:172.21.15.100:6800/1405820202,v1:172.21.15.100:6801/1405820202] conn(0x7fe920039030 0x7fe92003b4f0 secure :-1 s=READY pgs=16 cs=0 l=1 rev1=1 crypto rx=0x7fe92c00ad30 tx=0x7fe92c0093f0 comp rx=0 tx=0).ready entity=mgr.14118 client_cookie=0 server_cookie=0 in_seq=0 out_seq=0
2024-09-05T08:05:18.063 INFO:teuthology.orchestra.run.smithi100.stdout:/usr/bin/ceph: stderr
2024-09-05T08:05:16.243+0000 7fe91ffff640 1 -- 172.21.15.100:0/2079221024 <== mon.0 v2:172.21.15.100:3300/0 6 ==== mon_command_ack([{"prefix": "get_command_descriptions"}]=0 v0) ==== 72+0+188821 (secure 0 0 0) 0x7fe93003cd00 con 0x7fe938107b10
2024-09-05T08:05:18.063 INFO:teuthology.orchestra.run.smithi100.stdout:/usr/bin/ceph: stderr
2024-09-05T08:05:16.467+0000 7fe93d2a4640 1 -- 172.21.15.100:0/2079221024 --> [v2:172.21.15.100:3300/0,v1:172.21.15.100:6789/0] -- mon_command({"prefix": "mgr module enable", "module": "dashboard"} v 0) -- 0x7fe93819da60 con 0x7fe938107b10
2024-09-05T08:05:18.063 INFO:teuthology.orchestra.run.smithi100.stdout:/usr/bin/ceph: stderr
2024-09-05T08:05:17.273+0000 7fe91ffff640 1 -- 172.21.15.100:0/2079221024 <== mon.0 v2:172.21.15.100:3300/0 7 ==== mon_command_ack([{"prefix": "mgr module enable", "module": "dashboard"}]=0 v9) ==== 88+0+0 (secure 0 0 0) 0x7fe93003c7e0 con 0x7fe938107b10
2024-09-05T08:05:18.064 INFO:teuthology.orchestra.run.smithi100.stdout:/usr/bin/ceph: stderr
2024-09-05T08:05:17.275+0000 7fe91ffff640 1 -- 172.21.15.100:0/2079221024 <== mon.0 v2:172.21.15.100:3300/0 8 ==== mgrmap(e 9) ==== 46300+0+0 (secure 0 0 0) 0x7fe93003dc20 con 0x7fe938107b10
2024-09-05T08:05:18.064 INFO:teuthology.orchestra.run.smithi100.stdout:/usr/bin/ceph: stderr
2024-09-05T08:05:17.276+0000 7fe93d2a4640 1 -- 172.21.15.100:0/2079221024 >> [v2:172.21.15.100:6800/1405820202,v1:172.21.15.100:6801/1405820202] conn(0x7fe920039030 msgr2=0x7fe92003b4f0 secure :-1 s=STATE_CONNECTION_ESTABLISHED l=1).mark_down
2024-09-05T08:05:18.064 INFO:teuthology.orchestra.run.smithi100.stdout:/usr/bin/ceph: stderr
2024-09-05T08:05:17.276+0000 7fe93d2a4640 1 --2- 172.21.15.100:0/2079221024 >> [v2:172.21.15.100:6800/1405820202,v1:172.21.15.100:6801/1405820202] conn(0x7fe920039030 0x7fe92003b4f0 secure :-1 s=READY pgs=16 cs=0 l=1 rev1=1 crypto rx=0x7fe92c00ad30 tx=0x7fe92c0093f0 comp rx=0 tx=0).stop
2024-09-05T08:05:18.064 INFO:teuthology.orchestra.run.smithi100.stdout:/usr/bin/ceph: stderr
2024-09-05T08:05:17.276+0000 7fe93d2a4640 1 -- 172.21.15.100:0/2079221024 >> [v2:172.21.15.100:3300/0,v1:172.21.15.100:6789/0] conn(0x7fe938107b10 msgr2=0x7fe93819a3d0 secure :-1 s=STATE_CONNECTION_ESTABLISHED l=1).mark_down
2024-09-05T08:05:18.064 INFO:teuthology.orchestra.run.smithi100.stdout:/usr/bin/ceph: stderr
2024-09-05T08:05:17.276+0000 7fe93d2a4640 1 --2- 172.21.15.100:0/2079221024 >> [v2:172.21.15.100:3300/0,v1:172.21.15.100:6789/0] conn(0x7fe938107b10 0x7fe93819a3d0 secure :-1 s=READY pgs=54 cs=0 l=1 rev1=1 crypto rx=0x7fe93002a790 tx=0x7fe930030d00 comp rx=0 tx=0).stop
2024-09-05T08:05:18.064 INFO:teuthology.orchestra.run.smithi100.stdout:/usr/bin/ceph: stderr
2024-09-05T08:05:17.276+0000 7fe93d2a4640 1 -- 172.21.15.100:0/2079221024 shutdown_connections
2024-09-05T08:05:18.064 INFO:teuthology.orchestra.run.smithi100.stdout:/usr/bin/ceph: stderr
2024-09-05T08:05:17.276+0000 7fe93d2a4640 1 --2- 172.21.15.100:0/2079221024 >> [v2:172.21.15.100:6800/1405820202,v1:172.21.15.100:6801/1405820202] conn(0x7fe920039030 0x7fe92003b4f0 unknown :-1 s=CLOSED pgs=16 cs=0 l=1 rev1=1 crypto rx=0 tx=0 comp rx=0 tx=0).stop
2024-09-05T08:05:18.064 INFO:teuthology.orchestra.run.smithi100.stdout:/usr/bin/ceph: stderr
2024-09-05T08:05:17.276+0000 7fe93d2a4640 1 --2- 172.21.15.100:0/2079221024 >> [v2:172.21.15.100:3300/0,v1:172.21.15.100:6789/0] conn(0x7fe938107b10 0x7fe93819a3d0 unknown :-1 s=CLOSED pgs=54 cs=0 l=1 rev1=1 crypto rx=0 tx=0 comp rx=0 tx=0).stop
2024-09-05T08:05:18.064 INFO:teuthology.orchestra.run.smithi100.stdout:/usr/bin/ceph: stderr
2024-09-05T08:05:17.276+0000 7fe93d2a4640 1 -- 172.21.15.100:0/2079221024 >> 172.21.15.100:0/2079221024 conn(0x7fe9381013a0 msgr2=0x7fe938101e10 unknown :-1 s=STATE_NONE l=0).mark_down
2024-09-05T08:05:18.064 INFO:teuthology.orchestra.run.smithi100.stdout:/usr/bin/ceph: stderr
2024-09-05T08:05:17.276+0000 7fe93d2a4640 1 -- 172.21.15.100:0/2079221024 shutdown_connections
2024-09-05T08:05:18.064 INFO:teuthology.orchestra.run.smithi100.stdout:/usr/bin/ceph: stderr
2024-09-05T08:05:17.276+0000 7fe93d2a4640 1 -- 172.21.15.100:0/2079221024 wait complete.
2024-09-05T08:05:18.528 INFO:journalctl@ceph.mon.a.smithi100.stdout:Sep 05 08:05:18 smithi100 ceph-mon[30959]: from='client.? 172.21.15.100:0/2079221024' entity='client.admin' cmd='[{"prefix": "mgr module enable", "module": "dashboard"}]': finished
2024-09-05T08:05:18.528 INFO:journalctl@ceph.mon.a.smithi100.stdout:Sep 05 08:05:18 smithi100 ceph-mon[30959]: mgrmap e9: x(active, since 18s)
2024-09-05T08:05:18.528 INFO:journalctl@ceph.mgr.x.smithi100.stdout:Sep 05 08:05:18 smithi100 ceph-5ce7dae0-6b5d-11ef-bcd6-c7b262605968-mgr-x[31184]:
2024-09-05T08:05:18.342+0000 7f957770d040 -1 mgr[py] Module prometheus has missing NOTIFY_TYPES member
2024-09-05T08:05:18.528 INFO:journalctl@ceph.mgr.x.smithi100.stdout:Sep 05 08:05:18 smithi100 ceph-5ce7dae0-6b5d-11ef-bcd6-c7b262605968-mgr-x[31184]:
2024-09-05T08:05:18.405+0000 7f957770d040 -1 mgr[py] Module selftest has missing NOTIFY_TYPES member
2024-09-05T08:05:18.963 INFO:journalctl@ceph.mgr.x.smithi100.stdout:Sep 05 08:05:18 smithi100 ceph-5ce7dae0-6b5d-11ef-bcd6-c7b262605968-mgr-x[31184]:
2024-09-05T08:05:18.598+0000 7f957770d040 -1 mgr[py] Module volumes has missing NOTIFY_TYPES member
2024-09-05T08:05:19.238 INFO:teuthology.orchestra.run.smithi100.stdout:/usr/bin/ceph: stdout {
2024-09-05T08:05:19.239 INFO:teuthology.orchestra.run.smithi100.stdout:/usr/bin/ceph: stdout "epoch": 9,
2024-09-05T08:05:19.239 INFO:teuthology.orchestra.run.smithi100.stdout:/usr/bin/ceph: stdout "available": true,
2024-09-05T08:05:19.239 INFO:teuthology.orchestra.run.smithi100.stdout:/usr/bin/ceph: stdout "active_name": "x",
2024-09-05T08:05:19.239 INFO:teuthology.orchestra.run.smithi100.stdout:/usr/bin/ceph: stdout "num_standby": 0
2024-09-05T08:05:19.239 INFO:teuthology.orchestra.run.smithi100.stdout:/usr/bin/ceph: stdout }
2024-09-05T08:05:19.239 INFO:teuthology.orchestra.run.smithi100.stdout:/usr/bin/ceph: stderr
2024-09-05T08:05:18.464+0000 7f63e1119640 1 Processor -- start
2024-09-05T08:05:19.239 INFO:teuthology.orchestra.run.smithi100.stdout:/usr/bin/ceph: stderr
2024-09-05T08:05:18.464+0000 7f63e1119640 1 -- start start
2024-09-05T08:05:19.239 INFO:teuthology.orchestra.run.smithi100.stdout:/usr/bin/ceph: stderr
2024-09-05T08:05:18.464+0000 7f63e1119640 1 --2- >> [v2:172.21.15.100:3300/0,v1:172.21.15.100:6789/0] conn(0x7f63dc107fc0 0x7f63dc10a3b0 unknown :-1 s=NONE pgs=0 cs=0 l=0 rev1=0 crypto rx=0 tx=0 comp rx=0 tx=0).connect
2024-09-05T08:05:19.239 INFO:teuthology.orchestra.run.smithi100.stdout:/usr/bin/ceph: stderr
2024-09-05T08:05:18.464+0000 7f63e1119640 1 -- --> [v2:172.21.15.100:3300/0,v1:172.21.15.100:6789/0] -- mon_getmap magic: 0 -- 0x7f63dc07be80 con 0x7f63dc107fc0
2024-09-05T08:05:19.239 INFO:teuthology.orchestra.run.smithi100.stdout:/usr/bin/ceph: stderr
2024-09-05T08:05:18.464+0000 7f63dad9d640 1 --2- >> [v2:172.21.15.100:3300/0,v1:172.21.15.100:6789/0] conn(0x7f63dc107fc0 0x7f63dc10a3b0 unknown :-1 s=BANNER_CONNECTING pgs=0 cs=0 l=0 rev1=0 crypto rx=0 tx=0 comp rx=0 tx=0)._handle_peer_banner_payload supported=3 required=0
2024-09-05T08:05:19.239 INFO:teuthology.orchestra.run.smithi100.stdout:/usr/bin/ceph: stderr
2024-09-05T08:05:18.464+0000 7f63dad9d640 1 --2- >> [v2:172.21.15.100:3300/0,v1:172.21.15.100:6789/0] conn(0x7f63dc107fc0 0x7f63dc10a3b0 unknown :-1 s=HELLO_CONNECTING pgs=0 cs=0 l=0 rev1=1 crypto rx=0 tx=0 comp rx=0 tx=0).handle_hello peer v2:172.21.15.100:3300/0 says I am v2:172.21.15.100:33158/0 (socket says 172.21.15.100:33158)
2024-09-05T08:05:19.239 INFO:teuthology.orchestra.run.smithi100.stdout:/usr/bin/ceph: stderr
2024-09-05T08:05:18.464+0000 7f63dad9d640 1 -- 172.21.15.100:0/3719435882 learned_addr learned my addr 172.21.15.100:0/3719435882 (peer_addr_for_me v2:172.21.15.100:0/0)
2024-09-05T08:05:19.240 INFO:teuthology.orchestra.run.smithi100.stdout:/usr/bin/ceph: stderr
2024-09-05T08:05:18.465+0000 7f63dad9d640 1 -- 172.21.15.100:0/3719435882 --> [v2:172.21.15.100:3300/0,v1:172.21.15.100:6789/0] -- mon_subscribe({config=0+,monmap=0+}) -- 0x7f63dc10a8f0 con 0x7f63dc107fc0
2024-09-05T08:05:19.240 INFO:teuthology.orchestra.run.smithi100.stdout:/usr/bin/ceph: stderr
2024-09-05T08:05:18.465+0000 7f63dad9d640 1 --2- 172.21.15.100:0/3719435882 >> [v2:172.21.15.100:3300/0,v1:172.21.15.100:6789/0] conn(0x7f63dc107fc0 0x7f63dc10a3b0 secure :-1 s=READY pgs=57 cs=0 l=1 rev1=1 crypto rx=0x7f63cc009820 tx=0x7f63cc02a270 comp rx=0 tx=0).ready entity=mon.0 client_cookie=2ea873662fbf40a4 server_cookie=0 in_seq=0 out_seq=0
2024-09-05T08:05:19.240 INFO:teuthology.orchestra.run.smithi100.stdout:/usr/bin/ceph: stderr
2024-09-05T08:05:18.466+0000 7f63d9d9b640 1 -- 172.21.15.100:0/3719435882 <== mon.0 v2:172.21.15.100:3300/0 1 ==== mon_map magic: 0 ==== 205+0+0 (secure 0 0 0) 0x7f63cc037070 con 0x7f63dc107fc0
2024-09-05T08:05:19.240 INFO:teuthology.orchestra.run.smithi100.stdout:/usr/bin/ceph: stderr
2024-09-05T08:05:18.466+0000 7f63d9d9b640 1 -- 172.21.15.100:0/3719435882 <== mon.0 v2:172.21.15.100:3300/0 2 ==== config(27 keys) ==== 1136+0+0 (secure 0 0 0) 0x7f63cc032910 con 0x7f63dc107fc0
2024-09-05T08:05:19.240 INFO:teuthology.orchestra.run.smithi100.stdout:/usr/bin/ceph: stderr
2024-09-05T08:05:18.466+0000 7f63d9d9b640 1 -- 172.21.15.100:0/3719435882 <== mon.0 v2:172.21.15.100:3300/0 3 ==== mon_map magic: 0 ==== 205+0+0 (secure 0 0 0) 0x7f63cc0307d0 con 0x7f63dc107fc0
2024-09-05T08:05:19.240 INFO:teuthology.orchestra.run.smithi100.stdout:/usr/bin/ceph: stderr
2024-09-05T08:05:18.466+0000 7f63e1119640 1 -- 172.21.15.100:0/3719435882 >> [v2:172.21.15.100:3300/0,v1:172.21.15.100:6789/0] conn(0x7f63dc107fc0 msgr2=0x7f63dc10a3b0 secure :-1 s=STATE_CONNECTION_ESTABLISHED l=1).mark_down
2024-09-05T08:05:19.240 INFO:teuthology.orchestra.run.smithi100.stdout:/usr/bin/ceph: stderr
2024-09-05T08:05:18.466+0000 7f63e1119640 1 --2- 172.21.15.100:0/3719435882 >> [v2:172.21.15.100:3300/0,v1:172.21.15.100:6789/0] conn(0x7f63dc107fc0 0x7f63dc10a3b0 secure :-1 s=READY pgs=57 cs=0 l=1 rev1=1 crypto rx=0x7f63cc009820 tx=0x7f63cc02a270 comp rx=0 tx=0).stop
2024-09-05T08:05:19.240 INFO:teuthology.orchestra.run.smithi100.stdout:/usr/bin/ceph: stderr
2024-09-05T08:05:18.466+0000 7f63e1119640 1 -- 172.21.15.100:0/3719435882 shutdown_connections
2024-09-05T08:05:19.240 INFO:teuthology.orchestra.run.smithi100.stdout:/usr/bin/ceph: stderr
2024-09-05T08:05:18.466+0000 7f63e1119640 1 --2- 172.21.15.100:0/3719435882 >> [v2:172.21.15.100:3300/0,v1:172.21.15.100:6789/0] conn(0x7f63dc107fc0 0x7f63dc10a3b0 unknown :-1 s=CLOSED pgs=57 cs=0 l=1 rev1=1 crypto rx=0 tx=0 comp rx=0 tx=0).stop
2024-09-05T08:05:19.240 INFO:teuthology.orchestra.run.smithi100.stdout:/usr/bin/ceph: stderr
2024-09-05T08:05:18.466+0000 7f63e1119640 1 -- 172.21.15.100:0/3719435882 >> 172.21.15.100:0/3719435882 conn(0x7f63dc101be0 msgr2=0x7f63dc104020 unknown :-1 s=STATE_NONE l=0).mark_down
2024-09-05T08:05:19.240 INFO:teuthology.orchestra.run.smithi100.stdout:/usr/bin/ceph: stderr
2024-09-05T08:05:18.466+0000 7f63e1119640 1 -- 172.21.15.100:0/3719435882 shutdown_connections
2024-09-05T08:05:19.240 INFO:teuthology.orchestra.run.smithi100.stdout:/usr/bin/ceph: stderr
2024-09-05T08:05:18.466+0000 7f63e1119640 1 -- 172.21.15.100:0/3719435882 wait complete.
2024-09-05T08:05:19.240 INFO:teuthology.orchestra.run.smithi100.stdout:/usr/bin/ceph: stderr
2024-09-05T08:05:18.467+0000 7f63e1119640 1 Processor -- start
2024-09-05T08:05:19.241 INFO:teuthology.orchestra.run.smithi100.stdout:/usr/bin/ceph: stderr
2024-09-05T08:05:18.467+0000 7f63e1119640 1 -- start start
2024-09-05T08:05:19.241 INFO:teuthology.orchestra.run.smithi100.stdout:/usr/bin/ceph: stderr
2024-09-05T08:05:18.467+0000 7f63e1119640 1 --2- >> [v2:172.21.15.100:3300/0,v1:172.21.15.100:6789/0] conn(0x7f63dc107fc0 0x7f63dc19b420 unknown :-1 s=NONE pgs=0 cs=0 l=1 rev1=0 crypto rx=0 tx=0 comp rx=0 tx=0).connect
2024-09-05T08:05:19.241 INFO:teuthology.orchestra.run.smithi100.stdout:/usr/bin/ceph: stderr
2024-09-05T08:05:18.467+0000 7f63e1119640 1 -- --> [v2:172.21.15.100:3300/0,v1:172.21.15.100:6789/0] -- mon_getmap magic: 0 -- 0x7f63dc10b9d0 con 0x7f63dc107fc0
2024-09-05T08:05:19.241 INFO:teuthology.orchestra.run.smithi100.stdout:/usr/bin/ceph: stderr
2024-09-05T08:05:18.467+0000 7f63dad9d640 1 --2- >> [v2:172.21.15.100:3300/0,v1:172.21.15.100:6789/0] conn(0x7f63dc107fc0 0x7f63dc19b420 unknown :-1 s=BANNER_CONNECTING pgs=0 cs=0 l=1 rev1=0 crypto rx=0 tx=0 comp rx=0 tx=0)._handle_peer_banner_payload supported=3 required=0
2024-09-05T08:05:19.241 INFO:teuthology.orchestra.run.smithi100.stdout:/usr/bin/ceph: stderr
2024-09-05T08:05:18.467+0000 7f63dad9d640 1 --2- >> [v2:172.21.15.100:3300/0,v1:172.21.15.100:6789/0] conn(0x7f63dc107fc0 0x7f63dc19b420 unknown :-1 s=HELLO_CONNECTING pgs=0 cs=0 l=1 rev1=1 crypto rx=0 tx=0 comp rx=0 tx=0).handle_hello peer v2:172.21.15.100:3300/0 says I am v2:172.21.15.100:33170/0 (socket says 172.21.15.100:33170)
2024-09-05T08:05:19.241 INFO:teuthology.orchestra.run.smithi100.stdout:/usr/bin/ceph: stderr
2024-09-05T08:05:18.468+0000 7f63dad9d640 1 -- 172.21.15.100:0/1435158505 learned_addr learned my addr 172.21.15.100:0/1435158505 (peer_addr_for_me v2:172.21.15.100:0/0)
2024-09-05T08:05:19.241 INFO:teuthology.orchestra.run.smithi100.stdout:/usr/bin/ceph: stderr
2024-09-05T08:05:18.468+0000 7f63dad9d640 1 -- 172.21.15.100:0/1435158505 --> [v2:172.21.15.100:3300/0,v1:172.21.15.100:6789/0] -- mon_subscribe({config=0+,monmap=0+}) -- 0x7f63dc19b960 con 0x7f63dc107fc0
2024-09-05T08:05:19.241 INFO:teuthology.orchestra.run.smithi100.stdout:/usr/bin/ceph: stderr
2024-09-05T08:05:18.468+0000 7f63dad9d640 1 --2- 172.21.15.100:0/1435158505 >> [v2:172.21.15.100:3300/0,v1:172.21.15.100:6789/0] conn(0x7f63dc107fc0 0x7f63dc19b420 secure :-1 s=READY pgs=58 cs=0 l=1 rev1=1 crypto rx=0x7f63cc030d50 tx=0x7f63cc030d80 comp rx=0 tx=0).ready entity=mon.0 client_cookie=0 server_cookie=0 in_seq=0 out_seq=0
2024-09-05T08:05:19.241 INFO:teuthology.orchestra.run.smithi100.stdout:/usr/bin/ceph: stderr
2024-09-05T08:05:18.468+0000 7f63c3fff640 1 -- 172.21.15.100:0/1435158505 <== mon.0 v2:172.21.15.100:3300/0 1 ==== mon_map magic: 0 ==== 205+0+0 (secure 0 0 0) 0x7f63cc042070 con 0x7f63dc107fc0
2024-09-05T08:05:19.241 INFO:teuthology.orchestra.run.smithi100.stdout:/usr/bin/ceph: stderr
2024-09-05T08:05:18.468+0000 7f63e1119640 1 -- 172.21.15.100:0/1435158505 --> [v2:172.21.15.100:3300/0,v1:172.21.15.100:6789/0] -- mon_subscribe({mgrmap=0+}) -- 0x7f63dc19bbf0 con 0x7f63dc107fc0
2024-09-05T08:05:19.241 INFO:teuthology.orchestra.run.smithi100.stdout:/usr/bin/ceph: stderr
2024-09-05T08:05:18.468+0000 7f63c3fff640 1 -- 172.21.15.100:0/1435158505 <== mon.0 v2:172.21.15.100:3300/0 2 ==== config(27 keys) ==== 1136+0+0 (secure 0 0 0) 0x7f63cc030870 con 0x7f63dc107fc0
2024-09-05T08:05:19.241 INFO:teuthology.orchestra.run.smithi100.stdout:/usr/bin/ceph: stderr
2024-09-05T08:05:18.468+0000 7f63c3fff640 1 -- 172.21.15.100:0/1435158505 <== mon.0 v2:172.21.15.100:3300/0 3 ==== mon_map magic: 0 ==== 205+0+0 (secure 0 0 0) 0x7f63cc037040 con 0x7f63dc107fc0
2024-09-05T08:05:19.241 INFO:teuthology.orchestra.run.smithi100.stdout:/usr/bin/ceph: stderr
2024-09-05T08:05:18.468+0000 7f63e1119640 1 -- 172.21.15.100:0/1435158505 --> [v2:172.21.15.100:3300/0,v1:172.21.15.100:6789/0] -- mon_subscribe({osdmap=0}) -- 0x7f63dc19e8e0 con 0x7f63dc107fc0
2024-09-05T08:05:19.242 INFO:teuthology.orchestra.run.smithi100.stdout:/usr/bin/ceph: stderr
