2024-09-11T21:48:18.451+0000 7f15daffd640 1 -- 172.21.15.100:0/174514493 <== mon.0 v2:172.21.15.100:3300/0 5 ==== osd_map(3..3 src has 1..3) ==== 1155+0+0 (secure 0 0 0) 0x7f15e006c0d0 con 0x7f15e4106210
2024-09-11T21:48:19.374 INFO:teuthology.orchestra.run.smithi100.stdout:/usr/bin/ceph: stderr
2024-09-11T21:48:18.451+0000 7f15e934e640 1 --2- 172.21.15.100:0/174514493 >> [v2:172.21.15.100:6800/1131882352,v1:172.21.15.100:6801/1131882352] conn(0x7f15d0038eb0 0x7f15d003b370 unknown :-1 s=BANNER_CONNECTING pgs=0 cs=0 l=1 rev1=0 crypto rx=0 tx=0 comp rx=0 tx=0)._handle_peer_banner_payload supported=3 required=0
2024-09-11T21:48:19.374 INFO:teuthology.orchestra.run.smithi100.stdout:/usr/bin/ceph: stderr
2024-09-11T21:48:18.451+0000 7f15e934e640 1 --2- 172.21.15.100:0/174514493 >> [v2:172.21.15.100:6800/1131882352,v1:172.21.15.100:6801/1131882352] conn(0x7f15d0038eb0 0x7f15d003b370 secure :-1 s=READY pgs=7 cs=0 l=1 rev1=1 crypto rx=0x7f15d40098c0 tx=0x7f15d4006db0 comp rx=0 tx=0).ready entity=mgr.14150 client_cookie=0 server_cookie=0 in_seq=0 out_seq=0
2024-09-11T21:48:19.374 INFO:teuthology.orchestra.run.smithi100.stdout:/usr/bin/ceph: stderr
2024-09-11T21:48:18.455+0000 7f15daffd640 1 -- 172.21.15.100:0/174514493 <== mon.0 v2:172.21.15.100:3300/0 6 ==== mon_command_ack([{"prefix": "get_command_descriptions"}]=0 v0) ==== 72+0+188821 (secure 0 0 0) 0x7f15e002f2a0 con 0x7f15e4106210
2024-09-11T21:48:19.374 INFO:teuthology.orchestra.run.smithi100.stdout:/usr/bin/ceph: stderr
2024-09-11T21:48:18.634+0000 7f15ebdb3640 1 -- 172.21.15.100:0/174514493 --> [v2:172.21.15.100:6800/1131882352,v1:172.21.15.100:6801/1131882352] -- mgr_command(tid 0: {"prefix": "dashboard create-self-signed-cert", "target": ["mon-mgr", ""]}) -- 0x7f15e4074c10 con 0x7f15d0038eb0
2024-09-11T21:48:19.374 INFO:teuthology.orchestra.run.smithi100.stdout:/usr/bin/ceph: stderr
2024-09-11T21:48:18.654+0000 7f15daffd640 1 -- 172.21.15.100:0/174514493 <== mon.0 v2:172.21.15.100:3300/0 7 ==== mgrmap(e 12) ==== 46300+0+0 (secure 0 0 0) 0x7f15e0042210 con 0x7f15e4106210
2024-09-11T21:48:19.375 INFO:teuthology.orchestra.run.smithi100.stdout:/usr/bin/ceph: stderr
2024-09-11T21:48:18.800+0000 7f15daffd640 1 -- 172.21.15.100:0/174514493 <== mgr.14150 v2:172.21.15.100:6800/1131882352 1 ==== mgr_command_reply(tid 0: 0 ) ==== 8+0+32 (secure 0 0 0) 0x7f15e4074c10 con 0x7f15d0038eb0
2024-09-11T21:48:19.375 INFO:teuthology.orchestra.run.smithi100.stdout:/usr/bin/ceph: stderr
2024-09-11T21:48:18.802+0000 7f15ebdb3640 1 -- 172.21.15.100:0/174514493 >> [v2:172.21.15.100:6800/1131882352,v1:172.21.15.100:6801/1131882352] conn(0x7f15d0038eb0 msgr2=0x7f15d003b370 secure :-1 s=STATE_CONNECTION_ESTABLISHED l=1).mark_down
2024-09-11T21:48:19.375 INFO:teuthology.orchestra.run.smithi100.stdout:/usr/bin/ceph: stderr
2024-09-11T21:48:18.802+0000 7f15ebdb3640 1 --2- 172.21.15.100:0/174514493 >> [v2:172.21.15.100:6800/1131882352,v1:172.21.15.100:6801/1131882352] conn(0x7f15d0038eb0 0x7f15d003b370 secure :-1 s=READY pgs=7 cs=0 l=1 rev1=1 crypto rx=0x7f15d40098c0 tx=0x7f15d4006db0 comp rx=0 tx=0).stop
2024-09-11T21:48:19.375 INFO:teuthology.orchestra.run.smithi100.stdout:/usr/bin/ceph: stderr
2024-09-11T21:48:18.802+0000 7f15ebdb3640 1 -- 172.21.15.100:0/174514493 >> [v2:172.21.15.100:3300/0,v1:172.21.15.100:6789/0] conn(0x7f15e4106210 msgr2=0x7f15e41a2010 secure :-1 s=STATE_CONNECTION_ESTABLISHED l=1).mark_down
2024-09-11T21:48:19.375 INFO:teuthology.orchestra.run.smithi100.stdout:/usr/bin/ceph: stderr
2024-09-11T21:48:18.802+0000 7f15ebdb3640 1 --2- 172.21.15.100:0/174514493 >> [v2:172.21.15.100:3300/0,v1:172.21.15.100:6789/0] conn(0x7f15e4106210 0x7f15e41a2010 secure :-1 s=READY pgs=69 cs=0 l=1 rev1=1 crypto rx=0x7f15e0009940 tx=0x7f15e0032670 comp rx=0 tx=0).stop
2024-09-11T21:48:19.375 INFO:teuthology.orchestra.run.smithi100.stdout:/usr/bin/ceph: stderr
2024-09-11T21:48:18.802+0000 7f15ebdb3640 1 -- 172.21.15.100:0/174514493 shutdown_connections
2024-09-11T21:48:19.375 INFO:teuthology.orchestra.run.smithi100.stdout:/usr/bin/ceph: stderr
2024-09-11T21:48:18.802+0000 7f15ebdb3640 1 --2- 172.21.15.100:0/174514493 >> [v2:172.21.15.100:6800/1131882352,v1:172.21.15.100:6801/1131882352] conn(0x7f15d0038eb0 0x7f15d003b370 unknown :-1 s=CLOSED pgs=7 cs=0 l=1 rev1=1 crypto rx=0 tx=0 comp rx=0 tx=0).stop
2024-09-11T21:48:19.375 INFO:teuthology.orchestra.run.smithi100.stdout:/usr/bin/ceph: stderr
2024-09-11T21:48:18.802+0000 7f15ebdb3640 1 --2- 172.21.15.100:0/174514493 >> [v2:172.21.15.100:3300/0,v1:172.21.15.100:6789/0] conn(0x7f15e4106210 0x7f15e41a2010 unknown :-1 s=CLOSED pgs=69 cs=0 l=1 rev1=1 crypto rx=0 tx=0 comp rx=0 tx=0).stop
2024-09-11T21:48:19.375 INFO:teuthology.orchestra.run.smithi100.stdout:/usr/bin/ceph: stderr
2024-09-11T21:48:18.802+0000 7f15ebdb3640 1 -- 172.21.15.100:0/174514493 >> 172.21.15.100:0/174514493 conn(0x7f15e4102040 msgr2=0x7f15e4104480 unknown :-1 s=STATE_NONE l=0).mark_down
2024-09-11T21:48:19.375 INFO:teuthology.orchestra.run.smithi100.stdout:/usr/bin/ceph: stderr
2024-09-11T21:48:18.802+0000 7f15ebdb3640 1 -- 172.21.15.100:0/174514493 shutdown_connections
2024-09-11T21:48:19.375 INFO:teuthology.orchestra.run.smithi100.stdout:/usr/bin/ceph: stderr
2024-09-11T21:48:18.802+0000 7f15ebdb3640 1 -- 172.21.15.100:0/174514493 wait complete.
2024-09-11T21:48:19.376 INFO:teuthology.orchestra.run.smithi100.stdout:Creating initial admin user...
2024-09-11T21:48:19.472 INFO:journalctl@ceph.mon.a.smithi100.stdout:Sep 11 21:48:19 smithi100 ceph-mon[31442]: [11/Sep/2024:21:48:17] ENGINE Serving on http://172.21.15.100:8765
2024-09-11T21:48:19.472 INFO:journalctl@ceph.mon.a.smithi100.stdout:Sep 11 21:48:19 smithi100 ceph-mon[31442]: [11/Sep/2024:21:48:17] ENGINE Bus STARTED
2024-09-11T21:48:19.472 INFO:journalctl@ceph.mon.a.smithi100.stdout:Sep 11 21:48:19 smithi100 ceph-mon[31442]: from='mgr.14150 172.21.15.100:0/629904969' entity='mgr.x'
2024-09-11T21:48:19.473 INFO:journalctl@ceph.mon.a.smithi100.stdout:Sep 11 21:48:19 smithi100 ceph-mon[31442]: mgrmap e12: x(active, since 2s)
2024-09-11T21:48:19.473 INFO:journalctl@ceph.mon.a.smithi100.stdout:Sep 11 21:48:19 smithi100 ceph-mon[31442]: from='mgr.14150 172.21.15.100:0/629904969' entity='mgr.x'
2024-09-11T21:48:19.473 INFO:journalctl@ceph.mon.a.smithi100.stdout:Sep 11 21:48:19 smithi100 ceph-mon[31442]: from='mgr.14150 172.21.15.100:0/629904969' entity='mgr.x'
2024-09-11T21:48:20.480 INFO:journalctl@ceph.mon.a.smithi100.stdout:Sep 11 21:48:20 smithi100 ceph-mon[31442]: from='client.14162 -' entity='client.admin' cmd=[{"prefix": "dashboard create-self-signed-cert", "target": ["mon-mgr", ""]}]: dispatch
2024-09-11T21:48:21.418 INFO:journalctl@ceph.mon.a.smithi100.stdout:Sep 11 21:48:21 smithi100 ceph-mon[31442]: from='client.14164 -' entity='client.admin' cmd=[{"prefix": "dashboard ac-user-create", "username": "admin", "rolename": "administrator", "force_password": true, "pwd_update_required": true, "target": ["mon-mgr", ""]}]: dispatch
2024-09-11T21:48:21.419 INFO:journalctl@ceph.mon.a.smithi100.stdout:Sep 11 21:48:21 smithi100 ceph-mon[31442]: from='mgr.14150 172.21.15.100:0/629904969' entity='mgr.x'
2024-09-11T21:48:21.426 INFO:teuthology.orchestra.run.smithi100.stdout:/usr/bin/ceph: stdout {"username": "admin", "password": "$2b$12$KikQa4kSCpl3BkXW1F5Q2u3HgIuvdqG..Mm56D2Jy/ffmZ6R3W3Hu", "roles": ["administrator"], "name": null, "email": null, "lastUpdate": 1726091300, "enabled": true, "pwdExpirationDate": null, "pwdUpdateRequired": true}
2024-09-11T21:48:21.426 INFO:teuthology.orchestra.run.smithi100.stdout:/usr/bin/ceph: stderr
2024-09-11T21:48:19.765+0000 7fc8f16d3640 1 Processor -- start
2024-09-11T21:48:21.426 INFO:teuthology.orchestra.run.smithi100.stdout:/usr/bin/ceph: stderr
2024-09-11T21:48:19.765+0000 7fc8f16d3640 1 -- start start
2024-09-11T21:48:21.426 INFO:teuthology.orchestra.run.smithi100.stdout:/usr/bin/ceph: stderr
2024-09-11T21:48:19.765+0000 7fc8f16d3640 1 --2- >> [v2:172.21.15.100:3300/0,v1:172.21.15.100:6789/0] conn(0x7fc8ec07dde0 0x7fc8ec07c2e0 unknown :-1 s=NONE pgs=0 cs=0 l=0 rev1=0 crypto rx=0 tx=0 comp rx=0 tx=0).connect
2024-09-11T21:48:21.426 INFO:teuthology.orchestra.run.smithi100.stdout:/usr/bin/ceph: stderr
2024-09-11T21:48:19.765+0000 7fc8f16d3640 1 -- --> [v2:172.21.15.100:3300/0,v1:172.21.15.100:6789/0] -- mon_getmap magic: 0 -- 0x7fc8ec07c820 con 0x7fc8ec07dde0
2024-09-11T21:48:21.426 INFO:teuthology.orchestra.run.smithi100.stdout:/usr/bin/ceph: stderr
2024-09-11T21:48:19.765+0000 7fc8eaffd640 1 --2- >> [v2:172.21.15.100:3300/0,v1:172.21.15.100:6789/0] conn(0x7fc8ec07dde0 0x7fc8ec07c2e0 unknown :-1 s=BANNER_CONNECTING pgs=0 cs=0 l=0 rev1=0 crypto rx=0 tx=0 comp rx=0 tx=0)._handle_peer_banner_payload supported=3 required=0
2024-09-11T21:48:21.426 INFO:teuthology.orchestra.run.smithi100.stdout:/usr/bin/ceph: stderr
2024-09-11T21:48:19.765+0000 7fc8eaffd640 1 --2- >> [v2:172.21.15.100:3300/0,v1:172.21.15.100:6789/0] conn(0x7fc8ec07dde0 0x7fc8ec07c2e0 unknown :-1 s=HELLO_CONNECTING pgs=0 cs=0 l=0 rev1=1 crypto rx=0 tx=0 comp rx=0 tx=0).handle_hello peer v2:172.21.15.100:3300/0 says I am v2:172.21.15.100:56404/0 (socket says 172.21.15.100:56404)
2024-09-11T21:48:21.426 INFO:teuthology.orchestra.run.smithi100.stdout:/usr/bin/ceph: stderr
2024-09-11T21:48:19.765+0000 7fc8eaffd640 1 -- 172.21.15.100:0/2272497569 learned_addr learned my addr 172.21.15.100:0/2272497569 (peer_addr_for_me v2:172.21.15.100:0/0)
2024-09-11T21:48:21.426 INFO:teuthology.orchestra.run.smithi100.stdout:/usr/bin/ceph: stderr
2024-09-11T21:48:19.765+0000 7fc8eaffd640 1 -- 172.21.15.100:0/2272497569 --> [v2:172.21.15.100:3300/0,v1:172.21.15.100:6789/0] -- mon_subscribe({config=0+,monmap=0+}) -- 0x7fc8ec07c9a0 con 0x7fc8ec07dde0
2024-09-11T21:48:21.426 INFO:teuthology.orchestra.run.smithi100.stdout:/usr/bin/ceph: stderr
2024-09-11T21:48:19.766+0000 7fc8eaffd640 1 --2- 172.21.15.100:0/2272497569 >> [v2:172.21.15.100:3300/0,v1:172.21.15.100:6789/0] conn(0x7fc8ec07dde0 0x7fc8ec07c2e0 secure :-1 s=READY pgs=70 cs=0 l=1 rev1=1 crypto rx=0x7fc8dc009820 tx=0x7fc8dc02a270 comp rx=0 tx=0).ready entity=mon.0 client_cookie=55cc950ffd6ba53b server_cookie=0 in_seq=0 out_seq=0
2024-09-11T21:48:21.426 INFO:teuthology.orchestra.run.smithi100.stdout:/usr/bin/ceph: stderr
2024-09-11T21:48:19.767+0000 7fc8e9ffb640 1 -- 172.21.15.100:0/2272497569 <== mon.0 v2:172.21.15.100:3300/0 1 ==== mon_map magic: 0 ==== 205+0+0 (secure 0 0 0) 0x7fc8dc037070 con 0x7fc8ec07dde0
2024-09-11T21:48:21.427 INFO:teuthology.orchestra.run.smithi100.stdout:/usr/bin/ceph: stderr
2024-09-11T21:48:19.767+0000 7fc8e9ffb640 1 -- 172.21.15.100:0/2272497569 <== mon.0 v2:172.21.15.100:3300/0 2 ==== config(29 keys) ==== 1209+0+0 (secure 0 0 0) 0x7fc8dc032960 con 0x7fc8ec07dde0
2024-09-11T21:48:21.427 INFO:teuthology.orchestra.run.smithi100.stdout:/usr/bin/ceph: stderr
2024-09-11T21:48:19.767+0000 7fc8e9ffb640 1 -- 172.21.15.100:0/2272497569 <== mon.0 v2:172.21.15.100:3300/0 3 ==== mon_map magic: 0 ==== 205+0+0 (secure 0 0 0) 0x7fc8dc030980 con 0x7fc8ec07dde0
2024-09-11T21:48:21.427 INFO:teuthology.orchestra.run.smithi100.stdout:/usr/bin/ceph: stderr
2024-09-11T21:48:19.767+0000 7fc8f16d3640 1 -- 172.21.15.100:0/2272497569 >> [v2:172.21.15.100:3300/0,v1:172.21.15.100:6789/0] conn(0x7fc8ec07dde0 msgr2=0x7fc8ec07c2e0 secure :-1 s=STATE_CONNECTION_ESTABLISHED l=1).mark_down
2024-09-11T21:48:21.427 INFO:teuthology.orchestra.run.smithi100.stdout:/usr/bin/ceph: stderr
2024-09-11T21:48:19.767+0000 7fc8f16d3640 1 --2- 172.21.15.100:0/2272497569 >> [v2:172.21.15.100:3300/0,v1:172.21.15.100:6789/0] conn(0x7fc8ec07dde0 0x7fc8ec07c2e0 secure :-1 s=READY pgs=70 cs=0 l=1 rev1=1 crypto rx=0x7fc8dc009820 tx=0x7fc8dc02a270 comp rx=0 tx=0).stop
2024-09-11T21:48:21.427 INFO:teuthology.orchestra.run.smithi100.stdout:/usr/bin/ceph: stderr
2024-09-11T21:48:19.767+0000 7fc8f16d3640 1 -- 172.21.15.100:0/2272497569 shutdown_connections
2024-09-11T21:48:21.427 INFO:teuthology.orchestra.run.smithi100.stdout:/usr/bin/ceph: stderr
2024-09-11T21:48:19.767+0000 7fc8f16d3640 1 --2- 172.21.15.100:0/2272497569 >> [v2:172.21.15.100:3300/0,v1:172.21.15.100:6789/0] conn(0x7fc8ec07dde0 0x7fc8ec07c2e0 unknown :-1 s=CLOSED pgs=70 cs=0 l=1 rev1=1 crypto rx=0 tx=0 comp rx=0 tx=0).stop
2024-09-11T21:48:21.427 INFO:teuthology.orchestra.run.smithi100.stdout:/usr/bin/ceph: stderr
2024-09-11T21:48:19.767+0000 7fc8f16d3640 1 -- 172.21.15.100:0/2272497569 >> 172.21.15.100:0/2272497569 conn(0x7fc8ec103230 msgr2=0x7fc8ec105650 unknown :-1 s=STATE_NONE l=0).mark_down
2024-09-11T21:48:21.427 INFO:teuthology.orchestra.run.smithi100.stdout:/usr/bin/ceph: stderr
2024-09-11T21:48:19.768+0000 7fc8f16d3640 1 -- 172.21.15.100:0/2272497569 shutdown_connections
2024-09-11T21:48:21.427 INFO:teuthology.orchestra.run.smithi100.stdout:/usr/bin/ceph: stderr
2024-09-11T21:48:19.768+0000 7fc8f16d3640 1 -- 172.21.15.100:0/2272497569 wait complete.
2024-09-11T21:48:21.427 INFO:teuthology.orchestra.run.smithi100.stdout:/usr/bin/ceph: stderr
2024-09-11T21:48:19.768+0000 7fc8f16d3640 1 Processor -- start
2024-09-11T21:48:21.428 INFO:teuthology.orchestra.run.smithi100.stdout:/usr/bin/ceph: stderr
2024-09-11T21:48:19.768+0000 7fc8f16d3640 1 -- start start
2024-09-11T21:48:21.428 INFO:teuthology.orchestra.run.smithi100.stdout:/usr/bin/ceph: stderr
2024-09-11T21:48:19.768+0000 7fc8f16d3640 1 --2- >> [v2:172.21.15.100:3300/0,v1:172.21.15.100:6789/0] conn(0x7fc8ec07dde0 0x7fc8ec19dc00 unknown :-1 s=NONE pgs=0 cs=0 l=1 rev1=0 crypto rx=0 tx=0 comp rx=0 tx=0).connect
2024-09-11T21:48:21.428 INFO:teuthology.orchestra.run.smithi100.stdout:/usr/bin/ceph: stderr
2024-09-11T21:48:19.768+0000 7fc8f16d3640 1 -- --> [v2:172.21.15.100:3300/0,v1:172.21.15.100:6789/0] -- mon_getmap magic: 0 -- 0x7fc8ec10e130 con 0x7fc8ec07dde0
2024-09-11T21:48:21.428 INFO:teuthology.orchestra.run.smithi100.stdout:/usr/bin/ceph: stderr
2024-09-11T21:48:19.769+0000 7fc8eaffd640 1 --2- >> [v2:172.21.15.100:3300/0,v1:172.21.15.100:6789/0] conn(0x7fc8ec07dde0 0x7fc8ec19dc00 unknown :-1 s=BANNER_CONNECTING pgs=0 cs=0 l=1 rev1=0 crypto rx=0 tx=0 comp rx=0 tx=0)._handle_peer_banner_payload supported=3 required=0
2024-09-11T21:48:21.428 INFO:teuthology.orchestra.run.smithi100.stdout:/usr/bin/ceph: stderr
2024-09-11T21:48:19.769+0000 7fc8eaffd640 1 --2- >> [v2:172.21.15.100:3300/0,v1:172.21.15.100:6789/0] conn(0x7fc8ec07dde0 0x7fc8ec19dc00 unknown :-1 s=HELLO_CONNECTING pgs=0 cs=0 l=1 rev1=1 crypto rx=0 tx=0 comp rx=0 tx=0).handle_hello peer v2:172.21.15.100:3300/0 says I am v2:172.21.15.100:56420/0 (socket says 172.21.15.100:56420)
2024-09-11T21:48:21.428 INFO:teuthology.orchestra.run.smithi100.stdout:/usr/bin/ceph: stderr
2024-09-11T21:48:19.769+0000 7fc8eaffd640 1 -- 172.21.15.100:0/645241768 learned_addr learned my addr 172.21.15.100:0/645241768 (peer_addr_for_me v2:172.21.15.100:0/0)
2024-09-11T21:48:21.428 INFO:teuthology.orchestra.run.smithi100.stdout:/usr/bin/ceph: stderr
2024-09-11T21:48:19.769+0000 7fc8eaffd640 1 -- 172.21.15.100:0/645241768 --> [v2:172.21.15.100:3300/0,v1:172.21.15.100:6789/0] -- mon_subscribe({config=0+,monmap=0+}) -- 0x7fc8ec19e140 con 0x7fc8ec07dde0
2024-09-11T21:48:21.428 INFO:teuthology.orchestra.run.smithi100.stdout:/usr/bin/ceph: stderr
2024-09-11T21:48:19.769+0000 7fc8eaffd640 1 --2- 172.21.15.100:0/645241768 >> [v2:172.21.15.100:3300/0,v1:172.21.15.100:6789/0] conn(0x7fc8ec07dde0 0x7fc8ec19dc00 secure :-1 s=READY pgs=71 cs=0 l=1 rev1=1 crypto rx=0x7fc8dc009940 tx=0x7fc8dc032670 comp rx=0 tx=0).ready entity=mon.0 client_cookie=0 server_cookie=0 in_seq=0 out_seq=0
2024-09-11T21:48:21.429 INFO:teuthology.orchestra.run.smithi100.stdout:/usr/bin/ceph: stderr
2024-09-11T21:48:19.769+0000 7fc8d3fff640 1 -- 172.21.15.100:0/645241768 <== mon.0 v2:172.21.15.100:3300/0 1 ==== mon_map magic: 0 ==== 205+0+0 (secure 0 0 0) 0x7fc8dc042070 con 0x7fc8ec07dde0
2024-09-11T21:48:21.429 INFO:teuthology.orchestra.run.smithi100.stdout:/usr/bin/ceph: stderr
2024-09-11T21:48:19.769+0000 7fc8d3fff640 1 -- 172.21.15.100:0/645241768 <== mon.0 v2:172.21.15.100:3300/0 2 ==== config(29 keys) ==== 1209+0+0 (secure 0 0 0) 0x7fc8dc03d950 con 0x7fc8ec07dde0
2024-09-11T21:48:21.429 INFO:teuthology.orchestra.run.smithi100.stdout:/usr/bin/ceph: stderr
2024-09-11T21:48:19.769+0000 7fc8f16d3640 1 -- 172.21.15.100:0/645241768 --> [v2:172.21.15.100:3300/0,v1:172.21.15.100:6789/0] -- mon_subscribe({mgrmap=0+}) -- 0x7fc8ec19e3d0 con 0x7fc8ec07dde0
2024-09-11T21:48:21.429 INFO:teuthology.orchestra.run.smithi100.stdout:/usr/bin/ceph: stderr
2024-09-11T21:48:19.769+0000 7fc8d3fff640 1 -- 172.21.15.100:0/645241768 <== mon.0 v2:172.21.15.100:3300/0 3 ==== mon_map magic: 0 ==== 205+0+0 (secure 0 0 0) 0x7fc8dc037040 con 0x7fc8ec07dde0
2024-09-11T21:48:21.429 INFO:teuthology.orchestra.run.smithi100.stdout:/usr/bin/ceph: stderr
2024-09-11T21:48:19.769+0000 7fc8f16d3640 1 -- 172.21.15.100:0/645241768 --> [v2:172.21.15.100:3300/0,v1:172.21.15.100:6789/0] -- mon_subscribe({osdmap=0}) -- 0x7fc8ec1a10c0 con 0x7fc8ec07dde0
2024-09-11T21:48:21.429 INFO:teuthology.orchestra.run.smithi100.stdout:/usr/bin/ceph: stderr
2024-09-11T21:48:19.770+0000 7fc8d3fff640 1 -- 172.21.15.100:0/645241768 <== mon.0 v2:172.21.15.100:3300/0 4 ==== mgrmap(e 12) ==== 46300+0+0 (secure 0 0 0) 0x7fc8dc045070 con 0x7fc8ec07dde0
2024-09-11T21:48:21.429 INFO:teuthology.orchestra.run.smithi100.stdout:/usr/bin/ceph: stderr
2024-09-11T21:48:19.770+0000 7fc8f16d3640 1 -- 172.21.15.100:0/645241768 --> [v2:172.21.15.100:3300/0,v1:172.21.15.100:6789/0] -- mon_command({"prefix": "get_command_descriptions"} v 0) -- 0x7fc8ec07c2e0 con 0x7fc8ec07dde0
2024-09-11T21:48:21.429 INFO:teuthology.orchestra.run.smithi100.stdout:/usr/bin/ceph: stderr
2024-09-11T21:48:19.770+0000 7fc8d3fff640 1 --2- 172.21.15.100:0/645241768 >> [v2:172.21.15.100:6800/1131882352,v1:172.21.15.100:6801/1131882352] conn(0x7fc8d4038fc0 0x7fc8d403b480 unknown :-1 s=NONE pgs=0 cs=0 l=1 rev1=0 crypto rx=0 tx=0 comp rx=0 tx=0).connect
2024-09-11T21:48:21.429 INFO:teuthology.orchestra.run.smithi100.stdout:/usr/bin/ceph: stderr
2024-09-11T21:48:19.771+0000 7fc8d3fff640 1 -- 172.21.15.100:0/645241768 <== mon.0 v2:172.21.15.100:3300/0 5 ==== osd_map(3..3 src has 1..3) ==== 1155+0+0 (secure 0 0 0) 0x7fc8dc06c270 con 0x7fc8ec07dde0
2024-09-11T21:48:21.429 INFO:teuthology.orchestra.run.smithi100.stdout:/usr/bin/ceph: stderr
2024-09-11T21:48:19.771+0000 7fc8ea7fc640 1 --2- 172.21.15.100:0/645241768 >> [v2:172.21.15.100:6800/1131882352,v1:172.21.15.100:6801/1131882352] conn(0x7fc8d4038fc0 0x7fc8d403b480 unknown :-1 s=BANNER_CONNECTING pgs=0 cs=0 l=1 rev1=0 crypto rx=0 tx=0 comp rx=0 tx=0)._handle_peer_banner_payload supported=3 required=0
2024-09-11T21:48:21.429 INFO:teuthology.orchestra.run.smithi100.stdout:/usr/bin/ceph: stderr
2024-09-11T21:48:19.771+0000 7fc8ea7fc640 1 --2- 172.21.15.100:0/645241768 >> [v2:172.21.15.100:6800/1131882352,v1:172.21.15.100:6801/1131882352] conn(0x7fc8d4038fc0 0x7fc8d403b480 secure :-1 s=READY pgs=8 cs=0 l=1 rev1=1 crypto rx=0x7fc8e00098c0 tx=0x7fc8e0006db0 comp rx=0 tx=0).ready entity=mgr.14150 client_cookie=0 server_cookie=0 in_seq=0 out_seq=0
2024-09-11T21:48:21.429 INFO:teuthology.orchestra.run.smithi100.stdout:/usr/bin/ceph: stderr
2024-09-11T21:48:19.775+0000 7fc8d3fff640 1 -- 172.21.15.100:0/645241768 <== mon.0 v2:172.21.15.100:3300/0 6 ==== mon_command_ack([{"prefix": "get_command_descriptions"}]=0 v0) ==== 72+0+188821 (secure 0 0 0) 0x7fc8dc02f2a0 con 0x7fc8ec07dde0
2024-09-11T21:48:21.430 INFO:teuthology.orchestra.run.smithi100.stdout:/usr/bin/ceph: stderr
2024-09-11T21:48:19.959+0000 7fc8f16d3640 1 -- 172.21.15.100:0/645241768 --> [v2:172.21.15.100:6800/1131882352,v1:172.21.15.100:6801/1131882352] -- mgr_command(tid 0: {"prefix": "dashboard ac-user-create", "username": "admin", "rolename": "administrator", "force_password": true, "pwd_update_required": true, "target": ["mon-mgr", ""]}) -- 0x7fc8ec19e8b0 con 0x7fc8d4038fc0
2024-09-11T21:48:21.430 INFO:teuthology.orchestra.run.smithi100.stdout:/usr/bin/ceph: stderr
2024-09-11T21:48:20.183+0000 7fc8d3fff640 1 -- 172.21.15.100:0/645241768 <== mgr.14150 v2:172.21.15.100:6800/1131882352 1 ==== mgr_command_reply(tid 0: 0 ) ==== 8+0+252 (secure 0 0 0) 0x7fc8ec19e8b0 con 0x7fc8d4038fc0
2024-09-11T21:48:21.430 INFO:teuthology.orchestra.run.smithi100.stdout:/usr/bin/ceph: stderr
2024-09-11T21:48:20.186+0000 7fc8f16d3640 1 -- 172.21.15.100:0/645241768 >> [v2:172.21.15.100:6800/1131882352,v1:172.21.15.100:6801/1131882352] conn(0x7fc8d4038fc0 msgr2=0x7fc8d403b480 secure :-1 s=STATE_CONNECTION_ESTABLISHED l=1).mark_down
2024-09-11T21:48:21.430 INFO:teuthology.orchestra.run.smithi100.stdout:/usr/bin/ceph: stderr
2024-09-11T21:48:20.186+0000 7fc8f16d3640 1 --2- 172.21.15.100:0/645241768 >> [v2:172.21.15.100:6800/1131882352,v1:172.21.15.100:6801/1131882352] conn(0x7fc8d4038fc0 0x7fc8d403b480 secure :-1 s=READY pgs=8 cs=0 l=1 rev1=1 crypto rx=0x7fc8e00098c0 tx=0x7fc8e0006db0 comp rx=0 tx=0).stop
2024-09-11T21:48:21.430 INFO:teuthology.orchestra.run.smithi100.stdout:/usr/bin/ceph: stderr
2024-09-11T21:48:20.186+0000 7fc8f16d3640 1 -- 172.21.15.100:0/645241768 >> [v2:172.21.15.100:3300/0,v1:172.21.15.100:6789/0] conn(0x7fc8ec07dde0 msgr2=0x7fc8ec19dc00 secure :-1 s=STATE_CONNECTION_ESTABLISHED l=1).mark_down
2024-09-11T21:48:21.430 INFO:teuthology.orchestra.run.smithi100.stdout:/usr/bin/ceph: stderr
2024-09-11T21:48:20.186+0000 7fc8f16d3640 1 --2- 172.21.15.100:0/645241768 >> [v2:172.21.15.100:3300/0,v1:172.21.15.100:6789/0] conn(0x7fc8ec07dde0 0x7fc8ec19dc00 secure :-1 s=READY pgs=71 cs=0 l=1 rev1=1 crypto rx=0x7fc8dc009940 tx=0x7fc8dc032670 comp rx=0 tx=0).stop
2024-09-11T21:48:21.430 INFO:teuthology.orchestra.run.smithi100.stdout:/usr/bin/ceph: stderr
2024-09-11T21:48:20.186+0000 7fc8f16d3640 1 -- 172.21.15.100:0/645241768 shutdown_connections
2024-09-11T21:48:21.430 INFO:teuthology.orchestra.run.smithi100.stdout:/usr/bin/ceph: stderr
2024-09-11T21:48:20.186+0000 7fc8f16d3640 1 --2- 172.21.15.100:0/645241768 >> [v2:172.21.15.100:6800/1131882352,v1:172.21.15.100:6801/1131882352] conn(0x7fc8d4038fc0 0x7fc8d403b480 unknown :-1 s=CLOSED pgs=8 cs=0 l=1 rev1=1 crypto rx=0 tx=0 comp rx=0 tx=0).stop
2024-09-11T21:48:21.430 INFO:teuthology.orchestra.run.smithi100.stdout:/usr/bin/ceph: stderr
2024-09-11T21:48:20.186+0000 7fc8f16d3640 1 --2- 172.21.15.100:0/645241768 >> [v2:172.21.15.100:3300/0,v1:172.21.15.100:6789/0] conn(0x7fc8ec07dde0 0x7fc8ec19dc00 unknown :-1 s=CLOSED pgs=71 cs=0 l=1 rev1=1 crypto rx=0 tx=0 comp rx=0 tx=0).stop
2024-09-11T21:48:21.430 INFO:teuthology.orchestra.run.smithi100.stdout:/usr/bin/ceph: stderr
2024-09-11T21:48:20.186+0000 7fc8f16d3640 1 -- 172.21.15.100:0/645241768 >> 172.21.15.100:0/645241768 conn(0x7fc8ec103230 msgr2=0x7fc8ec103d60 unknown :-1 s=STATE_NONE l=0).mark_down
2024-09-11T21:48:21.430 INFO:teuthology.orchestra.run.smithi100.stdout:/usr/bin/ceph: stderr
2024-09-11T21:48:20.186+0000 7fc8f16d3640 1 -- 172.21.15.100:0/645241768 shutdown_connections
2024-09-11T21:48:21.430 INFO:teuthology.orchestra.run.smithi100.stdout:/usr/bin/ceph: stderr
2024-09-11T21:48:20.186+0000 7fc8f16d3640 1 -- 172.21.15.100:0/645241768 wait complete.
2024-09-11T21:48:21.431 INFO:teuthology.orchestra.run.smithi100.stdout:Fetching dashboard port number...
2024-09-11T21:48:22.316 INFO:journalctl@ceph.mon.a.smithi100.stdout:Sep 11 21:48:22 smithi100 ceph-mon[31442]: from='client.? 172.21.15.100:0/613372785' entity='client.admin' cmd=[{"prefix": "config get", "who": "mgr", "key": "mgr/dashboard/ssl_server_port"}]: dispatch
2024-09-11T21:48:22.615 INFO:teuthology.orchestra.run.smithi100.stdout:/usr/bin/ceph: stdout 8443
2024-09-11T21:48:22.616 INFO:teuthology.orchestra.run.smithi100.stdout:/usr/bin/ceph: stderr
2024-09-11T21:48:21.841+0000 7f39b3bc7640 1 Processor -- start
2024-09-11T21:48:22.616 INFO:teuthology.orchestra.run.smithi100.stdout:/usr/bin/ceph: stderr
2024-09-11T21:48:21.842+0000 7f39b3bc7640 1 -- start start
2024-09-11T21:48:22.616 INFO:teuthology.orchestra.run.smithi100.stdout:/usr/bin/ceph: stderr
2024-09-11T21:48:21.842+0000 7f39b3bc7640 1 --2- >> [v2:172.21.15.100:3300/0,v1:172.21.15.100:6789/0] conn(0x7f39ac1079e0 0x7f39ac107de0 unknown :-1 s=NONE pgs=0 cs=0 l=0 rev1=0 crypto rx=0 tx=0 comp rx=0 tx=0).connect
2024-09-11T21:48:22.616 INFO:teuthology.orchestra.run.smithi100.stdout:/usr/bin/ceph: stderr
2024-09-11T21:48:21.842+0000 7f39b3bc7640 1 -- --> [v2:172.21.15.100:3300/0,v1:172.21.15.100:6789/0] -- mon_getmap magic: 0 -- 0x7f39ac1083b0 con 0x7f39ac1079e0
2024-09-11T21:48:22.616 INFO:teuthology.orchestra.run.smithi100.stdout:/usr/bin/ceph: stderr
2024-09-11T21:48:21.842+0000 7f39b1963640 1 --2- >> [v2:172.21.15.100:3300/0,v1:172.21.15.100:6789/0] conn(0x7f39ac1079e0 0x7f39ac107de0 unknown :-1 s=BANNER_CONNECTING pgs=0 cs=0 l=0 rev1=0 crypto rx=0 tx=0 comp rx=0 tx=0)._handle_peer_banner_payload supported=3 required=0
2024-09-11T21:48:22.616 INFO:teuthology.orchestra.run.smithi100.stdout:/usr/bin/ceph: stderr
2024-09-11T21:48:21.842+0000 7f39b1963640 1 --2- >> [v2:172.21.15.100:3300/0,v1:172.21.15.100:6789/0] conn(0x7f39ac1079e0 0x7f39ac107de0 unknown :-1 s=HELLO_CONNECTING pgs=0 cs=0 l=0 rev1=1 crypto rx=0 tx=0 comp rx=0 tx=0).handle_hello peer v2:172.21.15.100:3300/0 says I am v2:172.21.15.100:56436/0 (socket says 172.21.15.100:56436)
2024-09-11T21:48:22.616 INFO:teuthology.orchestra.run.smithi100.stdout:/usr/bin/ceph: stderr
2024-09-11T21:48:21.842+0000 7f39b1963640 1 -- 172.21.15.100:0/3527643756 learned_addr learned my addr 172.21.15.100:0/3527643756 (peer_addr_for_me v2:172.21.15.100:0/0)
2024-09-11T21:48:22.616 INFO:teuthology.orchestra.run.smithi100.stdout:/usr/bin/ceph: stderr
2024-09-11T21:48:21.842+0000 7f39b1963640 1 -- 172.21.15.100:0/3527643756 --> [v2:172.21.15.100:3300/0,v1:172.21.15.100:6789/0] -- mon_subscribe({config=0+,monmap=0+}) -- 0x7f39ac108be0 con 0x7f39ac1079e0
2024-09-11T21:48:22.616 INFO:teuthology.orchestra.run.smithi100.stdout:/usr/bin/ceph: stderr
2024-09-11T21:48:21.843+0000 7f39b1963640 1 --2- 172.21.15.100:0/3527643756 >> [v2:172.21.15.100:3300/0,v1:172.21.15.100:6789/0] conn(0x7f39ac1079e0 0x7f39ac107de0 secure :-1 s=READY pgs=72 cs=0 l=1 rev1=1 crypto rx=0x7f39a8009820 tx=0x7f39a802a270 comp rx=0 tx=0).ready entity=mon.0 client_cookie=dc6241b1fc088600 server_cookie=0 in_seq=0 out_seq=0
2024-09-11T21:48:22.616 INFO:teuthology.orchestra.run.smithi100.stdout:/usr/bin/ceph: stderr
2024-09-11T21:48:21.843+0000 7f39b0961640 1 -- 172.21.15.100:0/3527643756 <== mon.0 v2:172.21.15.100:3300/0 1 ==== mon_map magic: 0 ==== 205+0+0 (secure 0 0 0) 0x7f39a8037070 con 0x7f39ac1079e0
2024-09-11T21:48:22.616 INFO:teuthology.orchestra.run.smithi100.stdout:/usr/bin/ceph: stderr
2024-09-11T21:48:21.843+0000 7f39b0961640 1 -- 172.21.15.100:0/3527643756 <== mon.0 v2:172.21.15.100:3300/0 2 ==== config(29 keys) ==== 1209+0+0 (secure 0 0 0) 0x7f39a8032960 con 0x7f39ac1079e0
2024-09-11T21:48:22.616 INFO:teuthology.orchestra.run.smithi100.stdout:/usr/bin/ceph: stderr
2024-09-11T21:48:21.843+0000 7f39b0961640 1 -- 172.21.15.100:0/3527643756 <== mon.0 v2:172.21.15.100:3300/0 3 ==== mon_map magic: 0 ==== 205+0+0 (secure 0 0 0) 0x7f39a8030980 con 0x7f39ac1079e0
2024-09-11T21:48:22.617 INFO:teuthology.orchestra.run.smithi100.stdout:/usr/bin/ceph: stderr
2024-09-11T21:48:21.844+0000 7f39b3bc7640 1 -- 172.21.15.100:0/3527643756 >> [v2:172.21.15.100:3300/0,v1:172.21.15.100:6789/0] conn(0x7f39ac1079e0 msgr2=0x7f39ac107de0 secure :-1 s=STATE_CONNECTION_ESTABLISHED l=1).mark_down
2024-09-11T21:48:22.617 INFO:teuthology.orchestra.run.smithi100.stdout:/usr/bin/ceph: stderr
2024-09-11T21:48:21.844+0000 7f39b3bc7640 1 --2- 172.21.15.100:0/3527643756 >> [v2:172.21.15.100:3300/0,v1:172.21.15.100:6789/0] conn(0x7f39ac1079e0 0x7f39ac107de0 secure :-1 s=READY pgs=72 cs=0 l=1 rev1=1 crypto rx=0x7f39a8009820 tx=0x7f39a802a270 comp rx=0 tx=0).stop
2024-09-11T21:48:22.617 INFO:teuthology.orchestra.run.smithi100.stdout:/usr/bin/ceph: stderr
2024-09-11T21:48:21.844+0000 7f39b3bc7640 1 -- 172.21.15.100:0/3527643756 shutdown_connections
2024-09-11T21:48:22.617 INFO:teuthology.orchestra.run.smithi100.stdout:/usr/bin/ceph: stderr
2024-09-11T21:48:21.844+0000 7f39b3bc7640 1 --2- 172.21.15.100:0/3527643756 >> [v2:172.21.15.100:3300/0,v1:172.21.15.100:6789/0] conn(0x7f39ac1079e0 0x7f39ac107de0 unknown :-1 s=CLOSED pgs=72 cs=0 l=1 rev1=1 crypto rx=0 tx=0 comp rx=0 tx=0).stop
2024-09-11T21:48:22.617 INFO:teuthology.orchestra.run.smithi100.stdout:/usr/bin/ceph: stderr
2024-09-11T21:48:21.844+0000 7f39b3bc7640 1 -- 172.21.15.100:0/3527643756 >> 172.21.15.100:0/3527643756 conn(0x7f39ac1031b0 msgr2=0x7f39ac1055d0 unknown :-1 s=STATE_NONE l=0).mark_down
2024-09-11T21:48:22.617 INFO:teuthology.orchestra.run.smithi100.stdout:/usr/bin/ceph: stderr
2024-09-11T21:48:21.844+0000 7f39b3bc7640 1 -- 172.21.15.100:0/3527643756 shutdown_connections
2024-09-11T21:48:22.617 INFO:teuthology.orchestra.run.smithi100.stdout:/usr/bin/ceph: stderr
2024-09-11T21:48:21.844+0000 7f39b3bc7640 1 -- 172.21.15.100:0/3527643756 wait complete.
2024-09-11T21:48:22.617 INFO:teuthology.orchestra.run.smithi100.stdout:/usr/bin/ceph: stderr
2024-09-11T21:48:21.845+0000 7f39b3bc7640 1 Processor -- start
2024-09-11T21:48:22.618 INFO:teuthology.orchestra.run.smithi100.stdout:/usr/bin/ceph: stderr
2024-09-11T21:48:21.845+0000 7f39b3bc7640 1 -- start start
2024-09-11T21:48:22.618 INFO:teuthology.orchestra.run.smithi100.stdout:/usr/bin/ceph: stderr
2024-09-11T21:48:21.845+0000 7f39b3bc7640 1 --2- >> [v2:172.21.15.100:3300/0,v1:172.21.15.100:6789/0] conn(0x7f39ac1079e0 0x7f39ac19ba60 unknown :-1 s=NONE pgs=0 cs=0 l=1 rev1=0 crypto rx=0 tx=0 comp rx=0 tx=0).connect
2024-09-11T21:48:22.618 INFO:teuthology.orchestra.run.smithi100.stdout:/usr/bin/ceph: stderr
2024-09-11T21:48:21.845+0000 7f39b3bc7640 1 -- --> [v2:172.21.15.100:3300/0,v1:172.21.15.100:6789/0] -- mon_getmap magic: 0 -- 0x7f39ac10bf90 con 0x7f39ac1079e0
2024-09-11T21:48:22.618 INFO:teuthology.orchestra.run.smithi100.stdout:/usr/bin/ceph: stderr
2024-09-11T21:48:21.845+0000 7f39b1963640 1 --2- >> [v2:172.21.15.100:3300/0,v1:172.21.15.100:6789/0] conn(0x7f39ac1079e0 0x7f39ac19ba60 unknown :-1 s=BANNER_CONNECTING pgs=0 cs=0 l=1 rev1=0 crypto rx=0 tx=0 comp rx=0 tx=0)._handle_peer_banner_payload supported=3 required=0
2024-09-11T21:48:22.618 INFO:teuthology.orchestra.run.smithi100.stdout:/usr/bin/ceph: stderr
2024-09-11T21:48:21.845+0000 7f39b1963640 1 --2- >> [v2:172.21.15.100:3300/0,v1:172.21.15.100:6789/0] conn(0x7f39ac1079e0 0x7f39ac19ba60 unknown :-1 s=HELLO_CONNECTING pgs=0 cs=0 l=1 rev1=1 crypto rx=0 tx=0 comp rx=0 tx=0).handle_hello peer v2:172.21.15.100:3300/0 says I am v2:172.21.15.100:56446/0 (socket says 172.21.15.100:56446)
2024-09-11T21:48:22.618 INFO:teuthology.orchestra.run.smithi100.stdout:/usr/bin/ceph: stderr
2024-09-11T21:48:21.845+0000 7f39b1963640 1 -- 172.21.15.100:0/613372785 learned_addr learned my addr 172.21.15.100:0/613372785 (peer_addr_for_me v2:172.21.15.100:0/0)
2024-09-11T21:48:22.618 INFO:teuthology.orchestra.run.smithi100.stdout:/usr/bin/ceph: stderr
2024-09-11T21:48:21.845+0000 7f39b1963640 1 -- 172.21.15.100:0/613372785 --> [v2:172.21.15.100:3300/0,v1:172.21.15.100:6789/0] -- mon_subscribe({config=0+,monmap=0+}) -- 0x7f39ac19bfa0 con 0x7f39ac1079e0
2024-09-11T21:48:22.618 INFO:teuthology.orchestra.run.smithi100.stdout:/usr/bin/ceph: stderr
2024-09-11T21:48:21.845+0000 7f39b1963640 1 --2- 172.21.15.100:0/613372785 >> [v2:172.21.15.100:3300/0,v1:172.21.15.100:6789/0] conn(0x7f39ac1079e0 0x7f39ac19ba60 secure :-1 s=READY pgs=73 cs=0 l=1 rev1=1 crypto rx=0x7f39a8032ea0 tx=0x7f39a8032ed0 comp rx=0 tx=0).ready entity=mon.0 client_cookie=0 server_cookie=0 in_seq=0 out_seq=0
2024-09-11T21:48:22.619 INFO:teuthology.orchestra.run.smithi100.stdout:/usr/bin/ceph: stderr
2024-09-11T21:48:21.845+0000 7f39a2ffd640 1 -- 172.21.15.100:0/613372785 <== mon.0 v2:172.21.15.100:3300/0 1 ==== mon_map magic: 0 ==== 205+0+0 (secure 0 0 0) 0x7f39a8042070 con 0x7f39ac1079e0
2024-09-11T21:48:22.619 INFO:teuthology.orchestra.run.smithi100.stdout:/usr/bin/ceph: stderr
2024-09-11T21:48:21.845+0000 7f39a2ffd640 1 -- 172.21.15.100:0/613372785 <== mon.0 v2:172.21.15.100:3300/0 2 ==== config(29 keys) ==== 1209+0+0 (secure 0 0 0) 0x7f39a80326c0 con 0x7f39ac1079e0
2024-09-11T21:48:22.619 INFO:teuthology.orchestra.run.smithi100.stdout:/usr/bin/ceph: stderr
2024-09-11T21:48:21.846+0000 7f39b3bc7640 1 -- 172.21.15.100:0/613372785 --> [v2:172.21.15.100:3300/0,v1:172.21.15.100:6789/0] -- mon_subscribe({mgrmap=0+}) -- 0x7f39ac19c230 con 0x7f39ac1079e0
2024-09-11T21:48:22.619 INFO:teuthology.orchestra.run.smithi100.stdout:/usr/bin/ceph: stderr
2024-09-11T21:48:21.846+0000 7f39a2ffd640 1 -- 172.21.15.100:0/613372785 <== mon.0 v2:172.21.15.100:3300/0 3 ==== mon_map magic: 0 ==== 205+0+0 (secure 0 0 0) 0x7f39a8037040 con 0x7f39ac1079e0
2024-09-11T21:48:22.619 INFO:teuthology.orchestra.run.smithi100.stdout:/usr/bin/ceph: stderr
2024-09-11T21:48:21.846+0000 7f39b3bc7640 1 -- 172.21.15.100:0/613372785 --> [v2:172.21.15.100:3300/0,v1:172.21.15.100:6789/0] -- mon_subscribe({osdmap=0}) -- 0x7f39ac19ef20 con 0x7f39ac1079e0
2024-09-11T21:48:22.619 INFO:teuthology.orchestra.run.smithi100.stdout:/usr/bin/ceph: stderr
2024-09-11T21:48:21.846+0000 7f39a2ffd640 1 -- 172.21.15.100:0/613372785 <== mon.0 v2:172.21.15.100:3300/0 4 ==== mgrmap(e 12) ==== 46300+0+0 (secure 0 0 0) 0x7f39a8045070 con 0x7f39ac1079e0
2024-09-11T21:48:22.619 INFO:teuthology.orchestra.run.smithi100.stdout:/usr/bin/ceph: stderr
2024-09-11T21:48:21.847+0000 7f39b3bc7640 1 -- 172.21.15.100:0/613372785 --> [v2:172.21.15.100:3300/0,v1:172.21.15.100:6789/0] -- mon_command({"prefix": "get_command_descriptions"} v 0) -- 0x7f39ac107de0 con 0x7f39ac1079e0
2024-09-11T21:48:22.619 INFO:teuthology.orchestra.run.smithi100.stdout:/usr/bin/ceph: stderr
2024-09-11T21:48:21.847+0000 7f39a2ffd640 1 --2- 172.21.15.100:0/613372785 >> [v2:172.21.15.100:6800/1131882352,v1:172.21.15.100:6801/1131882352] conn(0x7f3998039020 0x7f399803b4e0 unknown :-1 s=NONE pgs=0 cs=0 l=1 rev1=0 crypto rx=0 tx=0 comp rx=0 tx=0).connect
2024-09-11T21:48:22.619 INFO:teuthology.orchestra.run.smithi100.stdout:/usr/bin/ceph: stderr
2024-09-11T21:48:21.847+0000 7f39a2ffd640 1 -- 172.21.15.100:0/613372785 <== mon.0 v2:172.21.15.100:3300/0 5 ==== osd_map(3..3 src has 1..3) ==== 1155+0+0 (secure 0 0 0) 0x7f39a806c1a0 con 0x7f39ac1079e0
2024-09-11T21:48:22.620 INFO:teuthology.orchestra.run.smithi100.stdout:/usr/bin/ceph: stderr
2024-09-11T21:48:21.847+0000 7f39b1162640 1 --2- 172.21.15.100:0/613372785 >> [v2:172.21.15.100:6800/1131882352,v1:172.21.15.100:6801/1131882352] conn(0x7f3998039020 0x7f399803b4e0 unknown :-1 s=BANNER_CONNECTING pgs=0 cs=0 l=1 rev1=0 crypto rx=0 tx=0 comp rx=0 tx=0)._handle_peer_banner_payload supported=3 required=0
2024-09-11T21:48:22.620 INFO:teuthology.orchestra.run.smithi100.stdout:/usr/bin/ceph: stderr
2024-09-11T21:48:21.847+0000 7f39b1162640 1 --2- 172.21.15.100:0/613372785 >> [v2:172.21.15.100:6800/1131882352,v1:172.21.15.100:6801/1131882352] conn(0x7f3998039020 0x7f399803b4e0 secure :-1 s=READY pgs=9 cs=0 l=1 rev1=1 crypto rx=0x7f399c0098c0 tx=0x7f399c006db0 comp rx=0 tx=0).ready entity=mgr.14150 client_cookie=0 server_cookie=0 in_seq=0 out_seq=0
2024-09-11T21:48:22.620 INFO:teuthology.orchestra.run.smithi100.stdout:/usr/bin/ceph: stderr
2024-09-11T21:48:21.851+0000 7f39a2ffd640 1 -- 172.21.15.100:0/613372785 <== mon.0 v2:172.21.15.100:3300/0 6 ==== mon_command_ack([{"prefix": "get_command_descriptions"}]=0 v0) ==== 72+0+188821 (secure 0 0 0) 0x7f39a804b170 con 0x7f39ac1079e0
2024-09-11T21:48:22.620 INFO:teuthology.orchestra.run.smithi100.stdout:/usr/bin/ceph: stderr
2024-09-11T21:48:22.018+0000 7f39b3bc7640 1 -- 172.21.15.100:0/613372785 --> [v2:172.21.15.100:3300/0,v1:172.21.15.100:6789/0] -- mon_command({"prefix": "config get", "who": "mgr", "key": "mgr/dashboard/ssl_server_port"} v 0) -- 0x7f39ac19f510 con 0x7f39ac1079e0
2024-09-11T21:48:22.620 INFO:teuthology.orchestra.run.smithi100.stdout:/usr/bin/ceph: stderr
2024-09-11T21:48:22.018+0000 7f39a2ffd640 1 -- 172.21.15.100:0/613372785 <== mon.0 v2:172.21.15.100:3300/0 7 ==== mon_command_ack([{"prefix": "config get", "who": "mgr", "key": "mgr/dashboard/ssl_server_port"}]=0 v8) ==== 112+0+5 (secure 0 0 0) 0x7f39a803dc80 con 0x7f39ac1079e0
2024-09-11T21:48:22.620 INFO:teuthology.orchestra.run.smithi100.stdout:/usr/bin/ceph: stderr
2024-09-11T21:48:22.020+0000 7f39b3bc7640 1 -- 172.21.15.100:0/613372785 >> [v2:172.21.15.100:6800/1131882352,v1:172.21.15.100:6801/1131882352] conn(0x7f3998039020 msgr2=0x7f399803b4e0 secure :-1 s=STATE_CONNECTION_ESTABLISHED l=1).mark_down
2024-09-11T21:48:22.620 INFO:teuthology.orchestra.run.smithi100.stdout:/usr/bin/ceph: stderr
2024-09-11T21:48:22.020+0000 7f39b3bc7640 1 --2- 172.21.15.100:0/613372785 >> [v2:172.21.15.100:6800/1131882352,v1:172.21.15.100:6801/1131882352] conn(0x7f3998039020 0x7f399803b4e0 secure :-1 s=READY pgs=9 cs=0 l=1 rev1=1 crypto rx=0x7f399c0098c0 tx=0x7f399c006db0 comp rx=0 tx=0).stop
2024-09-11T21:48:22.620 INFO:teuthology.orchestra.run.smithi100.stdout:/usr/bin/ceph: stderr
2024-09-11T21:48:22.020+0000 7f39b3bc7640 1 -- 172.21.15.100:0/613372785 >> [v2:172.21.15.100:3300/0,v1:172.21.15.100:6789/0] conn(0x7f39ac1079e0 msgr2=0x7f39ac19ba60 secure :-1 s=STATE_CONNECTION_ESTABLISHED l=1).mark_down
2024-09-11T21:48:22.620 INFO:teuthology.orchestra.run.smithi100.stdout:/usr/bin/ceph: stderr
2024-09-11T21:48:22.020+0000 7f39b3bc7640 1 --2- 172.21.15.100:0/613372785 >> [v2:172.21.15.100:3300/0,v1:172.21.15.100:6789/0] conn(0x7f39ac1079e0 0x7f39ac19ba60 secure :-1 s=READY pgs=73 cs=0 l=1 rev1=1 crypto rx=0x7f39a8032ea0 tx=0x7f39a8032ed0 comp rx=0 tx=0).stop
2024-09-11T21:48:22.620 INFO:teuthology.orchestra.run.smithi100.stdout:/usr/bin/ceph: stderr
2024-09-11T21:48:22.020+0000 7f39b3bc7640 1 -- 172.21.15.100:0/613372785 shutdown_connections
2024-09-11T21:48:22.620 INFO:teuthology.orchestra.run.smithi100.stdout:/usr/bin/ceph: stderr
2024-09-11T21:48:22.020+0000 7f39b3bc7640 1 --2- 172.21.15.100:0/613372785 >> [v2:172.21.15.100:6800/1131882352,v1:172.21.15.100:6801/1131882352] conn(0x7f3998039020 0x7f399803b4e0 unknown :-1 s=CLOSED pgs=9 cs=0 l=1 rev1=1 crypto rx=0 tx=0 comp rx=0 tx=0).stop
2024-09-11T21:48:22.620 INFO:teuthology.orchestra.run.smithi100.stdout:/usr/bin/ceph: stderr
2024-09-11T21:48:22.020+0000 7f39b3bc7640 1 --2- 172.21.15.100:0/613372785 >> [v2:172.21.15.100:3300/0,v1:172.21.15.100:6789/0] conn(0x7f39ac1079e0 0x7f39ac19ba60 unknown :-1 s=CLOSED pgs=73 cs=0 l=1 rev1=1 crypto rx=0 tx=0 comp rx=0 tx=0).stop
2024-09-11T21:48:22.620 INFO:teuthology.orchestra.run.smithi100.stdout:/usr/bin/ceph: stderr
2024-09-11T21:48:22.020+0000 7f39b3bc7640 1 -- 172.21.15.100:0/613372785 >> 172.21.15.100:0/613372785 conn(0x7f39ac1031b0 msgr2=0x7f39ac103d20 unknown :-1 s=STATE_NONE l=0).mark_down
2024-09-11T21:48:22.621 INFO:teuthology.orchestra.run.smithi100.stdout:/usr/bin/ceph: stderr
2024-09-11T21:48:22.020+0000 7f39b3bc7640 1 -- 172.21.15.100:0/613372785 shutdown_connections
2024-09-11T21:48:22.621 INFO:teuthology.orchestra.run.smithi100.stdout:/usr/bin/ceph: stderr
2024-09-11T21:48:22.020+0000 7f39b3bc7640 1 -- 172.21.15.100:0/613372785 wait complete.
2024-09-11T21:48:22.623 INFO:teuthology.orchestra.run.smithi100.stdout:Non-zero exit code 1 from systemctl is-enabled firewalld.service
2024-09-11T21:48:22.623 INFO:teuthology.orchestra.run.smithi100.stdout:systemctl: stdout disabled
2024-09-11T21:48:22.631 INFO:teuthology.orchestra.run.smithi100.stdout:Non-zero exit code 3 from systemctl is-active firewalld.service
2024-09-11T21:48:22.631 INFO:teuthology.orchestra.run.smithi100.stdout:systemctl: stdout inactive
2024-09-11T21:48:22.631 INFO:teuthology.orchestra.run.smithi100.stdout:firewalld.service is not enabled
2024-09-11T21:48:22.631 INFO:teuthology.orchestra.run.smithi100.stdout:Not possible to open ports <[8443]>. firewalld.service is not available
2024-09-11T21:48:22.633 INFO:teuthology.orchestra.run.smithi100.stdout:Ceph Dashboard is now available at:
2024-09-11T21:48:22.633 INFO:teuthology.orchestra.run.smithi100.stdout:
2024-09-11T21:48:22.633 INFO:teuthology.orchestra.run.smithi100.stdout: URL: https://smithi100.front.sepia.ceph.com:8443/
2024-09-11T21:48:22.633 INFO:teuthology.orchestra.run.smithi100.stdout: User: admin
2024-09-11T21:48:22.633 INFO:teuthology.orchestra.run.smithi100.stdout: Password: jb2ycmxs76
2024-09-11T21:48:22.633 INFO:teuthology.orchestra.run.smithi100.stdout:
2024-09-11T21:48:22.633 INFO:teuthology.orchestra.run.smithi100.stdout:Saving cluster configuration to /var/lib/ceph/373ec39c-7087-11ef-bcea-c7b262605968/config directory
2024-09-11T21:48:23.480 INFO:journalctl@ceph.mon.a.smithi100.stdout:Sep 11 21:48:23 smithi100 ceph-mon[31442]: mgrmap e13: x(active, since 6s)
2024-09-11T21:48:23.882 INFO:teuthology.orchestra.run.smithi100.stdout:/usr/bin/ceph: stderr
2024-09-11T21:48:23.064+0000 7fa3fac1c640 1 Processor -- start
2024-09-11T21:48:23.882 INFO:teuthology.orchestra.run.smithi100.stdout:/usr/bin/ceph: stderr
2024-09-11T21:48:23.064+0000 7fa3fac1c640 1 -- start start
2024-09-11T21:48:23.882 INFO:teuthology.orchestra.run.smithi100.stdout:/usr/bin/ceph: stderr
2024-09-11T21:48:23.064+0000 7fa3fac1c640 1 --2- >> [v2:172.21.15.100:3300/0,v1:172.21.15.100:6789/0] conn(0x7fa3f41079e0 0x7fa3f4107de0 unknown :-1 s=NONE pgs=0 cs=0 l=0 rev1=0 crypto rx=0 tx=0 comp rx=0 tx=0).connect
2024-09-11T21:48:23.883 INFO:teuthology.orchestra.run.smithi100.stdout:/usr/bin/ceph: stderr
2024-09-11T21:48:23.064+0000 7fa3fac1c640 1 -- --> [v2:172.21.15.100:3300/0,v1:172.21.15.100:6789/0] -- mon_getmap magic: 0 -- 0x7fa3f41083b0 con 0x7fa3f41079e0
2024-09-11T21:48:23.883 INFO:teuthology.orchestra.run.smithi100.stdout:/usr/bin/ceph: stderr
2024-09-11T21:48:23.064+0000 7fa3f89b8640 1 --2- >> [v2:172.21.15.100:3300/0,v1:172.21.15.100:6789/0] conn(0x7fa3f41079e0 0x7fa3f4107de0 unknown :-1 s=BANNER_CONNECTING pgs=0 cs=0 l=0 rev1=0 crypto rx=0 tx=0 comp rx=0 tx=0)._handle_peer_banner_payload supported=3 required=0
2024-09-11T21:48:23.883 INFO:teuthology.orchestra.run.smithi100.stdout:/usr/bin/ceph: stderr
2024-09-11T21:48:23.065+0000 7fa3f89b8640 1 --2- >> [v2:172.21.15.100:3300/0,v1:172.21.15.100:6789/0] conn(0x7fa3f41079e0 0x7fa3f4107de0 unknown :-1 s=HELLO_CONNECTING pgs=0 cs=0 l=0 rev1=1 crypto rx=0 tx=0 comp rx=0 tx=0).handle_hello peer v2:172.21.15.100:3300/0 says I am v2:172.21.15.100:56462/0 (socket says 172.21.15.100:56462)
2024-09-11T21:48:23.883 INFO:teuthology.orchestra.run.smithi100.stdout:/usr/bin/ceph: stderr
2024-09-11T21:48:23.065+0000 7fa3f89b8640 1 -- 172.21.15.100:0/425215160 learned_addr learned my addr 172.21.15.100:0/425215160 (peer_addr_for_me v2:172.21.15.100:0/0)
2024-09-11T21:48:23.883 INFO:teuthology.orchestra.run.smithi100.stdout:/usr/bin/ceph: stderr
2024-09-11T21:48:23.065+0000 7fa3f89b8640 1 -- 172.21.15.100:0/425215160 --> [v2:172.21.15.100:3300/0,v1:172.21.15.100:6789/0] -- mon_subscribe({config=0+,monmap=0+}) -- 0x7fa3f4108be0 con 0x7fa3f41079e0
2024-09-11T21:48:23.883 INFO:teuthology.orchestra.run.smithi100.stdout:/usr/bin/ceph: stderr
2024-09-11T21:48:23.065+0000 7fa3f89b8640 1 --2- 172.21.15.100:0/425215160 >> [v2:172.21.15.100:3300/0,v1:172.21.15.100:6789/0] conn(0x7fa3f41079e0 0x7fa3f4107de0 secure :-1 s=READY pgs=74 cs=0 l=1 rev1=1 crypto rx=0x7fa3e8009820 tx=0x7fa3e802a270 comp rx=0 tx=0).ready entity=mon.0 client_cookie=3d23e03d081ecaa5 server_cookie=0 in_seq=0 out_seq=0
2024-09-11T21:48:23.883 INFO:teuthology.orchestra.run.smithi100.stdout:/usr/bin/ceph: stderr
2024-09-11T21:48:23.066+0000 7fa3f37fe640 1 -- 172.21.15.100:0/425215160 <== mon.0 v2:172.21.15.100:3300/0 1 ==== mon_map magic: 0 ==== 205+0+0 (secure 0 0 0) 0x7fa3e8037070 con 0x7fa3f41079e0
2024-09-11T21:48:23.883 INFO:teuthology.orchestra.run.smithi100.stdout:/usr/bin/ceph: stderr
2024-09-11T21:48:23.066+0000 7fa3f37fe640 1 -- 172.21.15.100:0/425215160 <== mon.0 v2:172.21.15.100:3300/0 2 ==== config(29 keys) ==== 1209+0+0 (secure 0 0 0) 0x7fa3e8032960 con 0x7fa3f41079e0
2024-09-11T21:48:23.883 INFO:teuthology.orchestra.run.smithi100.stdout:/usr/bin/ceph: stderr
2024-09-11T21:48:23.066+0000 7fa3f37fe640 1 -- 172.21.15.100:0/425215160 <== mon.0 v2:172.21.15.100:3300/0 3 ==== mon_map magic: 0 ==== 205+0+0 (secure 0 0 0) 0x7fa3e8030980 con 0x7fa3f41079e0
2024-09-11T21:48:23.883 INFO:teuthology.orchestra.run.smithi100.stdout:/usr/bin/ceph: stderr
2024-09-11T21:48:23.066+0000 7fa3fac1c640 1 -- 172.21.15.100:0/425215160 >> [v2:172.21.15.100:3300/0,v1:172.21.15.100:6789/0] conn(0x7fa3f41079e0 msgr2=0x7fa3f4107de0 secure :-1 s=STATE_CONNECTION_ESTABLISHED l=1).mark_down
2024-09-11T21:48:23.883 INFO:teuthology.orchestra.run.smithi100.stdout:/usr/bin/ceph: stderr
2024-09-11T21:48:23.066+0000 7fa3fac1c640 1 --2- 172.21.15.100:0/425215160 >> [v2:172.21.15.100:3300/0,v1:172.21.15.100:6789/0] conn(0x7fa3f41079e0 0x7fa3f4107de0 secure :-1 s=READY pgs=74 cs=0 l=1 rev1=1 crypto rx=0x7fa3e8009820 tx=0x7fa3e802a270 comp rx=0 tx=0).stop
2024-09-11T21:48:23.883 INFO:teuthology.orchestra.run.smithi100.stdout:/usr/bin/ceph: stderr
2024-09-11T21:48:23.066+0000 7fa3fac1c640 1 -- 172.21.15.100:0/425215160 shutdown_connections
2024-09-11T21:48:23.883 INFO:teuthology.orchestra.run.smithi100.stdout:/usr/bin/ceph: stderr
2024-09-11T21:48:23.066+0000 7fa3fac1c640 1 --2- 172.21.15.100:0/425215160 >> [v2:172.21.15.100:3300/0,v1:172.21.15.100:6789/0] conn(0x7fa3f41079e0 0x7fa3f4107de0 unknown :-1 s=CLOSED pgs=74 cs=0 l=1 rev1=1 crypto rx=0 tx=0 comp rx=0 tx=0).stop
2024-09-11T21:48:23.884 INFO:teuthology.orchestra.run.smithi100.stdout:/usr/bin/ceph: stderr
2024-09-11T21:48:23.066+0000 7fa3fac1c640 1 -- 172.21.15.100:0/425215160 >> 172.21.15.100:0/425215160 conn(0x7fa3f41031b0 msgr2=0x7fa3f41055d0 unknown :-1 s=STATE_NONE l=0).mark_down
2024-09-11T21:48:23.884 INFO:teuthology.orchestra.run.smithi100.stdout:/usr/bin/ceph: stderr
2024-09-11T21:48:23.066+0000 7fa3fac1c640 1 -- 172.21.15.100:0/425215160 shutdown_connections
2024-09-11T21:48:23.884 INFO:teuthology.orchestra.run.smithi100.stdout:/usr/bin/ceph: stderr
2024-09-11T21:48:23.066+0000 7fa3fac1c640 1 -- 172.21.15.100:0/425215160 wait complete.
2024-09-11T21:48:23.884 INFO:teuthology.orchestra.run.smithi100.stdout:/usr/bin/ceph: stderr
2024-09-11T21:48:23.067+0000 7fa3fac1c640 1 Processor -- start
2024-09-11T21:48:23.884 INFO:teuthology.orchestra.run.smithi100.stdout:/usr/bin/ceph: stderr
2024-09-11T21:48:23.067+0000 7fa3fac1c640 1 -- start start
2024-09-11T21:48:23.884 INFO:teuthology.orchestra.run.smithi100.stdout:/usr/bin/ceph: stderr
2024-09-11T21:48:23.067+0000 7fa3fac1c640 1 --2- >> [v2:172.21.15.100:3300/0,v1:172.21.15.100:6789/0] conn(0x7fa3f41079e0 0x7fa3f419ba60 unknown :-1 s=NONE pgs=0 cs=0 l=1 rev1=0 crypto rx=0 tx=0 comp rx=0 tx=0).connect
2024-09-11T21:48:23.884 INFO:teuthology.orchestra.run.smithi100.stdout:/usr/bin/ceph: stderr
2024-09-11T21:48:23.067+0000 7fa3fac1c640 1 -- --> [v2:172.21.15.100:3300/0,v1:172.21.15.100:6789/0] -- mon_getmap magic: 0 -- 0x7fa3f410bf90 con 0x7fa3f41079e0
2024-09-11T21:48:23.884 INFO:teuthology.orchestra.run.smithi100.stdout:/usr/bin/ceph: stderr
2024-09-11T21:48:23.067+0000 7fa3f89b8640 1 --2- >> [v2:172.21.15.100:3300/0,v1:172.21.15.100:6789/0] conn(0x7fa3f41079e0 0x7fa3f419ba60 unknown :-1 s=BANNER_CONNECTING pgs=0 cs=0 l=1 rev1=0 crypto rx=0 tx=0 comp rx=0 tx=0)._handle_peer_banner_payload supported=3 required=0
2024-09-11T21:48:23.884 INFO:teuthology.orchestra.run.smithi100.stdout:/usr/bin/ceph: stderr
2024-09-11T21:48:23.067+0000 7fa3f89b8640 1 --2- >> [v2:172.21.15.100:3300/0,v1:172.21.15.100:6789/0] conn(0x7fa3f41079e0 0x7fa3f419ba60 unknown :-1 s=HELLO_CONNECTING pgs=0 cs=0 l=1 rev1=1 crypto rx=0 tx=0 comp rx=0 tx=0).handle_hello peer v2:172.21.15.100:3300/0 says I am v2:172.21.15.100:56476/0 (socket says 172.21.15.100:56476)
2024-09-11T21:48:23.884 INFO:teuthology.orchestra.run.smithi100.stdout:/usr/bin/ceph: stderr
2024-09-11T21:48:23.067+0000 7fa3f89b8640 1 -- 172.21.15.100:0/1656356611 learned_addr learned my addr 172.21.15.100:0/1656356611 (peer_addr_for_me v2:172.21.15.100:0/0)
2024-09-11T21:48:23.884 INFO:teuthology.orchestra.run.smithi100.stdout:/usr/bin/ceph: stderr
2024-09-11T21:48:23.067+0000 7fa3f89b8640 1 -- 172.21.15.100:0/1656356611 --> [v2:172.21.15.100:3300/0,v1:172.21.15.100:6789/0] -- mon_subscribe({config=0+,monmap=0+}) -- 0x7fa3f419bfa0 con 0x7fa3f41079e0
2024-09-11T21:48:23.884 INFO:teuthology.orchestra.run.smithi100.stdout:/usr/bin/ceph: stderr
2024-09-11T21:48:23.067+0000 7fa3f89b8640 1 --2- 172.21.15.100:0/1656356611 >> [v2:172.21.15.100:3300/0,v1:172.21.15.100:6789/0] conn(0x7fa3f41079e0 0x7fa3f419ba60 secure :-1 s=READY pgs=75 cs=0 l=1 rev1=1 crypto rx=0x7fa3e8032ea0 tx=0x7fa3e8032ed0 comp rx=0 tx=0).ready entity=mon.0 client_cookie=0 server_cookie=0 in_seq=0 out_seq=0
2024-09-11T21:48:23.885 INFO:teuthology.orchestra.run.smithi100.stdout:/usr/bin/ceph: stderr
2024-09-11T21:48:23.068+0000 7fa3f1ffb640 1 -- 172.21.15.100:0/1656356611 <== mon.0 v2:172.21.15.100:3300/0 1 ==== mon_map magic: 0 ==== 205+0+0 (secure 0 0 0) 0x7fa3e8042070 con 0x7fa3f41079e0
2024-09-11T21:48:23.885 INFO:teuthology.orchestra.run.smithi100.stdout:/usr/bin/ceph: stderr
2024-09-11T21:48:23.068+0000 7fa3f1ffb640 1 -- 172.21.15.100:0/1656356611 <== mon.0 v2:172.21.15.100:3300/0 2 ==== config(29 keys) ==== 1209+0+0 (secure 0 0 0) 0x7fa3e80326c0 con 0x7fa3f41079e0
2024-09-11T21:48:23.885 INFO:teuthology.orchestra.run.smithi100.stdout:/usr/bin/ceph: stderr
2024-09-11T21:48:23.068+0000 7fa3fac1c640 1 -- 172.21.15.100:0/1656356611 --> [v2:172.21.15.100:3300/0,v1:172.21.15.100:6789/0] -- mon_subscribe({mgrmap=0+}) -- 0x7fa3f419c230 con 0x7fa3f41079e0
2024-09-11T21:48:23.885 INFO:teuthology.orchestra.run.smithi100.stdout:/usr/bin/ceph: stderr
2024-09-11T21:48:23.068+0000 7fa3f1ffb640 1 -- 172.21.15.100:0/1656356611 <== mon.0 v2:172.21.15.100:3300/0 3 ==== mon_map magic: 0 ==== 205+0+0 (secure 0 0 0) 0x7fa3e8037040 con 0x7fa3f41079e0
2024-09-11T21:48:23.885 INFO:teuthology.orchestra.run.smithi100.stdout:/usr/bin/ceph: stderr
