2024-09-11T21:48:12.850+0000 7f962b7fe640 1 --2- 172.21.15.100:0/3322287689 >> [v2:172.21.15.100:6800/3970035574,v1:172.21.15.100:6801/3970035574] conn(0x7f9614039020 0x7f961403b4e0 unknown :-1 s=START_CONNECT pgs=0 cs=0 l=1 rev1=0 crypto rx=0 tx=0 comp rx=0 tx=0)._fault waiting 0.400000
2024-09-11T21:48:13.457 INFO:teuthology.orchestra.run.smithi100.stdout:/usr/bin/ceph: stderr
2024-09-11T21:48:12.879+0000 7f963285a640 1 -- 172.21.15.100:0/3322287689 --> [v2:172.21.15.100:3300/0,v1:172.21.15.100:6789/0] -- mon_command({"prefix": "mgr stat"} v 0) -- 0x7f962c19f110 con 0x7f962c105c80
2024-09-11T21:48:13.458 INFO:teuthology.orchestra.run.smithi100.stdout:/usr/bin/ceph: stderr
2024-09-11T21:48:12.879+0000 7f96297fa640 1 -- 172.21.15.100:0/3322287689 <== mon.0 v2:172.21.15.100:3300/0 7 ==== mon_command_ack([{"prefix": "mgr stat"}]=0 v9) ==== 56+0+88 (secure 0 0 0) 0x7f961c045520 con 0x7f962c105c80
2024-09-11T21:48:13.458 INFO:teuthology.orchestra.run.smithi100.stdout:/usr/bin/ceph: stderr
2024-09-11T21:48:12.881+0000 7f963285a640 1 -- 172.21.15.100:0/3322287689 >> [v2:172.21.15.100:6800/3970035574,v1:172.21.15.100:6801/3970035574] conn(0x7f9614039020 msgr2=0x7f961403b4e0 unknown :-1 s=STATE_CONNECTING l=1).mark_down
2024-09-11T21:48:13.458 INFO:teuthology.orchestra.run.smithi100.stdout:/usr/bin/ceph: stderr
2024-09-11T21:48:12.882+0000 7f963285a640 1 --2- 172.21.15.100:0/3322287689 >> [v2:172.21.15.100:6800/3970035574,v1:172.21.15.100:6801/3970035574] conn(0x7f9614039020 0x7f961403b4e0 unknown :-1 s=START_CONNECT pgs=0 cs=0 l=1 rev1=0 crypto rx=0 tx=0 comp rx=0 tx=0).stop
2024-09-11T21:48:13.458 INFO:teuthology.orchestra.run.smithi100.stdout:/usr/bin/ceph: stderr
2024-09-11T21:48:12.882+0000 7f963285a640 1 -- 172.21.15.100:0/3322287689 >> [v2:172.21.15.100:3300/0,v1:172.21.15.100:6789/0] conn(0x7f962c105c80 msgr2=0x7f962c19ba80 secure :-1 s=STATE_CONNECTION_ESTABLISHED l=1).mark_down
2024-09-11T21:48:13.458 INFO:teuthology.orchestra.run.smithi100.stdout:/usr/bin/ceph: stderr
2024-09-11T21:48:12.882+0000 7f963285a640 1 --2- 172.21.15.100:0/3322287689 >> [v2:172.21.15.100:3300/0,v1:172.21.15.100:6789/0] conn(0x7f962c105c80 0x7f962c19ba80 secure :-1 s=READY pgs=58 cs=0 l=1 rev1=1 crypto rx=0x7f961c032ea0 tx=0x7f961c032ed0 comp rx=0 tx=0).stop
2024-09-11T21:48:13.458 INFO:teuthology.orchestra.run.smithi100.stdout:/usr/bin/ceph: stderr
2024-09-11T21:48:12.882+0000 7f963285a640 1 -- 172.21.15.100:0/3322287689 shutdown_connections
2024-09-11T21:48:13.458 INFO:teuthology.orchestra.run.smithi100.stdout:/usr/bin/ceph: stderr
2024-09-11T21:48:12.882+0000 7f963285a640 1 --2- 172.21.15.100:0/3322287689 >> [v2:172.21.15.100:6800/3970035574,v1:172.21.15.100:6801/3970035574] conn(0x7f9614039020 0x7f961403b4e0 unknown :-1 s=CLOSED pgs=0 cs=0 l=1 rev1=0 crypto rx=0 tx=0 comp rx=0 tx=0).stop
2024-09-11T21:48:13.458 INFO:teuthology.orchestra.run.smithi100.stdout:/usr/bin/ceph: stderr
2024-09-11T21:48:12.882+0000 7f963285a640 1 --2- 172.21.15.100:0/3322287689 >> [v2:172.21.15.100:3300/0,v1:172.21.15.100:6789/0] conn(0x7f962c105c80 0x7f962c19ba80 unknown :-1 s=CLOSED pgs=58 cs=0 l=1 rev1=1 crypto rx=0 tx=0 comp rx=0 tx=0).stop
2024-09-11T21:48:13.458 INFO:teuthology.orchestra.run.smithi100.stdout:/usr/bin/ceph: stderr
2024-09-11T21:48:12.882+0000 7f963285a640 1 -- 172.21.15.100:0/3322287689 >> 172.21.15.100:0/3322287689 conn(0x7f962c1017d0 msgr2=0x7f962c102390 unknown :-1 s=STATE_NONE l=0).mark_down
2024-09-11T21:48:13.458 INFO:teuthology.orchestra.run.smithi100.stdout:/usr/bin/ceph: stderr
2024-09-11T21:48:12.882+0000 7f963285a640 1 -- 172.21.15.100:0/3322287689 shutdown_connections
2024-09-11T21:48:13.458 INFO:teuthology.orchestra.run.smithi100.stdout:/usr/bin/ceph: stderr
2024-09-11T21:48:12.882+0000 7f963285a640 1 -- 172.21.15.100:0/3322287689 wait complete.
2024-09-11T21:48:13.458 INFO:teuthology.orchestra.run.smithi100.stdout:Waiting for the mgr to restart...
2024-09-11T21:48:13.458 INFO:teuthology.orchestra.run.smithi100.stdout:Waiting for mgr epoch 9...
2024-09-11T21:48:13.723 INFO:journalctl@ceph.mgr.x.smithi100.stdout:Sep 11 21:48:13 smithi100 ceph-373ec39c-7087-11ef-bcea-c7b262605968-mgr-x[31666]:
2024-09-11T21:48:13.522+0000 7f07a4e71040 -1 mgr[py] Module telemetry has missing NOTIFY_TYPES member
2024-09-11T21:48:13.723 INFO:journalctl@ceph.mgr.x.smithi100.stdout:Sep 11 21:48:13 smithi100 ceph-373ec39c-7087-11ef-bcea-c7b262605968-mgr-x[31666]:
2024-09-11T21:48:13.591+0000 7f07a4e71040 -1 mgr[py] Module balancer has missing NOTIFY_TYPES member
2024-09-11T21:48:14.565 INFO:journalctl@ceph.mgr.x.smithi100.stdout:Sep 11 21:48:14 smithi100 ceph-373ec39c-7087-11ef-bcea-c7b262605968-mgr-x[31666]:
2024-09-11T21:48:14.306+0000 7f07a4e71040 -1 mgr[py] Module rook has missing NOTIFY_TYPES member
2024-09-11T21:48:14.565 INFO:journalctl@ceph.mgr.x.smithi100.stdout:Sep 11 21:48:14 smithi100 ceph-373ec39c-7087-11ef-bcea-c7b262605968-mgr-x[31666]:
2024-09-11T21:48:14.421+0000 7f07a4e71040 -1 mgr[py] Module iostat has missing NOTIFY_TYPES member
2024-09-11T21:48:14.842 INFO:journalctl@ceph.mgr.x.smithi100.stdout:Sep 11 21:48:14 smithi100 ceph-373ec39c-7087-11ef-bcea-c7b262605968-mgr-x[31666]:
2024-09-11T21:48:14.564+0000 7f07a4e71040 -1 mgr[py] Module orchestrator has missing NOTIFY_TYPES member
2024-09-11T21:48:14.842 INFO:journalctl@ceph.mgr.x.smithi100.stdout:Sep 11 21:48:14 smithi100 ceph-373ec39c-7087-11ef-bcea-c7b262605968-mgr-x[31666]:
2024-09-11T21:48:14.625+0000 7f07a4e71040 -1 mgr[py] Module devicehealth has missing NOTIFY_TYPES member
2024-09-11T21:48:14.842 INFO:journalctl@ceph.mgr.x.smithi100.stdout:Sep 11 21:48:14 smithi100 ceph-373ec39c-7087-11ef-bcea-c7b262605968-mgr-x[31666]:
2024-09-11T21:48:14.774+0000 7f07a4e71040 -1 mgr[py] Module rgw has missing NOTIFY_TYPES member
2024-09-11T21:48:14.842 INFO:journalctl@ceph.mgr.x.smithi100.stdout:Sep 11 21:48:14 smithi100 ceph-373ec39c-7087-11ef-bcea-c7b262605968-mgr-x[31666]:
2024-09-11T21:48:14.841+0000 7f07a4e71040 -1 mgr[py] Module alerts has missing NOTIFY_TYPES member
2024-09-11T21:48:15.126 INFO:journalctl@ceph.mgr.x.smithi100.stdout:Sep 11 21:48:14 smithi100 ceph-373ec39c-7087-11ef-bcea-c7b262605968-mgr-x[31666]:
2024-09-11T21:48:14.901+0000 7f07a4e71040 -1 mgr[py] Module progress has missing NOTIFY_TYPES member
2024-09-11T21:48:15.126 INFO:journalctl@ceph.mgr.x.smithi100.stdout:Sep 11 21:48:15 smithi100 ceph-373ec39c-7087-11ef-bcea-c7b262605968-mgr-x[31666]:
2024-09-11T21:48:15.060+0000 7f07a4e71040 -1 mgr[py] Module nfs has missing NOTIFY_TYPES member
2024-09-11T21:48:15.126 INFO:journalctl@ceph.mgr.x.smithi100.stdout:Sep 11 21:48:15 smithi100 ceph-373ec39c-7087-11ef-bcea-c7b262605968-mgr-x[31666]:
2024-09-11T21:48:15.125+0000 7f07a4e71040 -1 mgr[py] Module status has missing NOTIFY_TYPES member
2024-09-11T21:48:15.392 INFO:journalctl@ceph.mgr.x.smithi100.stdout:Sep 11 21:48:15 smithi100 ceph-373ec39c-7087-11ef-bcea-c7b262605968-mgr-x[31666]:
2024-09-11T21:48:15.192+0000 7f07a4e71040 -1 mgr[py] Module pg_autoscaler has missing NOTIFY_TYPES member
2024-09-11T21:48:15.392 INFO:journalctl@ceph.mgr.x.smithi100.stdout:Sep 11 21:48:15 smithi100 ceph-373ec39c-7087-11ef-bcea-c7b262605968-mgr-x[31666]:
2024-09-11T21:48:15.274+0000 7f07a4e71040 -1 mgr[py] Module rbd_support has missing NOTIFY_TYPES member
2024-09-11T21:48:15.392 INFO:journalctl@ceph.mgr.x.smithi100.stdout:Sep 11 21:48:15 smithi100 ceph-373ec39c-7087-11ef-bcea-c7b262605968-mgr-x[31666]:
2024-09-11T21:48:15.332+0000 7f07a4e71040 -1 mgr[py] Module influx has missing NOTIFY_TYPES member
2024-09-11T21:48:15.393 INFO:journalctl@ceph.mgr.x.smithi100.stdout:Sep 11 21:48:15 smithi100 ceph-373ec39c-7087-11ef-bcea-c7b262605968-mgr-x[31666]:
2024-09-11T21:48:15.391+0000 7f07a4e71040 -1 mgr[py] Module zabbix has missing NOTIFY_TYPES member
2024-09-11T21:48:16.480 INFO:journalctl@ceph.mgr.x.smithi100.stdout:Sep 11 21:48:16 smithi100 ceph-373ec39c-7087-11ef-bcea-c7b262605968-mgr-x[31666]:
2024-09-11T21:48:16.177+0000 7f07a4e71040 -1 mgr[py] Module telegraf has missing NOTIFY_TYPES member
2024-09-11T21:48:16.480 INFO:journalctl@ceph.mon.a.smithi100.stdout:Sep 11 21:48:16 smithi100 ceph-mon[31442]: Active manager daemon x restarted
2024-09-11T21:48:16.481 INFO:journalctl@ceph.mon.a.smithi100.stdout:Sep 11 21:48:16 smithi100 ceph-mon[31442]: Activating manager daemon x
2024-09-11T21:48:16.481 INFO:journalctl@ceph.mon.a.smithi100.stdout:Sep 11 21:48:16 smithi100 ceph-mon[31442]: osdmap e3: 0 total, 0 up, 0 in
2024-09-11T21:48:16.481 INFO:journalctl@ceph.mon.a.smithi100.stdout:Sep 11 21:48:16 smithi100 ceph-mon[31442]: mgrmap e10: x(active, starting, since 0.00349965s)
2024-09-11T21:48:16.481 INFO:journalctl@ceph.mon.a.smithi100.stdout:Sep 11 21:48:16 smithi100 ceph-mon[31442]: from='mgr.14150 172.21.15.100:0/629904969' entity='mgr.x' cmd=[{"prefix": "mon metadata", "id": "a"}]: dispatch
2024-09-11T21:48:16.481 INFO:journalctl@ceph.mon.a.smithi100.stdout:Sep 11 21:48:16 smithi100 ceph-mon[31442]: from='mgr.14150 172.21.15.100:0/629904969' entity='mgr.x' cmd=[{"prefix": "mgr metadata", "who": "x", "id": "x"}]: dispatch
2024-09-11T21:48:16.481 INFO:journalctl@ceph.mon.a.smithi100.stdout:Sep 11 21:48:16 smithi100 ceph-mon[31442]: from='mgr.14150 172.21.15.100:0/629904969' entity='mgr.x' cmd=[{"prefix": "mds metadata"}]: dispatch
2024-09-11T21:48:16.481 INFO:journalctl@ceph.mon.a.smithi100.stdout:Sep 11 21:48:16 smithi100 ceph-mon[31442]: from='mgr.14150 172.21.15.100:0/629904969' entity='mgr.x' cmd=[{"prefix": "osd metadata"}]: dispatch
2024-09-11T21:48:16.481 INFO:journalctl@ceph.mon.a.smithi100.stdout:Sep 11 21:48:16 smithi100 ceph-mon[31442]: from='mgr.14150 172.21.15.100:0/629904969' entity='mgr.x' cmd=[{"prefix": "mon metadata"}]: dispatch
2024-09-11T21:48:16.481 INFO:journalctl@ceph.mon.a.smithi100.stdout:Sep 11 21:48:16 smithi100 ceph-mon[31442]: Manager daemon x is now available
2024-09-11T21:48:16.481 INFO:journalctl@ceph.mon.a.smithi100.stdout:Sep 11 21:48:16 smithi100 ceph-mon[31442]: from='mgr.14150 172.21.15.100:0/629904969' entity='mgr.x' cmd=[{"prefix": "config dump", "format": "json"}]: dispatch
2024-09-11T21:48:16.481 INFO:journalctl@ceph.mon.a.smithi100.stdout:Sep 11 21:48:16 smithi100 ceph-mon[31442]: from='mgr.14150 172.21.15.100:0/629904969' entity='mgr.x' cmd=[{"prefix":"config rm","who":"mgr","name":"mgr/rbd_support/x/mirror_snapshot_schedule"}]: dispatch
2024-09-11T21:48:16.481 INFO:journalctl@ceph.mon.a.smithi100.stdout:Sep 11 21:48:16 smithi100 ceph-mon[31442]: from='mgr.14150 172.21.15.100:0/629904969' entity='mgr.x' cmd=[{"prefix":"config rm","who":"mgr","name":"mgr/rbd_support/x/trash_purge_schedule"}]: dispatch
2024-09-11T21:48:17.730 INFO:journalctl@ceph.mgr.x.smithi100.stdout:Sep 11 21:48:17 smithi100 ceph-373ec39c-7087-11ef-bcea-c7b262605968-mgr-x[31666]:
2024-09-11T21:48:17.358+0000 7f0710185640 -1 log_channel(cephadm) log [ERR] : [11/Sep/2024:21:48:17] ENGINE Error in HTTPServer.serve
2024-09-11T21:48:17.730 INFO:journalctl@ceph.mgr.x.smithi100.stdout:Sep 11 21:48:17 smithi100 ceph-373ec39c-7087-11ef-bcea-c7b262605968-mgr-x[31666]: Traceback (most recent call last):
2024-09-11T21:48:17.731 INFO:journalctl@ceph.mgr.x.smithi100.stdout:Sep 11 21:48:17 smithi100 ceph-373ec39c-7087-11ef-bcea-c7b262605968-mgr-x[31666]: File "/lib/python3.9/site-packages/cheroot/server.py", line 1823, in serve
2024-09-11T21:48:17.731 INFO:journalctl@ceph.mgr.x.smithi100.stdout:Sep 11 21:48:17 smithi100 ceph-373ec39c-7087-11ef-bcea-c7b262605968-mgr-x[31666]: self._connections.run(self.expiration_interval)
2024-09-11T21:48:17.731 INFO:journalctl@ceph.mgr.x.smithi100.stdout:Sep 11 21:48:17 smithi100 ceph-373ec39c-7087-11ef-bcea-c7b262605968-mgr-x[31666]: File "/lib/python3.9/site-packages/cheroot/connections.py", line 203, in run
2024-09-11T21:48:17.731 INFO:journalctl@ceph.mgr.x.smithi100.stdout:Sep 11 21:48:17 smithi100 ceph-373ec39c-7087-11ef-bcea-c7b262605968-mgr-x[31666]: self._run(expiration_interval)
2024-09-11T21:48:17.731 INFO:journalctl@ceph.mgr.x.smithi100.stdout:Sep 11 21:48:17 smithi100 ceph-373ec39c-7087-11ef-bcea-c7b262605968-mgr-x[31666]: File "/lib/python3.9/site-packages/cheroot/connections.py", line 246, in _run
2024-09-11T21:48:17.731 INFO:journalctl@ceph.mgr.x.smithi100.stdout:Sep 11 21:48:17 smithi100 ceph-373ec39c-7087-11ef-bcea-c7b262605968-mgr-x[31666]: new_conn = self._from_server_socket(self.server.socket)
2024-09-11T21:48:17.731 INFO:journalctl@ceph.mgr.x.smithi100.stdout:Sep 11 21:48:17 smithi100 ceph-373ec39c-7087-11ef-bcea-c7b262605968-mgr-x[31666]: File "/lib/python3.9/site-packages/cheroot/connections.py", line 300, in _from_server_socket
2024-09-11T21:48:17.731 INFO:journalctl@ceph.mgr.x.smithi100.stdout:Sep 11 21:48:17 smithi100 ceph-373ec39c-7087-11ef-bcea-c7b262605968-mgr-x[31666]: s, ssl_env = self.server.ssl_adapter.wrap(s)
2024-09-11T21:48:17.731 INFO:journalctl@ceph.mgr.x.smithi100.stdout:Sep 11 21:48:17 smithi100 ceph-373ec39c-7087-11ef-bcea-c7b262605968-mgr-x[31666]: File "/lib/python3.9/site-packages/cheroot/ssl/builtin.py", line 277, in wrap
2024-09-11T21:48:17.731 INFO:journalctl@ceph.mgr.x.smithi100.stdout:Sep 11 21:48:17 smithi100 ceph-373ec39c-7087-11ef-bcea-c7b262605968-mgr-x[31666]: s = self.context.wrap_socket(
2024-09-11T21:48:17.731 INFO:journalctl@ceph.mgr.x.smithi100.stdout:Sep 11 21:48:17 smithi100 ceph-373ec39c-7087-11ef-bcea-c7b262605968-mgr-x[31666]: File "/lib64/python3.9/ssl.py", line 501, in wrap_socket
2024-09-11T21:48:17.731 INFO:journalctl@ceph.mgr.x.smithi100.stdout:Sep 11 21:48:17 smithi100 ceph-373ec39c-7087-11ef-bcea-c7b262605968-mgr-x[31666]: return self.sslsocket_class._create(
2024-09-11T21:48:17.731 INFO:journalctl@ceph.mgr.x.smithi100.stdout:Sep 11 21:48:17 smithi100 ceph-373ec39c-7087-11ef-bcea-c7b262605968-mgr-x[31666]: File "/lib64/python3.9/ssl.py", line 1074, in _create
2024-09-11T21:48:17.732 INFO:journalctl@ceph.mgr.x.smithi100.stdout:Sep 11 21:48:17 smithi100 ceph-373ec39c-7087-11ef-bcea-c7b262605968-mgr-x[31666]: self.do_handshake()
2024-09-11T21:48:17.732 INFO:journalctl@ceph.mgr.x.smithi100.stdout:Sep 11 21:48:17 smithi100 ceph-373ec39c-7087-11ef-bcea-c7b262605968-mgr-x[31666]: File "/lib64/python3.9/ssl.py", line 1343, in do_handshake
2024-09-11T21:48:17.732 INFO:journalctl@ceph.mgr.x.smithi100.stdout:Sep 11 21:48:17 smithi100 ceph-373ec39c-7087-11ef-bcea-c7b262605968-mgr-x[31666]: self._sslobj.do_handshake()
2024-09-11T21:48:17.732 INFO:journalctl@ceph.mgr.x.smithi100.stdout:Sep 11 21:48:17 smithi100 ceph-373ec39c-7087-11ef-bcea-c7b262605968-mgr-x[31666]: ssl.SSLZeroReturnError: TLS/SSL connection has been closed (EOF) (_ssl.c:1133)
2024-09-11T21:48:17.732 INFO:journalctl@ceph.mgr.x.smithi100.stdout:Sep 11 21:48:17 smithi100 ceph-373ec39c-7087-11ef-bcea-c7b262605968-mgr-x[31666]:
2024-09-11T21:48:18.041 INFO:teuthology.orchestra.run.smithi100.stdout:/usr/bin/ceph: stdout {
2024-09-11T21:48:18.041 INFO:teuthology.orchestra.run.smithi100.stdout:/usr/bin/ceph: stdout "mgrmap_epoch": 11,
2024-09-11T21:48:18.041 INFO:teuthology.orchestra.run.smithi100.stdout:/usr/bin/ceph: stdout "initialized": true
2024-09-11T21:48:18.041 INFO:teuthology.orchestra.run.smithi100.stdout:/usr/bin/ceph: stdout }
2024-09-11T21:48:18.041 INFO:teuthology.orchestra.run.smithi100.stdout:/usr/bin/ceph: stderr
2024-09-11T21:48:13.799+0000 7f31ba92b640 1 Processor -- start
2024-09-11T21:48:18.042 INFO:teuthology.orchestra.run.smithi100.stdout:/usr/bin/ceph: stderr
2024-09-11T21:48:13.800+0000 7f31ba92b640 1 -- start start
2024-09-11T21:48:18.042 INFO:teuthology.orchestra.run.smithi100.stdout:/usr/bin/ceph: stderr
2024-09-11T21:48:13.800+0000 7f31ba92b640 1 --2- >> [v2:172.21.15.100:3300/0,v1:172.21.15.100:6789/0] conn(0x7f31b41084b0 0x7f31b410a8a0 unknown :-1 s=NONE pgs=0 cs=0 l=0 rev1=0 crypto rx=0 tx=0 comp rx=0 tx=0).connect
2024-09-11T21:48:18.042 INFO:teuthology.orchestra.run.smithi100.stdout:/usr/bin/ceph: stderr
2024-09-11T21:48:13.800+0000 7f31ba92b640 1 -- --> [v2:172.21.15.100:3300/0,v1:172.21.15.100:6789/0] -- mon_getmap magic: 0 -- 0x7f31b40634d0 con 0x7f31b41084b0
2024-09-11T21:48:18.042 INFO:teuthology.orchestra.run.smithi100.stdout:/usr/bin/ceph: stderr
2024-09-11T21:48:13.800+0000 7f31b3fff640 1 --2- >> [v2:172.21.15.100:3300/0,v1:172.21.15.100:6789/0] conn(0x7f31b41084b0 0x7f31b410a8a0 unknown :-1 s=BANNER_CONNECTING pgs=0 cs=0 l=0 rev1=0 crypto rx=0 tx=0 comp rx=0 tx=0)._handle_peer_banner_payload supported=3 required=0
2024-09-11T21:48:18.042 INFO:teuthology.orchestra.run.smithi100.stdout:/usr/bin/ceph: stderr
2024-09-11T21:48:13.800+0000 7f31b3fff640 1 --2- >> [v2:172.21.15.100:3300/0,v1:172.21.15.100:6789/0] conn(0x7f31b41084b0 0x7f31b410a8a0 unknown :-1 s=HELLO_CONNECTING pgs=0 cs=0 l=0 rev1=1 crypto rx=0 tx=0 comp rx=0 tx=0).handle_hello peer v2:172.21.15.100:3300/0 says I am v2:172.21.15.100:60320/0 (socket says 172.21.15.100:60320)
2024-09-11T21:48:18.042 INFO:teuthology.orchestra.run.smithi100.stdout:/usr/bin/ceph: stderr
2024-09-11T21:48:13.800+0000 7f31b3fff640 1 -- 172.21.15.100:0/1348985057 learned_addr learned my addr 172.21.15.100:0/1348985057 (peer_addr_for_me v2:172.21.15.100:0/0)
2024-09-11T21:48:18.042 INFO:teuthology.orchestra.run.smithi100.stdout:/usr/bin/ceph: stderr
2024-09-11T21:48:13.800+0000 7f31b3fff640 1 -- 172.21.15.100:0/1348985057 --> [v2:172.21.15.100:3300/0,v1:172.21.15.100:6789/0] -- mon_subscribe({config=0+,monmap=0+}) -- 0x7f31b410ade0 con 0x7f31b41084b0
2024-09-11T21:48:18.042 INFO:teuthology.orchestra.run.smithi100.stdout:/usr/bin/ceph: stderr
2024-09-11T21:48:13.801+0000 7f31b3fff640 1 --2- 172.21.15.100:0/1348985057 >> [v2:172.21.15.100:3300/0,v1:172.21.15.100:6789/0] conn(0x7f31b41084b0 0x7f31b410a8a0 secure :-1 s=READY pgs=59 cs=0 l=1 rev1=1 crypto rx=0x7f31a4009820 tx=0x7f31a402a270 comp rx=0 tx=0).ready entity=mon.0 client_cookie=9e7cf5af41da4158 server_cookie=0 in_seq=0 out_seq=0
2024-09-11T21:48:18.042 INFO:teuthology.orchestra.run.smithi100.stdout:/usr/bin/ceph: stderr
2024-09-11T21:48:13.801+0000 7f31b37fe640 1 -- 172.21.15.100:0/1348985057 <== mon.0 v2:172.21.15.100:3300/0 1 ==== mon_map magic: 0 ==== 205+0+0 (secure 0 0 0) 0x7f31a4037070 con 0x7f31b41084b0
2024-09-11T21:48:18.042 INFO:teuthology.orchestra.run.smithi100.stdout:/usr/bin/ceph: stderr
2024-09-11T21:48:13.801+0000 7f31b37fe640 1 -- 172.21.15.100:0/1348985057 <== mon.0 v2:172.21.15.100:3300/0 2 ==== config(29 keys) ==== 1209+0+0 (secure 0 0 0) 0x7f31a4032960 con 0x7f31b41084b0
2024-09-11T21:48:18.042 INFO:teuthology.orchestra.run.smithi100.stdout:/usr/bin/ceph: stderr
2024-09-11T21:48:13.801+0000 7f31b37fe640 1 -- 172.21.15.100:0/1348985057 <== mon.0 v2:172.21.15.100:3300/0 3 ==== mon_map magic: 0 ==== 205+0+0 (secure 0 0 0) 0x7f31a4030980 con 0x7f31b41084b0
2024-09-11T21:48:18.043 INFO:teuthology.orchestra.run.smithi100.stdout:/usr/bin/ceph: stderr
2024-09-11T21:48:13.802+0000 7f31ba92b640 1 -- 172.21.15.100:0/1348985057 >> [v2:172.21.15.100:3300/0,v1:172.21.15.100:6789/0] conn(0x7f31b41084b0 msgr2=0x7f31b410a8a0 secure :-1 s=STATE_CONNECTION_ESTABLISHED l=1).mark_down
2024-09-11T21:48:18.043 INFO:teuthology.orchestra.run.smithi100.stdout:/usr/bin/ceph: stderr
2024-09-11T21:48:13.802+0000 7f31ba92b640 1 --2- 172.21.15.100:0/1348985057 >> [v2:172.21.15.100:3300/0,v1:172.21.15.100:6789/0] conn(0x7f31b41084b0 0x7f31b410a8a0 secure :-1 s=READY pgs=59 cs=0 l=1 rev1=1 crypto rx=0x7f31a4009820 tx=0x7f31a402a270 comp rx=0 tx=0).stop
2024-09-11T21:48:18.043 INFO:teuthology.orchestra.run.smithi100.stdout:/usr/bin/ceph: stderr
2024-09-11T21:48:13.802+0000 7f31ba92b640 1 -- 172.21.15.100:0/1348985057 shutdown_connections
2024-09-11T21:48:18.043 INFO:teuthology.orchestra.run.smithi100.stdout:/usr/bin/ceph: stderr
2024-09-11T21:48:13.802+0000 7f31ba92b640 1 --2- 172.21.15.100:0/1348985057 >> [v2:172.21.15.100:3300/0,v1:172.21.15.100:6789/0] conn(0x7f31b41084b0 0x7f31b410a8a0 unknown :-1 s=CLOSED pgs=59 cs=0 l=1 rev1=1 crypto rx=0 tx=0 comp rx=0 tx=0).stop
2024-09-11T21:48:18.043 INFO:teuthology.orchestra.run.smithi100.stdout:/usr/bin/ceph: stderr
2024-09-11T21:48:13.802+0000 7f31ba92b640 1 -- 172.21.15.100:0/1348985057 >> 172.21.15.100:0/1348985057 conn(0x7f31b41020f0 msgr2=0x7f31b4104510 unknown :-1 s=STATE_NONE l=0).mark_down
2024-09-11T21:48:18.043 INFO:teuthology.orchestra.run.smithi100.stdout:/usr/bin/ceph: stderr
2024-09-11T21:48:13.802+0000 7f31ba92b640 1 -- 172.21.15.100:0/1348985057 shutdown_connections
2024-09-11T21:48:18.043 INFO:teuthology.orchestra.run.smithi100.stdout:/usr/bin/ceph: stderr
2024-09-11T21:48:13.802+0000 7f31ba92b640 1 -- 172.21.15.100:0/1348985057 wait complete.
2024-09-11T21:48:18.043 INFO:teuthology.orchestra.run.smithi100.stdout:/usr/bin/ceph: stderr
2024-09-11T21:48:13.803+0000 7f31ba92b640 1 Processor -- start
2024-09-11T21:48:18.043 INFO:teuthology.orchestra.run.smithi100.stdout:/usr/bin/ceph: stderr
2024-09-11T21:48:13.803+0000 7f31ba92b640 1 -- start start
2024-09-11T21:48:18.043 INFO:teuthology.orchestra.run.smithi100.stdout:/usr/bin/ceph: stderr
2024-09-11T21:48:13.803+0000 7f31ba92b640 1 --2- >> [v2:172.21.15.100:3300/0,v1:172.21.15.100:6789/0] conn(0x7f31b41084b0 0x7f31b419ba50 unknown :-1 s=NONE pgs=0 cs=0 l=1 rev1=0 crypto rx=0 tx=0 comp rx=0 tx=0).connect
2024-09-11T21:48:18.043 INFO:teuthology.orchestra.run.smithi100.stdout:/usr/bin/ceph: stderr
2024-09-11T21:48:13.803+0000 7f31ba92b640 1 -- --> [v2:172.21.15.100:3300/0,v1:172.21.15.100:6789/0] -- mon_getmap magic: 0 -- 0x7f31b410bf20 con 0x7f31b41084b0
2024-09-11T21:48:18.044 INFO:teuthology.orchestra.run.smithi100.stdout:/usr/bin/ceph: stderr
2024-09-11T21:48:13.803+0000 7f31b3fff640 1 --2- >> [v2:172.21.15.100:3300/0,v1:172.21.15.100:6789/0] conn(0x7f31b41084b0 0x7f31b419ba50 unknown :-1 s=BANNER_CONNECTING pgs=0 cs=0 l=1 rev1=0 crypto rx=0 tx=0 comp rx=0 tx=0)._handle_peer_banner_payload supported=3 required=0
2024-09-11T21:48:18.044 INFO:teuthology.orchestra.run.smithi100.stdout:/usr/bin/ceph: stderr
2024-09-11T21:48:13.803+0000 7f31b3fff640 1 --2- >> [v2:172.21.15.100:3300/0,v1:172.21.15.100:6789/0] conn(0x7f31b41084b0 0x7f31b419ba50 unknown :-1 s=HELLO_CONNECTING pgs=0 cs=0 l=1 rev1=1 crypto rx=0 tx=0 comp rx=0 tx=0).handle_hello peer v2:172.21.15.100:3300/0 says I am v2:172.21.15.100:60330/0 (socket says 172.21.15.100:60330)
2024-09-11T21:48:18.044 INFO:teuthology.orchestra.run.smithi100.stdout:/usr/bin/ceph: stderr
2024-09-11T21:48:13.803+0000 7f31b3fff640 1 -- 172.21.15.100:0/208602976 learned_addr learned my addr 172.21.15.100:0/208602976 (peer_addr_for_me v2:172.21.15.100:0/0)
2024-09-11T21:48:18.044 INFO:teuthology.orchestra.run.smithi100.stdout:/usr/bin/ceph: stderr
2024-09-11T21:48:13.803+0000 7f31b3fff640 1 -- 172.21.15.100:0/208602976 --> [v2:172.21.15.100:3300/0,v1:172.21.15.100:6789/0] -- mon_subscribe({config=0+,monmap=0+}) -- 0x7f31b419bf90 con 0x7f31b41084b0
2024-09-11T21:48:18.044 INFO:teuthology.orchestra.run.smithi100.stdout:/usr/bin/ceph: stderr
2024-09-11T21:48:13.804+0000 7f31b3fff640 1 --2- 172.21.15.100:0/208602976 >> [v2:172.21.15.100:3300/0,v1:172.21.15.100:6789/0] conn(0x7f31b41084b0 0x7f31b419ba50 secure :-1 s=READY pgs=60 cs=0 l=1 rev1=1 crypto rx=0x7f31a4009940 tx=0x7f31a4032670 comp rx=0 tx=0).ready entity=mon.0 client_cookie=0 server_cookie=0 in_seq=0 out_seq=0
2024-09-11T21:48:18.044 INFO:teuthology.orchestra.run.smithi100.stdout:/usr/bin/ceph: stderr
2024-09-11T21:48:13.804+0000 7f31b1ffb640 1 -- 172.21.15.100:0/208602976 <== mon.0 v2:172.21.15.100:3300/0 1 ==== mon_map magic: 0 ==== 205+0+0 (secure 0 0 0) 0x7f31a4042070 con 0x7f31b41084b0
2024-09-11T21:48:18.044 INFO:teuthology.orchestra.run.smithi100.stdout:/usr/bin/ceph: stderr
2024-09-11T21:48:13.804+0000 7f31b1ffb640 1 -- 172.21.15.100:0/208602976 <== mon.0 v2:172.21.15.100:3300/0 2 ==== config(29 keys) ==== 1209+0+0 (secure 0 0 0) 0x7f31a403d950 con 0x7f31b41084b0
2024-09-11T21:48:18.044 INFO:teuthology.orchestra.run.smithi100.stdout:/usr/bin/ceph: stderr
2024-09-11T21:48:13.804+0000 7f31ba92b640 1 -- 172.21.15.100:0/208602976 --> [v2:172.21.15.100:3300/0,v1:172.21.15.100:6789/0] -- mon_subscribe({mgrmap=0+}) -- 0x7f31b419c220 con 0x7f31b41084b0
2024-09-11T21:48:18.044 INFO:teuthology.orchestra.run.smithi100.stdout:/usr/bin/ceph: stderr
2024-09-11T21:48:13.804+0000 7f31b1ffb640 1 -- 172.21.15.100:0/208602976 <== mon.0 v2:172.21.15.100:3300/0 3 ==== mon_map magic: 0 ==== 205+0+0 (secure 0 0 0) 0x7f31a4037040 con 0x7f31b41084b0
2024-09-11T21:48:18.044 INFO:teuthology.orchestra.run.smithi100.stdout:/usr/bin/ceph: stderr
2024-09-11T21:48:13.804+0000 7f31ba92b640 1 -- 172.21.15.100:0/208602976 --> [v2:172.21.15.100:3300/0,v1:172.21.15.100:6789/0] -- mon_subscribe({osdmap=0}) -- 0x7f31b419ef10 con 0x7f31b41084b0
2024-09-11T21:48:18.044 INFO:teuthology.orchestra.run.smithi100.stdout:/usr/bin/ceph: stderr
2024-09-11T21:48:13.805+0000 7f31b1ffb640 1 -- 172.21.15.100:0/208602976 <== mon.0 v2:172.21.15.100:3300/0 4 ==== mgrmap(e 9) ==== 46300+0+0 (secure 0 0 0) 0x7f31a4045070 con 0x7f31b41084b0
2024-09-11T21:48:18.045 INFO:teuthology.orchestra.run.smithi100.stdout:/usr/bin/ceph: stderr
2024-09-11T21:48:13.805+0000 7f31b1ffb640 1 --2- 172.21.15.100:0/208602976 >> [v2:172.21.15.100:6800/3970035574,v1:172.21.15.100:6801/3970035574] conn(0x7f31a0039020 0x7f31a003b4e0 unknown :-1 s=NONE pgs=0 cs=0 l=1 rev1=0 crypto rx=0 tx=0 comp rx=0 tx=0).connect
2024-09-11T21:48:18.045 INFO:teuthology.orchestra.run.smithi100.stdout:/usr/bin/ceph: stderr
2024-09-11T21:48:13.805+0000 7f31b1ffb640 1 -- 172.21.15.100:0/208602976 --> [v2:172.21.15.100:6800/3970035574,v1:172.21.15.100:6801/3970035574] -- command(tid 0: {"prefix": "get_command_descriptions"}) -- 0x7f31a003bbf0 con 0x7f31a0039020
2024-09-11T21:48:18.045 INFO:teuthology.orchestra.run.smithi100.stdout:/usr/bin/ceph: stderr
2024-09-11T21:48:13.805+0000 7f31abfff640 1 -- 172.21.15.100:0/208602976 >> [v2:172.21.15.100:6800/3970035574,v1:172.21.15.100:6801/3970035574] conn(0x7f31a0039020 msgr2=0x7f31a003b4e0 unknown :-1 s=STATE_CONNECTING_RE l=1).process reconnect failed to v2:172.21.15.100:6800/3970035574
2024-09-11T21:48:18.045 INFO:teuthology.orchestra.run.smithi100.stdout:/usr/bin/ceph: stderr
2024-09-11T21:48:13.805+0000 7f31b1ffb640 1 -- 172.21.15.100:0/208602976 <== mon.0 v2:172.21.15.100:3300/0 5 ==== osd_map(2..2 src has 1..2) ==== 940+0+0 (secure 0 0 0) 0x7f31a406c160 con 0x7f31b41084b0
2024-09-11T21:48:18.045 INFO:teuthology.orchestra.run.smithi100.stdout:/usr/bin/ceph: stderr
2024-09-11T21:48:13.805+0000 7f31abfff640 1 --2- 172.21.15.100:0/208602976 >> [v2:172.21.15.100:6800/3970035574,v1:172.21.15.100:6801/3970035574] conn(0x7f31a0039020 0x7f31a003b4e0 unknown :-1 s=START_CONNECT pgs=0 cs=0 l=1 rev1=0 crypto rx=0 tx=0 comp rx=0 tx=0)._fault waiting 0.200000
2024-09-11T21:48:18.045 INFO:teuthology.orchestra.run.smithi100.stdout:/usr/bin/ceph: stderr
2024-09-11T21:48:14.006+0000 7f31abfff640 1 -- 172.21.15.100:0/208602976 >> [v2:172.21.15.100:6800/3970035574,v1:172.21.15.100:6801/3970035574] conn(0x7f31a0039020 msgr2=0x7f31a003b4e0 unknown :-1 s=STATE_CONNECTING_RE l=1).process reconnect failed to v2:172.21.15.100:6800/3970035574
2024-09-11T21:48:18.045 INFO:teuthology.orchestra.run.smithi100.stdout:/usr/bin/ceph: stderr
2024-09-11T21:48:14.006+0000 7f31abfff640 1 --2- 172.21.15.100:0/208602976 >> [v2:172.21.15.100:6800/3970035574,v1:172.21.15.100:6801/3970035574] conn(0x7f31a0039020 0x7f31a003b4e0 unknown :-1 s=START_CONNECT pgs=0 cs=0 l=1 rev1=0 crypto rx=0 tx=0 comp rx=0 tx=0)._fault waiting 0.400000
2024-09-11T21:48:18.045 INFO:teuthology.orchestra.run.smithi100.stdout:/usr/bin/ceph: stderr
2024-09-11T21:48:14.407+0000 7f31abfff640 1 -- 172.21.15.100:0/208602976 >> [v2:172.21.15.100:6800/3970035574,v1:172.21.15.100:6801/3970035574] conn(0x7f31a0039020 msgr2=0x7f31a003b4e0 unknown :-1 s=STATE_CONNECTING_RE l=1).process reconnect failed to v2:172.21.15.100:6800/3970035574
2024-09-11T21:48:18.045 INFO:teuthology.orchestra.run.smithi100.stdout:/usr/bin/ceph: stderr
2024-09-11T21:48:14.407+0000 7f31abfff640 1 --2- 172.21.15.100:0/208602976 >> [v2:172.21.15.100:6800/3970035574,v1:172.21.15.100:6801/3970035574] conn(0x7f31a0039020 0x7f31a003b4e0 unknown :-1 s=START_CONNECT pgs=0 cs=0 l=1 rev1=0 crypto rx=0 tx=0 comp rx=0 tx=0)._fault waiting 0.800000
2024-09-11T21:48:18.045 INFO:teuthology.orchestra.run.smithi100.stdout:/usr/bin/ceph: stderr
2024-09-11T21:48:15.208+0000 7f31abfff640 1 -- 172.21.15.100:0/208602976 >> [v2:172.21.15.100:6800/3970035574,v1:172.21.15.100:6801/3970035574] conn(0x7f31a0039020 msgr2=0x7f31a003b4e0 unknown :-1 s=STATE_CONNECTING_RE l=1).process reconnect failed to v2:172.21.15.100:6800/3970035574
2024-09-11T21:48:18.046 INFO:teuthology.orchestra.run.smithi100.stdout:/usr/bin/ceph: stderr
2024-09-11T21:48:15.208+0000 7f31abfff640 1 --2- 172.21.15.100:0/208602976 >> [v2:172.21.15.100:6800/3970035574,v1:172.21.15.100:6801/3970035574] conn(0x7f31a0039020 0x7f31a003b4e0 unknown :-1 s=START_CONNECT pgs=0 cs=0 l=1 rev1=0 crypto rx=0 tx=0 comp rx=0 tx=0)._fault waiting 1.600000
2024-09-11T21:48:18.046 INFO:teuthology.orchestra.run.smithi100.stdout:/usr/bin/ceph: stderr
2024-09-11T21:48:16.180+0000 7f31b1ffb640 1 -- 172.21.15.100:0/208602976 <== mon.0 v2:172.21.15.100:3300/0 6 ==== mgrmap(e 10) ==== 46067+0+0 (secure 0 0 0) 0x7f31a406ac10 con 0x7f31b41084b0
2024-09-11T21:48:18.046 INFO:teuthology.orchestra.run.smithi100.stdout:/usr/bin/ceph: stderr
2024-09-11T21:48:16.180+0000 7f31b1ffb640 1 -- 172.21.15.100:0/208602976 >> [v2:172.21.15.100:6800/3970035574,v1:172.21.15.100:6801/3970035574] conn(0x7f31a0039020 msgr2=0x7f31a003b4e0 unknown :-1 s=STATE_CONNECTING l=1).mark_down
2024-09-11T21:48:18.046 INFO:teuthology.orchestra.run.smithi100.stdout:/usr/bin/ceph: stderr
2024-09-11T21:48:16.180+0000 7f31b1ffb640 1 --2- 172.21.15.100:0/208602976 >> [v2:172.21.15.100:6800/3970035574,v1:172.21.15.100:6801/3970035574] conn(0x7f31a0039020 0x7f31a003b4e0 unknown :-1 s=START_CONNECT pgs=0 cs=0 l=1 rev1=0 crypto rx=0 tx=0 comp rx=0 tx=0).stop
2024-09-11T21:48:18.046 INFO:teuthology.orchestra.run.smithi100.stdout:/usr/bin/ceph: stderr
2024-09-11T21:48:17.183+0000 7f31b1ffb640 1 -- 172.21.15.100:0/208602976 <== mon.0 v2:172.21.15.100:3300/0 7 ==== mgrmap(e 11) ==== 46194+0+0 (secure 0 0 0) 0x7f31a402ed50 con 0x7f31b41084b0
2024-09-11T21:48:18.046 INFO:teuthology.orchestra.run.smithi100.stdout:/usr/bin/ceph: stderr
2024-09-11T21:48:17.183+0000 7f31b1ffb640 1 --2- 172.21.15.100:0/208602976 >> [v2:172.21.15.100:6800/1131882352,v1:172.21.15.100:6801/1131882352] conn(0x7f31a003cae0 0x7f31a003eed0 unknown :-1 s=NONE pgs=0 cs=0 l=1 rev1=0 crypto rx=0 tx=0 comp rx=0 tx=0).connect
2024-09-11T21:48:18.046 INFO:teuthology.orchestra.run.smithi100.stdout:/usr/bin/ceph: stderr
2024-09-11T21:48:17.183+0000 7f31b1ffb640 1 -- 172.21.15.100:0/208602976 --> [v2:172.21.15.100:6800/1131882352,v1:172.21.15.100:6801/1131882352] -- command(tid 0: {"prefix": "get_command_descriptions"}) -- 0x7f31a400aed0 con 0x7f31a003cae0
2024-09-11T21:48:18.046 INFO:teuthology.orchestra.run.smithi100.stdout:/usr/bin/ceph: stderr
2024-09-11T21:48:17.183+0000 7f31abfff640 1 --2- 172.21.15.100:0/208602976 >> [v2:172.21.15.100:6800/1131882352,v1:172.21.15.100:6801/1131882352] conn(0x7f31a003cae0 0x7f31a003eed0 unknown :-1 s=BANNER_CONNECTING pgs=0 cs=0 l=1 rev1=0 crypto rx=0 tx=0 comp rx=0 tx=0)._handle_peer_banner_payload supported=3 required=0
2024-09-11T21:48:18.046 INFO:teuthology.orchestra.run.smithi100.stdout:/usr/bin/ceph: stderr
2024-09-11T21:48:17.184+0000 7f31abfff640 1 --2- 172.21.15.100:0/208602976 >> [v2:172.21.15.100:6800/1131882352,v1:172.21.15.100:6801/1131882352] conn(0x7f31a003cae0 0x7f31a003eed0 secure :-1 s=READY pgs=4 cs=0 l=1 rev1=1 crypto rx=0x7f319c003980 tx=0x7f319c0092b0 comp rx=0 tx=0).ready entity=mgr.14150 client_cookie=0 server_cookie=0 in_seq=0 out_seq=0
2024-09-11T21:48:18.046 INFO:teuthology.orchestra.run.smithi100.stdout:/usr/bin/ceph: stderr
2024-09-11T21:48:17.184+0000 7f31b1ffb640 1 -- 172.21.15.100:0/208602976 <== mgr.14150 v2:172.21.15.100:6800/1131882352 1 ==== command_reply(tid 0: 0 ) ==== 8+0+9564 (secure 0 0 0) 0x7f31a400aed0 con 0x7f31a003cae0
2024-09-11T21:48:18.046 INFO:teuthology.orchestra.run.smithi100.stdout:/usr/bin/ceph: stderr
2024-09-11T21:48:17.191+0000 7f31ba92b640 1 -- 172.21.15.100:0/208602976 --> [v2:172.21.15.100:6800/1131882352,v1:172.21.15.100:6801/1131882352] -- command(tid 1: {"prefix": "mgr_status"}) -- 0x7f31b4108890 con 0x7f31a003cae0
2024-09-11T21:48:18.046 INFO:teuthology.orchestra.run.smithi100.stdout:/usr/bin/ceph: stderr
2024-09-11T21:48:17.191+0000 7f31b1ffb640 1 -- 172.21.15.100:0/208602976 <== mgr.14150 v2:172.21.15.100:6800/1131882352 2 ==== command_reply(tid 1: 0 ) ==== 8+0+52 (secure 0 0 0) 0x7f31b4108890 con 0x7f31a003cae0
2024-09-11T21:48:18.047 INFO:teuthology.orchestra.run.smithi100.stdout:/usr/bin/ceph: stderr
2024-09-11T21:48:17.192+0000 7f31ba92b640 1 -- 172.21.15.100:0/208602976 >> [v2:172.21.15.100:6800/1131882352,v1:172.21.15.100:6801/1131882352] conn(0x7f31a003cae0 msgr2=0x7f31a003eed0 secure :-1 s=STATE_CONNECTION_ESTABLISHED l=1).mark_down
2024-09-11T21:48:18.047 INFO:teuthology.orchestra.run.smithi100.stdout:/usr/bin/ceph: stderr
2024-09-11T21:48:17.192+0000 7f31ba92b640 1 --2- 172.21.15.100:0/208602976 >> [v2:172.21.15.100:6800/1131882352,v1:172.21.15.100:6801/1131882352] conn(0x7f31a003cae0 0x7f31a003eed0 secure :-1 s=READY pgs=4 cs=0 l=1 rev1=1 crypto rx=0x7f319c003980 tx=0x7f319c0092b0 comp rx=0 tx=0).stop
2024-09-11T21:48:18.047 INFO:teuthology.orchestra.run.smithi100.stdout:/usr/bin/ceph: stderr
2024-09-11T21:48:17.192+0000 7f31ba92b640 1 -- 172.21.15.100:0/208602976 >> [v2:172.21.15.100:3300/0,v1:172.21.15.100:6789/0] conn(0x7f31b41084b0 msgr2=0x7f31b419ba50 secure :-1 s=STATE_CONNECTION_ESTABLISHED l=1).mark_down
2024-09-11T21:48:18.047 INFO:teuthology.orchestra.run.smithi100.stdout:/usr/bin/ceph: stderr
2024-09-11T21:48:17.192+0000 7f31ba92b640 1 --2- 172.21.15.100:0/208602976 >> [v2:172.21.15.100:3300/0,v1:172.21.15.100:6789/0] conn(0x7f31b41084b0 0x7f31b419ba50 secure :-1 s=READY pgs=60 cs=0 l=1 rev1=1 crypto rx=0x7f31a4009940 tx=0x7f31a4032670 comp rx=0 tx=0).stop
2024-09-11T21:48:18.047 INFO:teuthology.orchestra.run.smithi100.stdout:/usr/bin/ceph: stderr
2024-09-11T21:48:17.192+0000 7f31ba92b640 1 -- 172.21.15.100:0/208602976 shutdown_connections
2024-09-11T21:48:18.047 INFO:teuthology.orchestra.run.smithi100.stdout:/usr/bin/ceph: stderr
2024-09-11T21:48:17.192+0000 7f31ba92b640 1 --2- 172.21.15.100:0/208602976 >> [v2:172.21.15.100:6800/1131882352,v1:172.21.15.100:6801/1131882352] conn(0x7f31a003cae0 0x7f31a003eed0 unknown :-1 s=CLOSED pgs=4 cs=0 l=1 rev1=1 crypto rx=0 tx=0 comp rx=0 tx=0).stop
2024-09-11T21:48:18.047 INFO:teuthology.orchestra.run.smithi100.stdout:/usr/bin/ceph: stderr
2024-09-11T21:48:17.192+0000 7f31ba92b640 1 --2- 172.21.15.100:0/208602976 >> [v2:172.21.15.100:6800/3970035574,v1:172.21.15.100:6801/3970035574] conn(0x7f31a0039020 0x7f31a003b4e0 unknown :-1 s=CLOSED pgs=0 cs=0 l=1 rev1=0 crypto rx=0 tx=0 comp rx=0 tx=0).stop
2024-09-11T21:48:18.047 INFO:teuthology.orchestra.run.smithi100.stdout:/usr/bin/ceph: stderr
2024-09-11T21:48:17.192+0000 7f31ba92b640 1 --2- 172.21.15.100:0/208602976 >> [v2:172.21.15.100:3300/0,v1:172.21.15.100:6789/0] conn(0x7f31b41084b0 0x7f31b419ba50 unknown :-1 s=CLOSED pgs=60 cs=0 l=1 rev1=1 crypto rx=0 tx=0 comp rx=0 tx=0).stop
2024-09-11T21:48:18.047 INFO:teuthology.orchestra.run.smithi100.stdout:/usr/bin/ceph: stderr
2024-09-11T21:48:17.192+0000 7f31ba92b640 1 -- 172.21.15.100:0/208602976 >> 172.21.15.100:0/208602976 conn(0x7f31b41020f0 msgr2=0x7f31b4102c70 unknown :-1 s=STATE_NONE l=0).mark_down
2024-09-11T21:48:18.047 INFO:teuthology.orchestra.run.smithi100.stdout:/usr/bin/ceph: stderr
2024-09-11T21:48:17.192+0000 7f31ba92b640 1 -- 172.21.15.100:0/208602976 shutdown_connections
2024-09-11T21:48:18.047 INFO:teuthology.orchestra.run.smithi100.stdout:/usr/bin/ceph: stderr
2024-09-11T21:48:17.192+0000 7f31ba92b640 1 -- 172.21.15.100:0/208602976 wait complete.
2024-09-11T21:48:18.047 INFO:teuthology.orchestra.run.smithi100.stdout:mgr epoch 9 is available
2024-09-11T21:48:18.048 INFO:teuthology.orchestra.run.smithi100.stdout:Generating a dashboard self-signed certificate...
2024-09-11T21:48:18.348 INFO:journalctl@ceph.mon.a.smithi100.stdout:Sep 11 21:48:18 smithi100 ceph-mon[31442]: mgrmap e11: x(active, since 1.00657s)
2024-09-11T21:48:18.348 INFO:journalctl@ceph.mon.a.smithi100.stdout:Sep 11 21:48:18 smithi100 ceph-mon[31442]: [11/Sep/2024:21:48:17] ENGINE Bus STARTING
2024-09-11T21:48:18.348 INFO:journalctl@ceph.mon.a.smithi100.stdout:Sep 11 21:48:18 smithi100 ceph-mon[31442]: [11/Sep/2024:21:48:17] ENGINE Serving on https://172.21.15.100:7150
2024-09-11T21:48:18.348 INFO:journalctl@ceph.mon.a.smithi100.stdout:Sep 11 21:48:18 smithi100 ceph-mon[31442]: [11/Sep/2024:21:48:17] ENGINE Error in HTTPServer.serve
2024-09-11T21:48:18.348 INFO:journalctl@ceph.mon.a.smithi100.stdout: Traceback (most recent call last):
2024-09-11T21:48:18.349 INFO:journalctl@ceph.mon.a.smithi100.stdout: File "/lib/python3.9/site-packages/cheroot/server.py", line 1823, in serve
2024-09-11T21:48:18.349 INFO:journalctl@ceph.mon.a.smithi100.stdout: self._connections.run(self.expiration_interval)
2024-09-11T21:48:18.349 INFO:journalctl@ceph.mon.a.smithi100.stdout: File "/lib/python3.9/site-packages/cheroot/connections.py", line 203, in run
2024-09-11T21:48:18.349 INFO:journalctl@ceph.mon.a.smithi100.stdout: self._run(expiration_interval)
2024-09-11T21:48:18.349 INFO:journalctl@ceph.mon.a.smithi100.stdout: File "/lib/python3.9/site-packages/cheroot/connections.py", line 246, in _run
2024-09-11T21:48:18.349 INFO:journalctl@ceph.mon.a.smithi100.stdout: new_conn = self._from_server_socket(self.server.socket)
2024-09-11T21:48:18.349 INFO:journalctl@ceph.mon.a.smithi100.stdout: File "/lib/python3.9/site-packages/cheroot/connections.py", line 300, in _from_server_socket
2024-09-11T21:48:18.349 INFO:journalctl@ceph.mon.a.smithi100.stdout: s, ssl_env = self.server.ssl_adapter.wrap(s)
2024-09-11T21:48:18.349 INFO:journalctl@ceph.mon.a.smithi100.stdout: File "/lib/python3.9/site-packages/cheroot/ssl/builtin.py", line 277, in wrap
2024-09-11T21:48:18.349 INFO:journalctl@ceph.mon.a.smithi100.stdout: s = self.context.wrap_socket(
2024-09-11T21:48:18.349 INFO:journalctl@ceph.mon.a.smithi100.stdout: File "/lib64/python3.9/ssl.py", line 501, in wrap_socket
2024-09-11T21:48:18.349 INFO:journalctl@ceph.mon.a.smithi100.stdout: return self.sslsocket_class._create(
2024-09-11T21:48:18.349 INFO:journalctl@ceph.mon.a.smithi100.stdout: File "/lib64/python3.9/ssl.py", line 1074, in _create
2024-09-11T21:48:18.349 INFO:journalctl@ceph.mon.a.smithi100.stdout: self.do_handshake()
2024-09-11T21:48:18.350 INFO:journalctl@ceph.mon.a.smithi100.stdout: File "/lib64/python3.9/ssl.py", line 1343, in do_handshake
2024-09-11T21:48:18.350 INFO:journalctl@ceph.mon.a.smithi100.stdout: self._sslobj.do_handshake()
2024-09-11T21:48:18.350 INFO:journalctl@ceph.mon.a.smithi100.stdout: ssl.SSLZeroReturnError: TLS/SSL connection has been closed (EOF) (_ssl.c:1133)
2024-09-11T21:48:18.350 INFO:journalctl@ceph.mon.a.smithi100.stdout:Sep 11 21:48:18 smithi100 ceph-mon[31442]: from='mgr.14150 172.21.15.100:0/629904969' entity='mgr.x'
2024-09-11T21:48:19.371 INFO:teuthology.orchestra.run.smithi100.stdout:/usr/bin/ceph: stdout Self-signed certificate created
2024-09-11T21:48:19.371 INFO:teuthology.orchestra.run.smithi100.stdout:/usr/bin/ceph: stderr
2024-09-11T21:48:18.446+0000 7f15ebdb3640 1 Processor -- start
2024-09-11T21:48:19.371 INFO:teuthology.orchestra.run.smithi100.stdout:/usr/bin/ceph: stderr
2024-09-11T21:48:18.446+0000 7f15ebdb3640 1 -- start start
2024-09-11T21:48:19.371 INFO:teuthology.orchestra.run.smithi100.stdout:/usr/bin/ceph: stderr
2024-09-11T21:48:18.446+0000 7f15ebdb3640 1 --2- >> [v2:172.21.15.100:3300/0,v1:172.21.15.100:6789/0] conn(0x7f15e4106210 0x7f15e4108620 unknown :-1 s=NONE pgs=0 cs=0 l=0 rev1=0 crypto rx=0 tx=0 comp rx=0 tx=0).connect
2024-09-11T21:48:19.371 INFO:teuthology.orchestra.run.smithi100.stdout:/usr/bin/ceph: stderr
2024-09-11T21:48:18.446+0000 7f15ebdb3640 1 -- --> [v2:172.21.15.100:3300/0,v1:172.21.15.100:6789/0] -- mon_getmap magic: 0 -- 0x7f15e4063510 con 0x7f15e4106210
2024-09-11T21:48:19.372 INFO:teuthology.orchestra.run.smithi100.stdout:/usr/bin/ceph: stderr
2024-09-11T21:48:18.446+0000 7f15e9b4f640 1 --2- >> [v2:172.21.15.100:3300/0,v1:172.21.15.100:6789/0] conn(0x7f15e4106210 0x7f15e4108620 unknown :-1 s=BANNER_CONNECTING pgs=0 cs=0 l=0 rev1=0 crypto rx=0 tx=0 comp rx=0 tx=0)._handle_peer_banner_payload supported=3 required=0
2024-09-11T21:48:19.372 INFO:teuthology.orchestra.run.smithi100.stdout:/usr/bin/ceph: stderr
2024-09-11T21:48:18.447+0000 7f15e9b4f640 1 --2- >> [v2:172.21.15.100:3300/0,v1:172.21.15.100:6789/0] conn(0x7f15e4106210 0x7f15e4108620 unknown :-1 s=HELLO_CONNECTING pgs=0 cs=0 l=0 rev1=1 crypto rx=0 tx=0 comp rx=0 tx=0).handle_hello peer v2:172.21.15.100:3300/0 says I am v2:172.21.15.100:56390/0 (socket says 172.21.15.100:56390)
2024-09-11T21:48:19.372 INFO:teuthology.orchestra.run.smithi100.stdout:/usr/bin/ceph: stderr
2024-09-11T21:48:18.447+0000 7f15e9b4f640 1 -- 172.21.15.100:0/2049949619 learned_addr learned my addr 172.21.15.100:0/2049949619 (peer_addr_for_me v2:172.21.15.100:0/0)
2024-09-11T21:48:19.372 INFO:teuthology.orchestra.run.smithi100.stdout:/usr/bin/ceph: stderr
2024-09-11T21:48:18.447+0000 7f15e9b4f640 1 -- 172.21.15.100:0/2049949619 --> [v2:172.21.15.100:3300/0,v1:172.21.15.100:6789/0] -- mon_subscribe({config=0+,monmap=0+}) -- 0x7f15e4108b60 con 0x7f15e4106210
2024-09-11T21:48:19.372 INFO:teuthology.orchestra.run.smithi100.stdout:/usr/bin/ceph: stderr
2024-09-11T21:48:18.447+0000 7f15e9b4f640 1 --2- 172.21.15.100:0/2049949619 >> [v2:172.21.15.100:3300/0,v1:172.21.15.100:6789/0] conn(0x7f15e4106210 0x7f15e4108620 secure :-1 s=READY pgs=68 cs=0 l=1 rev1=1 crypto rx=0x7f15e0009820 tx=0x7f15e002a270 comp rx=0 tx=0).ready entity=mon.0 client_cookie=8d113a7497e6df6b server_cookie=0 in_seq=0 out_seq=0
2024-09-11T21:48:19.372 INFO:teuthology.orchestra.run.smithi100.stdout:/usr/bin/ceph: stderr
2024-09-11T21:48:18.448+0000 7f15e8b4d640 1 -- 172.21.15.100:0/2049949619 <== mon.0 v2:172.21.15.100:3300/0 1 ==== mon_map magic: 0 ==== 205+0+0 (secure 0 0 0) 0x7f15e0037070 con 0x7f15e4106210
2024-09-11T21:48:19.372 INFO:teuthology.orchestra.run.smithi100.stdout:/usr/bin/ceph: stderr
2024-09-11T21:48:18.448+0000 7f15e8b4d640 1 -- 172.21.15.100:0/2049949619 <== mon.0 v2:172.21.15.100:3300/0 2 ==== config(29 keys) ==== 1209+0+0 (secure 0 0 0) 0x7f15e0032960 con 0x7f15e4106210
2024-09-11T21:48:19.372 INFO:teuthology.orchestra.run.smithi100.stdout:/usr/bin/ceph: stderr
2024-09-11T21:48:18.448+0000 7f15e8b4d640 1 -- 172.21.15.100:0/2049949619 <== mon.0 v2:172.21.15.100:3300/0 3 ==== mon_map magic: 0 ==== 205+0+0 (secure 0 0 0) 0x7f15e0030980 con 0x7f15e4106210
2024-09-11T21:48:19.372 INFO:teuthology.orchestra.run.smithi100.stdout:/usr/bin/ceph: stderr
2024-09-11T21:48:18.448+0000 7f15ebdb3640 1 -- 172.21.15.100:0/2049949619 >> [v2:172.21.15.100:3300/0,v1:172.21.15.100:6789/0] conn(0x7f15e4106210 msgr2=0x7f15e4108620 secure :-1 s=STATE_CONNECTION_ESTABLISHED l=1).mark_down
2024-09-11T21:48:19.372 INFO:teuthology.orchestra.run.smithi100.stdout:/usr/bin/ceph: stderr
2024-09-11T21:48:18.448+0000 7f15ebdb3640 1 --2- 172.21.15.100:0/2049949619 >> [v2:172.21.15.100:3300/0,v1:172.21.15.100:6789/0] conn(0x7f15e4106210 0x7f15e4108620 secure :-1 s=READY pgs=68 cs=0 l=1 rev1=1 crypto rx=0x7f15e0009820 tx=0x7f15e002a270 comp rx=0 tx=0).stop
2024-09-11T21:48:19.372 INFO:teuthology.orchestra.run.smithi100.stdout:/usr/bin/ceph: stderr
2024-09-11T21:48:18.448+0000 7f15ebdb3640 1 -- 172.21.15.100:0/2049949619 shutdown_connections
2024-09-11T21:48:19.372 INFO:teuthology.orchestra.run.smithi100.stdout:/usr/bin/ceph: stderr
2024-09-11T21:48:18.448+0000 7f15ebdb3640 1 --2- 172.21.15.100:0/2049949619 >> [v2:172.21.15.100:3300/0,v1:172.21.15.100:6789/0] conn(0x7f15e4106210 0x7f15e4108620 unknown :-1 s=CLOSED pgs=68 cs=0 l=1 rev1=1 crypto rx=0 tx=0 comp rx=0 tx=0).stop
2024-09-11T21:48:19.373 INFO:teuthology.orchestra.run.smithi100.stdout:/usr/bin/ceph: stderr
2024-09-11T21:48:18.448+0000 7f15ebdb3640 1 -- 172.21.15.100:0/2049949619 >> 172.21.15.100:0/2049949619 conn(0x7f15e4102040 msgr2=0x7f15e4104480 unknown :-1 s=STATE_NONE l=0).mark_down
2024-09-11T21:48:19.373 INFO:teuthology.orchestra.run.smithi100.stdout:/usr/bin/ceph: stderr
2024-09-11T21:48:18.448+0000 7f15ebdb3640 1 -- 172.21.15.100:0/2049949619 shutdown_connections
2024-09-11T21:48:19.373 INFO:teuthology.orchestra.run.smithi100.stdout:/usr/bin/ceph: stderr
2024-09-11T21:48:18.448+0000 7f15ebdb3640 1 -- 172.21.15.100:0/2049949619 wait complete.
2024-09-11T21:48:19.373 INFO:teuthology.orchestra.run.smithi100.stdout:/usr/bin/ceph: stderr
2024-09-11T21:48:18.449+0000 7f15ebdb3640 1 Processor -- start
2024-09-11T21:48:19.373 INFO:teuthology.orchestra.run.smithi100.stdout:/usr/bin/ceph: stderr
2024-09-11T21:48:18.449+0000 7f15ebdb3640 1 -- start start
2024-09-11T21:48:19.373 INFO:teuthology.orchestra.run.smithi100.stdout:/usr/bin/ceph: stderr
2024-09-11T21:48:18.449+0000 7f15ebdb3640 1 --2- >> [v2:172.21.15.100:3300/0,v1:172.21.15.100:6789/0] conn(0x7f15e4106210 0x7f15e41a2010 unknown :-1 s=NONE pgs=0 cs=0 l=1 rev1=0 crypto rx=0 tx=0 comp rx=0 tx=0).connect
2024-09-11T21:48:19.373 INFO:teuthology.orchestra.run.smithi100.stdout:/usr/bin/ceph: stderr
2024-09-11T21:48:18.449+0000 7f15ebdb3640 1 -- --> [v2:172.21.15.100:3300/0,v1:172.21.15.100:6789/0] -- mon_getmap magic: 0 -- 0x7f15e4109d60 con 0x7f15e4106210
2024-09-11T21:48:19.373 INFO:teuthology.orchestra.run.smithi100.stdout:/usr/bin/ceph: stderr
2024-09-11T21:48:18.449+0000 7f15e9b4f640 1 --2- >> [v2:172.21.15.100:3300/0,v1:172.21.15.100:6789/0] conn(0x7f15e4106210 0x7f15e41a2010 unknown :-1 s=BANNER_CONNECTING pgs=0 cs=0 l=1 rev1=0 crypto rx=0 tx=0 comp rx=0 tx=0)._handle_peer_banner_payload supported=3 required=0
2024-09-11T21:48:19.373 INFO:teuthology.orchestra.run.smithi100.stdout:/usr/bin/ceph: stderr
2024-09-11T21:48:18.449+0000 7f15e9b4f640 1 --2- >> [v2:172.21.15.100:3300/0,v1:172.21.15.100:6789/0] conn(0x7f15e4106210 0x7f15e41a2010 unknown :-1 s=HELLO_CONNECTING pgs=0 cs=0 l=1 rev1=1 crypto rx=0 tx=0 comp rx=0 tx=0).handle_hello peer v2:172.21.15.100:3300/0 says I am v2:172.21.15.100:56394/0 (socket says 172.21.15.100:56394)
2024-09-11T21:48:19.373 INFO:teuthology.orchestra.run.smithi100.stdout:/usr/bin/ceph: stderr
2024-09-11T21:48:18.449+0000 7f15e9b4f640 1 -- 172.21.15.100:0/174514493 learned_addr learned my addr 172.21.15.100:0/174514493 (peer_addr_for_me v2:172.21.15.100:0/0)
2024-09-11T21:48:19.373 INFO:teuthology.orchestra.run.smithi100.stdout:/usr/bin/ceph: stderr
2024-09-11T21:48:18.449+0000 7f15e9b4f640 1 -- 172.21.15.100:0/174514493 --> [v2:172.21.15.100:3300/0,v1:172.21.15.100:6789/0] -- mon_subscribe({config=0+,monmap=0+}) -- 0x7f15e41a2550 con 0x7f15e4106210
2024-09-11T21:48:19.373 INFO:teuthology.orchestra.run.smithi100.stdout:/usr/bin/ceph: stderr
2024-09-11T21:48:18.449+0000 7f15e9b4f640 1 --2- 172.21.15.100:0/174514493 >> [v2:172.21.15.100:3300/0,v1:172.21.15.100:6789/0] conn(0x7f15e4106210 0x7f15e41a2010 secure :-1 s=READY pgs=69 cs=0 l=1 rev1=1 crypto rx=0x7f15e0009940 tx=0x7f15e0032670 comp rx=0 tx=0).ready entity=mon.0 client_cookie=0 server_cookie=0 in_seq=0 out_seq=0
2024-09-11T21:48:19.374 INFO:teuthology.orchestra.run.smithi100.stdout:/usr/bin/ceph: stderr
2024-09-11T21:48:18.450+0000 7f15daffd640 1 -- 172.21.15.100:0/174514493 <== mon.0 v2:172.21.15.100:3300/0 1 ==== mon_map magic: 0 ==== 205+0+0 (secure 0 0 0) 0x7f15e0042070 con 0x7f15e4106210
2024-09-11T21:48:19.374 INFO:teuthology.orchestra.run.smithi100.stdout:/usr/bin/ceph: stderr
2024-09-11T21:48:18.450+0000 7f15daffd640 1 -- 172.21.15.100:0/174514493 <== mon.0 v2:172.21.15.100:3300/0 2 ==== config(29 keys) ==== 1209+0+0 (secure 0 0 0) 0x7f15e003d950 con 0x7f15e4106210
2024-09-11T21:48:19.374 INFO:teuthology.orchestra.run.smithi100.stdout:/usr/bin/ceph: stderr
2024-09-11T21:48:18.450+0000 7f15ebdb3640 1 -- 172.21.15.100:0/174514493 --> [v2:172.21.15.100:3300/0,v1:172.21.15.100:6789/0] -- mon_subscribe({mgrmap=0+}) -- 0x7f15e41a27e0 con 0x7f15e4106210
2024-09-11T21:48:19.374 INFO:teuthology.orchestra.run.smithi100.stdout:/usr/bin/ceph: stderr
2024-09-11T21:48:18.450+0000 7f15daffd640 1 -- 172.21.15.100:0/174514493 <== mon.0 v2:172.21.15.100:3300/0 3 ==== mon_map magic: 0 ==== 205+0+0 (secure 0 0 0) 0x7f15e0037040 con 0x7f15e4106210
2024-09-11T21:48:19.374 INFO:teuthology.orchestra.run.smithi100.stdout:/usr/bin/ceph: stderr
2024-09-11T21:48:18.450+0000 7f15ebdb3640 1 -- 172.21.15.100:0/174514493 --> [v2:172.21.15.100:3300/0,v1:172.21.15.100:6789/0] -- mon_subscribe({osdmap=0}) -- 0x7f15e41a54d0 con 0x7f15e4106210
2024-09-11T21:48:19.374 INFO:teuthology.orchestra.run.smithi100.stdout:/usr/bin/ceph: stderr
2024-09-11T21:48:18.450+0000 7f15daffd640 1 -- 172.21.15.100:0/174514493 <== mon.0 v2:172.21.15.100:3300/0 4 ==== mgrmap(e 11) ==== 46194+0+0 (secure 0 0 0) 0x7f15e0045070 con 0x7f15e4106210
2024-09-11T21:48:19.374 INFO:teuthology.orchestra.run.smithi100.stdout:/usr/bin/ceph: stderr
2024-09-11T21:48:18.451+0000 7f15ebdb3640 1 -- 172.21.15.100:0/174514493 --> [v2:172.21.15.100:3300/0,v1:172.21.15.100:6789/0] -- mon_command({"prefix": "get_command_descriptions"} v 0) -- 0x7f15e410a390 con 0x7f15e4106210
2024-09-11T21:48:19.374 INFO:teuthology.orchestra.run.smithi100.stdout:/usr/bin/ceph: stderr
2024-09-11T21:48:18.451+0000 7f15daffd640 1 --2- 172.21.15.100:0/174514493 >> [v2:172.21.15.100:6800/1131882352,v1:172.21.15.100:6801/1131882352] conn(0x7f15d0038eb0 0x7f15d003b370 unknown :-1 s=NONE pgs=0 cs=0 l=1 rev1=0 crypto rx=0 tx=0 comp rx=0 tx=0).connect
2024-09-11T21:48:19.374 INFO:teuthology.orchestra.run.smithi100.stdout:/usr/bin/ceph: stderr
