2024-09-11T21:48:08.796 INFO:teuthology.orchestra.run.smithi100.stdout:/usr/bin/ceph: stderr
2024-09-11T21:48:07.574+0000 7f4529f9b640 1 -- 172.21.15.100:0/2114668746 shutdown_connections
2024-09-11T21:48:08.796 INFO:teuthology.orchestra.run.smithi100.stdout:/usr/bin/ceph: stderr
2024-09-11T21:48:07.574+0000 7f4529f9b640 1 --2- 172.21.15.100:0/2114668746 >> [v2:172.21.15.100:6800/3970035574,v1:172.21.15.100:6801/3970035574] conn(0x7f450c038f70 0x7f450c03b430 unknown :-1 s=CLOSED pgs=14 cs=0 l=1 rev1=1 crypto rx=0 tx=0 comp rx=0 tx=0).stop
2024-09-11T21:48:08.796 INFO:teuthology.orchestra.run.smithi100.stdout:/usr/bin/ceph: stderr
2024-09-11T21:48:07.574+0000 7f4529f9b640 1 --2- 172.21.15.100:0/2114668746 >> [v2:172.21.15.100:3300/0,v1:172.21.15.100:6789/0] conn(0x7f452407dee0 0x7f452419dc40 secure :-1 s=CLOSED pgs=50 cs=0 l=1 rev1=1 crypto rx=0x7f45140097f0 tx=0x7f4514032e80 comp rx=0 tx=0).stop
2024-09-11T21:48:08.796 INFO:teuthology.orchestra.run.smithi100.stdout:/usr/bin/ceph: stderr
2024-09-11T21:48:07.574+0000 7f4529f9b640 1 -- 172.21.15.100:0/2114668746 >> 172.21.15.100:0/2114668746 conn(0x7f45241031b0 msgr2=0x7f4524103d00 unknown :-1 s=STATE_NONE l=0).mark_down
2024-09-11T21:48:08.796 INFO:teuthology.orchestra.run.smithi100.stdout:/usr/bin/ceph: stderr
2024-09-11T21:48:07.575+0000 7f4529f9b640 1 -- 172.21.15.100:0/2114668746 shutdown_connections
2024-09-11T21:48:08.796 INFO:teuthology.orchestra.run.smithi100.stdout:/usr/bin/ceph: stderr
2024-09-11T21:48:07.575+0000 7f4529f9b640 1 -- 172.21.15.100:0/2114668746 wait complete.
2024-09-11T21:48:09.454 INFO:journalctl@ceph.mon.a.smithi100.stdout:Sep 11 21:48:09 smithi100 ceph-mon[31442]: from='mgr.14118 172.21.15.100:0/3295666274' entity='mgr.x'
2024-09-11T21:48:10.057 INFO:teuthology.orchestra.run.smithi100.stdout:/usr/bin/ceph: stderr
2024-09-11T21:48:09.268+0000 7f4fa851f640 1 Processor -- start
2024-09-11T21:48:10.058 INFO:teuthology.orchestra.run.smithi100.stdout:/usr/bin/ceph: stderr
2024-09-11T21:48:09.269+0000 7f4fa851f640 1 -- start start
2024-09-11T21:48:10.058 INFO:teuthology.orchestra.run.smithi100.stdout:/usr/bin/ceph: stderr
2024-09-11T21:48:09.269+0000 7f4fa851f640 1 --2- >> [v2:172.21.15.100:3300/0,v1:172.21.15.100:6789/0] conn(0x7f4fa0108520 0x7f4fa010a910 unknown :-1 s=NONE pgs=0 cs=0 l=0 rev1=0 crypto rx=0 tx=0 comp rx=0 tx=0).connect
2024-09-11T21:48:10.058 INFO:teuthology.orchestra.run.smithi100.stdout:/usr/bin/ceph: stderr
2024-09-11T21:48:09.269+0000 7f4fa851f640 1 -- --> [v2:172.21.15.100:3300/0,v1:172.21.15.100:6789/0] -- mon_getmap magic: 0 -- 0x7f4fa0063450 con 0x7f4fa0108520
2024-09-11T21:48:10.058 INFO:teuthology.orchestra.run.smithi100.stdout:/usr/bin/ceph: stderr
2024-09-11T21:48:09.269+0000 7f4fa62bb640 1 --2- >> [v2:172.21.15.100:3300/0,v1:172.21.15.100:6789/0] conn(0x7f4fa0108520 0x7f4fa010a910 unknown :-1 s=BANNER_CONNECTING pgs=0 cs=0 l=0 rev1=0 crypto rx=0 tx=0 comp rx=0 tx=0)._handle_peer_banner_payload supported=3 required=0
2024-09-11T21:48:10.058 INFO:teuthology.orchestra.run.smithi100.stdout:/usr/bin/ceph: stderr
2024-09-11T21:48:09.269+0000 7f4fa62bb640 1 --2- >> [v2:172.21.15.100:3300/0,v1:172.21.15.100:6789/0] conn(0x7f4fa0108520 0x7f4fa010a910 unknown :-1 s=HELLO_CONNECTING pgs=0 cs=0 l=0 rev1=1 crypto rx=0 tx=0 comp rx=0 tx=0).handle_hello peer v2:172.21.15.100:3300/0 says I am v2:172.21.15.100:60236/0 (socket says 172.21.15.100:60236)
2024-09-11T21:48:10.058 INFO:teuthology.orchestra.run.smithi100.stdout:/usr/bin/ceph: stderr
2024-09-11T21:48:09.269+0000 7f4fa62bb640 1 -- 172.21.15.100:0/154735888 learned_addr learned my addr 172.21.15.100:0/154735888 (peer_addr_for_me v2:172.21.15.100:0/0)
2024-09-11T21:48:10.058 INFO:teuthology.orchestra.run.smithi100.stdout:/usr/bin/ceph: stderr
2024-09-11T21:48:09.270+0000 7f4fa62bb640 1 -- 172.21.15.100:0/154735888 --> [v2:172.21.15.100:3300/0,v1:172.21.15.100:6789/0] -- mon_subscribe({config=0+,monmap=0+}) -- 0x7f4fa010ae50 con 0x7f4fa0108520
2024-09-11T21:48:10.058 INFO:teuthology.orchestra.run.smithi100.stdout:/usr/bin/ceph: stderr
2024-09-11T21:48:09.270+0000 7f4fa62bb640 1 --2- 172.21.15.100:0/154735888 >> [v2:172.21.15.100:3300/0,v1:172.21.15.100:6789/0] conn(0x7f4fa0108520 0x7f4fa010a910 secure :-1 s=READY pgs=51 cs=0 l=1 rev1=1 crypto rx=0x7f4f9c009820 tx=0x7f4f9c02a270 comp rx=0 tx=0).ready entity=mon.0 client_cookie=a55dc9fccb7b4f4d server_cookie=0 in_seq=0 out_seq=0
2024-09-11T21:48:10.058 INFO:teuthology.orchestra.run.smithi100.stdout:/usr/bin/ceph: stderr
2024-09-11T21:48:09.270+0000 7f4fa52b9640 1 -- 172.21.15.100:0/154735888 <== mon.0 v2:172.21.15.100:3300/0 1 ==== mon_map magic: 0 ==== 205+0+0 (secure 0 0 0) 0x7f4f9c037070 con 0x7f4fa0108520
2024-09-11T21:48:10.058 INFO:teuthology.orchestra.run.smithi100.stdout:/usr/bin/ceph: stderr
2024-09-11T21:48:09.271+0000 7f4fa52b9640 1 -- 172.21.15.100:0/154735888 <== mon.0 v2:172.21.15.100:3300/0 2 ==== config(29 keys) ==== 1209+0+0 (secure 0 0 0) 0x7f4f9c032960 con 0x7f4fa0108520
2024-09-11T21:48:10.058 INFO:teuthology.orchestra.run.smithi100.stdout:/usr/bin/ceph: stderr
2024-09-11T21:48:09.271+0000 7f4fa52b9640 1 -- 172.21.15.100:0/154735888 <== mon.0 v2:172.21.15.100:3300/0 3 ==== mon_map magic: 0 ==== 205+0+0 (secure 0 0 0) 0x7f4f9c030980 con 0x7f4fa0108520
2024-09-11T21:48:10.059 INFO:teuthology.orchestra.run.smithi100.stdout:/usr/bin/ceph: stderr
2024-09-11T21:48:09.271+0000 7f4fa851f640 1 -- 172.21.15.100:0/154735888 >> [v2:172.21.15.100:3300/0,v1:172.21.15.100:6789/0] conn(0x7f4fa0108520 msgr2=0x7f4fa010a910 secure :-1 s=STATE_CONNECTION_ESTABLISHED l=1).mark_down
2024-09-11T21:48:10.059 INFO:teuthology.orchestra.run.smithi100.stdout:/usr/bin/ceph: stderr
2024-09-11T21:48:09.271+0000 7f4fa851f640 1 --2- 172.21.15.100:0/154735888 >> [v2:172.21.15.100:3300/0,v1:172.21.15.100:6789/0] conn(0x7f4fa0108520 0x7f4fa010a910 secure :-1 s=READY pgs=51 cs=0 l=1 rev1=1 crypto rx=0x7f4f9c009820 tx=0x7f4f9c02a270 comp rx=0 tx=0).stop
2024-09-11T21:48:10.059 INFO:teuthology.orchestra.run.smithi100.stdout:/usr/bin/ceph: stderr
2024-09-11T21:48:09.271+0000 7f4fa851f640 1 -- 172.21.15.100:0/154735888 shutdown_connections
2024-09-11T21:48:10.059 INFO:teuthology.orchestra.run.smithi100.stdout:/usr/bin/ceph: stderr
2024-09-11T21:48:09.271+0000 7f4fa851f640 1 --2- 172.21.15.100:0/154735888 >> [v2:172.21.15.100:3300/0,v1:172.21.15.100:6789/0] conn(0x7f4fa0108520 0x7f4fa010a910 unknown :-1 s=CLOSED pgs=51 cs=0 l=1 rev1=1 crypto rx=0 tx=0 comp rx=0 tx=0).stop
2024-09-11T21:48:10.059 INFO:teuthology.orchestra.run.smithi100.stdout:/usr/bin/ceph: stderr
2024-09-11T21:48:09.271+0000 7f4fa851f640 1 -- 172.21.15.100:0/154735888 >> 172.21.15.100:0/154735888 conn(0x7f4fa01020c0 msgr2=0x7f4fa01044e0 unknown :-1 s=STATE_NONE l=0).mark_down
2024-09-11T21:48:10.059 INFO:teuthology.orchestra.run.smithi100.stdout:/usr/bin/ceph: stderr
2024-09-11T21:48:09.271+0000 7f4fa851f640 1 -- 172.21.15.100:0/154735888 shutdown_connections
2024-09-11T21:48:10.059 INFO:teuthology.orchestra.run.smithi100.stdout:/usr/bin/ceph: stderr
2024-09-11T21:48:09.271+0000 7f4fa851f640 1 -- 172.21.15.100:0/154735888 wait complete.
2024-09-11T21:48:10.059 INFO:teuthology.orchestra.run.smithi100.stdout:/usr/bin/ceph: stderr
2024-09-11T21:48:09.272+0000 7f4fa851f640 1 Processor -- start
2024-09-11T21:48:10.059 INFO:teuthology.orchestra.run.smithi100.stdout:/usr/bin/ceph: stderr
2024-09-11T21:48:09.272+0000 7f4fa851f640 1 -- start start
2024-09-11T21:48:10.059 INFO:teuthology.orchestra.run.smithi100.stdout:/usr/bin/ceph: stderr
2024-09-11T21:48:09.272+0000 7f4fa851f640 1 --2- >> [v2:172.21.15.100:3300/0,v1:172.21.15.100:6789/0] conn(0x7f4fa0108520 0x7f4fa019ba90 unknown :-1 s=NONE pgs=0 cs=0 l=1 rev1=0 crypto rx=0 tx=0 comp rx=0 tx=0).connect
2024-09-11T21:48:10.059 INFO:teuthology.orchestra.run.smithi100.stdout:/usr/bin/ceph: stderr
2024-09-11T21:48:09.272+0000 7f4fa851f640 1 -- --> [v2:172.21.15.100:3300/0,v1:172.21.15.100:6789/0] -- mon_getmap magic: 0 -- 0x7f4fa010bf30 con 0x7f4fa0108520
2024-09-11T21:48:10.059 INFO:teuthology.orchestra.run.smithi100.stdout:/usr/bin/ceph: stderr
2024-09-11T21:48:09.272+0000 7f4fa62bb640 1 --2- >> [v2:172.21.15.100:3300/0,v1:172.21.15.100:6789/0] conn(0x7f4fa0108520 0x7f4fa019ba90 unknown :-1 s=BANNER_CONNECTING pgs=0 cs=0 l=1 rev1=0 crypto rx=0 tx=0 comp rx=0 tx=0)._handle_peer_banner_payload supported=3 required=0
2024-09-11T21:48:10.060 INFO:teuthology.orchestra.run.smithi100.stdout:/usr/bin/ceph: stderr
2024-09-11T21:48:09.272+0000 7f4fa62bb640 1 --2- >> [v2:172.21.15.100:3300/0,v1:172.21.15.100:6789/0] conn(0x7f4fa0108520 0x7f4fa019ba90 unknown :-1 s=HELLO_CONNECTING pgs=0 cs=0 l=1 rev1=1 crypto rx=0 tx=0 comp rx=0 tx=0).handle_hello peer v2:172.21.15.100:3300/0 says I am v2:172.21.15.100:60252/0 (socket says 172.21.15.100:60252)
2024-09-11T21:48:10.060 INFO:teuthology.orchestra.run.smithi100.stdout:/usr/bin/ceph: stderr
2024-09-11T21:48:09.272+0000 7f4fa62bb640 1 -- 172.21.15.100:0/90551152 learned_addr learned my addr 172.21.15.100:0/90551152 (peer_addr_for_me v2:172.21.15.100:0/0)
2024-09-11T21:48:10.060 INFO:teuthology.orchestra.run.smithi100.stdout:/usr/bin/ceph: stderr
2024-09-11T21:48:09.273+0000 7f4fa62bb640 1 -- 172.21.15.100:0/90551152 --> [v2:172.21.15.100:3300/0,v1:172.21.15.100:6789/0] -- mon_subscribe({config=0+,monmap=0+}) -- 0x7f4fa019bfd0 con 0x7f4fa0108520
2024-09-11T21:48:10.060 INFO:teuthology.orchestra.run.smithi100.stdout:/usr/bin/ceph: stderr
2024-09-11T21:48:09.273+0000 7f4fa62bb640 1 --2- 172.21.15.100:0/90551152 >> [v2:172.21.15.100:3300/0,v1:172.21.15.100:6789/0] conn(0x7f4fa0108520 0x7f4fa019ba90 secure :-1 s=READY pgs=52 cs=0 l=1 rev1=1 crypto rx=0x7f4f9c032e80 tx=0x7f4f9c032eb0 comp rx=0 tx=0).ready entity=mon.0 client_cookie=0 server_cookie=0 in_seq=0 out_seq=0
2024-09-11T21:48:10.060 INFO:teuthology.orchestra.run.smithi100.stdout:/usr/bin/ceph: stderr
2024-09-11T21:48:09.273+0000 7f4f977fe640 1 -- 172.21.15.100:0/90551152 <== mon.0 v2:172.21.15.100:3300/0 1 ==== mon_map magic: 0 ==== 205+0+0 (secure 0 0 0) 0x7f4f9c042070 con 0x7f4fa0108520
2024-09-11T21:48:10.060 INFO:teuthology.orchestra.run.smithi100.stdout:/usr/bin/ceph: stderr
2024-09-11T21:48:09.273+0000 7f4f977fe640 1 -- 172.21.15.100:0/90551152 <== mon.0 v2:172.21.15.100:3300/0 2 ==== config(29 keys) ==== 1209+0+0 (secure 0 0 0) 0x7f4f9c032670 con 0x7f4fa0108520
2024-09-11T21:48:10.060 INFO:teuthology.orchestra.run.smithi100.stdout:/usr/bin/ceph: stderr
2024-09-11T21:48:09.273+0000 7f4fa851f640 1 -- 172.21.15.100:0/90551152 --> [v2:172.21.15.100:3300/0,v1:172.21.15.100:6789/0] -- mon_subscribe({mgrmap=0+}) -- 0x7f4fa019c260 con 0x7f4fa0108520
2024-09-11T21:48:10.060 INFO:teuthology.orchestra.run.smithi100.stdout:/usr/bin/ceph: stderr
2024-09-11T21:48:09.273+0000 7f4f977fe640 1 -- 172.21.15.100:0/90551152 <== mon.0 v2:172.21.15.100:3300/0 3 ==== mon_map magic: 0 ==== 205+0+0 (secure 0 0 0) 0x7f4f9c037040 con 0x7f4fa0108520
2024-09-11T21:48:10.060 INFO:teuthology.orchestra.run.smithi100.stdout:/usr/bin/ceph: stderr
2024-09-11T21:48:09.273+0000 7f4fa851f640 1 -- 172.21.15.100:0/90551152 --> [v2:172.21.15.100:3300/0,v1:172.21.15.100:6789/0] -- mon_subscribe({osdmap=0}) -- 0x7f4fa019ef50 con 0x7f4fa0108520
2024-09-11T21:48:10.060 INFO:teuthology.orchestra.run.smithi100.stdout:/usr/bin/ceph: stderr
2024-09-11T21:48:09.274+0000 7f4fa851f640 1 -- 172.21.15.100:0/90551152 --> [v2:172.21.15.100:3300/0,v1:172.21.15.100:6789/0] -- mon_command({"prefix": "get_command_descriptions"} v 0) -- 0x7f4fa0108900 con 0x7f4fa0108520
2024-09-11T21:48:10.060 INFO:teuthology.orchestra.run.smithi100.stdout:/usr/bin/ceph: stderr
2024-09-11T21:48:09.274+0000 7f4f977fe640 1 -- 172.21.15.100:0/90551152 <== mon.0 v2:172.21.15.100:3300/0 4 ==== mgrmap(e 8) ==== 46287+0+0 (secure 0 0 0) 0x7f4f9c045070 con 0x7f4fa0108520
2024-09-11T21:48:10.060 INFO:teuthology.orchestra.run.smithi100.stdout:/usr/bin/ceph: stderr
2024-09-11T21:48:09.274+0000 7f4f977fe640 1 --2- 172.21.15.100:0/90551152 >> [v2:172.21.15.100:6800/3970035574,v1:172.21.15.100:6801/3970035574] conn(0x7f4f8c038f70 0x7f4f8c03b430 unknown :-1 s=NONE pgs=0 cs=0 l=1 rev1=0 crypto rx=0 tx=0 comp rx=0 tx=0).connect
2024-09-11T21:48:10.060 INFO:teuthology.orchestra.run.smithi100.stdout:/usr/bin/ceph: stderr
2024-09-11T21:48:09.274+0000 7f4f977fe640 1 -- 172.21.15.100:0/90551152 <== mon.0 v2:172.21.15.100:3300/0 5 ==== osd_map(2..2 src has 1..2) ==== 940+0+0 (secure 0 0 0) 0x7f4f9c06bf80 con 0x7f4fa0108520
2024-09-11T21:48:10.061 INFO:teuthology.orchestra.run.smithi100.stdout:/usr/bin/ceph: stderr
2024-09-11T21:48:09.274+0000 7f4fa5aba640 1 --2- 172.21.15.100:0/90551152 >> [v2:172.21.15.100:6800/3970035574,v1:172.21.15.100:6801/3970035574] conn(0x7f4f8c038f70 0x7f4f8c03b430 unknown :-1 s=BANNER_CONNECTING pgs=0 cs=0 l=1 rev1=0 crypto rx=0 tx=0 comp rx=0 tx=0)._handle_peer_banner_payload supported=3 required=0
2024-09-11T21:48:10.061 INFO:teuthology.orchestra.run.smithi100.stdout:/usr/bin/ceph: stderr
2024-09-11T21:48:09.275+0000 7f4fa5aba640 1 --2- 172.21.15.100:0/90551152 >> [v2:172.21.15.100:6800/3970035574,v1:172.21.15.100:6801/3970035574] conn(0x7f4f8c038f70 0x7f4f8c03b430 secure :-1 s=READY pgs=15 cs=0 l=1 rev1=1 crypto rx=0x7f4f900098c0 tx=0x7f4f90006db0 comp rx=0 tx=0).ready entity=mgr.14118 client_cookie=0 server_cookie=0 in_seq=0 out_seq=0
2024-09-11T21:48:10.061 INFO:teuthology.orchestra.run.smithi100.stdout:/usr/bin/ceph: stderr
2024-09-11T21:48:09.279+0000 7f4f977fe640 1 -- 172.21.15.100:0/90551152 <== mon.0 v2:172.21.15.100:3300/0 6 ==== mon_command_ack([{"prefix": "get_command_descriptions"}]=0 v0) ==== 72+0+188821 (secure 0 0 0) 0x7f4f9c045520 con 0x7f4fa0108520
2024-09-11T21:48:10.061 INFO:teuthology.orchestra.run.smithi100.stdout:/usr/bin/ceph: stderr
2024-09-11T21:48:09.452+0000 7f4fa851f640 1 -- 172.21.15.100:0/90551152 --> [v2:172.21.15.100:3300/0,v1:172.21.15.100:6789/0] -- mon_command([{prefix=config set, name=mgr/dashboard/ssl_server_port}] v 0) -- 0x7f4fa019f120 con 0x7f4fa0108520
2024-09-11T21:48:10.061 INFO:teuthology.orchestra.run.smithi100.stdout:/usr/bin/ceph: stderr
2024-09-11T21:48:09.456+0000 7f4f977fe640 1 -- 172.21.15.100:0/90551152 <== mon.0 v2:172.21.15.100:3300/0 7 ==== mon_command_ack([{prefix=config set, name=mgr/dashboard/ssl_server_port}]=0 v8)=0 v8) ==== 130+0+0 (secure 0 0 0) 0x7f4f9c03dcc0 con 0x7f4fa0108520
2024-09-11T21:48:10.061 INFO:teuthology.orchestra.run.smithi100.stdout:/usr/bin/ceph: stderr
2024-09-11T21:48:09.458+0000 7f4fa851f640 1 -- 172.21.15.100:0/90551152 >> [v2:172.21.15.100:6800/3970035574,v1:172.21.15.100:6801/3970035574] conn(0x7f4f8c038f70 msgr2=0x7f4f8c03b430 secure :-1 s=STATE_CONNECTION_ESTABLISHED l=1).mark_down
2024-09-11T21:48:10.061 INFO:teuthology.orchestra.run.smithi100.stdout:/usr/bin/ceph: stderr
2024-09-11T21:48:09.458+0000 7f4fa851f640 1 --2- 172.21.15.100:0/90551152 >> [v2:172.21.15.100:6800/3970035574,v1:172.21.15.100:6801/3970035574] conn(0x7f4f8c038f70 0x7f4f8c03b430 secure :-1 s=READY pgs=15 cs=0 l=1 rev1=1 crypto rx=0x7f4f900098c0 tx=0x7f4f90006db0 comp rx=0 tx=0).stop
2024-09-11T21:48:10.061 INFO:teuthology.orchestra.run.smithi100.stdout:/usr/bin/ceph: stderr
2024-09-11T21:48:09.458+0000 7f4fa851f640 1 -- 172.21.15.100:0/90551152 >> [v2:172.21.15.100:3300/0,v1:172.21.15.100:6789/0] conn(0x7f4fa0108520 msgr2=0x7f4fa019ba90 secure :-1 s=STATE_CONNECTION_ESTABLISHED l=1).mark_down
2024-09-11T21:48:10.061 INFO:teuthology.orchestra.run.smithi100.stdout:/usr/bin/ceph: stderr
2024-09-11T21:48:09.458+0000 7f4fa851f640 1 --2- 172.21.15.100:0/90551152 >> [v2:172.21.15.100:3300/0,v1:172.21.15.100:6789/0] conn(0x7f4fa0108520 0x7f4fa019ba90 secure :-1 s=READY pgs=52 cs=0 l=1 rev1=1 crypto rx=0x7f4f9c032e80 tx=0x7f4f9c032eb0 comp rx=0 tx=0).stop
2024-09-11T21:48:10.061 INFO:teuthology.orchestra.run.smithi100.stdout:/usr/bin/ceph: stderr
2024-09-11T21:48:09.459+0000 7f4fa851f640 1 -- 172.21.15.100:0/90551152 shutdown_connections
2024-09-11T21:48:10.061 INFO:teuthology.orchestra.run.smithi100.stdout:/usr/bin/ceph: stderr
2024-09-11T21:48:09.459+0000 7f4fa851f640 1 --2- 172.21.15.100:0/90551152 >> [v2:172.21.15.100:6800/3970035574,v1:172.21.15.100:6801/3970035574] conn(0x7f4f8c038f70 0x7f4f8c03b430 unknown :-1 s=CLOSED pgs=15 cs=0 l=1 rev1=1 crypto rx=0 tx=0 comp rx=0 tx=0).stop
2024-09-11T21:48:10.062 INFO:teuthology.orchestra.run.smithi100.stdout:/usr/bin/ceph: stderr
2024-09-11T21:48:09.459+0000 7f4fa851f640 1 --2- 172.21.15.100:0/90551152 >> [v2:172.21.15.100:3300/0,v1:172.21.15.100:6789/0] conn(0x7f4fa0108520 0x7f4fa019ba90 unknown :-1 s=CLOSED pgs=52 cs=0 l=1 rev1=1 crypto rx=0 tx=0 comp rx=0 tx=0).stop
2024-09-11T21:48:10.062 INFO:teuthology.orchestra.run.smithi100.stdout:/usr/bin/ceph: stderr
2024-09-11T21:48:09.459+0000 7f4fa851f640 1 -- 172.21.15.100:0/90551152 >> 172.21.15.100:0/90551152 conn(0x7f4fa01020c0 msgr2=0x7f4fa0102c20 unknown :-1 s=STATE_NONE l=0).mark_down
2024-09-11T21:48:10.062 INFO:teuthology.orchestra.run.smithi100.stdout:/usr/bin/ceph: stderr
2024-09-11T21:48:09.459+0000 7f4fa851f640 1 -- 172.21.15.100:0/90551152 shutdown_connections
2024-09-11T21:48:10.062 INFO:teuthology.orchestra.run.smithi100.stdout:/usr/bin/ceph: stderr
2024-09-11T21:48:09.459+0000 7f4fa851f640 1 -- 172.21.15.100:0/90551152 wait complete.
2024-09-11T21:48:10.062 INFO:teuthology.orchestra.run.smithi100.stdout:Enabling the dashboard module...
2024-09-11T21:48:10.678 INFO:journalctl@ceph.mon.a.smithi100.stdout:Sep 11 21:48:10 smithi100 ceph-mon[31442]: from='mgr.14118 172.21.15.100:0/3295666274' entity='mgr.x'
2024-09-11T21:48:10.678 INFO:journalctl@ceph.mon.a.smithi100.stdout:Sep 11 21:48:10 smithi100 ceph-mon[31442]: from='client.? 172.21.15.100:0/90551152' entity='client.admin'
2024-09-11T21:48:11.611 INFO:journalctl@ceph.mon.a.smithi100.stdout:Sep 11 21:48:11 smithi100 ceph-mon[31442]: from='client.? 172.21.15.100:0/3243909331' entity='client.admin' cmd=[{"prefix": "mgr module enable", "module": "dashboard"}]: dispatch
2024-09-11T21:48:11.611 INFO:journalctl@ceph.mgr.x.smithi100.stdout:Sep 11 21:48:11 smithi100 ceph-373ec39c-7087-11ef-bcea-c7b262605968-mgr-x[31666]: ignoring --setuser ceph since I am not root
2024-09-11T21:48:11.611 INFO:journalctl@ceph.mgr.x.smithi100.stdout:Sep 11 21:48:11 smithi100 ceph-373ec39c-7087-11ef-bcea-c7b262605968-mgr-x[31666]: ignoring --setgroup ceph since I am not root
2024-09-11T21:48:11.611 INFO:journalctl@ceph.mgr.x.smithi100.stdout:Sep 11 21:48:11 smithi100 ceph-373ec39c-7087-11ef-bcea-c7b262605968-mgr-x[31666]:
2024-09-11T21:48:11.467+0000 7f07a4e71040 -1 mgr[py] Module osd_perf_query has missing NOTIFY_TYPES member
2024-09-11T21:48:11.611 INFO:journalctl@ceph.mgr.x.smithi100.stdout:Sep 11 21:48:11 smithi100 ceph-373ec39c-7087-11ef-bcea-c7b262605968-mgr-x[31666]:
2024-09-11T21:48:11.525+0000 7f07a4e71040 -1 mgr[py] Module osd_support has missing NOTIFY_TYPES member
2024-09-11T21:48:11.888 INFO:journalctl@ceph.mgr.x.smithi100.stdout:Sep 11 21:48:11 smithi100 ceph-373ec39c-7087-11ef-bcea-c7b262605968-mgr-x[31666]:
2024-09-11T21:48:11.675+0000 7f07a4e71040 -1 mgr[py] Module diskprediction_local has missing NOTIFY_TYPES member
2024-09-11T21:48:11.888 INFO:journalctl@ceph.mgr.x.smithi100.stdout:Sep 11 21:48:11 smithi100 ceph-373ec39c-7087-11ef-bcea-c7b262605968-mgr-x[31666]:
2024-09-11T21:48:11.740+0000 7f07a4e71040 -1 mgr[py] Module crash has missing NOTIFY_TYPES member
2024-09-11T21:48:11.888 INFO:journalctl@ceph.mgr.x.smithi100.stdout:Sep 11 21:48:11 smithi100 ceph-373ec39c-7087-11ef-bcea-c7b262605968-mgr-x[31666]:
2024-09-11T21:48:11.886+0000 7f07a4e71040 -1 mgr[py] Module test_orchestrator has missing NOTIFY_TYPES member
2024-09-11T21:48:12.230 INFO:journalctl@ceph.mgr.x.smithi100.stdout:Sep 11 21:48:12 smithi100 ceph-373ec39c-7087-11ef-bcea-c7b262605968-mgr-x[31666]:
2024-09-11T21:48:12.030+0000 7f07a4e71040 -1 mgr[py] Module snap_schedule has missing NOTIFY_TYPES member
2024-09-11T21:48:12.254 INFO:teuthology.orchestra.run.smithi100.stdout:/usr/bin/ceph: stderr
2024-09-11T21:48:10.499+0000 7f2368fbf640 1 Processor -- start
2024-09-11T21:48:12.254 INFO:teuthology.orchestra.run.smithi100.stdout:/usr/bin/ceph: stderr
2024-09-11T21:48:10.499+0000 7f2368fbf640 1 -- start start
2024-09-11T21:48:12.254 INFO:teuthology.orchestra.run.smithi100.stdout:/usr/bin/ceph: stderr
2024-09-11T21:48:10.499+0000 7f2368fbf640 1 --2- >> [v2:172.21.15.100:3300/0,v1:172.21.15.100:6789/0] conn(0x7f2364106300 0x7f2364106700 unknown :-1 s=NONE pgs=0 cs=0 l=0 rev1=0 crypto rx=0 tx=0 comp rx=0 tx=0).connect
2024-09-11T21:48:12.255 INFO:teuthology.orchestra.run.smithi100.stdout:/usr/bin/ceph: stderr
2024-09-11T21:48:10.499+0000 7f2368fbf640 1 -- --> [v2:172.21.15.100:3300/0,v1:172.21.15.100:6789/0] -- mon_getmap magic: 0 -- 0x7f236407be50 con 0x7f2364106300
2024-09-11T21:48:12.255 INFO:teuthology.orchestra.run.smithi100.stdout:/usr/bin/ceph: stderr
2024-09-11T21:48:10.500+0000 7f236259c640 1 --2- >> [v2:172.21.15.100:3300/0,v1:172.21.15.100:6789/0] conn(0x7f2364106300 0x7f2364106700 unknown :-1 s=BANNER_CONNECTING pgs=0 cs=0 l=0 rev1=0 crypto rx=0 tx=0 comp rx=0 tx=0)._handle_peer_banner_payload supported=3 required=0
2024-09-11T21:48:12.255 INFO:teuthology.orchestra.run.smithi100.stdout:/usr/bin/ceph: stderr
2024-09-11T21:48:10.500+0000 7f236259c640 1 --2- >> [v2:172.21.15.100:3300/0,v1:172.21.15.100:6789/0] conn(0x7f2364106300 0x7f2364106700 unknown :-1 s=HELLO_CONNECTING pgs=0 cs=0 l=0 rev1=1 crypto rx=0 tx=0 comp rx=0 tx=0).handle_hello peer v2:172.21.15.100:3300/0 says I am v2:172.21.15.100:60264/0 (socket says 172.21.15.100:60264)
2024-09-11T21:48:12.255 INFO:teuthology.orchestra.run.smithi100.stdout:/usr/bin/ceph: stderr
2024-09-11T21:48:10.500+0000 7f236259c640 1 -- 172.21.15.100:0/750780498 learned_addr learned my addr 172.21.15.100:0/750780498 (peer_addr_for_me v2:172.21.15.100:0/0)
2024-09-11T21:48:12.255 INFO:teuthology.orchestra.run.smithi100.stdout:/usr/bin/ceph: stderr
2024-09-11T21:48:10.500+0000 7f236259c640 1 -- 172.21.15.100:0/750780498 --> [v2:172.21.15.100:3300/0,v1:172.21.15.100:6789/0] -- mon_subscribe({config=0+,monmap=0+}) -- 0x7f2364106c40 con 0x7f2364106300
2024-09-11T21:48:12.255 INFO:teuthology.orchestra.run.smithi100.stdout:/usr/bin/ceph: stderr
2024-09-11T21:48:10.501+0000 7f236259c640 1 --2- 172.21.15.100:0/750780498 >> [v2:172.21.15.100:3300/0,v1:172.21.15.100:6789/0] conn(0x7f2364106300 0x7f2364106700 secure :-1 s=READY pgs=53 cs=0 l=1 rev1=1 crypto rx=0x7f2354009820 tx=0x7f235402a270 comp rx=0 tx=0).ready entity=mon.0 client_cookie=ff5fe29562add7cd server_cookie=0 in_seq=0 out_seq=0
2024-09-11T21:48:12.255 INFO:teuthology.orchestra.run.smithi100.stdout:/usr/bin/ceph: stderr
2024-09-11T21:48:10.501+0000 7f2361d9b640 1 -- 172.21.15.100:0/750780498 <== mon.0 v2:172.21.15.100:3300/0 1 ==== mon_map magic: 0 ==== 205+0+0 (secure 0 0 0) 0x7f2354037070 con 0x7f2364106300
2024-09-11T21:48:12.255 INFO:teuthology.orchestra.run.smithi100.stdout:/usr/bin/ceph: stderr
2024-09-11T21:48:10.501+0000 7f2361d9b640 1 -- 172.21.15.100:0/750780498 <== mon.0 v2:172.21.15.100:3300/0 2 ==== config(29 keys) ==== 1209+0+0 (secure 0 0 0) 0x7f2354032960 con 0x7f2364106300
2024-09-11T21:48:12.255 INFO:teuthology.orchestra.run.smithi100.stdout:/usr/bin/ceph: stderr
2024-09-11T21:48:10.501+0000 7f2361d9b640 1 -- 172.21.15.100:0/750780498 <== mon.0 v2:172.21.15.100:3300/0 3 ==== mon_map magic: 0 ==== 205+0+0 (secure 0 0 0) 0x7f2354030980 con 0x7f2364106300
2024-09-11T21:48:12.255 INFO:teuthology.orchestra.run.smithi100.stdout:/usr/bin/ceph: stderr
2024-09-11T21:48:10.501+0000 7f2368fbf640 1 -- 172.21.15.100:0/750780498 >> [v2:172.21.15.100:3300/0,v1:172.21.15.100:6789/0] conn(0x7f2364106300 msgr2=0x7f2364106700 secure :-1 s=STATE_CONNECTION_ESTABLISHED l=1).mark_down
2024-09-11T21:48:12.255 INFO:teuthology.orchestra.run.smithi100.stdout:/usr/bin/ceph: stderr
2024-09-11T21:48:10.501+0000 7f2368fbf640 1 --2- 172.21.15.100:0/750780498 >> [v2:172.21.15.100:3300/0,v1:172.21.15.100:6789/0] conn(0x7f2364106300 0x7f2364106700 secure :-1 s=READY pgs=53 cs=0 l=1 rev1=1 crypto rx=0x7f2354009820 tx=0x7f235402a270 comp rx=0 tx=0).stop
2024-09-11T21:48:12.255 INFO:teuthology.orchestra.run.smithi100.stdout:/usr/bin/ceph: stderr
2024-09-11T21:48:10.501+0000 7f2368fbf640 1 -- 172.21.15.100:0/750780498 shutdown_connections
2024-09-11T21:48:12.255 INFO:teuthology.orchestra.run.smithi100.stdout:/usr/bin/ceph: stderr
2024-09-11T21:48:10.501+0000 7f2368fbf640 1 --2- 172.21.15.100:0/750780498 >> [v2:172.21.15.100:3300/0,v1:172.21.15.100:6789/0] conn(0x7f2364106300 0x7f2364106700 unknown :-1 s=CLOSED pgs=53 cs=0 l=1 rev1=1 crypto rx=0 tx=0 comp rx=0 tx=0).stop
2024-09-11T21:48:12.255 INFO:teuthology.orchestra.run.smithi100.stdout:/usr/bin/ceph: stderr
2024-09-11T21:48:10.501+0000 7f2368fbf640 1 -- 172.21.15.100:0/750780498 >> 172.21.15.100:0/750780498 conn(0x7f23641020d0 msgr2=0x7f23641044f0 unknown :-1 s=STATE_NONE l=0).mark_down
2024-09-11T21:48:12.255 INFO:teuthology.orchestra.run.smithi100.stdout:/usr/bin/ceph: stderr
2024-09-11T21:48:10.501+0000 7f2368fbf640 1 -- 172.21.15.100:0/750780498 shutdown_connections
2024-09-11T21:48:12.256 INFO:teuthology.orchestra.run.smithi100.stdout:/usr/bin/ceph: stderr
2024-09-11T21:48:10.501+0000 7f2368fbf640 1 -- 172.21.15.100:0/750780498 wait complete.
2024-09-11T21:48:12.256 INFO:teuthology.orchestra.run.smithi100.stdout:/usr/bin/ceph: stderr
2024-09-11T21:48:10.502+0000 7f2368fbf640 1 Processor -- start
2024-09-11T21:48:12.256 INFO:teuthology.orchestra.run.smithi100.stdout:/usr/bin/ceph: stderr
2024-09-11T21:48:10.502+0000 7f2368fbf640 1 -- start start
2024-09-11T21:48:12.256 INFO:teuthology.orchestra.run.smithi100.stdout:/usr/bin/ceph: stderr
2024-09-11T21:48:10.502+0000 7f2368fbf640 1 --2- >> [v2:172.21.15.100:3300/0,v1:172.21.15.100:6789/0] conn(0x7f2364106300 0x7f236419dc50 unknown :-1 s=NONE pgs=0 cs=0 l=1 rev1=0 crypto rx=0 tx=0 comp rx=0 tx=0).connect
2024-09-11T21:48:12.256 INFO:teuthology.orchestra.run.smithi100.stdout:/usr/bin/ceph: stderr
2024-09-11T21:48:10.502+0000 7f2368fbf640 1 -- --> [v2:172.21.15.100:3300/0,v1:172.21.15.100:6789/0] -- mon_getmap magic: 0 -- 0x7f2364107e40 con 0x7f2364106300
2024-09-11T21:48:12.256 INFO:teuthology.orchestra.run.smithi100.stdout:/usr/bin/ceph: stderr
2024-09-11T21:48:10.502+0000 7f236259c640 1 --2- >> [v2:172.21.15.100:3300/0,v1:172.21.15.100:6789/0] conn(0x7f2364106300 0x7f236419dc50 unknown :-1 s=BANNER_CONNECTING pgs=0 cs=0 l=1 rev1=0 crypto rx=0 tx=0 comp rx=0 tx=0)._handle_peer_banner_payload supported=3 required=0
2024-09-11T21:48:12.256 INFO:teuthology.orchestra.run.smithi100.stdout:/usr/bin/ceph: stderr
2024-09-11T21:48:10.502+0000 7f236259c640 1 --2- >> [v2:172.21.15.100:3300/0,v1:172.21.15.100:6789/0] conn(0x7f2364106300 0x7f236419dc50 unknown :-1 s=HELLO_CONNECTING pgs=0 cs=0 l=1 rev1=1 crypto rx=0 tx=0 comp rx=0 tx=0).handle_hello peer v2:172.21.15.100:3300/0 says I am v2:172.21.15.100:60276/0 (socket says 172.21.15.100:60276)
2024-09-11T21:48:12.256 INFO:teuthology.orchestra.run.smithi100.stdout:/usr/bin/ceph: stderr
2024-09-11T21:48:10.502+0000 7f236259c640 1 -- 172.21.15.100:0/3243909331 learned_addr learned my addr 172.21.15.100:0/3243909331 (peer_addr_for_me v2:172.21.15.100:0/0)
2024-09-11T21:48:12.256 INFO:teuthology.orchestra.run.smithi100.stdout:/usr/bin/ceph: stderr
2024-09-11T21:48:10.503+0000 7f236259c640 1 -- 172.21.15.100:0/3243909331 --> [v2:172.21.15.100:3300/0,v1:172.21.15.100:6789/0] -- mon_subscribe({config=0+,monmap=0+}) -- 0x7f236419e190 con 0x7f2364106300
2024-09-11T21:48:12.256 INFO:teuthology.orchestra.run.smithi100.stdout:/usr/bin/ceph: stderr
2024-09-11T21:48:10.503+0000 7f236259c640 1 --2- 172.21.15.100:0/3243909331 >> [v2:172.21.15.100:3300/0,v1:172.21.15.100:6789/0] conn(0x7f2364106300 0x7f236419dc50 secure :-1 s=READY pgs=54 cs=0 l=1 rev1=1 crypto rx=0x7f2354009940 tx=0x7f2354032670 comp rx=0 tx=0).ready entity=mon.0 client_cookie=0 server_cookie=0 in_seq=0 out_seq=0
2024-09-11T21:48:12.256 INFO:teuthology.orchestra.run.smithi100.stdout:/usr/bin/ceph: stderr
2024-09-11T21:48:10.503+0000 7f235b7fe640 1 -- 172.21.15.100:0/3243909331 <== mon.0 v2:172.21.15.100:3300/0 1 ==== mon_map magic: 0 ==== 205+0+0 (secure 0 0 0) 0x7f2354042070 con 0x7f2364106300
2024-09-11T21:48:12.256 INFO:teuthology.orchestra.run.smithi100.stdout:/usr/bin/ceph: stderr
2024-09-11T21:48:10.503+0000 7f235b7fe640 1 -- 172.21.15.100:0/3243909331 <== mon.0 v2:172.21.15.100:3300/0 2 ==== config(29 keys) ==== 1209+0+0 (secure 0 0 0) 0x7f235403d950 con 0x7f2364106300
2024-09-11T21:48:12.256 INFO:teuthology.orchestra.run.smithi100.stdout:/usr/bin/ceph: stderr
2024-09-11T21:48:10.503+0000 7f2368fbf640 1 -- 172.21.15.100:0/3243909331 --> [v2:172.21.15.100:3300/0,v1:172.21.15.100:6789/0] -- mon_subscribe({mgrmap=0+}) -- 0x7f236419e420 con 0x7f2364106300
2024-09-11T21:48:12.257 INFO:teuthology.orchestra.run.smithi100.stdout:/usr/bin/ceph: stderr
2024-09-11T21:48:10.503+0000 7f235b7fe640 1 -- 172.21.15.100:0/3243909331 <== mon.0 v2:172.21.15.100:3300/0 3 ==== mon_map magic: 0 ==== 205+0+0 (secure 0 0 0) 0x7f2354037040 con 0x7f2364106300
2024-09-11T21:48:12.257 INFO:teuthology.orchestra.run.smithi100.stdout:/usr/bin/ceph: stderr
2024-09-11T21:48:10.503+0000 7f2368fbf640 1 -- 172.21.15.100:0/3243909331 --> [v2:172.21.15.100:3300/0,v1:172.21.15.100:6789/0] -- mon_subscribe({osdmap=0}) -- 0x7f23641a1110 con 0x7f2364106300
2024-09-11T21:48:12.257 INFO:teuthology.orchestra.run.smithi100.stdout:/usr/bin/ceph: stderr
2024-09-11T21:48:10.504+0000 7f235b7fe640 1 -- 172.21.15.100:0/3243909331 <== mon.0 v2:172.21.15.100:3300/0 4 ==== mgrmap(e 8) ==== 46287+0+0 (secure 0 0 0) 0x7f2354045070 con 0x7f2364106300
2024-09-11T21:48:12.257 INFO:teuthology.orchestra.run.smithi100.stdout:/usr/bin/ceph: stderr
2024-09-11T21:48:10.504+0000 7f2368fbf640 1 -- 172.21.15.100:0/3243909331 --> [v2:172.21.15.100:3300/0,v1:172.21.15.100:6789/0] -- mon_command({"prefix": "get_command_descriptions"} v 0) -- 0x7f2364106700 con 0x7f2364106300
2024-09-11T21:48:12.257 INFO:teuthology.orchestra.run.smithi100.stdout:/usr/bin/ceph: stderr
2024-09-11T21:48:10.504+0000 7f235b7fe640 1 --2- 172.21.15.100:0/3243909331 >> [v2:172.21.15.100:6800/3970035574,v1:172.21.15.100:6801/3970035574] conn(0x7f2350038f70 0x7f235003b430 unknown :-1 s=NONE pgs=0 cs=0 l=1 rev1=0 crypto rx=0 tx=0 comp rx=0 tx=0).connect
2024-09-11T21:48:12.257 INFO:teuthology.orchestra.run.smithi100.stdout:/usr/bin/ceph: stderr
2024-09-11T21:48:10.504+0000 7f235b7fe640 1 -- 172.21.15.100:0/3243909331 <== mon.0 v2:172.21.15.100:3300/0 5 ==== osd_map(2..2 src has 1..2) ==== 940+0+0 (secure 0 0 0) 0x7f235406c150 con 0x7f2364106300
2024-09-11T21:48:12.257 INFO:teuthology.orchestra.run.smithi100.stdout:/usr/bin/ceph: stderr
2024-09-11T21:48:10.504+0000 7f235bfff640 1 --2- 172.21.15.100:0/3243909331 >> [v2:172.21.15.100:6800/3970035574,v1:172.21.15.100:6801/3970035574] conn(0x7f2350038f70 0x7f235003b430 unknown :-1 s=BANNER_CONNECTING pgs=0 cs=0 l=1 rev1=0 crypto rx=0 tx=0 comp rx=0 tx=0)._handle_peer_banner_payload supported=3 required=0
2024-09-11T21:48:12.257 INFO:teuthology.orchestra.run.smithi100.stdout:/usr/bin/ceph: stderr
2024-09-11T21:48:10.505+0000 7f235bfff640 1 --2- 172.21.15.100:0/3243909331 >> [v2:172.21.15.100:6800/3970035574,v1:172.21.15.100:6801/3970035574] conn(0x7f2350038f70 0x7f235003b430 secure :-1 s=READY pgs=16 cs=0 l=1 rev1=1 crypto rx=0x7f234c0098c0 tx=0x7f234c006db0 comp rx=0 tx=0).ready entity=mgr.14118 client_cookie=0 server_cookie=0 in_seq=0 out_seq=0
2024-09-11T21:48:12.257 INFO:teuthology.orchestra.run.smithi100.stdout:/usr/bin/ceph: stderr
2024-09-11T21:48:10.509+0000 7f235b7fe640 1 -- 172.21.15.100:0/3243909331 <== mon.0 v2:172.21.15.100:3300/0 6 ==== mon_command_ack([{"prefix": "get_command_descriptions"}]=0 v0) ==== 72+0+188821 (secure 0 0 0) 0x7f235402f2a0 con 0x7f2364106300
2024-09-11T21:48:12.257 INFO:teuthology.orchestra.run.smithi100.stdout:/usr/bin/ceph: stderr
2024-09-11T21:48:10.734+0000 7f2368fbf640 1 -- 172.21.15.100:0/3243909331 --> [v2:172.21.15.100:3300/0,v1:172.21.15.100:6789/0] -- mon_command({"prefix": "mgr module enable", "module": "dashboard"} v 0) -- 0x7f236402d960 con 0x7f2364106300
2024-09-11T21:48:12.257 INFO:teuthology.orchestra.run.smithi100.stdout:/usr/bin/ceph: stderr
2024-09-11T21:48:11.312+0000 7f235b7fe640 1 -- 172.21.15.100:0/3243909331 <== mon.0 v2:172.21.15.100:3300/0 7 ==== mon_command_ack([{"prefix": "mgr module enable", "module": "dashboard"}]=0 v9) ==== 88+0+0 (secure 0 0 0) 0x7f23540477c0 con 0x7f2364106300
2024-09-11T21:48:12.257 INFO:teuthology.orchestra.run.smithi100.stdout:/usr/bin/ceph: stderr
2024-09-11T21:48:11.314+0000 7f235b7fe640 1 -- 172.21.15.100:0/3243909331 <== mon.0 v2:172.21.15.100:3300/0 8 ==== mgrmap(e 9) ==== 46300+0+0 (secure 0 0 0) 0x7f2354042210 con 0x7f2364106300
2024-09-11T21:48:12.257 INFO:teuthology.orchestra.run.smithi100.stdout:/usr/bin/ceph: stderr
2024-09-11T21:48:11.316+0000 7f2368fbf640 1 -- 172.21.15.100:0/3243909331 >> [v2:172.21.15.100:6800/3970035574,v1:172.21.15.100:6801/3970035574] conn(0x7f2350038f70 msgr2=0x7f235003b430 secure :-1 s=STATE_CONNECTION_ESTABLISHED l=1).mark_down
2024-09-11T21:48:12.257 INFO:teuthology.orchestra.run.smithi100.stdout:/usr/bin/ceph: stderr
2024-09-11T21:48:11.316+0000 7f2368fbf640 1 --2- 172.21.15.100:0/3243909331 >> [v2:172.21.15.100:6800/3970035574,v1:172.21.15.100:6801/3970035574] conn(0x7f2350038f70 0x7f235003b430 secure :-1 s=READY pgs=16 cs=0 l=1 rev1=1 crypto rx=0x7f234c0098c0 tx=0x7f234c006db0 comp rx=0 tx=0).stop
2024-09-11T21:48:12.258 INFO:teuthology.orchestra.run.smithi100.stdout:/usr/bin/ceph: stderr
2024-09-11T21:48:11.316+0000 7f2368fbf640 1 -- 172.21.15.100:0/3243909331 >> [v2:172.21.15.100:3300/0,v1:172.21.15.100:6789/0] conn(0x7f2364106300 msgr2=0x7f236419dc50 secure :-1 s=STATE_CONNECTION_ESTABLISHED l=1).mark_down
2024-09-11T21:48:12.258 INFO:teuthology.orchestra.run.smithi100.stdout:/usr/bin/ceph: stderr
2024-09-11T21:48:11.316+0000 7f2368fbf640 1 --2- 172.21.15.100:0/3243909331 >> [v2:172.21.15.100:3300/0,v1:172.21.15.100:6789/0] conn(0x7f2364106300 0x7f236419dc50 secure :-1 s=READY pgs=54 cs=0 l=1 rev1=1 crypto rx=0x7f2354009940 tx=0x7f2354032670 comp rx=0 tx=0).stop
2024-09-11T21:48:12.258 INFO:teuthology.orchestra.run.smithi100.stdout:/usr/bin/ceph: stderr
2024-09-11T21:48:11.316+0000 7f2368fbf640 1 -- 172.21.15.100:0/3243909331 shutdown_connections
2024-09-11T21:48:12.258 INFO:teuthology.orchestra.run.smithi100.stdout:/usr/bin/ceph: stderr
2024-09-11T21:48:11.316+0000 7f2368fbf640 1 --2- 172.21.15.100:0/3243909331 >> [v2:172.21.15.100:6800/3970035574,v1:172.21.15.100:6801/3970035574] conn(0x7f2350038f70 0x7f235003b430 unknown :-1 s=CLOSED pgs=16 cs=0 l=1 rev1=1 crypto rx=0 tx=0 comp rx=0 tx=0).stop
2024-09-11T21:48:12.258 INFO:teuthology.orchestra.run.smithi100.stdout:/usr/bin/ceph: stderr
2024-09-11T21:48:11.316+0000 7f2368fbf640 1 --2- 172.21.15.100:0/3243909331 >> [v2:172.21.15.100:3300/0,v1:172.21.15.100:6789/0] conn(0x7f2364106300 0x7f236419dc50 unknown :-1 s=CLOSED pgs=54 cs=0 l=1 rev1=1 crypto rx=0 tx=0 comp rx=0 tx=0).stop
2024-09-11T21:48:12.258 INFO:teuthology.orchestra.run.smithi100.stdout:/usr/bin/ceph: stderr
2024-09-11T21:48:11.316+0000 7f2368fbf640 1 -- 172.21.15.100:0/3243909331 >> 172.21.15.100:0/3243909331 conn(0x7f23641020d0 msgr2=0x7f23641948f0 unknown :-1 s=STATE_NONE l=0).mark_down
2024-09-11T21:48:12.258 INFO:teuthology.orchestra.run.smithi100.stdout:/usr/bin/ceph: stderr
2024-09-11T21:48:11.316+0000 7f2368fbf640 1 -- 172.21.15.100:0/3243909331 shutdown_connections
2024-09-11T21:48:12.258 INFO:teuthology.orchestra.run.smithi100.stdout:/usr/bin/ceph: stderr
2024-09-11T21:48:11.316+0000 7f2368fbf640 1 -- 172.21.15.100:0/3243909331 wait complete.
2024-09-11T21:48:12.567 INFO:journalctl@ceph.mon.a.smithi100.stdout:Sep 11 21:48:12 smithi100 ceph-mon[31442]: from='client.? 172.21.15.100:0/3243909331' entity='client.admin' cmd='[{"prefix": "mgr module enable", "module": "dashboard"}]': finished
2024-09-11T21:48:12.567 INFO:journalctl@ceph.mon.a.smithi100.stdout:Sep 11 21:48:12 smithi100 ceph-mon[31442]: mgrmap e9: x(active, since 18s)
2024-09-11T21:48:12.567 INFO:journalctl@ceph.mgr.x.smithi100.stdout:Sep 11 21:48:12 smithi100 ceph-373ec39c-7087-11ef-bcea-c7b262605968-mgr-x[31666]:
2024-09-11T21:48:12.357+0000 7f07a4e71040 -1 mgr[py] Module prometheus has missing NOTIFY_TYPES member
2024-09-11T21:48:12.567 INFO:journalctl@ceph.mgr.x.smithi100.stdout:Sep 11 21:48:12 smithi100 ceph-373ec39c-7087-11ef-bcea-c7b262605968-mgr-x[31666]:
2024-09-11T21:48:12.419+0000 7f07a4e71040 -1 mgr[py] Module selftest has missing NOTIFY_TYPES member
2024-09-11T21:48:12.851 INFO:journalctl@ceph.mgr.x.smithi100.stdout:Sep 11 21:48:12 smithi100 ceph-373ec39c-7087-11ef-bcea-c7b262605968-mgr-x[31666]:
2024-09-11T21:48:12.613+0000 7f07a4e71040 -1 mgr[py] Module volumes has missing NOTIFY_TYPES member
2024-09-11T21:48:13.446 INFO:journalctl@ceph.mon.a.smithi100.stdout:Sep 11 21:48:13 smithi100 ceph-mon[31442]: from='client.? 172.21.15.100:0/3322287689' entity='client.admin' cmd=[{"prefix": "mgr stat"}]: dispatch
2024-09-11T21:48:13.453 INFO:teuthology.orchestra.run.smithi100.stdout:/usr/bin/ceph: stdout {
2024-09-11T21:48:13.454 INFO:teuthology.orchestra.run.smithi100.stdout:/usr/bin/ceph: stdout "epoch": 9,
2024-09-11T21:48:13.454 INFO:teuthology.orchestra.run.smithi100.stdout:/usr/bin/ceph: stdout "available": true,
2024-09-11T21:48:13.454 INFO:teuthology.orchestra.run.smithi100.stdout:/usr/bin/ceph: stdout "active_name": "x",
2024-09-11T21:48:13.454 INFO:teuthology.orchestra.run.smithi100.stdout:/usr/bin/ceph: stdout "num_standby": 0
2024-09-11T21:48:13.454 INFO:teuthology.orchestra.run.smithi100.stdout:/usr/bin/ceph: stdout }
2024-09-11T21:48:13.454 INFO:teuthology.orchestra.run.smithi100.stdout:/usr/bin/ceph: stderr
2024-09-11T21:48:12.643+0000 7f963285a640 1 Processor -- start
2024-09-11T21:48:13.454 INFO:teuthology.orchestra.run.smithi100.stdout:/usr/bin/ceph: stderr
2024-09-11T21:48:12.644+0000 7f963285a640 1 -- start start
2024-09-11T21:48:13.454 INFO:teuthology.orchestra.run.smithi100.stdout:/usr/bin/ceph: stderr
2024-09-11T21:48:12.644+0000 7f963285a640 1 --2- >> [v2:172.21.15.100:3300/0,v1:172.21.15.100:6789/0] conn(0x7f962c105c80 0x7f962c106080 unknown :-1 s=NONE pgs=0 cs=0 l=0 rev1=0 crypto rx=0 tx=0 comp rx=0 tx=0).connect
2024-09-11T21:48:13.454 INFO:teuthology.orchestra.run.smithi100.stdout:/usr/bin/ceph: stderr
2024-09-11T21:48:12.644+0000 7f963285a640 1 -- --> [v2:172.21.15.100:3300/0,v1:172.21.15.100:6789/0] -- mon_getmap magic: 0 -- 0x7f962c106650 con 0x7f962c105c80
2024-09-11T21:48:13.454 INFO:teuthology.orchestra.run.smithi100.stdout:/usr/bin/ceph: stderr
2024-09-11T21:48:12.644+0000 7f962bfff640 1 --2- >> [v2:172.21.15.100:3300/0,v1:172.21.15.100:6789/0] conn(0x7f962c105c80 0x7f962c106080 unknown :-1 s=BANNER_CONNECTING pgs=0 cs=0 l=0 rev1=0 crypto rx=0 tx=0 comp rx=0 tx=0)._handle_peer_banner_payload supported=3 required=0
2024-09-11T21:48:13.454 INFO:teuthology.orchestra.run.smithi100.stdout:/usr/bin/ceph: stderr
2024-09-11T21:48:12.644+0000 7f962bfff640 1 --2- >> [v2:172.21.15.100:3300/0,v1:172.21.15.100:6789/0] conn(0x7f962c105c80 0x7f962c106080 unknown :-1 s=HELLO_CONNECTING pgs=0 cs=0 l=0 rev1=1 crypto rx=0 tx=0 comp rx=0 tx=0).handle_hello peer v2:172.21.15.100:3300/0 says I am v2:172.21.15.100:60300/0 (socket says 172.21.15.100:60300)
2024-09-11T21:48:13.454 INFO:teuthology.orchestra.run.smithi100.stdout:/usr/bin/ceph: stderr
2024-09-11T21:48:12.644+0000 7f962bfff640 1 -- 172.21.15.100:0/2175961014 learned_addr learned my addr 172.21.15.100:0/2175961014 (peer_addr_for_me v2:172.21.15.100:0/0)
2024-09-11T21:48:13.455 INFO:teuthology.orchestra.run.smithi100.stdout:/usr/bin/ceph: stderr
2024-09-11T21:48:12.644+0000 7f962bfff640 1 -- 172.21.15.100:0/2175961014 --> [v2:172.21.15.100:3300/0,v1:172.21.15.100:6789/0] -- mon_subscribe({config=0+,monmap=0+}) -- 0x7f962c108c60 con 0x7f962c105c80
2024-09-11T21:48:13.455 INFO:teuthology.orchestra.run.smithi100.stdout:/usr/bin/ceph: stderr
2024-09-11T21:48:12.645+0000 7f962bfff640 1 --2- 172.21.15.100:0/2175961014 >> [v2:172.21.15.100:3300/0,v1:172.21.15.100:6789/0] conn(0x7f962c105c80 0x7f962c106080 secure :-1 s=READY pgs=57 cs=0 l=1 rev1=1 crypto rx=0x7f961c009820 tx=0x7f961c02a270 comp rx=0 tx=0).ready entity=mon.0 client_cookie=36c97f5af26b1ccd server_cookie=0 in_seq=0 out_seq=0
2024-09-11T21:48:13.455 INFO:teuthology.orchestra.run.smithi100.stdout:/usr/bin/ceph: stderr
2024-09-11T21:48:12.645+0000 7f962affd640 1 -- 172.21.15.100:0/2175961014 <== mon.0 v2:172.21.15.100:3300/0 1 ==== mon_map magic: 0 ==== 205+0+0 (secure 0 0 0) 0x7f961c037070 con 0x7f962c105c80
2024-09-11T21:48:13.455 INFO:teuthology.orchestra.run.smithi100.stdout:/usr/bin/ceph: stderr
2024-09-11T21:48:12.645+0000 7f962affd640 1 -- 172.21.15.100:0/2175961014 <== mon.0 v2:172.21.15.100:3300/0 2 ==== config(29 keys) ==== 1209+0+0 (secure 0 0 0) 0x7f961c032960 con 0x7f962c105c80
2024-09-11T21:48:13.455 INFO:teuthology.orchestra.run.smithi100.stdout:/usr/bin/ceph: stderr
2024-09-11T21:48:12.645+0000 7f962affd640 1 -- 172.21.15.100:0/2175961014 <== mon.0 v2:172.21.15.100:3300/0 3 ==== mon_map magic: 0 ==== 205+0+0 (secure 0 0 0) 0x7f961c030980 con 0x7f962c105c80
2024-09-11T21:48:13.455 INFO:teuthology.orchestra.run.smithi100.stdout:/usr/bin/ceph: stderr
2024-09-11T21:48:12.646+0000 7f963285a640 1 -- 172.21.15.100:0/2175961014 >> [v2:172.21.15.100:3300/0,v1:172.21.15.100:6789/0] conn(0x7f962c105c80 msgr2=0x7f962c106080 secure :-1 s=STATE_CONNECTION_ESTABLISHED l=1).mark_down
2024-09-11T21:48:13.455 INFO:teuthology.orchestra.run.smithi100.stdout:/usr/bin/ceph: stderr
2024-09-11T21:48:12.646+0000 7f963285a640 1 --2- 172.21.15.100:0/2175961014 >> [v2:172.21.15.100:3300/0,v1:172.21.15.100:6789/0] conn(0x7f962c105c80 0x7f962c106080 secure :-1 s=READY pgs=57 cs=0 l=1 rev1=1 crypto rx=0x7f961c009820 tx=0x7f961c02a270 comp rx=0 tx=0).stop
2024-09-11T21:48:13.455 INFO:teuthology.orchestra.run.smithi100.stdout:/usr/bin/ceph: stderr
2024-09-11T21:48:12.646+0000 7f963285a640 1 -- 172.21.15.100:0/2175961014 shutdown_connections
2024-09-11T21:48:13.455 INFO:teuthology.orchestra.run.smithi100.stdout:/usr/bin/ceph: stderr
2024-09-11T21:48:12.646+0000 7f963285a640 1 --2- 172.21.15.100:0/2175961014 >> [v2:172.21.15.100:3300/0,v1:172.21.15.100:6789/0] conn(0x7f962c105c80 0x7f962c106080 unknown :-1 s=CLOSED pgs=57 cs=0 l=1 rev1=1 crypto rx=0 tx=0 comp rx=0 tx=0).stop
2024-09-11T21:48:13.455 INFO:teuthology.orchestra.run.smithi100.stdout:/usr/bin/ceph: stderr
2024-09-11T21:48:12.646+0000 7f963285a640 1 -- 172.21.15.100:0/2175961014 >> 172.21.15.100:0/2175961014 conn(0x7f962c1017d0 msgr2=0x7f962c103c10 unknown :-1 s=STATE_NONE l=0).mark_down
2024-09-11T21:48:13.455 INFO:teuthology.orchestra.run.smithi100.stdout:/usr/bin/ceph: stderr
2024-09-11T21:48:12.646+0000 7f963285a640 1 -- 172.21.15.100:0/2175961014 shutdown_connections
2024-09-11T21:48:13.455 INFO:teuthology.orchestra.run.smithi100.stdout:/usr/bin/ceph: stderr
2024-09-11T21:48:12.646+0000 7f963285a640 1 -- 172.21.15.100:0/2175961014 wait complete.
2024-09-11T21:48:13.456 INFO:teuthology.orchestra.run.smithi100.stdout:/usr/bin/ceph: stderr
2024-09-11T21:48:12.647+0000 7f963285a640 1 Processor -- start
2024-09-11T21:48:13.456 INFO:teuthology.orchestra.run.smithi100.stdout:/usr/bin/ceph: stderr
2024-09-11T21:48:12.647+0000 7f963285a640 1 -- start start
2024-09-11T21:48:13.456 INFO:teuthology.orchestra.run.smithi100.stdout:/usr/bin/ceph: stderr
2024-09-11T21:48:12.647+0000 7f963285a640 1 --2- >> [v2:172.21.15.100:3300/0,v1:172.21.15.100:6789/0] conn(0x7f962c105c80 0x7f962c19ba80 unknown :-1 s=NONE pgs=0 cs=0 l=1 rev1=0 crypto rx=0 tx=0 comp rx=0 tx=0).connect
2024-09-11T21:48:13.456 INFO:teuthology.orchestra.run.smithi100.stdout:/usr/bin/ceph: stderr
2024-09-11T21:48:12.647+0000 7f963285a640 1 -- --> [v2:172.21.15.100:3300/0,v1:172.21.15.100:6789/0] -- mon_getmap magic: 0 -- 0x7f962c10c010 con 0x7f962c105c80
2024-09-11T21:48:13.456 INFO:teuthology.orchestra.run.smithi100.stdout:/usr/bin/ceph: stderr
2024-09-11T21:48:12.647+0000 7f962bfff640 1 --2- >> [v2:172.21.15.100:3300/0,v1:172.21.15.100:6789/0] conn(0x7f962c105c80 0x7f962c19ba80 unknown :-1 s=BANNER_CONNECTING pgs=0 cs=0 l=1 rev1=0 crypto rx=0 tx=0 comp rx=0 tx=0)._handle_peer_banner_payload supported=3 required=0
2024-09-11T21:48:13.456 INFO:teuthology.orchestra.run.smithi100.stdout:/usr/bin/ceph: stderr
2024-09-11T21:48:12.647+0000 7f962bfff640 1 --2- >> [v2:172.21.15.100:3300/0,v1:172.21.15.100:6789/0] conn(0x7f962c105c80 0x7f962c19ba80 unknown :-1 s=HELLO_CONNECTING pgs=0 cs=0 l=1 rev1=1 crypto rx=0 tx=0 comp rx=0 tx=0).handle_hello peer v2:172.21.15.100:3300/0 says I am v2:172.21.15.100:60316/0 (socket says 172.21.15.100:60316)
2024-09-11T21:48:13.456 INFO:teuthology.orchestra.run.smithi100.stdout:/usr/bin/ceph: stderr
2024-09-11T21:48:12.647+0000 7f962bfff640 1 -- 172.21.15.100:0/3322287689 learned_addr learned my addr 172.21.15.100:0/3322287689 (peer_addr_for_me v2:172.21.15.100:0/0)
2024-09-11T21:48:13.456 INFO:teuthology.orchestra.run.smithi100.stdout:/usr/bin/ceph: stderr
2024-09-11T21:48:12.647+0000 7f962bfff640 1 -- 172.21.15.100:0/3322287689 --> [v2:172.21.15.100:3300/0,v1:172.21.15.100:6789/0] -- mon_subscribe({config=0+,monmap=0+}) -- 0x7f962c19bfc0 con 0x7f962c105c80
2024-09-11T21:48:13.456 INFO:teuthology.orchestra.run.smithi100.stdout:/usr/bin/ceph: stderr
2024-09-11T21:48:12.647+0000 7f962bfff640 1 --2- 172.21.15.100:0/3322287689 >> [v2:172.21.15.100:3300/0,v1:172.21.15.100:6789/0] conn(0x7f962c105c80 0x7f962c19ba80 secure :-1 s=READY pgs=58 cs=0 l=1 rev1=1 crypto rx=0x7f961c032ea0 tx=0x7f961c032ed0 comp rx=0 tx=0).ready entity=mon.0 client_cookie=0 server_cookie=0 in_seq=0 out_seq=0
2024-09-11T21:48:13.456 INFO:teuthology.orchestra.run.smithi100.stdout:/usr/bin/ceph: stderr
2024-09-11T21:48:12.648+0000 7f96297fa640 1 -- 172.21.15.100:0/3322287689 <== mon.0 v2:172.21.15.100:3300/0 1 ==== mon_map magic: 0 ==== 205+0+0 (secure 0 0 0) 0x7f961c042070 con 0x7f962c105c80
2024-09-11T21:48:13.456 INFO:teuthology.orchestra.run.smithi100.stdout:/usr/bin/ceph: stderr
2024-09-11T21:48:12.648+0000 7f96297fa640 1 -- 172.21.15.100:0/3322287689 <== mon.0 v2:172.21.15.100:3300/0 2 ==== config(29 keys) ==== 1209+0+0 (secure 0 0 0) 0x7f961c0326c0 con 0x7f962c105c80
2024-09-11T21:48:13.456 INFO:teuthology.orchestra.run.smithi100.stdout:/usr/bin/ceph: stderr
2024-09-11T21:48:12.648+0000 7f96297fa640 1 -- 172.21.15.100:0/3322287689 <== mon.0 v2:172.21.15.100:3300/0 3 ==== mon_map magic: 0 ==== 205+0+0 (secure 0 0 0) 0x7f961c037040 con 0x7f962c105c80
2024-09-11T21:48:13.457 INFO:teuthology.orchestra.run.smithi100.stdout:/usr/bin/ceph: stderr
2024-09-11T21:48:12.648+0000 7f963285a640 1 -- 172.21.15.100:0/3322287689 --> [v2:172.21.15.100:3300/0,v1:172.21.15.100:6789/0] -- mon_subscribe({mgrmap=0+}) -- 0x7f962c19c250 con 0x7f962c105c80
2024-09-11T21:48:13.457 INFO:teuthology.orchestra.run.smithi100.stdout:/usr/bin/ceph: stderr
2024-09-11T21:48:12.648+0000 7f963285a640 1 -- 172.21.15.100:0/3322287689 --> [v2:172.21.15.100:3300/0,v1:172.21.15.100:6789/0] -- mon_subscribe({osdmap=0}) -- 0x7f962c19ef40 con 0x7f962c105c80
2024-09-11T21:48:13.457 INFO:teuthology.orchestra.run.smithi100.stdout:/usr/bin/ceph: stderr
2024-09-11T21:48:12.649+0000 7f96297fa640 1 -- 172.21.15.100:0/3322287689 <== mon.0 v2:172.21.15.100:3300/0 4 ==== mgrmap(e 9) ==== 46300+0+0 (secure 0 0 0) 0x7f961c045070 con 0x7f962c105c80
2024-09-11T21:48:13.457 INFO:teuthology.orchestra.run.smithi100.stdout:/usr/bin/ceph: stderr
2024-09-11T21:48:12.649+0000 7f96297fa640 1 --2- 172.21.15.100:0/3322287689 >> [v2:172.21.15.100:6800/3970035574,v1:172.21.15.100:6801/3970035574] conn(0x7f9614039020 0x7f961403b4e0 unknown :-1 s=NONE pgs=0 cs=0 l=1 rev1=0 crypto rx=0 tx=0 comp rx=0 tx=0).connect
2024-09-11T21:48:13.457 INFO:teuthology.orchestra.run.smithi100.stdout:/usr/bin/ceph: stderr
2024-09-11T21:48:12.649+0000 7f96297fa640 1 -- 172.21.15.100:0/3322287689 <== mon.0 v2:172.21.15.100:3300/0 5 ==== osd_map(2..2 src has 1..2) ==== 940+0+0 (secure 0 0 0) 0x7f961c06d210 con 0x7f962c105c80
2024-09-11T21:48:13.457 INFO:teuthology.orchestra.run.smithi100.stdout:/usr/bin/ceph: stderr
2024-09-11T21:48:12.649+0000 7f962b7fe640 1 -- 172.21.15.100:0/3322287689 >> [v2:172.21.15.100:6800/3970035574,v1:172.21.15.100:6801/3970035574] conn(0x7f9614039020 msgr2=0x7f961403b4e0 unknown :-1 s=STATE_CONNECTING_RE l=1).process reconnect failed to v2:172.21.15.100:6800/3970035574
2024-09-11T21:48:13.457 INFO:teuthology.orchestra.run.smithi100.stdout:/usr/bin/ceph: stderr
2024-09-11T21:48:12.649+0000 7f962b7fe640 1 --2- 172.21.15.100:0/3322287689 >> [v2:172.21.15.100:6800/3970035574,v1:172.21.15.100:6801/3970035574] conn(0x7f9614039020 0x7f961403b4e0 unknown :-1 s=START_CONNECT pgs=0 cs=0 l=1 rev1=0 crypto rx=0 tx=0 comp rx=0 tx=0)._fault waiting 0.200000
2024-09-11T21:48:13.457 INFO:teuthology.orchestra.run.smithi100.stdout:/usr/bin/ceph: stderr
2024-09-11T21:48:12.649+0000 7f963285a640 1 -- 172.21.15.100:0/3322287689 --> [v2:172.21.15.100:3300/0,v1:172.21.15.100:6789/0] -- mon_command({"prefix": "get_command_descriptions"} v 0) -- 0x7f962c106080 con 0x7f962c105c80
2024-09-11T21:48:13.457 INFO:teuthology.orchestra.run.smithi100.stdout:/usr/bin/ceph: stderr
2024-09-11T21:48:12.658+0000 7f96297fa640 1 -- 172.21.15.100:0/3322287689 <== mon.0 v2:172.21.15.100:3300/0 6 ==== mon_command_ack([{"prefix": "get_command_descriptions"}]=0 v0) ==== 72+0+188821 (secure 0 0 0) 0x7f961c03ce10 con 0x7f962c105c80
2024-09-11T21:48:13.457 INFO:teuthology.orchestra.run.smithi100.stdout:/usr/bin/ceph: stderr
2024-09-11T21:48:12.850+0000 7f962b7fe640 1 -- 172.21.15.100:0/3322287689 >> [v2:172.21.15.100:6800/3970035574,v1:172.21.15.100:6801/3970035574] conn(0x7f9614039020 msgr2=0x7f961403b4e0 unknown :-1 s=STATE_CONNECTING_RE l=1).process reconnect failed to v2:172.21.15.100:6800/3970035574
2024-09-11T21:48:13.457 INFO:teuthology.orchestra.run.smithi100.stdout:/usr/bin/ceph: stderr
