2024-09-11T21:48:02.925+0000 7f691cd38640 1 -- 172.21.15.100:0/1911454810 >> [v2:172.21.15.100:3300/0,v1:172.21.15.100:6789/0] conn(0x7f6918108460 msgr2=0x7f691819bab0 secure :-1 s=STATE_CONNECTION_ESTABLISHED l=1).mark_down
2024-09-11T21:48:03.528 INFO:teuthology.orchestra.run.smithi100.stdout:/usr/bin/ceph: stderr
2024-09-11T21:48:02.925+0000 7f691cd38640 1 --2- 172.21.15.100:0/1911454810 >> [v2:172.21.15.100:3300/0,v1:172.21.15.100:6789/0] conn(0x7f6918108460 0x7f691819bab0 secure :-1 s=READY pgs=44 cs=0 l=1 rev1=1 crypto rx=0x7f6908032d90 tx=0x7f6908032dc0 comp rx=0 tx=0).stop
2024-09-11T21:48:03.528 INFO:teuthology.orchestra.run.smithi100.stdout:/usr/bin/ceph: stderr
2024-09-11T21:48:02.925+0000 7f691cd38640 1 -- 172.21.15.100:0/1911454810 shutdown_connections
2024-09-11T21:48:03.528 INFO:teuthology.orchestra.run.smithi100.stdout:/usr/bin/ceph: stderr
2024-09-11T21:48:02.925+0000 7f691cd38640 1 --2- 172.21.15.100:0/1911454810 >> [v2:172.21.15.100:6800/3970035574,v1:172.21.15.100:6801/3970035574] conn(0x7f6904038f70 0x7f690403b430 unknown :-1 s=CLOSED pgs=11 cs=0 l=1 rev1=1 crypto rx=0 tx=0 comp rx=0 tx=0).stop
2024-09-11T21:48:03.528 INFO:teuthology.orchestra.run.smithi100.stdout:/usr/bin/ceph: stderr
2024-09-11T21:48:02.925+0000 7f691cd38640 1 --2- 172.21.15.100:0/1911454810 >> [v2:172.21.15.100:3300/0,v1:172.21.15.100:6789/0] conn(0x7f6918108460 0x7f691819bab0 unknown :-1 s=CLOSED pgs=44 cs=0 l=1 rev1=1 crypto rx=0 tx=0 comp rx=0 tx=0).stop
2024-09-11T21:48:03.528 INFO:teuthology.orchestra.run.smithi100.stdout:/usr/bin/ceph: stderr
2024-09-11T21:48:02.925+0000 7f691cd38640 1 -- 172.21.15.100:0/1911454810 >> 172.21.15.100:0/1911454810 conn(0x7f6918102040 msgr2=0x7f6918102cb0 unknown :-1 s=STATE_NONE l=0).mark_down
2024-09-11T21:48:03.528 INFO:teuthology.orchestra.run.smithi100.stdout:/usr/bin/ceph: stderr
2024-09-11T21:48:02.925+0000 7f691cd38640 1 -- 172.21.15.100:0/1911454810 shutdown_connections
2024-09-11T21:48:03.529 INFO:teuthology.orchestra.run.smithi100.stdout:/usr/bin/ceph: stderr
2024-09-11T21:48:02.925+0000 7f691cd38640 1 -- 172.21.15.100:0/1911454810 wait complete.
2024-09-11T21:48:03.529 INFO:teuthology.orchestra.run.smithi100.stdout:Deploying unmanaged mon service...
2024-09-11T21:48:04.139 INFO:journalctl@ceph.mon.a.smithi100.stdout:Sep 11 21:48:03 smithi100 ceph-mon[31442]: from='mgr.14118 172.21.15.100:0/3295666274' entity='mgr.x'
2024-09-11T21:48:04.139 INFO:journalctl@ceph.mon.a.smithi100.stdout:Sep 11 21:48:03 smithi100 ceph-mon[31442]: Added host smithi100
2024-09-11T21:48:04.140 INFO:journalctl@ceph.mon.a.smithi100.stdout:Sep 11 21:48:03 smithi100 ceph-mon[31442]: from='mgr.14118 172.21.15.100:0/3295666274' entity='mgr.x' cmd=[{"prefix": "config dump", "format": "json"}]: dispatch
2024-09-11T21:48:04.878 INFO:teuthology.orchestra.run.smithi100.stdout:/usr/bin/ceph: stdout Scheduled mon update...
2024-09-11T21:48:04.878 INFO:teuthology.orchestra.run.smithi100.stdout:/usr/bin/ceph: stderr
2024-09-11T21:48:03.941+0000 7f8e3139e640 1 Processor -- start
2024-09-11T21:48:04.878 INFO:teuthology.orchestra.run.smithi100.stdout:/usr/bin/ceph: stderr
2024-09-11T21:48:03.941+0000 7f8e3139e640 1 -- start start
2024-09-11T21:48:04.878 INFO:teuthology.orchestra.run.smithi100.stdout:/usr/bin/ceph: stderr
2024-09-11T21:48:03.941+0000 7f8e3139e640 1 --2- >> [v2:172.21.15.100:3300/0,v1:172.21.15.100:6789/0] conn(0x7f8e2c07df00 0x7f8e2c07c360 unknown :-1 s=NONE pgs=0 cs=0 l=0 rev1=0 crypto rx=0 tx=0 comp rx=0 tx=0).connect
2024-09-11T21:48:04.878 INFO:teuthology.orchestra.run.smithi100.stdout:/usr/bin/ceph: stderr
2024-09-11T21:48:03.941+0000 7f8e3139e640 1 -- --> [v2:172.21.15.100:3300/0,v1:172.21.15.100:6789/0] -- mon_getmap magic: 0 -- 0x7f8e2c07c930 con 0x7f8e2c07df00
2024-09-11T21:48:04.878 INFO:teuthology.orchestra.run.smithi100.stdout:/usr/bin/ceph: stderr
2024-09-11T21:48:03.942+0000 7f8e2affd640 1 --2- >> [v2:172.21.15.100:3300/0,v1:172.21.15.100:6789/0] conn(0x7f8e2c07df00 0x7f8e2c07c360 unknown :-1 s=BANNER_CONNECTING pgs=0 cs=0 l=0 rev1=0 crypto rx=0 tx=0 comp rx=0 tx=0)._handle_peer_banner_payload supported=3 required=0
2024-09-11T21:48:04.878 INFO:teuthology.orchestra.run.smithi100.stdout:/usr/bin/ceph: stderr
2024-09-11T21:48:03.942+0000 7f8e2affd640 1 --2- >> [v2:172.21.15.100:3300/0,v1:172.21.15.100:6789/0] conn(0x7f8e2c07df00 0x7f8e2c07c360 unknown :-1 s=HELLO_CONNECTING pgs=0 cs=0 l=0 rev1=1 crypto rx=0 tx=0 comp rx=0 tx=0).handle_hello peer v2:172.21.15.100:3300/0 says I am v2:172.21.15.100:58536/0 (socket says 172.21.15.100:58536)
2024-09-11T21:48:04.878 INFO:teuthology.orchestra.run.smithi100.stdout:/usr/bin/ceph: stderr
2024-09-11T21:48:03.942+0000 7f8e2affd640 1 -- 172.21.15.100:0/982126880 learned_addr learned my addr 172.21.15.100:0/982126880 (peer_addr_for_me v2:172.21.15.100:0/0)
2024-09-11T21:48:04.878 INFO:teuthology.orchestra.run.smithi100.stdout:/usr/bin/ceph: stderr
2024-09-11T21:48:03.942+0000 7f8e2affd640 1 -- 172.21.15.100:0/982126880 --> [v2:172.21.15.100:3300/0,v1:172.21.15.100:6789/0] -- mon_subscribe({config=0+,monmap=0+}) -- 0x7f8e2c07cab0 con 0x7f8e2c07df00
2024-09-11T21:48:04.879 INFO:teuthology.orchestra.run.smithi100.stdout:/usr/bin/ceph: stderr
2024-09-11T21:48:03.942+0000 7f8e2affd640 1 --2- 172.21.15.100:0/982126880 >> [v2:172.21.15.100:3300/0,v1:172.21.15.100:6789/0] conn(0x7f8e2c07df00 0x7f8e2c07c360 secure :-1 s=READY pgs=45 cs=0 l=1 rev1=1 crypto rx=0x7f8e1c009820 tx=0x7f8e1c02a270 comp rx=0 tx=0).ready entity=mon.0 client_cookie=1ebd8ad860d74d44 server_cookie=0 in_seq=0 out_seq=0
2024-09-11T21:48:04.879 INFO:teuthology.orchestra.run.smithi100.stdout:/usr/bin/ceph: stderr
2024-09-11T21:48:03.943+0000 7f8e2a7fc640 1 -- 172.21.15.100:0/982126880 <== mon.0 v2:172.21.15.100:3300/0 1 ==== mon_map magic: 0 ==== 205+0+0 (secure 0 0 0) 0x7f8e1c037070 con 0x7f8e2c07df00
2024-09-11T21:48:04.879 INFO:teuthology.orchestra.run.smithi100.stdout:/usr/bin/ceph: stderr
2024-09-11T21:48:03.943+0000 7f8e2a7fc640 1 -- 172.21.15.100:0/982126880 <== mon.0 v2:172.21.15.100:3300/0 2 ==== config(29 keys) ==== 1178+0+0 (secure 0 0 0) 0x7f8e1c032940 con 0x7f8e2c07df00
2024-09-11T21:48:04.879 INFO:teuthology.orchestra.run.smithi100.stdout:/usr/bin/ceph: stderr
2024-09-11T21:48:03.943+0000 7f8e2a7fc640 1 -- 172.21.15.100:0/982126880 <== mon.0 v2:172.21.15.100:3300/0 3 ==== mon_map magic: 0 ==== 205+0+0 (secure 0 0 0) 0x7f8e1c0309c0 con 0x7f8e2c07df00
2024-09-11T21:48:04.879 INFO:teuthology.orchestra.run.smithi100.stdout:/usr/bin/ceph: stderr
2024-09-11T21:48:03.943+0000 7f8e3139e640 1 -- 172.21.15.100:0/982126880 >> [v2:172.21.15.100:3300/0,v1:172.21.15.100:6789/0] conn(0x7f8e2c07df00 msgr2=0x7f8e2c07c360 secure :-1 s=STATE_CONNECTION_ESTABLISHED l=1).mark_down
2024-09-11T21:48:04.879 INFO:teuthology.orchestra.run.smithi100.stdout:/usr/bin/ceph: stderr
2024-09-11T21:48:03.943+0000 7f8e3139e640 1 --2- 172.21.15.100:0/982126880 >> [v2:172.21.15.100:3300/0,v1:172.21.15.100:6789/0] conn(0x7f8e2c07df00 0x7f8e2c07c360 secure :-1 s=READY pgs=45 cs=0 l=1 rev1=1 crypto rx=0x7f8e1c009820 tx=0x7f8e1c02a270 comp rx=0 tx=0).stop
2024-09-11T21:48:04.879 INFO:teuthology.orchestra.run.smithi100.stdout:/usr/bin/ceph: stderr
2024-09-11T21:48:03.943+0000 7f8e3139e640 1 -- 172.21.15.100:0/982126880 shutdown_connections
2024-09-11T21:48:04.879 INFO:teuthology.orchestra.run.smithi100.stdout:/usr/bin/ceph: stderr
2024-09-11T21:48:03.943+0000 7f8e3139e640 1 --2- 172.21.15.100:0/982126880 >> [v2:172.21.15.100:3300/0,v1:172.21.15.100:6789/0] conn(0x7f8e2c07df00 0x7f8e2c07c360 unknown :-1 s=CLOSED pgs=45 cs=0 l=1 rev1=1 crypto rx=0 tx=0 comp rx=0 tx=0).stop
2024-09-11T21:48:04.879 INFO:teuthology.orchestra.run.smithi100.stdout:/usr/bin/ceph: stderr
2024-09-11T21:48:03.943+0000 7f8e3139e640 1 -- 172.21.15.100:0/982126880 >> 172.21.15.100:0/982126880 conn(0x7f8e2c1031b0 msgr2=0x7f8e2c1055d0 unknown :-1 s=STATE_NONE l=0).mark_down
2024-09-11T21:48:04.879 INFO:teuthology.orchestra.run.smithi100.stdout:/usr/bin/ceph: stderr
2024-09-11T21:48:03.943+0000 7f8e3139e640 1 -- 172.21.15.100:0/982126880 shutdown_connections
2024-09-11T21:48:04.879 INFO:teuthology.orchestra.run.smithi100.stdout:/usr/bin/ceph: stderr
2024-09-11T21:48:03.943+0000 7f8e3139e640 1 -- 172.21.15.100:0/982126880 wait complete.
2024-09-11T21:48:04.879 INFO:teuthology.orchestra.run.smithi100.stdout:/usr/bin/ceph: stderr
2024-09-11T21:48:03.944+0000 7f8e3139e640 1 Processor -- start
2024-09-11T21:48:04.879 INFO:teuthology.orchestra.run.smithi100.stdout:/usr/bin/ceph: stderr
2024-09-11T21:48:03.944+0000 7f8e3139e640 1 -- start start
2024-09-11T21:48:04.880 INFO:teuthology.orchestra.run.smithi100.stdout:/usr/bin/ceph: stderr
2024-09-11T21:48:03.944+0000 7f8e3139e640 1 --2- >> [v2:172.21.15.100:3300/0,v1:172.21.15.100:6789/0] conn(0x7f8e2c07df00 0x7f8e2c19dcc0 unknown :-1 s=NONE pgs=0 cs=0 l=1 rev1=0 crypto rx=0 tx=0 comp rx=0 tx=0).connect
2024-09-11T21:48:04.880 INFO:teuthology.orchestra.run.smithi100.stdout:/usr/bin/ceph: stderr
2024-09-11T21:48:03.944+0000 7f8e3139e640 1 -- --> [v2:172.21.15.100:3300/0,v1:172.21.15.100:6789/0] -- mon_getmap magic: 0 -- 0x7f8e2c10e0d0 con 0x7f8e2c07df00
2024-09-11T21:48:04.880 INFO:teuthology.orchestra.run.smithi100.stdout:/usr/bin/ceph: stderr
2024-09-11T21:48:03.944+0000 7f8e2affd640 1 --2- >> [v2:172.21.15.100:3300/0,v1:172.21.15.100:6789/0] conn(0x7f8e2c07df00 0x7f8e2c19dcc0 unknown :-1 s=BANNER_CONNECTING pgs=0 cs=0 l=1 rev1=0 crypto rx=0 tx=0 comp rx=0 tx=0)._handle_peer_banner_payload supported=3 required=0
2024-09-11T21:48:04.880 INFO:teuthology.orchestra.run.smithi100.stdout:/usr/bin/ceph: stderr
2024-09-11T21:48:03.944+0000 7f8e2affd640 1 --2- >> [v2:172.21.15.100:3300/0,v1:172.21.15.100:6789/0] conn(0x7f8e2c07df00 0x7f8e2c19dcc0 unknown :-1 s=HELLO_CONNECTING pgs=0 cs=0 l=1 rev1=1 crypto rx=0 tx=0 comp rx=0 tx=0).handle_hello peer v2:172.21.15.100:3300/0 says I am v2:172.21.15.100:58546/0 (socket says 172.21.15.100:58546)
2024-09-11T21:48:04.880 INFO:teuthology.orchestra.run.smithi100.stdout:/usr/bin/ceph: stderr
2024-09-11T21:48:03.944+0000 7f8e2affd640 1 -- 172.21.15.100:0/2764121111 learned_addr learned my addr 172.21.15.100:0/2764121111 (peer_addr_for_me v2:172.21.15.100:0/0)
2024-09-11T21:48:04.880 INFO:teuthology.orchestra.run.smithi100.stdout:/usr/bin/ceph: stderr
2024-09-11T21:48:03.944+0000 7f8e2affd640 1 -- 172.21.15.100:0/2764121111 --> [v2:172.21.15.100:3300/0,v1:172.21.15.100:6789/0] -- mon_subscribe({config=0+,monmap=0+}) -- 0x7f8e2c19e200 con 0x7f8e2c07df00
2024-09-11T21:48:04.880 INFO:teuthology.orchestra.run.smithi100.stdout:/usr/bin/ceph: stderr
2024-09-11T21:48:03.945+0000 7f8e2affd640 1 --2- 172.21.15.100:0/2764121111 >> [v2:172.21.15.100:3300/0,v1:172.21.15.100:6789/0] conn(0x7f8e2c07df00 0x7f8e2c19dcc0 secure :-1 s=READY pgs=46 cs=0 l=1 rev1=1 crypto rx=0x7f8e1c032e60 tx=0x7f8e1c032e90 comp rx=0 tx=0).ready entity=mon.0 client_cookie=0 server_cookie=0 in_seq=0 out_seq=0
2024-09-11T21:48:04.880 INFO:teuthology.orchestra.run.smithi100.stdout:/usr/bin/ceph: stderr
2024-09-11T21:48:03.945+0000 7f8e28ff9640 1 -- 172.21.15.100:0/2764121111 <== mon.0 v2:172.21.15.100:3300/0 1 ==== mon_map magic: 0 ==== 205+0+0 (secure 0 0 0) 0x7f8e1c042070 con 0x7f8e2c07df00
2024-09-11T21:48:04.880 INFO:teuthology.orchestra.run.smithi100.stdout:/usr/bin/ceph: stderr
2024-09-11T21:48:03.945+0000 7f8e3139e640 1 -- 172.21.15.100:0/2764121111 --> [v2:172.21.15.100:3300/0,v1:172.21.15.100:6789/0] -- mon_subscribe({mgrmap=0+}) -- 0x7f8e2c19e490 con 0x7f8e2c07df00
2024-09-11T21:48:04.880 INFO:teuthology.orchestra.run.smithi100.stdout:/usr/bin/ceph: stderr
2024-09-11T21:48:03.945+0000 7f8e28ff9640 1 -- 172.21.15.100:0/2764121111 <== mon.0 v2:172.21.15.100:3300/0 2 ==== config(29 keys) ==== 1178+0+0 (secure 0 0 0) 0x7f8e1c032570 con 0x7f8e2c07df00
2024-09-11T21:48:04.880 INFO:teuthology.orchestra.run.smithi100.stdout:/usr/bin/ceph: stderr
2024-09-11T21:48:03.945+0000 7f8e28ff9640 1 -- 172.21.15.100:0/2764121111 <== mon.0 v2:172.21.15.100:3300/0 3 ==== mon_map magic: 0 ==== 205+0+0 (secure 0 0 0) 0x7f8e1c037040 con 0x7f8e2c07df00
2024-09-11T21:48:04.880 INFO:teuthology.orchestra.run.smithi100.stdout:/usr/bin/ceph: stderr
2024-09-11T21:48:03.945+0000 7f8e3139e640 1 -- 172.21.15.100:0/2764121111 --> [v2:172.21.15.100:3300/0,v1:172.21.15.100:6789/0] -- mon_subscribe({osdmap=0}) -- 0x7f8e2c1a1180 con 0x7f8e2c07df00
2024-09-11T21:48:04.880 INFO:teuthology.orchestra.run.smithi100.stdout:/usr/bin/ceph: stderr
2024-09-11T21:48:03.946+0000 7f8e28ff9640 1 -- 172.21.15.100:0/2764121111 <== mon.0 v2:172.21.15.100:3300/0 4 ==== mgrmap(e 8) ==== 46287+0+0 (secure 0 0 0) 0x7f8e1c045070 con 0x7f8e2c07df00
2024-09-11T21:48:04.881 INFO:teuthology.orchestra.run.smithi100.stdout:/usr/bin/ceph: stderr
2024-09-11T21:48:03.946+0000 7f8e3139e640 1 -- 172.21.15.100:0/2764121111 --> [v2:172.21.15.100:3300/0,v1:172.21.15.100:6789/0] -- mon_command({"prefix": "get_command_descriptions"} v 0) -- 0x7f8e2c07c3e0 con 0x7f8e2c07df00
2024-09-11T21:48:04.881 INFO:teuthology.orchestra.run.smithi100.stdout:/usr/bin/ceph: stderr
2024-09-11T21:48:03.946+0000 7f8e28ff9640 1 --2- 172.21.15.100:0/2764121111 >> [v2:172.21.15.100:6800/3970035574,v1:172.21.15.100:6801/3970035574] conn(0x7f8e18038f70 0x7f8e1803b430 unknown :-1 s=NONE pgs=0 cs=0 l=1 rev1=0 crypto rx=0 tx=0 comp rx=0 tx=0).connect
2024-09-11T21:48:04.881 INFO:teuthology.orchestra.run.smithi100.stdout:/usr/bin/ceph: stderr
2024-09-11T21:48:03.946+0000 7f8e28ff9640 1 -- 172.21.15.100:0/2764121111 <== mon.0 v2:172.21.15.100:3300/0 5 ==== osd_map(2..2 src has 1..2) ==== 940+0+0 (secure 0 0 0) 0x7f8e1c06bef0 con 0x7f8e2c07df00
2024-09-11T21:48:04.881 INFO:teuthology.orchestra.run.smithi100.stdout:/usr/bin/ceph: stderr
2024-09-11T21:48:03.946+0000 7f8e23fff640 1 --2- 172.21.15.100:0/2764121111 >> [v2:172.21.15.100:6800/3970035574,v1:172.21.15.100:6801/3970035574] conn(0x7f8e18038f70 0x7f8e1803b430 unknown :-1 s=BANNER_CONNECTING pgs=0 cs=0 l=1 rev1=0 crypto rx=0 tx=0 comp rx=0 tx=0)._handle_peer_banner_payload supported=3 required=0
2024-09-11T21:48:04.881 INFO:teuthology.orchestra.run.smithi100.stdout:/usr/bin/ceph: stderr
2024-09-11T21:48:03.946+0000 7f8e23fff640 1 --2- 172.21.15.100:0/2764121111 >> [v2:172.21.15.100:6800/3970035574,v1:172.21.15.100:6801/3970035574] conn(0x7f8e18038f70 0x7f8e1803b430 secure :-1 s=READY pgs=12 cs=0 l=1 rev1=1 crypto rx=0x7f8e140098c0 tx=0x7f8e14006db0 comp rx=0 tx=0).ready entity=mgr.14118 client_cookie=0 server_cookie=0 in_seq=0 out_seq=0
2024-09-11T21:48:04.881 INFO:teuthology.orchestra.run.smithi100.stdout:/usr/bin/ceph: stderr
2024-09-11T21:48:03.951+0000 7f8e28ff9640 1 -- 172.21.15.100:0/2764121111 <== mon.0 v2:172.21.15.100:3300/0 6 ==== mon_command_ack([{"prefix": "get_command_descriptions"}]=0 v0) ==== 72+0+188821 (secure 0 0 0) 0x7f8e1c03ce10 con 0x7f8e2c07df00
2024-09-11T21:48:04.881 INFO:teuthology.orchestra.run.smithi100.stdout:/usr/bin/ceph: stderr
2024-09-11T21:48:04.138+0000 7f8e3139e640 1 -- 172.21.15.100:0/2764121111 --> [v2:172.21.15.100:6800/3970035574,v1:172.21.15.100:6801/3970035574] -- mgr_command(tid 0: {"prefix": "orch apply", "service_type": "mon", "unmanaged": true, "target": ["mon-mgr", ""]}) -- 0x7f8e2c104470 con 0x7f8e18038f70
2024-09-11T21:48:04.881 INFO:teuthology.orchestra.run.smithi100.stdout:/usr/bin/ceph: stderr
2024-09-11T21:48:04.143+0000 7f8e28ff9640 1 -- 172.21.15.100:0/2764121111 <== mgr.14118 v2:172.21.15.100:6800/3970035574 1 ==== mgr_command_reply(tid 0: 0 ) ==== 8+0+24 (secure 0 0 0) 0x7f8e2c104470 con 0x7f8e18038f70
2024-09-11T21:48:04.881 INFO:teuthology.orchestra.run.smithi100.stdout:/usr/bin/ceph: stderr
2024-09-11T21:48:04.145+0000 7f8e3139e640 1 -- 172.21.15.100:0/2764121111 >> [v2:172.21.15.100:6800/3970035574,v1:172.21.15.100:6801/3970035574] conn(0x7f8e18038f70 msgr2=0x7f8e1803b430 secure :-1 s=STATE_CONNECTION_ESTABLISHED l=1).mark_down
2024-09-11T21:48:04.881 INFO:teuthology.orchestra.run.smithi100.stdout:/usr/bin/ceph: stderr
2024-09-11T21:48:04.145+0000 7f8e3139e640 1 --2- 172.21.15.100:0/2764121111 >> [v2:172.21.15.100:6800/3970035574,v1:172.21.15.100:6801/3970035574] conn(0x7f8e18038f70 0x7f8e1803b430 secure :-1 s=READY pgs=12 cs=0 l=1 rev1=1 crypto rx=0x7f8e140098c0 tx=0x7f8e14006db0 comp rx=0 tx=0).stop
2024-09-11T21:48:04.881 INFO:teuthology.orchestra.run.smithi100.stdout:/usr/bin/ceph: stderr
2024-09-11T21:48:04.145+0000 7f8e3139e640 1 -- 172.21.15.100:0/2764121111 >> [v2:172.21.15.100:3300/0,v1:172.21.15.100:6789/0] conn(0x7f8e2c07df00 msgr2=0x7f8e2c19dcc0 secure :-1 s=STATE_CONNECTION_ESTABLISHED l=1).mark_down
2024-09-11T21:48:04.881 INFO:teuthology.orchestra.run.smithi100.stdout:/usr/bin/ceph: stderr
2024-09-11T21:48:04.145+0000 7f8e3139e640 1 --2- 172.21.15.100:0/2764121111 >> [v2:172.21.15.100:3300/0,v1:172.21.15.100:6789/0] conn(0x7f8e2c07df00 0x7f8e2c19dcc0 secure :-1 s=READY pgs=46 cs=0 l=1 rev1=1 crypto rx=0x7f8e1c032e60 tx=0x7f8e1c032e90 comp rx=0 tx=0).stop
2024-09-11T21:48:04.882 INFO:teuthology.orchestra.run.smithi100.stdout:/usr/bin/ceph: stderr
2024-09-11T21:48:04.145+0000 7f8e3139e640 1 -- 172.21.15.100:0/2764121111 shutdown_connections
2024-09-11T21:48:04.882 INFO:teuthology.orchestra.run.smithi100.stdout:/usr/bin/ceph: stderr
2024-09-11T21:48:04.145+0000 7f8e3139e640 1 --2- 172.21.15.100:0/2764121111 >> [v2:172.21.15.100:6800/3970035574,v1:172.21.15.100:6801/3970035574] conn(0x7f8e18038f70 0x7f8e1803b430 unknown :-1 s=CLOSED pgs=12 cs=0 l=1 rev1=1 crypto rx=0 tx=0 comp rx=0 tx=0).stop
2024-09-11T21:48:04.882 INFO:teuthology.orchestra.run.smithi100.stdout:/usr/bin/ceph: stderr
2024-09-11T21:48:04.145+0000 7f8e3139e640 1 --2- 172.21.15.100:0/2764121111 >> [v2:172.21.15.100:3300/0,v1:172.21.15.100:6789/0] conn(0x7f8e2c07df00 0x7f8e2c19dcc0 unknown :-1 s=CLOSED pgs=46 cs=0 l=1 rev1=1 crypto rx=0 tx=0 comp rx=0 tx=0).stop
2024-09-11T21:48:04.882 INFO:teuthology.orchestra.run.smithi100.stdout:/usr/bin/ceph: stderr
2024-09-11T21:48:04.145+0000 7f8e3139e640 1 -- 172.21.15.100:0/2764121111 >> 172.21.15.100:0/2764121111 conn(0x7f8e2c1031b0 msgr2=0x7f8e2c103d60 unknown :-1 s=STATE_NONE l=0).mark_down
2024-09-11T21:48:04.882 INFO:teuthology.orchestra.run.smithi100.stdout:/usr/bin/ceph: stderr
2024-09-11T21:48:04.145+0000 7f8e3139e640 1 -- 172.21.15.100:0/2764121111 shutdown_connections
2024-09-11T21:48:04.882 INFO:teuthology.orchestra.run.smithi100.stdout:/usr/bin/ceph: stderr
2024-09-11T21:48:04.145+0000 7f8e3139e640 1 -- 172.21.15.100:0/2764121111 wait complete.
2024-09-11T21:48:04.882 INFO:teuthology.orchestra.run.smithi100.stdout:Deploying unmanaged mgr service...
2024-09-11T21:48:05.450 INFO:journalctl@ceph.mon.a.smithi100.stdout:Sep 11 21:48:05 smithi100 ceph-mon[31442]: from='client.14140 -' entity='client.admin' cmd=[{"prefix": "orch apply", "service_type": "mon", "unmanaged": true, "target": ["mon-mgr", ""]}]: dispatch
2024-09-11T21:48:05.450 INFO:journalctl@ceph.mon.a.smithi100.stdout:Sep 11 21:48:05 smithi100 ceph-mon[31442]: Saving service mon spec with placement count:5
2024-09-11T21:48:05.450 INFO:journalctl@ceph.mon.a.smithi100.stdout:Sep 11 21:48:05 smithi100 ceph-mon[31442]: from='mgr.14118 172.21.15.100:0/3295666274' entity='mgr.x'
2024-09-11T21:48:06.940 INFO:teuthology.orchestra.run.smithi100.stdout:/usr/bin/ceph: stdout Scheduled mgr update...
2024-09-11T21:48:06.940 INFO:teuthology.orchestra.run.smithi100.stdout:/usr/bin/ceph: stderr
2024-09-11T21:48:05.536+0000 7fdbfc55d640 1 Processor -- start
2024-09-11T21:48:06.940 INFO:teuthology.orchestra.run.smithi100.stdout:/usr/bin/ceph: stderr
2024-09-11T21:48:05.536+0000 7fdbfc55d640 1 -- start start
2024-09-11T21:48:06.940 INFO:teuthology.orchestra.run.smithi100.stdout:/usr/bin/ceph: stderr
2024-09-11T21:48:05.536+0000 7fdbfc55d640 1 --2- >> [v2:172.21.15.100:3300/0,v1:172.21.15.100:6789/0] conn(0x7fdbf4107a70 0x7fdbf4107e70 unknown :-1 s=NONE pgs=0 cs=0 l=0 rev1=0 crypto rx=0 tx=0 comp rx=0 tx=0).connect
2024-09-11T21:48:06.940 INFO:teuthology.orchestra.run.smithi100.stdout:/usr/bin/ceph: stderr
2024-09-11T21:48:05.536+0000 7fdbfc55d640 1 -- --> [v2:172.21.15.100:3300/0,v1:172.21.15.100:6789/0] -- mon_getmap magic: 0 -- 0x7fdbf4108440 con 0x7fdbf4107a70
2024-09-11T21:48:06.940 INFO:teuthology.orchestra.run.smithi100.stdout:/usr/bin/ceph: stderr
2024-09-11T21:48:05.536+0000 7fdbfa2f9640 1 --2- >> [v2:172.21.15.100:3300/0,v1:172.21.15.100:6789/0] conn(0x7fdbf4107a70 0x7fdbf4107e70 unknown :-1 s=BANNER_CONNECTING pgs=0 cs=0 l=0 rev1=0 crypto rx=0 tx=0 comp rx=0 tx=0)._handle_peer_banner_payload supported=3 required=0
2024-09-11T21:48:06.941 INFO:teuthology.orchestra.run.smithi100.stdout:/usr/bin/ceph: stderr
2024-09-11T21:48:05.536+0000 7fdbfa2f9640 1 --2- >> [v2:172.21.15.100:3300/0,v1:172.21.15.100:6789/0] conn(0x7fdbf4107a70 0x7fdbf4107e70 unknown :-1 s=HELLO_CONNECTING pgs=0 cs=0 l=0 rev1=1 crypto rx=0 tx=0 comp rx=0 tx=0).handle_hello peer v2:172.21.15.100:3300/0 says I am v2:172.21.15.100:58560/0 (socket says 172.21.15.100:58560)
2024-09-11T21:48:06.941 INFO:teuthology.orchestra.run.smithi100.stdout:/usr/bin/ceph: stderr
2024-09-11T21:48:05.536+0000 7fdbfa2f9640 1 -- 172.21.15.100:0/393222415 learned_addr learned my addr 172.21.15.100:0/393222415 (peer_addr_for_me v2:172.21.15.100:0/0)
2024-09-11T21:48:06.941 INFO:teuthology.orchestra.run.smithi100.stdout:/usr/bin/ceph: stderr
2024-09-11T21:48:05.537+0000 7fdbfa2f9640 1 -- 172.21.15.100:0/393222415 --> [v2:172.21.15.100:3300/0,v1:172.21.15.100:6789/0] -- mon_subscribe({config=0+,monmap=0+}) -- 0x7fdbf4108c70 con 0x7fdbf4107a70
2024-09-11T21:48:06.941 INFO:teuthology.orchestra.run.smithi100.stdout:/usr/bin/ceph: stderr
2024-09-11T21:48:05.537+0000 7fdbfa2f9640 1 --2- 172.21.15.100:0/393222415 >> [v2:172.21.15.100:3300/0,v1:172.21.15.100:6789/0] conn(0x7fdbf4107a70 0x7fdbf4107e70 secure :-1 s=READY pgs=47 cs=0 l=1 rev1=1 crypto rx=0x7fdbf0009820 tx=0x7fdbf002a270 comp rx=0 tx=0).ready entity=mon.0 client_cookie=9c2476544b19dda2 server_cookie=0 in_seq=0 out_seq=0
2024-09-11T21:48:06.941 INFO:teuthology.orchestra.run.smithi100.stdout:/usr/bin/ceph: stderr
2024-09-11T21:48:05.537+0000 7fdbf92f7640 1 -- 172.21.15.100:0/393222415 <== mon.0 v2:172.21.15.100:3300/0 1 ==== mon_map magic: 0 ==== 205+0+0 (secure 0 0 0) 0x7fdbf0037070 con 0x7fdbf4107a70
2024-09-11T21:48:06.941 INFO:teuthology.orchestra.run.smithi100.stdout:/usr/bin/ceph: stderr
2024-09-11T21:48:05.537+0000 7fdbf92f7640 1 -- 172.21.15.100:0/393222415 <== mon.0 v2:172.21.15.100:3300/0 2 ==== config(29 keys) ==== 1178+0+0 (secure 0 0 0) 0x7fdbf0032940 con 0x7fdbf4107a70
2024-09-11T21:48:06.941 INFO:teuthology.orchestra.run.smithi100.stdout:/usr/bin/ceph: stderr
2024-09-11T21:48:05.537+0000 7fdbf92f7640 1 -- 172.21.15.100:0/393222415 <== mon.0 v2:172.21.15.100:3300/0 3 ==== mon_map magic: 0 ==== 205+0+0 (secure 0 0 0) 0x7fdbf00309c0 con 0x7fdbf4107a70
2024-09-11T21:48:06.941 INFO:teuthology.orchestra.run.smithi100.stdout:/usr/bin/ceph: stderr
2024-09-11T21:48:05.538+0000 7fdbfc55d640 1 -- 172.21.15.100:0/393222415 >> [v2:172.21.15.100:3300/0,v1:172.21.15.100:6789/0] conn(0x7fdbf4107a70 msgr2=0x7fdbf4107e70 secure :-1 s=STATE_CONNECTION_ESTABLISHED l=1).mark_down
2024-09-11T21:48:06.941 INFO:teuthology.orchestra.run.smithi100.stdout:/usr/bin/ceph: stderr
2024-09-11T21:48:05.538+0000 7fdbfc55d640 1 --2- 172.21.15.100:0/393222415 >> [v2:172.21.15.100:3300/0,v1:172.21.15.100:6789/0] conn(0x7fdbf4107a70 0x7fdbf4107e70 secure :-1 s=READY pgs=47 cs=0 l=1 rev1=1 crypto rx=0x7fdbf0009820 tx=0x7fdbf002a270 comp rx=0 tx=0).stop
2024-09-11T21:48:06.941 INFO:teuthology.orchestra.run.smithi100.stdout:/usr/bin/ceph: stderr
2024-09-11T21:48:05.538+0000 7fdbfc55d640 1 -- 172.21.15.100:0/393222415 shutdown_connections
2024-09-11T21:48:06.941 INFO:teuthology.orchestra.run.smithi100.stdout:/usr/bin/ceph: stderr
2024-09-11T21:48:05.538+0000 7fdbfc55d640 1 --2- 172.21.15.100:0/393222415 >> [v2:172.21.15.100:3300/0,v1:172.21.15.100:6789/0] conn(0x7fdbf4107a70 0x7fdbf4107e70 unknown :-1 s=CLOSED pgs=47 cs=0 l=1 rev1=1 crypto rx=0 tx=0 comp rx=0 tx=0).stop
2024-09-11T21:48:06.941 INFO:teuthology.orchestra.run.smithi100.stdout:/usr/bin/ceph: stderr
2024-09-11T21:48:05.538+0000 7fdbfc55d640 1 -- 172.21.15.100:0/393222415 >> 172.21.15.100:0/393222415 conn(0x7fdbf4103220 msgr2=0x7fdbf4105640 unknown :-1 s=STATE_NONE l=0).mark_down
2024-09-11T21:48:06.942 INFO:teuthology.orchestra.run.smithi100.stdout:/usr/bin/ceph: stderr
2024-09-11T21:48:05.538+0000 7fdbfc55d640 1 -- 172.21.15.100:0/393222415 shutdown_connections
2024-09-11T21:48:06.942 INFO:teuthology.orchestra.run.smithi100.stdout:/usr/bin/ceph: stderr
2024-09-11T21:48:05.538+0000 7fdbfc55d640 1 -- 172.21.15.100:0/393222415 wait complete.
2024-09-11T21:48:06.942 INFO:teuthology.orchestra.run.smithi100.stdout:/usr/bin/ceph: stderr
2024-09-11T21:48:05.539+0000 7fdbfc55d640 1 Processor -- start
2024-09-11T21:48:06.942 INFO:teuthology.orchestra.run.smithi100.stdout:/usr/bin/ceph: stderr
2024-09-11T21:48:05.539+0000 7fdbfc55d640 1 -- start start
2024-09-11T21:48:06.942 INFO:teuthology.orchestra.run.smithi100.stdout:/usr/bin/ceph: stderr
2024-09-11T21:48:05.539+0000 7fdbfc55d640 1 --2- >> [v2:172.21.15.100:3300/0,v1:172.21.15.100:6789/0] conn(0x7fdbf4107a70 0x7fdbf407ca80 unknown :-1 s=NONE pgs=0 cs=0 l=1 rev1=0 crypto rx=0 tx=0 comp rx=0 tx=0).connect
2024-09-11T21:48:06.942 INFO:teuthology.orchestra.run.smithi100.stdout:/usr/bin/ceph: stderr
2024-09-11T21:48:05.539+0000 7fdbfc55d640 1 -- --> [v2:172.21.15.100:3300/0,v1:172.21.15.100:6789/0] -- mon_getmap magic: 0 -- 0x7fdbf410c020 con 0x7fdbf4107a70
2024-09-11T21:48:06.942 INFO:teuthology.orchestra.run.smithi100.stdout:/usr/bin/ceph: stderr
2024-09-11T21:48:05.539+0000 7fdbfa2f9640 1 --2- >> [v2:172.21.15.100:3300/0,v1:172.21.15.100:6789/0] conn(0x7fdbf4107a70 0x7fdbf407ca80 unknown :-1 s=BANNER_CONNECTING pgs=0 cs=0 l=1 rev1=0 crypto rx=0 tx=0 comp rx=0 tx=0)._handle_peer_banner_payload supported=3 required=0
2024-09-11T21:48:06.942 INFO:teuthology.orchestra.run.smithi100.stdout:/usr/bin/ceph: stderr
2024-09-11T21:48:05.539+0000 7fdbfa2f9640 1 --2- >> [v2:172.21.15.100:3300/0,v1:172.21.15.100:6789/0] conn(0x7fdbf4107a70 0x7fdbf407ca80 unknown :-1 s=HELLO_CONNECTING pgs=0 cs=0 l=1 rev1=1 crypto rx=0 tx=0 comp rx=0 tx=0).handle_hello peer v2:172.21.15.100:3300/0 says I am v2:172.21.15.100:58576/0 (socket says 172.21.15.100:58576)
2024-09-11T21:48:06.942 INFO:teuthology.orchestra.run.smithi100.stdout:/usr/bin/ceph: stderr
2024-09-11T21:48:05.539+0000 7fdbfa2f9640 1 -- 172.21.15.100:0/2725908815 learned_addr learned my addr 172.21.15.100:0/2725908815 (peer_addr_for_me v2:172.21.15.100:0/0)
2024-09-11T21:48:06.942 INFO:teuthology.orchestra.run.smithi100.stdout:/usr/bin/ceph: stderr
2024-09-11T21:48:05.539+0000 7fdbfa2f9640 1 -- 172.21.15.100:0/2725908815 --> [v2:172.21.15.100:3300/0,v1:172.21.15.100:6789/0] -- mon_subscribe({config=0+,monmap=0+}) -- 0x7fdbf407cfc0 con 0x7fdbf4107a70
2024-09-11T21:48:06.942 INFO:teuthology.orchestra.run.smithi100.stdout:/usr/bin/ceph: stderr
2024-09-11T21:48:05.540+0000 7fdbfa2f9640 1 --2- 172.21.15.100:0/2725908815 >> [v2:172.21.15.100:3300/0,v1:172.21.15.100:6789/0] conn(0x7fdbf4107a70 0x7fdbf407ca80 secure :-1 s=READY pgs=48 cs=0 l=1 rev1=1 crypto rx=0x7fdbf0032e60 tx=0x7fdbf0032e90 comp rx=0 tx=0).ready entity=mon.0 client_cookie=0 server_cookie=0 in_seq=0 out_seq=0
2024-09-11T21:48:06.942 INFO:teuthology.orchestra.run.smithi100.stdout:/usr/bin/ceph: stderr
2024-09-11T21:48:05.540+0000 7fdbeb7fe640 1 -- 172.21.15.100:0/2725908815 <== mon.0 v2:172.21.15.100:3300/0 1 ==== mon_map magic: 0 ==== 205+0+0 (secure 0 0 0) 0x7fdbf0042070 con 0x7fdbf4107a70
2024-09-11T21:48:06.942 INFO:teuthology.orchestra.run.smithi100.stdout:/usr/bin/ceph: stderr
2024-09-11T21:48:05.540+0000 7fdbeb7fe640 1 -- 172.21.15.100:0/2725908815 <== mon.0 v2:172.21.15.100:3300/0 2 ==== config(29 keys) ==== 1178+0+0 (secure 0 0 0) 0x7fdbf0032570 con 0x7fdbf4107a70
2024-09-11T21:48:06.943 INFO:teuthology.orchestra.run.smithi100.stdout:/usr/bin/ceph: stderr
2024-09-11T21:48:05.540+0000 7fdbfc55d640 1 -- 172.21.15.100:0/2725908815 --> [v2:172.21.15.100:3300/0,v1:172.21.15.100:6789/0] -- mon_subscribe({mgrmap=0+}) -- 0x7fdbf407b1b0 con 0x7fdbf4107a70
2024-09-11T21:48:06.943 INFO:teuthology.orchestra.run.smithi100.stdout:/usr/bin/ceph: stderr
2024-09-11T21:48:05.540+0000 7fdbeb7fe640 1 -- 172.21.15.100:0/2725908815 <== mon.0 v2:172.21.15.100:3300/0 3 ==== mon_map magic: 0 ==== 205+0+0 (secure 0 0 0) 0x7fdbf0037040 con 0x7fdbf4107a70
2024-09-11T21:48:06.943 INFO:teuthology.orchestra.run.smithi100.stdout:/usr/bin/ceph: stderr
2024-09-11T21:48:05.540+0000 7fdbfc55d640 1 -- 172.21.15.100:0/2725908815 --> [v2:172.21.15.100:3300/0,v1:172.21.15.100:6789/0] -- mon_subscribe({osdmap=0}) -- 0x7fdbf407b6f0 con 0x7fdbf4107a70
2024-09-11T21:48:06.943 INFO:teuthology.orchestra.run.smithi100.stdout:/usr/bin/ceph: stderr
2024-09-11T21:48:05.541+0000 7fdbeb7fe640 1 -- 172.21.15.100:0/2725908815 <== mon.0 v2:172.21.15.100:3300/0 4 ==== mgrmap(e 8) ==== 46287+0+0 (secure 0 0 0) 0x7fdbf0045070 con 0x7fdbf4107a70
2024-09-11T21:48:06.943 INFO:teuthology.orchestra.run.smithi100.stdout:/usr/bin/ceph: stderr
2024-09-11T21:48:05.541+0000 7fdbfc55d640 1 -- 172.21.15.100:0/2725908815 --> [v2:172.21.15.100:3300/0,v1:172.21.15.100:6789/0] -- mon_command({"prefix": "get_command_descriptions"} v 0) -- 0x7fdbf4107ef0 con 0x7fdbf4107a70
2024-09-11T21:48:06.943 INFO:teuthology.orchestra.run.smithi100.stdout:/usr/bin/ceph: stderr
2024-09-11T21:48:05.541+0000 7fdbeb7fe640 1 --2- 172.21.15.100:0/2725908815 >> [v2:172.21.15.100:6800/3970035574,v1:172.21.15.100:6801/3970035574] conn(0x7fdbe0038f70 0x7fdbe003b430 unknown :-1 s=NONE pgs=0 cs=0 l=1 rev1=0 crypto rx=0 tx=0 comp rx=0 tx=0).connect
2024-09-11T21:48:06.943 INFO:teuthology.orchestra.run.smithi100.stdout:/usr/bin/ceph: stderr
2024-09-11T21:48:05.541+0000 7fdbeb7fe640 1 -- 172.21.15.100:0/2725908815 <== mon.0 v2:172.21.15.100:3300/0 5 ==== osd_map(2..2 src has 1..2) ==== 940+0+0 (secure 0 0 0) 0x7fdbf006be70 con 0x7fdbf4107a70
2024-09-11T21:48:06.943 INFO:teuthology.orchestra.run.smithi100.stdout:/usr/bin/ceph: stderr
2024-09-11T21:48:05.541+0000 7fdbf9af8640 1 --2- 172.21.15.100:0/2725908815 >> [v2:172.21.15.100:6800/3970035574,v1:172.21.15.100:6801/3970035574] conn(0x7fdbe0038f70 0x7fdbe003b430 unknown :-1 s=BANNER_CONNECTING pgs=0 cs=0 l=1 rev1=0 crypto rx=0 tx=0 comp rx=0 tx=0)._handle_peer_banner_payload supported=3 required=0
2024-09-11T21:48:06.943 INFO:teuthology.orchestra.run.smithi100.stdout:/usr/bin/ceph: stderr
2024-09-11T21:48:05.542+0000 7fdbf9af8640 1 --2- 172.21.15.100:0/2725908815 >> [v2:172.21.15.100:6800/3970035574,v1:172.21.15.100:6801/3970035574] conn(0x7fdbe0038f70 0x7fdbe003b430 secure :-1 s=READY pgs=13 cs=0 l=1 rev1=1 crypto rx=0x7fdbe40098c0 tx=0x7fdbe4006db0 comp rx=0 tx=0).ready entity=mgr.14118 client_cookie=0 server_cookie=0 in_seq=0 out_seq=0
2024-09-11T21:48:06.943 INFO:teuthology.orchestra.run.smithi100.stdout:/usr/bin/ceph: stderr
2024-09-11T21:48:05.546+0000 7fdbeb7fe640 1 -- 172.21.15.100:0/2725908815 <== mon.0 v2:172.21.15.100:3300/0 6 ==== mon_command_ack([{"prefix": "get_command_descriptions"}]=0 v0) ==== 72+0+188821 (secure 0 0 0) 0x7fdbf003dbf0 con 0x7fdbf4107a70
2024-09-11T21:48:06.943 INFO:teuthology.orchestra.run.smithi100.stdout:/usr/bin/ceph: stderr
2024-09-11T21:48:05.729+0000 7fdbfc55d640 1 -- 172.21.15.100:0/2725908815 --> [v2:172.21.15.100:6800/3970035574,v1:172.21.15.100:6801/3970035574] -- mgr_command(tid 0: {"prefix": "orch apply", "service_type": "mgr", "unmanaged": true, "target": ["mon-mgr", ""]}) -- 0x7fdbf407bfa0 con 0x7fdbe0038f70
2024-09-11T21:48:06.943 INFO:teuthology.orchestra.run.smithi100.stdout:/usr/bin/ceph: stderr
2024-09-11T21:48:05.733+0000 7fdbeb7fe640 1 -- 172.21.15.100:0/2725908815 <== mgr.14118 v2:172.21.15.100:6800/3970035574 1 ==== mgr_command_reply(tid 0: 0 ) ==== 8+0+24 (secure 0 0 0) 0x7fdbf407bfa0 con 0x7fdbe0038f70
2024-09-11T21:48:06.944 INFO:teuthology.orchestra.run.smithi100.stdout:/usr/bin/ceph: stderr
2024-09-11T21:48:05.735+0000 7fdbfc55d640 1 -- 172.21.15.100:0/2725908815 >> [v2:172.21.15.100:6800/3970035574,v1:172.21.15.100:6801/3970035574] conn(0x7fdbe0038f70 msgr2=0x7fdbe003b430 secure :-1 s=STATE_CONNECTION_ESTABLISHED l=1).mark_down
2024-09-11T21:48:06.944 INFO:teuthology.orchestra.run.smithi100.stdout:/usr/bin/ceph: stderr
2024-09-11T21:48:05.735+0000 7fdbfc55d640 1 --2- 172.21.15.100:0/2725908815 >> [v2:172.21.15.100:6800/3970035574,v1:172.21.15.100:6801/3970035574] conn(0x7fdbe0038f70 0x7fdbe003b430 secure :-1 s=READY pgs=13 cs=0 l=1 rev1=1 crypto rx=0x7fdbe40098c0 tx=0x7fdbe4006db0 comp rx=0 tx=0).stop
2024-09-11T21:48:06.944 INFO:teuthology.orchestra.run.smithi100.stdout:/usr/bin/ceph: stderr
2024-09-11T21:48:05.735+0000 7fdbfc55d640 1 -- 172.21.15.100:0/2725908815 >> [v2:172.21.15.100:3300/0,v1:172.21.15.100:6789/0] conn(0x7fdbf4107a70 msgr2=0x7fdbf407ca80 secure :-1 s=STATE_CONNECTION_ESTABLISHED l=1).mark_down
2024-09-11T21:48:06.944 INFO:teuthology.orchestra.run.smithi100.stdout:/usr/bin/ceph: stderr
2024-09-11T21:48:05.735+0000 7fdbfc55d640 1 --2- 172.21.15.100:0/2725908815 >> [v2:172.21.15.100:3300/0,v1:172.21.15.100:6789/0] conn(0x7fdbf4107a70 0x7fdbf407ca80 secure :-1 s=READY pgs=48 cs=0 l=1 rev1=1 crypto rx=0x7fdbf0032e60 tx=0x7fdbf0032e90 comp rx=0 tx=0).stop
2024-09-11T21:48:06.944 INFO:teuthology.orchestra.run.smithi100.stdout:/usr/bin/ceph: stderr
2024-09-11T21:48:05.735+0000 7fdbfc55d640 1 -- 172.21.15.100:0/2725908815 shutdown_connections
2024-09-11T21:48:06.944 INFO:teuthology.orchestra.run.smithi100.stdout:/usr/bin/ceph: stderr
2024-09-11T21:48:05.735+0000 7fdbfc55d640 1 --2- 172.21.15.100:0/2725908815 >> [v2:172.21.15.100:6800/3970035574,v1:172.21.15.100:6801/3970035574] conn(0x7fdbe0038f70 0x7fdbe003b430 unknown :-1 s=CLOSED pgs=13 cs=0 l=1 rev1=1 crypto rx=0 tx=0 comp rx=0 tx=0).stop
2024-09-11T21:48:06.944 INFO:teuthology.orchestra.run.smithi100.stdout:/usr/bin/ceph: stderr
2024-09-11T21:48:05.735+0000 7fdbfc55d640 1 --2- 172.21.15.100:0/2725908815 >> [v2:172.21.15.100:3300/0,v1:172.21.15.100:6789/0] conn(0x7fdbf4107a70 0x7fdbf407ca80 unknown :-1 s=CLOSED pgs=48 cs=0 l=1 rev1=1 crypto rx=0 tx=0 comp rx=0 tx=0).stop
2024-09-11T21:48:06.944 INFO:teuthology.orchestra.run.smithi100.stdout:/usr/bin/ceph: stderr
2024-09-11T21:48:05.736+0000 7fdbfc55d640 1 -- 172.21.15.100:0/2725908815 >> 172.21.15.100:0/2725908815 conn(0x7fdbf4103220 msgr2=0x7fdbf4103d90 unknown :-1 s=STATE_NONE l=0).mark_down
2024-09-11T21:48:06.944 INFO:teuthology.orchestra.run.smithi100.stdout:/usr/bin/ceph: stderr
2024-09-11T21:48:05.736+0000 7fdbfc55d640 1 -- 172.21.15.100:0/2725908815 shutdown_connections
2024-09-11T21:48:06.944 INFO:teuthology.orchestra.run.smithi100.stdout:/usr/bin/ceph: stderr
2024-09-11T21:48:05.736+0000 7fdbfc55d640 1 -- 172.21.15.100:0/2725908815 wait complete.
2024-09-11T21:48:06.980 INFO:journalctl@ceph.mon.a.smithi100.stdout:Sep 11 21:48:06 smithi100 ceph-mon[31442]: from='client.14142 -' entity='client.admin' cmd=[{"prefix": "orch apply", "service_type": "mgr", "unmanaged": true, "target": ["mon-mgr", ""]}]: dispatch
2024-09-11T21:48:06.980 INFO:journalctl@ceph.mon.a.smithi100.stdout:Sep 11 21:48:06 smithi100 ceph-mon[31442]: Saving service mgr spec with placement count:2
2024-09-11T21:48:06.980 INFO:journalctl@ceph.mon.a.smithi100.stdout:Sep 11 21:48:06 smithi100 ceph-mon[31442]: from='mgr.14118 172.21.15.100:0/3295666274' entity='mgr.x'
2024-09-11T21:48:06.980 INFO:journalctl@ceph.mon.a.smithi100.stdout:Sep 11 21:48:06 smithi100 ceph-mon[31442]: from='mgr.14118 172.21.15.100:0/3295666274' entity='mgr.x'
2024-09-11T21:48:08.076 INFO:journalctl@ceph.mon.a.smithi100.stdout:Sep 11 21:48:08 smithi100 ceph-mon[31442]: from='mgr.14118 172.21.15.100:0/3295666274' entity='mgr.x'
2024-09-11T21:48:08.076 INFO:journalctl@ceph.mon.a.smithi100.stdout:Sep 11 21:48:08 smithi100 ceph-mon[31442]: from='client.? 172.21.15.100:0/2114668746' entity='client.admin'
2024-09-11T21:48:08.792 INFO:teuthology.orchestra.run.smithi100.stdout:/usr/bin/ceph: stderr
2024-09-11T21:48:07.381+0000 7f4529f9b640 1 Processor -- start
2024-09-11T21:48:08.792 INFO:teuthology.orchestra.run.smithi100.stdout:/usr/bin/ceph: stderr
2024-09-11T21:48:07.381+0000 7f4529f9b640 1 -- start start
2024-09-11T21:48:08.792 INFO:teuthology.orchestra.run.smithi100.stdout:/usr/bin/ceph: stderr
2024-09-11T21:48:07.381+0000 7f4529f9b640 1 --2- >> [v2:172.21.15.100:3300/0,v1:172.21.15.100:6789/0] conn(0x7f452407dee0 0x7f452407c340 unknown :-1 s=NONE pgs=0 cs=0 l=0 rev1=0 crypto rx=0 tx=0 comp rx=0 tx=0).connect
2024-09-11T21:48:08.792 INFO:teuthology.orchestra.run.smithi100.stdout:/usr/bin/ceph: stderr
2024-09-11T21:48:07.381+0000 7f4529f9b640 1 -- --> [v2:172.21.15.100:3300/0,v1:172.21.15.100:6789/0] -- mon_getmap magic: 0 -- 0x7f452407c910 con 0x7f452407dee0
2024-09-11T21:48:08.793 INFO:teuthology.orchestra.run.smithi100.stdout:/usr/bin/ceph: stderr
2024-09-11T21:48:07.381+0000 7f45237fe640 1 --2- >> [v2:172.21.15.100:3300/0,v1:172.21.15.100:6789/0] conn(0x7f452407dee0 0x7f452407c340 unknown :-1 s=BANNER_CONNECTING pgs=0 cs=0 l=0 rev1=0 crypto rx=0 tx=0 comp rx=0 tx=0)._handle_peer_banner_payload supported=3 required=0
2024-09-11T21:48:08.793 INFO:teuthology.orchestra.run.smithi100.stdout:/usr/bin/ceph: stderr
2024-09-11T21:48:07.381+0000 7f45237fe640 1 --2- >> [v2:172.21.15.100:3300/0,v1:172.21.15.100:6789/0] conn(0x7f452407dee0 0x7f452407c340 unknown :-1 s=HELLO_CONNECTING pgs=0 cs=0 l=0 rev1=1 crypto rx=0 tx=0 comp rx=0 tx=0).handle_hello peer v2:172.21.15.100:3300/0 says I am v2:172.21.15.100:60224/0 (socket says 172.21.15.100:60224)
2024-09-11T21:48:08.793 INFO:teuthology.orchestra.run.smithi100.stdout:/usr/bin/ceph: stderr
2024-09-11T21:48:07.381+0000 7f45237fe640 1 -- 172.21.15.100:0/4270436502 learned_addr learned my addr 172.21.15.100:0/4270436502 (peer_addr_for_me v2:172.21.15.100:0/0)
2024-09-11T21:48:08.793 INFO:teuthology.orchestra.run.smithi100.stdout:/usr/bin/ceph: stderr
2024-09-11T21:48:07.381+0000 7f45237fe640 1 -- 172.21.15.100:0/4270436502 --> [v2:172.21.15.100:3300/0,v1:172.21.15.100:6789/0] -- mon_subscribe({config=0+,monmap=0+}) -- 0x7f452407ca90 con 0x7f452407dee0
2024-09-11T21:48:08.793 INFO:teuthology.orchestra.run.smithi100.stdout:/usr/bin/ceph: stderr
2024-09-11T21:48:07.382+0000 7f45237fe640 1 --2- 172.21.15.100:0/4270436502 >> [v2:172.21.15.100:3300/0,v1:172.21.15.100:6789/0] conn(0x7f452407dee0 0x7f452407c340 secure :-1 s=READY pgs=49 cs=0 l=1 rev1=1 crypto rx=0x7f4514009820 tx=0x7f451402a270 comp rx=0 tx=0).ready entity=mon.0 client_cookie=af39255ce4a624cf server_cookie=0 in_seq=0 out_seq=0
2024-09-11T21:48:08.793 INFO:teuthology.orchestra.run.smithi100.stdout:/usr/bin/ceph: stderr
2024-09-11T21:48:07.382+0000 7f45227fc640 1 -- 172.21.15.100:0/4270436502 <== mon.0 v2:172.21.15.100:3300/0 1 ==== mon_map magic: 0 ==== 205+0+0 (secure 0 0 0) 0x7f4514037070 con 0x7f452407dee0
2024-09-11T21:48:08.793 INFO:teuthology.orchestra.run.smithi100.stdout:/usr/bin/ceph: stderr
2024-09-11T21:48:07.382+0000 7f45227fc640 1 -- 172.21.15.100:0/4270436502 <== mon.0 v2:172.21.15.100:3300/0 2 ==== config(29 keys) ==== 1209+0+0 (secure 0 0 0) 0x7f4514032960 con 0x7f452407dee0
2024-09-11T21:48:08.793 INFO:teuthology.orchestra.run.smithi100.stdout:/usr/bin/ceph: stderr
2024-09-11T21:48:07.382+0000 7f45227fc640 1 -- 172.21.15.100:0/4270436502 <== mon.0 v2:172.21.15.100:3300/0 3 ==== mon_map magic: 0 ==== 205+0+0 (secure 0 0 0) 0x7f4514030980 con 0x7f452407dee0
2024-09-11T21:48:08.793 INFO:teuthology.orchestra.run.smithi100.stdout:/usr/bin/ceph: stderr
2024-09-11T21:48:07.383+0000 7f4529f9b640 1 -- 172.21.15.100:0/4270436502 >> [v2:172.21.15.100:3300/0,v1:172.21.15.100:6789/0] conn(0x7f452407dee0 msgr2=0x7f452407c340 secure :-1 s=STATE_CONNECTION_ESTABLISHED l=1).mark_down
2024-09-11T21:48:08.793 INFO:teuthology.orchestra.run.smithi100.stdout:/usr/bin/ceph: stderr
2024-09-11T21:48:07.383+0000 7f4529f9b640 1 --2- 172.21.15.100:0/4270436502 >> [v2:172.21.15.100:3300/0,v1:172.21.15.100:6789/0] conn(0x7f452407dee0 0x7f452407c340 secure :-1 s=READY pgs=49 cs=0 l=1 rev1=1 crypto rx=0x7f4514009820 tx=0x7f451402a270 comp rx=0 tx=0).stop
2024-09-11T21:48:08.793 INFO:teuthology.orchestra.run.smithi100.stdout:/usr/bin/ceph: stderr
2024-09-11T21:48:07.383+0000 7f4529f9b640 1 -- 172.21.15.100:0/4270436502 shutdown_connections
2024-09-11T21:48:08.793 INFO:teuthology.orchestra.run.smithi100.stdout:/usr/bin/ceph: stderr
2024-09-11T21:48:07.383+0000 7f4529f9b640 1 --2- 172.21.15.100:0/4270436502 >> [v2:172.21.15.100:3300/0,v1:172.21.15.100:6789/0] conn(0x7f452407dee0 0x7f452407c340 unknown :-1 s=CLOSED pgs=49 cs=0 l=1 rev1=1 crypto rx=0 tx=0 comp rx=0 tx=0).stop
2024-09-11T21:48:08.794 INFO:teuthology.orchestra.run.smithi100.stdout:/usr/bin/ceph: stderr
2024-09-11T21:48:07.383+0000 7f4529f9b640 1 -- 172.21.15.100:0/4270436502 >> 172.21.15.100:0/4270436502 conn(0x7f45241031b0 msgr2=0x7f45241055d0 unknown :-1 s=STATE_NONE l=0).mark_down
2024-09-11T21:48:08.794 INFO:teuthology.orchestra.run.smithi100.stdout:/usr/bin/ceph: stderr
2024-09-11T21:48:07.383+0000 7f4529f9b640 1 -- 172.21.15.100:0/4270436502 shutdown_connections
2024-09-11T21:48:08.794 INFO:teuthology.orchestra.run.smithi100.stdout:/usr/bin/ceph: stderr
2024-09-11T21:48:07.383+0000 7f4529f9b640 1 -- 172.21.15.100:0/4270436502 wait complete.
2024-09-11T21:48:08.794 INFO:teuthology.orchestra.run.smithi100.stdout:/usr/bin/ceph: stderr
2024-09-11T21:48:07.383+0000 7f4529f9b640 1 Processor -- start
2024-09-11T21:48:08.794 INFO:teuthology.orchestra.run.smithi100.stdout:/usr/bin/ceph: stderr
2024-09-11T21:48:07.384+0000 7f4529f9b640 1 -- start start
2024-09-11T21:48:08.794 INFO:teuthology.orchestra.run.smithi100.stdout:/usr/bin/ceph: stderr
2024-09-11T21:48:07.384+0000 7f4529f9b640 1 --2- >> [v2:172.21.15.100:3300/0,v1:172.21.15.100:6789/0] conn(0x7f452407dee0 0x7f452419dc40 unknown :-1 s=NONE pgs=0 cs=0 l=1 rev1=0 crypto rx=0 tx=0 comp rx=0 tx=0).connect
2024-09-11T21:48:08.794 INFO:teuthology.orchestra.run.smithi100.stdout:/usr/bin/ceph: stderr
2024-09-11T21:48:07.384+0000 7f4529f9b640 1 -- --> [v2:172.21.15.100:3300/0,v1:172.21.15.100:6789/0] -- mon_getmap magic: 0 -- 0x7f452410e150 con 0x7f452407dee0
2024-09-11T21:48:08.794 INFO:teuthology.orchestra.run.smithi100.stdout:/usr/bin/ceph: stderr
2024-09-11T21:48:07.384+0000 7f45237fe640 1 --2- >> [v2:172.21.15.100:3300/0,v1:172.21.15.100:6789/0] conn(0x7f452407dee0 0x7f452419dc40 unknown :-1 s=BANNER_CONNECTING pgs=0 cs=0 l=1 rev1=0 crypto rx=0 tx=0 comp rx=0 tx=0)._handle_peer_banner_payload supported=3 required=0
2024-09-11T21:48:08.794 INFO:teuthology.orchestra.run.smithi100.stdout:/usr/bin/ceph: stderr
2024-09-11T21:48:07.384+0000 7f45237fe640 1 --2- >> [v2:172.21.15.100:3300/0,v1:172.21.15.100:6789/0] conn(0x7f452407dee0 0x7f452419dc40 unknown :-1 s=HELLO_CONNECTING pgs=0 cs=0 l=1 rev1=1 crypto rx=0 tx=0 comp rx=0 tx=0).handle_hello peer v2:172.21.15.100:3300/0 says I am v2:172.21.15.100:60232/0 (socket says 172.21.15.100:60232)
2024-09-11T21:48:08.794 INFO:teuthology.orchestra.run.smithi100.stdout:/usr/bin/ceph: stderr
2024-09-11T21:48:07.384+0000 7f45237fe640 1 -- 172.21.15.100:0/2114668746 learned_addr learned my addr 172.21.15.100:0/2114668746 (peer_addr_for_me v2:172.21.15.100:0/0)
2024-09-11T21:48:08.794 INFO:teuthology.orchestra.run.smithi100.stdout:/usr/bin/ceph: stderr
2024-09-11T21:48:07.384+0000 7f45237fe640 1 -- 172.21.15.100:0/2114668746 --> [v2:172.21.15.100:3300/0,v1:172.21.15.100:6789/0] -- mon_subscribe({config=0+,monmap=0+}) -- 0x7f452419e180 con 0x7f452407dee0
2024-09-11T21:48:08.794 INFO:teuthology.orchestra.run.smithi100.stdout:/usr/bin/ceph: stderr
2024-09-11T21:48:07.384+0000 7f45237fe640 1 --2- 172.21.15.100:0/2114668746 >> [v2:172.21.15.100:3300/0,v1:172.21.15.100:6789/0] conn(0x7f452407dee0 0x7f452419dc40 secure :-1 s=READY pgs=50 cs=0 l=1 rev1=1 crypto rx=0x7f45140097f0 tx=0x7f4514032e80 comp rx=0 tx=0).ready entity=mon.0 client_cookie=0 server_cookie=0 in_seq=0 out_seq=0
2024-09-11T21:48:08.794 INFO:teuthology.orchestra.run.smithi100.stdout:/usr/bin/ceph: stderr
2024-09-11T21:48:07.384+0000 7f4520ff9640 1 -- 172.21.15.100:0/2114668746 <== mon.0 v2:172.21.15.100:3300/0 1 ==== mon_map magic: 0 ==== 205+0+0 (secure 0 0 0) 0x7f4514042070 con 0x7f452407dee0
2024-09-11T21:48:08.795 INFO:teuthology.orchestra.run.smithi100.stdout:/usr/bin/ceph: stderr
2024-09-11T21:48:07.384+0000 7f4529f9b640 1 -- 172.21.15.100:0/2114668746 --> [v2:172.21.15.100:3300/0,v1:172.21.15.100:6789/0] -- mon_subscribe({mgrmap=0+}) -- 0x7f452419e410 con 0x7f452407dee0
2024-09-11T21:48:08.795 INFO:teuthology.orchestra.run.smithi100.stdout:/usr/bin/ceph: stderr
2024-09-11T21:48:07.384+0000 7f4520ff9640 1 -- 172.21.15.100:0/2114668746 <== mon.0 v2:172.21.15.100:3300/0 2 ==== config(29 keys) ==== 1209+0+0 (secure 0 0 0) 0x7f45140326c0 con 0x7f452407dee0
2024-09-11T21:48:08.795 INFO:teuthology.orchestra.run.smithi100.stdout:/usr/bin/ceph: stderr
2024-09-11T21:48:07.384+0000 7f4520ff9640 1 -- 172.21.15.100:0/2114668746 <== mon.0 v2:172.21.15.100:3300/0 3 ==== mon_map magic: 0 ==== 205+0+0 (secure 0 0 0) 0x7f4514037040 con 0x7f452407dee0
2024-09-11T21:48:08.795 INFO:teuthology.orchestra.run.smithi100.stdout:/usr/bin/ceph: stderr
2024-09-11T21:48:07.384+0000 7f4529f9b640 1 -- 172.21.15.100:0/2114668746 --> [v2:172.21.15.100:3300/0,v1:172.21.15.100:6789/0] -- mon_subscribe({osdmap=0}) -- 0x7f45241a1100 con 0x7f452407dee0
2024-09-11T21:48:08.795 INFO:teuthology.orchestra.run.smithi100.stdout:/usr/bin/ceph: stderr
2024-09-11T21:48:07.386+0000 7f4520ff9640 1 -- 172.21.15.100:0/2114668746 <== mon.0 v2:172.21.15.100:3300/0 4 ==== mgrmap(e 8) ==== 46287+0+0 (secure 0 0 0) 0x7f4514045070 con 0x7f452407dee0
2024-09-11T21:48:08.795 INFO:teuthology.orchestra.run.smithi100.stdout:/usr/bin/ceph: stderr
2024-09-11T21:48:07.386+0000 7f4520ff9640 1 --2- 172.21.15.100:0/2114668746 >> [v2:172.21.15.100:6800/3970035574,v1:172.21.15.100:6801/3970035574] conn(0x7f450c038f70 0x7f450c03b430 unknown :-1 s=NONE pgs=0 cs=0 l=1 rev1=0 crypto rx=0 tx=0 comp rx=0 tx=0).connect
2024-09-11T21:48:08.795 INFO:teuthology.orchestra.run.smithi100.stdout:/usr/bin/ceph: stderr
2024-09-11T21:48:07.386+0000 7f4529f9b640 1 -- 172.21.15.100:0/2114668746 --> [v2:172.21.15.100:3300/0,v1:172.21.15.100:6789/0] -- mon_command({"prefix": "get_command_descriptions"} v 0) -- 0x7f452407c340 con 0x7f452407dee0
2024-09-11T21:48:08.795 INFO:teuthology.orchestra.run.smithi100.stdout:/usr/bin/ceph: stderr
2024-09-11T21:48:07.386+0000 7f4520ff9640 1 -- 172.21.15.100:0/2114668746 <== mon.0 v2:172.21.15.100:3300/0 5 ==== osd_map(2..2 src has 1..2) ==== 940+0+0 (secure 0 0 0) 0x7f451406c070 con 0x7f452407dee0
2024-09-11T21:48:08.795 INFO:teuthology.orchestra.run.smithi100.stdout:/usr/bin/ceph: stderr
2024-09-11T21:48:07.386+0000 7f4522ffd640 1 --2- 172.21.15.100:0/2114668746 >> [v2:172.21.15.100:6800/3970035574,v1:172.21.15.100:6801/3970035574] conn(0x7f450c038f70 0x7f450c03b430 unknown :-1 s=BANNER_CONNECTING pgs=0 cs=0 l=1 rev1=0 crypto rx=0 tx=0 comp rx=0 tx=0)._handle_peer_banner_payload supported=3 required=0
2024-09-11T21:48:08.795 INFO:teuthology.orchestra.run.smithi100.stdout:/usr/bin/ceph: stderr
2024-09-11T21:48:07.386+0000 7f4522ffd640 1 --2- 172.21.15.100:0/2114668746 >> [v2:172.21.15.100:6800/3970035574,v1:172.21.15.100:6801/3970035574] conn(0x7f450c038f70 0x7f450c03b430 secure :-1 s=READY pgs=14 cs=0 l=1 rev1=1 crypto rx=0x7f45180098c0 tx=0x7f4518006db0 comp rx=0 tx=0).ready entity=mgr.14118 client_cookie=0 server_cookie=0 in_seq=0 out_seq=0
2024-09-11T21:48:08.795 INFO:teuthology.orchestra.run.smithi100.stdout:/usr/bin/ceph: stderr
2024-09-11T21:48:07.391+0000 7f4520ff9640 1 -- 172.21.15.100:0/2114668746 <== mon.0 v2:172.21.15.100:3300/0 6 ==== mon_command_ack([{"prefix": "get_command_descriptions"}]=0 v0) ==== 72+0+188821 (secure 0 0 0) 0x7f451404b170 con 0x7f452407dee0
2024-09-11T21:48:08.795 INFO:teuthology.orchestra.run.smithi100.stdout:/usr/bin/ceph: stderr
2024-09-11T21:48:07.569+0000 7f4529f9b640 1 -- 172.21.15.100:0/2114668746 --> [v2:172.21.15.100:3300/0,v1:172.21.15.100:6789/0] -- mon_command([{prefix=config set, name=mgr/cephadm/container_init}] v 0) -- 0x7f45241a16f0 con 0x7f452407dee0
2024-09-11T21:48:08.795 INFO:teuthology.orchestra.run.smithi100.stdout:/usr/bin/ceph: stderr
2024-09-11T21:48:07.571+0000 7f4520ff9640 1 -- 172.21.15.100:0/2114668746 <== mon.0 v2:172.21.15.100:3300/0 7 ==== mon_command_ack([{prefix=config set, name=mgr/cephadm/container_init}]=0 v7)=0 v7) ==== 142+0+0 (secure 0 0 0) 0x7f451403dd50 con 0x7f452407dee0
2024-09-11T21:48:08.796 INFO:teuthology.orchestra.run.smithi100.stdout:/usr/bin/ceph: stderr
2024-09-11T21:48:07.574+0000 7f4529f9b640 1 -- 172.21.15.100:0/2114668746 >> [v2:172.21.15.100:6800/3970035574,v1:172.21.15.100:6801/3970035574] conn(0x7f450c038f70 msgr2=0x7f450c03b430 secure :-1 s=STATE_CONNECTION_ESTABLISHED l=1).mark_down
2024-09-11T21:48:08.796 INFO:teuthology.orchestra.run.smithi100.stdout:/usr/bin/ceph: stderr
2024-09-11T21:48:07.574+0000 7f4529f9b640 1 --2- 172.21.15.100:0/2114668746 >> [v2:172.21.15.100:6800/3970035574,v1:172.21.15.100:6801/3970035574] conn(0x7f450c038f70 0x7f450c03b430 secure :-1 s=READY pgs=14 cs=0 l=1 rev1=1 crypto rx=0x7f45180098c0 tx=0x7f4518006db0 comp rx=0 tx=0).stop
2024-09-11T21:48:08.796 INFO:teuthology.orchestra.run.smithi100.stdout:/usr/bin/ceph: stderr
2024-09-11T21:48:07.574+0000 7f4529f9b640 1 -- 172.21.15.100:0/2114668746 >> [v2:172.21.15.100:3300/0,v1:172.21.15.100:6789/0] conn(0x7f452407dee0 msgr2=0x7f452419dc40 secure :-1 s=STATE_CONNECTION_ESTABLISHED l=1).mark_down
2024-09-11T21:48:08.796 INFO:teuthology.orchestra.run.smithi100.stdout:/usr/bin/ceph: stderr
2024-09-11T21:48:07.574+0000 7f4529f9b640 1 --2- 172.21.15.100:0/2114668746 >> [v2:172.21.15.100:3300/0,v1:172.21.15.100:6789/0] conn(0x7f452407dee0 0x7f452419dc40 secure :-1 s=READY pgs=50 cs=0 l=1 rev1=1 crypto rx=0x7f45140097f0 tx=0x7f4514032e80 comp rx=0 tx=0).stop
