2024-09-11T21:47:50.360 INFO:teuthology.orchestra.run.smithi001.stdout:/usr/bin/ceph: stderr
2024-09-11T21:47:49.704+0000 7f9212ffd640 1 -- 172.21.15.1:0/4166422466 <== mon.0 v2:172.21.15.1:3300/0 5 ==== osd_map(1..1 src has 1..1) ==== 725+0+0 (secure 0 0 0) 0x7f9218047b40 con 0x7f921c105ff0
2024-09-11T21:47:50.360 INFO:teuthology.orchestra.run.smithi001.stdout:/usr/bin/ceph: stderr
2024-09-11T21:47:49.705+0000 7f9223f7f640 1 -- 172.21.15.1:0/4166422466 --> [v2:172.21.15.1:3300/0,v1:172.21.15.1:6789/0] -- mon_command({"prefix": "get_command_descriptions"} v 0) -- 0x7f92000052c0 con 0x7f921c105ff0
2024-09-11T21:47:50.360 INFO:teuthology.orchestra.run.smithi001.stdout:/usr/bin/ceph: stderr
2024-09-11T21:47:49.707+0000 7f9212ffd640 1 -- 172.21.15.1:0/4166422466 <== mon.0 v2:172.21.15.1:3300/0 6 ==== mon_command_ack([{"prefix": "get_command_descriptions"}]=0 v0) ==== 72+0+74432 (secure 0 0 0) 0x7f921803dc40 con 0x7f921c105ff0
2024-09-11T21:47:50.360 INFO:teuthology.orchestra.run.smithi001.stdout:/usr/bin/ceph: stderr
2024-09-11T21:47:49.784+0000 7f9223f7f640 1 -- 172.21.15.1:0/4166422466 --> [v2:172.21.15.1:3300/0,v1:172.21.15.1:6789/0] -- mon_command({"prefix": "status", "format": "json-pretty"} v 0) -- 0x7f9200005880 con 0x7f921c105ff0
2024-09-11T21:47:50.360 INFO:teuthology.orchestra.run.smithi001.stdout:/usr/bin/ceph: stderr
2024-09-11T21:47:49.784+0000 7f9212ffd640 1 -- 172.21.15.1:0/4166422466 <== mon.0 v2:172.21.15.1:3300/0 7 ==== mon_command_ack([{"prefix": "status", "format": "json-pretty"}]=0 v0) ==== 79+0+1291 (secure 0 0 0) 0x7f9218032d90 con 0x7f921c105ff0
2024-09-11T21:47:50.360 INFO:teuthology.orchestra.run.smithi001.stdout:/usr/bin/ceph: stderr
2024-09-11T21:47:49.785+0000 7f9223f7f640 1 -- 172.21.15.1:0/4166422466 >> [v2:172.21.15.1:3300/0,v1:172.21.15.1:6789/0] conn(0x7f921c105ff0 msgr2=0x7f921c19d8c0 secure :-1 s=STATE_CONNECTION_ESTABLISHED l=1).mark_down
2024-09-11T21:47:50.360 INFO:teuthology.orchestra.run.smithi001.stdout:/usr/bin/ceph: stderr
2024-09-11T21:47:49.785+0000 7f9223f7f640 1 --2- 172.21.15.1:0/4166422466 >> [v2:172.21.15.1:3300/0,v1:172.21.15.1:6789/0] conn(0x7f921c105ff0 0x7f921c19d8c0 secure :-1 s=READY pgs=8 cs=0 l=1 rev1=1 crypto rx=0x7f9218031000 tx=0x7f92180326e0 comp rx=0 tx=0).stop
2024-09-11T21:47:50.360 INFO:teuthology.orchestra.run.smithi001.stdout:/usr/bin/ceph: stderr
2024-09-11T21:47:49.785+0000 7f9223f7f640 1 -- 172.21.15.1:0/4166422466 shutdown_connections
2024-09-11T21:47:50.360 INFO:teuthology.orchestra.run.smithi001.stdout:/usr/bin/ceph: stderr
2024-09-11T21:47:49.785+0000 7f9223f7f640 1 --2- 172.21.15.1:0/4166422466 >> [v2:172.21.15.1:3300/0,v1:172.21.15.1:6789/0] conn(0x7f921c105ff0 0x7f921c19d8c0 unknown :-1 s=CLOSED pgs=8 cs=0 l=1 rev1=1 crypto rx=0 tx=0 comp rx=0 tx=0).stop
2024-09-11T21:47:50.360 INFO:teuthology.orchestra.run.smithi001.stdout:/usr/bin/ceph: stderr
2024-09-11T21:47:49.785+0000 7f9223f7f640 1 -- 172.21.15.1:0/4166422466 >> 172.21.15.1:0/4166422466 conn(0x7f921c101e20 msgr2=0x7f921c1945a0 unknown :-1 s=STATE_NONE l=0).mark_down
2024-09-11T21:47:50.360 INFO:teuthology.orchestra.run.smithi001.stdout:/usr/bin/ceph: stderr
2024-09-11T21:47:49.786+0000 7f9223f7f640 1 -- 172.21.15.1:0/4166422466 shutdown_connections
2024-09-11T21:47:50.360 INFO:teuthology.orchestra.run.smithi001.stdout:/usr/bin/ceph: stderr
2024-09-11T21:47:49.786+0000 7f9223f7f640 1 -- 172.21.15.1:0/4166422466 wait complete.
2024-09-11T21:47:50.360 INFO:teuthology.orchestra.run.smithi001.stdout:mgr not available, waiting (2/15)...
2024-09-11T21:47:50.693 INFO:journalctl@ceph.mgr.x.smithi001.stdout:Sep 11 21:47:50 smithi001 ceph-3ffca83c-7087-11ef-bcea-c7b262605968-mgr-x[31161]:
2024-09-11T21:47:50.587+0000 7fe51ce9a040 -1 mgr[py] Module telegraf has missing NOTIFY_TYPES member
2024-09-11T21:47:51.193 INFO:journalctl@ceph.mon.a.smithi001.stdout:Sep 11 21:47:50 smithi001 ceph-mon[30935]: Activating manager daemon x
2024-09-11T21:47:51.193 INFO:journalctl@ceph.mon.a.smithi001.stdout:Sep 11 21:47:50 smithi001 ceph-mon[30935]: mgrmap e2: x(active, starting, since 0.00333246s)
2024-09-11T21:47:51.193 INFO:journalctl@ceph.mon.a.smithi001.stdout:Sep 11 21:47:50 smithi001 ceph-mon[30935]: from='mgr.14100 172.21.15.1:0/4142873155' entity='mgr.x' cmd=[{"prefix": "mds metadata"}]: dispatch
2024-09-11T21:47:51.194 INFO:journalctl@ceph.mon.a.smithi001.stdout:Sep 11 21:47:50 smithi001 ceph-mon[30935]: from='mgr.14100 172.21.15.1:0/4142873155' entity='mgr.x' cmd=[{"prefix": "osd metadata"}]: dispatch
2024-09-11T21:47:51.194 INFO:journalctl@ceph.mon.a.smithi001.stdout:Sep 11 21:47:50 smithi001 ceph-mon[30935]: from='mgr.14100 172.21.15.1:0/4142873155' entity='mgr.x' cmd=[{"prefix": "mon metadata"}]: dispatch
2024-09-11T21:47:51.194 INFO:journalctl@ceph.mon.a.smithi001.stdout:Sep 11 21:47:50 smithi001 ceph-mon[30935]: from='mgr.14100 172.21.15.1:0/4142873155' entity='mgr.x' cmd=[{"prefix": "mon metadata", "id": "a"}]: dispatch
2024-09-11T21:47:51.194 INFO:journalctl@ceph.mon.a.smithi001.stdout:Sep 11 21:47:50 smithi001 ceph-mon[30935]: from='mgr.14100 172.21.15.1:0/4142873155' entity='mgr.x' cmd=[{"prefix": "mgr metadata", "who": "x", "id": "x"}]: dispatch
2024-09-11T21:47:51.194 INFO:journalctl@ceph.mon.a.smithi001.stdout:Sep 11 21:47:50 smithi001 ceph-mon[30935]: Manager daemon x is now available
2024-09-11T21:47:51.194 INFO:journalctl@ceph.mon.a.smithi001.stdout:Sep 11 21:47:50 smithi001 ceph-mon[30935]: from='mgr.14100 172.21.15.1:0/4142873155' entity='mgr.x' cmd=[{"prefix":"config rm","who":"mgr","name":"mgr/rbd_support/x/mirror_snapshot_schedule"}]: dispatch
2024-09-11T21:47:51.194 INFO:journalctl@ceph.mon.a.smithi001.stdout:Sep 11 21:47:50 smithi001 ceph-mon[30935]: from='mgr.14100 172.21.15.1:0/4142873155' entity='mgr.x' cmd=[{"prefix":"config rm","who":"mgr","name":"mgr/rbd_support/x/trash_purge_schedule"}]: dispatch
2024-09-11T21:47:51.194 INFO:journalctl@ceph.mon.a.smithi001.stdout:Sep 11 21:47:50 smithi001 ceph-mon[30935]: from='mgr.14100 172.21.15.1:0/4142873155' entity='mgr.x'
2024-09-11T21:47:51.194 INFO:journalctl@ceph.mon.a.smithi001.stdout:Sep 11 21:47:50 smithi001 ceph-mon[30935]: from='mgr.14100 172.21.15.1:0/4142873155' entity='mgr.x'
2024-09-11T21:47:51.194 INFO:journalctl@ceph.mon.a.smithi001.stdout:Sep 11 21:47:50 smithi001 ceph-mon[30935]: from='mgr.14100 172.21.15.1:0/4142873155' entity='mgr.x'
2024-09-11T21:47:52.751 INFO:journalctl@ceph.mon.a.smithi001.stdout:Sep 11 21:47:52 smithi001 ceph-mon[30935]: mgrmap e3: x(active, since 1.00751s)
2024-09-11T21:47:53.551 INFO:teuthology.orchestra.run.smithi001.stdout:/usr/bin/ceph: stdout
2024-09-11T21:47:53.551 INFO:teuthology.orchestra.run.smithi001.stdout:/usr/bin/ceph: stdout {
2024-09-11T21:47:53.551 INFO:teuthology.orchestra.run.smithi001.stdout:/usr/bin/ceph: stdout "fsid": "3ffca83c-7087-11ef-bcea-c7b262605968",
2024-09-11T21:47:53.551 INFO:teuthology.orchestra.run.smithi001.stdout:/usr/bin/ceph: stdout "health": {
2024-09-11T21:47:53.551 INFO:teuthology.orchestra.run.smithi001.stdout:/usr/bin/ceph: stdout "status": "HEALTH_OK",
2024-09-11T21:47:53.552 INFO:teuthology.orchestra.run.smithi001.stdout:/usr/bin/ceph: stdout "checks": {},
2024-09-11T21:47:53.552 INFO:teuthology.orchestra.run.smithi001.stdout:/usr/bin/ceph: stdout "mutes": []
2024-09-11T21:47:53.552 INFO:teuthology.orchestra.run.smithi001.stdout:/usr/bin/ceph: stdout },
2024-09-11T21:47:53.552 INFO:teuthology.orchestra.run.smithi001.stdout:/usr/bin/ceph: stdout "election_epoch": 5,
2024-09-11T21:47:53.552 INFO:teuthology.orchestra.run.smithi001.stdout:/usr/bin/ceph: stdout "quorum": [
2024-09-11T21:47:53.552 INFO:teuthology.orchestra.run.smithi001.stdout:/usr/bin/ceph: stdout 0
2024-09-11T21:47:53.552 INFO:teuthology.orchestra.run.smithi001.stdout:/usr/bin/ceph: stdout ],
2024-09-11T21:47:53.552 INFO:teuthology.orchestra.run.smithi001.stdout:/usr/bin/ceph: stdout "quorum_names": [
2024-09-11T21:47:53.552 INFO:teuthology.orchestra.run.smithi001.stdout:/usr/bin/ceph: stdout "a"
2024-09-11T21:47:53.552 INFO:teuthology.orchestra.run.smithi001.stdout:/usr/bin/ceph: stdout ],
2024-09-11T21:47:53.552 INFO:teuthology.orchestra.run.smithi001.stdout:/usr/bin/ceph: stdout "quorum_age": 9,
2024-09-11T21:47:53.552 INFO:teuthology.orchestra.run.smithi001.stdout:/usr/bin/ceph: stdout "monmap": {
2024-09-11T21:47:53.553 INFO:teuthology.orchestra.run.smithi001.stdout:/usr/bin/ceph: stdout "epoch": 1,
2024-09-11T21:47:53.553 INFO:teuthology.orchestra.run.smithi001.stdout:/usr/bin/ceph: stdout "min_mon_release_name": "squid",
2024-09-11T21:47:53.553 INFO:teuthology.orchestra.run.smithi001.stdout:/usr/bin/ceph: stdout "num_mons": 1
2024-09-11T21:47:53.553 INFO:teuthology.orchestra.run.smithi001.stdout:/usr/bin/ceph: stdout },
2024-09-11T21:47:53.553 INFO:teuthology.orchestra.run.smithi001.stdout:/usr/bin/ceph: stdout "osdmap": {
2024-09-11T21:47:53.553 INFO:teuthology.orchestra.run.smithi001.stdout:/usr/bin/ceph: stdout "epoch": 1,
2024-09-11T21:47:53.553 INFO:teuthology.orchestra.run.smithi001.stdout:/usr/bin/ceph: stdout "num_osds": 0,
2024-09-11T21:47:53.553 INFO:teuthology.orchestra.run.smithi001.stdout:/usr/bin/ceph: stdout "num_up_osds": 0,
2024-09-11T21:47:53.553 INFO:teuthology.orchestra.run.smithi001.stdout:/usr/bin/ceph: stdout "osd_up_since": 0,
2024-09-11T21:47:53.553 INFO:teuthology.orchestra.run.smithi001.stdout:/usr/bin/ceph: stdout "num_in_osds": 0,
2024-09-11T21:47:53.553 INFO:teuthology.orchestra.run.smithi001.stdout:/usr/bin/ceph: stdout "osd_in_since": 0,
2024-09-11T21:47:53.553 INFO:teuthology.orchestra.run.smithi001.stdout:/usr/bin/ceph: stdout "num_remapped_pgs": 0
2024-09-11T21:47:53.553 INFO:teuthology.orchestra.run.smithi001.stdout:/usr/bin/ceph: stdout },
2024-09-11T21:47:53.554 INFO:teuthology.orchestra.run.smithi001.stdout:/usr/bin/ceph: stdout "pgmap": {
2024-09-11T21:47:53.554 INFO:teuthology.orchestra.run.smithi001.stdout:/usr/bin/ceph: stdout "pgs_by_state": [],
2024-09-11T21:47:53.554 INFO:teuthology.orchestra.run.smithi001.stdout:/usr/bin/ceph: stdout "num_pgs": 0,
2024-09-11T21:47:53.554 INFO:teuthology.orchestra.run.smithi001.stdout:/usr/bin/ceph: stdout "num_pools": 0,
2024-09-11T21:47:53.554 INFO:teuthology.orchestra.run.smithi001.stdout:/usr/bin/ceph: stdout "num_objects": 0,
2024-09-11T21:47:53.554 INFO:teuthology.orchestra.run.smithi001.stdout:/usr/bin/ceph: stdout "data_bytes": 0,
2024-09-11T21:47:53.554 INFO:teuthology.orchestra.run.smithi001.stdout:/usr/bin/ceph: stdout "bytes_used": 0,
2024-09-11T21:47:53.554 INFO:teuthology.orchestra.run.smithi001.stdout:/usr/bin/ceph: stdout "bytes_avail": 0,
2024-09-11T21:47:53.554 INFO:teuthology.orchestra.run.smithi001.stdout:/usr/bin/ceph: stdout "bytes_total": 0
2024-09-11T21:47:53.554 INFO:teuthology.orchestra.run.smithi001.stdout:/usr/bin/ceph: stdout },
2024-09-11T21:47:53.554 INFO:teuthology.orchestra.run.smithi001.stdout:/usr/bin/ceph: stdout "fsmap": {
2024-09-11T21:47:53.554 INFO:teuthology.orchestra.run.smithi001.stdout:/usr/bin/ceph: stdout "epoch": 1,
2024-09-11T21:47:53.555 INFO:teuthology.orchestra.run.smithi001.stdout:/usr/bin/ceph: stdout "btime": "2024-09-11T21:47:28:868551+0000",
2024-09-11T21:47:53.555 INFO:teuthology.orchestra.run.smithi001.stdout:/usr/bin/ceph: stdout "by_rank": [],
2024-09-11T21:47:53.555 INFO:teuthology.orchestra.run.smithi001.stdout:/usr/bin/ceph: stdout "up:standby": 0
2024-09-11T21:47:53.555 INFO:teuthology.orchestra.run.smithi001.stdout:/usr/bin/ceph: stdout },
2024-09-11T21:47:53.555 INFO:teuthology.orchestra.run.smithi001.stdout:/usr/bin/ceph: stdout "mgrmap": {
2024-09-11T21:47:53.555 INFO:teuthology.orchestra.run.smithi001.stdout:/usr/bin/ceph: stdout "available": true,
2024-09-11T21:47:53.555 INFO:teuthology.orchestra.run.smithi001.stdout:/usr/bin/ceph: stdout "num_standbys": 0,
2024-09-11T21:47:53.555 INFO:teuthology.orchestra.run.smithi001.stdout:/usr/bin/ceph: stdout "modules": [
2024-09-11T21:47:53.555 INFO:teuthology.orchestra.run.smithi001.stdout:/usr/bin/ceph: stdout "iostat",
2024-09-11T21:47:53.555 INFO:teuthology.orchestra.run.smithi001.stdout:/usr/bin/ceph: stdout "nfs",
2024-09-11T21:47:53.555 INFO:teuthology.orchestra.run.smithi001.stdout:/usr/bin/ceph: stdout "restful"
2024-09-11T21:47:53.555 INFO:teuthology.orchestra.run.smithi001.stdout:/usr/bin/ceph: stdout ],
2024-09-11T21:47:53.556 INFO:teuthology.orchestra.run.smithi001.stdout:/usr/bin/ceph: stdout "services": {}
2024-09-11T21:47:53.556 INFO:teuthology.orchestra.run.smithi001.stdout:/usr/bin/ceph: stdout },
2024-09-11T21:47:53.556 INFO:teuthology.orchestra.run.smithi001.stdout:/usr/bin/ceph: stdout "servicemap": {
2024-09-11T21:47:53.556 INFO:teuthology.orchestra.run.smithi001.stdout:/usr/bin/ceph: stdout "epoch": 1,
2024-09-11T21:47:53.556 INFO:teuthology.orchestra.run.smithi001.stdout:/usr/bin/ceph: stdout "modified": "2024-09-11T21:47:28.869189+0000",
2024-09-11T21:47:53.556 INFO:teuthology.orchestra.run.smithi001.stdout:/usr/bin/ceph: stdout "services": {}
2024-09-11T21:47:53.556 INFO:teuthology.orchestra.run.smithi001.stdout:/usr/bin/ceph: stdout },
2024-09-11T21:47:53.556 INFO:teuthology.orchestra.run.smithi001.stdout:/usr/bin/ceph: stdout "progress_events": {}
2024-09-11T21:47:53.556 INFO:teuthology.orchestra.run.smithi001.stdout:/usr/bin/ceph: stdout }
2024-09-11T21:47:53.556 INFO:teuthology.orchestra.run.smithi001.stdout:/usr/bin/ceph: stderr
2024-09-11T21:47:52.753+0000 7f1b19da4640 1 Processor -- start
2024-09-11T21:47:53.556 INFO:teuthology.orchestra.run.smithi001.stdout:/usr/bin/ceph: stderr
2024-09-11T21:47:52.753+0000 7f1b19da4640 1 -- start start
2024-09-11T21:47:53.556 INFO:teuthology.orchestra.run.smithi001.stdout:/usr/bin/ceph: stderr
2024-09-11T21:47:52.753+0000 7f1b19da4640 1 --2- >> [v2:172.21.15.1:3300/0,v1:172.21.15.1:6789/0] conn(0x7f1b14107720 0x7f1b14107b20 unknown :-1 s=NONE pgs=0 cs=0 l=0 rev1=0 crypto rx=0 tx=0 comp rx=0 tx=0).connect
2024-09-11T21:47:53.557 INFO:teuthology.orchestra.run.smithi001.stdout:/usr/bin/ceph: stderr
2024-09-11T21:47:52.753+0000 7f1b19da4640 1 -- --> [v2:172.21.15.1:3300/0,v1:172.21.15.1:6789/0] -- mon_getmap magic: 0 -- 0x7f1b141080f0 con 0x7f1b14107720
2024-09-11T21:47:53.557 INFO:teuthology.orchestra.run.smithi001.stdout:/usr/bin/ceph: stderr
2024-09-11T21:47:52.753+0000 7f1b137fe640 1 --2- >> [v2:172.21.15.1:3300/0,v1:172.21.15.1:6789/0] conn(0x7f1b14107720 0x7f1b14107b20 unknown :-1 s=BANNER_CONNECTING pgs=0 cs=0 l=0 rev1=0 crypto rx=0 tx=0 comp rx=0 tx=0)._handle_peer_banner_payload supported=3 required=0
2024-09-11T21:47:53.557 INFO:teuthology.orchestra.run.smithi001.stdout:/usr/bin/ceph: stderr
2024-09-11T21:47:52.753+0000 7f1b137fe640 1 --2- >> [v2:172.21.15.1:3300/0,v1:172.21.15.1:6789/0] conn(0x7f1b14107720 0x7f1b14107b20 unknown :-1 s=HELLO_CONNECTING pgs=0 cs=0 l=0 rev1=1 crypto rx=0 tx=0 comp rx=0 tx=0).handle_hello peer v2:172.21.15.1:3300/0 says I am v2:172.21.15.1:36642/0 (socket says 172.21.15.1:36642)
2024-09-11T21:47:53.557 INFO:teuthology.orchestra.run.smithi001.stdout:/usr/bin/ceph: stderr
2024-09-11T21:47:52.753+0000 7f1b137fe640 1 -- 172.21.15.1:0/3913308240 learned_addr learned my addr 172.21.15.1:0/3913308240 (peer_addr_for_me v2:172.21.15.1:0/0)
2024-09-11T21:47:53.557 INFO:teuthology.orchestra.run.smithi001.stdout:/usr/bin/ceph: stderr
2024-09-11T21:47:52.754+0000 7f1b137fe640 1 -- 172.21.15.1:0/3913308240 --> [v2:172.21.15.1:3300/0,v1:172.21.15.1:6789/0] -- mon_subscribe({config=0+,monmap=0+}) -- 0x7f1b141088d0 con 0x7f1b14107720
2024-09-11T21:47:53.557 INFO:teuthology.orchestra.run.smithi001.stdout:/usr/bin/ceph: stderr
2024-09-11T21:47:52.754+0000 7f1b137fe640 1 --2- 172.21.15.1:0/3913308240 >> [v2:172.21.15.1:3300/0,v1:172.21.15.1:6789/0] conn(0x7f1b14107720 0x7f1b14107b20 secure :-1 s=READY pgs=16 cs=0 l=1 rev1=1 crypto rx=0x7f1b04009820 tx=0x7f1b0402a270 comp rx=0 tx=0).ready entity=mon.0 client_cookie=b8cd8d621ac6cf14 server_cookie=0 in_seq=0 out_seq=0
2024-09-11T21:47:53.557 INFO:teuthology.orchestra.run.smithi001.stdout:/usr/bin/ceph: stderr
2024-09-11T21:47:52.754+0000 7f1b127fc640 1 -- 172.21.15.1:0/3913308240 <== mon.0 v2:172.21.15.1:3300/0 1 ==== mon_map magic: 0 ==== 205+0+0 (secure 0 0 0) 0x7f1b04037070 con 0x7f1b14107720
2024-09-11T21:47:53.557 INFO:teuthology.orchestra.run.smithi001.stdout:/usr/bin/ceph: stderr
2024-09-11T21:47:52.754+0000 7f1b127fc640 1 -- 172.21.15.1:0/3913308240 <== mon.0 v2:172.21.15.1:3300/0 2 ==== config(27 keys) ==== 1109+0+0 (secure 0 0 0) 0x7f1b04032900 con 0x7f1b14107720
2024-09-11T21:47:53.557 INFO:teuthology.orchestra.run.smithi001.stdout:/usr/bin/ceph: stderr
2024-09-11T21:47:52.754+0000 7f1b127fc640 1 -- 172.21.15.1:0/3913308240 <== mon.0 v2:172.21.15.1:3300/0 3 ==== mon_map magic: 0 ==== 205+0+0 (secure 0 0 0) 0x7f1b04030850 con 0x7f1b14107720
2024-09-11T21:47:53.557 INFO:teuthology.orchestra.run.smithi001.stdout:/usr/bin/ceph: stderr
2024-09-11T21:47:52.755+0000 7f1b19da4640 1 -- 172.21.15.1:0/3913308240 >> [v2:172.21.15.1:3300/0,v1:172.21.15.1:6789/0] conn(0x7f1b14107720 msgr2=0x7f1b14107b20 secure :-1 s=STATE_CONNECTION_ESTABLISHED l=1).mark_down
2024-09-11T21:47:53.557 INFO:teuthology.orchestra.run.smithi001.stdout:/usr/bin/ceph: stderr
2024-09-11T21:47:52.755+0000 7f1b19da4640 1 --2- 172.21.15.1:0/3913308240 >> [v2:172.21.15.1:3300/0,v1:172.21.15.1:6789/0] conn(0x7f1b14107720 0x7f1b14107b20 secure :-1 s=READY pgs=16 cs=0 l=1 rev1=1 crypto rx=0x7f1b04009820 tx=0x7f1b0402a270 comp rx=0 tx=0).stop
2024-09-11T21:47:53.558 INFO:teuthology.orchestra.run.smithi001.stdout:/usr/bin/ceph: stderr
2024-09-11T21:47:52.755+0000 7f1b19da4640 1 -- 172.21.15.1:0/3913308240 shutdown_connections
2024-09-11T21:47:53.558 INFO:teuthology.orchestra.run.smithi001.stdout:/usr/bin/ceph: stderr
2024-09-11T21:47:52.755+0000 7f1b19da4640 1 --2- 172.21.15.1:0/3913308240 >> [v2:172.21.15.1:3300/0,v1:172.21.15.1:6789/0] conn(0x7f1b14107720 0x7f1b14107b20 unknown :-1 s=CLOSED pgs=16 cs=0 l=1 rev1=1 crypto rx=0 tx=0 comp rx=0 tx=0).stop
2024-09-11T21:47:53.558 INFO:teuthology.orchestra.run.smithi001.stdout:/usr/bin/ceph: stderr
2024-09-11T21:47:52.755+0000 7f1b19da4640 1 -- 172.21.15.1:0/3913308240 >> 172.21.15.1:0/3913308240 conn(0x7f1b14102ef0 msgr2=0x7f1b14105310 unknown :-1 s=STATE_NONE l=0).mark_down
2024-09-11T21:47:53.558 INFO:teuthology.orchestra.run.smithi001.stdout:/usr/bin/ceph: stderr
2024-09-11T21:47:52.755+0000 7f1b19da4640 1 -- 172.21.15.1:0/3913308240 shutdown_connections
2024-09-11T21:47:53.558 INFO:teuthology.orchestra.run.smithi001.stdout:/usr/bin/ceph: stderr
2024-09-11T21:47:52.755+0000 7f1b19da4640 1 -- 172.21.15.1:0/3913308240 wait complete.
2024-09-11T21:47:53.558 INFO:teuthology.orchestra.run.smithi001.stdout:/usr/bin/ceph: stderr
2024-09-11T21:47:52.756+0000 7f1b19da4640 1 Processor -- start
2024-09-11T21:47:53.558 INFO:teuthology.orchestra.run.smithi001.stdout:/usr/bin/ceph: stderr
2024-09-11T21:47:52.756+0000 7f1b19da4640 1 -- start start
2024-09-11T21:47:53.558 INFO:teuthology.orchestra.run.smithi001.stdout:/usr/bin/ceph: stderr
2024-09-11T21:47:52.756+0000 7f1b19da4640 1 --2- >> [v2:172.21.15.1:3300/0,v1:172.21.15.1:6789/0] conn(0x7f1b14107720 0x7f1b1419b6c0 unknown :-1 s=NONE pgs=0 cs=0 l=1 rev1=0 crypto rx=0 tx=0 comp rx=0 tx=0).connect
2024-09-11T21:47:53.558 INFO:teuthology.orchestra.run.smithi001.stdout:/usr/bin/ceph: stderr
2024-09-11T21:47:52.756+0000 7f1b19da4640 1 -- --> [v2:172.21.15.1:3300/0,v1:172.21.15.1:6789/0] -- mon_getmap magic: 0 -- 0x7f1b1410bc80 con 0x7f1b14107720
2024-09-11T21:47:53.558 INFO:teuthology.orchestra.run.smithi001.stdout:/usr/bin/ceph: stderr
2024-09-11T21:47:52.756+0000 7f1b137fe640 1 --2- >> [v2:172.21.15.1:3300/0,v1:172.21.15.1:6789/0] conn(0x7f1b14107720 0x7f1b1419b6c0 unknown :-1 s=BANNER_CONNECTING pgs=0 cs=0 l=1 rev1=0 crypto rx=0 tx=0 comp rx=0 tx=0)._handle_peer_banner_payload supported=3 required=0
2024-09-11T21:47:53.558 INFO:teuthology.orchestra.run.smithi001.stdout:/usr/bin/ceph: stderr
2024-09-11T21:47:52.756+0000 7f1b137fe640 1 --2- >> [v2:172.21.15.1:3300/0,v1:172.21.15.1:6789/0] conn(0x7f1b14107720 0x7f1b1419b6c0 unknown :-1 s=HELLO_CONNECTING pgs=0 cs=0 l=1 rev1=1 crypto rx=0 tx=0 comp rx=0 tx=0).handle_hello peer v2:172.21.15.1:3300/0 says I am v2:172.21.15.1:36652/0 (socket says 172.21.15.1:36652)
2024-09-11T21:47:53.558 INFO:teuthology.orchestra.run.smithi001.stdout:/usr/bin/ceph: stderr
2024-09-11T21:47:52.756+0000 7f1b137fe640 1 -- 172.21.15.1:0/2720566402 learned_addr learned my addr 172.21.15.1:0/2720566402 (peer_addr_for_me v2:172.21.15.1:0/0)
2024-09-11T21:47:53.559 INFO:teuthology.orchestra.run.smithi001.stdout:/usr/bin/ceph: stderr
2024-09-11T21:47:52.757+0000 7f1b137fe640 1 -- 172.21.15.1:0/2720566402 --> [v2:172.21.15.1:3300/0,v1:172.21.15.1:6789/0] -- mon_subscribe({config=0+,monmap=0+}) -- 0x7f1b1419bc00 con 0x7f1b14107720
2024-09-11T21:47:53.559 INFO:teuthology.orchestra.run.smithi001.stdout:/usr/bin/ceph: stderr
2024-09-11T21:47:52.757+0000 7f1b137fe640 1 --2- 172.21.15.1:0/2720566402 >> [v2:172.21.15.1:3300/0,v1:172.21.15.1:6789/0] conn(0x7f1b14107720 0x7f1b1419b6c0 secure :-1 s=READY pgs=17 cs=0 l=1 rev1=1 crypto rx=0x7f1b040097f0 tx=0x7f1b04030d80 comp rx=0 tx=0).ready entity=mon.0 client_cookie=0 server_cookie=0 in_seq=0 out_seq=0
2024-09-11T21:47:53.559 INFO:teuthology.orchestra.run.smithi001.stdout:/usr/bin/ceph: stderr
2024-09-11T21:47:52.757+0000 7f1b10ff9640 1 -- 172.21.15.1:0/2720566402 <== mon.0 v2:172.21.15.1:3300/0 1 ==== mon_map magic: 0 ==== 205+0+0 (secure 0 0 0) 0x7f1b04037040 con 0x7f1b14107720
2024-09-11T21:47:53.559 INFO:teuthology.orchestra.run.smithi001.stdout:/usr/bin/ceph: stderr
2024-09-11T21:47:52.757+0000 7f1b19da4640 1 -- 172.21.15.1:0/2720566402 --> [v2:172.21.15.1:3300/0,v1:172.21.15.1:6789/0] -- mon_subscribe({mgrmap=0+}) -- 0x7f1b1419be90 con 0x7f1b14107720
2024-09-11T21:47:53.559 INFO:teuthology.orchestra.run.smithi001.stdout:/usr/bin/ceph: stderr
2024-09-11T21:47:52.757+0000 7f1b10ff9640 1 -- 172.21.15.1:0/2720566402 <== mon.0 v2:172.21.15.1:3300/0 2 ==== config(27 keys) ==== 1109+0+0 (secure 0 0 0) 0x7f1b04040070 con 0x7f1b14107720
2024-09-11T21:47:53.559 INFO:teuthology.orchestra.run.smithi001.stdout:/usr/bin/ceph: stderr
2024-09-11T21:47:52.757+0000 7f1b10ff9640 1 -- 172.21.15.1:0/2720566402 <== mon.0 v2:172.21.15.1:3300/0 3 ==== mon_map magic: 0 ==== 205+0+0 (secure 0 0 0) 0x7f1b0403a390 con 0x7f1b14107720
2024-09-11T21:47:53.559 INFO:teuthology.orchestra.run.smithi001.stdout:/usr/bin/ceph: stderr
2024-09-11T21:47:52.757+0000 7f1b19da4640 1 -- 172.21.15.1:0/2720566402 --> [v2:172.21.15.1:3300/0,v1:172.21.15.1:6789/0] -- mon_subscribe({osdmap=0}) -- 0x7f1b1419eb80 con 0x7f1b14107720
2024-09-11T21:47:53.559 INFO:teuthology.orchestra.run.smithi001.stdout:/usr/bin/ceph: stderr
2024-09-11T21:47:52.758+0000 7f1b10ff9640 1 -- 172.21.15.1:0/2720566402 <== mon.0 v2:172.21.15.1:3300/0 4 ==== mgrmap(e 4) ==== 46276+0+0 (secure 0 0 0) 0x7f1b0403a630 con 0x7f1b14107720
2024-09-11T21:47:53.559 INFO:teuthology.orchestra.run.smithi001.stdout:/usr/bin/ceph: stderr
2024-09-11T21:47:52.758+0000 7f1b19da4640 1 -- 172.21.15.1:0/2720566402 --> [v2:172.21.15.1:3300/0,v1:172.21.15.1:6789/0] -- mon_command({"prefix": "get_command_descriptions"} v 0) -- 0x7f1b14107ba0 con 0x7f1b14107720
2024-09-11T21:47:53.559 INFO:teuthology.orchestra.run.smithi001.stdout:/usr/bin/ceph: stderr
2024-09-11T21:47:52.758+0000 7f1b10ff9640 1 --2- 172.21.15.1:0/2720566402 >> [v2:172.21.15.1:6800/2311309446,v1:172.21.15.1:6801/2311309446] conn(0x7f1afc038f20 0x7f1afc03b3e0 unknown :-1 s=NONE pgs=0 cs=0 l=1 rev1=0 crypto rx=0 tx=0 comp rx=0 tx=0).connect
2024-09-11T21:47:53.559 INFO:teuthology.orchestra.run.smithi001.stdout:/usr/bin/ceph: stderr
2024-09-11T21:47:52.758+0000 7f1b10ff9640 1 -- 172.21.15.1:0/2720566402 <== mon.0 v2:172.21.15.1:3300/0 5 ==== osd_map(1..1 src has 1..1) ==== 725+0+0 (secure 0 0 0) 0x7f1b0406c100 con 0x7f1b14107720
2024-09-11T21:47:53.559 INFO:teuthology.orchestra.run.smithi001.stdout:/usr/bin/ceph: stderr
2024-09-11T21:47:52.758+0000 7f1b12ffd640 1 --2- 172.21.15.1:0/2720566402 >> [v2:172.21.15.1:6800/2311309446,v1:172.21.15.1:6801/2311309446] conn(0x7f1afc038f20 0x7f1afc03b3e0 unknown :-1 s=BANNER_CONNECTING pgs=0 cs=0 l=1 rev1=0 crypto rx=0 tx=0 comp rx=0 tx=0)._handle_peer_banner_payload supported=3 required=0
2024-09-11T21:47:53.560 INFO:teuthology.orchestra.run.smithi001.stdout:/usr/bin/ceph: stderr
2024-09-11T21:47:52.759+0000 7f1b12ffd640 1 --2- 172.21.15.1:0/2720566402 >> [v2:172.21.15.1:6800/2311309446,v1:172.21.15.1:6801/2311309446] conn(0x7f1afc038f20 0x7f1afc03b3e0 secure :-1 s=READY pgs=6 cs=0 l=1 rev1=1 crypto rx=0x7f1b080098c0 tx=0x7f1b08006db0 comp rx=0 tx=0).ready entity=mgr.14100 client_cookie=0 server_cookie=0 in_seq=0 out_seq=0
2024-09-11T21:47:53.560 INFO:teuthology.orchestra.run.smithi001.stdout:/usr/bin/ceph: stderr
2024-09-11T21:47:52.764+0000 7f1b10ff9640 1 -- 172.21.15.1:0/2720566402 <== mon.0 v2:172.21.15.1:3300/0 6 ==== mon_command_ack([{"prefix": "get_command_descriptions"}]=0 v0) ==== 72+0+188821 (secure 0 0 0) 0x7f1b0406be60 con 0x7f1b14107720
2024-09-11T21:47:53.560 INFO:teuthology.orchestra.run.smithi001.stdout:/usr/bin/ceph: stderr
2024-09-11T21:47:53.008+0000 7f1b19da4640 1 -- 172.21.15.1:0/2720566402 --> [v2:172.21.15.1:3300/0,v1:172.21.15.1:6789/0] -- mon_command({"prefix": "status", "format": "json-pretty"} v 0) -- 0x7f1b1419c310 con 0x7f1b14107720
2024-09-11T21:47:53.560 INFO:teuthology.orchestra.run.smithi001.stdout:/usr/bin/ceph: stderr
2024-09-11T21:47:53.009+0000 7f1b10ff9640 1 -- 172.21.15.1:0/2720566402 <== mon.0 v2:172.21.15.1:3300/0 7 ==== mon_command_ack([{"prefix": "status", "format": "json-pretty"}]=0 v0) ==== 79+0+1290 (secure 0 0 0) 0x7f1b04043760 con 0x7f1b14107720
2024-09-11T21:47:53.560 INFO:teuthology.orchestra.run.smithi001.stdout:/usr/bin/ceph: stderr
2024-09-11T21:47:53.011+0000 7f1b19da4640 1 -- 172.21.15.1:0/2720566402 >> [v2:172.21.15.1:6800/2311309446,v1:172.21.15.1:6801/2311309446] conn(0x7f1afc038f20 msgr2=0x7f1afc03b3e0 secure :-1 s=STATE_CONNECTION_ESTABLISHED l=1).mark_down
2024-09-11T21:47:53.560 INFO:teuthology.orchestra.run.smithi001.stdout:/usr/bin/ceph: stderr
2024-09-11T21:47:53.011+0000 7f1b19da4640 1 --2- 172.21.15.1:0/2720566402 >> [v2:172.21.15.1:6800/2311309446,v1:172.21.15.1:6801/2311309446] conn(0x7f1afc038f20 0x7f1afc03b3e0 secure :-1 s=READY pgs=6 cs=0 l=1 rev1=1 crypto rx=0x7f1b080098c0 tx=0x7f1b08006db0 comp rx=0 tx=0).stop
2024-09-11T21:47:53.560 INFO:teuthology.orchestra.run.smithi001.stdout:/usr/bin/ceph: stderr
2024-09-11T21:47:53.011+0000 7f1b19da4640 1 -- 172.21.15.1:0/2720566402 >> [v2:172.21.15.1:3300/0,v1:172.21.15.1:6789/0] conn(0x7f1b14107720 msgr2=0x7f1b1419b6c0 secure :-1 s=STATE_CONNECTION_ESTABLISHED l=1).mark_down
2024-09-11T21:47:53.560 INFO:teuthology.orchestra.run.smithi001.stdout:/usr/bin/ceph: stderr
2024-09-11T21:47:53.011+0000 7f1b19da4640 1 --2- 172.21.15.1:0/2720566402 >> [v2:172.21.15.1:3300/0,v1:172.21.15.1:6789/0] conn(0x7f1b14107720 0x7f1b1419b6c0 secure :-1 s=READY pgs=17 cs=0 l=1 rev1=1 crypto rx=0x7f1b040097f0 tx=0x7f1b04030d80 comp rx=0 tx=0).stop
2024-09-11T21:47:53.560 INFO:teuthology.orchestra.run.smithi001.stdout:/usr/bin/ceph: stderr
2024-09-11T21:47:53.011+0000 7f1b19da4640 1 -- 172.21.15.1:0/2720566402 shutdown_connections
2024-09-11T21:47:53.560 INFO:teuthology.orchestra.run.smithi001.stdout:/usr/bin/ceph: stderr
2024-09-11T21:47:53.011+0000 7f1b19da4640 1 --2- 172.21.15.1:0/2720566402 >> [v2:172.21.15.1:6800/2311309446,v1:172.21.15.1:6801/2311309446] conn(0x7f1afc038f20 0x7f1afc03b3e0 unknown :-1 s=CLOSED pgs=6 cs=0 l=1 rev1=1 crypto rx=0 tx=0 comp rx=0 tx=0).stop
2024-09-11T21:47:53.561 INFO:teuthology.orchestra.run.smithi001.stdout:/usr/bin/ceph: stderr
2024-09-11T21:47:53.011+0000 7f1b19da4640 1 --2- 172.21.15.1:0/2720566402 >> [v2:172.21.15.1:3300/0,v1:172.21.15.1:6789/0] conn(0x7f1b14107720 0x7f1b1419b6c0 unknown :-1 s=CLOSED pgs=17 cs=0 l=1 rev1=1 crypto rx=0 tx=0 comp rx=0 tx=0).stop
2024-09-11T21:47:53.561 INFO:teuthology.orchestra.run.smithi001.stdout:/usr/bin/ceph: stderr
2024-09-11T21:47:53.011+0000 7f1b19da4640 1 -- 172.21.15.1:0/2720566402 >> 172.21.15.1:0/2720566402 conn(0x7f1b14102ef0 msgr2=0x7f1b14103a30 unknown :-1 s=STATE_NONE l=0).mark_down
2024-09-11T21:47:53.561 INFO:teuthology.orchestra.run.smithi001.stdout:/usr/bin/ceph: stderr
2024-09-11T21:47:53.011+0000 7f1b19da4640 1 -- 172.21.15.1:0/2720566402 shutdown_connections
2024-09-11T21:47:53.561 INFO:teuthology.orchestra.run.smithi001.stdout:/usr/bin/ceph: stderr
2024-09-11T21:47:53.011+0000 7f1b19da4640 1 -- 172.21.15.1:0/2720566402 wait complete.
2024-09-11T21:47:53.561 INFO:teuthology.orchestra.run.smithi001.stdout:mgr is available
2024-09-11T21:47:53.858 INFO:journalctl@ceph.mon.a.smithi001.stdout:Sep 11 21:47:53 smithi001 ceph-mon[30935]: mgrmap e4: x(active, since 2s)
2024-09-11T21:47:53.858 INFO:journalctl@ceph.mon.a.smithi001.stdout:Sep 11 21:47:53 smithi001 ceph-mon[30935]: from='client.? 172.21.15.1:0/2720566402' entity='client.admin' cmd=[{"prefix": "status", "format": "json-pretty"}]: dispatch
2024-09-11T21:47:54.645 INFO:teuthology.orchestra.run.smithi001.stdout:/usr/bin/ceph: stdout
2024-09-11T21:47:54.645 INFO:teuthology.orchestra.run.smithi001.stdout:/usr/bin/ceph: stdout [global]
2024-09-11T21:47:54.645 INFO:teuthology.orchestra.run.smithi001.stdout:/usr/bin/ceph: stdout fsid = 3ffca83c-7087-11ef-bcea-c7b262605968
2024-09-11T21:47:54.646 INFO:teuthology.orchestra.run.smithi001.stdout:/usr/bin/ceph: stdout mon_host = [v2:172.21.15.1:3300,v1:172.21.15.1:6789]
2024-09-11T21:47:54.646 INFO:teuthology.orchestra.run.smithi001.stdout:/usr/bin/ceph: stdout mon_osd_allow_pg_remap = true
2024-09-11T21:47:54.646 INFO:teuthology.orchestra.run.smithi001.stdout:/usr/bin/ceph: stdout mon_osd_allow_primary_affinity = true
2024-09-11T21:47:54.646 INFO:teuthology.orchestra.run.smithi001.stdout:/usr/bin/ceph: stdout mon_warn_on_no_sortbitwise = false
2024-09-11T21:47:54.646 INFO:teuthology.orchestra.run.smithi001.stdout:/usr/bin/ceph: stdout osd_crush_chooseleaf_type = 0
2024-09-11T21:47:54.646 INFO:teuthology.orchestra.run.smithi001.stdout:/usr/bin/ceph: stdout
2024-09-11T21:47:54.646 INFO:teuthology.orchestra.run.smithi001.stdout:/usr/bin/ceph: stdout [mgr]
2024-09-11T21:47:54.646 INFO:teuthology.orchestra.run.smithi001.stdout:/usr/bin/ceph: stdout mgr/telemetry/nag = false
2024-09-11T21:47:54.646 INFO:teuthology.orchestra.run.smithi001.stdout:/usr/bin/ceph: stdout
2024-09-11T21:47:54.646 INFO:teuthology.orchestra.run.smithi001.stdout:/usr/bin/ceph: stdout [osd]
2024-09-11T21:47:54.646 INFO:teuthology.orchestra.run.smithi001.stdout:/usr/bin/ceph: stdout mon_osd_backfillfull_ratio = 0.85
2024-09-11T21:47:54.646 INFO:teuthology.orchestra.run.smithi001.stdout:/usr/bin/ceph: stdout mon_osd_full_ratio = 0.9
2024-09-11T21:47:54.646 INFO:teuthology.orchestra.run.smithi001.stdout:/usr/bin/ceph: stdout mon_osd_nearfull_ratio = 0.8
2024-09-11T21:47:54.647 INFO:teuthology.orchestra.run.smithi001.stdout:/usr/bin/ceph: stdout osd_map_max_advance = 10
2024-09-11T21:47:54.647 INFO:teuthology.orchestra.run.smithi001.stdout:/usr/bin/ceph: stdout osd_sloppy_crc = true
2024-09-11T21:47:54.647 INFO:teuthology.orchestra.run.smithi001.stdout:/usr/bin/ceph: stderr
2024-09-11T21:47:53.936+0000 7f6e45310640 1 Processor -- start
2024-09-11T21:47:54.647 INFO:teuthology.orchestra.run.smithi001.stdout:/usr/bin/ceph: stderr
2024-09-11T21:47:53.936+0000 7f6e45310640 1 -- start start
2024-09-11T21:47:54.647 INFO:teuthology.orchestra.run.smithi001.stdout:/usr/bin/ceph: stderr
2024-09-11T21:47:53.936+0000 7f6e45310640 1 --2- >> [v2:172.21.15.1:3300/0,v1:172.21.15.1:6789/0] conn(0x7f6e401076f0 0x7f6e40107af0 unknown :-1 s=NONE pgs=0 cs=0 l=0 rev1=0 crypto rx=0 tx=0 comp rx=0 tx=0).connect
2024-09-11T21:47:54.647 INFO:teuthology.orchestra.run.smithi001.stdout:/usr/bin/ceph: stderr
2024-09-11T21:47:53.936+0000 7f6e45310640 1 -- --> [v2:172.21.15.1:3300/0,v1:172.21.15.1:6789/0] -- mon_getmap magic: 0 -- 0x7f6e401080c0 con 0x7f6e401076f0
2024-09-11T21:47:54.647 INFO:teuthology.orchestra.run.smithi001.stdout:/usr/bin/ceph: stderr
2024-09-11T21:47:53.936+0000 7f6e3effd640 1 --2- >> [v2:172.21.15.1:3300/0,v1:172.21.15.1:6789/0] conn(0x7f6e401076f0 0x7f6e40107af0 unknown :-1 s=BANNER_CONNECTING pgs=0 cs=0 l=0 rev1=0 crypto rx=0 tx=0 comp rx=0 tx=0)._handle_peer_banner_payload supported=3 required=0
2024-09-11T21:47:54.647 INFO:teuthology.orchestra.run.smithi001.stdout:/usr/bin/ceph: stderr
2024-09-11T21:47:53.936+0000 7f6e3effd640 1 --2- >> [v2:172.21.15.1:3300/0,v1:172.21.15.1:6789/0] conn(0x7f6e401076f0 0x7f6e40107af0 unknown :-1 s=HELLO_CONNECTING pgs=0 cs=0 l=0 rev1=1 crypto rx=0 tx=0 comp rx=0 tx=0).handle_hello peer v2:172.21.15.1:3300/0 says I am v2:172.21.15.1:36666/0 (socket says 172.21.15.1:36666)
2024-09-11T21:47:54.647 INFO:teuthology.orchestra.run.smithi001.stdout:/usr/bin/ceph: stderr
2024-09-11T21:47:53.936+0000 7f6e3effd640 1 -- 172.21.15.1:0/49921507 learned_addr learned my addr 172.21.15.1:0/49921507 (peer_addr_for_me v2:172.21.15.1:0/0)
2024-09-11T21:47:54.647 INFO:teuthology.orchestra.run.smithi001.stdout:/usr/bin/ceph: stderr
2024-09-11T21:47:53.937+0000 7f6e3effd640 1 -- 172.21.15.1:0/49921507 --> [v2:172.21.15.1:3300/0,v1:172.21.15.1:6789/0] -- mon_subscribe({config=0+,monmap=0+}) -- 0x7f6e401088f0 con 0x7f6e401076f0
2024-09-11T21:47:54.647 INFO:teuthology.orchestra.run.smithi001.stdout:/usr/bin/ceph: stderr
2024-09-11T21:47:53.937+0000 7f6e3effd640 1 --2- 172.21.15.1:0/49921507 >> [v2:172.21.15.1:3300/0,v1:172.21.15.1:6789/0] conn(0x7f6e401076f0 0x7f6e40107af0 secure :-1 s=READY pgs=18 cs=0 l=1 rev1=1 crypto rx=0x7f6e30009820 tx=0x7f6e3002a270 comp rx=0 tx=0).ready entity=mon.0 client_cookie=f2f2e894873f03c4 server_cookie=0 in_seq=0 out_seq=0
2024-09-11T21:47:54.647 INFO:teuthology.orchestra.run.smithi001.stdout:/usr/bin/ceph: stderr
2024-09-11T21:47:53.937+0000 7f6e3e7fc640 1 -- 172.21.15.1:0/49921507 <== mon.0 v2:172.21.15.1:3300/0 1 ==== mon_map magic: 0 ==== 205+0+0 (secure 0 0 0) 0x7f6e30037070 con 0x7f6e401076f0
2024-09-11T21:47:54.648 INFO:teuthology.orchestra.run.smithi001.stdout:/usr/bin/ceph: stderr
2024-09-11T21:47:53.938+0000 7f6e3e7fc640 1 -- 172.21.15.1:0/49921507 <== mon.0 v2:172.21.15.1:3300/0 2 ==== config(27 keys) ==== 1109+0+0 (secure 0 0 0) 0x7f6e30032900 con 0x7f6e401076f0
2024-09-11T21:47:54.648 INFO:teuthology.orchestra.run.smithi001.stdout:/usr/bin/ceph: stderr
2024-09-11T21:47:53.938+0000 7f6e3e7fc640 1 -- 172.21.15.1:0/49921507 <== mon.0 v2:172.21.15.1:3300/0 3 ==== mon_map magic: 0 ==== 205+0+0 (secure 0 0 0) 0x7f6e30030850 con 0x7f6e401076f0
2024-09-11T21:47:54.648 INFO:teuthology.orchestra.run.smithi001.stdout:/usr/bin/ceph: stderr
2024-09-11T21:47:53.938+0000 7f6e45310640 1 -- 172.21.15.1:0/49921507 >> [v2:172.21.15.1:3300/0,v1:172.21.15.1:6789/0] conn(0x7f6e401076f0 msgr2=0x7f6e40107af0 secure :-1 s=STATE_CONNECTION_ESTABLISHED l=1).mark_down
2024-09-11T21:47:54.648 INFO:teuthology.orchestra.run.smithi001.stdout:/usr/bin/ceph: stderr
2024-09-11T21:47:53.938+0000 7f6e45310640 1 --2- 172.21.15.1:0/49921507 >> [v2:172.21.15.1:3300/0,v1:172.21.15.1:6789/0] conn(0x7f6e401076f0 0x7f6e40107af0 secure :-1 s=READY pgs=18 cs=0 l=1 rev1=1 crypto rx=0x7f6e30009820 tx=0x7f6e3002a270 comp rx=0 tx=0).stop
2024-09-11T21:47:54.648 INFO:teuthology.orchestra.run.smithi001.stdout:/usr/bin/ceph: stderr
2024-09-11T21:47:53.938+0000 7f6e45310640 1 -- 172.21.15.1:0/49921507 shutdown_connections
2024-09-11T21:47:54.648 INFO:teuthology.orchestra.run.smithi001.stdout:/usr/bin/ceph: stderr
2024-09-11T21:47:53.938+0000 7f6e45310640 1 --2- 172.21.15.1:0/49921507 >> [v2:172.21.15.1:3300/0,v1:172.21.15.1:6789/0] conn(0x7f6e401076f0 0x7f6e40107af0 unknown :-1 s=CLOSED pgs=18 cs=0 l=1 rev1=1 crypto rx=0 tx=0 comp rx=0 tx=0).stop
2024-09-11T21:47:54.648 INFO:teuthology.orchestra.run.smithi001.stdout:/usr/bin/ceph: stderr
2024-09-11T21:47:53.938+0000 7f6e45310640 1 -- 172.21.15.1:0/49921507 >> 172.21.15.1:0/49921507 conn(0x7f6e40102ec0 msgr2=0x7f6e401052e0 unknown :-1 s=STATE_NONE l=0).mark_down
2024-09-11T21:47:54.648 INFO:teuthology.orchestra.run.smithi001.stdout:/usr/bin/ceph: stderr
2024-09-11T21:47:53.938+0000 7f6e45310640 1 -- 172.21.15.1:0/49921507 shutdown_connections
2024-09-11T21:47:54.648 INFO:teuthology.orchestra.run.smithi001.stdout:/usr/bin/ceph: stderr
2024-09-11T21:47:53.938+0000 7f6e45310640 1 -- 172.21.15.1:0/49921507 wait complete.
2024-09-11T21:47:54.648 INFO:teuthology.orchestra.run.smithi001.stdout:/usr/bin/ceph: stderr
2024-09-11T21:47:53.939+0000 7f6e45310640 1 Processor -- start
2024-09-11T21:47:54.648 INFO:teuthology.orchestra.run.smithi001.stdout:/usr/bin/ceph: stderr
2024-09-11T21:47:53.939+0000 7f6e45310640 1 -- start start
2024-09-11T21:47:54.648 INFO:teuthology.orchestra.run.smithi001.stdout:/usr/bin/ceph: stderr
2024-09-11T21:47:53.939+0000 7f6e45310640 1 --2- >> [v2:172.21.15.1:3300/0,v1:172.21.15.1:6789/0] conn(0x7f6e401076f0 0x7f6e4019b6e0 unknown :-1 s=NONE pgs=0 cs=0 l=1 rev1=0 crypto rx=0 tx=0 comp rx=0 tx=0).connect
2024-09-11T21:47:54.649 INFO:teuthology.orchestra.run.smithi001.stdout:/usr/bin/ceph: stderr
2024-09-11T21:47:53.939+0000 7f6e45310640 1 -- --> [v2:172.21.15.1:3300/0,v1:172.21.15.1:6789/0] -- mon_getmap magic: 0 -- 0x7f6e4010bca0 con 0x7f6e401076f0
2024-09-11T21:47:54.649 INFO:teuthology.orchestra.run.smithi001.stdout:/usr/bin/ceph: stderr
2024-09-11T21:47:53.939+0000 7f6e3effd640 1 --2- >> [v2:172.21.15.1:3300/0,v1:172.21.15.1:6789/0] conn(0x7f6e401076f0 0x7f6e4019b6e0 unknown :-1 s=BANNER_CONNECTING pgs=0 cs=0 l=1 rev1=0 crypto rx=0 tx=0 comp rx=0 tx=0)._handle_peer_banner_payload supported=3 required=0
2024-09-11T21:47:54.649 INFO:teuthology.orchestra.run.smithi001.stdout:/usr/bin/ceph: stderr
2024-09-11T21:47:53.939+0000 7f6e3effd640 1 --2- >> [v2:172.21.15.1:3300/0,v1:172.21.15.1:6789/0] conn(0x7f6e401076f0 0x7f6e4019b6e0 unknown :-1 s=HELLO_CONNECTING pgs=0 cs=0 l=1 rev1=1 crypto rx=0 tx=0 comp rx=0 tx=0).handle_hello peer v2:172.21.15.1:3300/0 says I am v2:172.21.15.1:36672/0 (socket says 172.21.15.1:36672)
2024-09-11T21:47:54.649 INFO:teuthology.orchestra.run.smithi001.stdout:/usr/bin/ceph: stderr
2024-09-11T21:47:53.939+0000 7f6e3effd640 1 -- 172.21.15.1:0/3967614927 learned_addr learned my addr 172.21.15.1:0/3967614927 (peer_addr_for_me v2:172.21.15.1:0/0)
2024-09-11T21:47:54.649 INFO:teuthology.orchestra.run.smithi001.stdout:/usr/bin/ceph: stderr
2024-09-11T21:47:53.939+0000 7f6e3effd640 1 -- 172.21.15.1:0/3967614927 --> [v2:172.21.15.1:3300/0,v1:172.21.15.1:6789/0] -- mon_subscribe({config=0+,monmap=0+}) -- 0x7f6e4019bc20 con 0x7f6e401076f0
2024-09-11T21:47:54.649 INFO:teuthology.orchestra.run.smithi001.stdout:/usr/bin/ceph: stderr
2024-09-11T21:47:53.939+0000 7f6e3effd640 1 --2- 172.21.15.1:0/3967614927 >> [v2:172.21.15.1:3300/0,v1:172.21.15.1:6789/0] conn(0x7f6e401076f0 0x7f6e4019b6e0 secure :-1 s=READY pgs=19 cs=0 l=1 rev1=1 crypto rx=0x7f6e300097f0 tx=0x7f6e30030d80 comp rx=0 tx=0).ready entity=mon.0 client_cookie=0 server_cookie=0 in_seq=0 out_seq=0
2024-09-11T21:47:54.649 INFO:teuthology.orchestra.run.smithi001.stdout:/usr/bin/ceph: stderr
2024-09-11T21:47:53.940+0000 7f6e3cff9640 1 -- 172.21.15.1:0/3967614927 <== mon.0 v2:172.21.15.1:3300/0 1 ==== mon_map magic: 0 ==== 205+0+0 (secure 0 0 0) 0x7f6e30037040 con 0x7f6e401076f0
2024-09-11T21:47:54.649 INFO:teuthology.orchestra.run.smithi001.stdout:/usr/bin/ceph: stderr
2024-09-11T21:47:53.940+0000 7f6e45310640 1 -- 172.21.15.1:0/3967614927 --> [v2:172.21.15.1:3300/0,v1:172.21.15.1:6789/0] -- mon_subscribe({mgrmap=0+}) -- 0x7f6e4019beb0 con 0x7f6e401076f0
2024-09-11T21:47:54.649 INFO:teuthology.orchestra.run.smithi001.stdout:/usr/bin/ceph: stderr
2024-09-11T21:47:53.940+0000 7f6e3cff9640 1 -- 172.21.15.1:0/3967614927 <== mon.0 v2:172.21.15.1:3300/0 2 ==== config(27 keys) ==== 1109+0+0 (secure 0 0 0) 0x7f6e30040070 con 0x7f6e401076f0
2024-09-11T21:47:54.649 INFO:teuthology.orchestra.run.smithi001.stdout:/usr/bin/ceph: stderr
2024-09-11T21:47:53.940+0000 7f6e3cff9640 1 -- 172.21.15.1:0/3967614927 <== mon.0 v2:172.21.15.1:3300/0 3 ==== mon_map magic: 0 ==== 205+0+0 (secure 0 0 0) 0x7f6e3003a390 con 0x7f6e401076f0
2024-09-11T21:47:54.649 INFO:teuthology.orchestra.run.smithi001.stdout:/usr/bin/ceph: stderr
2024-09-11T21:47:53.940+0000 7f6e45310640 1 -- 172.21.15.1:0/3967614927 --> [v2:172.21.15.1:3300/0,v1:172.21.15.1:6789/0] -- mon_subscribe({osdmap=0}) -- 0x7f6e4019eba0 con 0x7f6e401076f0
2024-09-11T21:47:54.649 INFO:teuthology.orchestra.run.smithi001.stdout:/usr/bin/ceph: stderr
2024-09-11T21:47:53.940+0000 7f6e3cff9640 1 -- 172.21.15.1:0/3967614927 <== mon.0 v2:172.21.15.1:3300/0 4 ==== mgrmap(e 4) ==== 46276+0+0 (secure 0 0 0) 0x7f6e3003a630 con 0x7f6e401076f0
2024-09-11T21:47:54.649 INFO:teuthology.orchestra.run.smithi001.stdout:/usr/bin/ceph: stderr
2024-09-11T21:47:53.941+0000 7f6e3cff9640 1 --2- 172.21.15.1:0/3967614927 >> [v2:172.21.15.1:6800/2311309446,v1:172.21.15.1:6801/2311309446] conn(0x7f6e2c038f20 0x7f6e2c03b3e0 unknown :-1 s=NONE pgs=0 cs=0 l=1 rev1=0 crypto rx=0 tx=0 comp rx=0 tx=0).connect
2024-09-11T21:47:54.650 INFO:teuthology.orchestra.run.smithi001.stdout:/usr/bin/ceph: stderr
2024-09-11T21:47:53.941+0000 7f6e3cff9640 1 -- 172.21.15.1:0/3967614927 <== mon.0 v2:172.21.15.1:3300/0 5 ==== osd_map(1..1 src has 1..1) ==== 725+0+0 (secure 0 0 0) 0x7f6e3006c0c0 con 0x7f6e401076f0
2024-09-11T21:47:54.650 INFO:teuthology.orchestra.run.smithi001.stdout:/usr/bin/ceph: stderr
2024-09-11T21:47:53.941+0000 7f6e45310640 1 -- 172.21.15.1:0/3967614927 --> [v2:172.21.15.1:3300/0,v1:172.21.15.1:6789/0] -- mon_command({"prefix": "get_command_descriptions"} v 0) -- 0x7f6e40107b70 con 0x7f6e401076f0
2024-09-11T21:47:54.650 INFO:teuthology.orchestra.run.smithi001.stdout:/usr/bin/ceph: stderr
2024-09-11T21:47:53.941+0000 7f6e37fff640 1 --2- 172.21.15.1:0/3967614927 >> [v2:172.21.15.1:6800/2311309446,v1:172.21.15.1:6801/2311309446] conn(0x7f6e2c038f20 0x7f6e2c03b3e0 unknown :-1 s=BANNER_CONNECTING pgs=0 cs=0 l=1 rev1=0 crypto rx=0 tx=0 comp rx=0 tx=0)._handle_peer_banner_payload supported=3 required=0
2024-09-11T21:47:54.650 INFO:teuthology.orchestra.run.smithi001.stdout:/usr/bin/ceph: stderr
2024-09-11T21:47:53.941+0000 7f6e37fff640 1 --2- 172.21.15.1:0/3967614927 >> [v2:172.21.15.1:6800/2311309446,v1:172.21.15.1:6801/2311309446] conn(0x7f6e2c038f20 0x7f6e2c03b3e0 secure :-1 s=READY pgs=7 cs=0 l=1 rev1=1 crypto rx=0x7f6e280098c0 tx=0x7f6e28006db0 comp rx=0 tx=0).ready entity=mgr.14100 client_cookie=0 server_cookie=0 in_seq=0 out_seq=0
2024-09-11T21:47:54.650 INFO:teuthology.orchestra.run.smithi001.stdout:/usr/bin/ceph: stderr
2024-09-11T21:47:53.945+0000 7f6e3cff9640 1 -- 172.21.15.1:0/3967614927 <== mon.0 v2:172.21.15.1:3300/0 6 ==== mon_command_ack([{"prefix": "get_command_descriptions"}]=0 v0) ==== 72+0+188821 (secure 0 0 0) 0x7f6e30042310 con 0x7f6e401076f0
2024-09-11T21:47:54.650 INFO:teuthology.orchestra.run.smithi001.stdout:/usr/bin/ceph: stderr
2024-09-11T21:47:54.120+0000 7f6e45310640 1 -- 172.21.15.1:0/3967614927 --> [v2:172.21.15.1:3300/0,v1:172.21.15.1:6789/0] -- mon_command({"prefix": "config assimilate-conf"} v 0) -- 0x7f6e4019c330 con 0x7f6e401076f0
2024-09-11T21:47:54.650 INFO:teuthology.orchestra.run.smithi001.stdout:/usr/bin/ceph: stderr
2024-09-11T21:47:54.121+0000 7f6e3cff9640 1 -- 172.21.15.1:0/3967614927 <== mon.0 v2:172.21.15.1:3300/0 7 ==== mon_command_ack([{"prefix": "config assimilate-conf"}]=0 v3) ==== 70+0+427 (secure 0 0 0) 0x7f6e300371e0 con 0x7f6e401076f0
2024-09-11T21:47:54.650 INFO:teuthology.orchestra.run.smithi001.stdout:/usr/bin/ceph: stderr
2024-09-11T21:47:54.124+0000 7f6e45310640 1 -- 172.21.15.1:0/3967614927 >> [v2:172.21.15.1:6800/2311309446,v1:172.21.15.1:6801/2311309446] conn(0x7f6e2c038f20 msgr2=0x7f6e2c03b3e0 secure :-1 s=STATE_CONNECTION_ESTABLISHED l=1).mark_down
2024-09-11T21:47:54.650 INFO:teuthology.orchestra.run.smithi001.stdout:/usr/bin/ceph: stderr
2024-09-11T21:47:54.124+0000 7f6e45310640 1 --2- 172.21.15.1:0/3967614927 >> [v2:172.21.15.1:6800/2311309446,v1:172.21.15.1:6801/2311309446] conn(0x7f6e2c038f20 0x7f6e2c03b3e0 secure :-1 s=READY pgs=7 cs=0 l=1 rev1=1 crypto rx=0x7f6e280098c0 tx=0x7f6e28006db0 comp rx=0 tx=0).stop
2024-09-11T21:47:54.650 INFO:teuthology.orchestra.run.smithi001.stdout:/usr/bin/ceph: stderr
2024-09-11T21:47:54.124+0000 7f6e45310640 1 -- 172.21.15.1:0/3967614927 >> [v2:172.21.15.1:3300/0,v1:172.21.15.1:6789/0] conn(0x7f6e401076f0 msgr2=0x7f6e4019b6e0 secure :-1 s=STATE_CONNECTION_ESTABLISHED l=1).mark_down
2024-09-11T21:47:54.650 INFO:teuthology.orchestra.run.smithi001.stdout:/usr/bin/ceph: stderr
2024-09-11T21:47:54.124+0000 7f6e45310640 1 --2- 172.21.15.1:0/3967614927 >> [v2:172.21.15.1:3300/0,v1:172.21.15.1:6789/0] conn(0x7f6e401076f0 0x7f6e4019b6e0 secure :-1 s=READY pgs=19 cs=0 l=1 rev1=1 crypto rx=0x7f6e300097f0 tx=0x7f6e30030d80 comp rx=0 tx=0).stop
2024-09-11T21:47:54.650 INFO:teuthology.orchestra.run.smithi001.stdout:/usr/bin/ceph: stderr
2024-09-11T21:47:54.124+0000 7f6e45310640 1 -- 172.21.15.1:0/3967614927 shutdown_connections
2024-09-11T21:47:54.651 INFO:teuthology.orchestra.run.smithi001.stdout:/usr/bin/ceph: stderr
2024-09-11T21:47:54.124+0000 7f6e45310640 1 --2- 172.21.15.1:0/3967614927 >> [v2:172.21.15.1:6800/2311309446,v1:172.21.15.1:6801/2311309446] conn(0x7f6e2c038f20 0x7f6e2c03b3e0 unknown :-1 s=CLOSED pgs=7 cs=0 l=1 rev1=1 crypto rx=0 tx=0 comp rx=0 tx=0).stop
2024-09-11T21:47:54.651 INFO:teuthology.orchestra.run.smithi001.stdout:/usr/bin/ceph: stderr
2024-09-11T21:47:54.124+0000 7f6e45310640 1 --2- 172.21.15.1:0/3967614927 >> [v2:172.21.15.1:3300/0,v1:172.21.15.1:6789/0] conn(0x7f6e401076f0 0x7f6e4019b6e0 unknown :-1 s=CLOSED pgs=19 cs=0 l=1 rev1=1 crypto rx=0 tx=0 comp rx=0 tx=0).stop
2024-09-11T21:47:54.651 INFO:teuthology.orchestra.run.smithi001.stdout:/usr/bin/ceph: stderr
2024-09-11T21:47:54.124+0000 7f6e45310640 1 -- 172.21.15.1:0/3967614927 >> 172.21.15.1:0/3967614927 conn(0x7f6e40102ec0 msgr2=0x7f6e401039d0 unknown :-1 s=STATE_NONE l=0).mark_down
2024-09-11T21:47:54.651 INFO:teuthology.orchestra.run.smithi001.stdout:/usr/bin/ceph: stderr
2024-09-11T21:47:54.124+0000 7f6e45310640 1 -- 172.21.15.1:0/3967614927 shutdown_connections
2024-09-11T21:47:54.651 INFO:teuthology.orchestra.run.smithi001.stdout:/usr/bin/ceph: stderr
2024-09-11T21:47:54.124+0000 7f6e45310640 1 -- 172.21.15.1:0/3967614927 wait complete.
2024-09-11T21:47:54.651 INFO:teuthology.orchestra.run.smithi001.stdout:Enabling cephadm module...
2024-09-11T21:47:54.863 INFO:journalctl@ceph.mon.a.smithi001.stdout:Sep 11 21:47:54 smithi001 ceph-mon[30935]: from='client.? 172.21.15.1:0/3967614927' entity='client.admin' cmd=[{"prefix": "config assimilate-conf"}]: dispatch
2024-09-11T21:47:55.900 INFO:journalctl@ceph.mon.a.smithi001.stdout:Sep 11 21:47:55 smithi001 ceph-mon[30935]: from='client.? 172.21.15.1:0/3375260393' entity='client.admin' cmd=[{"prefix": "mgr module enable", "module": "cephadm"}]: dispatch
2024-09-11T21:47:55.900 INFO:journalctl@ceph.mgr.x.smithi001.stdout:Sep 11 21:47:55 smithi001 ceph-3ffca83c-7087-11ef-bcea-c7b262605968-mgr-x[31161]: ignoring --setuser ceph since I am not root
2024-09-11T21:47:55.901 INFO:journalctl@ceph.mgr.x.smithi001.stdout:Sep 11 21:47:55 smithi001 ceph-3ffca83c-7087-11ef-bcea-c7b262605968-mgr-x[31161]: ignoring --setgroup ceph since I am not root
2024-09-11T21:47:55.901 INFO:journalctl@ceph.mgr.x.smithi001.stdout:Sep 11 21:47:55 smithi001 ceph-3ffca83c-7087-11ef-bcea-c7b262605968-mgr-x[31161]:
2024-09-11T21:47:55.744+0000 7f420be6b040 -1 mgr[py] Module osd_perf_query has missing NOTIFY_TYPES member
2024-09-11T21:47:55.901 INFO:journalctl@ceph.mgr.x.smithi001.stdout:Sep 11 21:47:55 smithi001 ceph-3ffca83c-7087-11ef-bcea-c7b262605968-mgr-x[31161]:
2024-09-11T21:47:55.803+0000 7f420be6b040 -1 mgr[py] Module osd_support has missing NOTIFY_TYPES member
2024-09-11T21:47:56.150 INFO:teuthology.orchestra.run.smithi001.stdout:/usr/bin/ceph: stderr
2024-09-11T21:47:55.037+0000 7fc4f18db640 1 Processor -- start
2024-09-11T21:47:56.150 INFO:teuthology.orchestra.run.smithi001.stdout:/usr/bin/ceph: stderr
2024-09-11T21:47:55.037+0000 7fc4f18db640 1 -- start start
2024-09-11T21:47:56.150 INFO:teuthology.orchestra.run.smithi001.stdout:/usr/bin/ceph: stderr
2024-09-11T21:47:55.037+0000 7fc4f18db640 1 --2- >> [v2:172.21.15.1:3300/0,v1:172.21.15.1:6789/0] conn(0x7fc4ec108160 0x7fc4ec10a550 unknown :-1 s=NONE pgs=0 cs=0 l=0 rev1=0 crypto rx=0 tx=0 comp rx=0 tx=0).connect
2024-09-11T21:47:56.150 INFO:teuthology.orchestra.run.smithi001.stdout:/usr/bin/ceph: stderr
2024-09-11T21:47:55.037+0000 7fc4f18db640 1 -- --> [v2:172.21.15.1:3300/0,v1:172.21.15.1:6789/0] -- mon_getmap magic: 0 -- 0x7fc4ec07beb0 con 0x7fc4ec108160
2024-09-11T21:47:56.151 INFO:teuthology.orchestra.run.smithi001.stdout:/usr/bin/ceph: stderr
2024-09-11T21:47:55.038+0000 7fc4eaffd640 1 --2- >> [v2:172.21.15.1:3300/0,v1:172.21.15.1:6789/0] conn(0x7fc4ec108160 0x7fc4ec10a550 unknown :-1 s=BANNER_CONNECTING pgs=0 cs=0 l=0 rev1=0 crypto rx=0 tx=0 comp rx=0 tx=0)._handle_peer_banner_payload supported=3 required=0
2024-09-11T21:47:56.151 INFO:teuthology.orchestra.run.smithi001.stdout:/usr/bin/ceph: stderr
2024-09-11T21:47:55.038+0000 7fc4eaffd640 1 --2- >> [v2:172.21.15.1:3300/0,v1:172.21.15.1:6789/0] conn(0x7fc4ec108160 0x7fc4ec10a550 unknown :-1 s=HELLO_CONNECTING pgs=0 cs=0 l=0 rev1=1 crypto rx=0 tx=0 comp rx=0 tx=0).handle_hello peer v2:172.21.15.1:3300/0 says I am v2:172.21.15.1:36684/0 (socket says 172.21.15.1:36684)
2024-09-11T21:47:56.151 INFO:teuthology.orchestra.run.smithi001.stdout:/usr/bin/ceph: stderr
2024-09-11T21:47:55.038+0000 7fc4eaffd640 1 -- 172.21.15.1:0/3681531256 learned_addr learned my addr 172.21.15.1:0/3681531256 (peer_addr_for_me v2:172.21.15.1:0/0)
2024-09-11T21:47:56.151 INFO:teuthology.orchestra.run.smithi001.stdout:/usr/bin/ceph: stderr
