2024-09-11T21:47:55.038+0000 7fc4eaffd640 1 -- 172.21.15.1:0/3681531256 --> [v2:172.21.15.1:3300/0,v1:172.21.15.1:6789/0] -- mon_subscribe({config=0+,monmap=0+}) -- 0x7fc4ec10aa90 con 0x7fc4ec108160
2024-09-11T21:47:56.151 INFO:teuthology.orchestra.run.smithi001.stdout:/usr/bin/ceph: stderr
2024-09-11T21:47:55.039+0000 7fc4eaffd640 1 --2- 172.21.15.1:0/3681531256 >> [v2:172.21.15.1:3300/0,v1:172.21.15.1:6789/0] conn(0x7fc4ec108160 0x7fc4ec10a550 secure :-1 s=READY pgs=20 cs=0 l=1 rev1=1 crypto rx=0x7fc4dc009e80 tx=0x7fc4dc02a7a0 comp rx=0 tx=0).ready entity=mon.0 client_cookie=81051a4de7f192c9 server_cookie=0 in_seq=0 out_seq=0
2024-09-11T21:47:56.151 INFO:teuthology.orchestra.run.smithi001.stdout:/usr/bin/ceph: stderr
2024-09-11T21:47:55.039+0000 7fc4e9ffb640 1 -- 172.21.15.1:0/3681531256 <== mon.0 v2:172.21.15.1:3300/0 1 ==== mon_map magic: 0 ==== 205+0+0 (secure 0 0 0) 0x7fc4dc036070 con 0x7fc4ec108160
2024-09-11T21:47:56.151 INFO:teuthology.orchestra.run.smithi001.stdout:/usr/bin/ceph: stderr
2024-09-11T21:47:55.039+0000 7fc4e9ffb640 1 -- 172.21.15.1:0/3681531256 <== mon.0 v2:172.21.15.1:3300/0 2 ==== config(27 keys) ==== 1109+0+0 (secure 0 0 0) 0x7fc4dc0318c0 con 0x7fc4ec108160
2024-09-11T21:47:56.151 INFO:teuthology.orchestra.run.smithi001.stdout:/usr/bin/ceph: stderr
2024-09-11T21:47:55.039+0000 7fc4e9ffb640 1 -- 172.21.15.1:0/3681531256 <== mon.0 v2:172.21.15.1:3300/0 3 ==== mon_map magic: 0 ==== 205+0+0 (secure 0 0 0) 0x7fc4dc007ab0 con 0x7fc4ec108160
2024-09-11T21:47:56.151 INFO:teuthology.orchestra.run.smithi001.stdout:/usr/bin/ceph: stderr
2024-09-11T21:47:55.039+0000 7fc4f18db640 1 -- 172.21.15.1:0/3681531256 >> [v2:172.21.15.1:3300/0,v1:172.21.15.1:6789/0] conn(0x7fc4ec108160 msgr2=0x7fc4ec10a550 secure :-1 s=STATE_CONNECTION_ESTABLISHED l=1).mark_down
2024-09-11T21:47:56.151 INFO:teuthology.orchestra.run.smithi001.stdout:/usr/bin/ceph: stderr
2024-09-11T21:47:55.039+0000 7fc4f18db640 1 --2- 172.21.15.1:0/3681531256 >> [v2:172.21.15.1:3300/0,v1:172.21.15.1:6789/0] conn(0x7fc4ec108160 0x7fc4ec10a550 secure :-1 s=READY pgs=20 cs=0 l=1 rev1=1 crypto rx=0x7fc4dc009e80 tx=0x7fc4dc02a7a0 comp rx=0 tx=0).stop
2024-09-11T21:47:56.151 INFO:teuthology.orchestra.run.smithi001.stdout:/usr/bin/ceph: stderr
2024-09-11T21:47:55.040+0000 7fc4f18db640 1 -- 172.21.15.1:0/3681531256 shutdown_connections
2024-09-11T21:47:56.152 INFO:teuthology.orchestra.run.smithi001.stdout:/usr/bin/ceph: stderr
2024-09-11T21:47:55.040+0000 7fc4f18db640 1 --2- 172.21.15.1:0/3681531256 >> [v2:172.21.15.1:3300/0,v1:172.21.15.1:6789/0] conn(0x7fc4ec108160 0x7fc4ec10a550 unknown :-1 s=CLOSED pgs=20 cs=0 l=1 rev1=1 crypto rx=0 tx=0 comp rx=0 tx=0).stop
2024-09-11T21:47:56.152 INFO:teuthology.orchestra.run.smithi001.stdout:/usr/bin/ceph: stderr
2024-09-11T21:47:55.040+0000 7fc4f18db640 1 -- 172.21.15.1:0/3681531256 >> 172.21.15.1:0/3681531256 conn(0x7fc4ec101e20 msgr2=0x7fc4ec104240 unknown :-1 s=STATE_NONE l=0).mark_down
2024-09-11T21:47:56.152 INFO:teuthology.orchestra.run.smithi001.stdout:/usr/bin/ceph: stderr
2024-09-11T21:47:55.040+0000 7fc4f18db640 1 -- 172.21.15.1:0/3681531256 shutdown_connections
2024-09-11T21:47:56.152 INFO:teuthology.orchestra.run.smithi001.stdout:/usr/bin/ceph: stderr
2024-09-11T21:47:55.040+0000 7fc4f18db640 1 -- 172.21.15.1:0/3681531256 wait complete.
2024-09-11T21:47:56.152 INFO:teuthology.orchestra.run.smithi001.stdout:/usr/bin/ceph: stderr
2024-09-11T21:47:55.040+0000 7fc4f18db640 1 Processor -- start
2024-09-11T21:47:56.152 INFO:teuthology.orchestra.run.smithi001.stdout:/usr/bin/ceph: stderr
2024-09-11T21:47:55.040+0000 7fc4f18db640 1 -- start start
2024-09-11T21:47:56.152 INFO:teuthology.orchestra.run.smithi001.stdout:/usr/bin/ceph: stderr
2024-09-11T21:47:55.041+0000 7fc4f18db640 1 --2- >> [v2:172.21.15.1:3300/0,v1:172.21.15.1:6789/0] conn(0x7fc4ec108160 0x7fc4ec19b6e0 unknown :-1 s=NONE pgs=0 cs=0 l=1 rev1=0 crypto rx=0 tx=0 comp rx=0 tx=0).connect
2024-09-11T21:47:56.152 INFO:teuthology.orchestra.run.smithi001.stdout:/usr/bin/ceph: stderr
2024-09-11T21:47:55.041+0000 7fc4f18db640 1 -- --> [v2:172.21.15.1:3300/0,v1:172.21.15.1:6789/0] -- mon_getmap magic: 0 -- 0x7fc4ec10bb30 con 0x7fc4ec108160
2024-09-11T21:47:56.152 INFO:teuthology.orchestra.run.smithi001.stdout:/usr/bin/ceph: stderr
2024-09-11T21:47:55.041+0000 7fc4eaffd640 1 --2- >> [v2:172.21.15.1:3300/0,v1:172.21.15.1:6789/0] conn(0x7fc4ec108160 0x7fc4ec19b6e0 unknown :-1 s=BANNER_CONNECTING pgs=0 cs=0 l=1 rev1=0 crypto rx=0 tx=0 comp rx=0 tx=0)._handle_peer_banner_payload supported=3 required=0
2024-09-11T21:47:56.152 INFO:teuthology.orchestra.run.smithi001.stdout:/usr/bin/ceph: stderr
2024-09-11T21:47:55.041+0000 7fc4eaffd640 1 --2- >> [v2:172.21.15.1:3300/0,v1:172.21.15.1:6789/0] conn(0x7fc4ec108160 0x7fc4ec19b6e0 unknown :-1 s=HELLO_CONNECTING pgs=0 cs=0 l=1 rev1=1 crypto rx=0 tx=0 comp rx=0 tx=0).handle_hello peer v2:172.21.15.1:3300/0 says I am v2:172.21.15.1:36692/0 (socket says 172.21.15.1:36692)
2024-09-11T21:47:56.152 INFO:teuthology.orchestra.run.smithi001.stdout:/usr/bin/ceph: stderr
2024-09-11T21:47:55.041+0000 7fc4eaffd640 1 -- 172.21.15.1:0/3375260393 learned_addr learned my addr 172.21.15.1:0/3375260393 (peer_addr_for_me v2:172.21.15.1:0/0)
2024-09-11T21:47:56.152 INFO:teuthology.orchestra.run.smithi001.stdout:/usr/bin/ceph: stderr
2024-09-11T21:47:55.041+0000 7fc4eaffd640 1 -- 172.21.15.1:0/3375260393 --> [v2:172.21.15.1:3300/0,v1:172.21.15.1:6789/0] -- mon_subscribe({config=0+,monmap=0+}) -- 0x7fc4ec19bc20 con 0x7fc4ec108160
2024-09-11T21:47:56.152 INFO:teuthology.orchestra.run.smithi001.stdout:/usr/bin/ceph: stderr
2024-09-11T21:47:55.041+0000 7fc4eaffd640 1 --2- 172.21.15.1:0/3375260393 >> [v2:172.21.15.1:3300/0,v1:172.21.15.1:6789/0] conn(0x7fc4ec108160 0x7fc4ec19b6e0 secure :-1 s=READY pgs=21 cs=0 l=1 rev1=1 crypto rx=0x7fc4dc02acc0 tx=0x7fc4dc031ca0 comp rx=0 tx=0).ready entity=mon.0 client_cookie=0 server_cookie=0 in_seq=0 out_seq=0
2024-09-11T21:47:56.153 INFO:teuthology.orchestra.run.smithi001.stdout:/usr/bin/ceph: stderr
2024-09-11T21:47:55.041+0000 7fc4f08d9640 1 -- 172.21.15.1:0/3375260393 <== mon.0 v2:172.21.15.1:3300/0 1 ==== mon_map magic: 0 ==== 205+0+0 (secure 0 0 0) 0x7fc4dc036050 con 0x7fc4ec108160
2024-09-11T21:47:56.153 INFO:teuthology.orchestra.run.smithi001.stdout:/usr/bin/ceph: stderr
2024-09-11T21:47:55.041+0000 7fc4f08d9640 1 -- 172.21.15.1:0/3375260393 <== mon.0 v2:172.21.15.1:3300/0 2 ==== config(27 keys) ==== 1109+0+0 (secure 0 0 0) 0x7fc4dc037040 con 0x7fc4ec108160
2024-09-11T21:47:56.153 INFO:teuthology.orchestra.run.smithi001.stdout:/usr/bin/ceph: stderr
2024-09-11T21:47:55.041+0000 7fc4f08d9640 1 -- 172.21.15.1:0/3375260393 <== mon.0 v2:172.21.15.1:3300/0 3 ==== mon_map magic: 0 ==== 205+0+0 (secure 0 0 0) 0x7fc4dc03d920 con 0x7fc4ec108160
2024-09-11T21:47:56.153 INFO:teuthology.orchestra.run.smithi001.stdout:/usr/bin/ceph: stderr
2024-09-11T21:47:55.041+0000 7fc4f18db640 1 -- 172.21.15.1:0/3375260393 --> [v2:172.21.15.1:3300/0,v1:172.21.15.1:6789/0] -- mon_subscribe({mgrmap=0+}) -- 0x7fc4ec19beb0 con 0x7fc4ec108160
2024-09-11T21:47:56.153 INFO:teuthology.orchestra.run.smithi001.stdout:/usr/bin/ceph: stderr
2024-09-11T21:47:55.041+0000 7fc4f18db640 1 -- 172.21.15.1:0/3375260393 --> [v2:172.21.15.1:3300/0,v1:172.21.15.1:6789/0] -- mon_subscribe({osdmap=0}) -- 0x7fc4ec19eba0 con 0x7fc4ec108160
2024-09-11T21:47:56.153 INFO:teuthology.orchestra.run.smithi001.stdout:/usr/bin/ceph: stderr
2024-09-11T21:47:55.042+0000 7fc4f08d9640 1 -- 172.21.15.1:0/3375260393 <== mon.0 v2:172.21.15.1:3300/0 4 ==== mgrmap(e 4) ==== 46276+0+0 (secure 0 0 0) 0x7fc4dc044020 con 0x7fc4ec108160
2024-09-11T21:47:56.153 INFO:teuthology.orchestra.run.smithi001.stdout:/usr/bin/ceph: stderr
2024-09-11T21:47:55.042+0000 7fc4f18db640 1 -- 172.21.15.1:0/3375260393 --> [v2:172.21.15.1:3300/0,v1:172.21.15.1:6789/0] -- mon_command({"prefix": "get_command_descriptions"} v 0) -- 0x7fc4ec1085c0 con 0x7fc4ec108160
2024-09-11T21:47:56.153 INFO:teuthology.orchestra.run.smithi001.stdout:/usr/bin/ceph: stderr
2024-09-11T21:47:55.043+0000 7fc4f08d9640 1 --2- 172.21.15.1:0/3375260393 >> [v2:172.21.15.1:6800/2311309446,v1:172.21.15.1:6801/2311309446] conn(0x7fc4d8038f70 0x7fc4d803b430 unknown :-1 s=NONE pgs=0 cs=0 l=1 rev1=0 crypto rx=0 tx=0 comp rx=0 tx=0).connect
2024-09-11T21:47:56.153 INFO:teuthology.orchestra.run.smithi001.stdout:/usr/bin/ceph: stderr
2024-09-11T21:47:55.043+0000 7fc4f08d9640 1 -- 172.21.15.1:0/3375260393 <== mon.0 v2:172.21.15.1:3300/0 5 ==== osd_map(1..1 src has 1..1) ==== 725+0+0 (secure 0 0 0) 0x7fc4dc042020 con 0x7fc4ec108160
2024-09-11T21:47:56.153 INFO:teuthology.orchestra.run.smithi001.stdout:/usr/bin/ceph: stderr
2024-09-11T21:47:55.043+0000 7fc4ea7fc640 1 --2- 172.21.15.1:0/3375260393 >> [v2:172.21.15.1:6800/2311309446,v1:172.21.15.1:6801/2311309446] conn(0x7fc4d8038f70 0x7fc4d803b430 unknown :-1 s=BANNER_CONNECTING pgs=0 cs=0 l=1 rev1=0 crypto rx=0 tx=0 comp rx=0 tx=0)._handle_peer_banner_payload supported=3 required=0
2024-09-11T21:47:56.153 INFO:teuthology.orchestra.run.smithi001.stdout:/usr/bin/ceph: stderr
2024-09-11T21:47:55.043+0000 7fc4ea7fc640 1 --2- 172.21.15.1:0/3375260393 >> [v2:172.21.15.1:6800/2311309446,v1:172.21.15.1:6801/2311309446] conn(0x7fc4d8038f70 0x7fc4d803b430 secure :-1 s=READY pgs=8 cs=0 l=1 rev1=1 crypto rx=0x7fc4d40098c0 tx=0x7fc4d4006db0 comp rx=0 tx=0).ready entity=mgr.14100 client_cookie=0 server_cookie=0 in_seq=0 out_seq=0
2024-09-11T21:47:56.153 INFO:teuthology.orchestra.run.smithi001.stdout:/usr/bin/ceph: stderr
2024-09-11T21:47:55.047+0000 7fc4f08d9640 1 -- 172.21.15.1:0/3375260393 <== mon.0 v2:172.21.15.1:3300/0 6 ==== mon_command_ack([{"prefix": "get_command_descriptions"}]=0 v0) ==== 72+0+188821 (secure 0 0 0) 0x7fc4dc04b020 con 0x7fc4ec108160
2024-09-11T21:47:56.153 INFO:teuthology.orchestra.run.smithi001.stdout:/usr/bin/ceph: stderr
2024-09-11T21:47:55.270+0000 7fc4f18db640 1 -- 172.21.15.1:0/3375260393 --> [v2:172.21.15.1:3300/0,v1:172.21.15.1:6789/0] -- mon_command({"prefix": "mgr module enable", "module": "cephadm"} v 0) -- 0x7fc4ec19f220 con 0x7fc4ec108160
2024-09-11T21:47:56.154 INFO:teuthology.orchestra.run.smithi001.stdout:/usr/bin/ceph: stderr
2024-09-11T21:47:55.599+0000 7fc4f08d9640 1 -- 172.21.15.1:0/3375260393 <== mon.0 v2:172.21.15.1:3300/0 7 ==== mon_command_ack([{"prefix": "mgr module enable", "module": "cephadm"}]=0 v5) ==== 86+0+0 (secure 0 0 0) 0x7fc4dc0072f0 con 0x7fc4ec108160
2024-09-11T21:47:56.154 INFO:teuthology.orchestra.run.smithi001.stdout:/usr/bin/ceph: stderr
2024-09-11T21:47:55.601+0000 7fc4f08d9640 1 -- 172.21.15.1:0/3375260393 <== mon.0 v2:172.21.15.1:3300/0 8 ==== mgrmap(e 5) ==== 46287+0+0 (secure 0 0 0) 0x7fc4dc046790 con 0x7fc4ec108160
2024-09-11T21:47:56.154 INFO:teuthology.orchestra.run.smithi001.stdout:/usr/bin/ceph: stderr
2024-09-11T21:47:55.602+0000 7fc4f18db640 1 -- 172.21.15.1:0/3375260393 >> [v2:172.21.15.1:6800/2311309446,v1:172.21.15.1:6801/2311309446] conn(0x7fc4d8038f70 msgr2=0x7fc4d803b430 secure :-1 s=STATE_CONNECTION_ESTABLISHED l=1).mark_down
2024-09-11T21:47:56.154 INFO:teuthology.orchestra.run.smithi001.stdout:/usr/bin/ceph: stderr
2024-09-11T21:47:55.602+0000 7fc4f18db640 1 --2- 172.21.15.1:0/3375260393 >> [v2:172.21.15.1:6800/2311309446,v1:172.21.15.1:6801/2311309446] conn(0x7fc4d8038f70 0x7fc4d803b430 secure :-1 s=READY pgs=8 cs=0 l=1 rev1=1 crypto rx=0x7fc4d40098c0 tx=0x7fc4d4006db0 comp rx=0 tx=0).stop
2024-09-11T21:47:56.154 INFO:teuthology.orchestra.run.smithi001.stdout:/usr/bin/ceph: stderr
2024-09-11T21:47:55.602+0000 7fc4f18db640 1 -- 172.21.15.1:0/3375260393 >> [v2:172.21.15.1:3300/0,v1:172.21.15.1:6789/0] conn(0x7fc4ec108160 msgr2=0x7fc4ec19b6e0 secure :-1 s=STATE_CONNECTION_ESTABLISHED l=1).mark_down
2024-09-11T21:47:56.154 INFO:teuthology.orchestra.run.smithi001.stdout:/usr/bin/ceph: stderr
2024-09-11T21:47:55.602+0000 7fc4f18db640 1 --2- 172.21.15.1:0/3375260393 >> [v2:172.21.15.1:3300/0,v1:172.21.15.1:6789/0] conn(0x7fc4ec108160 0x7fc4ec19b6e0 secure :-1 s=READY pgs=21 cs=0 l=1 rev1=1 crypto rx=0x7fc4dc02acc0 tx=0x7fc4dc031ca0 comp rx=0 tx=0).stop
2024-09-11T21:47:56.154 INFO:teuthology.orchestra.run.smithi001.stdout:/usr/bin/ceph: stderr
2024-09-11T21:47:55.602+0000 7fc4f18db640 1 -- 172.21.15.1:0/3375260393 shutdown_connections
2024-09-11T21:47:56.154 INFO:teuthology.orchestra.run.smithi001.stdout:/usr/bin/ceph: stderr
2024-09-11T21:47:55.602+0000 7fc4f18db640 1 --2- 172.21.15.1:0/3375260393 >> [v2:172.21.15.1:6800/2311309446,v1:172.21.15.1:6801/2311309446] conn(0x7fc4d8038f70 0x7fc4d803b430 unknown :-1 s=CLOSED pgs=8 cs=0 l=1 rev1=1 crypto rx=0 tx=0 comp rx=0 tx=0).stop
2024-09-11T21:47:56.154 INFO:teuthology.orchestra.run.smithi001.stdout:/usr/bin/ceph: stderr
2024-09-11T21:47:55.602+0000 7fc4f18db640 1 --2- 172.21.15.1:0/3375260393 >> [v2:172.21.15.1:3300/0,v1:172.21.15.1:6789/0] conn(0x7fc4ec108160 0x7fc4ec19b6e0 unknown :-1 s=CLOSED pgs=21 cs=0 l=1 rev1=1 crypto rx=0 tx=0 comp rx=0 tx=0).stop
2024-09-11T21:47:56.154 INFO:teuthology.orchestra.run.smithi001.stdout:/usr/bin/ceph: stderr
2024-09-11T21:47:55.602+0000 7fc4f18db640 1 -- 172.21.15.1:0/3375260393 >> 172.21.15.1:0/3375260393 conn(0x7fc4ec101e20 msgr2=0x7fc4ec1029e0 unknown :-1 s=STATE_NONE l=0).mark_down
2024-09-11T21:47:56.154 INFO:teuthology.orchestra.run.smithi001.stdout:/usr/bin/ceph: stderr
2024-09-11T21:47:55.603+0000 7fc4f18db640 1 -- 172.21.15.1:0/3375260393 shutdown_connections
2024-09-11T21:47:56.154 INFO:teuthology.orchestra.run.smithi001.stdout:/usr/bin/ceph: stderr
2024-09-11T21:47:55.603+0000 7fc4f18db640 1 -- 172.21.15.1:0/3375260393 wait complete.
2024-09-11T21:47:56.186 INFO:journalctl@ceph.mgr.x.smithi001.stdout:Sep 11 21:47:55 smithi001 ceph-3ffca83c-7087-11ef-bcea-c7b262605968-mgr-x[31161]:
2024-09-11T21:47:55.959+0000 7f420be6b040 -1 mgr[py] Module diskprediction_local has missing NOTIFY_TYPES member
2024-09-11T21:47:56.186 INFO:journalctl@ceph.mgr.x.smithi001.stdout:Sep 11 21:47:56 smithi001 ceph-3ffca83c-7087-11ef-bcea-c7b262605968-mgr-x[31161]:
2024-09-11T21:47:56.028+0000 7f420be6b040 -1 mgr[py] Module crash has missing NOTIFY_TYPES member
2024-09-11T21:47:56.186 INFO:journalctl@ceph.mgr.x.smithi001.stdout:Sep 11 21:47:56 smithi001 ceph-3ffca83c-7087-11ef-bcea-c7b262605968-mgr-x[31161]:
2024-09-11T21:47:56.185+0000 7f420be6b040 -1 mgr[py] Module test_orchestrator has missing NOTIFY_TYPES member
2024-09-11T21:47:56.443 INFO:journalctl@ceph.mgr.x.smithi001.stdout:Sep 11 21:47:56 smithi001 ceph-3ffca83c-7087-11ef-bcea-c7b262605968-mgr-x[31161]:
2024-09-11T21:47:56.332+0000 7f420be6b040 -1 mgr[py] Module snap_schedule has missing NOTIFY_TYPES member
2024-09-11T21:47:56.730 INFO:journalctl@ceph.mon.a.smithi001.stdout:Sep 11 21:47:56 smithi001 ceph-mon[30935]: from='client.? 172.21.15.1:0/3375260393' entity='client.admin' cmd='[{"prefix": "mgr module enable", "module": "cephadm"}]': finished
2024-09-11T21:47:56.730 INFO:journalctl@ceph.mon.a.smithi001.stdout:Sep 11 21:47:56 smithi001 ceph-mon[30935]: mgrmap e5: x(active, since 5s)
2024-09-11T21:47:56.730 INFO:journalctl@ceph.mgr.x.smithi001.stdout:Sep 11 21:47:56 smithi001 ceph-3ffca83c-7087-11ef-bcea-c7b262605968-mgr-x[31161]:
2024-09-11T21:47:56.666+0000 7f420be6b040 -1 mgr[py] Module prometheus has missing NOTIFY_TYPES member
2024-09-11T21:47:56.730 INFO:journalctl@ceph.mgr.x.smithi001.stdout:Sep 11 21:47:56 smithi001 ceph-3ffca83c-7087-11ef-bcea-c7b262605968-mgr-x[31161]:
2024-09-11T21:47:56.729+0000 7f420be6b040 -1 mgr[py] Module selftest has missing NOTIFY_TYPES member
2024-09-11T21:47:57.007 INFO:journalctl@ceph.mgr.x.smithi001.stdout:Sep 11 21:47:56 smithi001 ceph-3ffca83c-7087-11ef-bcea-c7b262605968-mgr-x[31161]:
2024-09-11T21:47:56.929+0000 7f420be6b040 -1 mgr[py] Module volumes has missing NOTIFY_TYPES member
2024-09-11T21:47:57.292 INFO:teuthology.orchestra.run.smithi001.stdout:/usr/bin/ceph: stdout {
2024-09-11T21:47:57.292 INFO:teuthology.orchestra.run.smithi001.stdout:/usr/bin/ceph: stdout "epoch": 5,
2024-09-11T21:47:57.292 INFO:teuthology.orchestra.run.smithi001.stdout:/usr/bin/ceph: stdout "available": true,
2024-09-11T21:47:57.292 INFO:teuthology.orchestra.run.smithi001.stdout:/usr/bin/ceph: stdout "active_name": "x",
2024-09-11T21:47:57.292 INFO:teuthology.orchestra.run.smithi001.stdout:/usr/bin/ceph: stdout "num_standby": 0
2024-09-11T21:47:57.292 INFO:teuthology.orchestra.run.smithi001.stdout:/usr/bin/ceph: stdout }
2024-09-11T21:47:57.292 INFO:teuthology.orchestra.run.smithi001.stdout:/usr/bin/ceph: stderr
2024-09-11T21:47:56.541+0000 7ffb5f44d640 1 Processor -- start
2024-09-11T21:47:57.293 INFO:teuthology.orchestra.run.smithi001.stdout:/usr/bin/ceph: stderr
2024-09-11T21:47:56.541+0000 7ffb5f44d640 1 -- start start
2024-09-11T21:47:57.293 INFO:teuthology.orchestra.run.smithi001.stdout:/usr/bin/ceph: stderr
2024-09-11T21:47:56.541+0000 7ffb5f44d640 1 --2- >> [v2:172.21.15.1:3300/0,v1:172.21.15.1:6789/0] conn(0x7ffb58108160 0x7ffb5810a550 unknown :-1 s=NONE pgs=0 cs=0 l=0 rev1=0 crypto rx=0 tx=0 comp rx=0 tx=0).connect
2024-09-11T21:47:57.293 INFO:teuthology.orchestra.run.smithi001.stdout:/usr/bin/ceph: stderr
2024-09-11T21:47:56.541+0000 7ffb5f44d640 1 -- --> [v2:172.21.15.1:3300/0,v1:172.21.15.1:6789/0] -- mon_getmap magic: 0 -- 0x7ffb5807beb0 con 0x7ffb58108160
2024-09-11T21:47:57.293 INFO:teuthology.orchestra.run.smithi001.stdout:/usr/bin/ceph: stderr
2024-09-11T21:47:56.541+0000 7ffb5d1e9640 1 --2- >> [v2:172.21.15.1:3300/0,v1:172.21.15.1:6789/0] conn(0x7ffb58108160 0x7ffb5810a550 unknown :-1 s=BANNER_CONNECTING pgs=0 cs=0 l=0 rev1=0 crypto rx=0 tx=0 comp rx=0 tx=0)._handle_peer_banner_payload supported=3 required=0
2024-09-11T21:47:57.293 INFO:teuthology.orchestra.run.smithi001.stdout:/usr/bin/ceph: stderr
2024-09-11T21:47:56.542+0000 7ffb5d1e9640 1 --2- >> [v2:172.21.15.1:3300/0,v1:172.21.15.1:6789/0] conn(0x7ffb58108160 0x7ffb5810a550 unknown :-1 s=HELLO_CONNECTING pgs=0 cs=0 l=0 rev1=1 crypto rx=0 tx=0 comp rx=0 tx=0).handle_hello peer v2:172.21.15.1:3300/0 says I am v2:172.21.15.1:53400/0 (socket says 172.21.15.1:53400)
2024-09-11T21:47:57.293 INFO:teuthology.orchestra.run.smithi001.stdout:/usr/bin/ceph: stderr
2024-09-11T21:47:56.542+0000 7ffb5d1e9640 1 -- 172.21.15.1:0/141963575 learned_addr learned my addr 172.21.15.1:0/141963575 (peer_addr_for_me v2:172.21.15.1:0/0)
2024-09-11T21:47:57.293 INFO:teuthology.orchestra.run.smithi001.stdout:/usr/bin/ceph: stderr
2024-09-11T21:47:56.542+0000 7ffb5d1e9640 1 -- 172.21.15.1:0/141963575 --> [v2:172.21.15.1:3300/0,v1:172.21.15.1:6789/0] -- mon_subscribe({config=0+,monmap=0+}) -- 0x7ffb5810aa90 con 0x7ffb58108160
2024-09-11T21:47:57.293 INFO:teuthology.orchestra.run.smithi001.stdout:/usr/bin/ceph: stderr
2024-09-11T21:47:56.543+0000 7ffb5d1e9640 1 --2- 172.21.15.1:0/141963575 >> [v2:172.21.15.1:3300/0,v1:172.21.15.1:6789/0] conn(0x7ffb58108160 0x7ffb5810a550 secure :-1 s=READY pgs=24 cs=0 l=1 rev1=1 crypto rx=0x7ffb54009820 tx=0x7ffb5402a270 comp rx=0 tx=0).ready entity=mon.0 client_cookie=4c2d5324b6a70ac9 server_cookie=0 in_seq=0 out_seq=0
2024-09-11T21:47:57.293 INFO:teuthology.orchestra.run.smithi001.stdout:/usr/bin/ceph: stderr
2024-09-11T21:47:56.543+0000 7ffb4ffff640 1 -- 172.21.15.1:0/141963575 <== mon.0 v2:172.21.15.1:3300/0 1 ==== mon_map magic: 0 ==== 205+0+0 (secure 0 0 0) 0x7ffb54037070 con 0x7ffb58108160
2024-09-11T21:47:57.293 INFO:teuthology.orchestra.run.smithi001.stdout:/usr/bin/ceph: stderr
2024-09-11T21:47:56.543+0000 7ffb4ffff640 1 -- 172.21.15.1:0/141963575 <== mon.0 v2:172.21.15.1:3300/0 2 ==== config(27 keys) ==== 1109+0+0 (secure 0 0 0) 0x7ffb54032900 con 0x7ffb58108160
2024-09-11T21:47:57.293 INFO:teuthology.orchestra.run.smithi001.stdout:/usr/bin/ceph: stderr
2024-09-11T21:47:56.543+0000 7ffb4ffff640 1 -- 172.21.15.1:0/141963575 <== mon.0 v2:172.21.15.1:3300/0 3 ==== mon_map magic: 0 ==== 205+0+0 (secure 0 0 0) 0x7ffb54030850 con 0x7ffb58108160
2024-09-11T21:47:57.293 INFO:teuthology.orchestra.run.smithi001.stdout:/usr/bin/ceph: stderr
2024-09-11T21:47:56.543+0000 7ffb5f44d640 1 -- 172.21.15.1:0/141963575 >> [v2:172.21.15.1:3300/0,v1:172.21.15.1:6789/0] conn(0x7ffb58108160 msgr2=0x7ffb5810a550 secure :-1 s=STATE_CONNECTION_ESTABLISHED l=1).mark_down
2024-09-11T21:47:57.294 INFO:teuthology.orchestra.run.smithi001.stdout:/usr/bin/ceph: stderr
2024-09-11T21:47:56.543+0000 7ffb5f44d640 1 --2- 172.21.15.1:0/141963575 >> [v2:172.21.15.1:3300/0,v1:172.21.15.1:6789/0] conn(0x7ffb58108160 0x7ffb5810a550 secure :-1 s=READY pgs=24 cs=0 l=1 rev1=1 crypto rx=0x7ffb54009820 tx=0x7ffb5402a270 comp rx=0 tx=0).stop
2024-09-11T21:47:57.294 INFO:teuthology.orchestra.run.smithi001.stdout:/usr/bin/ceph: stderr
2024-09-11T21:47:56.544+0000 7ffb5f44d640 1 -- 172.21.15.1:0/141963575 shutdown_connections
2024-09-11T21:47:57.294 INFO:teuthology.orchestra.run.smithi001.stdout:/usr/bin/ceph: stderr
2024-09-11T21:47:56.544+0000 7ffb5f44d640 1 --2- 172.21.15.1:0/141963575 >> [v2:172.21.15.1:3300/0,v1:172.21.15.1:6789/0] conn(0x7ffb58108160 0x7ffb5810a550 unknown :-1 s=CLOSED pgs=24 cs=0 l=1 rev1=1 crypto rx=0 tx=0 comp rx=0 tx=0).stop
2024-09-11T21:47:57.294 INFO:teuthology.orchestra.run.smithi001.stdout:/usr/bin/ceph: stderr
2024-09-11T21:47:56.544+0000 7ffb5f44d640 1 -- 172.21.15.1:0/141963575 >> 172.21.15.1:0/141963575 conn(0x7ffb58101e20 msgr2=0x7ffb58104240 unknown :-1 s=STATE_NONE l=0).mark_down
2024-09-11T21:47:57.294 INFO:teuthology.orchestra.run.smithi001.stdout:/usr/bin/ceph: stderr
2024-09-11T21:47:56.544+0000 7ffb5f44d640 1 -- 172.21.15.1:0/141963575 shutdown_connections
2024-09-11T21:47:57.294 INFO:teuthology.orchestra.run.smithi001.stdout:/usr/bin/ceph: stderr
2024-09-11T21:47:56.544+0000 7ffb5f44d640 1 -- 172.21.15.1:0/141963575 wait complete.
2024-09-11T21:47:57.294 INFO:teuthology.orchestra.run.smithi001.stdout:/usr/bin/ceph: stderr
2024-09-11T21:47:56.544+0000 7ffb5f44d640 1 Processor -- start
2024-09-11T21:47:57.294 INFO:teuthology.orchestra.run.smithi001.stdout:/usr/bin/ceph: stderr
2024-09-11T21:47:56.544+0000 7ffb5f44d640 1 -- start start
2024-09-11T21:47:57.294 INFO:teuthology.orchestra.run.smithi001.stdout:/usr/bin/ceph: stderr
2024-09-11T21:47:56.544+0000 7ffb5f44d640 1 --2- >> [v2:172.21.15.1:3300/0,v1:172.21.15.1:6789/0] conn(0x7ffb58108160 0x7ffb5819d8e0 unknown :-1 s=NONE pgs=0 cs=0 l=1 rev1=0 crypto rx=0 tx=0 comp rx=0 tx=0).connect
2024-09-11T21:47:57.294 INFO:teuthology.orchestra.run.smithi001.stdout:/usr/bin/ceph: stderr
2024-09-11T21:47:56.544+0000 7ffb5f44d640 1 -- --> [v2:172.21.15.1:3300/0,v1:172.21.15.1:6789/0] -- mon_getmap magic: 0 -- 0x7ffb5810bb30 con 0x7ffb58108160
2024-09-11T21:47:57.294 INFO:teuthology.orchestra.run.smithi001.stdout:/usr/bin/ceph: stderr
2024-09-11T21:47:56.545+0000 7ffb5d1e9640 1 --2- >> [v2:172.21.15.1:3300/0,v1:172.21.15.1:6789/0] conn(0x7ffb58108160 0x7ffb5819d8e0 unknown :-1 s=BANNER_CONNECTING pgs=0 cs=0 l=1 rev1=0 crypto rx=0 tx=0 comp rx=0 tx=0)._handle_peer_banner_payload supported=3 required=0
2024-09-11T21:47:57.294 INFO:teuthology.orchestra.run.smithi001.stdout:/usr/bin/ceph: stderr
2024-09-11T21:47:56.545+0000 7ffb5d1e9640 1 --2- >> [v2:172.21.15.1:3300/0,v1:172.21.15.1:6789/0] conn(0x7ffb58108160 0x7ffb5819d8e0 unknown :-1 s=HELLO_CONNECTING pgs=0 cs=0 l=1 rev1=1 crypto rx=0 tx=0 comp rx=0 tx=0).handle_hello peer v2:172.21.15.1:3300/0 says I am v2:172.21.15.1:53412/0 (socket says 172.21.15.1:53412)
2024-09-11T21:47:57.295 INFO:teuthology.orchestra.run.smithi001.stdout:/usr/bin/ceph: stderr
2024-09-11T21:47:56.545+0000 7ffb5d1e9640 1 -- 172.21.15.1:0/3736473820 learned_addr learned my addr 172.21.15.1:0/3736473820 (peer_addr_for_me v2:172.21.15.1:0/0)
2024-09-11T21:47:57.295 INFO:teuthology.orchestra.run.smithi001.stdout:/usr/bin/ceph: stderr
2024-09-11T21:47:56.545+0000 7ffb5d1e9640 1 -- 172.21.15.1:0/3736473820 --> [v2:172.21.15.1:3300/0,v1:172.21.15.1:6789/0] -- mon_subscribe({config=0+,monmap=0+}) -- 0x7ffb5819de20 con 0x7ffb58108160
2024-09-11T21:47:57.295 INFO:teuthology.orchestra.run.smithi001.stdout:/usr/bin/ceph: stderr
2024-09-11T21:47:56.545+0000 7ffb5d1e9640 1 --2- 172.21.15.1:0/3736473820 >> [v2:172.21.15.1:3300/0,v1:172.21.15.1:6789/0] conn(0x7ffb58108160 0x7ffb5819d8e0 secure :-1 s=READY pgs=25 cs=0 l=1 rev1=1 crypto rx=0x7ffb54031000 tx=0x7ffb540326e0 comp rx=0 tx=0).ready entity=mon.0 client_cookie=0 server_cookie=0 in_seq=0 out_seq=0
2024-09-11T21:47:57.295 INFO:teuthology.orchestra.run.smithi001.stdout:/usr/bin/ceph: stderr
2024-09-11T21:47:56.545+0000 7ffb4e7fc640 1 -- 172.21.15.1:0/3736473820 <== mon.0 v2:172.21.15.1:3300/0 1 ==== mon_map magic: 0 ==== 205+0+0 (secure 0 0 0) 0x7ffb54042070 con 0x7ffb58108160
2024-09-11T21:47:57.295 INFO:teuthology.orchestra.run.smithi001.stdout:/usr/bin/ceph: stderr
2024-09-11T21:47:56.545+0000 7ffb4e7fc640 1 -- 172.21.15.1:0/3736473820 <== mon.0 v2:172.21.15.1:3300/0 2 ==== config(27 keys) ==== 1109+0+0 (secure 0 0 0) 0x7ffb54032be0 con 0x7ffb58108160
2024-09-11T21:47:57.295 INFO:teuthology.orchestra.run.smithi001.stdout:/usr/bin/ceph: stderr
2024-09-11T21:47:56.545+0000 7ffb5f44d640 1 -- 172.21.15.1:0/3736473820 --> [v2:172.21.15.1:3300/0,v1:172.21.15.1:6789/0] -- mon_subscribe({mgrmap=0+}) -- 0x7ffb5819e0b0 con 0x7ffb58108160
2024-09-11T21:47:57.295 INFO:teuthology.orchestra.run.smithi001.stdout:/usr/bin/ceph: stderr
2024-09-11T21:47:56.545+0000 7ffb4e7fc640 1 -- 172.21.15.1:0/3736473820 <== mon.0 v2:172.21.15.1:3300/0 3 ==== mon_map magic: 0 ==== 205+0+0 (secure 0 0 0) 0x7ffb54037040 con 0x7ffb58108160
2024-09-11T21:47:57.295 INFO:teuthology.orchestra.run.smithi001.stdout:/usr/bin/ceph: stderr
2024-09-11T21:47:56.545+0000 7ffb5f44d640 1 -- 172.21.15.1:0/3736473820 --> [v2:172.21.15.1:3300/0,v1:172.21.15.1:6789/0] -- mon_subscribe({osdmap=0}) -- 0x7ffb581a0da0 con 0x7ffb58108160
2024-09-11T21:47:57.295 INFO:teuthology.orchestra.run.smithi001.stdout:/usr/bin/ceph: stderr
2024-09-11T21:47:56.546+0000 7ffb4e7fc640 1 -- 172.21.15.1:0/3736473820 <== mon.0 v2:172.21.15.1:3300/0 4 ==== mgrmap(e 5) ==== 46287+0+0 (secure 0 0 0) 0x7ffb54045070 con 0x7ffb58108160
2024-09-11T21:47:57.295 INFO:teuthology.orchestra.run.smithi001.stdout:/usr/bin/ceph: stderr
2024-09-11T21:47:56.546+0000 7ffb4e7fc640 1 --2- 172.21.15.1:0/3736473820 >> [v2:172.21.15.1:6800/2311309446,v1:172.21.15.1:6801/2311309446] conn(0x7ffb44038fc0 0x7ffb4403b480 unknown :-1 s=NONE pgs=0 cs=0 l=1 rev1=0 crypto rx=0 tx=0 comp rx=0 tx=0).connect
2024-09-11T21:47:57.295 INFO:teuthology.orchestra.run.smithi001.stdout:/usr/bin/ceph: stderr
2024-09-11T21:47:56.546+0000 7ffb5f44d640 1 -- 172.21.15.1:0/3736473820 --> [v2:172.21.15.1:3300/0,v1:172.21.15.1:6789/0] -- mon_command({"prefix": "get_command_descriptions"} v 0) -- 0x7ffb581085c0 con 0x7ffb58108160
2024-09-11T21:47:57.295 INFO:teuthology.orchestra.run.smithi001.stdout:/usr/bin/ceph: stderr
2024-09-11T21:47:56.546+0000 7ffb4e7fc640 1 -- 172.21.15.1:0/3736473820 <== mon.0 v2:172.21.15.1:3300/0 5 ==== osd_map(1..1 src has 1..1) ==== 725+0+0 (secure 0 0 0) 0x7ffb5406bf40 con 0x7ffb58108160
2024-09-11T21:47:57.296 INFO:teuthology.orchestra.run.smithi001.stdout:/usr/bin/ceph: stderr
2024-09-11T21:47:56.547+0000 7ffb5c9e8640 1 -- 172.21.15.1:0/3736473820 >> [v2:172.21.15.1:6800/2311309446,v1:172.21.15.1:6801/2311309446] conn(0x7ffb44038fc0 msgr2=0x7ffb4403b480 unknown :-1 s=STATE_CONNECTING_RE l=1).process reconnect failed to v2:172.21.15.1:6800/2311309446
2024-09-11T21:47:57.296 INFO:teuthology.orchestra.run.smithi001.stdout:/usr/bin/ceph: stderr
2024-09-11T21:47:56.547+0000 7ffb5c9e8640 1 --2- 172.21.15.1:0/3736473820 >> [v2:172.21.15.1:6800/2311309446,v1:172.21.15.1:6801/2311309446] conn(0x7ffb44038fc0 0x7ffb4403b480 unknown :-1 s=START_CONNECT pgs=0 cs=0 l=1 rev1=0 crypto rx=0 tx=0 comp rx=0 tx=0)._fault waiting 0.200000
2024-09-11T21:47:57.296 INFO:teuthology.orchestra.run.smithi001.stdout:/usr/bin/ceph: stderr
2024-09-11T21:47:56.551+0000 7ffb4e7fc640 1 -- 172.21.15.1:0/3736473820 <== mon.0 v2:172.21.15.1:3300/0 6 ==== mon_command_ack([{"prefix": "get_command_descriptions"}]=0 v0) ==== 72+0+188821 (secure 0 0 0) 0x7ffb54045360 con 0x7ffb58108160
2024-09-11T21:47:57.296 INFO:teuthology.orchestra.run.smithi001.stdout:/usr/bin/ceph: stderr
2024-09-11T21:47:56.748+0000 7ffb5c9e8640 1 -- 172.21.15.1:0/3736473820 >> [v2:172.21.15.1:6800/2311309446,v1:172.21.15.1:6801/2311309446] conn(0x7ffb44038fc0 msgr2=0x7ffb4403b480 unknown :-1 s=STATE_CONNECTING_RE l=1).process reconnect failed to v2:172.21.15.1:6800/2311309446
2024-09-11T21:47:57.296 INFO:teuthology.orchestra.run.smithi001.stdout:/usr/bin/ceph: stderr
2024-09-11T21:47:56.748+0000 7ffb5c9e8640 1 --2- 172.21.15.1:0/3736473820 >> [v2:172.21.15.1:6800/2311309446,v1:172.21.15.1:6801/2311309446] conn(0x7ffb44038fc0 0x7ffb4403b480 unknown :-1 s=START_CONNECT pgs=0 cs=0 l=1 rev1=0 crypto rx=0 tx=0 comp rx=0 tx=0)._fault waiting 0.400000
2024-09-11T21:47:57.296 INFO:teuthology.orchestra.run.smithi001.stdout:/usr/bin/ceph: stderr
2024-09-11T21:47:56.778+0000 7ffb5f44d640 1 -- 172.21.15.1:0/3736473820 --> [v2:172.21.15.1:3300/0,v1:172.21.15.1:6789/0] -- mon_command({"prefix": "mgr stat"} v 0) -- 0x7ffb581a1010 con 0x7ffb58108160
2024-09-11T21:47:57.296 INFO:teuthology.orchestra.run.smithi001.stdout:/usr/bin/ceph: stderr
2024-09-11T21:47:56.779+0000 7ffb4e7fc640 1 -- 172.21.15.1:0/3736473820 <== mon.0 v2:172.21.15.1:3300/0 7 ==== mon_command_ack([{"prefix": "mgr stat"}]=0 v5) ==== 56+0+88 (secure 0 0 0) 0x7ffb581a1010 con 0x7ffb58108160
2024-09-11T21:47:57.296 INFO:teuthology.orchestra.run.smithi001.stdout:/usr/bin/ceph: stderr
2024-09-11T21:47:56.781+0000 7ffb5f44d640 1 -- 172.21.15.1:0/3736473820 >> [v2:172.21.15.1:6800/2311309446,v1:172.21.15.1:6801/2311309446] conn(0x7ffb44038fc0 msgr2=0x7ffb4403b480 unknown :-1 s=STATE_CONNECTING l=1).mark_down
2024-09-11T21:47:57.296 INFO:teuthology.orchestra.run.smithi001.stdout:/usr/bin/ceph: stderr
2024-09-11T21:47:56.781+0000 7ffb5f44d640 1 --2- 172.21.15.1:0/3736473820 >> [v2:172.21.15.1:6800/2311309446,v1:172.21.15.1:6801/2311309446] conn(0x7ffb44038fc0 0x7ffb4403b480 unknown :-1 s=START_CONNECT pgs=0 cs=0 l=1 rev1=0 crypto rx=0 tx=0 comp rx=0 tx=0).stop
2024-09-11T21:47:57.296 INFO:teuthology.orchestra.run.smithi001.stdout:/usr/bin/ceph: stderr
2024-09-11T21:47:56.781+0000 7ffb5f44d640 1 -- 172.21.15.1:0/3736473820 >> [v2:172.21.15.1:3300/0,v1:172.21.15.1:6789/0] conn(0x7ffb58108160 msgr2=0x7ffb5819d8e0 secure :-1 s=STATE_CONNECTION_ESTABLISHED l=1).mark_down
2024-09-11T21:47:57.296 INFO:teuthology.orchestra.run.smithi001.stdout:/usr/bin/ceph: stderr
2024-09-11T21:47:56.781+0000 7ffb5f44d640 1 --2- 172.21.15.1:0/3736473820 >> [v2:172.21.15.1:3300/0,v1:172.21.15.1:6789/0] conn(0x7ffb58108160 0x7ffb5819d8e0 secure :-1 s=READY pgs=25 cs=0 l=1 rev1=1 crypto rx=0x7ffb54031000 tx=0x7ffb540326e0 comp rx=0 tx=0).stop
2024-09-11T21:47:57.296 INFO:teuthology.orchestra.run.smithi001.stdout:/usr/bin/ceph: stderr
2024-09-11T21:47:56.781+0000 7ffb5f44d640 1 -- 172.21.15.1:0/3736473820 shutdown_connections
2024-09-11T21:47:57.296 INFO:teuthology.orchestra.run.smithi001.stdout:/usr/bin/ceph: stderr
2024-09-11T21:47:56.781+0000 7ffb5f44d640 1 --2- 172.21.15.1:0/3736473820 >> [v2:172.21.15.1:6800/2311309446,v1:172.21.15.1:6801/2311309446] conn(0x7ffb44038fc0 0x7ffb4403b480 unknown :-1 s=CLOSED pgs=0 cs=0 l=1 rev1=0 crypto rx=0 tx=0 comp rx=0 tx=0).stop
2024-09-11T21:47:57.297 INFO:teuthology.orchestra.run.smithi001.stdout:/usr/bin/ceph: stderr
2024-09-11T21:47:56.781+0000 7ffb5f44d640 1 --2- 172.21.15.1:0/3736473820 >> [v2:172.21.15.1:3300/0,v1:172.21.15.1:6789/0] conn(0x7ffb58108160 0x7ffb5819d8e0 unknown :-1 s=CLOSED pgs=25 cs=0 l=1 rev1=1 crypto rx=0 tx=0 comp rx=0 tx=0).stop
2024-09-11T21:47:57.297 INFO:teuthology.orchestra.run.smithi001.stdout:/usr/bin/ceph: stderr
2024-09-11T21:47:56.781+0000 7ffb5f44d640 1 -- 172.21.15.1:0/3736473820 >> 172.21.15.1:0/3736473820 conn(0x7ffb58101e20 msgr2=0x7ffb58102950 unknown :-1 s=STATE_NONE l=0).mark_down
2024-09-11T21:47:57.297 INFO:teuthology.orchestra.run.smithi001.stdout:/usr/bin/ceph: stderr
2024-09-11T21:47:56.781+0000 7ffb5f44d640 1 -- 172.21.15.1:0/3736473820 shutdown_connections
2024-09-11T21:47:57.297 INFO:teuthology.orchestra.run.smithi001.stdout:/usr/bin/ceph: stderr
2024-09-11T21:47:56.781+0000 7ffb5f44d640 1 -- 172.21.15.1:0/3736473820 wait complete.
2024-09-11T21:47:57.297 INFO:teuthology.orchestra.run.smithi001.stdout:Waiting for the mgr to restart...
2024-09-11T21:47:57.297 INFO:teuthology.orchestra.run.smithi001.stdout:Waiting for mgr epoch 5...
2024-09-11T21:47:57.863 INFO:journalctl@ceph.mon.a.smithi001.stdout:Sep 11 21:47:57 smithi001 ceph-mon[30935]: from='client.? 172.21.15.1:0/3736473820' entity='client.admin' cmd=[{"prefix": "mgr stat"}]: dispatch
2024-09-11T21:47:58.193 INFO:journalctl@ceph.mgr.x.smithi001.stdout:Sep 11 21:47:57 smithi001 ceph-3ffca83c-7087-11ef-bcea-c7b262605968-mgr-x[31161]:
2024-09-11T21:47:57.862+0000 7f420be6b040 -1 mgr[py] Module telemetry has missing NOTIFY_TYPES member
2024-09-11T21:47:58.193 INFO:journalctl@ceph.mgr.x.smithi001.stdout:Sep 11 21:47:57 smithi001 ceph-3ffca83c-7087-11ef-bcea-c7b262605968-mgr-x[31161]:
2024-09-11T21:47:57.933+0000 7f420be6b040 -1 mgr[py] Module balancer has missing NOTIFY_TYPES member
2024-09-11T21:47:58.943 INFO:journalctl@ceph.mgr.x.smithi001.stdout:Sep 11 21:47:58 smithi001 ceph-3ffca83c-7087-11ef-bcea-c7b262605968-mgr-x[31161]:
2024-09-11T21:47:58.677+0000 7f420be6b040 -1 mgr[py] Module rook has missing NOTIFY_TYPES member
2024-09-11T21:47:58.943 INFO:journalctl@ceph.mgr.x.smithi001.stdout:Sep 11 21:47:58 smithi001 ceph-3ffca83c-7087-11ef-bcea-c7b262605968-mgr-x[31161]:
2024-09-11T21:47:58.797+0000 7f420be6b040 -1 mgr[py] Module iostat has missing NOTIFY_TYPES member
2024-09-11T21:47:59.239 INFO:journalctl@ceph.mgr.x.smithi001.stdout:Sep 11 21:47:58 smithi001 ceph-3ffca83c-7087-11ef-bcea-c7b262605968-mgr-x[31161]:
2024-09-11T21:47:58.946+0000 7f420be6b040 -1 mgr[py] Module orchestrator has missing NOTIFY_TYPES member
2024-09-11T21:47:59.239 INFO:journalctl@ceph.mgr.x.smithi001.stdout:Sep 11 21:47:59 smithi001 ceph-3ffca83c-7087-11ef-bcea-c7b262605968-mgr-x[31161]:
2024-09-11T21:47:59.012+0000 7f420be6b040 -1 mgr[py] Module devicehealth has missing NOTIFY_TYPES member
2024-09-11T21:47:59.239 INFO:journalctl@ceph.mgr.x.smithi001.stdout:Sep 11 21:47:59 smithi001 ceph-3ffca83c-7087-11ef-bcea-c7b262605968-mgr-x[31161]:
2024-09-11T21:47:59.167+0000 7f420be6b040 -1 mgr[py] Module rgw has missing NOTIFY_TYPES member
2024-09-11T21:47:59.239 INFO:journalctl@ceph.mgr.x.smithi001.stdout:Sep 11 21:47:59 smithi001 ceph-3ffca83c-7087-11ef-bcea-c7b262605968-mgr-x[31161]:
2024-09-11T21:47:59.238+0000 7f420be6b040 -1 mgr[py] Module alerts has missing NOTIFY_TYPES member
2024-09-11T21:47:59.552 INFO:journalctl@ceph.mgr.x.smithi001.stdout:Sep 11 21:47:59 smithi001 ceph-3ffca83c-7087-11ef-bcea-c7b262605968-mgr-x[31161]:
2024-09-11T21:47:59.301+0000 7f420be6b040 -1 mgr[py] Module progress has missing NOTIFY_TYPES member
2024-09-11T21:47:59.552 INFO:journalctl@ceph.mgr.x.smithi001.stdout:Sep 11 21:47:59 smithi001 ceph-3ffca83c-7087-11ef-bcea-c7b262605968-mgr-x[31161]:
2024-09-11T21:47:59.466+0000 7f420be6b040 -1 mgr[py] Module nfs has missing NOTIFY_TYPES member
2024-09-11T21:47:59.552 INFO:journalctl@ceph.mgr.x.smithi001.stdout:Sep 11 21:47:59 smithi001 ceph-3ffca83c-7087-11ef-bcea-c7b262605968-mgr-x[31161]:
2024-09-11T21:47:59.551+0000 7f420be6b040 -1 mgr[py] Module status has missing NOTIFY_TYPES member
2024-09-11T21:47:59.847 INFO:journalctl@ceph.mgr.x.smithi001.stdout:Sep 11 21:47:59 smithi001 ceph-3ffca83c-7087-11ef-bcea-c7b262605968-mgr-x[31161]:
2024-09-11T21:47:59.637+0000 7f420be6b040 -1 mgr[py] Module pg_autoscaler has missing NOTIFY_TYPES member
2024-09-11T21:47:59.848 INFO:journalctl@ceph.mgr.x.smithi001.stdout:Sep 11 21:47:59 smithi001 ceph-3ffca83c-7087-11ef-bcea-c7b262605968-mgr-x[31161]:
2024-09-11T21:47:59.723+0000 7f420be6b040 -1 mgr[py] Module rbd_support has missing NOTIFY_TYPES member
2024-09-11T21:47:59.848 INFO:journalctl@ceph.mgr.x.smithi001.stdout:Sep 11 21:47:59 smithi001 ceph-3ffca83c-7087-11ef-bcea-c7b262605968-mgr-x[31161]:
2024-09-11T21:47:59.785+0000 7f420be6b040 -1 mgr[py] Module influx has missing NOTIFY_TYPES member
2024-09-11T21:47:59.848 INFO:journalctl@ceph.mgr.x.smithi001.stdout:Sep 11 21:47:59 smithi001 ceph-3ffca83c-7087-11ef-bcea-c7b262605968-mgr-x[31161]:
2024-09-11T21:47:59.846+0000 7f420be6b040 -1 mgr[py] Module zabbix has missing NOTIFY_TYPES member
2024-09-11T21:48:00.943 INFO:journalctl@ceph.mgr.x.smithi001.stdout:Sep 11 21:48:00 smithi001 ceph-3ffca83c-7087-11ef-bcea-c7b262605968-mgr-x[31161]:
2024-09-11T21:48:00.672+0000 7f420be6b040 -1 mgr[py] Module telegraf has missing NOTIFY_TYPES member
2024-09-11T21:48:00.943 INFO:journalctl@ceph.mon.a.smithi001.stdout:Sep 11 21:48:00 smithi001 ceph-mon[30935]: Active manager daemon x restarted
2024-09-11T21:48:00.944 INFO:journalctl@ceph.mon.a.smithi001.stdout:Sep 11 21:48:00 smithi001 ceph-mon[30935]: Activating manager daemon x
2024-09-11T21:48:00.944 INFO:journalctl@ceph.mon.a.smithi001.stdout:Sep 11 21:48:00 smithi001 ceph-mon[30935]: osdmap e2: 0 total, 0 up, 0 in
2024-09-11T21:48:00.944 INFO:journalctl@ceph.mon.a.smithi001.stdout:Sep 11 21:48:00 smithi001 ceph-mon[30935]: mgrmap e6: x(active, starting, since 0.00362813s)
2024-09-11T21:48:00.944 INFO:journalctl@ceph.mon.a.smithi001.stdout:Sep 11 21:48:00 smithi001 ceph-mon[30935]: from='mgr.14118 172.21.15.1:0/779986856' entity='mgr.x' cmd=[{"prefix": "mon metadata", "id": "a"}]: dispatch
2024-09-11T21:48:00.944 INFO:journalctl@ceph.mon.a.smithi001.stdout:Sep 11 21:48:00 smithi001 ceph-mon[30935]: from='mgr.14118 172.21.15.1:0/779986856' entity='mgr.x' cmd=[{"prefix": "mgr metadata", "who": "x", "id": "x"}]: dispatch
2024-09-11T21:48:00.944 INFO:journalctl@ceph.mon.a.smithi001.stdout:Sep 11 21:48:00 smithi001 ceph-mon[30935]: from='mgr.14118 172.21.15.1:0/779986856' entity='mgr.x' cmd=[{"prefix": "mds metadata"}]: dispatch
2024-09-11T21:48:00.944 INFO:journalctl@ceph.mon.a.smithi001.stdout:Sep 11 21:48:00 smithi001 ceph-mon[30935]: from='mgr.14118 172.21.15.1:0/779986856' entity='mgr.x' cmd=[{"prefix": "osd metadata"}]: dispatch
2024-09-11T21:48:00.944 INFO:journalctl@ceph.mon.a.smithi001.stdout:Sep 11 21:48:00 smithi001 ceph-mon[30935]: from='mgr.14118 172.21.15.1:0/779986856' entity='mgr.x' cmd=[{"prefix": "mon metadata"}]: dispatch
2024-09-11T21:48:00.944 INFO:journalctl@ceph.mon.a.smithi001.stdout:Sep 11 21:48:00 smithi001 ceph-mon[30935]: Manager daemon x is now available
2024-09-11T21:48:00.944 INFO:journalctl@ceph.mon.a.smithi001.stdout:Sep 11 21:48:00 smithi001 ceph-mon[30935]: from='mgr.14118 172.21.15.1:0/779986856' entity='mgr.x'
2024-09-11T21:48:00.944 INFO:journalctl@ceph.mon.a.smithi001.stdout:Sep 11 21:48:00 smithi001 ceph-mon[30935]: from='mgr.14118 172.21.15.1:0/779986856' entity='mgr.x'
2024-09-11T21:48:00.944 INFO:journalctl@ceph.mon.a.smithi001.stdout:Sep 11 21:48:00 smithi001 ceph-mon[30935]: from='mgr.14118 172.21.15.1:0/779986856' entity='mgr.x' cmd=[{"prefix": "config dump", "format": "json"}]: dispatch
2024-09-11T21:48:00.945 INFO:journalctl@ceph.mon.a.smithi001.stdout:Sep 11 21:48:00 smithi001 ceph-mon[30935]: from='mgr.14118 172.21.15.1:0/779986856' entity='mgr.x' cmd=[{"prefix": "config dump", "format": "json"}]: dispatch
2024-09-11T21:48:00.945 INFO:journalctl@ceph.mon.a.smithi001.stdout:Sep 11 21:48:00 smithi001 ceph-mon[30935]: from='mgr.14118 172.21.15.1:0/779986856' entity='mgr.x' cmd=[{"prefix":"config rm","who":"mgr","name":"mgr/rbd_support/x/mirror_snapshot_schedule"}]: dispatch
2024-09-11T21:48:00.945 INFO:journalctl@ceph.mon.a.smithi001.stdout:Sep 11 21:48:00 smithi001 ceph-mon[30935]: from='mgr.14118 172.21.15.1:0/779986856' entity='mgr.x' cmd=[{"prefix":"config rm","who":"mgr","name":"mgr/rbd_support/x/trash_purge_schedule"}]: dispatch
2024-09-11T21:48:02.257 INFO:teuthology.orchestra.run.smithi001.stdout:/usr/bin/ceph: stdout {
2024-09-11T21:48:02.258 INFO:teuthology.orchestra.run.smithi001.stdout:/usr/bin/ceph: stdout "mgrmap_epoch": 7,
2024-09-11T21:48:02.258 INFO:teuthology.orchestra.run.smithi001.stdout:/usr/bin/ceph: stdout "initialized": true
2024-09-11T21:48:02.258 INFO:teuthology.orchestra.run.smithi001.stdout:/usr/bin/ceph: stdout }
2024-09-11T21:48:02.258 INFO:teuthology.orchestra.run.smithi001.stdout:/usr/bin/ceph: stderr
2024-09-11T21:47:57.707+0000 7f53cc834640 1 Processor -- start
2024-09-11T21:48:02.258 INFO:teuthology.orchestra.run.smithi001.stdout:/usr/bin/ceph: stderr
2024-09-11T21:47:57.707+0000 7f53cc834640 1 -- start start
2024-09-11T21:48:02.258 INFO:teuthology.orchestra.run.smithi001.stdout:/usr/bin/ceph: stderr
2024-09-11T21:47:57.707+0000 7f53cc834640 1 --2- >> [v2:172.21.15.1:3300/0,v1:172.21.15.1:6789/0] conn(0x7f53c8108190 0x7f53c810a580 unknown :-1 s=NONE pgs=0 cs=0 l=0 rev1=0 crypto rx=0 tx=0 comp rx=0 tx=0).connect
2024-09-11T21:48:02.258 INFO:teuthology.orchestra.run.smithi001.stdout:/usr/bin/ceph: stderr
2024-09-11T21:47:57.707+0000 7f53cc834640 1 -- --> [v2:172.21.15.1:3300/0,v1:172.21.15.1:6789/0] -- mon_getmap magic: 0 -- 0x7f53c807be60 con 0x7f53c8108190
2024-09-11T21:48:02.258 INFO:teuthology.orchestra.run.smithi001.stdout:/usr/bin/ceph: stderr
2024-09-11T21:47:57.708+0000 7f53c659c640 1 --2- >> [v2:172.21.15.1:3300/0,v1:172.21.15.1:6789/0] conn(0x7f53c8108190 0x7f53c810a580 unknown :-1 s=BANNER_CONNECTING pgs=0 cs=0 l=0 rev1=0 crypto rx=0 tx=0 comp rx=0 tx=0)._handle_peer_banner_payload supported=3 required=0
2024-09-11T21:48:02.258 INFO:teuthology.orchestra.run.smithi001.stdout:/usr/bin/ceph: stderr
2024-09-11T21:47:57.708+0000 7f53c659c640 1 --2- >> [v2:172.21.15.1:3300/0,v1:172.21.15.1:6789/0] conn(0x7f53c8108190 0x7f53c810a580 unknown :-1 s=HELLO_CONNECTING pgs=0 cs=0 l=0 rev1=1 crypto rx=0 tx=0 comp rx=0 tx=0).handle_hello peer v2:172.21.15.1:3300/0 says I am v2:172.21.15.1:53428/0 (socket says 172.21.15.1:53428)
2024-09-11T21:48:02.258 INFO:teuthology.orchestra.run.smithi001.stdout:/usr/bin/ceph: stderr
2024-09-11T21:47:57.708+0000 7f53c659c640 1 -- 172.21.15.1:0/3916368217 learned_addr learned my addr 172.21.15.1:0/3916368217 (peer_addr_for_me v2:172.21.15.1:0/0)
2024-09-11T21:48:02.259 INFO:teuthology.orchestra.run.smithi001.stdout:/usr/bin/ceph: stderr
2024-09-11T21:47:57.708+0000 7f53c659c640 1 -- 172.21.15.1:0/3916368217 --> [v2:172.21.15.1:3300/0,v1:172.21.15.1:6789/0] -- mon_subscribe({config=0+,monmap=0+}) -- 0x7f53c810aac0 con 0x7f53c8108190
2024-09-11T21:48:02.259 INFO:teuthology.orchestra.run.smithi001.stdout:/usr/bin/ceph: stderr
2024-09-11T21:47:57.709+0000 7f53c659c640 1 --2- 172.21.15.1:0/3916368217 >> [v2:172.21.15.1:3300/0,v1:172.21.15.1:6789/0] conn(0x7f53c8108190 0x7f53c810a580 secure :-1 s=READY pgs=26 cs=0 l=1 rev1=1 crypto rx=0x7f53b8009820 tx=0x7f53b802a270 comp rx=0 tx=0).ready entity=mon.0 client_cookie=7d2281f6d47cbf00 server_cookie=0 in_seq=0 out_seq=0
2024-09-11T21:48:02.259 INFO:teuthology.orchestra.run.smithi001.stdout:/usr/bin/ceph: stderr
2024-09-11T21:47:57.709+0000 7f53c5d9b640 1 -- 172.21.15.1:0/3916368217 <== mon.0 v2:172.21.15.1:3300/0 1 ==== mon_map magic: 0 ==== 205+0+0 (secure 0 0 0) 0x7f53b8037070 con 0x7f53c8108190
2024-09-11T21:48:02.259 INFO:teuthology.orchestra.run.smithi001.stdout:/usr/bin/ceph: stderr
2024-09-11T21:47:57.709+0000 7f53c5d9b640 1 -- 172.21.15.1:0/3916368217 <== mon.0 v2:172.21.15.1:3300/0 2 ==== config(27 keys) ==== 1109+0+0 (secure 0 0 0) 0x7f53b8032900 con 0x7f53c8108190
2024-09-11T21:48:02.259 INFO:teuthology.orchestra.run.smithi001.stdout:/usr/bin/ceph: stderr
2024-09-11T21:47:57.709+0000 7f53c5d9b640 1 -- 172.21.15.1:0/3916368217 <== mon.0 v2:172.21.15.1:3300/0 3 ==== mon_map magic: 0 ==== 205+0+0 (secure 0 0 0) 0x7f53b8030850 con 0x7f53c8108190
2024-09-11T21:48:02.259 INFO:teuthology.orchestra.run.smithi001.stdout:/usr/bin/ceph: stderr
2024-09-11T21:47:57.710+0000 7f53cc834640 1 -- 172.21.15.1:0/3916368217 >> [v2:172.21.15.1:3300/0,v1:172.21.15.1:6789/0] conn(0x7f53c8108190 msgr2=0x7f53c810a580 secure :-1 s=STATE_CONNECTION_ESTABLISHED l=1).mark_down
2024-09-11T21:48:02.259 INFO:teuthology.orchestra.run.smithi001.stdout:/usr/bin/ceph: stderr
2024-09-11T21:47:57.710+0000 7f53cc834640 1 --2- 172.21.15.1:0/3916368217 >> [v2:172.21.15.1:3300/0,v1:172.21.15.1:6789/0] conn(0x7f53c8108190 0x7f53c810a580 secure :-1 s=READY pgs=26 cs=0 l=1 rev1=1 crypto rx=0x7f53b8009820 tx=0x7f53b802a270 comp rx=0 tx=0).stop
2024-09-11T21:48:02.259 INFO:teuthology.orchestra.run.smithi001.stdout:/usr/bin/ceph: stderr
2024-09-11T21:47:57.710+0000 7f53cc834640 1 -- 172.21.15.1:0/3916368217 shutdown_connections
2024-09-11T21:48:02.259 INFO:teuthology.orchestra.run.smithi001.stdout:/usr/bin/ceph: stderr
2024-09-11T21:47:57.710+0000 7f53cc834640 1 --2- 172.21.15.1:0/3916368217 >> [v2:172.21.15.1:3300/0,v1:172.21.15.1:6789/0] conn(0x7f53c8108190 0x7f53c810a580 unknown :-1 s=CLOSED pgs=26 cs=0 l=1 rev1=1 crypto rx=0 tx=0 comp rx=0 tx=0).stop
2024-09-11T21:48:02.259 INFO:teuthology.orchestra.run.smithi001.stdout:/usr/bin/ceph: stderr
2024-09-11T21:47:57.710+0000 7f53cc834640 1 -- 172.21.15.1:0/3916368217 >> 172.21.15.1:0/3916368217 conn(0x7f53c8101db0 msgr2=0x7f53c81041f0 unknown :-1 s=STATE_NONE l=0).mark_down
2024-09-11T21:48:02.259 INFO:teuthology.orchestra.run.smithi001.stdout:/usr/bin/ceph: stderr
2024-09-11T21:47:57.710+0000 7f53cc834640 1 -- 172.21.15.1:0/3916368217 shutdown_connections
2024-09-11T21:48:02.259 INFO:teuthology.orchestra.run.smithi001.stdout:/usr/bin/ceph: stderr
2024-09-11T21:47:57.710+0000 7f53cc834640 1 -- 172.21.15.1:0/3916368217 wait complete.
2024-09-11T21:48:02.260 INFO:teuthology.orchestra.run.smithi001.stdout:/usr/bin/ceph: stderr
2024-09-11T21:47:57.711+0000 7f53cc834640 1 Processor -- start
2024-09-11T21:48:02.260 INFO:teuthology.orchestra.run.smithi001.stdout:/usr/bin/ceph: stderr
2024-09-11T21:47:57.711+0000 7f53cc834640 1 -- start start
2024-09-11T21:48:02.260 INFO:teuthology.orchestra.run.smithi001.stdout:/usr/bin/ceph: stderr
2024-09-11T21:47:57.711+0000 7f53cc834640 1 --2- >> [v2:172.21.15.1:3300/0,v1:172.21.15.1:6789/0] conn(0x7f53c8108190 0x7f53c819b6d0 unknown :-1 s=NONE pgs=0 cs=0 l=1 rev1=0 crypto rx=0 tx=0 comp rx=0 tx=0).connect
2024-09-11T21:48:02.260 INFO:teuthology.orchestra.run.smithi001.stdout:/usr/bin/ceph: stderr
2024-09-11T21:47:57.711+0000 7f53cc834640 1 -- --> [v2:172.21.15.1:3300/0,v1:172.21.15.1:6789/0] -- mon_getmap magic: 0 -- 0x7f53c810bb00 con 0x7f53c8108190
2024-09-11T21:48:02.260 INFO:teuthology.orchestra.run.smithi001.stdout:/usr/bin/ceph: stderr
2024-09-11T21:47:57.711+0000 7f53c659c640 1 --2- >> [v2:172.21.15.1:3300/0,v1:172.21.15.1:6789/0] conn(0x7f53c8108190 0x7f53c819b6d0 unknown :-1 s=BANNER_CONNECTING pgs=0 cs=0 l=1 rev1=0 crypto rx=0 tx=0 comp rx=0 tx=0)._handle_peer_banner_payload supported=3 required=0
2024-09-11T21:48:02.260 INFO:teuthology.orchestra.run.smithi001.stdout:/usr/bin/ceph: stderr
2024-09-11T21:47:57.711+0000 7f53c659c640 1 --2- >> [v2:172.21.15.1:3300/0,v1:172.21.15.1:6789/0] conn(0x7f53c8108190 0x7f53c819b6d0 unknown :-1 s=HELLO_CONNECTING pgs=0 cs=0 l=1 rev1=1 crypto rx=0 tx=0 comp rx=0 tx=0).handle_hello peer v2:172.21.15.1:3300/0 says I am v2:172.21.15.1:53432/0 (socket says 172.21.15.1:53432)
2024-09-11T21:48:02.260 INFO:teuthology.orchestra.run.smithi001.stdout:/usr/bin/ceph: stderr
2024-09-11T21:47:57.711+0000 7f53c659c640 1 -- 172.21.15.1:0/291278394 learned_addr learned my addr 172.21.15.1:0/291278394 (peer_addr_for_me v2:172.21.15.1:0/0)
2024-09-11T21:48:02.260 INFO:teuthology.orchestra.run.smithi001.stdout:/usr/bin/ceph: stderr
2024-09-11T21:47:57.712+0000 7f53c659c640 1 -- 172.21.15.1:0/291278394 --> [v2:172.21.15.1:3300/0,v1:172.21.15.1:6789/0] -- mon_subscribe({config=0+,monmap=0+}) -- 0x7f53c819bc10 con 0x7f53c8108190
2024-09-11T21:48:02.260 INFO:teuthology.orchestra.run.smithi001.stdout:/usr/bin/ceph: stderr
2024-09-11T21:47:57.712+0000 7f53c659c640 1 --2- 172.21.15.1:0/291278394 >> [v2:172.21.15.1:3300/0,v1:172.21.15.1:6789/0] conn(0x7f53c8108190 0x7f53c819b6d0 secure :-1 s=READY pgs=27 cs=0 l=1 rev1=1 crypto rx=0x7f53b8031000 tx=0x7f53b80326e0 comp rx=0 tx=0).ready entity=mon.0 client_cookie=0 server_cookie=0 in_seq=0 out_seq=0
2024-09-11T21:48:02.260 INFO:teuthology.orchestra.run.smithi001.stdout:/usr/bin/ceph: stderr
2024-09-11T21:47:57.712+0000 7f53bf7fe640 1 -- 172.21.15.1:0/291278394 <== mon.0 v2:172.21.15.1:3300/0 1 ==== mon_map magic: 0 ==== 205+0+0 (secure 0 0 0) 0x7f53b8042070 con 0x7f53c8108190
2024-09-11T21:48:02.260 INFO:teuthology.orchestra.run.smithi001.stdout:/usr/bin/ceph: stderr
2024-09-11T21:47:57.712+0000 7f53bf7fe640 1 -- 172.21.15.1:0/291278394 <== mon.0 v2:172.21.15.1:3300/0 2 ==== config(27 keys) ==== 1109+0+0 (secure 0 0 0) 0x7f53b8032be0 con 0x7f53c8108190
2024-09-11T21:48:02.261 INFO:teuthology.orchestra.run.smithi001.stdout:/usr/bin/ceph: stderr
2024-09-11T21:47:57.712+0000 7f53cc834640 1 -- 172.21.15.1:0/291278394 --> [v2:172.21.15.1:3300/0,v1:172.21.15.1:6789/0] -- mon_subscribe({mgrmap=0+}) -- 0x7f53c819bea0 con 0x7f53c8108190
2024-09-11T21:48:02.261 INFO:teuthology.orchestra.run.smithi001.stdout:/usr/bin/ceph: stderr
2024-09-11T21:47:57.712+0000 7f53bf7fe640 1 -- 172.21.15.1:0/291278394 <== mon.0 v2:172.21.15.1:3300/0 3 ==== mon_map magic: 0 ==== 205+0+0 (secure 0 0 0) 0x7f53b8037040 con 0x7f53c8108190
2024-09-11T21:48:02.261 INFO:teuthology.orchestra.run.smithi001.stdout:/usr/bin/ceph: stderr
2024-09-11T21:47:57.712+0000 7f53cc834640 1 -- 172.21.15.1:0/291278394 --> [v2:172.21.15.1:3300/0,v1:172.21.15.1:6789/0] -- mon_subscribe({osdmap=0}) -- 0x7f53c819eb90 con 0x7f53c8108190
2024-09-11T21:48:02.261 INFO:teuthology.orchestra.run.smithi001.stdout:/usr/bin/ceph: stderr
2024-09-11T21:47:57.713+0000 7f53bf7fe640 1 -- 172.21.15.1:0/291278394 <== mon.0 v2:172.21.15.1:3300/0 4 ==== mgrmap(e 5) ==== 46287+0+0 (secure 0 0 0) 0x7f53b8045070 con 0x7f53c8108190
2024-09-11T21:48:02.261 INFO:teuthology.orchestra.run.smithi001.stdout:/usr/bin/ceph: stderr
