2024-09-11T22:05:09.793+0000 7fb5632f7640 1 -- 172.21.15.92:0/806804910 wait complete.
2024-09-11T22:05:11.416 INFO:teuthology.orchestra.run.smithi092.stdout:/usr/bin/ceph: stderr
2024-09-11T22:05:09.793+0000 7fb5632f7640 1 Processor -- start
2024-09-11T22:05:11.416 INFO:teuthology.orchestra.run.smithi092.stdout:/usr/bin/ceph: stderr
2024-09-11T22:05:09.793+0000 7fb5632f7640 1 -- start start
2024-09-11T22:05:11.416 INFO:teuthology.orchestra.run.smithi092.stdout:/usr/bin/ceph: stderr
2024-09-11T22:05:09.793+0000 7fb5632f7640 1 --2- >> [v2:172.21.15.92:3300/0,v1:172.21.15.92:6789/0] conn(0x7fb55c107420 0x7fb55c19b3e0 unknown :-1 s=NONE pgs=0 cs=0 l=1 rev1=0 crypto rx=0 tx=0 comp rx=0 tx=0).connect
2024-09-11T22:05:11.417 INFO:teuthology.orchestra.run.smithi092.stdout:/usr/bin/ceph: stderr
2024-09-11T22:05:09.793+0000 7fb5632f7640 1 -- --> [v2:172.21.15.92:3300/0,v1:172.21.15.92:6789/0] -- mon_getmap magic: 0 -- 0x7fb55c10b9d0 con 0x7fb55c107420
2024-09-11T22:05:11.417 INFO:teuthology.orchestra.run.smithi092.stdout:/usr/bin/ceph: stderr
2024-09-11T22:05:09.793+0000 7fb561093640 1 --2- >> [v2:172.21.15.92:3300/0,v1:172.21.15.92:6789/0] conn(0x7fb55c107420 0x7fb55c19b3e0 unknown :-1 s=BANNER_CONNECTING pgs=0 cs=0 l=1 rev1=0 crypto rx=0 tx=0 comp rx=0 tx=0)._handle_peer_banner_payload supported=3 required=0
2024-09-11T22:05:11.417 INFO:teuthology.orchestra.run.smithi092.stdout:/usr/bin/ceph: stderr
2024-09-11T22:05:09.793+0000 7fb561093640 1 --2- >> [v2:172.21.15.92:3300/0,v1:172.21.15.92:6789/0] conn(0x7fb55c107420 0x7fb55c19b3e0 unknown :-1 s=HELLO_CONNECTING pgs=0 cs=0 l=1 rev1=1 crypto rx=0 tx=0 comp rx=0 tx=0).handle_hello peer v2:172.21.15.92:3300/0 says I am v2:172.21.15.92:52182/0 (socket says 172.21.15.92:52182)
2024-09-11T22:05:11.417 INFO:teuthology.orchestra.run.smithi092.stdout:/usr/bin/ceph: stderr
2024-09-11T22:05:09.793+0000 7fb561093640 1 -- 172.21.15.92:0/1229504181 learned_addr learned my addr 172.21.15.92:0/1229504181 (peer_addr_for_me v2:172.21.15.92:0/0)
2024-09-11T22:05:11.417 INFO:teuthology.orchestra.run.smithi092.stdout:/usr/bin/ceph: stderr
2024-09-11T22:05:09.794+0000 7fb561093640 1 -- 172.21.15.92:0/1229504181 --> [v2:172.21.15.92:3300/0,v1:172.21.15.92:6789/0] -- mon_subscribe({config=0+,monmap=0+}) -- 0x7fb55c19b920 con 0x7fb55c107420
2024-09-11T22:05:11.417 INFO:teuthology.orchestra.run.smithi092.stdout:/usr/bin/ceph: stderr
2024-09-11T22:05:09.794+0000 7fb561093640 1 --2- 172.21.15.92:0/1229504181 >> [v2:172.21.15.92:3300/0,v1:172.21.15.92:6789/0] conn(0x7fb55c107420 0x7fb55c19b3e0 secure :-1 s=READY pgs=54 cs=0 l=1 rev1=1 crypto rx=0x7fb54c009940 tx=0x7fb54c030cc0 comp rx=0 tx=0).ready entity=mon.0 client_cookie=0 server_cookie=0 in_seq=0 out_seq=0
2024-09-11T22:05:11.417 INFO:teuthology.orchestra.run.smithi092.stdout:/usr/bin/ceph: stderr
2024-09-11T22:05:09.794+0000 7fb5527fc640 1 -- 172.21.15.92:0/1229504181 <== mon.0 v2:172.21.15.92:3300/0 1 ==== mon_map magic: 0 ==== 205+0+0 (secure 0 0 0) 0x7fb54c042070 con 0x7fb55c107420
2024-09-11T22:05:11.417 INFO:teuthology.orchestra.run.smithi092.stdout:/usr/bin/ceph: stderr
2024-09-11T22:05:09.794+0000 7fb5527fc640 1 -- 172.21.15.92:0/1229504181 <== mon.0 v2:172.21.15.92:3300/0 2 ==== config(26 keys) ==== 1102+0+0 (secure 0 0 0) 0x7fb54c030e30 con 0x7fb55c107420
2024-09-11T22:05:11.417 INFO:teuthology.orchestra.run.smithi092.stdout:/usr/bin/ceph: stderr
2024-09-11T22:05:09.794+0000 7fb5632f7640 1 -- 172.21.15.92:0/1229504181 --> [v2:172.21.15.92:3300/0,v1:172.21.15.92:6789/0] -- mon_subscribe({mgrmap=0+}) -- 0x7fb55c19bbb0 con 0x7fb55c107420
2024-09-11T22:05:11.417 INFO:teuthology.orchestra.run.smithi092.stdout:/usr/bin/ceph: stderr
2024-09-11T22:05:09.794+0000 7fb5527fc640 1 -- 172.21.15.92:0/1229504181 <== mon.0 v2:172.21.15.92:3300/0 3 ==== mon_map magic: 0 ==== 205+0+0 (secure 0 0 0) 0x7fb54c037040 con 0x7fb55c107420
2024-09-11T22:05:11.417 INFO:teuthology.orchestra.run.smithi092.stdout:/usr/bin/ceph: stderr
2024-09-11T22:05:09.794+0000 7fb5632f7640 1 -- 172.21.15.92:0/1229504181 --> [v2:172.21.15.92:3300/0,v1:172.21.15.92:6789/0] -- mon_subscribe({osdmap=0}) -- 0x7fb55c19e8a0 con 0x7fb55c107420
2024-09-11T22:05:11.417 INFO:teuthology.orchestra.run.smithi092.stdout:/usr/bin/ceph: stderr
2024-09-11T22:05:09.795+0000 7fb5527fc640 1 -- 172.21.15.92:0/1229504181 <== mon.0 v2:172.21.15.92:3300/0 4 ==== mgrmap(e 8) ==== 46287+0+0 (secure 0 0 0) 0x7fb54c045070 con 0x7fb55c107420
2024-09-11T22:05:11.417 INFO:teuthology.orchestra.run.smithi092.stdout:/usr/bin/ceph: stderr
2024-09-11T22:05:09.795+0000 7fb5527fc640 1 --2- 172.21.15.92:0/1229504181 >> [v2:172.21.15.92:6800/733069068,v1:172.21.15.92:6801/733069068] conn(0x7fb548038f70 0x7fb54803b430 unknown :-1 s=NONE pgs=0 cs=0 l=1 rev1=0 crypto rx=0 tx=0 comp rx=0 tx=0).connect
2024-09-11T22:05:11.417 INFO:teuthology.orchestra.run.smithi092.stdout:/usr/bin/ceph: stderr
2024-09-11T22:05:09.795+0000 7fb5527fc640 1 -- 172.21.15.92:0/1229504181 <== mon.0 v2:172.21.15.92:3300/0 5 ==== osd_map(2..2 src has 1..2) ==== 940+0+0 (secure 0 0 0) 0x7fb54c06c0c0 con 0x7fb55c107420
2024-09-11T22:05:11.418 INFO:teuthology.orchestra.run.smithi092.stdout:/usr/bin/ceph: stderr
2024-09-11T22:05:09.795+0000 7fb5632f7640 1 -- 172.21.15.92:0/1229504181 --> [v2:172.21.15.92:3300/0,v1:172.21.15.92:6789/0] -- mon_command({"prefix": "get_command_descriptions"} v 0) -- 0x7fb55c10bb50 con 0x7fb55c107420
2024-09-11T22:05:11.418 INFO:teuthology.orchestra.run.smithi092.stdout:/usr/bin/ceph: stderr
2024-09-11T22:05:09.795+0000 7fb560892640 1 --2- 172.21.15.92:0/1229504181 >> [v2:172.21.15.92:6800/733069068,v1:172.21.15.92:6801/733069068] conn(0x7fb548038f70 0x7fb54803b430 unknown :-1 s=BANNER_CONNECTING pgs=0 cs=0 l=1 rev1=0 crypto rx=0 tx=0 comp rx=0 tx=0)._handle_peer_banner_payload supported=3 required=0
2024-09-11T22:05:11.418 INFO:teuthology.orchestra.run.smithi092.stdout:/usr/bin/ceph: stderr
2024-09-11T22:05:09.795+0000 7fb560892640 1 --2- 172.21.15.92:0/1229504181 >> [v2:172.21.15.92:6800/733069068,v1:172.21.15.92:6801/733069068] conn(0x7fb548038f70 0x7fb54803b430 secure :-1 s=READY pgs=16 cs=0 l=1 rev1=1 crypto rx=0x7fb5580098c0 tx=0x7fb558006db0 comp rx=0 tx=0).ready entity=mgr.14118 client_cookie=0 server_cookie=0 in_seq=0 out_seq=0
2024-09-11T22:05:11.418 INFO:teuthology.orchestra.run.smithi092.stdout:/usr/bin/ceph: stderr
2024-09-11T22:05:09.800+0000 7fb5527fc640 1 -- 172.21.15.92:0/1229504181 <== mon.0 v2:172.21.15.92:3300/0 6 ==== mon_command_ack([{"prefix": "get_command_descriptions"}]=0 v0) ==== 72+0+188821 (secure 0 0 0) 0x7fb54c045360 con 0x7fb55c107420
2024-09-11T22:05:11.418 INFO:teuthology.orchestra.run.smithi092.stdout:/usr/bin/ceph: stderr
2024-09-11T22:05:10.020+0000 7fb5632f7640 1 -- 172.21.15.92:0/1229504181 --> [v2:172.21.15.92:3300/0,v1:172.21.15.92:6789/0] -- mon_command({"prefix": "mgr module enable", "module": "dashboard"} v 0) -- 0x7fb55c19ea70 con 0x7fb55c107420
2024-09-11T22:05:11.418 INFO:teuthology.orchestra.run.smithi092.stdout:/usr/bin/ceph: stderr
2024-09-11T22:05:10.730+0000 7fb5527fc640 1 -- 172.21.15.92:0/1229504181 <== mon.0 v2:172.21.15.92:3300/0 7 ==== mon_command_ack([{"prefix": "mgr module enable", "module": "dashboard"}]=0 v9) ==== 88+0+0 (secure 0 0 0) 0x7fb54c06ba50 con 0x7fb55c107420
2024-09-11T22:05:11.418 INFO:teuthology.orchestra.run.smithi092.stdout:/usr/bin/ceph: stderr
2024-09-11T22:05:10.732+0000 7fb5527fc640 1 -- 172.21.15.92:0/1229504181 <== mon.0 v2:172.21.15.92:3300/0 8 ==== mgrmap(e 9) ==== 46300+0+0 (secure 0 0 0) 0x7fb54c03b330 con 0x7fb55c107420
2024-09-11T22:05:11.418 INFO:teuthology.orchestra.run.smithi092.stdout:/usr/bin/ceph: stderr
2024-09-11T22:05:10.733+0000 7fb5632f7640 1 -- 172.21.15.92:0/1229504181 >> [v2:172.21.15.92:6800/733069068,v1:172.21.15.92:6801/733069068] conn(0x7fb548038f70 msgr2=0x7fb54803b430 secure :-1 s=STATE_CONNECTION_ESTABLISHED l=1).mark_down
2024-09-11T22:05:11.418 INFO:teuthology.orchestra.run.smithi092.stdout:/usr/bin/ceph: stderr
2024-09-11T22:05:10.733+0000 7fb5632f7640 1 --2- 172.21.15.92:0/1229504181 >> [v2:172.21.15.92:6800/733069068,v1:172.21.15.92:6801/733069068] conn(0x7fb548038f70 0x7fb54803b430 secure :-1 s=READY pgs=16 cs=0 l=1 rev1=1 crypto rx=0x7fb5580098c0 tx=0x7fb558006db0 comp rx=0 tx=0).stop
2024-09-11T22:05:11.418 INFO:teuthology.orchestra.run.smithi092.stdout:/usr/bin/ceph: stderr
2024-09-11T22:05:10.733+0000 7fb5632f7640 1 -- 172.21.15.92:0/1229504181 >> [v2:172.21.15.92:3300/0,v1:172.21.15.92:6789/0] conn(0x7fb55c107420 msgr2=0x7fb55c19b3e0 secure :-1 s=STATE_CONNECTION_ESTABLISHED l=1).mark_down
2024-09-11T22:05:11.418 INFO:teuthology.orchestra.run.smithi092.stdout:/usr/bin/ceph: stderr
2024-09-11T22:05:10.733+0000 7fb5632f7640 1 --2- 172.21.15.92:0/1229504181 >> [v2:172.21.15.92:3300/0,v1:172.21.15.92:6789/0] conn(0x7fb55c107420 0x7fb55c19b3e0 secure :-1 s=READY pgs=54 cs=0 l=1 rev1=1 crypto rx=0x7fb54c009940 tx=0x7fb54c030cc0 comp rx=0 tx=0).stop
2024-09-11T22:05:11.418 INFO:teuthology.orchestra.run.smithi092.stdout:/usr/bin/ceph: stderr
2024-09-11T22:05:10.733+0000 7fb5632f7640 1 -- 172.21.15.92:0/1229504181 shutdown_connections
2024-09-11T22:05:11.418 INFO:teuthology.orchestra.run.smithi092.stdout:/usr/bin/ceph: stderr
2024-09-11T22:05:10.733+0000 7fb5632f7640 1 --2- 172.21.15.92:0/1229504181 >> [v2:172.21.15.92:6800/733069068,v1:172.21.15.92:6801/733069068] conn(0x7fb548038f70 0x7fb54803b430 unknown :-1 s=CLOSED pgs=16 cs=0 l=1 rev1=1 crypto rx=0 tx=0 comp rx=0 tx=0).stop
2024-09-11T22:05:11.418 INFO:teuthology.orchestra.run.smithi092.stdout:/usr/bin/ceph: stderr
2024-09-11T22:05:10.733+0000 7fb5632f7640 1 --2- 172.21.15.92:0/1229504181 >> [v2:172.21.15.92:3300/0,v1:172.21.15.92:6789/0] conn(0x7fb55c107420 0x7fb55c19b3e0 unknown :-1 s=CLOSED pgs=54 cs=0 l=1 rev1=1 crypto rx=0 tx=0 comp rx=0 tx=0).stop
2024-09-11T22:05:11.419 INFO:teuthology.orchestra.run.smithi092.stdout:/usr/bin/ceph: stderr
2024-09-11T22:05:10.733+0000 7fb5632f7640 1 -- 172.21.15.92:0/1229504181 >> 172.21.15.92:0/1229504181 conn(0x7fb55c102bb0 msgr2=0x7fb55c1036e0 unknown :-1 s=STATE_NONE l=0).mark_down
2024-09-11T22:05:11.419 INFO:teuthology.orchestra.run.smithi092.stdout:/usr/bin/ceph: stderr
2024-09-11T22:05:10.733+0000 7fb5632f7640 1 -- 172.21.15.92:0/1229504181 shutdown_connections
2024-09-11T22:05:11.419 INFO:teuthology.orchestra.run.smithi092.stdout:/usr/bin/ceph: stderr
2024-09-11T22:05:10.733+0000 7fb5632f7640 1 -- 172.21.15.92:0/1229504181 wait complete.
2024-09-11T22:05:11.718 INFO:journalctl@ceph.mgr.x.smithi092.stdout:Sep 11 22:05:11 smithi092 ceph-a6709e28-7089-11ef-bcea-c7b262605968-mgr-x[31397]:
2024-09-11T22:05:11.453+0000 7f8ec9ae0040 -1 mgr[py] Module snap_schedule has missing NOTIFY_TYPES member
2024-09-11T22:05:12.003 INFO:journalctl@ceph.mon.a.smithi092.stdout:Sep 11 22:05:11 smithi092 ceph-mon[31173]: from='client.? 172.21.15.92:0/1229504181' entity='client.admin' cmd='[{"prefix": "mgr module enable", "module": "dashboard"}]': finished
2024-09-11T22:05:12.003 INFO:journalctl@ceph.mon.a.smithi092.stdout:Sep 11 22:05:11 smithi092 ceph-mon[31173]: mgrmap e9: x(active, since 17s)
2024-09-11T22:05:12.003 INFO:journalctl@ceph.mgr.x.smithi092.stdout:Sep 11 22:05:11 smithi092 ceph-a6709e28-7089-11ef-bcea-c7b262605968-mgr-x[31397]:
2024-09-11T22:05:11.774+0000 7f8ec9ae0040 -1 mgr[py] Module prometheus has missing NOTIFY_TYPES member
2024-09-11T22:05:12.003 INFO:journalctl@ceph.mgr.x.smithi092.stdout:Sep 11 22:05:11 smithi092 ceph-a6709e28-7089-11ef-bcea-c7b262605968-mgr-x[31397]:
2024-09-11T22:05:11.839+0000 7f8ec9ae0040 -1 mgr[py] Module selftest has missing NOTIFY_TYPES member
2024-09-11T22:05:12.268 INFO:journalctl@ceph.mgr.x.smithi092.stdout:Sep 11 22:05:12 smithi092 ceph-a6709e28-7089-11ef-bcea-c7b262605968-mgr-x[31397]:
2024-09-11T22:05:12.029+0000 7f8ec9ae0040 -1 mgr[py] Module volumes has missing NOTIFY_TYPES member
2024-09-11T22:05:12.563 INFO:teuthology.orchestra.run.smithi092.stdout:/usr/bin/ceph: stdout {
2024-09-11T22:05:12.563 INFO:teuthology.orchestra.run.smithi092.stdout:/usr/bin/ceph: stdout "epoch": 9,
2024-09-11T22:05:12.563 INFO:teuthology.orchestra.run.smithi092.stdout:/usr/bin/ceph: stdout "available": true,
2024-09-11T22:05:12.563 INFO:teuthology.orchestra.run.smithi092.stdout:/usr/bin/ceph: stdout "active_name": "x",
2024-09-11T22:05:12.563 INFO:teuthology.orchestra.run.smithi092.stdout:/usr/bin/ceph: stdout "num_standby": 0
2024-09-11T22:05:12.563 INFO:teuthology.orchestra.run.smithi092.stdout:/usr/bin/ceph: stdout }
2024-09-11T22:05:12.564 INFO:teuthology.orchestra.run.smithi092.stdout:/usr/bin/ceph: stderr
2024-09-11T22:05:11.796+0000 7f1400c3e640 1 Processor -- start
2024-09-11T22:05:12.564 INFO:teuthology.orchestra.run.smithi092.stdout:/usr/bin/ceph: stderr
2024-09-11T22:05:11.796+0000 7f1400c3e640 1 -- start start
2024-09-11T22:05:12.564 INFO:teuthology.orchestra.run.smithi092.stdout:/usr/bin/ceph: stderr
2024-09-11T22:05:11.796+0000 7f1400c3e640 1 --2- >> [v2:172.21.15.92:3300/0,v1:172.21.15.92:6789/0] conn(0x7f13fc107ec0 0x7f13fc10a2b0 unknown :-1 s=NONE pgs=0 cs=0 l=0 rev1=0 crypto rx=0 tx=0 comp rx=0 tx=0).connect
2024-09-11T22:05:12.564 INFO:teuthology.orchestra.run.smithi092.stdout:/usr/bin/ceph: stderr
2024-09-11T22:05:11.796+0000 7f1400c3e640 1 -- --> [v2:172.21.15.92:3300/0,v1:172.21.15.92:6789/0] -- mon_getmap magic: 0 -- 0x7f13fc07be10 con 0x7f13fc107ec0
2024-09-11T22:05:12.564 INFO:teuthology.orchestra.run.smithi092.stdout:/usr/bin/ceph: stderr
2024-09-11T22:05:11.796+0000 7f13fa59c640 1 --2- >> [v2:172.21.15.92:3300/0,v1:172.21.15.92:6789/0] conn(0x7f13fc107ec0 0x7f13fc10a2b0 unknown :-1 s=BANNER_CONNECTING pgs=0 cs=0 l=0 rev1=0 crypto rx=0 tx=0 comp rx=0 tx=0)._handle_peer_banner_payload supported=3 required=0
2024-09-11T22:05:12.564 INFO:teuthology.orchestra.run.smithi092.stdout:/usr/bin/ceph: stderr
2024-09-11T22:05:11.796+0000 7f13fa59c640 1 --2- >> [v2:172.21.15.92:3300/0,v1:172.21.15.92:6789/0] conn(0x7f13fc107ec0 0x7f13fc10a2b0 unknown :-1 s=HELLO_CONNECTING pgs=0 cs=0 l=0 rev1=1 crypto rx=0 tx=0 comp rx=0 tx=0).handle_hello peer v2:172.21.15.92:3300/0 says I am v2:172.21.15.92:52218/0 (socket says 172.21.15.92:52218)
2024-09-11T22:05:12.564 INFO:teuthology.orchestra.run.smithi092.stdout:/usr/bin/ceph: stderr
2024-09-11T22:05:11.796+0000 7f13fa59c640 1 -- 172.21.15.92:0/3529532586 learned_addr learned my addr 172.21.15.92:0/3529532586 (peer_addr_for_me v2:172.21.15.92:0/0)
2024-09-11T22:05:12.564 INFO:teuthology.orchestra.run.smithi092.stdout:/usr/bin/ceph: stderr
2024-09-11T22:05:11.796+0000 7f13fa59c640 1 -- 172.21.15.92:0/3529532586 --> [v2:172.21.15.92:3300/0,v1:172.21.15.92:6789/0] -- mon_subscribe({config=0+,monmap=0+}) -- 0x7f13fc10a7f0 con 0x7f13fc107ec0
2024-09-11T22:05:12.564 INFO:teuthology.orchestra.run.smithi092.stdout:/usr/bin/ceph: stderr
2024-09-11T22:05:11.797+0000 7f13fa59c640 1 --2- 172.21.15.92:0/3529532586 >> [v2:172.21.15.92:3300/0,v1:172.21.15.92:6789/0] conn(0x7f13fc107ec0 0x7f13fc10a2b0 secure :-1 s=READY pgs=57 cs=0 l=1 rev1=1 crypto rx=0x7f13ec009820 tx=0x7f13ec02a270 comp rx=0 tx=0).ready entity=mon.0 client_cookie=bc500bcb652f9b6 server_cookie=0 in_seq=0 out_seq=0
2024-09-11T22:05:12.564 INFO:teuthology.orchestra.run.smithi092.stdout:/usr/bin/ceph: stderr
2024-09-11T22:05:11.797+0000 7f13f9d9b640 1 -- 172.21.15.92:0/3529532586 <== mon.0 v2:172.21.15.92:3300/0 1 ==== mon_map magic: 0 ==== 205+0+0 (secure 0 0 0) 0x7f13ec037070 con 0x7f13fc107ec0
2024-09-11T22:05:12.564 INFO:teuthology.orchestra.run.smithi092.stdout:/usr/bin/ceph: stderr
2024-09-11T22:05:11.797+0000 7f13f9d9b640 1 -- 172.21.15.92:0/3529532586 <== mon.0 v2:172.21.15.92:3300/0 2 ==== config(26 keys) ==== 1102+0+0 (secure 0 0 0) 0x7f13ec0328f0 con 0x7f13fc107ec0
2024-09-11T22:05:12.564 INFO:teuthology.orchestra.run.smithi092.stdout:/usr/bin/ceph: stderr
2024-09-11T22:05:11.797+0000 7f13f9d9b640 1 -- 172.21.15.92:0/3529532586 <== mon.0 v2:172.21.15.92:3300/0 3 ==== mon_map magic: 0 ==== 205+0+0 (secure 0 0 0) 0x7f13ec030740 con 0x7f13fc107ec0
2024-09-11T22:05:12.564 INFO:teuthology.orchestra.run.smithi092.stdout:/usr/bin/ceph: stderr
2024-09-11T22:05:11.798+0000 7f1400c3e640 1 -- 172.21.15.92:0/3529532586 >> [v2:172.21.15.92:3300/0,v1:172.21.15.92:6789/0] conn(0x7f13fc107ec0 msgr2=0x7f13fc10a2b0 secure :-1 s=STATE_CONNECTION_ESTABLISHED l=1).mark_down
2024-09-11T22:05:12.565 INFO:teuthology.orchestra.run.smithi092.stdout:/usr/bin/ceph: stderr
2024-09-11T22:05:11.798+0000 7f1400c3e640 1 --2- 172.21.15.92:0/3529532586 >> [v2:172.21.15.92:3300/0,v1:172.21.15.92:6789/0] conn(0x7f13fc107ec0 0x7f13fc10a2b0 secure :-1 s=READY pgs=57 cs=0 l=1 rev1=1 crypto rx=0x7f13ec009820 tx=0x7f13ec02a270 comp rx=0 tx=0).stop
2024-09-11T22:05:12.565 INFO:teuthology.orchestra.run.smithi092.stdout:/usr/bin/ceph: stderr
2024-09-11T22:05:11.798+0000 7f1400c3e640 1 -- 172.21.15.92:0/3529532586 shutdown_connections
2024-09-11T22:05:12.565 INFO:teuthology.orchestra.run.smithi092.stdout:/usr/bin/ceph: stderr
2024-09-11T22:05:11.798+0000 7f1400c3e640 1 --2- 172.21.15.92:0/3529532586 >> [v2:172.21.15.92:3300/0,v1:172.21.15.92:6789/0] conn(0x7f13fc107ec0 0x7f13fc10a2b0 unknown :-1 s=CLOSED pgs=57 cs=0 l=1 rev1=1 crypto rx=0 tx=0 comp rx=0 tx=0).stop
2024-09-11T22:05:12.565 INFO:teuthology.orchestra.run.smithi092.stdout:/usr/bin/ceph: stderr
2024-09-11T22:05:11.798+0000 7f1400c3e640 1 -- 172.21.15.92:0/3529532586 >> 172.21.15.92:0/3529532586 conn(0x7f13fc101ac0 msgr2=0x7f13fc103ee0 unknown :-1 s=STATE_NONE l=0).mark_down
2024-09-11T22:05:12.565 INFO:teuthology.orchestra.run.smithi092.stdout:/usr/bin/ceph: stderr
2024-09-11T22:05:11.798+0000 7f1400c3e640 1 -- 172.21.15.92:0/3529532586 shutdown_connections
2024-09-11T22:05:12.565 INFO:teuthology.orchestra.run.smithi092.stdout:/usr/bin/ceph: stderr
2024-09-11T22:05:11.798+0000 7f1400c3e640 1 -- 172.21.15.92:0/3529532586 wait complete.
2024-09-11T22:05:12.565 INFO:teuthology.orchestra.run.smithi092.stdout:/usr/bin/ceph: stderr
2024-09-11T22:05:11.799+0000 7f1400c3e640 1 Processor -- start
2024-09-11T22:05:12.565 INFO:teuthology.orchestra.run.smithi092.stdout:/usr/bin/ceph: stderr
2024-09-11T22:05:11.799+0000 7f1400c3e640 1 -- start start
2024-09-11T22:05:12.565 INFO:teuthology.orchestra.run.smithi092.stdout:/usr/bin/ceph: stderr
2024-09-11T22:05:11.799+0000 7f1400c3e640 1 --2- >> [v2:172.21.15.92:3300/0,v1:172.21.15.92:6789/0] conn(0x7f13fc107ec0 0x7f13fc19b370 unknown :-1 s=NONE pgs=0 cs=0 l=1 rev1=0 crypto rx=0 tx=0 comp rx=0 tx=0).connect
2024-09-11T22:05:12.565 INFO:teuthology.orchestra.run.smithi092.stdout:/usr/bin/ceph: stderr
2024-09-11T22:05:11.799+0000 7f1400c3e640 1 -- --> [v2:172.21.15.92:3300/0,v1:172.21.15.92:6789/0] -- mon_getmap magic: 0 -- 0x7f13fc10b810 con 0x7f13fc107ec0
2024-09-11T22:05:12.565 INFO:teuthology.orchestra.run.smithi092.stdout:/usr/bin/ceph: stderr
2024-09-11T22:05:11.799+0000 7f13fa59c640 1 --2- >> [v2:172.21.15.92:3300/0,v1:172.21.15.92:6789/0] conn(0x7f13fc107ec0 0x7f13fc19b370 unknown :-1 s=BANNER_CONNECTING pgs=0 cs=0 l=1 rev1=0 crypto rx=0 tx=0 comp rx=0 tx=0)._handle_peer_banner_payload supported=3 required=0
2024-09-11T22:05:12.565 INFO:teuthology.orchestra.run.smithi092.stdout:/usr/bin/ceph: stderr
2024-09-11T22:05:11.799+0000 7f13fa59c640 1 --2- >> [v2:172.21.15.92:3300/0,v1:172.21.15.92:6789/0] conn(0x7f13fc107ec0 0x7f13fc19b370 unknown :-1 s=HELLO_CONNECTING pgs=0 cs=0 l=1 rev1=1 crypto rx=0 tx=0 comp rx=0 tx=0).handle_hello peer v2:172.21.15.92:3300/0 says I am v2:172.21.15.92:52228/0 (socket says 172.21.15.92:52228)
2024-09-11T22:05:12.565 INFO:teuthology.orchestra.run.smithi092.stdout:/usr/bin/ceph: stderr
2024-09-11T22:05:11.799+0000 7f13fa59c640 1 -- 172.21.15.92:0/2810555507 learned_addr learned my addr 172.21.15.92:0/2810555507 (peer_addr_for_me v2:172.21.15.92:0/0)
2024-09-11T22:05:12.566 INFO:teuthology.orchestra.run.smithi092.stdout:/usr/bin/ceph: stderr
2024-09-11T22:05:11.799+0000 7f13fa59c640 1 -- 172.21.15.92:0/2810555507 --> [v2:172.21.15.92:3300/0,v1:172.21.15.92:6789/0] -- mon_subscribe({config=0+,monmap=0+}) -- 0x7f13fc19b8b0 con 0x7f13fc107ec0
2024-09-11T22:05:12.566 INFO:teuthology.orchestra.run.smithi092.stdout:/usr/bin/ceph: stderr
2024-09-11T22:05:11.799+0000 7f13fa59c640 1 --2- 172.21.15.92:0/2810555507 >> [v2:172.21.15.92:3300/0,v1:172.21.15.92:6789/0] conn(0x7f13fc107ec0 0x7f13fc19b370 secure :-1 s=READY pgs=58 cs=0 l=1 rev1=1 crypto rx=0x7f13ec0097f0 tx=0x7f13ec030c70 comp rx=0 tx=0).ready entity=mon.0 client_cookie=0 server_cookie=0 in_seq=0 out_seq=0
2024-09-11T22:05:12.566 INFO:teuthology.orchestra.run.smithi092.stdout:/usr/bin/ceph: stderr
2024-09-11T22:05:11.800+0000 7f13f37fe640 1 -- 172.21.15.92:0/2810555507 <== mon.0 v2:172.21.15.92:3300/0 1 ==== mon_map magic: 0 ==== 205+0+0 (secure 0 0 0) 0x7f13ec042070 con 0x7f13fc107ec0
2024-09-11T22:05:12.566 INFO:teuthology.orchestra.run.smithi092.stdout:/usr/bin/ceph: stderr
2024-09-11T22:05:11.800+0000 7f13f37fe640 1 -- 172.21.15.92:0/2810555507 <== mon.0 v2:172.21.15.92:3300/0 2 ==== config(26 keys) ==== 1102+0+0 (secure 0 0 0) 0x7f13ec030d80 con 0x7f13fc107ec0
2024-09-11T22:05:12.566 INFO:teuthology.orchestra.run.smithi092.stdout:/usr/bin/ceph: stderr
2024-09-11T22:05:11.800+0000 7f13f37fe640 1 -- 172.21.15.92:0/2810555507 <== mon.0 v2:172.21.15.92:3300/0 3 ==== mon_map magic: 0 ==== 205+0+0 (secure 0 0 0) 0x7f13ec037040 con 0x7f13fc107ec0
2024-09-11T22:05:12.566 INFO:teuthology.orchestra.run.smithi092.stdout:/usr/bin/ceph: stderr
2024-09-11T22:05:11.800+0000 7f1400c3e640 1 -- 172.21.15.92:0/2810555507 --> [v2:172.21.15.92:3300/0,v1:172.21.15.92:6789/0] -- mon_subscribe({mgrmap=0+}) -- 0x7f13fc19bb40 con 0x7f13fc107ec0
2024-09-11T22:05:12.566 INFO:teuthology.orchestra.run.smithi092.stdout:/usr/bin/ceph: stderr
2024-09-11T22:05:11.800+0000 7f1400c3e640 1 -- 172.21.15.92:0/2810555507 --> [v2:172.21.15.92:3300/0,v1:172.21.15.92:6789/0] -- mon_subscribe({osdmap=0}) -- 0x7f13fc19e830 con 0x7f13fc107ec0
2024-09-11T22:05:12.566 INFO:teuthology.orchestra.run.smithi092.stdout:/usr/bin/ceph: stderr
2024-09-11T22:05:11.801+0000 7f13f37fe640 1 -- 172.21.15.92:0/2810555507 <== mon.0 v2:172.21.15.92:3300/0 4 ==== mgrmap(e 9) ==== 46300+0+0 (secure 0 0 0) 0x7f13ec045070 con 0x7f13fc107ec0
2024-09-11T22:05:12.566 INFO:teuthology.orchestra.run.smithi092.stdout:/usr/bin/ceph: stderr
2024-09-11T22:05:11.801+0000 7f1400c3e640 1 -- 172.21.15.92:0/2810555507 --> [v2:172.21.15.92:3300/0,v1:172.21.15.92:6789/0] -- mon_command({"prefix": "get_command_descriptions"} v 0) -- 0x7f13fc108320 con 0x7f13fc107ec0
2024-09-11T22:05:12.566 INFO:teuthology.orchestra.run.smithi092.stdout:/usr/bin/ceph: stderr
2024-09-11T22:05:11.801+0000 7f13f37fe640 1 --2- 172.21.15.92:0/2810555507 >> [v2:172.21.15.92:6800/733069068,v1:172.21.15.92:6801/733069068] conn(0x7f13e8038fc0 0x7f13e803b480 unknown :-1 s=NONE pgs=0 cs=0 l=1 rev1=0 crypto rx=0 tx=0 comp rx=0 tx=0).connect
2024-09-11T22:05:12.566 INFO:teuthology.orchestra.run.smithi092.stdout:/usr/bin/ceph: stderr
2024-09-11T22:05:11.801+0000 7f13f37fe640 1 -- 172.21.15.92:0/2810555507 <== mon.0 v2:172.21.15.92:3300/0 5 ==== osd_map(2..2 src has 1..2) ==== 940+0+0 (secure 0 0 0) 0x7f13ec06c0c0 con 0x7f13fc107ec0
2024-09-11T22:05:12.566 INFO:teuthology.orchestra.run.smithi092.stdout:/usr/bin/ceph: stderr
2024-09-11T22:05:11.801+0000 7f13f3fff640 1 -- 172.21.15.92:0/2810555507 >> [v2:172.21.15.92:6800/733069068,v1:172.21.15.92:6801/733069068] conn(0x7f13e8038fc0 msgr2=0x7f13e803b480 unknown :-1 s=STATE_CONNECTING_RE l=1).process reconnect failed to v2:172.21.15.92:6800/733069068
2024-09-11T22:05:12.566 INFO:teuthology.orchestra.run.smithi092.stdout:/usr/bin/ceph: stderr
2024-09-11T22:05:11.801+0000 7f13f3fff640 1 --2- 172.21.15.92:0/2810555507 >> [v2:172.21.15.92:6800/733069068,v1:172.21.15.92:6801/733069068] conn(0x7f13e8038fc0 0x7f13e803b480 unknown :-1 s=START_CONNECT pgs=0 cs=0 l=1 rev1=0 crypto rx=0 tx=0 comp rx=0 tx=0)._fault waiting 0.200000
2024-09-11T22:05:12.566 INFO:teuthology.orchestra.run.smithi092.stdout:/usr/bin/ceph: stderr
2024-09-11T22:05:11.805+0000 7f13f37fe640 1 -- 172.21.15.92:0/2810555507 <== mon.0 v2:172.21.15.92:3300/0 6 ==== mon_command_ack([{"prefix": "get_command_descriptions"}]=0 v0) ==== 72+0+188821 (secure 0 0 0) 0x7f13ec045520 con 0x7f13fc107ec0
2024-09-11T22:05:12.567 INFO:teuthology.orchestra.run.smithi092.stdout:/usr/bin/ceph: stderr
2024-09-11T22:05:12.002+0000 7f13f3fff640 1 -- 172.21.15.92:0/2810555507 >> [v2:172.21.15.92:6800/733069068,v1:172.21.15.92:6801/733069068] conn(0x7f13e8038fc0 msgr2=0x7f13e803b480 unknown :-1 s=STATE_CONNECTING_RE l=1).process reconnect failed to v2:172.21.15.92:6800/733069068
2024-09-11T22:05:12.567 INFO:teuthology.orchestra.run.smithi092.stdout:/usr/bin/ceph: stderr
2024-09-11T22:05:12.002+0000 7f13f3fff640 1 --2- 172.21.15.92:0/2810555507 >> [v2:172.21.15.92:6800/733069068,v1:172.21.15.92:6801/733069068] conn(0x7f13e8038fc0 0x7f13e803b480 unknown :-1 s=START_CONNECT pgs=0 cs=0 l=1 rev1=0 crypto rx=0 tx=0 comp rx=0 tx=0)._fault waiting 0.400000
2024-09-11T22:05:12.567 INFO:teuthology.orchestra.run.smithi092.stdout:/usr/bin/ceph: stderr
2024-09-11T22:05:12.024+0000 7f1400c3e640 1 -- 172.21.15.92:0/2810555507 --> [v2:172.21.15.92:3300/0,v1:172.21.15.92:6789/0] -- mon_command({"prefix": "mgr stat"} v 0) -- 0x7f13fc19ea00 con 0x7f13fc107ec0
2024-09-11T22:05:12.567 INFO:teuthology.orchestra.run.smithi092.stdout:/usr/bin/ceph: stderr
2024-09-11T22:05:12.025+0000 7f13f37fe640 1 -- 172.21.15.92:0/2810555507 <== mon.0 v2:172.21.15.92:3300/0 7 ==== mon_command_ack([{"prefix": "mgr stat"}]=0 v9) ==== 56+0+88 (secure 0 0 0) 0x7f13fc19ea00 con 0x7f13fc107ec0
2024-09-11T22:05:12.567 INFO:teuthology.orchestra.run.smithi092.stdout:/usr/bin/ceph: stderr
2024-09-11T22:05:12.027+0000 7f1400c3e640 1 -- 172.21.15.92:0/2810555507 >> [v2:172.21.15.92:6800/733069068,v1:172.21.15.92:6801/733069068] conn(0x7f13e8038fc0 msgr2=0x7f13e803b480 unknown :-1 s=STATE_CONNECTING l=1).mark_down
2024-09-11T22:05:12.567 INFO:teuthology.orchestra.run.smithi092.stdout:/usr/bin/ceph: stderr
2024-09-11T22:05:12.027+0000 7f1400c3e640 1 --2- 172.21.15.92:0/2810555507 >> [v2:172.21.15.92:6800/733069068,v1:172.21.15.92:6801/733069068] conn(0x7f13e8038fc0 0x7f13e803b480 unknown :-1 s=START_CONNECT pgs=0 cs=0 l=1 rev1=0 crypto rx=0 tx=0 comp rx=0 tx=0).stop
2024-09-11T22:05:12.567 INFO:teuthology.orchestra.run.smithi092.stdout:/usr/bin/ceph: stderr
2024-09-11T22:05:12.027+0000 7f1400c3e640 1 -- 172.21.15.92:0/2810555507 >> [v2:172.21.15.92:3300/0,v1:172.21.15.92:6789/0] conn(0x7f13fc107ec0 msgr2=0x7f13fc19b370 secure :-1 s=STATE_CONNECTION_ESTABLISHED l=1).mark_down
2024-09-11T22:05:12.567 INFO:teuthology.orchestra.run.smithi092.stdout:/usr/bin/ceph: stderr
2024-09-11T22:05:12.027+0000 7f1400c3e640 1 --2- 172.21.15.92:0/2810555507 >> [v2:172.21.15.92:3300/0,v1:172.21.15.92:6789/0] conn(0x7f13fc107ec0 0x7f13fc19b370 secure :-1 s=READY pgs=58 cs=0 l=1 rev1=1 crypto rx=0x7f13ec0097f0 tx=0x7f13ec030c70 comp rx=0 tx=0).stop
2024-09-11T22:05:12.567 INFO:teuthology.orchestra.run.smithi092.stdout:/usr/bin/ceph: stderr
2024-09-11T22:05:12.027+0000 7f1400c3e640 1 -- 172.21.15.92:0/2810555507 shutdown_connections
2024-09-11T22:05:12.567 INFO:teuthology.orchestra.run.smithi092.stdout:/usr/bin/ceph: stderr
2024-09-11T22:05:12.027+0000 7f1400c3e640 1 --2- 172.21.15.92:0/2810555507 >> [v2:172.21.15.92:6800/733069068,v1:172.21.15.92:6801/733069068] conn(0x7f13e8038fc0 0x7f13e803b480 unknown :-1 s=CLOSED pgs=0 cs=0 l=1 rev1=0 crypto rx=0 tx=0 comp rx=0 tx=0).stop
2024-09-11T22:05:12.567 INFO:teuthology.orchestra.run.smithi092.stdout:/usr/bin/ceph: stderr
2024-09-11T22:05:12.027+0000 7f1400c3e640 1 --2- 172.21.15.92:0/2810555507 >> [v2:172.21.15.92:3300/0,v1:172.21.15.92:6789/0] conn(0x7f13fc107ec0 0x7f13fc19b370 unknown :-1 s=CLOSED pgs=58 cs=0 l=1 rev1=1 crypto rx=0 tx=0 comp rx=0 tx=0).stop
2024-09-11T22:05:12.567 INFO:teuthology.orchestra.run.smithi092.stdout:/usr/bin/ceph: stderr
2024-09-11T22:05:12.027+0000 7f1400c3e640 1 -- 172.21.15.92:0/2810555507 >> 172.21.15.92:0/2810555507 conn(0x7f13fc101ac0 msgr2=0x7f13fc1025a0 unknown :-1 s=STATE_NONE l=0).mark_down
2024-09-11T22:05:12.567 INFO:teuthology.orchestra.run.smithi092.stdout:/usr/bin/ceph: stderr
2024-09-11T22:05:12.027+0000 7f1400c3e640 1 -- 172.21.15.92:0/2810555507 shutdown_connections
2024-09-11T22:05:12.568 INFO:teuthology.orchestra.run.smithi092.stdout:/usr/bin/ceph: stderr
2024-09-11T22:05:12.027+0000 7f1400c3e640 1 -- 172.21.15.92:0/2810555507 wait complete.
2024-09-11T22:05:12.568 INFO:teuthology.orchestra.run.smithi092.stdout:Waiting for the mgr to restart...
2024-09-11T22:05:12.568 INFO:teuthology.orchestra.run.smithi092.stdout:Waiting for mgr epoch 9...
2024-09-11T22:05:12.953 INFO:journalctl@ceph.mon.a.smithi092.stdout:Sep 11 22:05:12 smithi092 ceph-mon[31173]: from='client.? 172.21.15.92:0/2810555507' entity='client.admin' cmd=[{"prefix": "mgr stat"}]: dispatch
2024-09-11T22:05:13.268 INFO:journalctl@ceph.mgr.x.smithi092.stdout:Sep 11 22:05:12 smithi092 ceph-a6709e28-7089-11ef-bcea-c7b262605968-mgr-x[31397]:
2024-09-11T22:05:12.952+0000 7f8ec9ae0040 -1 mgr[py] Module telemetry has missing NOTIFY_TYPES member
2024-09-11T22:05:13.268 INFO:journalctl@ceph.mgr.x.smithi092.stdout:Sep 11 22:05:13 smithi092 ceph-a6709e28-7089-11ef-bcea-c7b262605968-mgr-x[31397]:
2024-09-11T22:05:13.020+0000 7f8ec9ae0040 -1 mgr[py] Module balancer has missing NOTIFY_TYPES member
2024-09-11T22:05:13.768 INFO:journalctl@ceph.mgr.x.smithi092.stdout:Sep 11 22:05:13 smithi092 ceph-a6709e28-7089-11ef-bcea-c7b262605968-mgr-x[31397]:
2024-09-11T22:05:13.729+0000 7f8ec9ae0040 -1 mgr[py] Module rook has missing NOTIFY_TYPES member
2024-09-11T22:05:14.201 INFO:journalctl@ceph.mgr.x.smithi092.stdout:Sep 11 22:05:13 smithi092 ceph-a6709e28-7089-11ef-bcea-c7b262605968-mgr-x[31397]:
2024-09-11T22:05:13.846+0000 7f8ec9ae0040 -1 mgr[py] Module iostat has missing NOTIFY_TYPES member
2024-09-11T22:05:14.201 INFO:journalctl@ceph.mgr.x.smithi092.stdout:Sep 11 22:05:13 smithi092 ceph-a6709e28-7089-11ef-bcea-c7b262605968-mgr-x[31397]:
2024-09-11T22:05:13.989+0000 7f8ec9ae0040 -1 mgr[py] Module orchestrator has missing NOTIFY_TYPES member
2024-09-11T22:05:14.201 INFO:journalctl@ceph.mgr.x.smithi092.stdout:Sep 11 22:05:14 smithi092 ceph-a6709e28-7089-11ef-bcea-c7b262605968-mgr-x[31397]:
2024-09-11T22:05:14.050+0000 7f8ec9ae0040 -1 mgr[py] Module devicehealth has missing NOTIFY_TYPES member
2024-09-11T22:05:14.202 INFO:journalctl@ceph.mgr.x.smithi092.stdout:Sep 11 22:05:14 smithi092 ceph-a6709e28-7089-11ef-bcea-c7b262605968-mgr-x[31397]:
2024-09-11T22:05:14.200+0000 7f8ec9ae0040 -1 mgr[py] Module rgw has missing NOTIFY_TYPES member
2024-09-11T22:05:14.486 INFO:journalctl@ceph.mgr.x.smithi092.stdout:Sep 11 22:05:14 smithi092 ceph-a6709e28-7089-11ef-bcea-c7b262605968-mgr-x[31397]:
2024-09-11T22:05:14.267+0000 7f8ec9ae0040 -1 mgr[py] Module alerts has missing NOTIFY_TYPES member
2024-09-11T22:05:14.486 INFO:journalctl@ceph.mgr.x.smithi092.stdout:Sep 11 22:05:14 smithi092 ceph-a6709e28-7089-11ef-bcea-c7b262605968-mgr-x[31397]:
2024-09-11T22:05:14.328+0000 7f8ec9ae0040 -1 mgr[py] Module progress has missing NOTIFY_TYPES member
2024-09-11T22:05:14.486 INFO:journalctl@ceph.mgr.x.smithi092.stdout:Sep 11 22:05:14 smithi092 ceph-a6709e28-7089-11ef-bcea-c7b262605968-mgr-x[31397]:
2024-09-11T22:05:14.485+0000 7f8ec9ae0040 -1 mgr[py] Module nfs has missing NOTIFY_TYPES member
2024-09-11T22:05:14.759 INFO:journalctl@ceph.mgr.x.smithi092.stdout:Sep 11 22:05:14 smithi092 ceph-a6709e28-7089-11ef-bcea-c7b262605968-mgr-x[31397]:
2024-09-11T22:05:14.550+0000 7f8ec9ae0040 -1 mgr[py] Module status has missing NOTIFY_TYPES member
2024-09-11T22:05:14.759 INFO:journalctl@ceph.mgr.x.smithi092.stdout:Sep 11 22:05:14 smithi092 ceph-a6709e28-7089-11ef-bcea-c7b262605968-mgr-x[31397]:
2024-09-11T22:05:14.616+0000 7f8ec9ae0040 -1 mgr[py] Module pg_autoscaler has missing NOTIFY_TYPES member
2024-09-11T22:05:14.759 INFO:journalctl@ceph.mgr.x.smithi092.stdout:Sep 11 22:05:14 smithi092 ceph-a6709e28-7089-11ef-bcea-c7b262605968-mgr-x[31397]:
2024-09-11T22:05:14.698+0000 7f8ec9ae0040 -1 mgr[py] Module rbd_support has missing NOTIFY_TYPES member
2024-09-11T22:05:14.759 INFO:journalctl@ceph.mgr.x.smithi092.stdout:Sep 11 22:05:14 smithi092 ceph-a6709e28-7089-11ef-bcea-c7b262605968-mgr-x[31397]:
2024-09-11T22:05:14.757+0000 7f8ec9ae0040 -1 mgr[py] Module influx has missing NOTIFY_TYPES member
2024-09-11T22:05:15.018 INFO:journalctl@ceph.mgr.x.smithi092.stdout:Sep 11 22:05:14 smithi092 ceph-a6709e28-7089-11ef-bcea-c7b262605968-mgr-x[31397]:
2024-09-11T22:05:14.816+0000 7f8ec9ae0040 -1 mgr[py] Module zabbix has missing NOTIFY_TYPES member
2024-09-11T22:05:16.018 INFO:journalctl@ceph.mgr.x.smithi092.stdout:Sep 11 22:05:15 smithi092 ceph-a6709e28-7089-11ef-bcea-c7b262605968-mgr-x[31397]:
2024-09-11T22:05:15.600+0000 7f8ec9ae0040 -1 mgr[py] Module telegraf has missing NOTIFY_TYPES member
2024-09-11T22:05:16.019 INFO:journalctl@ceph.mon.a.smithi092.stdout:Sep 11 22:05:15 smithi092 ceph-mon[31173]: Active manager daemon x restarted
2024-09-11T22:05:16.019 INFO:journalctl@ceph.mon.a.smithi092.stdout:Sep 11 22:05:15 smithi092 ceph-mon[31173]: Activating manager daemon x
2024-09-11T22:05:16.019 INFO:journalctl@ceph.mon.a.smithi092.stdout:Sep 11 22:05:15 smithi092 ceph-mon[31173]: osdmap e3: 0 total, 0 up, 0 in
2024-09-11T22:05:16.019 INFO:journalctl@ceph.mon.a.smithi092.stdout:Sep 11 22:05:15 smithi092 ceph-mon[31173]: mgrmap e10: x(active, starting, since 0.00338013s)
2024-09-11T22:05:16.019 INFO:journalctl@ceph.mon.a.smithi092.stdout:Sep 11 22:05:15 smithi092 ceph-mon[31173]: from='mgr.14150 172.21.15.92:0/925785703' entity='mgr.x' cmd=[{"prefix": "mon metadata", "id": "a"}]: dispatch
2024-09-11T22:05:16.019 INFO:journalctl@ceph.mon.a.smithi092.stdout:Sep 11 22:05:15 smithi092 ceph-mon[31173]: from='mgr.14150 172.21.15.92:0/925785703' entity='mgr.x' cmd=[{"prefix": "mgr metadata", "who": "x", "id": "x"}]: dispatch
2024-09-11T22:05:16.019 INFO:journalctl@ceph.mon.a.smithi092.stdout:Sep 11 22:05:15 smithi092 ceph-mon[31173]: from='mgr.14150 172.21.15.92:0/925785703' entity='mgr.x' cmd=[{"prefix": "mds metadata"}]: dispatch
2024-09-11T22:05:16.020 INFO:journalctl@ceph.mon.a.smithi092.stdout:Sep 11 22:05:15 smithi092 ceph-mon[31173]: from='mgr.14150 172.21.15.92:0/925785703' entity='mgr.x' cmd=[{"prefix": "osd metadata"}]: dispatch
2024-09-11T22:05:16.020 INFO:journalctl@ceph.mon.a.smithi092.stdout:Sep 11 22:05:15 smithi092 ceph-mon[31173]: from='mgr.14150 172.21.15.92:0/925785703' entity='mgr.x' cmd=[{"prefix": "mon metadata"}]: dispatch
2024-09-11T22:05:16.020 INFO:journalctl@ceph.mon.a.smithi092.stdout:Sep 11 22:05:15 smithi092 ceph-mon[31173]: Manager daemon x is now available
2024-09-11T22:05:16.020 INFO:journalctl@ceph.mon.a.smithi092.stdout:Sep 11 22:05:15 smithi092 ceph-mon[31173]: from='mgr.14150 172.21.15.92:0/925785703' entity='mgr.x' cmd=[{"prefix": "config dump", "format": "json"}]: dispatch
2024-09-11T22:05:16.020 INFO:journalctl@ceph.mon.a.smithi092.stdout:Sep 11 22:05:15 smithi092 ceph-mon[31173]: from='mgr.14150 172.21.15.92:0/925785703' entity='mgr.x' cmd=[{"prefix":"config rm","who":"mgr","name":"mgr/rbd_support/x/mirror_snapshot_schedule"}]: dispatch
2024-09-11T22:05:16.020 INFO:journalctl@ceph.mon.a.smithi092.stdout:Sep 11 22:05:15 smithi092 ceph-mon[31173]: from='mgr.14150 172.21.15.92:0/925785703' entity='mgr.x' cmd=[{"prefix":"config rm","who":"mgr","name":"mgr/rbd_support/x/trash_purge_schedule"}]: dispatch
2024-09-11T22:05:16.769 INFO:journalctl@ceph.mgr.x.smithi092.stdout:Sep 11 22:05:16 smithi092 ceph-a6709e28-7089-11ef-bcea-c7b262605968-mgr-x[31397]:
2024-09-11T22:05:16.635+0000 7f8e34df4640 -1 log_channel(cephadm) log [ERR] : [11/Sep/2024:22:05:16] ENGINE Error in HTTPServer.serve
2024-09-11T22:05:16.769 INFO:journalctl@ceph.mgr.x.smithi092.stdout:Sep 11 22:05:16 smithi092 ceph-a6709e28-7089-11ef-bcea-c7b262605968-mgr-x[31397]: Traceback (most recent call last):
2024-09-11T22:05:16.769 INFO:journalctl@ceph.mgr.x.smithi092.stdout:Sep 11 22:05:16 smithi092 ceph-a6709e28-7089-11ef-bcea-c7b262605968-mgr-x[31397]: File "/lib/python3.9/site-packages/cheroot/server.py", line 1823, in serve
2024-09-11T22:05:16.769 INFO:journalctl@ceph.mgr.x.smithi092.stdout:Sep 11 22:05:16 smithi092 ceph-a6709e28-7089-11ef-bcea-c7b262605968-mgr-x[31397]: self._connections.run(self.expiration_interval)
2024-09-11T22:05:16.769 INFO:journalctl@ceph.mgr.x.smithi092.stdout:Sep 11 22:05:16 smithi092 ceph-a6709e28-7089-11ef-bcea-c7b262605968-mgr-x[31397]: File "/lib/python3.9/site-packages/cheroot/connections.py", line 203, in run
2024-09-11T22:05:16.769 INFO:journalctl@ceph.mgr.x.smithi092.stdout:Sep 11 22:05:16 smithi092 ceph-a6709e28-7089-11ef-bcea-c7b262605968-mgr-x[31397]: self._run(expiration_interval)
2024-09-11T22:05:16.769 INFO:journalctl@ceph.mgr.x.smithi092.stdout:Sep 11 22:05:16 smithi092 ceph-a6709e28-7089-11ef-bcea-c7b262605968-mgr-x[31397]: File "/lib/python3.9/site-packages/cheroot/connections.py", line 246, in _run
2024-09-11T22:05:16.770 INFO:journalctl@ceph.mgr.x.smithi092.stdout:Sep 11 22:05:16 smithi092 ceph-a6709e28-7089-11ef-bcea-c7b262605968-mgr-x[31397]: new_conn = self._from_server_socket(self.server.socket)
2024-09-11T22:05:16.770 INFO:journalctl@ceph.mgr.x.smithi092.stdout:Sep 11 22:05:16 smithi092 ceph-a6709e28-7089-11ef-bcea-c7b262605968-mgr-x[31397]: File "/lib/python3.9/site-packages/cheroot/connections.py", line 300, in _from_server_socket
2024-09-11T22:05:16.770 INFO:journalctl@ceph.mgr.x.smithi092.stdout:Sep 11 22:05:16 smithi092 ceph-a6709e28-7089-11ef-bcea-c7b262605968-mgr-x[31397]: s, ssl_env = self.server.ssl_adapter.wrap(s)
2024-09-11T22:05:16.770 INFO:journalctl@ceph.mgr.x.smithi092.stdout:Sep 11 22:05:16 smithi092 ceph-a6709e28-7089-11ef-bcea-c7b262605968-mgr-x[31397]: File "/lib/python3.9/site-packages/cheroot/ssl/builtin.py", line 277, in wrap
2024-09-11T22:05:16.770 INFO:journalctl@ceph.mgr.x.smithi092.stdout:Sep 11 22:05:16 smithi092 ceph-a6709e28-7089-11ef-bcea-c7b262605968-mgr-x[31397]: s = self.context.wrap_socket(
2024-09-11T22:05:16.770 INFO:journalctl@ceph.mgr.x.smithi092.stdout:Sep 11 22:05:16 smithi092 ceph-a6709e28-7089-11ef-bcea-c7b262605968-mgr-x[31397]: File "/lib64/python3.9/ssl.py", line 501, in wrap_socket
2024-09-11T22:05:16.770 INFO:journalctl@ceph.mgr.x.smithi092.stdout:Sep 11 22:05:16 smithi092 ceph-a6709e28-7089-11ef-bcea-c7b262605968-mgr-x[31397]: return self.sslsocket_class._create(
2024-09-11T22:05:16.770 INFO:journalctl@ceph.mgr.x.smithi092.stdout:Sep 11 22:05:16 smithi092 ceph-a6709e28-7089-11ef-bcea-c7b262605968-mgr-x[31397]: File "/lib64/python3.9/ssl.py", line 1074, in _create
2024-09-11T22:05:16.770 INFO:journalctl@ceph.mgr.x.smithi092.stdout:Sep 11 22:05:16 smithi092 ceph-a6709e28-7089-11ef-bcea-c7b262605968-mgr-x[31397]: self.do_handshake()
2024-09-11T22:05:16.770 INFO:journalctl@ceph.mgr.x.smithi092.stdout:Sep 11 22:05:16 smithi092 ceph-a6709e28-7089-11ef-bcea-c7b262605968-mgr-x[31397]: File "/lib64/python3.9/ssl.py", line 1343, in do_handshake
2024-09-11T22:05:16.770 INFO:journalctl@ceph.mgr.x.smithi092.stdout:Sep 11 22:05:16 smithi092 ceph-a6709e28-7089-11ef-bcea-c7b262605968-mgr-x[31397]: self._sslobj.do_handshake()
2024-09-11T22:05:16.770 INFO:journalctl@ceph.mgr.x.smithi092.stdout:Sep 11 22:05:16 smithi092 ceph-a6709e28-7089-11ef-bcea-c7b262605968-mgr-x[31397]: ssl.SSLZeroReturnError: TLS/SSL connection has been closed (EOF) (_ssl.c:1133)
2024-09-11T22:05:16.770 INFO:journalctl@ceph.mgr.x.smithi092.stdout:Sep 11 22:05:16 smithi092 ceph-a6709e28-7089-11ef-bcea-c7b262605968-mgr-x[31397]:
2024-09-11T22:05:17.282 INFO:teuthology.orchestra.run.smithi092.stdout:/usr/bin/ceph: stdout {
2024-09-11T22:05:17.282 INFO:teuthology.orchestra.run.smithi092.stdout:/usr/bin/ceph: stdout "mgrmap_epoch": 11,
2024-09-11T22:05:17.282 INFO:teuthology.orchestra.run.smithi092.stdout:/usr/bin/ceph: stdout "initialized": true
2024-09-11T22:05:17.283 INFO:teuthology.orchestra.run.smithi092.stdout:/usr/bin/ceph: stdout }
2024-09-11T22:05:17.283 INFO:teuthology.orchestra.run.smithi092.stdout:/usr/bin/ceph: stderr
2024-09-11T22:05:12.877+0000 7fc528d4a640 1 Processor -- start
2024-09-11T22:05:17.283 INFO:teuthology.orchestra.run.smithi092.stdout:/usr/bin/ceph: stderr
2024-09-11T22:05:12.877+0000 7fc528d4a640 1 -- start start
2024-09-11T22:05:17.283 INFO:teuthology.orchestra.run.smithi092.stdout:/usr/bin/ceph: stderr
2024-09-11T22:05:12.877+0000 7fc528d4a640 1 --2- >> [v2:172.21.15.92:3300/0,v1:172.21.15.92:6789/0] conn(0x7fc524107eb0 0x7fc52410a2a0 unknown :-1 s=NONE pgs=0 cs=0 l=0 rev1=0 crypto rx=0 tx=0 comp rx=0 tx=0).connect
2024-09-11T22:05:17.283 INFO:teuthology.orchestra.run.smithi092.stdout:/usr/bin/ceph: stderr
2024-09-11T22:05:12.877+0000 7fc528d4a640 1 -- --> [v2:172.21.15.92:3300/0,v1:172.21.15.92:6789/0] -- mon_getmap magic: 0 -- 0x7fc52407be10 con 0x7fc524107eb0
2024-09-11T22:05:17.283 INFO:teuthology.orchestra.run.smithi092.stdout:/usr/bin/ceph: stderr
2024-09-11T22:05:12.877+0000 7fc52259c640 1 --2- >> [v2:172.21.15.92:3300/0,v1:172.21.15.92:6789/0] conn(0x7fc524107eb0 0x7fc52410a2a0 unknown :-1 s=BANNER_CONNECTING pgs=0 cs=0 l=0 rev1=0 crypto rx=0 tx=0 comp rx=0 tx=0)._handle_peer_banner_payload supported=3 required=0
2024-09-11T22:05:17.283 INFO:teuthology.orchestra.run.smithi092.stdout:/usr/bin/ceph: stderr
2024-09-11T22:05:12.877+0000 7fc52259c640 1 --2- >> [v2:172.21.15.92:3300/0,v1:172.21.15.92:6789/0] conn(0x7fc524107eb0 0x7fc52410a2a0 unknown :-1 s=HELLO_CONNECTING pgs=0 cs=0 l=0 rev1=1 crypto rx=0 tx=0 comp rx=0 tx=0).handle_hello peer v2:172.21.15.92:3300/0 says I am v2:172.21.15.92:52244/0 (socket says 172.21.15.92:52244)
2024-09-11T22:05:17.283 INFO:teuthology.orchestra.run.smithi092.stdout:/usr/bin/ceph: stderr
2024-09-11T22:05:12.877+0000 7fc52259c640 1 -- 172.21.15.92:0/8626661 learned_addr learned my addr 172.21.15.92:0/8626661 (peer_addr_for_me v2:172.21.15.92:0/0)
2024-09-11T22:05:17.283 INFO:teuthology.orchestra.run.smithi092.stdout:/usr/bin/ceph: stderr
2024-09-11T22:05:12.877+0000 7fc52259c640 1 -- 172.21.15.92:0/8626661 --> [v2:172.21.15.92:3300/0,v1:172.21.15.92:6789/0] -- mon_subscribe({config=0+,monmap=0+}) -- 0x7fc52410a7e0 con 0x7fc524107eb0
2024-09-11T22:05:17.283 INFO:teuthology.orchestra.run.smithi092.stdout:/usr/bin/ceph: stderr
2024-09-11T22:05:12.878+0000 7fc52259c640 1 --2- 172.21.15.92:0/8626661 >> [v2:172.21.15.92:3300/0,v1:172.21.15.92:6789/0] conn(0x7fc524107eb0 0x7fc52410a2a0 secure :-1 s=READY pgs=59 cs=0 l=1 rev1=1 crypto rx=0x7fc514009820 tx=0x7fc51402a270 comp rx=0 tx=0).ready entity=mon.0 client_cookie=dd5f4661be91f1e4 server_cookie=0 in_seq=0 out_seq=0
2024-09-11T22:05:17.283 INFO:teuthology.orchestra.run.smithi092.stdout:/usr/bin/ceph: stderr
2024-09-11T22:05:12.878+0000 7fc521d9b640 1 -- 172.21.15.92:0/8626661 <== mon.0 v2:172.21.15.92:3300/0 1 ==== mon_map magic: 0 ==== 205+0+0 (secure 0 0 0) 0x7fc514037070 con 0x7fc524107eb0
2024-09-11T22:05:17.283 INFO:teuthology.orchestra.run.smithi092.stdout:/usr/bin/ceph: stderr
2024-09-11T22:05:12.878+0000 7fc521d9b640 1 -- 172.21.15.92:0/8626661 <== mon.0 v2:172.21.15.92:3300/0 2 ==== config(26 keys) ==== 1102+0+0 (secure 0 0 0) 0x7fc5140328f0 con 0x7fc524107eb0
2024-09-11T22:05:17.283 INFO:teuthology.orchestra.run.smithi092.stdout:/usr/bin/ceph: stderr
2024-09-11T22:05:12.878+0000 7fc521d9b640 1 -- 172.21.15.92:0/8626661 <== mon.0 v2:172.21.15.92:3300/0 3 ==== mon_map magic: 0 ==== 205+0+0 (secure 0 0 0) 0x7fc514030740 con 0x7fc524107eb0
2024-09-11T22:05:17.284 INFO:teuthology.orchestra.run.smithi092.stdout:/usr/bin/ceph: stderr
2024-09-11T22:05:12.879+0000 7fc528d4a640 1 -- 172.21.15.92:0/8626661 >> [v2:172.21.15.92:3300/0,v1:172.21.15.92:6789/0] conn(0x7fc524107eb0 msgr2=0x7fc52410a2a0 secure :-1 s=STATE_CONNECTION_ESTABLISHED l=1).mark_down
2024-09-11T22:05:17.284 INFO:teuthology.orchestra.run.smithi092.stdout:/usr/bin/ceph: stderr
2024-09-11T22:05:12.879+0000 7fc528d4a640 1 --2- 172.21.15.92:0/8626661 >> [v2:172.21.15.92:3300/0,v1:172.21.15.92:6789/0] conn(0x7fc524107eb0 0x7fc52410a2a0 secure :-1 s=READY pgs=59 cs=0 l=1 rev1=1 crypto rx=0x7fc514009820 tx=0x7fc51402a270 comp rx=0 tx=0).stop
2024-09-11T22:05:17.284 INFO:teuthology.orchestra.run.smithi092.stdout:/usr/bin/ceph: stderr
2024-09-11T22:05:12.879+0000 7fc528d4a640 1 -- 172.21.15.92:0/8626661 shutdown_connections
2024-09-11T22:05:17.284 INFO:teuthology.orchestra.run.smithi092.stdout:/usr/bin/ceph: stderr
2024-09-11T22:05:12.879+0000 7fc528d4a640 1 --2- 172.21.15.92:0/8626661 >> [v2:172.21.15.92:3300/0,v1:172.21.15.92:6789/0] conn(0x7fc524107eb0 0x7fc52410a2a0 unknown :-1 s=CLOSED pgs=59 cs=0 l=1 rev1=1 crypto rx=0 tx=0 comp rx=0 tx=0).stop
2024-09-11T22:05:17.284 INFO:teuthology.orchestra.run.smithi092.stdout:/usr/bin/ceph: stderr
2024-09-11T22:05:12.879+0000 7fc528d4a640 1 -- 172.21.15.92:0/8626661 >> 172.21.15.92:0/8626661 conn(0x7fc524101ad0 msgr2=0x7fc524103ef0 unknown :-1 s=STATE_NONE l=0).mark_down
2024-09-11T22:05:17.284 INFO:teuthology.orchestra.run.smithi092.stdout:/usr/bin/ceph: stderr
2024-09-11T22:05:12.879+0000 7fc528d4a640 1 -- 172.21.15.92:0/8626661 shutdown_connections
2024-09-11T22:05:17.284 INFO:teuthology.orchestra.run.smithi092.stdout:/usr/bin/ceph: stderr
2024-09-11T22:05:12.879+0000 7fc528d4a640 1 -- 172.21.15.92:0/8626661 wait complete.
2024-09-11T22:05:17.284 INFO:teuthology.orchestra.run.smithi092.stdout:/usr/bin/ceph: stderr
2024-09-11T22:05:12.880+0000 7fc528d4a640 1 Processor -- start
2024-09-11T22:05:17.284 INFO:teuthology.orchestra.run.smithi092.stdout:/usr/bin/ceph: stderr
2024-09-11T22:05:12.880+0000 7fc528d4a640 1 -- start start
2024-09-11T22:05:17.284 INFO:teuthology.orchestra.run.smithi092.stdout:/usr/bin/ceph: stderr
2024-09-11T22:05:12.880+0000 7fc528d4a640 1 --2- >> [v2:172.21.15.92:3300/0,v1:172.21.15.92:6789/0] conn(0x7fc524107eb0 0x7fc524107730 unknown :-1 s=NONE pgs=0 cs=0 l=1 rev1=0 crypto rx=0 tx=0 comp rx=0 tx=0).connect
2024-09-11T22:05:17.284 INFO:teuthology.orchestra.run.smithi092.stdout:/usr/bin/ceph: stderr
2024-09-11T22:05:12.880+0000 7fc528d4a640 1 -- --> [v2:172.21.15.92:3300/0,v1:172.21.15.92:6789/0] -- mon_getmap magic: 0 -- 0x7fc52410b800 con 0x7fc524107eb0
2024-09-11T22:05:17.284 INFO:teuthology.orchestra.run.smithi092.stdout:/usr/bin/ceph: stderr
2024-09-11T22:05:12.880+0000 7fc52259c640 1 --2- >> [v2:172.21.15.92:3300/0,v1:172.21.15.92:6789/0] conn(0x7fc524107eb0 0x7fc524107730 unknown :-1 s=BANNER_CONNECTING pgs=0 cs=0 l=1 rev1=0 crypto rx=0 tx=0 comp rx=0 tx=0)._handle_peer_banner_payload supported=3 required=0
2024-09-11T22:05:17.284 INFO:teuthology.orchestra.run.smithi092.stdout:/usr/bin/ceph: stderr
2024-09-11T22:05:12.880+0000 7fc52259c640 1 --2- >> [v2:172.21.15.92:3300/0,v1:172.21.15.92:6789/0] conn(0x7fc524107eb0 0x7fc524107730 unknown :-1 s=HELLO_CONNECTING pgs=0 cs=0 l=1 rev1=1 crypto rx=0 tx=0 comp rx=0 tx=0).handle_hello peer v2:172.21.15.92:3300/0 says I am v2:172.21.15.92:52252/0 (socket says 172.21.15.92:52252)
2024-09-11T22:05:17.285 INFO:teuthology.orchestra.run.smithi092.stdout:/usr/bin/ceph: stderr
2024-09-11T22:05:12.880+0000 7fc52259c640 1 -- 172.21.15.92:0/352025033 learned_addr learned my addr 172.21.15.92:0/352025033 (peer_addr_for_me v2:172.21.15.92:0/0)
2024-09-11T22:05:17.285 INFO:teuthology.orchestra.run.smithi092.stdout:/usr/bin/ceph: stderr
2024-09-11T22:05:12.880+0000 7fc52259c640 1 -- 172.21.15.92:0/352025033 --> [v2:172.21.15.92:3300/0,v1:172.21.15.92:6789/0] -- mon_subscribe({config=0+,monmap=0+}) -- 0x7fc524107c70 con 0x7fc524107eb0
2024-09-11T22:05:17.285 INFO:teuthology.orchestra.run.smithi092.stdout:/usr/bin/ceph: stderr
2024-09-11T22:05:12.880+0000 7fc52259c640 1 --2- 172.21.15.92:0/352025033 >> [v2:172.21.15.92:3300/0,v1:172.21.15.92:6789/0] conn(0x7fc524107eb0 0x7fc524107730 secure :-1 s=READY pgs=60 cs=0 l=1 rev1=1 crypto rx=0x7fc514030cc0 tx=0x7fc514030cf0 comp rx=0 tx=0).ready entity=mon.0 client_cookie=0 server_cookie=0 in_seq=0 out_seq=0
2024-09-11T22:05:17.285 INFO:teuthology.orchestra.run.smithi092.stdout:/usr/bin/ceph: stderr
2024-09-11T22:05:12.881+0000 7fc51b7fe640 1 -- 172.21.15.92:0/352025033 <== mon.0 v2:172.21.15.92:3300/0 1 ==== mon_map magic: 0 ==== 205+0+0 (secure 0 0 0) 0x7fc514042070 con 0x7fc524107eb0
2024-09-11T22:05:17.285 INFO:teuthology.orchestra.run.smithi092.stdout:/usr/bin/ceph: stderr
2024-09-11T22:05:12.881+0000 7fc528d4a640 1 -- 172.21.15.92:0/352025033 --> [v2:172.21.15.92:3300/0,v1:172.21.15.92:6789/0] -- mon_subscribe({mgrmap=0+}) -- 0x7fc524105e60 con 0x7fc524107eb0
2024-09-11T22:05:17.285 INFO:teuthology.orchestra.run.smithi092.stdout:/usr/bin/ceph: stderr
2024-09-11T22:05:12.881+0000 7fc51b7fe640 1 -- 172.21.15.92:0/352025033 <== mon.0 v2:172.21.15.92:3300/0 2 ==== config(26 keys) ==== 1102+0+0 (secure 0 0 0) 0x7fc514030e60 con 0x7fc524107eb0
2024-09-11T22:05:17.285 INFO:teuthology.orchestra.run.smithi092.stdout:/usr/bin/ceph: stderr
2024-09-11T22:05:12.881+0000 7fc51b7fe640 1 -- 172.21.15.92:0/352025033 <== mon.0 v2:172.21.15.92:3300/0 3 ==== mon_map magic: 0 ==== 205+0+0 (secure 0 0 0) 0x7fc514037040 con 0x7fc524107eb0
2024-09-11T22:05:17.285 INFO:teuthology.orchestra.run.smithi092.stdout:/usr/bin/ceph: stderr
2024-09-11T22:05:12.881+0000 7fc528d4a640 1 -- 172.21.15.92:0/352025033 --> [v2:172.21.15.92:3300/0,v1:172.21.15.92:6789/0] -- mon_subscribe({osdmap=0}) -- 0x7fc5241063a0 con 0x7fc524107eb0
2024-09-11T22:05:17.285 INFO:teuthology.orchestra.run.smithi092.stdout:/usr/bin/ceph: stderr
2024-09-11T22:05:12.881+0000 7fc51b7fe640 1 -- 172.21.15.92:0/352025033 <== mon.0 v2:172.21.15.92:3300/0 4 ==== mgrmap(e 9) ==== 46300+0+0 (secure 0 0 0) 0x7fc514045070 con 0x7fc524107eb0
2024-09-11T22:05:17.285 INFO:teuthology.orchestra.run.smithi092.stdout:/usr/bin/ceph: stderr
2024-09-11T22:05:12.882+0000 7fc51b7fe640 1 --2- 172.21.15.92:0/352025033 >> [v2:172.21.15.92:6800/733069068,v1:172.21.15.92:6801/733069068] conn(0x7fc510038fc0 0x7fc51003b480 unknown :-1 s=NONE pgs=0 cs=0 l=1 rev1=0 crypto rx=0 tx=0 comp rx=0 tx=0).connect
