2024-09-11T22:04:54.712+0000 7fe1dcff9640 1 -- 172.21.15.92:0/3109582283 <== mon.0 v2:172.21.15.92:3300/0 4 ==== mgrmap(e 7) ==== 46181+0+0 (secure 0 0 0) 0x7fe1d0045070 con 0x7fe1e0107420
2024-09-11T22:04:55.493 INFO:teuthology.orchestra.run.smithi092.stdout:/usr/bin/ceph: stderr
2024-09-11T22:04:54.712+0000 7fe1e577f640 1 -- 172.21.15.92:0/3109582283 --> [v2:172.21.15.92:3300/0,v1:172.21.15.92:6789/0] -- mon_command({"prefix": "get_command_descriptions"} v 0) -- 0x7fe1e010bb50 con 0x7fe1e0107420
2024-09-11T22:04:55.494 INFO:teuthology.orchestra.run.smithi092.stdout:/usr/bin/ceph: stderr
2024-09-11T22:04:54.713+0000 7fe1dcff9640 1 --2- 172.21.15.92:0/3109582283 >> [v2:172.21.15.92:6800/733069068,v1:172.21.15.92:6801/733069068] conn(0x7fe1cc038e60 0x7fe1cc03b320 unknown :-1 s=NONE pgs=0 cs=0 l=1 rev1=0 crypto rx=0 tx=0 comp rx=0 tx=0).connect
2024-09-11T22:04:55.494 INFO:teuthology.orchestra.run.smithi092.stdout:/usr/bin/ceph: stderr
2024-09-11T22:04:54.713+0000 7fe1dcff9640 1 -- 172.21.15.92:0/3109582283 <== mon.0 v2:172.21.15.92:3300/0 5 ==== osd_map(2..2 src has 1..2) ==== 940+0+0 (secure 0 0 0) 0x7fe1d006bd00 con 0x7fe1e0107420
2024-09-11T22:04:55.494 INFO:teuthology.orchestra.run.smithi092.stdout:/usr/bin/ceph: stderr
2024-09-11T22:04:54.713+0000 7fe1d67fc640 1 --2- 172.21.15.92:0/3109582283 >> [v2:172.21.15.92:6800/733069068,v1:172.21.15.92:6801/733069068] conn(0x7fe1cc038e60 0x7fe1cc03b320 unknown :-1 s=BANNER_CONNECTING pgs=0 cs=0 l=1 rev1=0 crypto rx=0 tx=0 comp rx=0 tx=0)._handle_peer_banner_payload supported=3 required=0
2024-09-11T22:04:55.494 INFO:teuthology.orchestra.run.smithi092.stdout:/usr/bin/ceph: stderr
2024-09-11T22:04:54.713+0000 7fe1d67fc640 1 --2- 172.21.15.92:0/3109582283 >> [v2:172.21.15.92:6800/733069068,v1:172.21.15.92:6801/733069068] conn(0x7fe1cc038e60 0x7fe1cc03b320 secure :-1 s=READY pgs=7 cs=0 l=1 rev1=1 crypto rx=0x7fe1c80098c0 tx=0x7fe1c8006db0 comp rx=0 tx=0).ready entity=mgr.14118 client_cookie=0 server_cookie=0 in_seq=0 out_seq=0
2024-09-11T22:04:55.494 INFO:teuthology.orchestra.run.smithi092.stdout:/usr/bin/ceph: stderr
2024-09-11T22:04:54.718+0000 7fe1dcff9640 1 -- 172.21.15.92:0/3109582283 <== mon.0 v2:172.21.15.92:3300/0 6 ==== mon_command_ack([{"prefix": "get_command_descriptions"}]=0 v0) ==== 72+0+188821 (secure 0 0 0) 0x7fe1d0045360 con 0x7fe1e0107420
2024-09-11T22:04:55.494 INFO:teuthology.orchestra.run.smithi092.stdout:/usr/bin/ceph: stderr
2024-09-11T22:04:54.853+0000 7fe1dcff9640 1 -- 172.21.15.92:0/3109582283 <== mon.0 v2:172.21.15.92:3300/0 7 ==== mgrmap(e 8) ==== 46287+0+0 (secure 0 0 0) 0x7fe1d0072080 con 0x7fe1e0107420
2024-09-11T22:04:55.494 INFO:teuthology.orchestra.run.smithi092.stdout:/usr/bin/ceph: stderr
2024-09-11T22:04:54.902+0000 7fe1e577f640 1 -- 172.21.15.92:0/3109582283 --> [v2:172.21.15.92:6800/733069068,v1:172.21.15.92:6801/733069068] -- mgr_command(tid 0: {"prefix": "orch set backend", "module_name": "cephadm", "target": ["mon-mgr", ""]}) -- 0x7fe1e0103dd0 con 0x7fe1cc038e60
2024-09-11T22:04:55.494 INFO:teuthology.orchestra.run.smithi092.stdout:/usr/bin/ceph: stderr
2024-09-11T22:04:54.909+0000 7fe1dcff9640 1 -- 172.21.15.92:0/3109582283 <== mgr.14118 v2:172.21.15.92:6800/733069068 1 ==== mgr_command_reply(tid 0: 0 ) ==== 8+0+0 (secure 0 0 0) 0x7fe1e0103dd0 con 0x7fe1cc038e60
2024-09-11T22:04:55.494 INFO:teuthology.orchestra.run.smithi092.stdout:/usr/bin/ceph: stderr
2024-09-11T22:04:54.911+0000 7fe1e577f640 1 -- 172.21.15.92:0/3109582283 >> [v2:172.21.15.92:6800/733069068,v1:172.21.15.92:6801/733069068] conn(0x7fe1cc038e60 msgr2=0x7fe1cc03b320 secure :-1 s=STATE_CONNECTION_ESTABLISHED l=1).mark_down
2024-09-11T22:04:55.494 INFO:teuthology.orchestra.run.smithi092.stdout:/usr/bin/ceph: stderr
2024-09-11T22:04:54.911+0000 7fe1e577f640 1 --2- 172.21.15.92:0/3109582283 >> [v2:172.21.15.92:6800/733069068,v1:172.21.15.92:6801/733069068] conn(0x7fe1cc038e60 0x7fe1cc03b320 secure :-1 s=READY pgs=7 cs=0 l=1 rev1=1 crypto rx=0x7fe1c80098c0 tx=0x7fe1c8006db0 comp rx=0 tx=0).stop
2024-09-11T22:04:55.494 INFO:teuthology.orchestra.run.smithi092.stdout:/usr/bin/ceph: stderr
2024-09-11T22:04:54.911+0000 7fe1e577f640 1 -- 172.21.15.92:0/3109582283 >> [v2:172.21.15.92:3300/0,v1:172.21.15.92:6789/0] conn(0x7fe1e0107420 msgr2=0x7fe1e019b390 secure :-1 s=STATE_CONNECTION_ESTABLISHED l=1).mark_down
2024-09-11T22:04:55.494 INFO:teuthology.orchestra.run.smithi092.stdout:/usr/bin/ceph: stderr
2024-09-11T22:04:54.911+0000 7fe1e577f640 1 --2- 172.21.15.92:0/3109582283 >> [v2:172.21.15.92:3300/0,v1:172.21.15.92:6789/0] conn(0x7fe1e0107420 0x7fe1e019b390 secure :-1 s=READY pgs=36 cs=0 l=1 rev1=1 crypto rx=0x7fe1d0009940 tx=0x7fe1d0032e10 comp rx=0 tx=0).stop
2024-09-11T22:04:55.494 INFO:teuthology.orchestra.run.smithi092.stdout:/usr/bin/ceph: stderr
2024-09-11T22:04:54.912+0000 7fe1e577f640 1 -- 172.21.15.92:0/3109582283 shutdown_connections
2024-09-11T22:04:55.494 INFO:teuthology.orchestra.run.smithi092.stdout:/usr/bin/ceph: stderr
2024-09-11T22:04:54.912+0000 7fe1e577f640 1 --2- 172.21.15.92:0/3109582283 >> [v2:172.21.15.92:6800/733069068,v1:172.21.15.92:6801/733069068] conn(0x7fe1cc038e60 0x7fe1cc03b320 unknown :-1 s=CLOSED pgs=7 cs=0 l=1 rev1=1 crypto rx=0 tx=0 comp rx=0 tx=0).stop
2024-09-11T22:04:55.495 INFO:teuthology.orchestra.run.smithi092.stdout:/usr/bin/ceph: stderr
2024-09-11T22:04:54.912+0000 7fe1e577f640 1 --2- 172.21.15.92:0/3109582283 >> [v2:172.21.15.92:3300/0,v1:172.21.15.92:6789/0] conn(0x7fe1e0107420 0x7fe1e019b390 unknown :-1 s=CLOSED pgs=36 cs=0 l=1 rev1=1 crypto rx=0 tx=0 comp rx=0 tx=0).stop
2024-09-11T22:04:55.495 INFO:teuthology.orchestra.run.smithi092.stdout:/usr/bin/ceph: stderr
2024-09-11T22:04:54.912+0000 7fe1e577f640 1 -- 172.21.15.92:0/3109582283 >> 172.21.15.92:0/3109582283 conn(0x7fe1e0102bb0 msgr2=0x7fe1e01036c0 unknown :-1 s=STATE_NONE l=0).mark_down
2024-09-11T22:04:55.495 INFO:teuthology.orchestra.run.smithi092.stdout:/usr/bin/ceph: stderr
2024-09-11T22:04:54.912+0000 7fe1e577f640 1 -- 172.21.15.92:0/3109582283 shutdown_connections
2024-09-11T22:04:55.495 INFO:teuthology.orchestra.run.smithi092.stdout:/usr/bin/ceph: stderr
2024-09-11T22:04:54.912+0000 7fe1e577f640 1 -- 172.21.15.92:0/3109582283 wait complete.
2024-09-11T22:04:56.032 INFO:journalctl@ceph.mon.a.smithi092.stdout:Sep 11 22:04:55 smithi092 ceph-mon[31173]: [11/Sep/2024:22:04:54] ENGINE Bus STARTING
2024-09-11T22:04:56.032 INFO:journalctl@ceph.mon.a.smithi092.stdout:Sep 11 22:04:55 smithi092 ceph-mon[31173]: [11/Sep/2024:22:04:54] ENGINE Serving on https://172.21.15.92:7150
2024-09-11T22:04:56.032 INFO:journalctl@ceph.mon.a.smithi092.stdout:Sep 11 22:04:55 smithi092 ceph-mon[31173]: [11/Sep/2024:22:04:54] ENGINE Error in HTTPServer.serve
2024-09-11T22:04:56.032 INFO:journalctl@ceph.mon.a.smithi092.stdout: Traceback (most recent call last):
2024-09-11T22:04:56.032 INFO:journalctl@ceph.mon.a.smithi092.stdout: File "/lib/python3.9/site-packages/cheroot/server.py", line 1823, in serve
2024-09-11T22:04:56.032 INFO:journalctl@ceph.mon.a.smithi092.stdout: self._connections.run(self.expiration_interval)
2024-09-11T22:04:56.032 INFO:journalctl@ceph.mon.a.smithi092.stdout: File "/lib/python3.9/site-packages/cheroot/connections.py", line 203, in run
2024-09-11T22:04:56.032 INFO:journalctl@ceph.mon.a.smithi092.stdout: self._run(expiration_interval)
2024-09-11T22:04:56.032 INFO:journalctl@ceph.mon.a.smithi092.stdout: File "/lib/python3.9/site-packages/cheroot/connections.py", line 246, in _run
2024-09-11T22:04:56.032 INFO:journalctl@ceph.mon.a.smithi092.stdout: new_conn = self._from_server_socket(self.server.socket)
2024-09-11T22:04:56.033 INFO:journalctl@ceph.mon.a.smithi092.stdout: File "/lib/python3.9/site-packages/cheroot/connections.py", line 300, in _from_server_socket
2024-09-11T22:04:56.033 INFO:journalctl@ceph.mon.a.smithi092.stdout: s, ssl_env = self.server.ssl_adapter.wrap(s)
2024-09-11T22:04:56.033 INFO:journalctl@ceph.mon.a.smithi092.stdout: File "/lib/python3.9/site-packages/cheroot/ssl/builtin.py", line 277, in wrap
2024-09-11T22:04:56.033 INFO:journalctl@ceph.mon.a.smithi092.stdout: s = self.context.wrap_socket(
2024-09-11T22:04:56.033 INFO:journalctl@ceph.mon.a.smithi092.stdout: File "/lib64/python3.9/ssl.py", line 501, in wrap_socket
2024-09-11T22:04:56.033 INFO:journalctl@ceph.mon.a.smithi092.stdout: return self.sslsocket_class._create(
2024-09-11T22:04:56.033 INFO:journalctl@ceph.mon.a.smithi092.stdout: File "/lib64/python3.9/ssl.py", line 1074, in _create
2024-09-11T22:04:56.033 INFO:journalctl@ceph.mon.a.smithi092.stdout: self.do_handshake()
2024-09-11T22:04:56.033 INFO:journalctl@ceph.mon.a.smithi092.stdout: File "/lib64/python3.9/ssl.py", line 1343, in do_handshake
2024-09-11T22:04:56.033 INFO:journalctl@ceph.mon.a.smithi092.stdout: self._sslobj.do_handshake()
2024-09-11T22:04:56.033 INFO:journalctl@ceph.mon.a.smithi092.stdout: ssl.SSLZeroReturnError: TLS/SSL connection has been closed (EOF) (_ssl.c:1133)
2024-09-11T22:04:56.033 INFO:journalctl@ceph.mon.a.smithi092.stdout:Sep 11 22:04:55 smithi092 ceph-mon[31173]: [11/Sep/2024:22:04:54] ENGINE Serving on http://172.21.15.92:8765
2024-09-11T22:04:56.033 INFO:journalctl@ceph.mon.a.smithi092.stdout:Sep 11 22:04:55 smithi092 ceph-mon[31173]: [11/Sep/2024:22:04:54] ENGINE Bus STARTED
2024-09-11T22:04:56.034 INFO:journalctl@ceph.mon.a.smithi092.stdout:Sep 11 22:04:55 smithi092 ceph-mon[31173]: mgrmap e8: x(active, since 2s)
2024-09-11T22:04:56.034 INFO:journalctl@ceph.mon.a.smithi092.stdout:Sep 11 22:04:55 smithi092 ceph-mon[31173]: from='client.14130 -' entity='client.admin' cmd=[{"prefix": "orch set backend", "module_name": "cephadm", "target": ["mon-mgr", ""]}]: dispatch
2024-09-11T22:04:56.034 INFO:journalctl@ceph.mon.a.smithi092.stdout:Sep 11 22:04:55 smithi092 ceph-mon[31173]: from='mgr.14118 172.21.15.92:0/2486752492' entity='mgr.x'
2024-09-11T22:04:56.034 INFO:journalctl@ceph.mon.a.smithi092.stdout:Sep 11 22:04:55 smithi092 ceph-mon[31173]: from='mgr.14118 172.21.15.92:0/2486752492' entity='mgr.x' cmd=[{"prefix": "config dump", "format": "json"}]: dispatch
2024-09-11T22:04:56.599 INFO:teuthology.orchestra.run.smithi092.stdout:/usr/bin/ceph: stdout value unchanged
2024-09-11T22:04:56.599 INFO:teuthology.orchestra.run.smithi092.stdout:/usr/bin/ceph: stderr
2024-09-11T22:04:55.854+0000 7f9a76abd640 1 Processor -- start
2024-09-11T22:04:56.599 INFO:teuthology.orchestra.run.smithi092.stdout:/usr/bin/ceph: stderr
2024-09-11T22:04:55.854+0000 7f9a76abd640 1 -- start start
2024-09-11T22:04:56.600 INFO:teuthology.orchestra.run.smithi092.stdout:/usr/bin/ceph: stderr
2024-09-11T22:04:55.854+0000 7f9a76abd640 1 --2- >> [v2:172.21.15.92:3300/0,v1:172.21.15.92:6789/0] conn(0x7f9a70107400 0x7f9a70107800 unknown :-1 s=NONE pgs=0 cs=0 l=0 rev1=0 crypto rx=0 tx=0 comp rx=0 tx=0).connect
2024-09-11T22:04:56.600 INFO:teuthology.orchestra.run.smithi092.stdout:/usr/bin/ceph: stderr
2024-09-11T22:04:55.854+0000 7f9a76abd640 1 -- --> [v2:172.21.15.92:3300/0,v1:172.21.15.92:6789/0] -- mon_getmap magic: 0 -- 0x7f9a70107dd0 con 0x7f9a70107400
2024-09-11T22:04:56.600 INFO:teuthology.orchestra.run.smithi092.stdout:/usr/bin/ceph: stderr
2024-09-11T22:04:55.854+0000 7f9a74859640 1 --2- >> [v2:172.21.15.92:3300/0,v1:172.21.15.92:6789/0] conn(0x7f9a70107400 0x7f9a70107800 unknown :-1 s=BANNER_CONNECTING pgs=0 cs=0 l=0 rev1=0 crypto rx=0 tx=0 comp rx=0 tx=0)._handle_peer_banner_payload supported=3 required=0
2024-09-11T22:04:56.600 INFO:teuthology.orchestra.run.smithi092.stdout:/usr/bin/ceph: stderr
2024-09-11T22:04:55.854+0000 7f9a74859640 1 --2- >> [v2:172.21.15.92:3300/0,v1:172.21.15.92:6789/0] conn(0x7f9a70107400 0x7f9a70107800 unknown :-1 s=HELLO_CONNECTING pgs=0 cs=0 l=0 rev1=1 crypto rx=0 tx=0 comp rx=0 tx=0).handle_hello peer v2:172.21.15.92:3300/0 says I am v2:172.21.15.92:39006/0 (socket says 172.21.15.92:39006)
2024-09-11T22:04:56.600 INFO:teuthology.orchestra.run.smithi092.stdout:/usr/bin/ceph: stderr
2024-09-11T22:04:55.854+0000 7f9a74859640 1 -- 172.21.15.92:0/861600041 learned_addr learned my addr 172.21.15.92:0/861600041 (peer_addr_for_me v2:172.21.15.92:0/0)
2024-09-11T22:04:56.600 INFO:teuthology.orchestra.run.smithi092.stdout:/usr/bin/ceph: stderr
2024-09-11T22:04:55.855+0000 7f9a74859640 1 -- 172.21.15.92:0/861600041 --> [v2:172.21.15.92:3300/0,v1:172.21.15.92:6789/0] -- mon_subscribe({config=0+,monmap=0+}) -- 0x7f9a70108600 con 0x7f9a70107400
2024-09-11T22:04:56.600 INFO:teuthology.orchestra.run.smithi092.stdout:/usr/bin/ceph: stderr
2024-09-11T22:04:55.855+0000 7f9a74859640 1 --2- 172.21.15.92:0/861600041 >> [v2:172.21.15.92:3300/0,v1:172.21.15.92:6789/0] conn(0x7f9a70107400 0x7f9a70107800 secure :-1 s=READY pgs=37 cs=0 l=1 rev1=1 crypto rx=0x7f9a64009820 tx=0x7f9a6402a270 comp rx=0 tx=0).ready entity=mon.0 client_cookie=7e264cb31053d008 server_cookie=0 in_seq=0 out_seq=0
2024-09-11T22:04:56.600 INFO:teuthology.orchestra.run.smithi092.stdout:/usr/bin/ceph: stderr
2024-09-11T22:04:55.855+0000 7f9a6f7fe640 1 -- 172.21.15.92:0/861600041 <== mon.0 v2:172.21.15.92:3300/0 1 ==== mon_map magic: 0 ==== 205+0+0 (secure 0 0 0) 0x7f9a64037070 con 0x7f9a70107400
2024-09-11T22:04:56.600 INFO:teuthology.orchestra.run.smithi092.stdout:/usr/bin/ceph: stderr
2024-09-11T22:04:55.855+0000 7f9a6f7fe640 1 -- 172.21.15.92:0/861600041 <== mon.0 v2:172.21.15.92:3300/0 2 ==== config(26 keys) ==== 1071+0+0 (secure 0 0 0) 0x7f9a640328d0 con 0x7f9a70107400
2024-09-11T22:04:56.601 INFO:teuthology.orchestra.run.smithi092.stdout:/usr/bin/ceph: stderr
2024-09-11T22:04:55.855+0000 7f9a6f7fe640 1 -- 172.21.15.92:0/861600041 <== mon.0 v2:172.21.15.92:3300/0 3 ==== mon_map magic: 0 ==== 205+0+0 (secure 0 0 0) 0x7f9a640307d0 con 0x7f9a70107400
2024-09-11T22:04:56.601 INFO:teuthology.orchestra.run.smithi092.stdout:/usr/bin/ceph: stderr
2024-09-11T22:04:55.856+0000 7f9a76abd640 1 -- 172.21.15.92:0/861600041 >> [v2:172.21.15.92:3300/0,v1:172.21.15.92:6789/0] conn(0x7f9a70107400 msgr2=0x7f9a70107800 secure :-1 s=STATE_CONNECTION_ESTABLISHED l=1).mark_down
2024-09-11T22:04:56.601 INFO:teuthology.orchestra.run.smithi092.stdout:/usr/bin/ceph: stderr
2024-09-11T22:04:55.856+0000 7f9a76abd640 1 --2- 172.21.15.92:0/861600041 >> [v2:172.21.15.92:3300/0,v1:172.21.15.92:6789/0] conn(0x7f9a70107400 0x7f9a70107800 secure :-1 s=READY pgs=37 cs=0 l=1 rev1=1 crypto rx=0x7f9a64009820 tx=0x7f9a6402a270 comp rx=0 tx=0).stop
2024-09-11T22:04:56.601 INFO:teuthology.orchestra.run.smithi092.stdout:/usr/bin/ceph: stderr
2024-09-11T22:04:55.856+0000 7f9a76abd640 1 -- 172.21.15.92:0/861600041 shutdown_connections
2024-09-11T22:04:56.601 INFO:teuthology.orchestra.run.smithi092.stdout:/usr/bin/ceph: stderr
2024-09-11T22:04:55.856+0000 7f9a76abd640 1 --2- 172.21.15.92:0/861600041 >> [v2:172.21.15.92:3300/0,v1:172.21.15.92:6789/0] conn(0x7f9a70107400 0x7f9a70107800 unknown :-1 s=CLOSED pgs=37 cs=0 l=1 rev1=1 crypto rx=0 tx=0 comp rx=0 tx=0).stop
2024-09-11T22:04:56.601 INFO:teuthology.orchestra.run.smithi092.stdout:/usr/bin/ceph: stderr
2024-09-11T22:04:55.856+0000 7f9a76abd640 1 -- 172.21.15.92:0/861600041 >> 172.21.15.92:0/861600041 conn(0x7f9a70102bd0 msgr2=0x7f9a70104ff0 unknown :-1 s=STATE_NONE l=0).mark_down
2024-09-11T22:04:56.601 INFO:teuthology.orchestra.run.smithi092.stdout:/usr/bin/ceph: stderr
2024-09-11T22:04:55.856+0000 7f9a76abd640 1 -- 172.21.15.92:0/861600041 shutdown_connections
2024-09-11T22:04:56.601 INFO:teuthology.orchestra.run.smithi092.stdout:/usr/bin/ceph: stderr
2024-09-11T22:04:55.856+0000 7f9a76abd640 1 -- 172.21.15.92:0/861600041 wait complete.
2024-09-11T22:04:56.601 INFO:teuthology.orchestra.run.smithi092.stdout:/usr/bin/ceph: stderr
2024-09-11T22:04:55.857+0000 7f9a76abd640 1 Processor -- start
2024-09-11T22:04:56.601 INFO:teuthology.orchestra.run.smithi092.stdout:/usr/bin/ceph: stderr
2024-09-11T22:04:55.857+0000 7f9a76abd640 1 -- start start
2024-09-11T22:04:56.601 INFO:teuthology.orchestra.run.smithi092.stdout:/usr/bin/ceph: stderr
2024-09-11T22:04:55.857+0000 7f9a76abd640 1 --2- >> [v2:172.21.15.92:3300/0,v1:172.21.15.92:6789/0] conn(0x7f9a70107400 0x7f9a7007ca00 unknown :-1 s=NONE pgs=0 cs=0 l=1 rev1=0 crypto rx=0 tx=0 comp rx=0 tx=0).connect
2024-09-11T22:04:56.601 INFO:teuthology.orchestra.run.smithi092.stdout:/usr/bin/ceph: stderr
2024-09-11T22:04:55.857+0000 7f9a76abd640 1 -- --> [v2:172.21.15.92:3300/0,v1:172.21.15.92:6789/0] -- mon_getmap magic: 0 -- 0x7f9a7010b9b0 con 0x7f9a70107400
2024-09-11T22:04:56.601 INFO:teuthology.orchestra.run.smithi092.stdout:/usr/bin/ceph: stderr
2024-09-11T22:04:55.857+0000 7f9a74859640 1 --2- >> [v2:172.21.15.92:3300/0,v1:172.21.15.92:6789/0] conn(0x7f9a70107400 0x7f9a7007ca00 unknown :-1 s=BANNER_CONNECTING pgs=0 cs=0 l=1 rev1=0 crypto rx=0 tx=0 comp rx=0 tx=0)._handle_peer_banner_payload supported=3 required=0
2024-09-11T22:04:56.602 INFO:teuthology.orchestra.run.smithi092.stdout:/usr/bin/ceph: stderr
2024-09-11T22:04:55.857+0000 7f9a74859640 1 --2- >> [v2:172.21.15.92:3300/0,v1:172.21.15.92:6789/0] conn(0x7f9a70107400 0x7f9a7007ca00 unknown :-1 s=HELLO_CONNECTING pgs=0 cs=0 l=1 rev1=1 crypto rx=0 tx=0 comp rx=0 tx=0).handle_hello peer v2:172.21.15.92:3300/0 says I am v2:172.21.15.92:39018/0 (socket says 172.21.15.92:39018)
2024-09-11T22:04:56.602 INFO:teuthology.orchestra.run.smithi092.stdout:/usr/bin/ceph: stderr
2024-09-11T22:04:55.857+0000 7f9a74859640 1 -- 172.21.15.92:0/3336247431 learned_addr learned my addr 172.21.15.92:0/3336247431 (peer_addr_for_me v2:172.21.15.92:0/0)
2024-09-11T22:04:56.602 INFO:teuthology.orchestra.run.smithi092.stdout:/usr/bin/ceph: stderr
2024-09-11T22:04:55.857+0000 7f9a74859640 1 -- 172.21.15.92:0/3336247431 --> [v2:172.21.15.92:3300/0,v1:172.21.15.92:6789/0] -- mon_subscribe({config=0+,monmap=0+}) -- 0x7f9a7007cf40 con 0x7f9a70107400
2024-09-11T22:04:56.602 INFO:teuthology.orchestra.run.smithi092.stdout:/usr/bin/ceph: stderr
2024-09-11T22:04:55.857+0000 7f9a74859640 1 --2- 172.21.15.92:0/3336247431 >> [v2:172.21.15.92:3300/0,v1:172.21.15.92:6789/0] conn(0x7f9a70107400 0x7f9a7007ca00 secure :-1 s=READY pgs=38 cs=0 l=1 rev1=1 crypto rx=0x7f9a640097f0 tx=0x7f9a64030d00 comp rx=0 tx=0).ready entity=mon.0 client_cookie=0 server_cookie=0 in_seq=0 out_seq=0
2024-09-11T22:04:56.602 INFO:teuthology.orchestra.run.smithi092.stdout:/usr/bin/ceph: stderr
2024-09-11T22:04:55.858+0000 7f9a6dffb640 1 -- 172.21.15.92:0/3336247431 <== mon.0 v2:172.21.15.92:3300/0 1 ==== mon_map magic: 0 ==== 205+0+0 (secure 0 0 0) 0x7f9a64037040 con 0x7f9a70107400
2024-09-11T22:04:56.602 INFO:teuthology.orchestra.run.smithi092.stdout:/usr/bin/ceph: stderr
2024-09-11T22:04:55.858+0000 7f9a6dffb640 1 -- 172.21.15.92:0/3336247431 <== mon.0 v2:172.21.15.92:3300/0 2 ==== config(26 keys) ==== 1071+0+0 (secure 0 0 0) 0x7f9a64032bb0 con 0x7f9a70107400
2024-09-11T22:04:56.602 INFO:teuthology.orchestra.run.smithi092.stdout:/usr/bin/ceph: stderr
2024-09-11T22:04:55.858+0000 7f9a6dffb640 1 -- 172.21.15.92:0/3336247431 <== mon.0 v2:172.21.15.92:3300/0 3 ==== mon_map magic: 0 ==== 205+0+0 (secure 0 0 0) 0x7f9a6403a390 con 0x7f9a70107400
2024-09-11T22:04:56.602 INFO:teuthology.orchestra.run.smithi092.stdout:/usr/bin/ceph: stderr
2024-09-11T22:04:55.858+0000 7f9a76abd640 1 -- 172.21.15.92:0/3336247431 --> [v2:172.21.15.92:3300/0,v1:172.21.15.92:6789/0] -- mon_subscribe({mgrmap=0+}) -- 0x7f9a7007b130 con 0x7f9a70107400
2024-09-11T22:04:56.602 INFO:teuthology.orchestra.run.smithi092.stdout:/usr/bin/ceph: stderr
2024-09-11T22:04:55.858+0000 7f9a76abd640 1 -- 172.21.15.92:0/3336247431 --> [v2:172.21.15.92:3300/0,v1:172.21.15.92:6789/0] -- mon_subscribe({osdmap=0}) -- 0x7f9a7007b670 con 0x7f9a70107400
2024-09-11T22:04:56.602 INFO:teuthology.orchestra.run.smithi092.stdout:/usr/bin/ceph: stderr
2024-09-11T22:04:55.859+0000 7f9a6dffb640 1 -- 172.21.15.92:0/3336247431 <== mon.0 v2:172.21.15.92:3300/0 4 ==== mgrmap(e 8) ==== 46287+0+0 (secure 0 0 0) 0x7f9a6403b3f0 con 0x7f9a70107400
2024-09-11T22:04:56.603 INFO:teuthology.orchestra.run.smithi092.stdout:/usr/bin/ceph: stderr
2024-09-11T22:04:55.859+0000 7f9a76abd640 1 -- 172.21.15.92:0/3336247431 --> [v2:172.21.15.92:3300/0,v1:172.21.15.92:6789/0] -- mon_command({"prefix": "get_command_descriptions"} v 0) -- 0x7f9a70107880 con 0x7f9a70107400
2024-09-11T22:04:56.603 INFO:teuthology.orchestra.run.smithi092.stdout:/usr/bin/ceph: stderr
2024-09-11T22:04:55.859+0000 7f9a6dffb640 1 --2- 172.21.15.92:0/3336247431 >> [v2:172.21.15.92:6800/733069068,v1:172.21.15.92:6801/733069068] conn(0x7f9a60038fc0 0x7f9a6003b480 unknown :-1 s=NONE pgs=0 cs=0 l=1 rev1=0 crypto rx=0 tx=0 comp rx=0 tx=0).connect
2024-09-11T22:04:56.603 INFO:teuthology.orchestra.run.smithi092.stdout:/usr/bin/ceph: stderr
2024-09-11T22:04:55.859+0000 7f9a6dffb640 1 -- 172.21.15.92:0/3336247431 <== mon.0 v2:172.21.15.92:3300/0 5 ==== osd_map(2..2 src has 1..2) ==== 940+0+0 (secure 0 0 0) 0x7f9a6406c190 con 0x7f9a70107400
2024-09-11T22:04:56.603 INFO:teuthology.orchestra.run.smithi092.stdout:/usr/bin/ceph: stderr
2024-09-11T22:04:55.859+0000 7f9a6ffff640 1 --2- 172.21.15.92:0/3336247431 >> [v2:172.21.15.92:6800/733069068,v1:172.21.15.92:6801/733069068] conn(0x7f9a60038fc0 0x7f9a6003b480 unknown :-1 s=BANNER_CONNECTING pgs=0 cs=0 l=1 rev1=0 crypto rx=0 tx=0 comp rx=0 tx=0)._handle_peer_banner_payload supported=3 required=0
2024-09-11T22:04:56.603 INFO:teuthology.orchestra.run.smithi092.stdout:/usr/bin/ceph: stderr
2024-09-11T22:04:55.860+0000 7f9a6ffff640 1 --2- 172.21.15.92:0/3336247431 >> [v2:172.21.15.92:6800/733069068,v1:172.21.15.92:6801/733069068] conn(0x7f9a60038fc0 0x7f9a6003b480 secure :-1 s=READY pgs=8 cs=0 l=1 rev1=1 crypto rx=0x7f9a5c0098c0 tx=0x7f9a5c006db0 comp rx=0 tx=0).ready entity=mgr.14118 client_cookie=0 server_cookie=0 in_seq=0 out_seq=0
2024-09-11T22:04:56.603 INFO:teuthology.orchestra.run.smithi092.stdout:/usr/bin/ceph: stderr
2024-09-11T22:04:55.864+0000 7f9a6dffb640 1 -- 172.21.15.92:0/3336247431 <== mon.0 v2:172.21.15.92:3300/0 6 ==== mon_command_ack([{"prefix": "get_command_descriptions"}]=0 v0) ==== 72+0+188821 (secure 0 0 0) 0x7f9a64042300 con 0x7f9a70107400
2024-09-11T22:04:56.604 INFO:teuthology.orchestra.run.smithi092.stdout:/usr/bin/ceph: stderr
2024-09-11T22:04:56.030+0000 7f9a76abd640 1 -- 172.21.15.92:0/3336247431 --> [v2:172.21.15.92:6800/733069068,v1:172.21.15.92:6801/733069068] -- mgr_command(tid 0: {"prefix": "cephadm set-user", "user": "root", "target": ["mon-mgr", ""]}) -- 0x7f9a70103dc0 con 0x7f9a60038fc0
2024-09-11T22:04:56.604 INFO:teuthology.orchestra.run.smithi092.stdout:/usr/bin/ceph: stderr
2024-09-11T22:04:56.031+0000 7f9a6dffb640 1 -- 172.21.15.92:0/3336247431 <== mgr.14118 v2:172.21.15.92:6800/733069068 1 ==== mgr_command_reply(tid 0: 0 ) ==== 8+0+16 (secure 0 0 0) 0x7f9a70103dc0 con 0x7f9a60038fc0
2024-09-11T22:04:56.604 INFO:teuthology.orchestra.run.smithi092.stdout:/usr/bin/ceph: stderr
2024-09-11T22:04:56.033+0000 7f9a76abd640 1 -- 172.21.15.92:0/3336247431 >> [v2:172.21.15.92:6800/733069068,v1:172.21.15.92:6801/733069068] conn(0x7f9a60038fc0 msgr2=0x7f9a6003b480 secure :-1 s=STATE_CONNECTION_ESTABLISHED l=1).mark_down
2024-09-11T22:04:56.604 INFO:teuthology.orchestra.run.smithi092.stdout:/usr/bin/ceph: stderr
2024-09-11T22:04:56.033+0000 7f9a76abd640 1 --2- 172.21.15.92:0/3336247431 >> [v2:172.21.15.92:6800/733069068,v1:172.21.15.92:6801/733069068] conn(0x7f9a60038fc0 0x7f9a6003b480 secure :-1 s=READY pgs=8 cs=0 l=1 rev1=1 crypto rx=0x7f9a5c0098c0 tx=0x7f9a5c006db0 comp rx=0 tx=0).stop
2024-09-11T22:04:56.604 INFO:teuthology.orchestra.run.smithi092.stdout:/usr/bin/ceph: stderr
2024-09-11T22:04:56.033+0000 7f9a76abd640 1 -- 172.21.15.92:0/3336247431 >> [v2:172.21.15.92:3300/0,v1:172.21.15.92:6789/0] conn(0x7f9a70107400 msgr2=0x7f9a7007ca00 secure :-1 s=STATE_CONNECTION_ESTABLISHED l=1).mark_down
2024-09-11T22:04:56.604 INFO:teuthology.orchestra.run.smithi092.stdout:/usr/bin/ceph: stderr
2024-09-11T22:04:56.033+0000 7f9a76abd640 1 --2- 172.21.15.92:0/3336247431 >> [v2:172.21.15.92:3300/0,v1:172.21.15.92:6789/0] conn(0x7f9a70107400 0x7f9a7007ca00 secure :-1 s=READY pgs=38 cs=0 l=1 rev1=1 crypto rx=0x7f9a640097f0 tx=0x7f9a64030d00 comp rx=0 tx=0).stop
2024-09-11T22:04:56.604 INFO:teuthology.orchestra.run.smithi092.stdout:/usr/bin/ceph: stderr
2024-09-11T22:04:56.033+0000 7f9a76abd640 1 -- 172.21.15.92:0/3336247431 shutdown_connections
2024-09-11T22:04:56.604 INFO:teuthology.orchestra.run.smithi092.stdout:/usr/bin/ceph: stderr
2024-09-11T22:04:56.033+0000 7f9a76abd640 1 --2- 172.21.15.92:0/3336247431 >> [v2:172.21.15.92:6800/733069068,v1:172.21.15.92:6801/733069068] conn(0x7f9a60038fc0 0x7f9a6003b480 unknown :-1 s=CLOSED pgs=8 cs=0 l=1 rev1=1 crypto rx=0 tx=0 comp rx=0 tx=0).stop
2024-09-11T22:04:56.604 INFO:teuthology.orchestra.run.smithi092.stdout:/usr/bin/ceph: stderr
2024-09-11T22:04:56.033+0000 7f9a76abd640 1 --2- 172.21.15.92:0/3336247431 >> [v2:172.21.15.92:3300/0,v1:172.21.15.92:6789/0] conn(0x7f9a70107400 0x7f9a7007ca00 unknown :-1 s=CLOSED pgs=38 cs=0 l=1 rev1=1 crypto rx=0 tx=0 comp rx=0 tx=0).stop
2024-09-11T22:04:56.604 INFO:teuthology.orchestra.run.smithi092.stdout:/usr/bin/ceph: stderr
2024-09-11T22:04:56.033+0000 7f9a76abd640 1 -- 172.21.15.92:0/3336247431 >> 172.21.15.92:0/3336247431 conn(0x7f9a70102bd0 msgr2=0x7f9a701036b0 unknown :-1 s=STATE_NONE l=0).mark_down
2024-09-11T22:04:56.604 INFO:teuthology.orchestra.run.smithi092.stdout:/usr/bin/ceph: stderr
2024-09-11T22:04:56.033+0000 7f9a76abd640 1 -- 172.21.15.92:0/3336247431 shutdown_connections
2024-09-11T22:04:56.604 INFO:teuthology.orchestra.run.smithi092.stdout:/usr/bin/ceph: stderr
2024-09-11T22:04:56.033+0000 7f9a76abd640 1 -- 172.21.15.92:0/3336247431 wait complete.
2024-09-11T22:04:56.604 INFO:teuthology.orchestra.run.smithi092.stdout:Generating ssh key...
2024-09-11T22:04:57.180 INFO:journalctl@ceph.mon.a.smithi092.stdout:Sep 11 22:04:57 smithi092 ceph-mon[31173]: from='client.14132 -' entity='client.admin' cmd=[{"prefix": "cephadm set-user", "user": "root", "target": ["mon-mgr", ""]}]: dispatch
2024-09-11T22:04:57.488 INFO:journalctl@ceph.mgr.x.smithi092.stdout:Sep 11 22:04:57 smithi092 ceph-a6709e28-7089-11ef-bcea-c7b262605968-mgr-x[31397]: Generating public/private rsa key pair.
2024-09-11T22:04:57.488 INFO:journalctl@ceph.mgr.x.smithi092.stdout:Sep 11 22:04:57 smithi092 ceph-a6709e28-7089-11ef-bcea-c7b262605968-mgr-x[31397]: Your identification has been saved in /tmp/tmp3h19zicm/key
2024-09-11T22:04:57.488 INFO:journalctl@ceph.mgr.x.smithi092.stdout:Sep 11 22:04:57 smithi092 ceph-a6709e28-7089-11ef-bcea-c7b262605968-mgr-x[31397]: Your public key has been saved in /tmp/tmp3h19zicm/key.pub
2024-09-11T22:04:57.488 INFO:journalctl@ceph.mgr.x.smithi092.stdout:Sep 11 22:04:57 smithi092 ceph-a6709e28-7089-11ef-bcea-c7b262605968-mgr-x[31397]: The key fingerprint is:
2024-09-11T22:04:57.488 INFO:journalctl@ceph.mgr.x.smithi092.stdout:Sep 11 22:04:57 smithi092 ceph-a6709e28-7089-11ef-bcea-c7b262605968-mgr-x[31397]: SHA256:ybVynEukp5eH0yVN4g+ry+OVLo6oV81LR36u9HB2Zjg ceph-a6709e28-7089-11ef-bcea-c7b262605968
2024-09-11T22:04:57.489 INFO:journalctl@ceph.mgr.x.smithi092.stdout:Sep 11 22:04:57 smithi092 ceph-a6709e28-7089-11ef-bcea-c7b262605968-mgr-x[31397]: The key's randomart image is:
2024-09-11T22:04:57.489 INFO:journalctl@ceph.mgr.x.smithi092.stdout:Sep 11 22:04:57 smithi092 ceph-a6709e28-7089-11ef-bcea-c7b262605968-mgr-x[31397]: +---[RSA 3072]----+
2024-09-11T22:04:57.489 INFO:journalctl@ceph.mgr.x.smithi092.stdout:Sep 11 22:04:57 smithi092 ceph-a6709e28-7089-11ef-bcea-c7b262605968-mgr-x[31397]: | |
2024-09-11T22:04:57.489 INFO:journalctl@ceph.mgr.x.smithi092.stdout:Sep 11 22:04:57 smithi092 ceph-a6709e28-7089-11ef-bcea-c7b262605968-mgr-x[31397]: | |
2024-09-11T22:04:57.489 INFO:journalctl@ceph.mgr.x.smithi092.stdout:Sep 11 22:04:57 smithi092 ceph-a6709e28-7089-11ef-bcea-c7b262605968-mgr-x[31397]: | o . . |
2024-09-11T22:04:57.489 INFO:journalctl@ceph.mgr.x.smithi092.stdout:Sep 11 22:04:57 smithi092 ceph-a6709e28-7089-11ef-bcea-c7b262605968-mgr-x[31397]: | . * +.+ |
2024-09-11T22:04:57.489 INFO:journalctl@ceph.mgr.x.smithi092.stdout:Sep 11 22:04:57 smithi092 ceph-a6709e28-7089-11ef-bcea-c7b262605968-mgr-x[31397]: | SoBo+ o |
2024-09-11T22:04:57.489 INFO:journalctl@ceph.mgr.x.smithi092.stdout:Sep 11 22:04:57 smithi092 ceph-a6709e28-7089-11ef-bcea-c7b262605968-mgr-x[31397]: | .*+=oB.. |
2024-09-11T22:04:57.489 INFO:journalctl@ceph.mgr.x.smithi092.stdout:Sep 11 22:04:57 smithi092 ceph-a6709e28-7089-11ef-bcea-c7b262605968-mgr-x[31397]: | ...*oOoE +|
2024-09-11T22:04:57.489 INFO:journalctl@ceph.mgr.x.smithi092.stdout:Sep 11 22:04:57 smithi092 ceph-a6709e28-7089-11ef-bcea-c7b262605968-mgr-x[31397]: | .. ++B =.= |
2024-09-11T22:04:57.489 INFO:journalctl@ceph.mgr.x.smithi092.stdout:Sep 11 22:04:57 smithi092 ceph-a6709e28-7089-11ef-bcea-c7b262605968-mgr-x[31397]: | .o. .o*+o.. |
2024-09-11T22:04:57.489 INFO:journalctl@ceph.mgr.x.smithi092.stdout:Sep 11 22:04:57 smithi092 ceph-a6709e28-7089-11ef-bcea-c7b262605968-mgr-x[31397]: +----[SHA256]-----+
2024-09-11T22:04:57.798 INFO:teuthology.orchestra.run.smithi092.stdout:/usr/bin/ceph: stderr
2024-09-11T22:04:56.999+0000 7f795aaf2640 1 Processor -- start
2024-09-11T22:04:57.799 INFO:teuthology.orchestra.run.smithi092.stdout:/usr/bin/ceph: stderr
2024-09-11T22:04:56.999+0000 7f795aaf2640 1 -- start start
2024-09-11T22:04:57.799 INFO:teuthology.orchestra.run.smithi092.stdout:/usr/bin/ceph: stderr
2024-09-11T22:04:56.999+0000 7f795aaf2640 1 --2- >> [v2:172.21.15.92:3300/0,v1:172.21.15.92:6789/0] conn(0x7f7954107f70 0x7f795410a360 unknown :-1 s=NONE pgs=0 cs=0 l=0 rev1=0 crypto rx=0 tx=0 comp rx=0 tx=0).connect
2024-09-11T22:04:57.799 INFO:teuthology.orchestra.run.smithi092.stdout:/usr/bin/ceph: stderr
2024-09-11T22:04:56.999+0000 7f795aaf2640 1 -- --> [v2:172.21.15.92:3300/0,v1:172.21.15.92:6789/0] -- mon_getmap magic: 0 -- 0x7f79540757a0 con 0x7f7954107f70
2024-09-11T22:04:57.799 INFO:teuthology.orchestra.run.smithi092.stdout:/usr/bin/ceph: stderr
2024-09-11T22:04:57.000+0000 7f795888e640 1 --2- >> [v2:172.21.15.92:3300/0,v1:172.21.15.92:6789/0] conn(0x7f7954107f70 0x7f795410a360 unknown :-1 s=BANNER_CONNECTING pgs=0 cs=0 l=0 rev1=0 crypto rx=0 tx=0 comp rx=0 tx=0)._handle_peer_banner_payload supported=3 required=0
2024-09-11T22:04:57.799 INFO:teuthology.orchestra.run.smithi092.stdout:/usr/bin/ceph: stderr
2024-09-11T22:04:57.000+0000 7f795888e640 1 --2- >> [v2:172.21.15.92:3300/0,v1:172.21.15.92:6789/0] conn(0x7f7954107f70 0x7f795410a360 unknown :-1 s=HELLO_CONNECTING pgs=0 cs=0 l=0 rev1=1 crypto rx=0 tx=0 comp rx=0 tx=0).handle_hello peer v2:172.21.15.92:3300/0 says I am v2:172.21.15.92:39032/0 (socket says 172.21.15.92:39032)
2024-09-11T22:04:57.799 INFO:teuthology.orchestra.run.smithi092.stdout:/usr/bin/ceph: stderr
2024-09-11T22:04:57.000+0000 7f795888e640 1 -- 172.21.15.92:0/1322757441 learned_addr learned my addr 172.21.15.92:0/1322757441 (peer_addr_for_me v2:172.21.15.92:0/0)
2024-09-11T22:04:57.799 INFO:teuthology.orchestra.run.smithi092.stdout:/usr/bin/ceph: stderr
2024-09-11T22:04:57.000+0000 7f795888e640 1 -- 172.21.15.92:0/1322757441 --> [v2:172.21.15.92:3300/0,v1:172.21.15.92:6789/0] -- mon_subscribe({config=0+,monmap=0+}) -- 0x7f795410a8a0 con 0x7f7954107f70
2024-09-11T22:04:57.799 INFO:teuthology.orchestra.run.smithi092.stdout:/usr/bin/ceph: stderr
2024-09-11T22:04:57.001+0000 7f795888e640 1 --2- 172.21.15.92:0/1322757441 >> [v2:172.21.15.92:3300/0,v1:172.21.15.92:6789/0] conn(0x7f7954107f70 0x7f795410a360 secure :-1 s=READY pgs=39 cs=0 l=1 rev1=1 crypto rx=0x7f794c009e80 tx=0x7f794c02a7a0 comp rx=0 tx=0).ready entity=mon.0 client_cookie=352b8d97280bec7c server_cookie=0 in_seq=0 out_seq=0
2024-09-11T22:04:57.799 INFO:teuthology.orchestra.run.smithi092.stdout:/usr/bin/ceph: stderr
2024-09-11T22:04:57.001+0000 7f79537fe640 1 -- 172.21.15.92:0/1322757441 <== mon.0 v2:172.21.15.92:3300/0 1 ==== mon_map magic: 0 ==== 205+0+0 (secure 0 0 0) 0x7f794c036070 con 0x7f7954107f70
2024-09-11T22:04:57.799 INFO:teuthology.orchestra.run.smithi092.stdout:/usr/bin/ceph: stderr
2024-09-11T22:04:57.001+0000 7f79537fe640 1 -- 172.21.15.92:0/1322757441 <== mon.0 v2:172.21.15.92:3300/0 2 ==== config(26 keys) ==== 1071+0+0 (secure 0 0 0) 0x7f794c031890 con 0x7f7954107f70
2024-09-11T22:04:57.800 INFO:teuthology.orchestra.run.smithi092.stdout:/usr/bin/ceph: stderr
2024-09-11T22:04:57.001+0000 7f79537fe640 1 -- 172.21.15.92:0/1322757441 <== mon.0 v2:172.21.15.92:3300/0 3 ==== mon_map magic: 0 ==== 205+0+0 (secure 0 0 0) 0x7f794c007980 con 0x7f7954107f70
2024-09-11T22:04:57.800 INFO:teuthology.orchestra.run.smithi092.stdout:/usr/bin/ceph: stderr
2024-09-11T22:04:57.001+0000 7f795aaf2640 1 -- 172.21.15.92:0/1322757441 >> [v2:172.21.15.92:3300/0,v1:172.21.15.92:6789/0] conn(0x7f7954107f70 msgr2=0x7f795410a360 secure :-1 s=STATE_CONNECTION_ESTABLISHED l=1).mark_down
2024-09-11T22:04:57.800 INFO:teuthology.orchestra.run.smithi092.stdout:/usr/bin/ceph: stderr
2024-09-11T22:04:57.001+0000 7f795aaf2640 1 --2- 172.21.15.92:0/1322757441 >> [v2:172.21.15.92:3300/0,v1:172.21.15.92:6789/0] conn(0x7f7954107f70 0x7f795410a360 secure :-1 s=READY pgs=39 cs=0 l=1 rev1=1 crypto rx=0x7f794c009e80 tx=0x7f794c02a7a0 comp rx=0 tx=0).stop
2024-09-11T22:04:57.800 INFO:teuthology.orchestra.run.smithi092.stdout:/usr/bin/ceph: stderr
2024-09-11T22:04:57.002+0000 7f795aaf2640 1 -- 172.21.15.92:0/1322757441 shutdown_connections
2024-09-11T22:04:57.800 INFO:teuthology.orchestra.run.smithi092.stdout:/usr/bin/ceph: stderr
2024-09-11T22:04:57.002+0000 7f795aaf2640 1 --2- 172.21.15.92:0/1322757441 >> [v2:172.21.15.92:3300/0,v1:172.21.15.92:6789/0] conn(0x7f7954107f70 0x7f795410a360 unknown :-1 s=CLOSED pgs=39 cs=0 l=1 rev1=1 crypto rx=0 tx=0 comp rx=0 tx=0).stop
2024-09-11T22:04:57.800 INFO:teuthology.orchestra.run.smithi092.stdout:/usr/bin/ceph: stderr
2024-09-11T22:04:57.002+0000 7f795aaf2640 1 -- 172.21.15.92:0/1322757441 >> 172.21.15.92:0/1322757441 conn(0x7f7954101a90 msgr2=0x7f7954103ef0 unknown :-1 s=STATE_NONE l=0).mark_down
2024-09-11T22:04:57.800 INFO:teuthology.orchestra.run.smithi092.stdout:/usr/bin/ceph: stderr
2024-09-11T22:04:57.002+0000 7f795aaf2640 1 -- 172.21.15.92:0/1322757441 shutdown_connections
2024-09-11T22:04:57.800 INFO:teuthology.orchestra.run.smithi092.stdout:/usr/bin/ceph: stderr
2024-09-11T22:04:57.002+0000 7f795aaf2640 1 -- 172.21.15.92:0/1322757441 wait complete.
2024-09-11T22:04:57.800 INFO:teuthology.orchestra.run.smithi092.stdout:/usr/bin/ceph: stderr
2024-09-11T22:04:57.002+0000 7f795aaf2640 1 Processor -- start
2024-09-11T22:04:57.800 INFO:teuthology.orchestra.run.smithi092.stdout:/usr/bin/ceph: stderr
2024-09-11T22:04:57.002+0000 7f795aaf2640 1 -- start start
2024-09-11T22:04:57.800 INFO:teuthology.orchestra.run.smithi092.stdout:/usr/bin/ceph: stderr
2024-09-11T22:04:57.002+0000 7f795aaf2640 1 --2- >> [v2:172.21.15.92:3300/0,v1:172.21.15.92:6789/0] conn(0x7f7954107f70 0x7f795419b370 unknown :-1 s=NONE pgs=0 cs=0 l=1 rev1=0 crypto rx=0 tx=0 comp rx=0 tx=0).connect
2024-09-11T22:04:57.801 INFO:teuthology.orchestra.run.smithi092.stdout:/usr/bin/ceph: stderr
2024-09-11T22:04:57.002+0000 7f795aaf2640 1 -- --> [v2:172.21.15.92:3300/0,v1:172.21.15.92:6789/0] -- mon_getmap magic: 0 -- 0x7f795410b7c0 con 0x7f7954107f70
2024-09-11T22:04:57.801 INFO:teuthology.orchestra.run.smithi092.stdout:/usr/bin/ceph: stderr
2024-09-11T22:04:57.002+0000 7f795888e640 1 --2- >> [v2:172.21.15.92:3300/0,v1:172.21.15.92:6789/0] conn(0x7f7954107f70 0x7f795419b370 unknown :-1 s=BANNER_CONNECTING pgs=0 cs=0 l=1 rev1=0 crypto rx=0 tx=0 comp rx=0 tx=0)._handle_peer_banner_payload supported=3 required=0
2024-09-11T22:04:57.801 INFO:teuthology.orchestra.run.smithi092.stdout:/usr/bin/ceph: stderr
2024-09-11T22:04:57.002+0000 7f795888e640 1 --2- >> [v2:172.21.15.92:3300/0,v1:172.21.15.92:6789/0] conn(0x7f7954107f70 0x7f795419b370 unknown :-1 s=HELLO_CONNECTING pgs=0 cs=0 l=1 rev1=1 crypto rx=0 tx=0 comp rx=0 tx=0).handle_hello peer v2:172.21.15.92:3300/0 says I am v2:172.21.15.92:39044/0 (socket says 172.21.15.92:39044)
2024-09-11T22:04:57.801 INFO:teuthology.orchestra.run.smithi092.stdout:/usr/bin/ceph: stderr
2024-09-11T22:04:57.002+0000 7f795888e640 1 -- 172.21.15.92:0/2417780304 learned_addr learned my addr 172.21.15.92:0/2417780304 (peer_addr_for_me v2:172.21.15.92:0/0)
2024-09-11T22:04:57.801 INFO:teuthology.orchestra.run.smithi092.stdout:/usr/bin/ceph: stderr
2024-09-11T22:04:57.003+0000 7f795888e640 1 -- 172.21.15.92:0/2417780304 --> [v2:172.21.15.92:3300/0,v1:172.21.15.92:6789/0] -- mon_subscribe({config=0+,monmap=0+}) -- 0x7f795419b8b0 con 0x7f7954107f70
2024-09-11T22:04:57.801 INFO:teuthology.orchestra.run.smithi092.stdout:/usr/bin/ceph: stderr
2024-09-11T22:04:57.003+0000 7f795888e640 1 --2- 172.21.15.92:0/2417780304 >> [v2:172.21.15.92:3300/0,v1:172.21.15.92:6789/0] conn(0x7f7954107f70 0x7f795419b370 secure :-1 s=READY pgs=40 cs=0 l=1 rev1=1 crypto rx=0x7f794c009680 tx=0x7f794c031c70 comp rx=0 tx=0).ready entity=mon.0 client_cookie=0 server_cookie=0 in_seq=0 out_seq=0
2024-09-11T22:04:57.801 INFO:teuthology.orchestra.run.smithi092.stdout:/usr/bin/ceph: stderr
2024-09-11T22:04:57.003+0000 7f7951ffb640 1 -- 172.21.15.92:0/2417780304 <== mon.0 v2:172.21.15.92:3300/0 1 ==== mon_map magic: 0 ==== 205+0+0 (secure 0 0 0) 0x7f794c041020 con 0x7f7954107f70
2024-09-11T22:04:57.801 INFO:teuthology.orchestra.run.smithi092.stdout:/usr/bin/ceph: stderr
2024-09-11T22:04:57.003+0000 7f795aaf2640 1 -- 172.21.15.92:0/2417780304 --> [v2:172.21.15.92:3300/0,v1:172.21.15.92:6789/0] -- mon_subscribe({mgrmap=0+}) -- 0x7f795419bb40 con 0x7f7954107f70
2024-09-11T22:04:57.801 INFO:teuthology.orchestra.run.smithi092.stdout:/usr/bin/ceph: stderr
2024-09-11T22:04:57.003+0000 7f7951ffb640 1 -- 172.21.15.92:0/2417780304 <== mon.0 v2:172.21.15.92:3300/0 2 ==== config(26 keys) ==== 1071+0+0 (secure 0 0 0) 0x7f794c03c900 con 0x7f7954107f70
2024-09-11T22:04:57.801 INFO:teuthology.orchestra.run.smithi092.stdout:/usr/bin/ceph: stderr
2024-09-11T22:04:57.003+0000 7f7951ffb640 1 -- 172.21.15.92:0/2417780304 <== mon.0 v2:172.21.15.92:3300/0 3 ==== mon_map magic: 0 ==== 205+0+0 (secure 0 0 0) 0x7f794c036040 con 0x7f7954107f70
2024-09-11T22:04:57.802 INFO:teuthology.orchestra.run.smithi092.stdout:/usr/bin/ceph: stderr
2024-09-11T22:04:57.003+0000 7f795aaf2640 1 -- 172.21.15.92:0/2417780304 --> [v2:172.21.15.92:3300/0,v1:172.21.15.92:6789/0] -- mon_subscribe({osdmap=0}) -- 0x7f795419e830 con 0x7f7954107f70
2024-09-11T22:04:57.802 INFO:teuthology.orchestra.run.smithi092.stdout:/usr/bin/ceph: stderr
2024-09-11T22:04:57.004+0000 7f7951ffb640 1 -- 172.21.15.92:0/2417780304 <== mon.0 v2:172.21.15.92:3300/0 4 ==== mgrmap(e 8) ==== 46287+0+0 (secure 0 0 0) 0x7f794c044020 con 0x7f7954107f70
2024-09-11T22:04:57.802 INFO:teuthology.orchestra.run.smithi092.stdout:/usr/bin/ceph: stderr
2024-09-11T22:04:57.004+0000 7f795aaf2640 1 -- 172.21.15.92:0/2417780304 --> [v2:172.21.15.92:3300/0,v1:172.21.15.92:6789/0] -- mon_command({"prefix": "get_command_descriptions"} v 0) -- 0x7f79541083d0 con 0x7f7954107f70
2024-09-11T22:04:57.802 INFO:teuthology.orchestra.run.smithi092.stdout:/usr/bin/ceph: stderr
2024-09-11T22:04:57.004+0000 7f7951ffb640 1 --2- 172.21.15.92:0/2417780304 >> [v2:172.21.15.92:6800/733069068,v1:172.21.15.92:6801/733069068] conn(0x7f7940038f70 0x7f794003b430 unknown :-1 s=NONE pgs=0 cs=0 l=1 rev1=0 crypto rx=0 tx=0 comp rx=0 tx=0).connect
2024-09-11T22:04:57.802 INFO:teuthology.orchestra.run.smithi092.stdout:/usr/bin/ceph: stderr
2024-09-11T22:04:57.004+0000 7f7951ffb640 1 -- 172.21.15.92:0/2417780304 <== mon.0 v2:172.21.15.92:3300/0 5 ==== osd_map(2..2 src has 1..2) ==== 940+0+0 (secure 0 0 0) 0x7f794c06d4d0 con 0x7f7954107f70
2024-09-11T22:04:57.802 INFO:teuthology.orchestra.run.smithi092.stdout:/usr/bin/ceph: stderr
2024-09-11T22:04:57.004+0000 7f7953fff640 1 --2- 172.21.15.92:0/2417780304 >> [v2:172.21.15.92:6800/733069068,v1:172.21.15.92:6801/733069068] conn(0x7f7940038f70 0x7f794003b430 unknown :-1 s=BANNER_CONNECTING pgs=0 cs=0 l=1 rev1=0 crypto rx=0 tx=0 comp rx=0 tx=0)._handle_peer_banner_payload supported=3 required=0
2024-09-11T22:04:57.802 INFO:teuthology.orchestra.run.smithi092.stdout:/usr/bin/ceph: stderr
2024-09-11T22:04:57.005+0000 7f7953fff640 1 --2- 172.21.15.92:0/2417780304 >> [v2:172.21.15.92:6800/733069068,v1:172.21.15.92:6801/733069068] conn(0x7f7940038f70 0x7f794003b430 secure :-1 s=READY pgs=9 cs=0 l=1 rev1=1 crypto rx=0x7f79440098c0 tx=0x7f7944006db0 comp rx=0 tx=0).ready entity=mgr.14118 client_cookie=0 server_cookie=0 in_seq=0 out_seq=0
2024-09-11T22:04:57.802 INFO:teuthology.orchestra.run.smithi092.stdout:/usr/bin/ceph: stderr
2024-09-11T22:04:57.009+0000 7f7951ffb640 1 -- 172.21.15.92:0/2417780304 <== mon.0 v2:172.21.15.92:3300/0 6 ==== mon_command_ack([{"prefix": "get_command_descriptions"}]=0 v0) ==== 72+0+188821 (secure 0 0 0) 0x7f794c04b020 con 0x7f7954107f70
2024-09-11T22:04:57.802 INFO:teuthology.orchestra.run.smithi092.stdout:/usr/bin/ceph: stderr
2024-09-11T22:04:57.178+0000 7f795aaf2640 1 -- 172.21.15.92:0/2417780304 --> [v2:172.21.15.92:6800/733069068,v1:172.21.15.92:6801/733069068] -- mgr_command(tid 0: {"prefix": "cephadm generate-key", "target": ["mon-mgr", ""]}) -- 0x7f7954102cd0 con 0x7f7940038f70
2024-09-11T22:04:57.802 INFO:teuthology.orchestra.run.smithi092.stdout:/usr/bin/ceph: stderr
2024-09-11T22:04:57.241+0000 7f7951ffb640 1 -- 172.21.15.92:0/2417780304 <== mgr.14118 v2:172.21.15.92:6800/733069068 1 ==== mgr_command_reply(tid 0: 0 ) ==== 8+0+0 (secure 0 0 0) 0x7f7954102cd0 con 0x7f7940038f70
2024-09-11T22:04:57.802 INFO:teuthology.orchestra.run.smithi092.stdout:/usr/bin/ceph: stderr
2024-09-11T22:04:57.243+0000 7f795aaf2640 1 -- 172.21.15.92:0/2417780304 >> [v2:172.21.15.92:6800/733069068,v1:172.21.15.92:6801/733069068] conn(0x7f7940038f70 msgr2=0x7f794003b430 secure :-1 s=STATE_CONNECTION_ESTABLISHED l=1).mark_down
2024-09-11T22:04:57.803 INFO:teuthology.orchestra.run.smithi092.stdout:/usr/bin/ceph: stderr
2024-09-11T22:04:57.243+0000 7f795aaf2640 1 --2- 172.21.15.92:0/2417780304 >> [v2:172.21.15.92:6800/733069068,v1:172.21.15.92:6801/733069068] conn(0x7f7940038f70 0x7f794003b430 secure :-1 s=READY pgs=9 cs=0 l=1 rev1=1 crypto rx=0x7f79440098c0 tx=0x7f7944006db0 comp rx=0 tx=0).stop
2024-09-11T22:04:57.803 INFO:teuthology.orchestra.run.smithi092.stdout:/usr/bin/ceph: stderr
2024-09-11T22:04:57.243+0000 7f795aaf2640 1 -- 172.21.15.92:0/2417780304 >> [v2:172.21.15.92:3300/0,v1:172.21.15.92:6789/0] conn(0x7f7954107f70 msgr2=0x7f795419b370 secure :-1 s=STATE_CONNECTION_ESTABLISHED l=1).mark_down
2024-09-11T22:04:57.803 INFO:teuthology.orchestra.run.smithi092.stdout:/usr/bin/ceph: stderr
2024-09-11T22:04:57.243+0000 7f795aaf2640 1 --2- 172.21.15.92:0/2417780304 >> [v2:172.21.15.92:3300/0,v1:172.21.15.92:6789/0] conn(0x7f7954107f70 0x7f795419b370 secure :-1 s=READY pgs=40 cs=0 l=1 rev1=1 crypto rx=0x7f794c009680 tx=0x7f794c031c70 comp rx=0 tx=0).stop
2024-09-11T22:04:57.803 INFO:teuthology.orchestra.run.smithi092.stdout:/usr/bin/ceph: stderr
2024-09-11T22:04:57.243+0000 7f795aaf2640 1 -- 172.21.15.92:0/2417780304 shutdown_connections
2024-09-11T22:04:57.803 INFO:teuthology.orchestra.run.smithi092.stdout:/usr/bin/ceph: stderr
2024-09-11T22:04:57.243+0000 7f795aaf2640 1 --2- 172.21.15.92:0/2417780304 >> [v2:172.21.15.92:6800/733069068,v1:172.21.15.92:6801/733069068] conn(0x7f7940038f70 0x7f794003b430 unknown :-1 s=CLOSED pgs=9 cs=0 l=1 rev1=1 crypto rx=0 tx=0 comp rx=0 tx=0).stop
2024-09-11T22:04:57.803 INFO:teuthology.orchestra.run.smithi092.stdout:/usr/bin/ceph: stderr
2024-09-11T22:04:57.243+0000 7f795aaf2640 1 --2- 172.21.15.92:0/2417780304 >> [v2:172.21.15.92:3300/0,v1:172.21.15.92:6789/0] conn(0x7f7954107f70 0x7f795419b370 unknown :-1 s=CLOSED pgs=40 cs=0 l=1 rev1=1 crypto rx=0 tx=0 comp rx=0 tx=0).stop
2024-09-11T22:04:57.803 INFO:teuthology.orchestra.run.smithi092.stdout:/usr/bin/ceph: stderr
2024-09-11T22:04:57.243+0000 7f795aaf2640 1 -- 172.21.15.92:0/2417780304 >> 172.21.15.92:0/2417780304 conn(0x7f7954101a90 msgr2=0x7f79541025c0 unknown :-1 s=STATE_NONE l=0).mark_down
2024-09-11T22:04:57.803 INFO:teuthology.orchestra.run.smithi092.stdout:/usr/bin/ceph: stderr
2024-09-11T22:04:57.244+0000 7f795aaf2640 1 -- 172.21.15.92:0/2417780304 shutdown_connections
2024-09-11T22:04:57.803 INFO:teuthology.orchestra.run.smithi092.stdout:/usr/bin/ceph: stderr
2024-09-11T22:04:57.244+0000 7f795aaf2640 1 -- 172.21.15.92:0/2417780304 wait complete.
2024-09-11T22:04:58.369 INFO:journalctl@ceph.mon.a.smithi092.stdout:Sep 11 22:04:58 smithi092 ceph-mon[31173]: from='client.14134 -' entity='client.admin' cmd=[{"prefix": "cephadm generate-key", "target": ["mon-mgr", ""]}]: dispatch
2024-09-11T22:04:58.369 INFO:journalctl@ceph.mon.a.smithi092.stdout:Sep 11 22:04:58 smithi092 ceph-mon[31173]: Generating ssh key...
2024-09-11T22:04:58.369 INFO:journalctl@ceph.mon.a.smithi092.stdout:Sep 11 22:04:58 smithi092 ceph-mon[31173]: from='mgr.14118 172.21.15.92:0/2486752492' entity='mgr.x'
2024-09-11T22:04:58.369 INFO:journalctl@ceph.mon.a.smithi092.stdout:Sep 11 22:04:58 smithi092 ceph-mon[31173]: from='mgr.14118 172.21.15.92:0/2486752492' entity='mgr.x'
2024-09-11T22:04:58.995 INFO:teuthology.orchestra.run.smithi092.stdout:/usr/bin/ceph: stdout ssh-rsa AAAAB3NzaC1yc2EAAAADAQABAAABgQDPZOjNyZK2EuKPwdf02uZ7dCcZZsxYK2dHGmlkAdEfA96S6ToHQf/4wwzjjAWKHZyKwTjVLe5mR0eY3OaXKmtrLmNq8idjM+FHYGJe6l692QhKKxjp1fo3DS/kLdw+cT95PVlgC6Rd43C2EwWWta4vKW+znQlXRCVsrmMQXrL09obYX763gJHP7zFCSYWnYjpXiGeyn032zFHeo63K84bpONl1z6s71uC3RUOShldhnPJWCJWHQBXl8xv8DtfnhFLhCPn37p3U2DZ5JNJ0vRxeJ6uHadJ/xoxm2U/euS0dmmt4myzV20GBB7KvdVeYK10iTKnFtgQKEKorvrPmSlVwjrFH/vNCAg8cmaFv6GzyldP9QB1yw9+2KtgWguwseTaNKVeHY2+Vea41J3sn4k2rKy06glPfFVCAV+GLTTmj3nU3v8boZtAfj1ZqPAAWjhbx24qfwZyb4IVKfYKe0aT+ADVXw9D8ckdewUFrV4PFIP6RJAvEbASzlV3VtTmarcs= ceph-a6709e28-7089-11ef-bcea-c7b262605968
2024-09-11T22:04:58.995 INFO:teuthology.orchestra.run.smithi092.stdout:/usr/bin/ceph: stderr
2024-09-11T22:04:58.188+0000 7f924eb01640 1 Processor -- start
2024-09-11T22:04:58.996 INFO:teuthology.orchestra.run.smithi092.stdout:/usr/bin/ceph: stderr
2024-09-11T22:04:58.188+0000 7f924eb01640 1 -- start start
2024-09-11T22:04:58.996 INFO:teuthology.orchestra.run.smithi092.stdout:/usr/bin/ceph: stderr
2024-09-11T22:04:58.188+0000 7f924eb01640 1 --2- >> [v2:172.21.15.92:3300/0,v1:172.21.15.92:6789/0] conn(0x7f9248107420 0x7f9248107820 unknown :-1 s=NONE pgs=0 cs=0 l=0 rev1=0 crypto rx=0 tx=0 comp rx=0 tx=0).connect
2024-09-11T22:04:58.996 INFO:teuthology.orchestra.run.smithi092.stdout:/usr/bin/ceph: stderr
2024-09-11T22:04:58.188+0000 7f924eb01640 1 -- --> [v2:172.21.15.92:3300/0,v1:172.21.15.92:6789/0] -- mon_getmap magic: 0 -- 0x7f9248107df0 con 0x7f9248107420
2024-09-11T22:04:58.996 INFO:teuthology.orchestra.run.smithi092.stdout:/usr/bin/ceph: stderr
2024-09-11T22:04:58.188+0000 7f924c89d640 1 --2- >> [v2:172.21.15.92:3300/0,v1:172.21.15.92:6789/0] conn(0x7f9248107420 0x7f9248107820 unknown :-1 s=BANNER_CONNECTING pgs=0 cs=0 l=0 rev1=0 crypto rx=0 tx=0 comp rx=0 tx=0)._handle_peer_banner_payload supported=3 required=0
2024-09-11T22:04:58.996 INFO:teuthology.orchestra.run.smithi092.stdout:/usr/bin/ceph: stderr
2024-09-11T22:04:58.188+0000 7f924c89d640 1 --2- >> [v2:172.21.15.92:3300/0,v1:172.21.15.92:6789/0] conn(0x7f9248107420 0x7f9248107820 unknown :-1 s=HELLO_CONNECTING pgs=0 cs=0 l=0 rev1=1 crypto rx=0 tx=0 comp rx=0 tx=0).handle_hello peer v2:172.21.15.92:3300/0 says I am v2:172.21.15.92:39046/0 (socket says 172.21.15.92:39046)
2024-09-11T22:04:58.996 INFO:teuthology.orchestra.run.smithi092.stdout:/usr/bin/ceph: stderr
2024-09-11T22:04:58.188+0000 7f924c89d640 1 -- 172.21.15.92:0/685226858 learned_addr learned my addr 172.21.15.92:0/685226858 (peer_addr_for_me v2:172.21.15.92:0/0)
2024-09-11T22:04:58.996 INFO:teuthology.orchestra.run.smithi092.stdout:/usr/bin/ceph: stderr
2024-09-11T22:04:58.189+0000 7f924c89d640 1 -- 172.21.15.92:0/685226858 --> [v2:172.21.15.92:3300/0,v1:172.21.15.92:6789/0] -- mon_subscribe({config=0+,monmap=0+}) -- 0x7f9248108620 con 0x7f9248107420
2024-09-11T22:04:58.996 INFO:teuthology.orchestra.run.smithi092.stdout:/usr/bin/ceph: stderr
2024-09-11T22:04:58.189+0000 7f924c89d640 1 --2- 172.21.15.92:0/685226858 >> [v2:172.21.15.92:3300/0,v1:172.21.15.92:6789/0] conn(0x7f9248107420 0x7f9248107820 secure :-1 s=READY pgs=41 cs=0 l=1 rev1=1 crypto rx=0x7f923c009820 tx=0x7f923c02a270 comp rx=0 tx=0).ready entity=mon.0 client_cookie=509788ded6d906ba server_cookie=0 in_seq=0 out_seq=0
2024-09-11T22:04:58.996 INFO:teuthology.orchestra.run.smithi092.stdout:/usr/bin/ceph: stderr
2024-09-11T22:04:58.190+0000 7f92477fe640 1 -- 172.21.15.92:0/685226858 <== mon.0 v2:172.21.15.92:3300/0 1 ==== mon_map magic: 0 ==== 205+0+0 (secure 0 0 0) 0x7f923c037070 con 0x7f9248107420
2024-09-11T22:04:58.996 INFO:teuthology.orchestra.run.smithi092.stdout:/usr/bin/ceph: stderr
2024-09-11T22:04:58.190+0000 7f92477fe640 1 -- 172.21.15.92:0/685226858 <== mon.0 v2:172.21.15.92:3300/0 2 ==== config(26 keys) ==== 1071+0+0 (secure 0 0 0) 0x7f923c0328d0 con 0x7f9248107420
2024-09-11T22:04:58.996 INFO:teuthology.orchestra.run.smithi092.stdout:/usr/bin/ceph: stderr
2024-09-11T22:04:58.190+0000 7f92477fe640 1 -- 172.21.15.92:0/685226858 <== mon.0 v2:172.21.15.92:3300/0 3 ==== mon_map magic: 0 ==== 205+0+0 (secure 0 0 0) 0x7f923c0307d0 con 0x7f9248107420
2024-09-11T22:04:58.996 INFO:teuthology.orchestra.run.smithi092.stdout:/usr/bin/ceph: stderr
2024-09-11T22:04:58.190+0000 7f924eb01640 1 -- 172.21.15.92:0/685226858 >> [v2:172.21.15.92:3300/0,v1:172.21.15.92:6789/0] conn(0x7f9248107420 msgr2=0x7f9248107820 secure :-1 s=STATE_CONNECTION_ESTABLISHED l=1).mark_down
2024-09-11T22:04:58.997 INFO:teuthology.orchestra.run.smithi092.stdout:/usr/bin/ceph: stderr
2024-09-11T22:04:58.190+0000 7f924eb01640 1 --2- 172.21.15.92:0/685226858 >> [v2:172.21.15.92:3300/0,v1:172.21.15.92:6789/0] conn(0x7f9248107420 0x7f9248107820 secure :-1 s=READY pgs=41 cs=0 l=1 rev1=1 crypto rx=0x7f923c009820 tx=0x7f923c02a270 comp rx=0 tx=0).stop
2024-09-11T22:04:58.997 INFO:teuthology.orchestra.run.smithi092.stdout:/usr/bin/ceph: stderr
