2024-09-11T22:04:45.220+0000 7fc2fefb9640 1 -- 172.21.15.92:0/2194059955 >> [v2:172.21.15.92:3300/0,v1:172.21.15.92:6789/0] conn(0x7fc2f8107420 msgr2=0x7fc2f819b390 secure :-1 s=STATE_CONNECTION_ESTABLISHED l=1).mark_down
2024-09-11T22:04:45.832 INFO:teuthology.orchestra.run.smithi092.stdout:/usr/bin/ceph: stderr
2024-09-11T22:04:45.220+0000 7fc2fefb9640 1 --2- 172.21.15.92:0/2194059955 >> [v2:172.21.15.92:3300/0,v1:172.21.15.92:6789/0] conn(0x7fc2f8107420 0x7fc2f819b390 secure :-1 s=READY pgs=17 cs=0 l=1 rev1=1 crypto rx=0x7fc2e8009940 tx=0x7fc2e8032e10 comp rx=0 tx=0).stop
2024-09-11T22:04:45.832 INFO:teuthology.orchestra.run.smithi092.stdout:/usr/bin/ceph: stderr
2024-09-11T22:04:45.220+0000 7fc2fefb9640 1 -- 172.21.15.92:0/2194059955 shutdown_connections
2024-09-11T22:04:45.833 INFO:teuthology.orchestra.run.smithi092.stdout:/usr/bin/ceph: stderr
2024-09-11T22:04:45.220+0000 7fc2fefb9640 1 --2- 172.21.15.92:0/2194059955 >> [v2:172.21.15.92:6800/1519869556,v1:172.21.15.92:6801/1519869556] conn(0x7fc2e4038f70 0x7fc2e403b430 unknown :-1 s=CLOSED pgs=6 cs=0 l=1 rev1=1 crypto rx=0 tx=0 comp rx=0 tx=0).stop
2024-09-11T22:04:45.833 INFO:teuthology.orchestra.run.smithi092.stdout:/usr/bin/ceph: stderr
2024-09-11T22:04:45.220+0000 7fc2fefb9640 1 --2- 172.21.15.92:0/2194059955 >> [v2:172.21.15.92:3300/0,v1:172.21.15.92:6789/0] conn(0x7fc2f8107420 0x7fc2f819b390 unknown :-1 s=CLOSED pgs=17 cs=0 l=1 rev1=1 crypto rx=0 tx=0 comp rx=0 tx=0).stop
2024-09-11T22:04:45.833 INFO:teuthology.orchestra.run.smithi092.stdout:/usr/bin/ceph: stderr
2024-09-11T22:04:45.220+0000 7fc2fefb9640 1 -- 172.21.15.92:0/2194059955 >> 172.21.15.92:0/2194059955 conn(0x7fc2f8102bb0 msgr2=0x7fc2f81036a0 unknown :-1 s=STATE_NONE l=0).mark_down
2024-09-11T22:04:45.833 INFO:teuthology.orchestra.run.smithi092.stdout:/usr/bin/ceph: stderr
2024-09-11T22:04:45.220+0000 7fc2fefb9640 1 -- 172.21.15.92:0/2194059955 shutdown_connections
2024-09-11T22:04:45.833 INFO:teuthology.orchestra.run.smithi092.stdout:/usr/bin/ceph: stderr
2024-09-11T22:04:45.220+0000 7fc2fefb9640 1 -- 172.21.15.92:0/2194059955 wait complete.
2024-09-11T22:04:45.833 INFO:teuthology.orchestra.run.smithi092.stdout:mgr is available
2024-09-11T22:04:46.018 INFO:journalctl@ceph.mon.a.smithi092.stdout:Sep 11 22:04:45 smithi092 ceph-mon[31173]: mgrmap e4: x(active, since 2s)
2024-09-11T22:04:46.018 INFO:journalctl@ceph.mon.a.smithi092.stdout:Sep 11 22:04:45 smithi092 ceph-mon[31173]: from='client.? 172.21.15.92:0/2194059955' entity='client.admin' cmd=[{"prefix": "status", "format": "json-pretty"}]: dispatch
2024-09-11T22:04:46.981 INFO:teuthology.orchestra.run.smithi092.stdout:/usr/bin/ceph: stdout
2024-09-11T22:04:46.982 INFO:teuthology.orchestra.run.smithi092.stdout:/usr/bin/ceph: stdout [global]
2024-09-11T22:04:46.982 INFO:teuthology.orchestra.run.smithi092.stdout:/usr/bin/ceph: stdout fsid = a6709e28-7089-11ef-bcea-c7b262605968
2024-09-11T22:04:46.982 INFO:teuthology.orchestra.run.smithi092.stdout:/usr/bin/ceph: stdout mon_host = [v2:172.21.15.92:3300,v1:172.21.15.92:6789]
2024-09-11T22:04:46.982 INFO:teuthology.orchestra.run.smithi092.stdout:/usr/bin/ceph: stdout mon_osd_allow_pg_remap = true
2024-09-11T22:04:46.982 INFO:teuthology.orchestra.run.smithi092.stdout:/usr/bin/ceph: stdout mon_osd_allow_primary_affinity = true
2024-09-11T22:04:46.982 INFO:teuthology.orchestra.run.smithi092.stdout:/usr/bin/ceph: stdout mon_warn_on_no_sortbitwise = false
2024-09-11T22:04:46.982 INFO:teuthology.orchestra.run.smithi092.stdout:/usr/bin/ceph: stdout osd_crush_chooseleaf_type = 0
2024-09-11T22:04:46.982 INFO:teuthology.orchestra.run.smithi092.stdout:/usr/bin/ceph: stdout
2024-09-11T22:04:46.982 INFO:teuthology.orchestra.run.smithi092.stdout:/usr/bin/ceph: stdout [mgr]
2024-09-11T22:04:46.982 INFO:teuthology.orchestra.run.smithi092.stdout:/usr/bin/ceph: stdout mgr/telemetry/nag = false
2024-09-11T22:04:46.982 INFO:teuthology.orchestra.run.smithi092.stdout:/usr/bin/ceph: stdout
2024-09-11T22:04:46.982 INFO:teuthology.orchestra.run.smithi092.stdout:/usr/bin/ceph: stdout [osd]
2024-09-11T22:04:46.982 INFO:teuthology.orchestra.run.smithi092.stdout:/usr/bin/ceph: stdout mon_osd_backfillfull_ratio = 0.85
2024-09-11T22:04:46.983 INFO:teuthology.orchestra.run.smithi092.stdout:/usr/bin/ceph: stdout mon_osd_full_ratio = 0.9
2024-09-11T22:04:46.983 INFO:teuthology.orchestra.run.smithi092.stdout:/usr/bin/ceph: stdout mon_osd_nearfull_ratio = 0.8
2024-09-11T22:04:46.983 INFO:teuthology.orchestra.run.smithi092.stdout:/usr/bin/ceph: stdout osd_map_max_advance = 10
2024-09-11T22:04:46.983 INFO:teuthology.orchestra.run.smithi092.stdout:/usr/bin/ceph: stdout osd_sloppy_crc = true
2024-09-11T22:04:46.983 INFO:teuthology.orchestra.run.smithi092.stdout:/usr/bin/ceph: stderr
2024-09-11T22:04:46.190+0000 7fac180a1640 1 Processor -- start
2024-09-11T22:04:46.983 INFO:teuthology.orchestra.run.smithi092.stdout:/usr/bin/ceph: stderr
2024-09-11T22:04:46.191+0000 7fac180a1640 1 -- start start
2024-09-11T22:04:46.983 INFO:teuthology.orchestra.run.smithi092.stdout:/usr/bin/ceph: stderr
2024-09-11T22:04:46.191+0000 7fac180a1640 1 --2- >> [v2:172.21.15.92:3300/0,v1:172.21.15.92:6789/0] conn(0x7fac1007de40 0x7fac1007c2a0 unknown :-1 s=NONE pgs=0 cs=0 l=0 rev1=0 crypto rx=0 tx=0 comp rx=0 tx=0).connect
2024-09-11T22:04:46.983 INFO:teuthology.orchestra.run.smithi092.stdout:/usr/bin/ceph: stderr
2024-09-11T22:04:46.191+0000 7fac180a1640 1 -- --> [v2:172.21.15.92:3300/0,v1:172.21.15.92:6789/0] -- mon_getmap magic: 0 -- 0x7fac1007c870 con 0x7fac1007de40
2024-09-11T22:04:46.983 INFO:teuthology.orchestra.run.smithi092.stdout:/usr/bin/ceph: stderr
2024-09-11T22:04:46.191+0000 7fac15e3d640 1 --2- >> [v2:172.21.15.92:3300/0,v1:172.21.15.92:6789/0] conn(0x7fac1007de40 0x7fac1007c2a0 unknown :-1 s=BANNER_CONNECTING pgs=0 cs=0 l=0 rev1=0 crypto rx=0 tx=0 comp rx=0 tx=0)._handle_peer_banner_payload supported=3 required=0
2024-09-11T22:04:46.983 INFO:teuthology.orchestra.run.smithi092.stdout:/usr/bin/ceph: stderr
2024-09-11T22:04:46.191+0000 7fac15e3d640 1 --2- >> [v2:172.21.15.92:3300/0,v1:172.21.15.92:6789/0] conn(0x7fac1007de40 0x7fac1007c2a0 unknown :-1 s=HELLO_CONNECTING pgs=0 cs=0 l=0 rev1=1 crypto rx=0 tx=0 comp rx=0 tx=0).handle_hello peer v2:172.21.15.92:3300/0 says I am v2:172.21.15.92:59454/0 (socket says 172.21.15.92:59454)
2024-09-11T22:04:46.983 INFO:teuthology.orchestra.run.smithi092.stdout:/usr/bin/ceph: stderr
2024-09-11T22:04:46.191+0000 7fac15e3d640 1 -- 172.21.15.92:0/3778729523 learned_addr learned my addr 172.21.15.92:0/3778729523 (peer_addr_for_me v2:172.21.15.92:0/0)
2024-09-11T22:04:46.983 INFO:teuthology.orchestra.run.smithi092.stdout:/usr/bin/ceph: stderr
2024-09-11T22:04:46.191+0000 7fac15e3d640 1 -- 172.21.15.92:0/3778729523 --> [v2:172.21.15.92:3300/0,v1:172.21.15.92:6789/0] -- mon_subscribe({config=0+,monmap=0+}) -- 0x7fac1007c9f0 con 0x7fac1007de40
2024-09-11T22:04:46.983 INFO:teuthology.orchestra.run.smithi092.stdout:/usr/bin/ceph: stderr
2024-09-11T22:04:46.192+0000 7fac15e3d640 1 --2- 172.21.15.92:0/3778729523 >> [v2:172.21.15.92:3300/0,v1:172.21.15.92:6789/0] conn(0x7fac1007de40 0x7fac1007c2a0 secure :-1 s=READY pgs=18 cs=0 l=1 rev1=1 crypto rx=0x7fac00009820 tx=0x7fac0002a270 comp rx=0 tx=0).ready entity=mon.0 client_cookie=8b2414b92f0b02be server_cookie=0 in_seq=0 out_seq=0
2024-09-11T22:04:46.983 INFO:teuthology.orchestra.run.smithi092.stdout:/usr/bin/ceph: stderr
2024-09-11T22:04:46.192+0000 7fac14e3b640 1 -- 172.21.15.92:0/3778729523 <== mon.0 v2:172.21.15.92:3300/0 1 ==== mon_map magic: 0 ==== 205+0+0 (secure 0 0 0) 0x7fac00037070 con 0x7fac1007de40
2024-09-11T22:04:46.984 INFO:teuthology.orchestra.run.smithi092.stdout:/usr/bin/ceph: stderr
2024-09-11T22:04:46.192+0000 7fac14e3b640 1 -- 172.21.15.92:0/3778729523 <== mon.0 v2:172.21.15.92:3300/0 2 ==== config(26 keys) ==== 1071+0+0 (secure 0 0 0) 0x7fac000328d0 con 0x7fac1007de40
2024-09-11T22:04:46.984 INFO:teuthology.orchestra.run.smithi092.stdout:/usr/bin/ceph: stderr
2024-09-11T22:04:46.192+0000 7fac14e3b640 1 -- 172.21.15.92:0/3778729523 <== mon.0 v2:172.21.15.92:3300/0 3 ==== mon_map magic: 0 ==== 205+0+0 (secure 0 0 0) 0x7fac000307d0 con 0x7fac1007de40
2024-09-11T22:04:46.984 INFO:teuthology.orchestra.run.smithi092.stdout:/usr/bin/ceph: stderr
2024-09-11T22:04:46.193+0000 7fac180a1640 1 -- 172.21.15.92:0/3778729523 >> [v2:172.21.15.92:3300/0,v1:172.21.15.92:6789/0] conn(0x7fac1007de40 msgr2=0x7fac1007c2a0 secure :-1 s=STATE_CONNECTION_ESTABLISHED l=1).mark_down
2024-09-11T22:04:46.984 INFO:teuthology.orchestra.run.smithi092.stdout:/usr/bin/ceph: stderr
2024-09-11T22:04:46.193+0000 7fac180a1640 1 --2- 172.21.15.92:0/3778729523 >> [v2:172.21.15.92:3300/0,v1:172.21.15.92:6789/0] conn(0x7fac1007de40 0x7fac1007c2a0 secure :-1 s=READY pgs=18 cs=0 l=1 rev1=1 crypto rx=0x7fac00009820 tx=0x7fac0002a270 comp rx=0 tx=0).stop
2024-09-11T22:04:46.984 INFO:teuthology.orchestra.run.smithi092.stdout:/usr/bin/ceph: stderr
2024-09-11T22:04:46.193+0000 7fac180a1640 1 -- 172.21.15.92:0/3778729523 shutdown_connections
2024-09-11T22:04:46.984 INFO:teuthology.orchestra.run.smithi092.stdout:/usr/bin/ceph: stderr
2024-09-11T22:04:46.193+0000 7fac180a1640 1 --2- 172.21.15.92:0/3778729523 >> [v2:172.21.15.92:3300/0,v1:172.21.15.92:6789/0] conn(0x7fac1007de40 0x7fac1007c2a0 unknown :-1 s=CLOSED pgs=18 cs=0 l=1 rev1=1 crypto rx=0 tx=0 comp rx=0 tx=0).stop
2024-09-11T22:04:46.984 INFO:teuthology.orchestra.run.smithi092.stdout:/usr/bin/ceph: stderr
2024-09-11T22:04:46.193+0000 7fac180a1640 1 -- 172.21.15.92:0/3778729523 >> 172.21.15.92:0/3778729523 conn(0x7fac10102bb0 msgr2=0x7fac10104ff0 unknown :-1 s=STATE_NONE l=0).mark_down
2024-09-11T22:04:46.984 INFO:teuthology.orchestra.run.smithi092.stdout:/usr/bin/ceph: stderr
2024-09-11T22:04:46.193+0000 7fac180a1640 1 -- 172.21.15.92:0/3778729523 shutdown_connections
2024-09-11T22:04:46.984 INFO:teuthology.orchestra.run.smithi092.stdout:/usr/bin/ceph: stderr
2024-09-11T22:04:46.193+0000 7fac180a1640 1 -- 172.21.15.92:0/3778729523 wait complete.
2024-09-11T22:04:46.984 INFO:teuthology.orchestra.run.smithi092.stdout:/usr/bin/ceph: stderr
2024-09-11T22:04:46.193+0000 7fac180a1640 1 Processor -- start
2024-09-11T22:04:46.984 INFO:teuthology.orchestra.run.smithi092.stdout:/usr/bin/ceph: stderr
2024-09-11T22:04:46.193+0000 7fac180a1640 1 -- start start
2024-09-11T22:04:46.984 INFO:teuthology.orchestra.run.smithi092.stdout:/usr/bin/ceph: stderr
2024-09-11T22:04:46.194+0000 7fac180a1640 1 --2- >> [v2:172.21.15.92:3300/0,v1:172.21.15.92:6789/0] conn(0x7fac1007de40 0x7fac1019d560 unknown :-1 s=NONE pgs=0 cs=0 l=1 rev1=0 crypto rx=0 tx=0 comp rx=0 tx=0).connect
2024-09-11T22:04:46.984 INFO:teuthology.orchestra.run.smithi092.stdout:/usr/bin/ceph: stderr
2024-09-11T22:04:46.194+0000 7fac180a1640 1 -- --> [v2:172.21.15.92:3300/0,v1:172.21.15.92:6789/0] -- mon_getmap magic: 0 -- 0x7fac1010da30 con 0x7fac1007de40
2024-09-11T22:04:46.984 INFO:teuthology.orchestra.run.smithi092.stdout:/usr/bin/ceph: stderr
2024-09-11T22:04:46.194+0000 7fac15e3d640 1 --2- >> [v2:172.21.15.92:3300/0,v1:172.21.15.92:6789/0] conn(0x7fac1007de40 0x7fac1019d560 unknown :-1 s=BANNER_CONNECTING pgs=0 cs=0 l=1 rev1=0 crypto rx=0 tx=0 comp rx=0 tx=0)._handle_peer_banner_payload supported=3 required=0
2024-09-11T22:04:46.985 INFO:teuthology.orchestra.run.smithi092.stdout:/usr/bin/ceph: stderr
2024-09-11T22:04:46.194+0000 7fac15e3d640 1 --2- >> [v2:172.21.15.92:3300/0,v1:172.21.15.92:6789/0] conn(0x7fac1007de40 0x7fac1019d560 unknown :-1 s=HELLO_CONNECTING pgs=0 cs=0 l=1 rev1=1 crypto rx=0 tx=0 comp rx=0 tx=0).handle_hello peer v2:172.21.15.92:3300/0 says I am v2:172.21.15.92:59460/0 (socket says 172.21.15.92:59460)
2024-09-11T22:04:46.985 INFO:teuthology.orchestra.run.smithi092.stdout:/usr/bin/ceph: stderr
2024-09-11T22:04:46.194+0000 7fac15e3d640 1 -- 172.21.15.92:0/934519097 learned_addr learned my addr 172.21.15.92:0/934519097 (peer_addr_for_me v2:172.21.15.92:0/0)
2024-09-11T22:04:46.985 INFO:teuthology.orchestra.run.smithi092.stdout:/usr/bin/ceph: stderr
2024-09-11T22:04:46.194+0000 7fac15e3d640 1 -- 172.21.15.92:0/934519097 --> [v2:172.21.15.92:3300/0,v1:172.21.15.92:6789/0] -- mon_subscribe({config=0+,monmap=0+}) -- 0x7fac1019daa0 con 0x7fac1007de40
2024-09-11T22:04:46.985 INFO:teuthology.orchestra.run.smithi092.stdout:/usr/bin/ceph: stderr
2024-09-11T22:04:46.194+0000 7fac15e3d640 1 --2- 172.21.15.92:0/934519097 >> [v2:172.21.15.92:3300/0,v1:172.21.15.92:6789/0] conn(0x7fac1007de40 0x7fac1019d560 secure :-1 s=READY pgs=19 cs=0 l=1 rev1=1 crypto rx=0x7fac00032e10 tx=0x7fac00032e40 comp rx=0 tx=0).ready entity=mon.0 client_cookie=0 server_cookie=0 in_seq=0 out_seq=0
2024-09-11T22:04:46.985 INFO:teuthology.orchestra.run.smithi092.stdout:/usr/bin/ceph: stderr
2024-09-11T22:04:46.194+0000 7fac06ffd640 1 -- 172.21.15.92:0/934519097 <== mon.0 v2:172.21.15.92:3300/0 1 ==== mon_map magic: 0 ==== 205+0+0 (secure 0 0 0) 0x7fac00042070 con 0x7fac1007de40
2024-09-11T22:04:46.985 INFO:teuthology.orchestra.run.smithi092.stdout:/usr/bin/ceph: stderr
2024-09-11T22:04:46.194+0000 7fac06ffd640 1 -- 172.21.15.92:0/934519097 <== mon.0 v2:172.21.15.92:3300/0 2 ==== config(26 keys) ==== 1071+0+0 (secure 0 0 0) 0x7fac00030c80 con 0x7fac1007de40
2024-09-11T22:04:46.985 INFO:teuthology.orchestra.run.smithi092.stdout:/usr/bin/ceph: stderr
2024-09-11T22:04:46.194+0000 7fac06ffd640 1 -- 172.21.15.92:0/934519097 <== mon.0 v2:172.21.15.92:3300/0 3 ==== mon_map magic: 0 ==== 205+0+0 (secure 0 0 0) 0x7fac00037040 con 0x7fac1007de40
2024-09-11T22:04:46.985 INFO:teuthology.orchestra.run.smithi092.stdout:/usr/bin/ceph: stderr
2024-09-11T22:04:46.194+0000 7fac180a1640 1 -- 172.21.15.92:0/934519097 --> [v2:172.21.15.92:3300/0,v1:172.21.15.92:6789/0] -- mon_subscribe({mgrmap=0+}) -- 0x7fac1019dd30 con 0x7fac1007de40
2024-09-11T22:04:46.985 INFO:teuthology.orchestra.run.smithi092.stdout:/usr/bin/ceph: stderr
2024-09-11T22:04:46.194+0000 7fac180a1640 1 -- 172.21.15.92:0/934519097 --> [v2:172.21.15.92:3300/0,v1:172.21.15.92:6789/0] -- mon_subscribe({osdmap=0}) -- 0x7fac101a0a20 con 0x7fac1007de40
2024-09-11T22:04:46.985 INFO:teuthology.orchestra.run.smithi092.stdout:/usr/bin/ceph: stderr
2024-09-11T22:04:46.195+0000 7fac06ffd640 1 -- 172.21.15.92:0/934519097 <== mon.0 v2:172.21.15.92:3300/0 4 ==== mgrmap(e 4) ==== 46276+0+0 (secure 0 0 0) 0x7fac00045070 con 0x7fac1007de40
2024-09-11T22:04:46.985 INFO:teuthology.orchestra.run.smithi092.stdout:/usr/bin/ceph: stderr
2024-09-11T22:04:46.195+0000 7fac06ffd640 1 --2- 172.21.15.92:0/934519097 >> [v2:172.21.15.92:6800/1519869556,v1:172.21.15.92:6801/1519869556] conn(0x7fabfc038f20 0x7fabfc03b3e0 unknown :-1 s=NONE pgs=0 cs=0 l=1 rev1=0 crypto rx=0 tx=0 comp rx=0 tx=0).connect
2024-09-11T22:04:46.985 INFO:teuthology.orchestra.run.smithi092.stdout:/usr/bin/ceph: stderr
2024-09-11T22:04:46.196+0000 7fac06ffd640 1 -- 172.21.15.92:0/934519097 <== mon.0 v2:172.21.15.92:3300/0 5 ==== osd_map(1..1 src has 1..1) ==== 725+0+0 (secure 0 0 0) 0x7fac0006beb0 con 0x7fac1007de40
2024-09-11T22:04:46.985 INFO:teuthology.orchestra.run.smithi092.stdout:/usr/bin/ceph: stderr
2024-09-11T22:04:46.196+0000 7fac1563c640 1 --2- 172.21.15.92:0/934519097 >> [v2:172.21.15.92:6800/1519869556,v1:172.21.15.92:6801/1519869556] conn(0x7fabfc038f20 0x7fabfc03b3e0 unknown :-1 s=BANNER_CONNECTING pgs=0 cs=0 l=1 rev1=0 crypto rx=0 tx=0 comp rx=0 tx=0)._handle_peer_banner_payload supported=3 required=0
2024-09-11T22:04:46.986 INFO:teuthology.orchestra.run.smithi092.stdout:/usr/bin/ceph: stderr
2024-09-11T22:04:46.196+0000 7fac180a1640 1 -- 172.21.15.92:0/934519097 --> [v2:172.21.15.92:3300/0,v1:172.21.15.92:6789/0] -- mon_command({"prefix": "get_command_descriptions"} v 0) -- 0x7fac1007c320 con 0x7fac1007de40
2024-09-11T22:04:46.986 INFO:teuthology.orchestra.run.smithi092.stdout:/usr/bin/ceph: stderr
2024-09-11T22:04:46.196+0000 7fac1563c640 1 --2- 172.21.15.92:0/934519097 >> [v2:172.21.15.92:6800/1519869556,v1:172.21.15.92:6801/1519869556] conn(0x7fabfc038f20 0x7fabfc03b3e0 secure :-1 s=READY pgs=7 cs=0 l=1 rev1=1 crypto rx=0x7fac0c0098c0 tx=0x7fac0c006db0 comp rx=0 tx=0).ready entity=mgr.14100 client_cookie=0 server_cookie=0 in_seq=0 out_seq=0
2024-09-11T22:04:46.986 INFO:teuthology.orchestra.run.smithi092.stdout:/usr/bin/ceph: stderr
2024-09-11T22:04:46.200+0000 7fac06ffd640 1 -- 172.21.15.92:0/934519097 <== mon.0 v2:172.21.15.92:3300/0 6 ==== mon_command_ack([{"prefix": "get_command_descriptions"}]=0 v0) ==== 72+0+188821 (secure 0 0 0) 0x7fac00045360 con 0x7fac1007de40
2024-09-11T22:04:46.986 INFO:teuthology.orchestra.run.smithi092.stdout:/usr/bin/ceph: stderr
2024-09-11T22:04:46.367+0000 7fac180a1640 1 -- 172.21.15.92:0/934519097 --> [v2:172.21.15.92:3300/0,v1:172.21.15.92:6789/0] -- mon_command({"prefix": "config assimilate-conf"} v 0) -- 0x7fac101a2030 con 0x7fac1007de40
2024-09-11T22:04:46.986 INFO:teuthology.orchestra.run.smithi092.stdout:/usr/bin/ceph: stderr
2024-09-11T22:04:46.368+0000 7fac06ffd640 1 -- 172.21.15.92:0/934519097 <== mon.0 v2:172.21.15.92:3300/0 7 ==== mon_command_ack([{"prefix": "config assimilate-conf"}]=0 v3) ==== 70+0+429 (secure 0 0 0) 0x7fac0006b8d0 con 0x7fac1007de40
2024-09-11T22:04:46.986 INFO:teuthology.orchestra.run.smithi092.stdout:/usr/bin/ceph: stderr
2024-09-11T22:04:46.369+0000 7fac180a1640 1 -- 172.21.15.92:0/934519097 >> [v2:172.21.15.92:6800/1519869556,v1:172.21.15.92:6801/1519869556] conn(0x7fabfc038f20 msgr2=0x7fabfc03b3e0 secure :-1 s=STATE_CONNECTION_ESTABLISHED l=1).mark_down
2024-09-11T22:04:46.986 INFO:teuthology.orchestra.run.smithi092.stdout:/usr/bin/ceph: stderr
2024-09-11T22:04:46.369+0000 7fac180a1640 1 --2- 172.21.15.92:0/934519097 >> [v2:172.21.15.92:6800/1519869556,v1:172.21.15.92:6801/1519869556] conn(0x7fabfc038f20 0x7fabfc03b3e0 secure :-1 s=READY pgs=7 cs=0 l=1 rev1=1 crypto rx=0x7fac0c0098c0 tx=0x7fac0c006db0 comp rx=0 tx=0).stop
2024-09-11T22:04:46.986 INFO:teuthology.orchestra.run.smithi092.stdout:/usr/bin/ceph: stderr
2024-09-11T22:04:46.370+0000 7fac180a1640 1 -- 172.21.15.92:0/934519097 >> [v2:172.21.15.92:3300/0,v1:172.21.15.92:6789/0] conn(0x7fac1007de40 msgr2=0x7fac1019d560 secure :-1 s=STATE_CONNECTION_ESTABLISHED l=1).mark_down
2024-09-11T22:04:46.986 INFO:teuthology.orchestra.run.smithi092.stdout:/usr/bin/ceph: stderr
2024-09-11T22:04:46.370+0000 7fac180a1640 1 --2- 172.21.15.92:0/934519097 >> [v2:172.21.15.92:3300/0,v1:172.21.15.92:6789/0] conn(0x7fac1007de40 0x7fac1019d560 secure :-1 s=READY pgs=19 cs=0 l=1 rev1=1 crypto rx=0x7fac00032e10 tx=0x7fac00032e40 comp rx=0 tx=0).stop
2024-09-11T22:04:46.986 INFO:teuthology.orchestra.run.smithi092.stdout:/usr/bin/ceph: stderr
2024-09-11T22:04:46.370+0000 7fac180a1640 1 -- 172.21.15.92:0/934519097 shutdown_connections
2024-09-11T22:04:46.986 INFO:teuthology.orchestra.run.smithi092.stdout:/usr/bin/ceph: stderr
2024-09-11T22:04:46.370+0000 7fac180a1640 1 --2- 172.21.15.92:0/934519097 >> [v2:172.21.15.92:6800/1519869556,v1:172.21.15.92:6801/1519869556] conn(0x7fabfc038f20 0x7fabfc03b3e0 unknown :-1 s=CLOSED pgs=7 cs=0 l=1 rev1=1 crypto rx=0 tx=0 comp rx=0 tx=0).stop
2024-09-11T22:04:46.986 INFO:teuthology.orchestra.run.smithi092.stdout:/usr/bin/ceph: stderr
2024-09-11T22:04:46.370+0000 7fac180a1640 1 --2- 172.21.15.92:0/934519097 >> [v2:172.21.15.92:3300/0,v1:172.21.15.92:6789/0] conn(0x7fac1007de40 0x7fac1019d560 unknown :-1 s=CLOSED pgs=19 cs=0 l=1 rev1=1 crypto rx=0 tx=0 comp rx=0 tx=0).stop
2024-09-11T22:04:46.987 INFO:teuthology.orchestra.run.smithi092.stdout:/usr/bin/ceph: stderr
2024-09-11T22:04:46.370+0000 7fac180a1640 1 -- 172.21.15.92:0/934519097 >> 172.21.15.92:0/934519097 conn(0x7fac10102bb0 msgr2=0x7fac10103730 unknown :-1 s=STATE_NONE l=0).mark_down
2024-09-11T22:04:46.987 INFO:teuthology.orchestra.run.smithi092.stdout:/usr/bin/ceph: stderr
2024-09-11T22:04:46.370+0000 7fac180a1640 1 -- 172.21.15.92:0/934519097 shutdown_connections
2024-09-11T22:04:46.987 INFO:teuthology.orchestra.run.smithi092.stdout:/usr/bin/ceph: stderr
2024-09-11T22:04:46.370+0000 7fac180a1640 1 -- 172.21.15.92:0/934519097 wait complete.
2024-09-11T22:04:46.987 INFO:teuthology.orchestra.run.smithi092.stdout:Enabling cephadm module...
2024-09-11T22:04:47.018 INFO:journalctl@ceph.mon.a.smithi092.stdout:Sep 11 22:04:46 smithi092 ceph-mon[31173]: from='client.? 172.21.15.92:0/934519097' entity='client.admin' cmd=[{"prefix": "config assimilate-conf"}]: dispatch
2024-09-11T22:04:48.245 INFO:journalctl@ceph.mon.a.smithi092.stdout:Sep 11 22:04:47 smithi092 ceph-mon[31173]: from='client.? 172.21.15.92:0/2826395877' entity='client.admin' cmd=[{"prefix": "mgr module enable", "module": "cephadm"}]: dispatch
2024-09-11T22:04:48.246 INFO:journalctl@ceph.mgr.x.smithi092.stdout:Sep 11 22:04:47 smithi092 ceph-a6709e28-7089-11ef-bcea-c7b262605968-mgr-x[31397]: ignoring --setuser ceph since I am not root
2024-09-11T22:04:48.246 INFO:journalctl@ceph.mgr.x.smithi092.stdout:Sep 11 22:04:47 smithi092 ceph-a6709e28-7089-11ef-bcea-c7b262605968-mgr-x[31397]: ignoring --setgroup ceph since I am not root
2024-09-11T22:04:48.246 INFO:journalctl@ceph.mgr.x.smithi092.stdout:Sep 11 22:04:48 smithi092 ceph-a6709e28-7089-11ef-bcea-c7b262605968-mgr-x[31397]:
2024-09-11T22:04:48.072+0000 7ff676dd3040 -1 mgr[py] Module osd_perf_query has missing NOTIFY_TYPES member
2024-09-11T22:04:48.246 INFO:journalctl@ceph.mgr.x.smithi092.stdout:Sep 11 22:04:48 smithi092 ceph-a6709e28-7089-11ef-bcea-c7b262605968-mgr-x[31397]:
2024-09-11T22:04:48.129+0000 7ff676dd3040 -1 mgr[py] Module osd_support has missing NOTIFY_TYPES member
2024-09-11T22:04:48.519 INFO:journalctl@ceph.mgr.x.smithi092.stdout:Sep 11 22:04:48 smithi092 ceph-a6709e28-7089-11ef-bcea-c7b262605968-mgr-x[31397]:
2024-09-11T22:04:48.278+0000 7ff676dd3040 -1 mgr[py] Module diskprediction_local has missing NOTIFY_TYPES member
2024-09-11T22:04:48.519 INFO:journalctl@ceph.mgr.x.smithi092.stdout:Sep 11 22:04:48 smithi092 ceph-a6709e28-7089-11ef-bcea-c7b262605968-mgr-x[31397]:
2024-09-11T22:04:48.343+0000 7ff676dd3040 -1 mgr[py] Module crash has missing NOTIFY_TYPES member
2024-09-11T22:04:48.519 INFO:journalctl@ceph.mgr.x.smithi092.stdout:Sep 11 22:04:48 smithi092 ceph-a6709e28-7089-11ef-bcea-c7b262605968-mgr-x[31397]:
2024-09-11T22:04:48.492+0000 7ff676dd3040 -1 mgr[py] Module test_orchestrator has missing NOTIFY_TYPES member
2024-09-11T22:04:48.554 INFO:teuthology.orchestra.run.smithi092.stdout:/usr/bin/ceph: stderr
2024-09-11T22:04:47.395+0000 7f2ad6153640 1 Processor -- start
2024-09-11T22:04:48.554 INFO:teuthology.orchestra.run.smithi092.stdout:/usr/bin/ceph: stderr
2024-09-11T22:04:47.395+0000 7f2ad6153640 1 -- start start
2024-09-11T22:04:48.554 INFO:teuthology.orchestra.run.smithi092.stdout:/usr/bin/ceph: stderr
2024-09-11T22:04:47.395+0000 7f2ad6153640 1 --2- >> [v2:172.21.15.92:3300/0,v1:172.21.15.92:6789/0] conn(0x7f2ad0107f00 0x7f2ad010a2f0 unknown :-1 s=NONE pgs=0 cs=0 l=0 rev1=0 crypto rx=0 tx=0 comp rx=0 tx=0).connect
2024-09-11T22:04:48.554 INFO:teuthology.orchestra.run.smithi092.stdout:/usr/bin/ceph: stderr
2024-09-11T22:04:47.395+0000 7f2ad6153640 1 -- --> [v2:172.21.15.92:3300/0,v1:172.21.15.92:6789/0] -- mon_getmap magic: 0 -- 0x7f2ad007bdd0 con 0x7f2ad0107f00
2024-09-11T22:04:48.554 INFO:teuthology.orchestra.run.smithi092.stdout:/usr/bin/ceph: stderr
2024-09-11T22:04:47.395+0000 7f2acf7fe640 1 --2- >> [v2:172.21.15.92:3300/0,v1:172.21.15.92:6789/0] conn(0x7f2ad0107f00 0x7f2ad010a2f0 unknown :-1 s=BANNER_CONNECTING pgs=0 cs=0 l=0 rev1=0 crypto rx=0 tx=0 comp rx=0 tx=0)._handle_peer_banner_payload supported=3 required=0
2024-09-11T22:04:48.554 INFO:teuthology.orchestra.run.smithi092.stdout:/usr/bin/ceph: stderr
2024-09-11T22:04:47.395+0000 7f2acf7fe640 1 --2- >> [v2:172.21.15.92:3300/0,v1:172.21.15.92:6789/0] conn(0x7f2ad0107f00 0x7f2ad010a2f0 unknown :-1 s=HELLO_CONNECTING pgs=0 cs=0 l=0 rev1=1 crypto rx=0 tx=0 comp rx=0 tx=0).handle_hello peer v2:172.21.15.92:3300/0 says I am v2:172.21.15.92:59476/0 (socket says 172.21.15.92:59476)
2024-09-11T22:04:48.554 INFO:teuthology.orchestra.run.smithi092.stdout:/usr/bin/ceph: stderr
2024-09-11T22:04:47.395+0000 7f2acf7fe640 1 -- 172.21.15.92:0/2179231492 learned_addr learned my addr 172.21.15.92:0/2179231492 (peer_addr_for_me v2:172.21.15.92:0/0)
2024-09-11T22:04:48.554 INFO:teuthology.orchestra.run.smithi092.stdout:/usr/bin/ceph: stderr
2024-09-11T22:04:47.395+0000 7f2acf7fe640 1 -- 172.21.15.92:0/2179231492 --> [v2:172.21.15.92:3300/0,v1:172.21.15.92:6789/0] -- mon_subscribe({config=0+,monmap=0+}) -- 0x7f2ad010a830 con 0x7f2ad0107f00
2024-09-11T22:04:48.554 INFO:teuthology.orchestra.run.smithi092.stdout:/usr/bin/ceph: stderr
2024-09-11T22:04:47.396+0000 7f2acf7fe640 1 --2- 172.21.15.92:0/2179231492 >> [v2:172.21.15.92:3300/0,v1:172.21.15.92:6789/0] conn(0x7f2ad0107f00 0x7f2ad010a2f0 secure :-1 s=READY pgs=20 cs=0 l=1 rev1=1 crypto rx=0x7f2ac0009820 tx=0x7f2ac002a270 comp rx=0 tx=0).ready entity=mon.0 client_cookie=bf528e278c9e6101 server_cookie=0 in_seq=0 out_seq=0
2024-09-11T22:04:48.555 INFO:teuthology.orchestra.run.smithi092.stdout:/usr/bin/ceph: stderr
2024-09-11T22:04:47.396+0000 7f2ace7fc640 1 -- 172.21.15.92:0/2179231492 <== mon.0 v2:172.21.15.92:3300/0 1 ==== mon_map magic: 0 ==== 205+0+0 (secure 0 0 0) 0x7f2ac0037070 con 0x7f2ad0107f00
2024-09-11T22:04:48.555 INFO:teuthology.orchestra.run.smithi092.stdout:/usr/bin/ceph: stderr
2024-09-11T22:04:47.396+0000 7f2ace7fc640 1 -- 172.21.15.92:0/2179231492 <== mon.0 v2:172.21.15.92:3300/0 2 ==== config(26 keys) ==== 1071+0+0 (secure 0 0 0) 0x7f2ac00328d0 con 0x7f2ad0107f00
2024-09-11T22:04:48.555 INFO:teuthology.orchestra.run.smithi092.stdout:/usr/bin/ceph: stderr
2024-09-11T22:04:47.396+0000 7f2ace7fc640 1 -- 172.21.15.92:0/2179231492 <== mon.0 v2:172.21.15.92:3300/0 3 ==== mon_map magic: 0 ==== 205+0+0 (secure 0 0 0) 0x7f2ac00307d0 con 0x7f2ad0107f00
2024-09-11T22:04:48.555 INFO:teuthology.orchestra.run.smithi092.stdout:/usr/bin/ceph: stderr
2024-09-11T22:04:47.397+0000 7f2ad6153640 1 -- 172.21.15.92:0/2179231492 >> [v2:172.21.15.92:3300/0,v1:172.21.15.92:6789/0] conn(0x7f2ad0107f00 msgr2=0x7f2ad010a2f0 secure :-1 s=STATE_CONNECTION_ESTABLISHED l=1).mark_down
2024-09-11T22:04:48.555 INFO:teuthology.orchestra.run.smithi092.stdout:/usr/bin/ceph: stderr
2024-09-11T22:04:47.397+0000 7f2ad6153640 1 --2- 172.21.15.92:0/2179231492 >> [v2:172.21.15.92:3300/0,v1:172.21.15.92:6789/0] conn(0x7f2ad0107f00 0x7f2ad010a2f0 secure :-1 s=READY pgs=20 cs=0 l=1 rev1=1 crypto rx=0x7f2ac0009820 tx=0x7f2ac002a270 comp rx=0 tx=0).stop
2024-09-11T22:04:48.555 INFO:teuthology.orchestra.run.smithi092.stdout:/usr/bin/ceph: stderr
2024-09-11T22:04:47.397+0000 7f2ad6153640 1 -- 172.21.15.92:0/2179231492 shutdown_connections
2024-09-11T22:04:48.555 INFO:teuthology.orchestra.run.smithi092.stdout:/usr/bin/ceph: stderr
2024-09-11T22:04:47.397+0000 7f2ad6153640 1 --2- 172.21.15.92:0/2179231492 >> [v2:172.21.15.92:3300/0,v1:172.21.15.92:6789/0] conn(0x7f2ad0107f00 0x7f2ad010a2f0 unknown :-1 s=CLOSED pgs=20 cs=0 l=1 rev1=1 crypto rx=0 tx=0 comp rx=0 tx=0).stop
2024-09-11T22:04:48.555 INFO:teuthology.orchestra.run.smithi092.stdout:/usr/bin/ceph: stderr
2024-09-11T22:04:47.397+0000 7f2ad6153640 1 -- 172.21.15.92:0/2179231492 >> 172.21.15.92:0/2179231492 conn(0x7f2ad0101ae0 msgr2=0x7f2ad0103f00 unknown :-1 s=STATE_NONE l=0).mark_down
2024-09-11T22:04:48.555 INFO:teuthology.orchestra.run.smithi092.stdout:/usr/bin/ceph: stderr
2024-09-11T22:04:47.397+0000 7f2ad6153640 1 -- 172.21.15.92:0/2179231492 shutdown_connections
2024-09-11T22:04:48.555 INFO:teuthology.orchestra.run.smithi092.stdout:/usr/bin/ceph: stderr
2024-09-11T22:04:47.397+0000 7f2ad6153640 1 -- 172.21.15.92:0/2179231492 wait complete.
2024-09-11T22:04:48.555 INFO:teuthology.orchestra.run.smithi092.stdout:/usr/bin/ceph: stderr
2024-09-11T22:04:47.397+0000 7f2ad6153640 1 Processor -- start
2024-09-11T22:04:48.555 INFO:teuthology.orchestra.run.smithi092.stdout:/usr/bin/ceph: stderr
2024-09-11T22:04:47.398+0000 7f2ad6153640 1 -- start start
2024-09-11T22:04:48.555 INFO:teuthology.orchestra.run.smithi092.stdout:/usr/bin/ceph: stderr
2024-09-11T22:04:47.398+0000 7f2ad6153640 1 --2- >> [v2:172.21.15.92:3300/0,v1:172.21.15.92:6789/0] conn(0x7f2ad0107f00 0x7f2ad019b350 unknown :-1 s=NONE pgs=0 cs=0 l=1 rev1=0 crypto rx=0 tx=0 comp rx=0 tx=0).connect
2024-09-11T22:04:48.556 INFO:teuthology.orchestra.run.smithi092.stdout:/usr/bin/ceph: stderr
2024-09-11T22:04:47.398+0000 7f2ad6153640 1 -- --> [v2:172.21.15.92:3300/0,v1:172.21.15.92:6789/0] -- mon_getmap magic: 0 -- 0x7f2ad010b7b0 con 0x7f2ad0107f00
2024-09-11T22:04:48.556 INFO:teuthology.orchestra.run.smithi092.stdout:/usr/bin/ceph: stderr
2024-09-11T22:04:47.398+0000 7f2acf7fe640 1 --2- >> [v2:172.21.15.92:3300/0,v1:172.21.15.92:6789/0] conn(0x7f2ad0107f00 0x7f2ad019b350 unknown :-1 s=BANNER_CONNECTING pgs=0 cs=0 l=1 rev1=0 crypto rx=0 tx=0 comp rx=0 tx=0)._handle_peer_banner_payload supported=3 required=0
2024-09-11T22:04:48.556 INFO:teuthology.orchestra.run.smithi092.stdout:/usr/bin/ceph: stderr
2024-09-11T22:04:47.398+0000 7f2acf7fe640 1 --2- >> [v2:172.21.15.92:3300/0,v1:172.21.15.92:6789/0] conn(0x7f2ad0107f00 0x7f2ad019b350 unknown :-1 s=HELLO_CONNECTING pgs=0 cs=0 l=1 rev1=1 crypto rx=0 tx=0 comp rx=0 tx=0).handle_hello peer v2:172.21.15.92:3300/0 says I am v2:172.21.15.92:59480/0 (socket says 172.21.15.92:59480)
2024-09-11T22:04:48.556 INFO:teuthology.orchestra.run.smithi092.stdout:/usr/bin/ceph: stderr
2024-09-11T22:04:47.398+0000 7f2acf7fe640 1 -- 172.21.15.92:0/2826395877 learned_addr learned my addr 172.21.15.92:0/2826395877 (peer_addr_for_me v2:172.21.15.92:0/0)
2024-09-11T22:04:48.556 INFO:teuthology.orchestra.run.smithi092.stdout:/usr/bin/ceph: stderr
2024-09-11T22:04:47.398+0000 7f2acf7fe640 1 -- 172.21.15.92:0/2826395877 --> [v2:172.21.15.92:3300/0,v1:172.21.15.92:6789/0] -- mon_subscribe({config=0+,monmap=0+}) -- 0x7f2ad019b890 con 0x7f2ad0107f00
2024-09-11T22:04:48.556 INFO:teuthology.orchestra.run.smithi092.stdout:/usr/bin/ceph: stderr
2024-09-11T22:04:47.398+0000 7f2acf7fe640 1 --2- 172.21.15.92:0/2826395877 >> [v2:172.21.15.92:3300/0,v1:172.21.15.92:6789/0] conn(0x7f2ad0107f00 0x7f2ad019b350 secure :-1 s=READY pgs=21 cs=0 l=1 rev1=1 crypto rx=0x7f2ac0032e10 tx=0x7f2ac0032e40 comp rx=0 tx=0).ready entity=mon.0 client_cookie=0 server_cookie=0 in_seq=0 out_seq=0
2024-09-11T22:04:48.556 INFO:teuthology.orchestra.run.smithi092.stdout:/usr/bin/ceph: stderr
2024-09-11T22:04:47.398+0000 7f2accff9640 1 -- 172.21.15.92:0/2826395877 <== mon.0 v2:172.21.15.92:3300/0 1 ==== mon_map magic: 0 ==== 205+0+0 (secure 0 0 0) 0x7f2ac0042070 con 0x7f2ad0107f00
2024-09-11T22:04:48.556 INFO:teuthology.orchestra.run.smithi092.stdout:/usr/bin/ceph: stderr
2024-09-11T22:04:47.398+0000 7f2ad6153640 1 -- 172.21.15.92:0/2826395877 --> [v2:172.21.15.92:3300/0,v1:172.21.15.92:6789/0] -- mon_subscribe({mgrmap=0+}) -- 0x7f2ad019bb20 con 0x7f2ad0107f00
2024-09-11T22:04:48.556 INFO:teuthology.orchestra.run.smithi092.stdout:/usr/bin/ceph: stderr
2024-09-11T22:04:47.398+0000 7f2accff9640 1 -- 172.21.15.92:0/2826395877 <== mon.0 v2:172.21.15.92:3300/0 2 ==== config(26 keys) ==== 1071+0+0 (secure 0 0 0) 0x7f2ac0030c80 con 0x7f2ad0107f00
2024-09-11T22:04:48.556 INFO:teuthology.orchestra.run.smithi092.stdout:/usr/bin/ceph: stderr
2024-09-11T22:04:47.399+0000 7f2accff9640 1 -- 172.21.15.92:0/2826395877 <== mon.0 v2:172.21.15.92:3300/0 3 ==== mon_map magic: 0 ==== 205+0+0 (secure 0 0 0) 0x7f2ac0037040 con 0x7f2ad0107f00
2024-09-11T22:04:48.556 INFO:teuthology.orchestra.run.smithi092.stdout:/usr/bin/ceph: stderr
2024-09-11T22:04:47.399+0000 7f2ad6153640 1 -- 172.21.15.92:0/2826395877 --> [v2:172.21.15.92:3300/0,v1:172.21.15.92:6789/0] -- mon_subscribe({osdmap=0}) -- 0x7f2ad019e810 con 0x7f2ad0107f00
2024-09-11T22:04:48.556 INFO:teuthology.orchestra.run.smithi092.stdout:/usr/bin/ceph: stderr
2024-09-11T22:04:47.399+0000 7f2accff9640 1 -- 172.21.15.92:0/2826395877 <== mon.0 v2:172.21.15.92:3300/0 4 ==== mgrmap(e 4) ==== 46276+0+0 (secure 0 0 0) 0x7f2ac0045070 con 0x7f2ad0107f00
2024-09-11T22:04:48.556 INFO:teuthology.orchestra.run.smithi092.stdout:/usr/bin/ceph: stderr
2024-09-11T22:04:47.400+0000 7f2accff9640 1 --2- 172.21.15.92:0/2826395877 >> [v2:172.21.15.92:6800/1519869556,v1:172.21.15.92:6801/1519869556] conn(0x7f2ab8038f20 0x7f2ab803b3e0 unknown :-1 s=NONE pgs=0 cs=0 l=1 rev1=0 crypto rx=0 tx=0 comp rx=0 tx=0).connect
2024-09-11T22:04:48.556 INFO:teuthology.orchestra.run.smithi092.stdout:/usr/bin/ceph: stderr
2024-09-11T22:04:47.400+0000 7f2ad6153640 1 -- 172.21.15.92:0/2826395877 --> [v2:172.21.15.92:3300/0,v1:172.21.15.92:6789/0] -- mon_command({"prefix": "get_command_descriptions"} v 0) -- 0x7f2ad0108360 con 0x7f2ad0107f00
2024-09-11T22:04:48.557 INFO:teuthology.orchestra.run.smithi092.stdout:/usr/bin/ceph: stderr
2024-09-11T22:04:47.400+0000 7f2accff9640 1 -- 172.21.15.92:0/2826395877 <== mon.0 v2:172.21.15.92:3300/0 5 ==== osd_map(1..1 src has 1..1) ==== 725+0+0 (secure 0 0 0) 0x7f2ac006bfe0 con 0x7f2ad0107f00
2024-09-11T22:04:48.557 INFO:teuthology.orchestra.run.smithi092.stdout:/usr/bin/ceph: stderr
2024-09-11T22:04:47.400+0000 7f2aceffd640 1 --2- 172.21.15.92:0/2826395877 >> [v2:172.21.15.92:6800/1519869556,v1:172.21.15.92:6801/1519869556] conn(0x7f2ab8038f20 0x7f2ab803b3e0 unknown :-1 s=BANNER_CONNECTING pgs=0 cs=0 l=1 rev1=0 crypto rx=0 tx=0 comp rx=0 tx=0)._handle_peer_banner_payload supported=3 required=0
2024-09-11T22:04:48.557 INFO:teuthology.orchestra.run.smithi092.stdout:/usr/bin/ceph: stderr
2024-09-11T22:04:47.400+0000 7f2aceffd640 1 --2- 172.21.15.92:0/2826395877 >> [v2:172.21.15.92:6800/1519869556,v1:172.21.15.92:6801/1519869556] conn(0x7f2ab8038f20 0x7f2ab803b3e0 secure :-1 s=READY pgs=8 cs=0 l=1 rev1=1 crypto rx=0x7f2ac40098c0 tx=0x7f2ac4006db0 comp rx=0 tx=0).ready entity=mgr.14100 client_cookie=0 server_cookie=0 in_seq=0 out_seq=0
2024-09-11T22:04:48.557 INFO:teuthology.orchestra.run.smithi092.stdout:/usr/bin/ceph: stderr
2024-09-11T22:04:47.404+0000 7f2accff9640 1 -- 172.21.15.92:0/2826395877 <== mon.0 v2:172.21.15.92:3300/0 6 ==== mon_command_ack([{"prefix": "get_command_descriptions"}]=0 v0) ==== 72+0+188821 (secure 0 0 0) 0x7f2ac0045360 con 0x7f2ad0107f00
2024-09-11T22:04:48.557 INFO:teuthology.orchestra.run.smithi092.stdout:/usr/bin/ceph: stderr
2024-09-11T22:04:47.615+0000 7f2ad6153640 1 -- 172.21.15.92:0/2826395877 --> [v2:172.21.15.92:3300/0,v1:172.21.15.92:6789/0] -- mon_command({"prefix": "mgr module enable", "module": "cephadm"} v 0) -- 0x7f2ad019ee60 con 0x7f2ad0107f00
2024-09-11T22:04:48.557 INFO:teuthology.orchestra.run.smithi092.stdout:/usr/bin/ceph: stderr
2024-09-11T22:04:47.929+0000 7f2accff9640 1 -- 172.21.15.92:0/2826395877 <== mon.0 v2:172.21.15.92:3300/0 7 ==== mon_command_ack([{"prefix": "mgr module enable", "module": "cephadm"}]=0 v5) ==== 86+0+0 (secure 0 0 0) 0x7f2ac003bde0 con 0x7f2ad0107f00
2024-09-11T22:04:48.557 INFO:teuthology.orchestra.run.smithi092.stdout:/usr/bin/ceph: stderr
2024-09-11T22:04:47.930+0000 7f2accff9640 1 -- 172.21.15.92:0/2826395877 <== mon.0 v2:172.21.15.92:3300/0 8 ==== mgrmap(e 5) ==== 46287+0+0 (secure 0 0 0) 0x7f2ac003cc20 con 0x7f2ad0107f00
2024-09-11T22:04:48.557 INFO:teuthology.orchestra.run.smithi092.stdout:/usr/bin/ceph: stderr
2024-09-11T22:04:47.932+0000 7f2ad6153640 1 -- 172.21.15.92:0/2826395877 >> [v2:172.21.15.92:6800/1519869556,v1:172.21.15.92:6801/1519869556] conn(0x7f2ab8038f20 msgr2=0x7f2ab803b3e0 secure :-1 s=STATE_CONNECTION_ESTABLISHED l=1).mark_down
2024-09-11T22:04:48.557 INFO:teuthology.orchestra.run.smithi092.stdout:/usr/bin/ceph: stderr
2024-09-11T22:04:47.932+0000 7f2ad6153640 1 --2- 172.21.15.92:0/2826395877 >> [v2:172.21.15.92:6800/1519869556,v1:172.21.15.92:6801/1519869556] conn(0x7f2ab8038f20 0x7f2ab803b3e0 secure :-1 s=READY pgs=8 cs=0 l=1 rev1=1 crypto rx=0x7f2ac40098c0 tx=0x7f2ac4006db0 comp rx=0 tx=0).stop
2024-09-11T22:04:48.557 INFO:teuthology.orchestra.run.smithi092.stdout:/usr/bin/ceph: stderr
2024-09-11T22:04:47.932+0000 7f2ad6153640 1 -- 172.21.15.92:0/2826395877 >> [v2:172.21.15.92:3300/0,v1:172.21.15.92:6789/0] conn(0x7f2ad0107f00 msgr2=0x7f2ad019b350 secure :-1 s=STATE_CONNECTION_ESTABLISHED l=1).mark_down
2024-09-11T22:04:48.557 INFO:teuthology.orchestra.run.smithi092.stdout:/usr/bin/ceph: stderr
2024-09-11T22:04:47.932+0000 7f2ad6153640 1 --2- 172.21.15.92:0/2826395877 >> [v2:172.21.15.92:3300/0,v1:172.21.15.92:6789/0] conn(0x7f2ad0107f00 0x7f2ad019b350 secure :-1 s=READY pgs=21 cs=0 l=1 rev1=1 crypto rx=0x7f2ac0032e10 tx=0x7f2ac0032e40 comp rx=0 tx=0).stop
2024-09-11T22:04:48.557 INFO:teuthology.orchestra.run.smithi092.stdout:/usr/bin/ceph: stderr
2024-09-11T22:04:47.932+0000 7f2ad6153640 1 -- 172.21.15.92:0/2826395877 shutdown_connections
2024-09-11T22:04:48.557 INFO:teuthology.orchestra.run.smithi092.stdout:/usr/bin/ceph: stderr
2024-09-11T22:04:47.932+0000 7f2ad6153640 1 --2- 172.21.15.92:0/2826395877 >> [v2:172.21.15.92:6800/1519869556,v1:172.21.15.92:6801/1519869556] conn(0x7f2ab8038f20 0x7f2ab803b3e0 unknown :-1 s=CLOSED pgs=8 cs=0 l=1 rev1=1 crypto rx=0 tx=0 comp rx=0 tx=0).stop
2024-09-11T22:04:48.558 INFO:teuthology.orchestra.run.smithi092.stdout:/usr/bin/ceph: stderr
2024-09-11T22:04:47.932+0000 7f2ad6153640 1 --2- 172.21.15.92:0/2826395877 >> [v2:172.21.15.92:3300/0,v1:172.21.15.92:6789/0] conn(0x7f2ad0107f00 0x7f2ad019b350 unknown :-1 s=CLOSED pgs=21 cs=0 l=1 rev1=1 crypto rx=0 tx=0 comp rx=0 tx=0).stop
2024-09-11T22:04:48.558 INFO:teuthology.orchestra.run.smithi092.stdout:/usr/bin/ceph: stderr
2024-09-11T22:04:47.932+0000 7f2ad6153640 1 -- 172.21.15.92:0/2826395877 >> 172.21.15.92:0/2826395877 conn(0x7f2ad0101ae0 msgr2=0x7f2ad0102600 unknown :-1 s=STATE_NONE l=0).mark_down
2024-09-11T22:04:48.558 INFO:teuthology.orchestra.run.smithi092.stdout:/usr/bin/ceph: stderr
2024-09-11T22:04:47.932+0000 7f2ad6153640 1 -- 172.21.15.92:0/2826395877 shutdown_connections
2024-09-11T22:04:48.558 INFO:teuthology.orchestra.run.smithi092.stdout:/usr/bin/ceph: stderr
2024-09-11T22:04:47.932+0000 7f2ad6153640 1 -- 172.21.15.92:0/2826395877 wait complete.
2024-09-11T22:04:48.806 INFO:journalctl@ceph.mgr.x.smithi092.stdout:Sep 11 22:04:48 smithi092 ceph-a6709e28-7089-11ef-bcea-c7b262605968-mgr-x[31397]:
2024-09-11T22:04:48.638+0000 7ff676dd3040 -1 mgr[py] Module snap_schedule has missing NOTIFY_TYPES member
2024-09-11T22:04:49.175 INFO:journalctl@ceph.mon.a.smithi092.stdout:Sep 11 22:04:48 smithi092 ceph-mon[31173]: from='client.? 172.21.15.92:0/2826395877' entity='client.admin' cmd='[{"prefix": "mgr module enable", "module": "cephadm"}]': finished
2024-09-11T22:04:49.175 INFO:journalctl@ceph.mon.a.smithi092.stdout:Sep 11 22:04:48 smithi092 ceph-mon[31173]: mgrmap e5: x(active, since 5s)
2024-09-11T22:04:49.175 INFO:journalctl@ceph.mgr.x.smithi092.stdout:Sep 11 22:04:48 smithi092 ceph-a6709e28-7089-11ef-bcea-c7b262605968-mgr-x[31397]:
2024-09-11T22:04:48.958+0000 7ff676dd3040 -1 mgr[py] Module prometheus has missing NOTIFY_TYPES member
2024-09-11T22:04:49.175 INFO:journalctl@ceph.mgr.x.smithi092.stdout:Sep 11 22:04:49 smithi092 ceph-a6709e28-7089-11ef-bcea-c7b262605968-mgr-x[31397]:
2024-09-11T22:04:49.022+0000 7ff676dd3040 -1 mgr[py] Module selftest has missing NOTIFY_TYPES member
2024-09-11T22:04:49.477 INFO:journalctl@ceph.mgr.x.smithi092.stdout:Sep 11 22:04:49 smithi092 ceph-a6709e28-7089-11ef-bcea-c7b262605968-mgr-x[31397]:
2024-09-11T22:04:49.216+0000 7ff676dd3040 -1 mgr[py] Module volumes has missing NOTIFY_TYPES member
2024-09-11T22:04:49.744 INFO:teuthology.orchestra.run.smithi092.stdout:/usr/bin/ceph: stdout {
2024-09-11T22:04:49.745 INFO:teuthology.orchestra.run.smithi092.stdout:/usr/bin/ceph: stdout "epoch": 5,
2024-09-11T22:04:49.745 INFO:teuthology.orchestra.run.smithi092.stdout:/usr/bin/ceph: stdout "available": true,
2024-09-11T22:04:49.745 INFO:teuthology.orchestra.run.smithi092.stdout:/usr/bin/ceph: stdout "active_name": "x",
2024-09-11T22:04:49.745 INFO:teuthology.orchestra.run.smithi092.stdout:/usr/bin/ceph: stdout "num_standby": 0
2024-09-11T22:04:49.745 INFO:teuthology.orchestra.run.smithi092.stdout:/usr/bin/ceph: stdout }
2024-09-11T22:04:49.745 INFO:teuthology.orchestra.run.smithi092.stdout:/usr/bin/ceph: stderr
2024-09-11T22:04:48.968+0000 7f7ec9db0640 1 Processor -- start
2024-09-11T22:04:49.745 INFO:teuthology.orchestra.run.smithi092.stdout:/usr/bin/ceph: stderr
2024-09-11T22:04:48.968+0000 7f7ec9db0640 1 -- start start
2024-09-11T22:04:49.745 INFO:teuthology.orchestra.run.smithi092.stdout:/usr/bin/ceph: stderr
2024-09-11T22:04:48.968+0000 7f7ec9db0640 1 --2- >> [v2:172.21.15.92:3300/0,v1:172.21.15.92:6789/0] conn(0x7f7ec4107ef0 0x7f7ec410a2e0 unknown :-1 s=NONE pgs=0 cs=0 l=0 rev1=0 crypto rx=0 tx=0 comp rx=0 tx=0).connect
2024-09-11T22:04:49.745 INFO:teuthology.orchestra.run.smithi092.stdout:/usr/bin/ceph: stderr
2024-09-11T22:04:48.968+0000 7f7ec9db0640 1 -- --> [v2:172.21.15.92:3300/0,v1:172.21.15.92:6789/0] -- mon_getmap magic: 0 -- 0x7f7ec4075820 con 0x7f7ec4107ef0
2024-09-11T22:04:49.745 INFO:teuthology.orchestra.run.smithi092.stdout:/usr/bin/ceph: stderr
2024-09-11T22:04:48.968+0000 7f7ec37fe640 1 --2- >> [v2:172.21.15.92:3300/0,v1:172.21.15.92:6789/0] conn(0x7f7ec4107ef0 0x7f7ec410a2e0 unknown :-1 s=BANNER_CONNECTING pgs=0 cs=0 l=0 rev1=0 crypto rx=0 tx=0 comp rx=0 tx=0)._handle_peer_banner_payload supported=3 required=0
2024-09-11T22:04:49.745 INFO:teuthology.orchestra.run.smithi092.stdout:/usr/bin/ceph: stderr
2024-09-11T22:04:48.968+0000 7f7ec37fe640 1 --2- >> [v2:172.21.15.92:3300/0,v1:172.21.15.92:6789/0] conn(0x7f7ec4107ef0 0x7f7ec410a2e0 unknown :-1 s=HELLO_CONNECTING pgs=0 cs=0 l=0 rev1=1 crypto rx=0 tx=0 comp rx=0 tx=0).handle_hello peer v2:172.21.15.92:3300/0 says I am v2:172.21.15.92:59498/0 (socket says 172.21.15.92:59498)
2024-09-11T22:04:49.745 INFO:teuthology.orchestra.run.smithi092.stdout:/usr/bin/ceph: stderr
2024-09-11T22:04:48.968+0000 7f7ec37fe640 1 -- 172.21.15.92:0/1489845337 learned_addr learned my addr 172.21.15.92:0/1489845337 (peer_addr_for_me v2:172.21.15.92:0/0)
2024-09-11T22:04:49.746 INFO:teuthology.orchestra.run.smithi092.stdout:/usr/bin/ceph: stderr
2024-09-11T22:04:48.969+0000 7f7ec37fe640 1 -- 172.21.15.92:0/1489845337 --> [v2:172.21.15.92:3300/0,v1:172.21.15.92:6789/0] -- mon_subscribe({config=0+,monmap=0+}) -- 0x7f7ec410a820 con 0x7f7ec4107ef0
2024-09-11T22:04:49.746 INFO:teuthology.orchestra.run.smithi092.stdout:/usr/bin/ceph: stderr
2024-09-11T22:04:48.969+0000 7f7ec37fe640 1 --2- 172.21.15.92:0/1489845337 >> [v2:172.21.15.92:3300/0,v1:172.21.15.92:6789/0] conn(0x7f7ec4107ef0 0x7f7ec410a2e0 secure :-1 s=READY pgs=24 cs=0 l=1 rev1=1 crypto rx=0x7f7eb4009820 tx=0x7f7eb402a270 comp rx=0 tx=0).ready entity=mon.0 client_cookie=7526a1db21ff9ab7 server_cookie=0 in_seq=0 out_seq=0
2024-09-11T22:04:49.746 INFO:teuthology.orchestra.run.smithi092.stdout:/usr/bin/ceph: stderr
2024-09-11T22:04:48.969+0000 7f7ec27fc640 1 -- 172.21.15.92:0/1489845337 <== mon.0 v2:172.21.15.92:3300/0 1 ==== mon_map magic: 0 ==== 205+0+0 (secure 0 0 0) 0x7f7eb4037070 con 0x7f7ec4107ef0
2024-09-11T22:04:49.746 INFO:teuthology.orchestra.run.smithi092.stdout:/usr/bin/ceph: stderr
2024-09-11T22:04:48.969+0000 7f7ec27fc640 1 -- 172.21.15.92:0/1489845337 <== mon.0 v2:172.21.15.92:3300/0 2 ==== config(26 keys) ==== 1071+0+0 (secure 0 0 0) 0x7f7eb40328d0 con 0x7f7ec4107ef0
2024-09-11T22:04:49.746 INFO:teuthology.orchestra.run.smithi092.stdout:/usr/bin/ceph: stderr
2024-09-11T22:04:48.969+0000 7f7ec27fc640 1 -- 172.21.15.92:0/1489845337 <== mon.0 v2:172.21.15.92:3300/0 3 ==== mon_map magic: 0 ==== 205+0+0 (secure 0 0 0) 0x7f7eb40307d0 con 0x7f7ec4107ef0
2024-09-11T22:04:49.746 INFO:teuthology.orchestra.run.smithi092.stdout:/usr/bin/ceph: stderr
2024-09-11T22:04:48.970+0000 7f7ec9db0640 1 -- 172.21.15.92:0/1489845337 >> [v2:172.21.15.92:3300/0,v1:172.21.15.92:6789/0] conn(0x7f7ec4107ef0 msgr2=0x7f7ec410a2e0 secure :-1 s=STATE_CONNECTION_ESTABLISHED l=1).mark_down
2024-09-11T22:04:49.746 INFO:teuthology.orchestra.run.smithi092.stdout:/usr/bin/ceph: stderr
2024-09-11T22:04:48.970+0000 7f7ec9db0640 1 --2- 172.21.15.92:0/1489845337 >> [v2:172.21.15.92:3300/0,v1:172.21.15.92:6789/0] conn(0x7f7ec4107ef0 0x7f7ec410a2e0 secure :-1 s=READY pgs=24 cs=0 l=1 rev1=1 crypto rx=0x7f7eb4009820 tx=0x7f7eb402a270 comp rx=0 tx=0).stop
2024-09-11T22:04:49.746 INFO:teuthology.orchestra.run.smithi092.stdout:/usr/bin/ceph: stderr
2024-09-11T22:04:48.970+0000 7f7ec9db0640 1 -- 172.21.15.92:0/1489845337 shutdown_connections
2024-09-11T22:04:49.746 INFO:teuthology.orchestra.run.smithi092.stdout:/usr/bin/ceph: stderr
2024-09-11T22:04:48.970+0000 7f7ec9db0640 1 --2- 172.21.15.92:0/1489845337 >> [v2:172.21.15.92:3300/0,v1:172.21.15.92:6789/0] conn(0x7f7ec4107ef0 0x7f7ec410a2e0 unknown :-1 s=CLOSED pgs=24 cs=0 l=1 rev1=1 crypto rx=0 tx=0 comp rx=0 tx=0).stop
2024-09-11T22:04:49.746 INFO:teuthology.orchestra.run.smithi092.stdout:/usr/bin/ceph: stderr
2024-09-11T22:04:48.970+0000 7f7ec9db0640 1 -- 172.21.15.92:0/1489845337 >> 172.21.15.92:0/1489845337 conn(0x7f7ec4101a90 msgr2=0x7f7ec4103ef0 unknown :-1 s=STATE_NONE l=0).mark_down
2024-09-11T22:04:49.746 INFO:teuthology.orchestra.run.smithi092.stdout:/usr/bin/ceph: stderr
2024-09-11T22:04:48.970+0000 7f7ec9db0640 1 -- 172.21.15.92:0/1489845337 shutdown_connections
2024-09-11T22:04:49.746 INFO:teuthology.orchestra.run.smithi092.stdout:/usr/bin/ceph: stderr
2024-09-11T22:04:48.970+0000 7f7ec9db0640 1 -- 172.21.15.92:0/1489845337 wait complete.
2024-09-11T22:04:49.746 INFO:teuthology.orchestra.run.smithi092.stdout:/usr/bin/ceph: stderr
2024-09-11T22:04:48.971+0000 7f7ec9db0640 1 Processor -- start
2024-09-11T22:04:49.747 INFO:teuthology.orchestra.run.smithi092.stdout:/usr/bin/ceph: stderr
2024-09-11T22:04:48.971+0000 7f7ec9db0640 1 -- start start
2024-09-11T22:04:49.747 INFO:teuthology.orchestra.run.smithi092.stdout:/usr/bin/ceph: stderr
2024-09-11T22:04:48.971+0000 7f7ec9db0640 1 --2- >> [v2:172.21.15.92:3300/0,v1:172.21.15.92:6789/0] conn(0x7f7ec4107ef0 0x7f7ec419d580 unknown :-1 s=NONE pgs=0 cs=0 l=1 rev1=0 crypto rx=0 tx=0 comp rx=0 tx=0).connect
2024-09-11T22:04:49.747 INFO:teuthology.orchestra.run.smithi092.stdout:/usr/bin/ceph: stderr
2024-09-11T22:04:48.971+0000 7f7ec9db0640 1 -- --> [v2:172.21.15.92:3300/0,v1:172.21.15.92:6789/0] -- mon_getmap magic: 0 -- 0x7f7ec410b800 con 0x7f7ec4107ef0
2024-09-11T22:04:49.747 INFO:teuthology.orchestra.run.smithi092.stdout:/usr/bin/ceph: stderr
2024-09-11T22:04:48.971+0000 7f7ec37fe640 1 --2- >> [v2:172.21.15.92:3300/0,v1:172.21.15.92:6789/0] conn(0x7f7ec4107ef0 0x7f7ec419d580 unknown :-1 s=BANNER_CONNECTING pgs=0 cs=0 l=1 rev1=0 crypto rx=0 tx=0 comp rx=0 tx=0)._handle_peer_banner_payload supported=3 required=0
2024-09-11T22:04:49.747 INFO:teuthology.orchestra.run.smithi092.stdout:/usr/bin/ceph: stderr
2024-09-11T22:04:48.971+0000 7f7ec37fe640 1 --2- >> [v2:172.21.15.92:3300/0,v1:172.21.15.92:6789/0] conn(0x7f7ec4107ef0 0x7f7ec419d580 unknown :-1 s=HELLO_CONNECTING pgs=0 cs=0 l=1 rev1=1 crypto rx=0 tx=0 comp rx=0 tx=0).handle_hello peer v2:172.21.15.92:3300/0 says I am v2:172.21.15.92:59512/0 (socket says 172.21.15.92:59512)
2024-09-11T22:04:49.747 INFO:teuthology.orchestra.run.smithi092.stdout:/usr/bin/ceph: stderr
2024-09-11T22:04:48.971+0000 7f7ec37fe640 1 -- 172.21.15.92:0/2853146004 learned_addr learned my addr 172.21.15.92:0/2853146004 (peer_addr_for_me v2:172.21.15.92:0/0)
2024-09-11T22:04:49.747 INFO:teuthology.orchestra.run.smithi092.stdout:/usr/bin/ceph: stderr
2024-09-11T22:04:48.972+0000 7f7ec37fe640 1 -- 172.21.15.92:0/2853146004 --> [v2:172.21.15.92:3300/0,v1:172.21.15.92:6789/0] -- mon_subscribe({config=0+,monmap=0+}) -- 0x7f7ec419dac0 con 0x7f7ec4107ef0
2024-09-11T22:04:49.747 INFO:teuthology.orchestra.run.smithi092.stdout:/usr/bin/ceph: stderr
2024-09-11T22:04:48.972+0000 7f7ec37fe640 1 --2- 172.21.15.92:0/2853146004 >> [v2:172.21.15.92:3300/0,v1:172.21.15.92:6789/0] conn(0x7f7ec4107ef0 0x7f7ec419d580 secure :-1 s=READY pgs=25 cs=0 l=1 rev1=1 crypto rx=0x7f7eb40097f0 tx=0x7f7eb4030d00 comp rx=0 tx=0).ready entity=mon.0 client_cookie=0 server_cookie=0 in_seq=0 out_seq=0
2024-09-11T22:04:49.747 INFO:teuthology.orchestra.run.smithi092.stdout:/usr/bin/ceph: stderr
2024-09-11T22:04:48.972+0000 7f7ec0ff9640 1 -- 172.21.15.92:0/2853146004 <== mon.0 v2:172.21.15.92:3300/0 1 ==== mon_map magic: 0 ==== 205+0+0 (secure 0 0 0) 0x7f7eb4037040 con 0x7f7ec4107ef0
2024-09-11T22:04:49.747 INFO:teuthology.orchestra.run.smithi092.stdout:/usr/bin/ceph: stderr
2024-09-11T22:04:48.972+0000 7f7ec0ff9640 1 -- 172.21.15.92:0/2853146004 <== mon.0 v2:172.21.15.92:3300/0 2 ==== config(26 keys) ==== 1071+0+0 (secure 0 0 0) 0x7f7eb4032bb0 con 0x7f7ec4107ef0
2024-09-11T22:04:49.747 INFO:teuthology.orchestra.run.smithi092.stdout:/usr/bin/ceph: stderr
2024-09-11T22:04:48.972+0000 7f7ec9db0640 1 -- 172.21.15.92:0/2853146004 --> [v2:172.21.15.92:3300/0,v1:172.21.15.92:6789/0] -- mon_subscribe({mgrmap=0+}) -- 0x7f7ec419dd50 con 0x7f7ec4107ef0
2024-09-11T22:04:49.747 INFO:teuthology.orchestra.run.smithi092.stdout:/usr/bin/ceph: stderr
2024-09-11T22:04:48.972+0000 7f7ec0ff9640 1 -- 172.21.15.92:0/2853146004 <== mon.0 v2:172.21.15.92:3300/0 3 ==== mon_map magic: 0 ==== 205+0+0 (secure 0 0 0) 0x7f7eb403a390 con 0x7f7ec4107ef0
2024-09-11T22:04:49.747 INFO:teuthology.orchestra.run.smithi092.stdout:/usr/bin/ceph: stderr
2024-09-11T22:04:48.972+0000 7f7ec9db0640 1 -- 172.21.15.92:0/2853146004 --> [v2:172.21.15.92:3300/0,v1:172.21.15.92:6789/0] -- mon_subscribe({osdmap=0}) -- 0x7f7ec41a0a40 con 0x7f7ec4107ef0
2024-09-11T22:04:49.747 INFO:teuthology.orchestra.run.smithi092.stdout:/usr/bin/ceph: stderr
2024-09-11T22:04:48.973+0000 7f7ec0ff9640 1 -- 172.21.15.92:0/2853146004 <== mon.0 v2:172.21.15.92:3300/0 4 ==== mgrmap(e 5) ==== 46287+0+0 (secure 0 0 0) 0x7f7eb403a580 con 0x7f7ec4107ef0
2024-09-11T22:04:49.748 INFO:teuthology.orchestra.run.smithi092.stdout:/usr/bin/ceph: stderr
