2024-09-11T22:13:13.722+0000 7f18e00e6640 1 -- 172.21.15.5:0/582776173 --> [v2:172.21.15.5:3300/0,v1:172.21.15.5:6789/0] -- mon_subscribe({mgrmap=0+}) -- 0x7f18d819e130 con 0x7f18d8108270
2024-09-11T22:13:18.332 INFO:teuthology.orchestra.run.smithi005.stdout:/usr/bin/ceph: stderr
2024-09-11T22:13:13.722+0000 7f18ceffd640 1 -- 172.21.15.5:0/582776173 <== mon.0 v2:172.21.15.5:3300/0 2 ==== config(27 keys) ==== 1140+0+0 (secure 0 0 0) 0x7f18d4040070 con 0x7f18d8108270
2024-09-11T22:13:18.332 INFO:teuthology.orchestra.run.smithi005.stdout:/usr/bin/ceph: stderr
2024-09-11T22:13:13.722+0000 7f18e00e6640 1 -- 172.21.15.5:0/582776173 --> [v2:172.21.15.5:3300/0,v1:172.21.15.5:6789/0] -- mon_subscribe({osdmap=0}) -- 0x7f18d81a0e20 con 0x7f18d8108270
2024-09-11T22:13:18.332 INFO:teuthology.orchestra.run.smithi005.stdout:/usr/bin/ceph: stderr
2024-09-11T22:13:13.722+0000 7f18ceffd640 1 -- 172.21.15.5:0/582776173 <== mon.0 v2:172.21.15.5:3300/0 3 ==== mon_map magic: 0 ==== 205+0+0 (secure 0 0 0) 0x7f18d403a6e0 con 0x7f18d8108270
2024-09-11T22:13:18.332 INFO:teuthology.orchestra.run.smithi005.stdout:/usr/bin/ceph: stderr
2024-09-11T22:13:13.723+0000 7f18ceffd640 1 -- 172.21.15.5:0/582776173 <== mon.0 v2:172.21.15.5:3300/0 4 ==== mgrmap(e 9) ==== 46300+0+0 (secure 0 0 0) 0x7f18d403bb20 con 0x7f18d8108270
2024-09-11T22:13:18.332 INFO:teuthology.orchestra.run.smithi005.stdout:/usr/bin/ceph: stderr
2024-09-11T22:13:13.723+0000 7f18ceffd640 1 --2- 172.21.15.5:0/582776173 >> [v2:172.21.15.5:6800/3503484776,v1:172.21.15.5:6801/3503484776] conn(0x7f18c4038fc0 0x7f18c403b480 unknown :-1 s=NONE pgs=0 cs=0 l=1 rev1=0 crypto rx=0 tx=0 comp rx=0 tx=0).connect
2024-09-11T22:13:18.332 INFO:teuthology.orchestra.run.smithi005.stdout:/usr/bin/ceph: stderr
2024-09-11T22:13:13.723+0000 7f18ceffd640 1 -- 172.21.15.5:0/582776173 --> [v2:172.21.15.5:6800/3503484776,v1:172.21.15.5:6801/3503484776] -- command(tid 0: {"prefix": "get_command_descriptions"}) -- 0x7f18c403bb90 con 0x7f18c4038fc0
2024-09-11T22:13:18.332 INFO:teuthology.orchestra.run.smithi005.stdout:/usr/bin/ceph: stderr
2024-09-11T22:13:13.723+0000 7f18ceffd640 1 -- 172.21.15.5:0/582776173 <== mon.0 v2:172.21.15.5:3300/0 5 ==== osd_map(2..2 src has 1..2) ==== 940+0+0 (secure 0 0 0) 0x7f18d406c650 con 0x7f18d8108270
2024-09-11T22:13:18.332 INFO:teuthology.orchestra.run.smithi005.stdout:/usr/bin/ceph: stderr
2024-09-11T22:13:13.723+0000 7f18dd681640 1 -- 172.21.15.5:0/582776173 >> [v2:172.21.15.5:6800/3503484776,v1:172.21.15.5:6801/3503484776] conn(0x7f18c4038fc0 msgr2=0x7f18c403b480 unknown :-1 s=STATE_CONNECTING_RE l=1).process reconnect failed to v2:172.21.15.5:6800/3503484776
2024-09-11T22:13:18.332 INFO:teuthology.orchestra.run.smithi005.stdout:/usr/bin/ceph: stderr
2024-09-11T22:13:13.723+0000 7f18dd681640 1 --2- 172.21.15.5:0/582776173 >> [v2:172.21.15.5:6800/3503484776,v1:172.21.15.5:6801/3503484776] conn(0x7f18c4038fc0 0x7f18c403b480 unknown :-1 s=START_CONNECT pgs=0 cs=0 l=1 rev1=0 crypto rx=0 tx=0 comp rx=0 tx=0)._fault waiting 0.200000
2024-09-11T22:13:18.333 INFO:teuthology.orchestra.run.smithi005.stdout:/usr/bin/ceph: stderr
2024-09-11T22:13:13.924+0000 7f18dd681640 1 -- 172.21.15.5:0/582776173 >> [v2:172.21.15.5:6800/3503484776,v1:172.21.15.5:6801/3503484776] conn(0x7f18c4038fc0 msgr2=0x7f18c403b480 unknown :-1 s=STATE_CONNECTING_RE l=1).process reconnect failed to v2:172.21.15.5:6800/3503484776
2024-09-11T22:13:18.333 INFO:teuthology.orchestra.run.smithi005.stdout:/usr/bin/ceph: stderr
2024-09-11T22:13:13.924+0000 7f18dd681640 1 --2- 172.21.15.5:0/582776173 >> [v2:172.21.15.5:6800/3503484776,v1:172.21.15.5:6801/3503484776] conn(0x7f18c4038fc0 0x7f18c403b480 unknown :-1 s=START_CONNECT pgs=0 cs=0 l=1 rev1=0 crypto rx=0 tx=0 comp rx=0 tx=0)._fault waiting 0.400000
2024-09-11T22:13:18.333 INFO:teuthology.orchestra.run.smithi005.stdout:/usr/bin/ceph: stderr
2024-09-11T22:13:14.325+0000 7f18dd681640 1 -- 172.21.15.5:0/582776173 >> [v2:172.21.15.5:6800/3503484776,v1:172.21.15.5:6801/3503484776] conn(0x7f18c4038fc0 msgr2=0x7f18c403b480 unknown :-1 s=STATE_CONNECTING_RE l=1).process reconnect failed to v2:172.21.15.5:6800/3503484776
2024-09-11T22:13:18.333 INFO:teuthology.orchestra.run.smithi005.stdout:/usr/bin/ceph: stderr
2024-09-11T22:13:14.325+0000 7f18dd681640 1 --2- 172.21.15.5:0/582776173 >> [v2:172.21.15.5:6800/3503484776,v1:172.21.15.5:6801/3503484776] conn(0x7f18c4038fc0 0x7f18c403b480 unknown :-1 s=START_CONNECT pgs=0 cs=0 l=1 rev1=0 crypto rx=0 tx=0 comp rx=0 tx=0)._fault waiting 0.800000
2024-09-11T22:13:18.333 INFO:teuthology.orchestra.run.smithi005.stdout:/usr/bin/ceph: stderr
2024-09-11T22:13:15.126+0000 7f18dd681640 1 -- 172.21.15.5:0/582776173 >> [v2:172.21.15.5:6800/3503484776,v1:172.21.15.5:6801/3503484776] conn(0x7f18c4038fc0 msgr2=0x7f18c403b480 unknown :-1 s=STATE_CONNECTING_RE l=1).process reconnect failed to v2:172.21.15.5:6800/3503484776
2024-09-11T22:13:18.333 INFO:teuthology.orchestra.run.smithi005.stdout:/usr/bin/ceph: stderr
2024-09-11T22:13:15.126+0000 7f18dd681640 1 --2- 172.21.15.5:0/582776173 >> [v2:172.21.15.5:6800/3503484776,v1:172.21.15.5:6801/3503484776] conn(0x7f18c4038fc0 0x7f18c403b480 unknown :-1 s=START_CONNECT pgs=0 cs=0 l=1 rev1=0 crypto rx=0 tx=0 comp rx=0 tx=0)._fault waiting 1.600000
2024-09-11T22:13:18.333 INFO:teuthology.orchestra.run.smithi005.stdout:/usr/bin/ceph: stderr
2024-09-11T22:13:16.338+0000 7f18ceffd640 1 -- 172.21.15.5:0/582776173 <== mon.0 v2:172.21.15.5:3300/0 6 ==== mgrmap(e 10) ==== 46067+0+0 (secure 0 0 0) 0x7f18d403ad60 con 0x7f18d8108270
2024-09-11T22:13:18.333 INFO:teuthology.orchestra.run.smithi005.stdout:/usr/bin/ceph: stderr
2024-09-11T22:13:16.338+0000 7f18ceffd640 1 -- 172.21.15.5:0/582776173 >> [v2:172.21.15.5:6800/3503484776,v1:172.21.15.5:6801/3503484776] conn(0x7f18c4038fc0 msgr2=0x7f18c403b480 unknown :-1 s=STATE_CONNECTING l=1).mark_down
2024-09-11T22:13:18.333 INFO:teuthology.orchestra.run.smithi005.stdout:/usr/bin/ceph: stderr
2024-09-11T22:13:16.338+0000 7f18ceffd640 1 --2- 172.21.15.5:0/582776173 >> [v2:172.21.15.5:6800/3503484776,v1:172.21.15.5:6801/3503484776] conn(0x7f18c4038fc0 0x7f18c403b480 unknown :-1 s=START_CONNECT pgs=0 cs=0 l=1 rev1=0 crypto rx=0 tx=0 comp rx=0 tx=0).stop
2024-09-11T22:13:18.333 INFO:teuthology.orchestra.run.smithi005.stdout:/usr/bin/ceph: stderr
2024-09-11T22:13:17.339+0000 7f18ceffd640 1 -- 172.21.15.5:0/582776173 <== mon.0 v2:172.21.15.5:3300/0 7 ==== mgrmap(e 11) ==== 46194+0+0 (secure 0 0 0) 0x7f18d404bd10 con 0x7f18d8108270
2024-09-11T22:13:18.333 INFO:teuthology.orchestra.run.smithi005.stdout:/usr/bin/ceph: stderr
2024-09-11T22:13:17.339+0000 7f18ceffd640 1 --2- 172.21.15.5:0/582776173 >> [v2:172.21.15.5:6800/3591749770,v1:172.21.15.5:6801/3591749770] conn(0x7f18c403ca80 0x7f18c403ee70 unknown :-1 s=NONE pgs=0 cs=0 l=1 rev1=0 crypto rx=0 tx=0 comp rx=0 tx=0).connect
2024-09-11T22:13:18.333 INFO:teuthology.orchestra.run.smithi005.stdout:/usr/bin/ceph: stderr
2024-09-11T22:13:17.339+0000 7f18ceffd640 1 -- 172.21.15.5:0/582776173 --> [v2:172.21.15.5:6800/3591749770,v1:172.21.15.5:6801/3591749770] -- command(tid 0: {"prefix": "get_command_descriptions"}) -- 0x7f18d403de70 con 0x7f18c403ca80
2024-09-11T22:13:18.334 INFO:teuthology.orchestra.run.smithi005.stdout:/usr/bin/ceph: stderr
2024-09-11T22:13:17.339+0000 7f18dd681640 1 --2- 172.21.15.5:0/582776173 >> [v2:172.21.15.5:6800/3591749770,v1:172.21.15.5:6801/3591749770] conn(0x7f18c403ca80 0x7f18c403ee70 unknown :-1 s=BANNER_CONNECTING pgs=0 cs=0 l=1 rev1=0 crypto rx=0 tx=0 comp rx=0 tx=0)._handle_peer_banner_payload supported=3 required=0
2024-09-11T22:13:18.334 INFO:teuthology.orchestra.run.smithi005.stdout:/usr/bin/ceph: stderr
2024-09-11T22:13:17.340+0000 7f18dd681640 1 --2- 172.21.15.5:0/582776173 >> [v2:172.21.15.5:6800/3591749770,v1:172.21.15.5:6801/3591749770] conn(0x7f18c403ca80 0x7f18c403ee70 secure :-1 s=READY pgs=1 cs=0 l=1 rev1=1 crypto rx=0x7f18c8003980 tx=0x7f18c8006e10 comp rx=0 tx=0).ready entity=mgr.14148 client_cookie=0 server_cookie=0 in_seq=0 out_seq=0
2024-09-11T22:13:18.334 INFO:teuthology.orchestra.run.smithi005.stdout:/usr/bin/ceph: stderr
2024-09-11T22:13:17.341+0000 7f18ceffd640 1 -- 172.21.15.5:0/582776173 <== mgr.14148 v2:172.21.15.5:6800/3591749770 1 ==== command_reply(tid 0: 0 ) ==== 8+0+9564 (secure 0 0 0) 0x7f18d403de70 con 0x7f18c403ca80
2024-09-11T22:13:18.334 INFO:teuthology.orchestra.run.smithi005.stdout:/usr/bin/ceph: stderr
2024-09-11T22:13:17.348+0000 7f18e00e6640 1 -- 172.21.15.5:0/582776173 --> [v2:172.21.15.5:6800/3591749770,v1:172.21.15.5:6801/3591749770] -- command(tid 1: {"prefix": "mgr_status"}) -- 0x7f18d81086d0 con 0x7f18c403ca80
2024-09-11T22:13:18.334 INFO:teuthology.orchestra.run.smithi005.stdout:/usr/bin/ceph: stderr
2024-09-11T22:13:17.348+0000 7f18ceffd640 1 -- 172.21.15.5:0/582776173 <== mgr.14148 v2:172.21.15.5:6800/3591749770 2 ==== command_reply(tid 1: 0 ) ==== 8+0+52 (secure 0 0 0) 0x7f18d81086d0 con 0x7f18c403ca80
2024-09-11T22:13:18.334 INFO:teuthology.orchestra.run.smithi005.stdout:/usr/bin/ceph: stderr
2024-09-11T22:13:17.349+0000 7f18e00e6640 1 -- 172.21.15.5:0/582776173 >> [v2:172.21.15.5:6800/3591749770,v1:172.21.15.5:6801/3591749770] conn(0x7f18c403ca80 msgr2=0x7f18c403ee70 secure :-1 s=STATE_CONNECTION_ESTABLISHED l=1).mark_down
2024-09-11T22:13:18.334 INFO:teuthology.orchestra.run.smithi005.stdout:/usr/bin/ceph: stderr
2024-09-11T22:13:17.349+0000 7f18e00e6640 1 --2- 172.21.15.5:0/582776173 >> [v2:172.21.15.5:6800/3591749770,v1:172.21.15.5:6801/3591749770] conn(0x7f18c403ca80 0x7f18c403ee70 secure :-1 s=READY pgs=1 cs=0 l=1 rev1=1 crypto rx=0x7f18c8003980 tx=0x7f18c8006e10 comp rx=0 tx=0).stop
2024-09-11T22:13:18.334 INFO:teuthology.orchestra.run.smithi005.stdout:/usr/bin/ceph: stderr
2024-09-11T22:13:17.349+0000 7f18e00e6640 1 -- 172.21.15.5:0/582776173 >> [v2:172.21.15.5:3300/0,v1:172.21.15.5:6789/0] conn(0x7f18d8108270 msgr2=0x7f18d819d960 secure :-1 s=STATE_CONNECTION_ESTABLISHED l=1).mark_down
2024-09-11T22:13:18.334 INFO:teuthology.orchestra.run.smithi005.stdout:/usr/bin/ceph: stderr
2024-09-11T22:13:17.349+0000 7f18e00e6640 1 --2- 172.21.15.5:0/582776173 >> [v2:172.21.15.5:3300/0,v1:172.21.15.5:6789/0] conn(0x7f18d8108270 0x7f18d819d960 secure :-1 s=READY pgs=58 cs=0 l=1 rev1=1 crypto rx=0x7f18d4030420 tx=0x7f18d4032670 comp rx=0 tx=0).stop
2024-09-11T22:13:18.334 INFO:teuthology.orchestra.run.smithi005.stdout:/usr/bin/ceph: stderr
2024-09-11T22:13:17.349+0000 7f18e00e6640 1 -- 172.21.15.5:0/582776173 shutdown_connections
2024-09-11T22:13:18.334 INFO:teuthology.orchestra.run.smithi005.stdout:/usr/bin/ceph: stderr
2024-09-11T22:13:17.349+0000 7f18e00e6640 1 --2- 172.21.15.5:0/582776173 >> [v2:172.21.15.5:6800/3591749770,v1:172.21.15.5:6801/3591749770] conn(0x7f18c403ca80 0x7f18c403ee70 unknown :-1 s=CLOSED pgs=1 cs=0 l=1 rev1=1 crypto rx=0 tx=0 comp rx=0 tx=0).stop
2024-09-11T22:13:18.334 INFO:teuthology.orchestra.run.smithi005.stdout:/usr/bin/ceph: stderr
2024-09-11T22:13:17.349+0000 7f18e00e6640 1 --2- 172.21.15.5:0/582776173 >> [v2:172.21.15.5:6800/3503484776,v1:172.21.15.5:6801/3503484776] conn(0x7f18c4038fc0 0x7f18c403b480 unknown :-1 s=CLOSED pgs=0 cs=0 l=1 rev1=0 crypto rx=0 tx=0 comp rx=0 tx=0).stop
2024-09-11T22:13:18.334 INFO:teuthology.orchestra.run.smithi005.stdout:/usr/bin/ceph: stderr
2024-09-11T22:13:17.349+0000 7f18e00e6640 1 --2- 172.21.15.5:0/582776173 >> [v2:172.21.15.5:3300/0,v1:172.21.15.5:6789/0] conn(0x7f18d8108270 0x7f18d819d960 unknown :-1 s=CLOSED pgs=58 cs=0 l=1 rev1=1 crypto rx=0 tx=0 comp rx=0 tx=0).stop
2024-09-11T22:13:18.335 INFO:teuthology.orchestra.run.smithi005.stdout:/usr/bin/ceph: stderr
2024-09-11T22:13:17.349+0000 7f18e00e6640 1 -- 172.21.15.5:0/582776173 >> 172.21.15.5:0/582776173 conn(0x7f18d8101db0 msgr2=0x7f18d81029e0 unknown :-1 s=STATE_NONE l=0).mark_down
2024-09-11T22:13:18.335 INFO:teuthology.orchestra.run.smithi005.stdout:/usr/bin/ceph: stderr
2024-09-11T22:13:17.349+0000 7f18e00e6640 1 -- 172.21.15.5:0/582776173 shutdown_connections
2024-09-11T22:13:18.335 INFO:teuthology.orchestra.run.smithi005.stdout:/usr/bin/ceph: stderr
2024-09-11T22:13:17.349+0000 7f18e00e6640 1 -- 172.21.15.5:0/582776173 wait complete.
2024-09-11T22:13:18.335 INFO:teuthology.orchestra.run.smithi005.stdout:mgr epoch 9 is available
2024-09-11T22:13:18.335 INFO:teuthology.orchestra.run.smithi005.stdout:Generating a dashboard self-signed certificate...
2024-09-11T22:13:18.570 INFO:journalctl@ceph.mon.a.smithi005.stdout:Sep 11 22:13:18 smithi005 ceph-mon[30943]: mgrmap e11: x(active, since 1.00568s)
2024-09-11T22:13:18.570 INFO:journalctl@ceph.mon.a.smithi005.stdout:Sep 11 22:13:18 smithi005 ceph-mon[30943]: [11/Sep/2024:22:13:17] ENGINE Bus STARTING
2024-09-11T22:13:18.570 INFO:journalctl@ceph.mon.a.smithi005.stdout:Sep 11 22:13:18 smithi005 ceph-mon[30943]: from='mgr.14148 172.21.15.5:0/401561738' entity='mgr.x'
2024-09-11T22:13:18.570 INFO:journalctl@ceph.mon.a.smithi005.stdout:Sep 11 22:13:18 smithi005 ceph-mon[30943]: [11/Sep/2024:22:13:17] ENGINE Serving on https://172.21.15.5:7150
2024-09-11T22:13:18.570 INFO:journalctl@ceph.mon.a.smithi005.stdout:Sep 11 22:13:18 smithi005 ceph-mon[30943]: [11/Sep/2024:22:13:17] ENGINE Error in HTTPServer.serve
2024-09-11T22:13:18.571 INFO:journalctl@ceph.mon.a.smithi005.stdout: Traceback (most recent call last):
2024-09-11T22:13:18.571 INFO:journalctl@ceph.mon.a.smithi005.stdout: File "/lib/python3.9/site-packages/cheroot/server.py", line 1823, in serve
2024-09-11T22:13:18.571 INFO:journalctl@ceph.mon.a.smithi005.stdout: self._connections.run(self.expiration_interval)
2024-09-11T22:13:18.571 INFO:journalctl@ceph.mon.a.smithi005.stdout: File "/lib/python3.9/site-packages/cheroot/connections.py", line 203, in run
2024-09-11T22:13:18.571 INFO:journalctl@ceph.mon.a.smithi005.stdout: self._run(expiration_interval)
2024-09-11T22:13:18.571 INFO:journalctl@ceph.mon.a.smithi005.stdout: File "/lib/python3.9/site-packages/cheroot/connections.py", line 246, in _run
2024-09-11T22:13:18.571 INFO:journalctl@ceph.mon.a.smithi005.stdout: new_conn = self._from_server_socket(self.server.socket)
2024-09-11T22:13:18.571 INFO:journalctl@ceph.mon.a.smithi005.stdout: File "/lib/python3.9/site-packages/cheroot/connections.py", line 300, in _from_server_socket
2024-09-11T22:13:18.571 INFO:journalctl@ceph.mon.a.smithi005.stdout: s, ssl_env = self.server.ssl_adapter.wrap(s)
2024-09-11T22:13:18.571 INFO:journalctl@ceph.mon.a.smithi005.stdout: File "/lib/python3.9/site-packages/cheroot/ssl/builtin.py", line 277, in wrap
2024-09-11T22:13:18.571 INFO:journalctl@ceph.mon.a.smithi005.stdout: s = self.context.wrap_socket(
2024-09-11T22:13:18.571 INFO:journalctl@ceph.mon.a.smithi005.stdout: File "/lib64/python3.9/ssl.py", line 501, in wrap_socket
2024-09-11T22:13:18.571 INFO:journalctl@ceph.mon.a.smithi005.stdout: return self.sslsocket_class._create(
2024-09-11T22:13:18.571 INFO:journalctl@ceph.mon.a.smithi005.stdout: File "/lib64/python3.9/ssl.py", line 1074, in _create
2024-09-11T22:13:18.572 INFO:journalctl@ceph.mon.a.smithi005.stdout: self.do_handshake()
2024-09-11T22:13:18.572 INFO:journalctl@ceph.mon.a.smithi005.stdout: File "/lib64/python3.9/ssl.py", line 1343, in do_handshake
2024-09-11T22:13:18.572 INFO:journalctl@ceph.mon.a.smithi005.stdout: self._sslobj.do_handshake()
2024-09-11T22:13:18.572 INFO:journalctl@ceph.mon.a.smithi005.stdout: ssl.SSLZeroReturnError: TLS/SSL connection has been closed (EOF) (_ssl.c:1133)
2024-09-11T22:13:18.572 INFO:journalctl@ceph.mon.a.smithi005.stdout:Sep 11 22:13:18 smithi005 ceph-mon[30943]: [11/Sep/2024:22:13:18] ENGINE Serving on http://172.21.15.5:8765
2024-09-11T22:13:18.572 INFO:journalctl@ceph.mon.a.smithi005.stdout:Sep 11 22:13:18 smithi005 ceph-mon[30943]: [11/Sep/2024:22:13:18] ENGINE Bus STARTED
2024-09-11T22:13:19.624 INFO:teuthology.orchestra.run.smithi005.stdout:/usr/bin/ceph: stdout Self-signed certificate created
2024-09-11T22:13:19.624 INFO:teuthology.orchestra.run.smithi005.stdout:/usr/bin/ceph: stderr
2024-09-11T22:13:18.802+0000 7fe500b58640 1 Processor -- start
2024-09-11T22:13:19.624 INFO:teuthology.orchestra.run.smithi005.stdout:/usr/bin/ceph: stderr
2024-09-11T22:13:18.803+0000 7fe500b58640 1 -- start start
2024-09-11T22:13:19.624 INFO:teuthology.orchestra.run.smithi005.stdout:/usr/bin/ceph: stderr
2024-09-11T22:13:18.803+0000 7fe500b58640 1 --2- >> [v2:172.21.15.5:3300/0,v1:172.21.15.5:6789/0] conn(0x7fe4fc106640 0x7fe4fc106a40 unknown :-1 s=NONE pgs=0 cs=0 l=0 rev1=0 crypto rx=0 tx=0 comp rx=0 tx=0).connect
2024-09-11T22:13:19.625 INFO:teuthology.orchestra.run.smithi005.stdout:/usr/bin/ceph: stderr
2024-09-11T22:13:18.803+0000 7fe500b58640 1 -- --> [v2:172.21.15.5:3300/0,v1:172.21.15.5:6789/0] -- mon_getmap magic: 0 -- 0x7fe4fc107010 con 0x7fe4fc106640
2024-09-11T22:13:19.625 INFO:teuthology.orchestra.run.smithi005.stdout:/usr/bin/ceph: stderr
2024-09-11T22:13:18.803+0000 7fe4fa59c640 1 --2- >> [v2:172.21.15.5:3300/0,v1:172.21.15.5:6789/0] conn(0x7fe4fc106640 0x7fe4fc106a40 unknown :-1 s=BANNER_CONNECTING pgs=0 cs=0 l=0 rev1=0 crypto rx=0 tx=0 comp rx=0 tx=0)._handle_peer_banner_payload supported=3 required=0
2024-09-11T22:13:19.625 INFO:teuthology.orchestra.run.smithi005.stdout:/usr/bin/ceph: stderr
2024-09-11T22:13:18.803+0000 7fe4fa59c640 1 --2- >> [v2:172.21.15.5:3300/0,v1:172.21.15.5:6789/0] conn(0x7fe4fc106640 0x7fe4fc106a40 unknown :-1 s=HELLO_CONNECTING pgs=0 cs=0 l=0 rev1=1 crypto rx=0 tx=0 comp rx=0 tx=0).handle_hello peer v2:172.21.15.5:3300/0 says I am v2:172.21.15.5:48084/0 (socket says 172.21.15.5:48084)
2024-09-11T22:13:19.625 INFO:teuthology.orchestra.run.smithi005.stdout:/usr/bin/ceph: stderr
2024-09-11T22:13:18.803+0000 7fe4fa59c640 1 -- 172.21.15.5:0/201629684 learned_addr learned my addr 172.21.15.5:0/201629684 (peer_addr_for_me v2:172.21.15.5:0/0)
2024-09-11T22:13:19.625 INFO:teuthology.orchestra.run.smithi005.stdout:/usr/bin/ceph: stderr
2024-09-11T22:13:18.804+0000 7fe4fa59c640 1 -- 172.21.15.5:0/201629684 --> [v2:172.21.15.5:3300/0,v1:172.21.15.5:6789/0] -- mon_subscribe({config=0+,monmap=0+}) -- 0x7fe4fc1077f0 con 0x7fe4fc106640
2024-09-11T22:13:19.625 INFO:teuthology.orchestra.run.smithi005.stdout:/usr/bin/ceph: stderr
2024-09-11T22:13:18.804+0000 7fe4fa59c640 1 --2- 172.21.15.5:0/201629684 >> [v2:172.21.15.5:3300/0,v1:172.21.15.5:6789/0] conn(0x7fe4fc106640 0x7fe4fc106a40 secure :-1 s=READY pgs=66 cs=0 l=1 rev1=1 crypto rx=0x7fe4ec009820 tx=0x7fe4ec02a270 comp rx=0 tx=0).ready entity=mon.0 client_cookie=1b9d72b80d37af2a server_cookie=0 in_seq=0 out_seq=0
2024-09-11T22:13:19.625 INFO:teuthology.orchestra.run.smithi005.stdout:/usr/bin/ceph: stderr
2024-09-11T22:13:18.805+0000 7fe4f959a640 1 -- 172.21.15.5:0/201629684 <== mon.0 v2:172.21.15.5:3300/0 1 ==== mon_map magic: 0 ==== 205+0+0 (secure 0 0 0) 0x7fe4ec037070 con 0x7fe4fc106640
2024-09-11T22:13:19.625 INFO:teuthology.orchestra.run.smithi005.stdout:/usr/bin/ceph: stderr
2024-09-11T22:13:18.805+0000 7fe4f959a640 1 -- 172.21.15.5:0/201629684 <== mon.0 v2:172.21.15.5:3300/0 2 ==== config(27 keys) ==== 1140+0+0 (secure 0 0 0) 0x7fe4ec032920 con 0x7fe4fc106640
2024-09-11T22:13:19.625 INFO:teuthology.orchestra.run.smithi005.stdout:/usr/bin/ceph: stderr
2024-09-11T22:13:18.805+0000 7fe4f959a640 1 -- 172.21.15.5:0/201629684 <== mon.0 v2:172.21.15.5:3300/0 3 ==== mon_map magic: 0 ==== 205+0+0 (secure 0 0 0) 0x7fe4ec030810 con 0x7fe4fc106640
2024-09-11T22:13:19.625 INFO:teuthology.orchestra.run.smithi005.stdout:/usr/bin/ceph: stderr
2024-09-11T22:13:18.805+0000 7fe500b58640 1 -- 172.21.15.5:0/201629684 >> [v2:172.21.15.5:3300/0,v1:172.21.15.5:6789/0] conn(0x7fe4fc106640 msgr2=0x7fe4fc106a40 secure :-1 s=STATE_CONNECTION_ESTABLISHED l=1).mark_down
2024-09-11T22:13:19.625 INFO:teuthology.orchestra.run.smithi005.stdout:/usr/bin/ceph: stderr
2024-09-11T22:13:18.805+0000 7fe500b58640 1 --2- 172.21.15.5:0/201629684 >> [v2:172.21.15.5:3300/0,v1:172.21.15.5:6789/0] conn(0x7fe4fc106640 0x7fe4fc106a40 secure :-1 s=READY pgs=66 cs=0 l=1 rev1=1 crypto rx=0x7fe4ec009820 tx=0x7fe4ec02a270 comp rx=0 tx=0).stop
2024-09-11T22:13:19.625 INFO:teuthology.orchestra.run.smithi005.stdout:/usr/bin/ceph: stderr
2024-09-11T22:13:18.806+0000 7fe500b58640 1 -- 172.21.15.5:0/201629684 shutdown_connections
2024-09-11T22:13:19.626 INFO:teuthology.orchestra.run.smithi005.stdout:/usr/bin/ceph: stderr
2024-09-11T22:13:18.806+0000 7fe500b58640 1 --2- 172.21.15.5:0/201629684 >> [v2:172.21.15.5:3300/0,v1:172.21.15.5:6789/0] conn(0x7fe4fc106640 0x7fe4fc106a40 unknown :-1 s=CLOSED pgs=66 cs=0 l=1 rev1=1 crypto rx=0 tx=0 comp rx=0 tx=0).stop
2024-09-11T22:13:19.626 INFO:teuthology.orchestra.run.smithi005.stdout:/usr/bin/ceph: stderr
2024-09-11T22:13:18.806+0000 7fe500b58640 1 -- 172.21.15.5:0/201629684 >> 172.21.15.5:0/201629684 conn(0x7fe4fc101db0 msgr2=0x7fe4fc104210 unknown :-1 s=STATE_NONE l=0).mark_down
2024-09-11T22:13:19.626 INFO:teuthology.orchestra.run.smithi005.stdout:/usr/bin/ceph: stderr
2024-09-11T22:13:18.806+0000 7fe500b58640 1 -- 172.21.15.5:0/201629684 shutdown_connections
2024-09-11T22:13:19.626 INFO:teuthology.orchestra.run.smithi005.stdout:/usr/bin/ceph: stderr
2024-09-11T22:13:18.806+0000 7fe500b58640 1 -- 172.21.15.5:0/201629684 wait complete.
2024-09-11T22:13:19.626 INFO:teuthology.orchestra.run.smithi005.stdout:/usr/bin/ceph: stderr
2024-09-11T22:13:18.806+0000 7fe500b58640 1 Processor -- start
2024-09-11T22:13:19.626 INFO:teuthology.orchestra.run.smithi005.stdout:/usr/bin/ceph: stderr
2024-09-11T22:13:18.806+0000 7fe500b58640 1 -- start start
2024-09-11T22:13:19.626 INFO:teuthology.orchestra.run.smithi005.stdout:/usr/bin/ceph: stderr
2024-09-11T22:13:18.807+0000 7fe500b58640 1 --2- >> [v2:172.21.15.5:3300/0,v1:172.21.15.5:6789/0] conn(0x7fe4fc106640 0x7fe4fc191820 unknown :-1 s=NONE pgs=0 cs=0 l=1 rev1=0 crypto rx=0 tx=0 comp rx=0 tx=0).connect
2024-09-11T22:13:19.626 INFO:teuthology.orchestra.run.smithi005.stdout:/usr/bin/ceph: stderr
2024-09-11T22:13:18.807+0000 7fe500b58640 1 -- --> [v2:172.21.15.5:3300/0,v1:172.21.15.5:6789/0] -- mon_getmap magic: 0 -- 0x7fe4fc10aba0 con 0x7fe4fc106640
2024-09-11T22:13:19.626 INFO:teuthology.orchestra.run.smithi005.stdout:/usr/bin/ceph: stderr
2024-09-11T22:13:18.807+0000 7fe4fa59c640 1 --2- >> [v2:172.21.15.5:3300/0,v1:172.21.15.5:6789/0] conn(0x7fe4fc106640 0x7fe4fc191820 unknown :-1 s=BANNER_CONNECTING pgs=0 cs=0 l=1 rev1=0 crypto rx=0 tx=0 comp rx=0 tx=0)._handle_peer_banner_payload supported=3 required=0
2024-09-11T22:13:19.627 INFO:teuthology.orchestra.run.smithi005.stdout:/usr/bin/ceph: stderr
2024-09-11T22:13:18.807+0000 7fe4fa59c640 1 --2- >> [v2:172.21.15.5:3300/0,v1:172.21.15.5:6789/0] conn(0x7fe4fc106640 0x7fe4fc191820 unknown :-1 s=HELLO_CONNECTING pgs=0 cs=0 l=1 rev1=1 crypto rx=0 tx=0 comp rx=0 tx=0).handle_hello peer v2:172.21.15.5:3300/0 says I am v2:172.21.15.5:48092/0 (socket says 172.21.15.5:48092)
2024-09-11T22:13:19.627 INFO:teuthology.orchestra.run.smithi005.stdout:/usr/bin/ceph: stderr
2024-09-11T22:13:18.807+0000 7fe4fa59c640 1 -- 172.21.15.5:0/3360545895 learned_addr learned my addr 172.21.15.5:0/3360545895 (peer_addr_for_me v2:172.21.15.5:0/0)
2024-09-11T22:13:19.627 INFO:teuthology.orchestra.run.smithi005.stdout:/usr/bin/ceph: stderr
2024-09-11T22:13:18.807+0000 7fe4fa59c640 1 -- 172.21.15.5:0/3360545895 --> [v2:172.21.15.5:3300/0,v1:172.21.15.5:6789/0] -- mon_subscribe({config=0+,monmap=0+}) -- 0x7fe4fc191d60 con 0x7fe4fc106640
2024-09-11T22:13:19.627 INFO:teuthology.orchestra.run.smithi005.stdout:/usr/bin/ceph: stderr
2024-09-11T22:13:18.807+0000 7fe4fa59c640 1 --2- 172.21.15.5:0/3360545895 >> [v2:172.21.15.5:3300/0,v1:172.21.15.5:6789/0] conn(0x7fe4fc106640 0x7fe4fc191820 secure :-1 s=READY pgs=67 cs=0 l=1 rev1=1 crypto rx=0x7fe4ec030560 tx=0x7fe4ec032670 comp rx=0 tx=0).ready entity=mon.0 client_cookie=0 server_cookie=0 in_seq=0 out_seq=0
2024-09-11T22:13:19.627 INFO:teuthology.orchestra.run.smithi005.stdout:/usr/bin/ceph: stderr
2024-09-11T22:13:18.807+0000 7fe4eb7fe640 1 -- 172.21.15.5:0/3360545895 <== mon.0 v2:172.21.15.5:3300/0 1 ==== mon_map magic: 0 ==== 205+0+0 (secure 0 0 0) 0x7fe4ec037040 con 0x7fe4fc106640
2024-09-11T22:13:19.627 INFO:teuthology.orchestra.run.smithi005.stdout:/usr/bin/ceph: stderr
2024-09-11T22:13:18.807+0000 7fe500b58640 1 -- 172.21.15.5:0/3360545895 --> [v2:172.21.15.5:3300/0,v1:172.21.15.5:6789/0] -- mon_subscribe({mgrmap=0+}) -- 0x7fe4fc18ff50 con 0x7fe4fc106640
2024-09-11T22:13:19.627 INFO:teuthology.orchestra.run.smithi005.stdout:/usr/bin/ceph: stderr
2024-09-11T22:13:18.808+0000 7fe500b58640 1 -- 172.21.15.5:0/3360545895 --> [v2:172.21.15.5:3300/0,v1:172.21.15.5:6789/0] -- mon_subscribe({osdmap=0}) -- 0x7fe4fc190490 con 0x7fe4fc106640
2024-09-11T22:13:19.627 INFO:teuthology.orchestra.run.smithi005.stdout:/usr/bin/ceph: stderr
2024-09-11T22:13:18.808+0000 7fe4eb7fe640 1 -- 172.21.15.5:0/3360545895 <== mon.0 v2:172.21.15.5:3300/0 2 ==== config(27 keys) ==== 1140+0+0 (secure 0 0 0) 0x7fe4ec040070 con 0x7fe4fc106640
2024-09-11T22:13:19.627 INFO:teuthology.orchestra.run.smithi005.stdout:/usr/bin/ceph: stderr
2024-09-11T22:13:18.808+0000 7fe4eb7fe640 1 -- 172.21.15.5:0/3360545895 <== mon.0 v2:172.21.15.5:3300/0 3 ==== mon_map magic: 0 ==== 205+0+0 (secure 0 0 0) 0x7fe4ec03a6d0 con 0x7fe4fc106640
2024-09-11T22:13:19.627 INFO:teuthology.orchestra.run.smithi005.stdout:/usr/bin/ceph: stderr
2024-09-11T22:13:18.808+0000 7fe4eb7fe640 1 -- 172.21.15.5:0/3360545895 <== mon.0 v2:172.21.15.5:3300/0 4 ==== mgrmap(e 11) ==== 46194+0+0 (secure 0 0 0) 0x7fe4ec03a870 con 0x7fe4fc106640
2024-09-11T22:13:19.627 INFO:teuthology.orchestra.run.smithi005.stdout:/usr/bin/ceph: stderr
2024-09-11T22:13:18.809+0000 7fe500b58640 1 -- 172.21.15.5:0/3360545895 --> [v2:172.21.15.5:3300/0,v1:172.21.15.5:6789/0] -- mon_command({"prefix": "get_command_descriptions"} v 0) -- 0x7fe4dc005290 con 0x7fe4fc106640
2024-09-11T22:13:19.627 INFO:teuthology.orchestra.run.smithi005.stdout:/usr/bin/ceph: stderr
2024-09-11T22:13:18.809+0000 7fe4eb7fe640 1 --2- 172.21.15.5:0/3360545895 >> [v2:172.21.15.5:6800/3591749770,v1:172.21.15.5:6801/3591749770] conn(0x7fe4e4038f00 0x7fe4e403b3c0 unknown :-1 s=NONE pgs=0 cs=0 l=1 rev1=0 crypto rx=0 tx=0 comp rx=0 tx=0).connect
2024-09-11T22:13:19.627 INFO:teuthology.orchestra.run.smithi005.stdout:/usr/bin/ceph: stderr
2024-09-11T22:13:18.809+0000 7fe4eb7fe640 1 -- 172.21.15.5:0/3360545895 <== mon.0 v2:172.21.15.5:3300/0 5 ==== osd_map(3..3 src has 1..3) ==== 1155+0+0 (secure 0 0 0) 0x7fe4ec06c440 con 0x7fe4fc106640
2024-09-11T22:13:19.628 INFO:teuthology.orchestra.run.smithi005.stdout:/usr/bin/ceph: stderr
2024-09-11T22:13:18.809+0000 7fe4f9d9b640 1 --2- 172.21.15.5:0/3360545895 >> [v2:172.21.15.5:6800/3591749770,v1:172.21.15.5:6801/3591749770] conn(0x7fe4e4038f00 0x7fe4e403b3c0 unknown :-1 s=BANNER_CONNECTING pgs=0 cs=0 l=1 rev1=0 crypto rx=0 tx=0 comp rx=0 tx=0)._handle_peer_banner_payload supported=3 required=0
2024-09-11T22:13:19.628 INFO:teuthology.orchestra.run.smithi005.stdout:/usr/bin/ceph: stderr
2024-09-11T22:13:18.809+0000 7fe4f9d9b640 1 --2- 172.21.15.5:0/3360545895 >> [v2:172.21.15.5:6800/3591749770,v1:172.21.15.5:6801/3591749770] conn(0x7fe4e4038f00 0x7fe4e403b3c0 secure :-1 s=READY pgs=7 cs=0 l=1 rev1=1 crypto rx=0x7fe4f00098c0 tx=0x7fe4f0006db0 comp rx=0 tx=0).ready entity=mgr.14148 client_cookie=0 server_cookie=0 in_seq=0 out_seq=0
2024-09-11T22:13:19.628 INFO:teuthology.orchestra.run.smithi005.stdout:/usr/bin/ceph: stderr
2024-09-11T22:13:18.814+0000 7fe4eb7fe640 1 -- 172.21.15.5:0/3360545895 <== mon.0 v2:172.21.15.5:3300/0 6 ==== mon_command_ack([{"prefix": "get_command_descriptions"}]=0 v0) ==== 72+0+188821 (secure 0 0 0) 0x7fe4ec041270 con 0x7fe4fc106640
2024-09-11T22:13:19.628 INFO:teuthology.orchestra.run.smithi005.stdout:/usr/bin/ceph: stderr
2024-09-11T22:13:18.908+0000 7fe4eb7fe640 1 -- 172.21.15.5:0/3360545895 <== mon.0 v2:172.21.15.5:3300/0 7 ==== mgrmap(e 12) ==== 46300+0+0 (secure 0 0 0) 0x7fe4ec045460 con 0x7fe4fc106640
2024-09-11T22:13:19.628 INFO:teuthology.orchestra.run.smithi005.stdout:/usr/bin/ceph: stderr
2024-09-11T22:13:18.999+0000 7fe500b58640 1 -- 172.21.15.5:0/3360545895 --> [v2:172.21.15.5:6800/3591749770,v1:172.21.15.5:6801/3591749770] -- mgr_command(tid 0: {"prefix": "dashboard create-self-signed-cert", "target": ["mon-mgr", ""]}) -- 0x7fe4dc000bc0 con 0x7fe4e4038f00
2024-09-11T22:13:19.628 INFO:teuthology.orchestra.run.smithi005.stdout:/usr/bin/ceph: stderr
2024-09-11T22:13:19.041+0000 7fe4eb7fe640 1 -- 172.21.15.5:0/3360545895 <== mgr.14148 v2:172.21.15.5:6800/3591749770 1 ==== mgr_command_reply(tid 0: 0 ) ==== 8+0+32 (secure 0 0 0) 0x7fe4dc000bc0 con 0x7fe4e4038f00
2024-09-11T22:13:19.628 INFO:teuthology.orchestra.run.smithi005.stdout:/usr/bin/ceph: stderr
2024-09-11T22:13:19.043+0000 7fe500b58640 1 -- 172.21.15.5:0/3360545895 >> [v2:172.21.15.5:6800/3591749770,v1:172.21.15.5:6801/3591749770] conn(0x7fe4e4038f00 msgr2=0x7fe4e403b3c0 secure :-1 s=STATE_CONNECTION_ESTABLISHED l=1).mark_down
2024-09-11T22:13:19.628 INFO:teuthology.orchestra.run.smithi005.stdout:/usr/bin/ceph: stderr
2024-09-11T22:13:19.043+0000 7fe500b58640 1 --2- 172.21.15.5:0/3360545895 >> [v2:172.21.15.5:6800/3591749770,v1:172.21.15.5:6801/3591749770] conn(0x7fe4e4038f00 0x7fe4e403b3c0 secure :-1 s=READY pgs=7 cs=0 l=1 rev1=1 crypto rx=0x7fe4f00098c0 tx=0x7fe4f0006db0 comp rx=0 tx=0).stop
2024-09-11T22:13:19.628 INFO:teuthology.orchestra.run.smithi005.stdout:/usr/bin/ceph: stderr
2024-09-11T22:13:19.043+0000 7fe500b58640 1 -- 172.21.15.5:0/3360545895 >> [v2:172.21.15.5:3300/0,v1:172.21.15.5:6789/0] conn(0x7fe4fc106640 msgr2=0x7fe4fc191820 secure :-1 s=STATE_CONNECTION_ESTABLISHED l=1).mark_down
2024-09-11T22:13:19.628 INFO:teuthology.orchestra.run.smithi005.stdout:/usr/bin/ceph: stderr
2024-09-11T22:13:19.043+0000 7fe500b58640 1 --2- 172.21.15.5:0/3360545895 >> [v2:172.21.15.5:3300/0,v1:172.21.15.5:6789/0] conn(0x7fe4fc106640 0x7fe4fc191820 secure :-1 s=READY pgs=67 cs=0 l=1 rev1=1 crypto rx=0x7fe4ec030560 tx=0x7fe4ec032670 comp rx=0 tx=0).stop
2024-09-11T22:13:19.628 INFO:teuthology.orchestra.run.smithi005.stdout:/usr/bin/ceph: stderr
2024-09-11T22:13:19.043+0000 7fe500b58640 1 -- 172.21.15.5:0/3360545895 shutdown_connections
2024-09-11T22:13:19.628 INFO:teuthology.orchestra.run.smithi005.stdout:/usr/bin/ceph: stderr
2024-09-11T22:13:19.043+0000 7fe500b58640 1 --2- 172.21.15.5:0/3360545895 >> [v2:172.21.15.5:6800/3591749770,v1:172.21.15.5:6801/3591749770] conn(0x7fe4e4038f00 0x7fe4e403b3c0 unknown :-1 s=CLOSED pgs=7 cs=0 l=1 rev1=1 crypto rx=0 tx=0 comp rx=0 tx=0).stop
2024-09-11T22:13:19.629 INFO:teuthology.orchestra.run.smithi005.stdout:/usr/bin/ceph: stderr
2024-09-11T22:13:19.043+0000 7fe500b58640 1 --2- 172.21.15.5:0/3360545895 >> [v2:172.21.15.5:3300/0,v1:172.21.15.5:6789/0] conn(0x7fe4fc106640 0x7fe4fc191820 unknown :-1 s=CLOSED pgs=67 cs=0 l=1 rev1=1 crypto rx=0 tx=0 comp rx=0 tx=0).stop
2024-09-11T22:13:19.629 INFO:teuthology.orchestra.run.smithi005.stdout:/usr/bin/ceph: stderr
2024-09-11T22:13:19.043+0000 7fe500b58640 1 -- 172.21.15.5:0/3360545895 >> 172.21.15.5:0/3360545895 conn(0x7fe4fc101db0 msgr2=0x7fe4fc102dd0 unknown :-1 s=STATE_NONE l=0).mark_down
2024-09-11T22:13:19.629 INFO:teuthology.orchestra.run.smithi005.stdout:/usr/bin/ceph: stderr
2024-09-11T22:13:19.043+0000 7fe500b58640 1 -- 172.21.15.5:0/3360545895 shutdown_connections
2024-09-11T22:13:19.629 INFO:teuthology.orchestra.run.smithi005.stdout:/usr/bin/ceph: stderr
2024-09-11T22:13:19.043+0000 7fe500b58640 1 -- 172.21.15.5:0/3360545895 wait complete.
2024-09-11T22:13:19.629 INFO:teuthology.orchestra.run.smithi005.stdout:Creating initial admin user...
2024-09-11T22:13:19.873 INFO:journalctl@ceph.mon.a.smithi005.stdout:Sep 11 22:13:19 smithi005 ceph-mon[30943]: from='mgr.14148 172.21.15.5:0/401561738' entity='mgr.x'
2024-09-11T22:13:19.873 INFO:journalctl@ceph.mon.a.smithi005.stdout:Sep 11 22:13:19 smithi005 ceph-mon[30943]: mgrmap e12: x(active, since 2s)
2024-09-11T22:13:19.873 INFO:journalctl@ceph.mon.a.smithi005.stdout:Sep 11 22:13:19 smithi005 ceph-mon[30943]: from='client.14160 -' entity='client.admin' cmd=[{"prefix": "dashboard create-self-signed-cert", "target": ["mon-mgr", ""]}]: dispatch
2024-09-11T22:13:19.873 INFO:journalctl@ceph.mon.a.smithi005.stdout:Sep 11 22:13:19 smithi005 ceph-mon[30943]: from='mgr.14148 172.21.15.5:0/401561738' entity='mgr.x'
2024-09-11T22:13:19.873 INFO:journalctl@ceph.mon.a.smithi005.stdout:Sep 11 22:13:19 smithi005 ceph-mon[30943]: from='mgr.14148 172.21.15.5:0/401561738' entity='mgr.x'
2024-09-11T22:13:20.820 INFO:journalctl@ceph.mon.a.smithi005.stdout:Sep 11 22:13:20 smithi005 ceph-mon[30943]: from='client.14162 -' entity='client.admin' cmd=[{"prefix": "dashboard ac-user-create", "username": "admin", "rolename": "administrator", "force_password": true, "pwd_update_required": true, "target": ["mon-mgr", ""]}]: dispatch
2024-09-11T22:13:20.820 INFO:journalctl@ceph.mon.a.smithi005.stdout:Sep 11 22:13:20 smithi005 ceph-mon[30943]: from='mgr.14148 172.21.15.5:0/401561738' entity='mgr.x'
2024-09-11T22:13:21.418 INFO:teuthology.orchestra.run.smithi005.stdout:/usr/bin/ceph: stdout {"username": "admin", "password": "$2b$12$twx7cb/lZQ8mg6vWPzuPZeeYFfoNETLKYX1CcCXI8XOn.FeeRSoB6", "roles": ["administrator"], "name": null, "email": null, "lastUpdate": 1726092800, "enabled": true, "pwdExpirationDate": null, "pwdUpdateRequired": true}
2024-09-11T22:13:21.418 INFO:teuthology.orchestra.run.smithi005.stdout:/usr/bin/ceph: stderr
2024-09-11T22:13:20.060+0000 7f7301594640 1 Processor -- start
2024-09-11T22:13:21.418 INFO:teuthology.orchestra.run.smithi005.stdout:/usr/bin/ceph: stderr
2024-09-11T22:13:20.060+0000 7f7301594640 1 -- start start
2024-09-11T22:13:21.418 INFO:teuthology.orchestra.run.smithi005.stdout:/usr/bin/ceph: stderr
2024-09-11T22:13:20.060+0000 7f7301594640 1 --2- >> [v2:172.21.15.5:3300/0,v1:172.21.15.5:6789/0] conn(0x7f72fc106060 0x7f72fc106460 unknown :-1 s=NONE pgs=0 cs=0 l=0 rev1=0 crypto rx=0 tx=0 comp rx=0 tx=0).connect
2024-09-11T22:13:21.418 INFO:teuthology.orchestra.run.smithi005.stdout:/usr/bin/ceph: stderr
2024-09-11T22:13:20.060+0000 7f7301594640 1 -- --> [v2:172.21.15.5:3300/0,v1:172.21.15.5:6789/0] -- mon_getmap magic: 0 -- 0x7f72fc07c660 con 0x7f72fc106060
2024-09-11T22:13:21.418 INFO:teuthology.orchestra.run.smithi005.stdout:/usr/bin/ceph: stderr
2024-09-11T22:13:20.060+0000 7f72faffd640 1 --2- >> [v2:172.21.15.5:3300/0,v1:172.21.15.5:6789/0] conn(0x7f72fc106060 0x7f72fc106460 unknown :-1 s=BANNER_CONNECTING pgs=0 cs=0 l=0 rev1=0 crypto rx=0 tx=0 comp rx=0 tx=0)._handle_peer_banner_payload supported=3 required=0
2024-09-11T22:13:21.419 INFO:teuthology.orchestra.run.smithi005.stdout:/usr/bin/ceph: stderr
2024-09-11T22:13:20.060+0000 7f72faffd640 1 --2- >> [v2:172.21.15.5:3300/0,v1:172.21.15.5:6789/0] conn(0x7f72fc106060 0x7f72fc106460 unknown :-1 s=HELLO_CONNECTING pgs=0 cs=0 l=0 rev1=1 crypto rx=0 tx=0 comp rx=0 tx=0).handle_hello peer v2:172.21.15.5:3300/0 says I am v2:172.21.15.5:48102/0 (socket says 172.21.15.5:48102)
2024-09-11T22:13:21.419 INFO:teuthology.orchestra.run.smithi005.stdout:/usr/bin/ceph: stderr
2024-09-11T22:13:20.060+0000 7f72faffd640 1 -- 172.21.15.5:0/1776606944 learned_addr learned my addr 172.21.15.5:0/1776606944 (peer_addr_for_me v2:172.21.15.5:0/0)
2024-09-11T22:13:21.419 INFO:teuthology.orchestra.run.smithi005.stdout:/usr/bin/ceph: stderr
2024-09-11T22:13:20.061+0000 7f72faffd640 1 -- 172.21.15.5:0/1776606944 --> [v2:172.21.15.5:3300/0,v1:172.21.15.5:6789/0] -- mon_subscribe({config=0+,monmap=0+}) -- 0x7f72fc1069a0 con 0x7f72fc106060
2024-09-11T22:13:21.419 INFO:teuthology.orchestra.run.smithi005.stdout:/usr/bin/ceph: stderr
2024-09-11T22:13:20.062+0000 7f72faffd640 1 --2- 172.21.15.5:0/1776606944 >> [v2:172.21.15.5:3300/0,v1:172.21.15.5:6789/0] conn(0x7f72fc106060 0x7f72fc106460 secure :-1 s=READY pgs=68 cs=0 l=1 rev1=1 crypto rx=0x7f72ec009820 tx=0x7f72ec02a270 comp rx=0 tx=0).ready entity=mon.0 client_cookie=35e940ac7185b1f6 server_cookie=0 in_seq=0 out_seq=0
2024-09-11T22:13:21.419 INFO:teuthology.orchestra.run.smithi005.stdout:/usr/bin/ceph: stderr
2024-09-11T22:13:20.062+0000 7f72fa7fc640 1 -- 172.21.15.5:0/1776606944 <== mon.0 v2:172.21.15.5:3300/0 1 ==== mon_map magic: 0 ==== 205+0+0 (secure 0 0 0) 0x7f72ec037070 con 0x7f72fc106060
2024-09-11T22:13:21.419 INFO:teuthology.orchestra.run.smithi005.stdout:/usr/bin/ceph: stderr
2024-09-11T22:13:20.062+0000 7f72fa7fc640 1 -- 172.21.15.5:0/1776606944 <== mon.0 v2:172.21.15.5:3300/0 2 ==== config(27 keys) ==== 1140+0+0 (secure 0 0 0) 0x7f72ec032920 con 0x7f72fc106060
2024-09-11T22:13:21.419 INFO:teuthology.orchestra.run.smithi005.stdout:/usr/bin/ceph: stderr
2024-09-11T22:13:20.062+0000 7f72fa7fc640 1 -- 172.21.15.5:0/1776606944 <== mon.0 v2:172.21.15.5:3300/0 3 ==== mon_map magic: 0 ==== 205+0+0 (secure 0 0 0) 0x7f72ec030810 con 0x7f72fc106060
2024-09-11T22:13:21.419 INFO:teuthology.orchestra.run.smithi005.stdout:/usr/bin/ceph: stderr
2024-09-11T22:13:20.062+0000 7f7301594640 1 -- 172.21.15.5:0/1776606944 >> [v2:172.21.15.5:3300/0,v1:172.21.15.5:6789/0] conn(0x7f72fc106060 msgr2=0x7f72fc106460 secure :-1 s=STATE_CONNECTION_ESTABLISHED l=1).mark_down
2024-09-11T22:13:21.419 INFO:teuthology.orchestra.run.smithi005.stdout:/usr/bin/ceph: stderr
2024-09-11T22:13:20.062+0000 7f7301594640 1 --2- 172.21.15.5:0/1776606944 >> [v2:172.21.15.5:3300/0,v1:172.21.15.5:6789/0] conn(0x7f72fc106060 0x7f72fc106460 secure :-1 s=READY pgs=68 cs=0 l=1 rev1=1 crypto rx=0x7f72ec009820 tx=0x7f72ec02a270 comp rx=0 tx=0).stop
2024-09-11T22:13:21.419 INFO:teuthology.orchestra.run.smithi005.stdout:/usr/bin/ceph: stderr
2024-09-11T22:13:20.062+0000 7f7301594640 1 -- 172.21.15.5:0/1776606944 shutdown_connections
2024-09-11T22:13:21.419 INFO:teuthology.orchestra.run.smithi005.stdout:/usr/bin/ceph: stderr
2024-09-11T22:13:20.062+0000 7f7301594640 1 --2- 172.21.15.5:0/1776606944 >> [v2:172.21.15.5:3300/0,v1:172.21.15.5:6789/0] conn(0x7f72fc106060 0x7f72fc106460 unknown :-1 s=CLOSED pgs=68 cs=0 l=1 rev1=1 crypto rx=0 tx=0 comp rx=0 tx=0).stop
2024-09-11T22:13:21.419 INFO:teuthology.orchestra.run.smithi005.stdout:/usr/bin/ceph: stderr
2024-09-11T22:13:20.062+0000 7f7301594640 1 -- 172.21.15.5:0/1776606944 >> 172.21.15.5:0/1776606944 conn(0x7f72fc101ed0 msgr2=0x7f72fc1042f0 unknown :-1 s=STATE_NONE l=0).mark_down
2024-09-11T22:13:21.419 INFO:teuthology.orchestra.run.smithi005.stdout:/usr/bin/ceph: stderr
2024-09-11T22:13:20.062+0000 7f7301594640 1 -- 172.21.15.5:0/1776606944 shutdown_connections
2024-09-11T22:13:21.420 INFO:teuthology.orchestra.run.smithi005.stdout:/usr/bin/ceph: stderr
2024-09-11T22:13:20.063+0000 7f7301594640 1 -- 172.21.15.5:0/1776606944 wait complete.
2024-09-11T22:13:21.420 INFO:teuthology.orchestra.run.smithi005.stdout:/usr/bin/ceph: stderr
2024-09-11T22:13:20.063+0000 7f7301594640 1 Processor -- start
2024-09-11T22:13:21.420 INFO:teuthology.orchestra.run.smithi005.stdout:/usr/bin/ceph: stderr
2024-09-11T22:13:20.063+0000 7f7301594640 1 -- start start
2024-09-11T22:13:21.420 INFO:teuthology.orchestra.run.smithi005.stdout:/usr/bin/ceph: stderr
2024-09-11T22:13:20.063+0000 7f7301594640 1 --2- >> [v2:172.21.15.5:3300/0,v1:172.21.15.5:6789/0] conn(0x7f72fc106060 0x7f72fc19d900 unknown :-1 s=NONE pgs=0 cs=0 l=1 rev1=0 crypto rx=0 tx=0 comp rx=0 tx=0).connect
2024-09-11T22:13:21.420 INFO:teuthology.orchestra.run.smithi005.stdout:/usr/bin/ceph: stderr
2024-09-11T22:13:20.063+0000 7f7301594640 1 -- --> [v2:172.21.15.5:3300/0,v1:172.21.15.5:6789/0] -- mon_getmap magic: 0 -- 0x7f72fc107ae0 con 0x7f72fc106060
2024-09-11T22:13:21.420 INFO:teuthology.orchestra.run.smithi005.stdout:/usr/bin/ceph: stderr
2024-09-11T22:13:20.063+0000 7f72faffd640 1 --2- >> [v2:172.21.15.5:3300/0,v1:172.21.15.5:6789/0] conn(0x7f72fc106060 0x7f72fc19d900 unknown :-1 s=BANNER_CONNECTING pgs=0 cs=0 l=1 rev1=0 crypto rx=0 tx=0 comp rx=0 tx=0)._handle_peer_banner_payload supported=3 required=0
2024-09-11T22:13:21.420 INFO:teuthology.orchestra.run.smithi005.stdout:/usr/bin/ceph: stderr
2024-09-11T22:13:20.063+0000 7f72faffd640 1 --2- >> [v2:172.21.15.5:3300/0,v1:172.21.15.5:6789/0] conn(0x7f72fc106060 0x7f72fc19d900 unknown :-1 s=HELLO_CONNECTING pgs=0 cs=0 l=1 rev1=1 crypto rx=0 tx=0 comp rx=0 tx=0).handle_hello peer v2:172.21.15.5:3300/0 says I am v2:172.21.15.5:48104/0 (socket says 172.21.15.5:48104)
2024-09-11T22:13:21.420 INFO:teuthology.orchestra.run.smithi005.stdout:/usr/bin/ceph: stderr
2024-09-11T22:13:20.063+0000 7f72faffd640 1 -- 172.21.15.5:0/3868523045 learned_addr learned my addr 172.21.15.5:0/3868523045 (peer_addr_for_me v2:172.21.15.5:0/0)
2024-09-11T22:13:21.420 INFO:teuthology.orchestra.run.smithi005.stdout:/usr/bin/ceph: stderr
2024-09-11T22:13:20.064+0000 7f72faffd640 1 -- 172.21.15.5:0/3868523045 --> [v2:172.21.15.5:3300/0,v1:172.21.15.5:6789/0] -- mon_subscribe({config=0+,monmap=0+}) -- 0x7f72fc19de40 con 0x7f72fc106060
2024-09-11T22:13:21.420 INFO:teuthology.orchestra.run.smithi005.stdout:/usr/bin/ceph: stderr
2024-09-11T22:13:20.064+0000 7f72faffd640 1 --2- 172.21.15.5:0/3868523045 >> [v2:172.21.15.5:3300/0,v1:172.21.15.5:6789/0] conn(0x7f72fc106060 0x7f72fc19d900 secure :-1 s=READY pgs=69 cs=0 l=1 rev1=1 crypto rx=0x7f72ec0097f0 tx=0x7f72ec0327b0 comp rx=0 tx=0).ready entity=mon.0 client_cookie=0 server_cookie=0 in_seq=0 out_seq=0
2024-09-11T22:13:21.420 INFO:teuthology.orchestra.run.smithi005.stdout:/usr/bin/ceph: stderr
2024-09-11T22:13:20.064+0000 7f72f8ff9640 1 -- 172.21.15.5:0/3868523045 <== mon.0 v2:172.21.15.5:3300/0 1 ==== mon_map magic: 0 ==== 205+0+0 (secure 0 0 0) 0x7f72ec037040 con 0x7f72fc106060
2024-09-11T22:13:21.420 INFO:teuthology.orchestra.run.smithi005.stdout:/usr/bin/ceph: stderr
2024-09-11T22:13:20.064+0000 7f72f8ff9640 1 -- 172.21.15.5:0/3868523045 <== mon.0 v2:172.21.15.5:3300/0 2 ==== config(27 keys) ==== 1140+0+0 (secure 0 0 0) 0x7f72ec030cc0 con 0x7f72fc106060
2024-09-11T22:13:21.420 INFO:teuthology.orchestra.run.smithi005.stdout:/usr/bin/ceph: stderr
2024-09-11T22:13:20.064+0000 7f72f8ff9640 1 -- 172.21.15.5:0/3868523045 <== mon.0 v2:172.21.15.5:3300/0 3 ==== mon_map magic: 0 ==== 205+0+0 (secure 0 0 0) 0x7f72ec03a6b0 con 0x7f72fc106060
2024-09-11T22:13:21.420 INFO:teuthology.orchestra.run.smithi005.stdout:/usr/bin/ceph: stderr
2024-09-11T22:13:20.064+0000 7f7301594640 1 -- 172.21.15.5:0/3868523045 --> [v2:172.21.15.5:3300/0,v1:172.21.15.5:6789/0] -- mon_subscribe({mgrmap=0+}) -- 0x7f72fc19e0d0 con 0x7f72fc106060
2024-09-11T22:13:21.420 INFO:teuthology.orchestra.run.smithi005.stdout:/usr/bin/ceph: stderr
2024-09-11T22:13:20.064+0000 7f7301594640 1 -- 172.21.15.5:0/3868523045 --> [v2:172.21.15.5:3300/0,v1:172.21.15.5:6789/0] -- mon_subscribe({osdmap=0}) -- 0x7f72fc1a0dc0 con 0x7f72fc106060
2024-09-11T22:13:21.421 INFO:teuthology.orchestra.run.smithi005.stdout:/usr/bin/ceph: stderr
2024-09-11T22:13:20.065+0000 7f72f8ff9640 1 -- 172.21.15.5:0/3868523045 <== mon.0 v2:172.21.15.5:3300/0 4 ==== mgrmap(e 12) ==== 46300+0+0 (secure 0 0 0) 0x7f72ec03baf0 con 0x7f72fc106060
2024-09-11T22:13:21.421 INFO:teuthology.orchestra.run.smithi005.stdout:/usr/bin/ceph: stderr
2024-09-11T22:13:20.065+0000 7f7301594640 1 -- 172.21.15.5:0/3868523045 --> [v2:172.21.15.5:3300/0,v1:172.21.15.5:6789/0] -- mon_command({"prefix": "get_command_descriptions"} v 0) -- 0x7f72fc106460 con 0x7f72fc106060
2024-09-11T22:13:21.421 INFO:teuthology.orchestra.run.smithi005.stdout:/usr/bin/ceph: stderr
2024-09-11T22:13:20.065+0000 7f72f8ff9640 1 --2- 172.21.15.5:0/3868523045 >> [v2:172.21.15.5:6800/3591749770,v1:172.21.15.5:6801/3591749770] conn(0x7f72e8038fc0 0x7f72e803b480 unknown :-1 s=NONE pgs=0 cs=0 l=1 rev1=0 crypto rx=0 tx=0 comp rx=0 tx=0).connect
2024-09-11T22:13:21.421 INFO:teuthology.orchestra.run.smithi005.stdout:/usr/bin/ceph: stderr
2024-09-11T22:13:20.066+0000 7f72f8ff9640 1 -- 172.21.15.5:0/3868523045 <== mon.0 v2:172.21.15.5:3300/0 5 ==== osd_map(3..3 src has 1..3) ==== 1155+0+0 (secure 0 0 0) 0x7f72ec06c630 con 0x7f72fc106060
2024-09-11T22:13:21.421 INFO:teuthology.orchestra.run.smithi005.stdout:/usr/bin/ceph: stderr
2024-09-11T22:13:20.066+0000 7f72f3fff640 1 --2- 172.21.15.5:0/3868523045 >> [v2:172.21.15.5:6800/3591749770,v1:172.21.15.5:6801/3591749770] conn(0x7f72e8038fc0 0x7f72e803b480 unknown :-1 s=BANNER_CONNECTING pgs=0 cs=0 l=1 rev1=0 crypto rx=0 tx=0 comp rx=0 tx=0)._handle_peer_banner_payload supported=3 required=0
2024-09-11T22:13:21.421 INFO:teuthology.orchestra.run.smithi005.stdout:/usr/bin/ceph: stderr
2024-09-11T22:13:20.066+0000 7f72f3fff640 1 --2- 172.21.15.5:0/3868523045 >> [v2:172.21.15.5:6800/3591749770,v1:172.21.15.5:6801/3591749770] conn(0x7f72e8038fc0 0x7f72e803b480 secure :-1 s=READY pgs=8 cs=0 l=1 rev1=1 crypto rx=0x7f72e40098c0 tx=0x7f72e4006db0 comp rx=0 tx=0).ready entity=mgr.14148 client_cookie=0 server_cookie=0 in_seq=0 out_seq=0
2024-09-11T22:13:21.421 INFO:teuthology.orchestra.run.smithi005.stdout:/usr/bin/ceph: stderr
2024-09-11T22:13:20.070+0000 7f72f8ff9640 1 -- 172.21.15.5:0/3868523045 <== mon.0 v2:172.21.15.5:3300/0 6 ==== mon_command_ack([{"prefix": "get_command_descriptions"}]=0 v0) ==== 72+0+188821 (secure 0 0 0) 0x7f72ec042e10 con 0x7f72fc106060
2024-09-11T22:13:21.421 INFO:teuthology.orchestra.run.smithi005.stdout:/usr/bin/ceph: stderr
2024-09-11T22:13:20.277+0000 7f7301594640 1 -- 172.21.15.5:0/3868523045 --> [v2:172.21.15.5:6800/3591749770,v1:172.21.15.5:6801/3591749770] -- mgr_command(tid 0: {"prefix": "dashboard ac-user-create", "username": "admin", "rolename": "administrator", "force_password": true, "pwd_update_required": true, "target": ["mon-mgr", ""]}) -- 0x7f72fc19e5b0 con 0x7f72e8038fc0
2024-09-11T22:13:21.421 INFO:teuthology.orchestra.run.smithi005.stdout:/usr/bin/ceph: stderr
2024-09-11T22:13:20.526+0000 7f72f8ff9640 1 -- 172.21.15.5:0/3868523045 <== mgr.14148 v2:172.21.15.5:6800/3591749770 1 ==== mgr_command_reply(tid 0: 0 ) ==== 8+0+252 (secure 0 0 0) 0x7f72fc19e5b0 con 0x7f72e8038fc0
2024-09-11T22:13:21.421 INFO:teuthology.orchestra.run.smithi005.stdout:/usr/bin/ceph: stderr
2024-09-11T22:13:20.528+0000 7f7301594640 1 -- 172.21.15.5:0/3868523045 >> [v2:172.21.15.5:6800/3591749770,v1:172.21.15.5:6801/3591749770] conn(0x7f72e8038fc0 msgr2=0x7f72e803b480 secure :-1 s=STATE_CONNECTION_ESTABLISHED l=1).mark_down
2024-09-11T22:13:21.421 INFO:teuthology.orchestra.run.smithi005.stdout:/usr/bin/ceph: stderr
2024-09-11T22:13:20.528+0000 7f7301594640 1 --2- 172.21.15.5:0/3868523045 >> [v2:172.21.15.5:6800/3591749770,v1:172.21.15.5:6801/3591749770] conn(0x7f72e8038fc0 0x7f72e803b480 secure :-1 s=READY pgs=8 cs=0 l=1 rev1=1 crypto rx=0x7f72e40098c0 tx=0x7f72e4006db0 comp rx=0 tx=0).stop
2024-09-11T22:13:21.421 INFO:teuthology.orchestra.run.smithi005.stdout:/usr/bin/ceph: stderr
2024-09-11T22:13:20.529+0000 7f7301594640 1 -- 172.21.15.5:0/3868523045 >> [v2:172.21.15.5:3300/0,v1:172.21.15.5:6789/0] conn(0x7f72fc106060 msgr2=0x7f72fc19d900 secure :-1 s=STATE_CONNECTION_ESTABLISHED l=1).mark_down
2024-09-11T22:13:21.422 INFO:teuthology.orchestra.run.smithi005.stdout:/usr/bin/ceph: stderr
2024-09-11T22:13:20.529+0000 7f7301594640 1 --2- 172.21.15.5:0/3868523045 >> [v2:172.21.15.5:3300/0,v1:172.21.15.5:6789/0] conn(0x7f72fc106060 0x7f72fc19d900 secure :-1 s=READY pgs=69 cs=0 l=1 rev1=1 crypto rx=0x7f72ec0097f0 tx=0x7f72ec0327b0 comp rx=0 tx=0).stop
2024-09-11T22:13:21.422 INFO:teuthology.orchestra.run.smithi005.stdout:/usr/bin/ceph: stderr
2024-09-11T22:13:20.529+0000 7f7301594640 1 -- 172.21.15.5:0/3868523045 shutdown_connections
2024-09-11T22:13:21.422 INFO:teuthology.orchestra.run.smithi005.stdout:/usr/bin/ceph: stderr
2024-09-11T22:13:20.529+0000 7f7301594640 1 --2- 172.21.15.5:0/3868523045 >> [v2:172.21.15.5:6800/3591749770,v1:172.21.15.5:6801/3591749770] conn(0x7f72e8038fc0 0x7f72e803b480 unknown :-1 s=CLOSED pgs=8 cs=0 l=1 rev1=1 crypto rx=0 tx=0 comp rx=0 tx=0).stop
2024-09-11T22:13:21.422 INFO:teuthology.orchestra.run.smithi005.stdout:/usr/bin/ceph: stderr
2024-09-11T22:13:20.529+0000 7f7301594640 1 --2- 172.21.15.5:0/3868523045 >> [v2:172.21.15.5:3300/0,v1:172.21.15.5:6789/0] conn(0x7f72fc106060 0x7f72fc19d900 unknown :-1 s=CLOSED pgs=69 cs=0 l=1 rev1=1 crypto rx=0 tx=0 comp rx=0 tx=0).stop
2024-09-11T22:13:21.422 INFO:teuthology.orchestra.run.smithi005.stdout:/usr/bin/ceph: stderr
2024-09-11T22:13:20.529+0000 7f7301594640 1 -- 172.21.15.5:0/3868523045 >> 172.21.15.5:0/3868523045 conn(0x7f72fc101ed0 msgr2=0x7f72fc191d00 unknown :-1 s=STATE_NONE l=0).mark_down
2024-09-11T22:13:21.422 INFO:teuthology.orchestra.run.smithi005.stdout:/usr/bin/ceph: stderr
2024-09-11T22:13:20.529+0000 7f7301594640 1 -- 172.21.15.5:0/3868523045 shutdown_connections
2024-09-11T22:13:21.422 INFO:teuthology.orchestra.run.smithi005.stdout:/usr/bin/ceph: stderr
2024-09-11T22:13:20.529+0000 7f7301594640 1 -- 172.21.15.5:0/3868523045 wait complete.
2024-09-11T22:13:21.422 INFO:teuthology.orchestra.run.smithi005.stdout:Fetching dashboard port number...
2024-09-11T22:13:23.184 INFO:teuthology.orchestra.run.smithi005.stdout:/usr/bin/ceph: stdout 8443
2024-09-11T22:13:23.184 INFO:teuthology.orchestra.run.smithi005.stdout:/usr/bin/ceph: stderr
2024-09-11T22:13:22.287+0000 7f672a3cb640 1 Processor -- start
2024-09-11T22:13:23.184 INFO:teuthology.orchestra.run.smithi005.stdout:/usr/bin/ceph: stderr
2024-09-11T22:13:22.287+0000 7f672a3cb640 1 -- start start
2024-09-11T22:13:23.184 INFO:teuthology.orchestra.run.smithi005.stdout:/usr/bin/ceph: stderr
2024-09-11T22:13:22.288+0000 7f672a3cb640 1 --2- >> [v2:172.21.15.5:3300/0,v1:172.21.15.5:6789/0] conn(0x7f67241077a0 0x7f6724107ba0 unknown :-1 s=NONE pgs=0 cs=0 l=0 rev1=0 crypto rx=0 tx=0 comp rx=0 tx=0).connect
2024-09-11T22:13:23.184 INFO:teuthology.orchestra.run.smithi005.stdout:/usr/bin/ceph: stderr
2024-09-11T22:13:22.288+0000 7f672a3cb640 1 -- --> [v2:172.21.15.5:3300/0,v1:172.21.15.5:6789/0] -- mon_getmap magic: 0 -- 0x7f6724108170 con 0x7f67241077a0
2024-09-11T22:13:23.184 INFO:teuthology.orchestra.run.smithi005.stdout:/usr/bin/ceph: stderr
