2024-09-11T22:12:48.559+0000 7fb46a59c640 1 --2- >> [v2:172.21.15.5:3300/0,v1:172.21.15.5:6789/0] conn(0x7fb46c106640 0x7fb46c07ba60 unknown :-1 s=BANNER_CONNECTING pgs=0 cs=0 l=1 rev1=0 crypto rx=0 tx=0 comp rx=0 tx=0)._handle_peer_banner_payload supported=3 required=0
2024-09-11T22:12:49.449 INFO:teuthology.orchestra.run.smithi005.stdout:/usr/bin/ceph: stderr
2024-09-11T22:12:48.559+0000 7fb46a59c640 1 --2- >> [v2:172.21.15.5:3300/0,v1:172.21.15.5:6789/0] conn(0x7fb46c106640 0x7fb46c07ba60 unknown :-1 s=HELLO_CONNECTING pgs=0 cs=0 l=1 rev1=1 crypto rx=0 tx=0 comp rx=0 tx=0).handle_hello peer v2:172.21.15.5:3300/0 says I am v2:172.21.15.5:51568/0 (socket says 172.21.15.5:51568)
2024-09-11T22:12:49.449 INFO:teuthology.orchestra.run.smithi005.stdout:/usr/bin/ceph: stderr
2024-09-11T22:12:48.559+0000 7fb46a59c640 1 -- 172.21.15.5:0/968462049 learned_addr learned my addr 172.21.15.5:0/968462049 (peer_addr_for_me v2:172.21.15.5:0/0)
2024-09-11T22:12:49.450 INFO:teuthology.orchestra.run.smithi005.stdout:/usr/bin/ceph: stderr
2024-09-11T22:12:48.559+0000 7fb46a59c640 1 -- 172.21.15.5:0/968462049 --> [v2:172.21.15.5:3300/0,v1:172.21.15.5:6789/0] -- mon_subscribe({config=0+,monmap=0+}) -- 0x7fb46c19e4b0 con 0x7fb46c106640
2024-09-11T22:12:49.450 INFO:teuthology.orchestra.run.smithi005.stdout:/usr/bin/ceph: stderr
2024-09-11T22:12:48.559+0000 7fb46a59c640 1 --2- 172.21.15.5:0/968462049 >> [v2:172.21.15.5:3300/0,v1:172.21.15.5:6789/0] conn(0x7fb46c106640 0x7fb46c07ba60 secure :-1 s=READY pgs=23 cs=0 l=1 rev1=1 crypto rx=0x7fb45c0097f0 tx=0x7fb45c030ec0 comp rx=0 tx=0).ready entity=mon.0 client_cookie=0 server_cookie=0 in_seq=0 out_seq=0
2024-09-11T22:12:49.450 INFO:teuthology.orchestra.run.smithi005.stdout:/usr/bin/ceph: stderr
2024-09-11T22:12:48.559+0000 7fb45b7fe640 1 -- 172.21.15.5:0/968462049 <== mon.0 v2:172.21.15.5:3300/0 1 ==== mon_map magic: 0 ==== 205+0+0 (secure 0 0 0) 0x7fb45c042070 con 0x7fb46c106640
2024-09-11T22:12:49.450 INFO:teuthology.orchestra.run.smithi005.stdout:/usr/bin/ceph: stderr
2024-09-11T22:12:48.559+0000 7fb45b7fe640 1 -- 172.21.15.5:0/968462049 <== mon.0 v2:172.21.15.5:3300/0 2 ==== config(27 keys) ==== 1109+0+0 (secure 0 0 0) 0x7fb45c032ca0 con 0x7fb46c106640
2024-09-11T22:12:49.450 INFO:teuthology.orchestra.run.smithi005.stdout:/usr/bin/ceph: stderr
2024-09-11T22:12:48.559+0000 7fb45b7fe640 1 -- 172.21.15.5:0/968462049 <== mon.0 v2:172.21.15.5:3300/0 3 ==== mon_map magic: 0 ==== 205+0+0 (secure 0 0 0) 0x7fb45c037040 con 0x7fb46c106640
2024-09-11T22:12:49.450 INFO:teuthology.orchestra.run.smithi005.stdout:/usr/bin/ceph: stderr
2024-09-11T22:12:48.559+0000 7fb470c91640 1 -- 172.21.15.5:0/968462049 --> [v2:172.21.15.5:3300/0,v1:172.21.15.5:6789/0] -- mon_subscribe({mgrmap=0+}) -- 0x7fb46c19e680 con 0x7fb46c106640
2024-09-11T22:12:49.450 INFO:teuthology.orchestra.run.smithi005.stdout:/usr/bin/ceph: stderr
2024-09-11T22:12:48.559+0000 7fb470c91640 1 -- 172.21.15.5:0/968462049 --> [v2:172.21.15.5:3300/0,v1:172.21.15.5:6789/0] -- mon_subscribe({osdmap=0}) -- 0x7fb46c19eaa0 con 0x7fb46c106640
2024-09-11T22:12:49.450 INFO:teuthology.orchestra.run.smithi005.stdout:/usr/bin/ceph: stderr
2024-09-11T22:12:48.560+0000 7fb45b7fe640 1 -- 172.21.15.5:0/968462049 <== mon.0 v2:172.21.15.5:3300/0 4 ==== mgrmap(e 5) ==== 46287+0+0 (secure 0 0 0) 0x7fb45c045070 con 0x7fb46c106640
2024-09-11T22:12:49.450 INFO:teuthology.orchestra.run.smithi005.stdout:/usr/bin/ceph: stderr
2024-09-11T22:12:48.560+0000 7fb45b7fe640 1 --2- 172.21.15.5:0/968462049 >> [v2:172.21.15.5:6800/1194241380,v1:172.21.15.5:6801/1194241380] conn(0x7fb454038f70 0x7fb45403b430 unknown :-1 s=NONE pgs=0 cs=0 l=1 rev1=0 crypto rx=0 tx=0 comp rx=0 tx=0).connect
2024-09-11T22:12:49.450 INFO:teuthology.orchestra.run.smithi005.stdout:/usr/bin/ceph: stderr
2024-09-11T22:12:48.560+0000 7fb45b7fe640 1 -- 172.21.15.5:0/968462049 <== mon.0 v2:172.21.15.5:3300/0 5 ==== osd_map(1..1 src has 1..1) ==== 725+0+0 (secure 0 0 0) 0x7fb45c06bf00 con 0x7fb46c106640
2024-09-11T22:12:49.450 INFO:teuthology.orchestra.run.smithi005.stdout:/usr/bin/ceph: stderr
2024-09-11T22:12:48.560+0000 7fb469d9b640 1 -- 172.21.15.5:0/968462049 >> [v2:172.21.15.5:6800/1194241380,v1:172.21.15.5:6801/1194241380] conn(0x7fb454038f70 msgr2=0x7fb45403b430 unknown :-1 s=STATE_CONNECTING_RE l=1).process reconnect failed to v2:172.21.15.5:6800/1194241380
2024-09-11T22:12:49.450 INFO:teuthology.orchestra.run.smithi005.stdout:/usr/bin/ceph: stderr
2024-09-11T22:12:48.560+0000 7fb469d9b640 1 --2- 172.21.15.5:0/968462049 >> [v2:172.21.15.5:6800/1194241380,v1:172.21.15.5:6801/1194241380] conn(0x7fb454038f70 0x7fb45403b430 unknown :-1 s=START_CONNECT pgs=0 cs=0 l=1 rev1=0 crypto rx=0 tx=0 comp rx=0 tx=0)._fault waiting 0.200000
2024-09-11T22:12:49.450 INFO:teuthology.orchestra.run.smithi005.stdout:/usr/bin/ceph: stderr
2024-09-11T22:12:48.561+0000 7fb470c91640 1 -- 172.21.15.5:0/968462049 --> [v2:172.21.15.5:3300/0,v1:172.21.15.5:6789/0] -- mon_command({"prefix": "get_command_descriptions"} v 0) -- 0x7fb46c10ad20 con 0x7fb46c106640
2024-09-11T22:12:49.450 INFO:teuthology.orchestra.run.smithi005.stdout:/usr/bin/ceph: stderr
2024-09-11T22:12:48.565+0000 7fb45b7fe640 1 -- 172.21.15.5:0/968462049 <== mon.0 v2:172.21.15.5:3300/0 6 ==== mon_command_ack([{"prefix": "get_command_descriptions"}]=0 v0) ==== 72+0+188821 (secure 0 0 0) 0x7fb45c06b920 con 0x7fb46c106640
2024-09-11T22:12:49.451 INFO:teuthology.orchestra.run.smithi005.stdout:/usr/bin/ceph: stderr
2024-09-11T22:12:48.761+0000 7fb469d9b640 1 -- 172.21.15.5:0/968462049 >> [v2:172.21.15.5:6800/1194241380,v1:172.21.15.5:6801/1194241380] conn(0x7fb454038f70 msgr2=0x7fb45403b430 unknown :-1 s=STATE_CONNECTING_RE l=1).process reconnect failed to v2:172.21.15.5:6800/1194241380
2024-09-11T22:12:49.451 INFO:teuthology.orchestra.run.smithi005.stdout:/usr/bin/ceph: stderr
2024-09-11T22:12:48.761+0000 7fb469d9b640 1 --2- 172.21.15.5:0/968462049 >> [v2:172.21.15.5:6800/1194241380,v1:172.21.15.5:6801/1194241380] conn(0x7fb454038f70 0x7fb45403b430 unknown :-1 s=START_CONNECT pgs=0 cs=0 l=1 rev1=0 crypto rx=0 tx=0 comp rx=0 tx=0)._fault waiting 0.400000
2024-09-11T22:12:49.451 INFO:teuthology.orchestra.run.smithi005.stdout:/usr/bin/ceph: stderr
2024-09-11T22:12:48.788+0000 7fb470c91640 1 -- 172.21.15.5:0/968462049 --> [v2:172.21.15.5:3300/0,v1:172.21.15.5:6789/0] -- mon_command({"prefix": "mgr stat"} v 0) -- 0x7fb46c19f140 con 0x7fb46c106640
2024-09-11T22:12:49.451 INFO:teuthology.orchestra.run.smithi005.stdout:/usr/bin/ceph: stderr
2024-09-11T22:12:48.788+0000 7fb45b7fe640 1 -- 172.21.15.5:0/968462049 <== mon.0 v2:172.21.15.5:3300/0 7 ==== mon_command_ack([{"prefix": "mgr stat"}]=0 v5) ==== 56+0+88 (secure 0 0 0) 0x7fb45c03ccd0 con 0x7fb46c106640
2024-09-11T22:12:49.451 INFO:teuthology.orchestra.run.smithi005.stdout:/usr/bin/ceph: stderr
2024-09-11T22:12:48.790+0000 7fb470c91640 1 -- 172.21.15.5:0/968462049 >> [v2:172.21.15.5:6800/1194241380,v1:172.21.15.5:6801/1194241380] conn(0x7fb454038f70 msgr2=0x7fb45403b430 unknown :-1 s=STATE_CONNECTING l=1).mark_down
2024-09-11T22:12:49.451 INFO:teuthology.orchestra.run.smithi005.stdout:/usr/bin/ceph: stderr
2024-09-11T22:12:48.790+0000 7fb470c91640 1 --2- 172.21.15.5:0/968462049 >> [v2:172.21.15.5:6800/1194241380,v1:172.21.15.5:6801/1194241380] conn(0x7fb454038f70 0x7fb45403b430 unknown :-1 s=START_CONNECT pgs=0 cs=0 l=1 rev1=0 crypto rx=0 tx=0 comp rx=0 tx=0).stop
2024-09-11T22:12:49.451 INFO:teuthology.orchestra.run.smithi005.stdout:/usr/bin/ceph: stderr
2024-09-11T22:12:48.790+0000 7fb470c91640 1 -- 172.21.15.5:0/968462049 >> [v2:172.21.15.5:3300/0,v1:172.21.15.5:6789/0] conn(0x7fb46c106640 msgr2=0x7fb46c07ba60 secure :-1 s=STATE_CONNECTION_ESTABLISHED l=1).mark_down
2024-09-11T22:12:49.451 INFO:teuthology.orchestra.run.smithi005.stdout:/usr/bin/ceph: stderr
2024-09-11T22:12:48.790+0000 7fb470c91640 1 --2- 172.21.15.5:0/968462049 >> [v2:172.21.15.5:3300/0,v1:172.21.15.5:6789/0] conn(0x7fb46c106640 0x7fb46c07ba60 secure :-1 s=READY pgs=23 cs=0 l=1 rev1=1 crypto rx=0x7fb45c0097f0 tx=0x7fb45c030ec0 comp rx=0 tx=0).stop
2024-09-11T22:12:49.451 INFO:teuthology.orchestra.run.smithi005.stdout:/usr/bin/ceph: stderr
2024-09-11T22:12:48.790+0000 7fb470c91640 1 -- 172.21.15.5:0/968462049 shutdown_connections
2024-09-11T22:12:49.451 INFO:teuthology.orchestra.run.smithi005.stdout:/usr/bin/ceph: stderr
2024-09-11T22:12:48.790+0000 7fb470c91640 1 --2- 172.21.15.5:0/968462049 >> [v2:172.21.15.5:6800/1194241380,v1:172.21.15.5:6801/1194241380] conn(0x7fb454038f70 0x7fb45403b430 unknown :-1 s=CLOSED pgs=0 cs=0 l=1 rev1=0 crypto rx=0 tx=0 comp rx=0 tx=0).stop
2024-09-11T22:12:49.451 INFO:teuthology.orchestra.run.smithi005.stdout:/usr/bin/ceph: stderr
2024-09-11T22:12:48.790+0000 7fb470c91640 1 --2- 172.21.15.5:0/968462049 >> [v2:172.21.15.5:3300/0,v1:172.21.15.5:6789/0] conn(0x7fb46c106640 0x7fb46c07ba60 unknown :-1 s=CLOSED pgs=23 cs=0 l=1 rev1=1 crypto rx=0 tx=0 comp rx=0 tx=0).stop
2024-09-11T22:12:49.451 INFO:teuthology.orchestra.run.smithi005.stdout:/usr/bin/ceph: stderr
2024-09-11T22:12:48.790+0000 7fb470c91640 1 -- 172.21.15.5:0/968462049 >> 172.21.15.5:0/968462049 conn(0x7fb46c101db0 msgr2=0x7fb46c102a20 unknown :-1 s=STATE_NONE l=0).mark_down
2024-09-11T22:12:49.452 INFO:teuthology.orchestra.run.smithi005.stdout:/usr/bin/ceph: stderr
2024-09-11T22:12:48.791+0000 7fb470c91640 1 -- 172.21.15.5:0/968462049 shutdown_connections
2024-09-11T22:12:49.452 INFO:teuthology.orchestra.run.smithi005.stdout:/usr/bin/ceph: stderr
2024-09-11T22:12:48.791+0000 7fb470c91640 1 -- 172.21.15.5:0/968462049 wait complete.
2024-09-11T22:12:49.452 INFO:teuthology.orchestra.run.smithi005.stdout:Waiting for the mgr to restart...
2024-09-11T22:12:49.452 INFO:teuthology.orchestra.run.smithi005.stdout:Waiting for mgr epoch 5...
2024-09-11T22:12:49.757 INFO:journalctl@ceph.mon.a.smithi005.stdout:Sep 11 22:12:49 smithi005 ceph-mon[30943]: from='client.? 172.21.15.5:0/968462049' entity='client.admin' cmd=[{"prefix": "mgr stat"}]: dispatch
2024-09-11T22:12:50.044 INFO:journalctl@ceph.mgr.x.smithi005.stdout:Sep 11 22:12:49 smithi005 ceph-b99b16b2-708a-11ef-bcea-c7b262605968-mgr-x[31169]:
2024-09-11T22:12:49.784+0000 7f071fbff040 -1 mgr[py] Module telemetry has missing NOTIFY_TYPES member
2024-09-11T22:12:50.044 INFO:journalctl@ceph.mgr.x.smithi005.stdout:Sep 11 22:12:49 smithi005 ceph-b99b16b2-708a-11ef-bcea-c7b262605968-mgr-x[31169]:
2024-09-11T22:12:49.856+0000 7f071fbff040 -1 mgr[py] Module balancer has missing NOTIFY_TYPES member
2024-09-11T22:12:50.722 INFO:journalctl@ceph.mgr.x.smithi005.stdout:Sep 11 22:12:50 smithi005 ceph-b99b16b2-708a-11ef-bcea-c7b262605968-mgr-x[31169]:
2024-09-11T22:12:50.601+0000 7f071fbff040 -1 mgr[py] Module rook has missing NOTIFY_TYPES member
2024-09-11T22:12:50.722 INFO:journalctl@ceph.mgr.x.smithi005.stdout:Sep 11 22:12:50 smithi005 ceph-b99b16b2-708a-11ef-bcea-c7b262605968-mgr-x[31169]:
2024-09-11T22:12:50.721+0000 7f071fbff040 -1 mgr[py] Module iostat has missing NOTIFY_TYPES member
2024-09-11T22:12:51.070 INFO:journalctl@ceph.mgr.x.smithi005.stdout:Sep 11 22:12:50 smithi005 ceph-b99b16b2-708a-11ef-bcea-c7b262605968-mgr-x[31169]:
2024-09-11T22:12:50.869+0000 7f071fbff040 -1 mgr[py] Module orchestrator has missing NOTIFY_TYPES member
2024-09-11T22:12:51.070 INFO:journalctl@ceph.mgr.x.smithi005.stdout:Sep 11 22:12:50 smithi005 ceph-b99b16b2-708a-11ef-bcea-c7b262605968-mgr-x[31169]:
2024-09-11T22:12:50.933+0000 7f071fbff040 -1 mgr[py] Module devicehealth has missing NOTIFY_TYPES member
2024-09-11T22:12:51.388 INFO:journalctl@ceph.mgr.x.smithi005.stdout:Sep 11 22:12:51 smithi005 ceph-b99b16b2-708a-11ef-bcea-c7b262605968-mgr-x[31169]:
2024-09-11T22:12:51.089+0000 7f071fbff040 -1 mgr[py] Module rgw has missing NOTIFY_TYPES member
2024-09-11T22:12:51.388 INFO:journalctl@ceph.mgr.x.smithi005.stdout:Sep 11 22:12:51 smithi005 ceph-b99b16b2-708a-11ef-bcea-c7b262605968-mgr-x[31169]:
2024-09-11T22:12:51.159+0000 7f071fbff040 -1 mgr[py] Module alerts has missing NOTIFY_TYPES member
2024-09-11T22:12:51.388 INFO:journalctl@ceph.mgr.x.smithi005.stdout:Sep 11 22:12:51 smithi005 ceph-b99b16b2-708a-11ef-bcea-c7b262605968-mgr-x[31169]:
2024-09-11T22:12:51.221+0000 7f071fbff040 -1 mgr[py] Module progress has missing NOTIFY_TYPES member
2024-09-11T22:12:51.388 INFO:journalctl@ceph.mgr.x.smithi005.stdout:Sep 11 22:12:51 smithi005 ceph-b99b16b2-708a-11ef-bcea-c7b262605968-mgr-x[31169]:
2024-09-11T22:12:51.387+0000 7f071fbff040 -1 mgr[py] Module nfs has missing NOTIFY_TYPES member
2024-09-11T22:12:51.672 INFO:journalctl@ceph.mgr.x.smithi005.stdout:Sep 11 22:12:51 smithi005 ceph-b99b16b2-708a-11ef-bcea-c7b262605968-mgr-x[31169]:
2024-09-11T22:12:51.455+0000 7f071fbff040 -1 mgr[py] Module status has missing NOTIFY_TYPES member
2024-09-11T22:12:51.673 INFO:journalctl@ceph.mgr.x.smithi005.stdout:Sep 11 22:12:51 smithi005 ceph-b99b16b2-708a-11ef-bcea-c7b262605968-mgr-x[31169]:
2024-09-11T22:12:51.524+0000 7f071fbff040 -1 mgr[py] Module pg_autoscaler has missing NOTIFY_TYPES member
2024-09-11T22:12:51.673 INFO:journalctl@ceph.mgr.x.smithi005.stdout:Sep 11 22:12:51 smithi005 ceph-b99b16b2-708a-11ef-bcea-c7b262605968-mgr-x[31169]:
2024-09-11T22:12:51.610+0000 7f071fbff040 -1 mgr[py] Module rbd_support has missing NOTIFY_TYPES member
2024-09-11T22:12:51.673 INFO:journalctl@ceph.mgr.x.smithi005.stdout:Sep 11 22:12:51 smithi005 ceph-b99b16b2-708a-11ef-bcea-c7b262605968-mgr-x[31169]:
2024-09-11T22:12:51.671+0000 7f071fbff040 -1 mgr[py] Module influx has missing NOTIFY_TYPES member
2024-09-11T22:12:52.070 INFO:journalctl@ceph.mgr.x.smithi005.stdout:Sep 11 22:12:51 smithi005 ceph-b99b16b2-708a-11ef-bcea-c7b262605968-mgr-x[31169]:
2024-09-11T22:12:51.733+0000 7f071fbff040 -1 mgr[py] Module zabbix has missing NOTIFY_TYPES member
2024-09-11T22:12:52.820 INFO:journalctl@ceph.mgr.x.smithi005.stdout:Sep 11 22:12:52 smithi005 ceph-b99b16b2-708a-11ef-bcea-c7b262605968-mgr-x[31169]:
2024-09-11T22:12:52.566+0000 7f071fbff040 -1 mgr[py] Module telegraf has missing NOTIFY_TYPES member
2024-09-11T22:12:52.820 INFO:journalctl@ceph.mon.a.smithi005.stdout:Sep 11 22:12:52 smithi005 ceph-mon[30943]: Active manager daemon x restarted
2024-09-11T22:12:52.820 INFO:journalctl@ceph.mon.a.smithi005.stdout:Sep 11 22:12:52 smithi005 ceph-mon[30943]: Activating manager daemon x
2024-09-11T22:12:52.821 INFO:journalctl@ceph.mon.a.smithi005.stdout:Sep 11 22:12:52 smithi005 ceph-mon[30943]: osdmap e2: 0 total, 0 up, 0 in
2024-09-11T22:12:52.821 INFO:journalctl@ceph.mon.a.smithi005.stdout:Sep 11 22:12:52 smithi005 ceph-mon[30943]: mgrmap e6: x(active, starting, since 0.00318579s)
2024-09-11T22:12:52.821 INFO:journalctl@ceph.mon.a.smithi005.stdout:Sep 11 22:12:52 smithi005 ceph-mon[30943]: from='mgr.14116 172.21.15.5:0/3140049375' entity='mgr.x' cmd=[{"prefix": "mon metadata", "id": "a"}]: dispatch
2024-09-11T22:12:52.821 INFO:journalctl@ceph.mon.a.smithi005.stdout:Sep 11 22:12:52 smithi005 ceph-mon[30943]: from='mgr.14116 172.21.15.5:0/3140049375' entity='mgr.x' cmd=[{"prefix": "mgr metadata", "who": "x", "id": "x"}]: dispatch
2024-09-11T22:12:52.821 INFO:journalctl@ceph.mon.a.smithi005.stdout:Sep 11 22:12:52 smithi005 ceph-mon[30943]: from='mgr.14116 172.21.15.5:0/3140049375' entity='mgr.x' cmd=[{"prefix": "mds metadata"}]: dispatch
2024-09-11T22:12:52.821 INFO:journalctl@ceph.mon.a.smithi005.stdout:Sep 11 22:12:52 smithi005 ceph-mon[30943]: from='mgr.14116 172.21.15.5:0/3140049375' entity='mgr.x' cmd=[{"prefix": "osd metadata"}]: dispatch
2024-09-11T22:12:52.821 INFO:journalctl@ceph.mon.a.smithi005.stdout:Sep 11 22:12:52 smithi005 ceph-mon[30943]: from='mgr.14116 172.21.15.5:0/3140049375' entity='mgr.x' cmd=[{"prefix": "mon metadata"}]: dispatch
2024-09-11T22:12:52.821 INFO:journalctl@ceph.mon.a.smithi005.stdout:Sep 11 22:12:52 smithi005 ceph-mon[30943]: Manager daemon x is now available
2024-09-11T22:12:52.821 INFO:journalctl@ceph.mon.a.smithi005.stdout:Sep 11 22:12:52 smithi005 ceph-mon[30943]: from='mgr.14116 172.21.15.5:0/3140049375' entity='mgr.x'
2024-09-11T22:12:52.821 INFO:journalctl@ceph.mon.a.smithi005.stdout:Sep 11 22:12:52 smithi005 ceph-mon[30943]: from='mgr.14116 172.21.15.5:0/3140049375' entity='mgr.x'
2024-09-11T22:12:52.821 INFO:journalctl@ceph.mon.a.smithi005.stdout:Sep 11 22:12:52 smithi005 ceph-mon[30943]: from='mgr.14116 172.21.15.5:0/3140049375' entity='mgr.x' cmd=[{"prefix": "config dump", "format": "json"}]: dispatch
2024-09-11T22:12:52.821 INFO:journalctl@ceph.mon.a.smithi005.stdout:Sep 11 22:12:52 smithi005 ceph-mon[30943]: from='mgr.14116 172.21.15.5:0/3140049375' entity='mgr.x' cmd=[{"prefix": "config dump", "format": "json"}]: dispatch
2024-09-11T22:12:52.821 INFO:journalctl@ceph.mon.a.smithi005.stdout:Sep 11 22:12:52 smithi005 ceph-mon[30943]: from='mgr.14116 172.21.15.5:0/3140049375' entity='mgr.x' cmd=[{"prefix":"config rm","who":"mgr","name":"mgr/rbd_support/x/mirror_snapshot_schedule"}]: dispatch
2024-09-11T22:12:52.822 INFO:journalctl@ceph.mon.a.smithi005.stdout:Sep 11 22:12:52 smithi005 ceph-mon[30943]: from='mgr.14116 172.21.15.5:0/3140049375' entity='mgr.x' cmd=[{"prefix":"config rm","who":"mgr","name":"mgr/rbd_support/x/trash_purge_schedule"}]: dispatch
2024-09-11T22:12:54.148 INFO:teuthology.orchestra.run.smithi005.stdout:/usr/bin/ceph: stdout {
2024-09-11T22:12:54.149 INFO:teuthology.orchestra.run.smithi005.stdout:/usr/bin/ceph: stdout "mgrmap_epoch": 7,
2024-09-11T22:12:54.149 INFO:teuthology.orchestra.run.smithi005.stdout:/usr/bin/ceph: stdout "initialized": true
2024-09-11T22:12:54.149 INFO:teuthology.orchestra.run.smithi005.stdout:/usr/bin/ceph: stdout }
2024-09-11T22:12:54.149 INFO:teuthology.orchestra.run.smithi005.stdout:/usr/bin/ceph: stderr
2024-09-11T22:12:49.837+0000 7f4f3f518640 1 Processor -- start
2024-09-11T22:12:54.149 INFO:teuthology.orchestra.run.smithi005.stdout:/usr/bin/ceph: stderr
2024-09-11T22:12:49.837+0000 7f4f3f518640 1 -- start start
2024-09-11T22:12:54.149 INFO:teuthology.orchestra.run.smithi005.stdout:/usr/bin/ceph: stderr
2024-09-11T22:12:49.837+0000 7f4f3f518640 1 --2- >> [v2:172.21.15.5:3300/0,v1:172.21.15.5:6789/0] conn(0x7f4f38106040 0x7f4f38106440 unknown :-1 s=NONE pgs=0 cs=0 l=0 rev1=0 crypto rx=0 tx=0 comp rx=0 tx=0).connect
2024-09-11T22:12:54.149 INFO:teuthology.orchestra.run.smithi005.stdout:/usr/bin/ceph: stderr
2024-09-11T22:12:49.837+0000 7f4f3f518640 1 -- --> [v2:172.21.15.5:3300/0,v1:172.21.15.5:6789/0] -- mon_getmap magic: 0 -- 0x7f4f3807c690 con 0x7f4f38106040
2024-09-11T22:12:54.149 INFO:teuthology.orchestra.run.smithi005.stdout:/usr/bin/ceph: stderr
2024-09-11T22:12:49.837+0000 7f4f3d2b4640 1 --2- >> [v2:172.21.15.5:3300/0,v1:172.21.15.5:6789/0] conn(0x7f4f38106040 0x7f4f38106440 unknown :-1 s=BANNER_CONNECTING pgs=0 cs=0 l=0 rev1=0 crypto rx=0 tx=0 comp rx=0 tx=0)._handle_peer_banner_payload supported=3 required=0
2024-09-11T22:12:54.149 INFO:teuthology.orchestra.run.smithi005.stdout:/usr/bin/ceph: stderr
2024-09-11T22:12:49.837+0000 7f4f3d2b4640 1 --2- >> [v2:172.21.15.5:3300/0,v1:172.21.15.5:6789/0] conn(0x7f4f38106040 0x7f4f38106440 unknown :-1 s=HELLO_CONNECTING pgs=0 cs=0 l=0 rev1=1 crypto rx=0 tx=0 comp rx=0 tx=0).handle_hello peer v2:172.21.15.5:3300/0 says I am v2:172.21.15.5:51570/0 (socket says 172.21.15.5:51570)
2024-09-11T22:12:54.150 INFO:teuthology.orchestra.run.smithi005.stdout:/usr/bin/ceph: stderr
2024-09-11T22:12:49.837+0000 7f4f3d2b4640 1 -- 172.21.15.5:0/2009490210 learned_addr learned my addr 172.21.15.5:0/2009490210 (peer_addr_for_me v2:172.21.15.5:0/0)
2024-09-11T22:12:54.150 INFO:teuthology.orchestra.run.smithi005.stdout:/usr/bin/ceph: stderr
2024-09-11T22:12:49.838+0000 7f4f3d2b4640 1 -- 172.21.15.5:0/2009490210 --> [v2:172.21.15.5:3300/0,v1:172.21.15.5:6789/0] -- mon_subscribe({config=0+,monmap=0+}) -- 0x7f4f38106980 con 0x7f4f38106040
2024-09-11T22:12:54.150 INFO:teuthology.orchestra.run.smithi005.stdout:/usr/bin/ceph: stderr
2024-09-11T22:12:49.838+0000 7f4f3d2b4640 1 --2- 172.21.15.5:0/2009490210 >> [v2:172.21.15.5:3300/0,v1:172.21.15.5:6789/0] conn(0x7f4f38106040 0x7f4f38106440 secure :-1 s=READY pgs=24 cs=0 l=1 rev1=1 crypto rx=0x7f4f34009820 tx=0x7f4f3402a270 comp rx=0 tx=0).ready entity=mon.0 client_cookie=5374a497cff2b824 server_cookie=0 in_seq=0 out_seq=0
2024-09-11T22:12:54.150 INFO:teuthology.orchestra.run.smithi005.stdout:/usr/bin/ceph: stderr
2024-09-11T22:12:49.838+0000 7f4f2ffff640 1 -- 172.21.15.5:0/2009490210 <== mon.0 v2:172.21.15.5:3300/0 1 ==== mon_map magic: 0 ==== 205+0+0 (secure 0 0 0) 0x7f4f34037070 con 0x7f4f38106040
2024-09-11T22:12:54.150 INFO:teuthology.orchestra.run.smithi005.stdout:/usr/bin/ceph: stderr
2024-09-11T22:12:49.839+0000 7f4f2ffff640 1 -- 172.21.15.5:0/2009490210 <== mon.0 v2:172.21.15.5:3300/0 2 ==== config(27 keys) ==== 1109+0+0 (secure 0 0 0) 0x7f4f34032900 con 0x7f4f38106040
2024-09-11T22:12:54.150 INFO:teuthology.orchestra.run.smithi005.stdout:/usr/bin/ceph: stderr
2024-09-11T22:12:49.839+0000 7f4f2ffff640 1 -- 172.21.15.5:0/2009490210 <== mon.0 v2:172.21.15.5:3300/0 3 ==== mon_map magic: 0 ==== 205+0+0 (secure 0 0 0) 0x7f4f34030850 con 0x7f4f38106040
2024-09-11T22:12:54.150 INFO:teuthology.orchestra.run.smithi005.stdout:/usr/bin/ceph: stderr
2024-09-11T22:12:49.839+0000 7f4f3f518640 1 -- 172.21.15.5:0/2009490210 >> [v2:172.21.15.5:3300/0,v1:172.21.15.5:6789/0] conn(0x7f4f38106040 msgr2=0x7f4f38106440 secure :-1 s=STATE_CONNECTION_ESTABLISHED l=1).mark_down
2024-09-11T22:12:54.150 INFO:teuthology.orchestra.run.smithi005.stdout:/usr/bin/ceph: stderr
2024-09-11T22:12:49.839+0000 7f4f3f518640 1 --2- 172.21.15.5:0/2009490210 >> [v2:172.21.15.5:3300/0,v1:172.21.15.5:6789/0] conn(0x7f4f38106040 0x7f4f38106440 secure :-1 s=READY pgs=24 cs=0 l=1 rev1=1 crypto rx=0x7f4f34009820 tx=0x7f4f3402a270 comp rx=0 tx=0).stop
2024-09-11T22:12:54.150 INFO:teuthology.orchestra.run.smithi005.stdout:/usr/bin/ceph: stderr
2024-09-11T22:12:49.839+0000 7f4f3f518640 1 -- 172.21.15.5:0/2009490210 shutdown_connections
2024-09-11T22:12:54.151 INFO:teuthology.orchestra.run.smithi005.stdout:/usr/bin/ceph: stderr
2024-09-11T22:12:49.839+0000 7f4f3f518640 1 --2- 172.21.15.5:0/2009490210 >> [v2:172.21.15.5:3300/0,v1:172.21.15.5:6789/0] conn(0x7f4f38106040 0x7f4f38106440 unknown :-1 s=CLOSED pgs=24 cs=0 l=1 rev1=1 crypto rx=0 tx=0 comp rx=0 tx=0).stop
2024-09-11T22:12:54.151 INFO:teuthology.orchestra.run.smithi005.stdout:/usr/bin/ceph: stderr
2024-09-11T22:12:49.839+0000 7f4f3f518640 1 -- 172.21.15.5:0/2009490210 >> 172.21.15.5:0/2009490210 conn(0x7f4f38101e50 msgr2=0x7f4f38104270 unknown :-1 s=STATE_NONE l=0).mark_down
2024-09-11T22:12:54.151 INFO:teuthology.orchestra.run.smithi005.stdout:/usr/bin/ceph: stderr
2024-09-11T22:12:49.839+0000 7f4f3f518640 1 -- 172.21.15.5:0/2009490210 shutdown_connections
2024-09-11T22:12:54.151 INFO:teuthology.orchestra.run.smithi005.stdout:/usr/bin/ceph: stderr
2024-09-11T22:12:49.839+0000 7f4f3f518640 1 -- 172.21.15.5:0/2009490210 wait complete.
2024-09-11T22:12:54.151 INFO:teuthology.orchestra.run.smithi005.stdout:/usr/bin/ceph: stderr
2024-09-11T22:12:49.840+0000 7f4f3f518640 1 Processor -- start
2024-09-11T22:12:54.151 INFO:teuthology.orchestra.run.smithi005.stdout:/usr/bin/ceph: stderr
2024-09-11T22:12:49.840+0000 7f4f3f518640 1 -- start start
2024-09-11T22:12:54.151 INFO:teuthology.orchestra.run.smithi005.stdout:/usr/bin/ceph: stderr
2024-09-11T22:12:49.840+0000 7f4f3f518640 1 --2- >> [v2:172.21.15.5:3300/0,v1:172.21.15.5:6789/0] conn(0x7f4f38106040 0x7f4f3819d960 unknown :-1 s=NONE pgs=0 cs=0 l=1 rev1=0 crypto rx=0 tx=0 comp rx=0 tx=0).connect
2024-09-11T22:12:54.151 INFO:teuthology.orchestra.run.smithi005.stdout:/usr/bin/ceph: stderr
2024-09-11T22:12:49.840+0000 7f4f3f518640 1 -- --> [v2:172.21.15.5:3300/0,v1:172.21.15.5:6789/0] -- mon_getmap magic: 0 -- 0x7f4f38107a80 con 0x7f4f38106040
2024-09-11T22:12:54.151 INFO:teuthology.orchestra.run.smithi005.stdout:/usr/bin/ceph: stderr
2024-09-11T22:12:49.840+0000 7f4f3d2b4640 1 --2- >> [v2:172.21.15.5:3300/0,v1:172.21.15.5:6789/0] conn(0x7f4f38106040 0x7f4f3819d960 unknown :-1 s=BANNER_CONNECTING pgs=0 cs=0 l=1 rev1=0 crypto rx=0 tx=0 comp rx=0 tx=0)._handle_peer_banner_payload supported=3 required=0
2024-09-11T22:12:54.152 INFO:teuthology.orchestra.run.smithi005.stdout:/usr/bin/ceph: stderr
2024-09-11T22:12:49.840+0000 7f4f3d2b4640 1 --2- >> [v2:172.21.15.5:3300/0,v1:172.21.15.5:6789/0] conn(0x7f4f38106040 0x7f4f3819d960 unknown :-1 s=HELLO_CONNECTING pgs=0 cs=0 l=1 rev1=1 crypto rx=0 tx=0 comp rx=0 tx=0).handle_hello peer v2:172.21.15.5:3300/0 says I am v2:172.21.15.5:51584/0 (socket says 172.21.15.5:51584)
2024-09-11T22:12:54.152 INFO:teuthology.orchestra.run.smithi005.stdout:/usr/bin/ceph: stderr
2024-09-11T22:12:49.840+0000 7f4f3d2b4640 1 -- 172.21.15.5:0/2712607798 learned_addr learned my addr 172.21.15.5:0/2712607798 (peer_addr_for_me v2:172.21.15.5:0/0)
2024-09-11T22:12:54.152 INFO:teuthology.orchestra.run.smithi005.stdout:/usr/bin/ceph: stderr
2024-09-11T22:12:49.841+0000 7f4f3d2b4640 1 -- 172.21.15.5:0/2712607798 --> [v2:172.21.15.5:3300/0,v1:172.21.15.5:6789/0] -- mon_subscribe({config=0+,monmap=0+}) -- 0x7f4f3819dea0 con 0x7f4f38106040
2024-09-11T22:12:54.152 INFO:teuthology.orchestra.run.smithi005.stdout:/usr/bin/ceph: stderr
2024-09-11T22:12:49.841+0000 7f4f3d2b4640 1 --2- 172.21.15.5:0/2712607798 >> [v2:172.21.15.5:3300/0,v1:172.21.15.5:6789/0] conn(0x7f4f38106040 0x7f4f3819d960 secure :-1 s=READY pgs=25 cs=0 l=1 rev1=1 crypto rx=0x7f4f34032ce0 tx=0x7f4f34032d10 comp rx=0 tx=0).ready entity=mon.0 client_cookie=0 server_cookie=0 in_seq=0 out_seq=0
2024-09-11T22:12:54.152 INFO:teuthology.orchestra.run.smithi005.stdout:/usr/bin/ceph: stderr
2024-09-11T22:12:49.841+0000 7f4f2e7fc640 1 -- 172.21.15.5:0/2712607798 <== mon.0 v2:172.21.15.5:3300/0 1 ==== mon_map magic: 0 ==== 205+0+0 (secure 0 0 0) 0x7f4f34042070 con 0x7f4f38106040
2024-09-11T22:12:54.152 INFO:teuthology.orchestra.run.smithi005.stdout:/usr/bin/ceph: stderr
2024-09-11T22:12:49.841+0000 7f4f2e7fc640 1 -- 172.21.15.5:0/2712607798 <== mon.0 v2:172.21.15.5:3300/0 2 ==== config(27 keys) ==== 1109+0+0 (secure 0 0 0) 0x7f4f340308c0 con 0x7f4f38106040
2024-09-11T22:12:54.152 INFO:teuthology.orchestra.run.smithi005.stdout:/usr/bin/ceph: stderr
2024-09-11T22:12:49.841+0000 7f4f3f518640 1 -- 172.21.15.5:0/2712607798 --> [v2:172.21.15.5:3300/0,v1:172.21.15.5:6789/0] -- mon_subscribe({mgrmap=0+}) -- 0x7f4f3819e130 con 0x7f4f38106040
2024-09-11T22:12:54.152 INFO:teuthology.orchestra.run.smithi005.stdout:/usr/bin/ceph: stderr
2024-09-11T22:12:49.841+0000 7f4f2e7fc640 1 -- 172.21.15.5:0/2712607798 <== mon.0 v2:172.21.15.5:3300/0 3 ==== mon_map magic: 0 ==== 205+0+0 (secure 0 0 0) 0x7f4f34037040 con 0x7f4f38106040
2024-09-11T22:12:54.152 INFO:teuthology.orchestra.run.smithi005.stdout:/usr/bin/ceph: stderr
2024-09-11T22:12:49.841+0000 7f4f3f518640 1 -- 172.21.15.5:0/2712607798 --> [v2:172.21.15.5:3300/0,v1:172.21.15.5:6789/0] -- mon_subscribe({osdmap=0}) -- 0x7f4f381a0e20 con 0x7f4f38106040
2024-09-11T22:12:54.153 INFO:teuthology.orchestra.run.smithi005.stdout:/usr/bin/ceph: stderr
2024-09-11T22:12:49.842+0000 7f4f2e7fc640 1 -- 172.21.15.5:0/2712607798 <== mon.0 v2:172.21.15.5:3300/0 4 ==== mgrmap(e 5) ==== 46287+0+0 (secure 0 0 0) 0x7f4f34045070 con 0x7f4f38106040
2024-09-11T22:12:54.153 INFO:teuthology.orchestra.run.smithi005.stdout:/usr/bin/ceph: stderr
2024-09-11T22:12:49.842+0000 7f4f2e7fc640 1 --2- 172.21.15.5:0/2712607798 >> [v2:172.21.15.5:6800/1194241380,v1:172.21.15.5:6801/1194241380] conn(0x7f4f24038f70 0x7f4f2403b430 unknown :-1 s=NONE pgs=0 cs=0 l=1 rev1=0 crypto rx=0 tx=0 comp rx=0 tx=0).connect
2024-09-11T22:12:54.153 INFO:teuthology.orchestra.run.smithi005.stdout:/usr/bin/ceph: stderr
2024-09-11T22:12:49.842+0000 7f4f2e7fc640 1 -- 172.21.15.5:0/2712607798 --> [v2:172.21.15.5:6800/1194241380,v1:172.21.15.5:6801/1194241380] -- command(tid 0: {"prefix": "get_command_descriptions"}) -- 0x7f4f2403bb40 con 0x7f4f24038f70
2024-09-11T22:12:54.153 INFO:teuthology.orchestra.run.smithi005.stdout:/usr/bin/ceph: stderr
2024-09-11T22:12:49.842+0000 7f4f2e7fc640 1 -- 172.21.15.5:0/2712607798 <== mon.0 v2:172.21.15.5:3300/0 5 ==== osd_map(1..1 src has 1..1) ==== 725+0+0 (secure 0 0 0) 0x7f4f3406c1c0 con 0x7f4f38106040
2024-09-11T22:12:54.153 INFO:teuthology.orchestra.run.smithi005.stdout:/usr/bin/ceph: stderr
2024-09-11T22:12:49.842+0000 7f4f3cab3640 1 -- 172.21.15.5:0/2712607798 >> [v2:172.21.15.5:6800/1194241380,v1:172.21.15.5:6801/1194241380] conn(0x7f4f24038f70 msgr2=0x7f4f2403b430 unknown :-1 s=STATE_CONNECTING_RE l=1).process reconnect failed to v2:172.21.15.5:6800/1194241380
2024-09-11T22:12:54.153 INFO:teuthology.orchestra.run.smithi005.stdout:/usr/bin/ceph: stderr
2024-09-11T22:12:49.842+0000 7f4f3cab3640 1 --2- 172.21.15.5:0/2712607798 >> [v2:172.21.15.5:6800/1194241380,v1:172.21.15.5:6801/1194241380] conn(0x7f4f24038f70 0x7f4f2403b430 unknown :-1 s=START_CONNECT pgs=0 cs=0 l=1 rev1=0 crypto rx=0 tx=0 comp rx=0 tx=0)._fault waiting 0.200000
2024-09-11T22:12:54.153 INFO:teuthology.orchestra.run.smithi005.stdout:/usr/bin/ceph: stderr
2024-09-11T22:12:50.043+0000 7f4f3cab3640 1 -- 172.21.15.5:0/2712607798 >> [v2:172.21.15.5:6800/1194241380,v1:172.21.15.5:6801/1194241380] conn(0x7f4f24038f70 msgr2=0x7f4f2403b430 unknown :-1 s=STATE_CONNECTING_RE l=1).process reconnect failed to v2:172.21.15.5:6800/1194241380
2024-09-11T22:12:54.153 INFO:teuthology.orchestra.run.smithi005.stdout:/usr/bin/ceph: stderr
2024-09-11T22:12:50.043+0000 7f4f3cab3640 1 --2- 172.21.15.5:0/2712607798 >> [v2:172.21.15.5:6800/1194241380,v1:172.21.15.5:6801/1194241380] conn(0x7f4f24038f70 0x7f4f2403b430 unknown :-1 s=START_CONNECT pgs=0 cs=0 l=1 rev1=0 crypto rx=0 tx=0 comp rx=0 tx=0)._fault waiting 0.400000
2024-09-11T22:12:54.153 INFO:teuthology.orchestra.run.smithi005.stdout:/usr/bin/ceph: stderr
2024-09-11T22:12:50.444+0000 7f4f3cab3640 1 -- 172.21.15.5:0/2712607798 >> [v2:172.21.15.5:6800/1194241380,v1:172.21.15.5:6801/1194241380] conn(0x7f4f24038f70 msgr2=0x7f4f2403b430 unknown :-1 s=STATE_CONNECTING_RE l=1).process reconnect failed to v2:172.21.15.5:6800/1194241380
2024-09-11T22:12:54.153 INFO:teuthology.orchestra.run.smithi005.stdout:/usr/bin/ceph: stderr
2024-09-11T22:12:50.444+0000 7f4f3cab3640 1 --2- 172.21.15.5:0/2712607798 >> [v2:172.21.15.5:6800/1194241380,v1:172.21.15.5:6801/1194241380] conn(0x7f4f24038f70 0x7f4f2403b430 unknown :-1 s=START_CONNECT pgs=0 cs=0 l=1 rev1=0 crypto rx=0 tx=0 comp rx=0 tx=0)._fault waiting 0.800000
2024-09-11T22:12:54.154 INFO:teuthology.orchestra.run.smithi005.stdout:/usr/bin/ceph: stderr
2024-09-11T22:12:51.245+0000 7f4f3cab3640 1 -- 172.21.15.5:0/2712607798 >> [v2:172.21.15.5:6800/1194241380,v1:172.21.15.5:6801/1194241380] conn(0x7f4f24038f70 msgr2=0x7f4f2403b430 unknown :-1 s=STATE_CONNECTING_RE l=1).process reconnect failed to v2:172.21.15.5:6800/1194241380
2024-09-11T22:12:54.154 INFO:teuthology.orchestra.run.smithi005.stdout:/usr/bin/ceph: stderr
2024-09-11T22:12:51.245+0000 7f4f3cab3640 1 --2- 172.21.15.5:0/2712607798 >> [v2:172.21.15.5:6800/1194241380,v1:172.21.15.5:6801/1194241380] conn(0x7f4f24038f70 0x7f4f2403b430 unknown :-1 s=START_CONNECT pgs=0 cs=0 l=1 rev1=0 crypto rx=0 tx=0 comp rx=0 tx=0)._fault waiting 1.600000
2024-09-11T22:12:54.154 INFO:teuthology.orchestra.run.smithi005.stdout:/usr/bin/ceph: stderr
2024-09-11T22:12:52.570+0000 7f4f2e7fc640 1 -- 172.21.15.5:0/2712607798 <== mon.0 v2:172.21.15.5:3300/0 6 ==== mgrmap(e 6) ==== 46054+0+0 (secure 0 0 0) 0x7f4f3406ac80 con 0x7f4f38106040
2024-09-11T22:12:54.154 INFO:teuthology.orchestra.run.smithi005.stdout:/usr/bin/ceph: stderr
2024-09-11T22:12:52.570+0000 7f4f2e7fc640 1 -- 172.21.15.5:0/2712607798 >> [v2:172.21.15.5:6800/1194241380,v1:172.21.15.5:6801/1194241380] conn(0x7f4f24038f70 msgr2=0x7f4f2403b430 unknown :-1 s=STATE_CONNECTING l=1).mark_down
2024-09-11T22:12:54.154 INFO:teuthology.orchestra.run.smithi005.stdout:/usr/bin/ceph: stderr
2024-09-11T22:12:52.570+0000 7f4f2e7fc640 1 --2- 172.21.15.5:0/2712607798 >> [v2:172.21.15.5:6800/1194241380,v1:172.21.15.5:6801/1194241380] conn(0x7f4f24038f70 0x7f4f2403b430 unknown :-1 s=START_CONNECT pgs=0 cs=0 l=1 rev1=0 crypto rx=0 tx=0 comp rx=0 tx=0).stop
2024-09-11T22:12:54.154 INFO:teuthology.orchestra.run.smithi005.stdout:/usr/bin/ceph: stderr
2024-09-11T22:12:53.570+0000 7f4f2e7fc640 1 -- 172.21.15.5:0/2712607798 <== mon.0 v2:172.21.15.5:3300/0 7 ==== mgrmap(e 7) ==== 46181+0+0 (secure 0 0 0) 0x7f4f3403cd00 con 0x7f4f38106040
2024-09-11T22:12:54.154 INFO:teuthology.orchestra.run.smithi005.stdout:/usr/bin/ceph: stderr
2024-09-11T22:12:53.570+0000 7f4f2e7fc640 1 --2- 172.21.15.5:0/2712607798 >> [v2:172.21.15.5:6800/3503484776,v1:172.21.15.5:6801/3503484776] conn(0x7f4f2403c8a0 0x7f4f2403ec90 unknown :-1 s=NONE pgs=0 cs=0 l=1 rev1=0 crypto rx=0 tx=0 comp rx=0 tx=0).connect
2024-09-11T22:12:54.154 INFO:teuthology.orchestra.run.smithi005.stdout:/usr/bin/ceph: stderr
2024-09-11T22:12:53.570+0000 7f4f2e7fc640 1 -- 172.21.15.5:0/2712607798 --> [v2:172.21.15.5:6800/3503484776,v1:172.21.15.5:6801/3503484776] -- command(tid 0: {"prefix": "get_command_descriptions"}) -- 0x7f4f34038e50 con 0x7f4f2403c8a0
2024-09-11T22:12:54.154 INFO:teuthology.orchestra.run.smithi005.stdout:/usr/bin/ceph: stderr
2024-09-11T22:12:53.571+0000 7f4f3cab3640 1 --2- 172.21.15.5:0/2712607798 >> [v2:172.21.15.5:6800/3503484776,v1:172.21.15.5:6801/3503484776] conn(0x7f4f2403c8a0 0x7f4f2403ec90 unknown :-1 s=BANNER_CONNECTING pgs=0 cs=0 l=1 rev1=0 crypto rx=0 tx=0 comp rx=0 tx=0)._handle_peer_banner_payload supported=3 required=0
2024-09-11T22:12:54.154 INFO:teuthology.orchestra.run.smithi005.stdout:/usr/bin/ceph: stderr
2024-09-11T22:12:53.571+0000 7f4f3cab3640 1 --2- 172.21.15.5:0/2712607798 >> [v2:172.21.15.5:6800/3503484776,v1:172.21.15.5:6801/3503484776] conn(0x7f4f2403c8a0 0x7f4f2403ec90 secure :-1 s=READY pgs=2 cs=0 l=1 rev1=1 crypto rx=0x7f4f28003980 tx=0x7f4f28006e10 comp rx=0 tx=0).ready entity=mgr.14116 client_cookie=0 server_cookie=0 in_seq=0 out_seq=0
2024-09-11T22:12:54.155 INFO:teuthology.orchestra.run.smithi005.stdout:/usr/bin/ceph: stderr
2024-09-11T22:12:53.572+0000 7f4f2e7fc640 1 -- 172.21.15.5:0/2712607798 <== mgr.14116 v2:172.21.15.5:6800/3503484776 1 ==== command_reply(tid 0: 0 ) ==== 8+0+9564 (secure 0 0 0) 0x7f4f34038e50 con 0x7f4f2403c8a0
2024-09-11T22:12:54.155 INFO:teuthology.orchestra.run.smithi005.stdout:/usr/bin/ceph: stderr
2024-09-11T22:12:53.579+0000 7f4f3f518640 1 -- 172.21.15.5:0/2712607798 --> [v2:172.21.15.5:6800/3503484776,v1:172.21.15.5:6801/3503484776] -- command(tid 1: {"prefix": "mgr_status"}) -- 0x7f4f38106440 con 0x7f4f2403c8a0
2024-09-11T22:12:54.155 INFO:teuthology.orchestra.run.smithi005.stdout:/usr/bin/ceph: stderr
2024-09-11T22:12:53.579+0000 7f4f2e7fc640 1 -- 172.21.15.5:0/2712607798 <== mgr.14116 v2:172.21.15.5:6800/3503484776 2 ==== command_reply(tid 1: 0 ) ==== 8+0+51 (secure 0 0 0) 0x7f4f38106440 con 0x7f4f2403c8a0
2024-09-11T22:12:54.155 INFO:teuthology.orchestra.run.smithi005.stdout:/usr/bin/ceph: stderr
2024-09-11T22:12:53.579+0000 7f4f3f518640 1 -- 172.21.15.5:0/2712607798 >> [v2:172.21.15.5:6800/3503484776,v1:172.21.15.5:6801/3503484776] conn(0x7f4f2403c8a0 msgr2=0x7f4f2403ec90 secure :-1 s=STATE_CONNECTION_ESTABLISHED l=1).mark_down
2024-09-11T22:12:54.155 INFO:teuthology.orchestra.run.smithi005.stdout:/usr/bin/ceph: stderr
2024-09-11T22:12:53.579+0000 7f4f3f518640 1 --2- 172.21.15.5:0/2712607798 >> [v2:172.21.15.5:6800/3503484776,v1:172.21.15.5:6801/3503484776] conn(0x7f4f2403c8a0 0x7f4f2403ec90 secure :-1 s=READY pgs=2 cs=0 l=1 rev1=1 crypto rx=0x7f4f28003980 tx=0x7f4f28006e10 comp rx=0 tx=0).stop
2024-09-11T22:12:54.155 INFO:teuthology.orchestra.run.smithi005.stdout:/usr/bin/ceph: stderr
2024-09-11T22:12:53.579+0000 7f4f3f518640 1 -- 172.21.15.5:0/2712607798 >> [v2:172.21.15.5:3300/0,v1:172.21.15.5:6789/0] conn(0x7f4f38106040 msgr2=0x7f4f3819d960 secure :-1 s=STATE_CONNECTION_ESTABLISHED l=1).mark_down
2024-09-11T22:12:54.155 INFO:teuthology.orchestra.run.smithi005.stdout:/usr/bin/ceph: stderr
2024-09-11T22:12:53.579+0000 7f4f3f518640 1 --2- 172.21.15.5:0/2712607798 >> [v2:172.21.15.5:3300/0,v1:172.21.15.5:6789/0] conn(0x7f4f38106040 0x7f4f3819d960 secure :-1 s=READY pgs=25 cs=0 l=1 rev1=1 crypto rx=0x7f4f34032ce0 tx=0x7f4f34032d10 comp rx=0 tx=0).stop
2024-09-11T22:12:54.155 INFO:teuthology.orchestra.run.smithi005.stdout:/usr/bin/ceph: stderr
2024-09-11T22:12:53.579+0000 7f4f3f518640 1 -- 172.21.15.5:0/2712607798 shutdown_connections
2024-09-11T22:12:54.155 INFO:teuthology.orchestra.run.smithi005.stdout:/usr/bin/ceph: stderr
2024-09-11T22:12:53.579+0000 7f4f3f518640 1 --2- 172.21.15.5:0/2712607798 >> [v2:172.21.15.5:6800/3503484776,v1:172.21.15.5:6801/3503484776] conn(0x7f4f2403c8a0 0x7f4f2403ec90 unknown :-1 s=CLOSED pgs=2 cs=0 l=1 rev1=1 crypto rx=0 tx=0 comp rx=0 tx=0).stop
2024-09-11T22:12:54.155 INFO:teuthology.orchestra.run.smithi005.stdout:/usr/bin/ceph: stderr
2024-09-11T22:12:53.579+0000 7f4f3f518640 1 --2- 172.21.15.5:0/2712607798 >> [v2:172.21.15.5:6800/1194241380,v1:172.21.15.5:6801/1194241380] conn(0x7f4f24038f70 0x7f4f2403b430 unknown :-1 s=CLOSED pgs=0 cs=0 l=1 rev1=0 crypto rx=0 tx=0 comp rx=0 tx=0).stop
2024-09-11T22:12:54.156 INFO:teuthology.orchestra.run.smithi005.stdout:/usr/bin/ceph: stderr
2024-09-11T22:12:53.579+0000 7f4f3f518640 1 --2- 172.21.15.5:0/2712607798 >> [v2:172.21.15.5:3300/0,v1:172.21.15.5:6789/0] conn(0x7f4f38106040 0x7f4f3819d960 unknown :-1 s=CLOSED pgs=25 cs=0 l=1 rev1=1 crypto rx=0 tx=0 comp rx=0 tx=0).stop
2024-09-11T22:12:54.156 INFO:teuthology.orchestra.run.smithi005.stdout:/usr/bin/ceph: stderr
2024-09-11T22:12:53.579+0000 7f4f3f518640 1 -- 172.21.15.5:0/2712607798 >> 172.21.15.5:0/2712607798 conn(0x7f4f38101e50 msgr2=0x7f4f38191c50 unknown :-1 s=STATE_NONE l=0).mark_down
2024-09-11T22:12:54.156 INFO:teuthology.orchestra.run.smithi005.stdout:/usr/bin/ceph: stderr
2024-09-11T22:12:53.580+0000 7f4f3f518640 1 -- 172.21.15.5:0/2712607798 shutdown_connections
2024-09-11T22:12:54.156 INFO:teuthology.orchestra.run.smithi005.stdout:/usr/bin/ceph: stderr
2024-09-11T22:12:53.580+0000 7f4f3f518640 1 -- 172.21.15.5:0/2712607798 wait complete.
2024-09-11T22:12:54.156 INFO:teuthology.orchestra.run.smithi005.stdout:mgr epoch 5 is available
2024-09-11T22:12:54.156 INFO:teuthology.orchestra.run.smithi005.stdout:Setting orchestrator backend to cephadm...
2024-09-11T22:12:54.750 INFO:journalctl@ceph.mon.a.smithi005.stdout:Sep 11 22:12:54 smithi005 ceph-mon[30943]: Found migration_current of "None". Setting to last migration.
2024-09-11T22:12:54.751 INFO:journalctl@ceph.mon.a.smithi005.stdout:Sep 11 22:12:54 smithi005 ceph-mon[30943]: from='client.14120 -' entity='client.admin' cmd=[{"prefix": "get_command_descriptions"}]: dispatch
2024-09-11T22:12:54.751 INFO:journalctl@ceph.mon.a.smithi005.stdout:Sep 11 22:12:54 smithi005 ceph-mon[30943]: mgrmap e7: x(active, since 1.00529s)
2024-09-11T22:12:54.751 INFO:journalctl@ceph.mon.a.smithi005.stdout:Sep 11 22:12:54 smithi005 ceph-mon[30943]: from='mgr.14116 172.21.15.5:0/3140049375' entity='mgr.x'
2024-09-11T22:12:54.751 INFO:journalctl@ceph.mon.a.smithi005.stdout:Sep 11 22:12:54 smithi005 ceph-mon[30943]: from='mgr.14116 172.21.15.5:0/3140049375' entity='mgr.x'
2024-09-11T22:12:55.275 INFO:teuthology.orchestra.run.smithi005.stdout:/usr/bin/ceph: stderr
2024-09-11T22:12:54.543+0000 7f4e0f6ed640 1 Processor -- start
2024-09-11T22:12:55.275 INFO:teuthology.orchestra.run.smithi005.stdout:/usr/bin/ceph: stderr
2024-09-11T22:12:54.544+0000 7f4e0f6ed640 1 -- start start
2024-09-11T22:12:55.275 INFO:teuthology.orchestra.run.smithi005.stdout:/usr/bin/ceph: stderr
2024-09-11T22:12:54.544+0000 7f4e0f6ed640 1 --2- >> [v2:172.21.15.5:3300/0,v1:172.21.15.5:6789/0] conn(0x7f4e08106600 0x7f4e08106a00 unknown :-1 s=NONE pgs=0 cs=0 l=0 rev1=0 crypto rx=0 tx=0 comp rx=0 tx=0).connect
2024-09-11T22:12:55.276 INFO:teuthology.orchestra.run.smithi005.stdout:/usr/bin/ceph: stderr
2024-09-11T22:12:54.544+0000 7f4e0f6ed640 1 -- --> [v2:172.21.15.5:3300/0,v1:172.21.15.5:6789/0] -- mon_getmap magic: 0 -- 0x7f4e08106fd0 con 0x7f4e08106600
2024-09-11T22:12:55.276 INFO:teuthology.orchestra.run.smithi005.stdout:/usr/bin/ceph: stderr
2024-09-11T22:12:54.544+0000 7f4e0d489640 1 --2- >> [v2:172.21.15.5:3300/0,v1:172.21.15.5:6789/0] conn(0x7f4e08106600 0x7f4e08106a00 unknown :-1 s=BANNER_CONNECTING pgs=0 cs=0 l=0 rev1=0 crypto rx=0 tx=0 comp rx=0 tx=0)._handle_peer_banner_payload supported=3 required=0
2024-09-11T22:12:55.276 INFO:teuthology.orchestra.run.smithi005.stdout:/usr/bin/ceph: stderr
2024-09-11T22:12:54.544+0000 7f4e0d489640 1 --2- >> [v2:172.21.15.5:3300/0,v1:172.21.15.5:6789/0] conn(0x7f4e08106600 0x7f4e08106a00 unknown :-1 s=HELLO_CONNECTING pgs=0 cs=0 l=0 rev1=1 crypto rx=0 tx=0 comp rx=0 tx=0).handle_hello peer v2:172.21.15.5:3300/0 says I am v2:172.21.15.5:54606/0 (socket says 172.21.15.5:54606)
2024-09-11T22:12:55.276 INFO:teuthology.orchestra.run.smithi005.stdout:/usr/bin/ceph: stderr
2024-09-11T22:12:54.544+0000 7f4e0d489640 1 -- 172.21.15.5:0/1909611501 learned_addr learned my addr 172.21.15.5:0/1909611501 (peer_addr_for_me v2:172.21.15.5:0/0)
2024-09-11T22:12:55.276 INFO:teuthology.orchestra.run.smithi005.stdout:/usr/bin/ceph: stderr
2024-09-11T22:12:54.544+0000 7f4e0d489640 1 -- 172.21.15.5:0/1909611501 --> [v2:172.21.15.5:3300/0,v1:172.21.15.5:6789/0] -- mon_subscribe({config=0+,monmap=0+}) -- 0x7f4e08107800 con 0x7f4e08106600
2024-09-11T22:12:55.276 INFO:teuthology.orchestra.run.smithi005.stdout:/usr/bin/ceph: stderr
2024-09-11T22:12:54.545+0000 7f4e0d489640 1 --2- 172.21.15.5:0/1909611501 >> [v2:172.21.15.5:3300/0,v1:172.21.15.5:6789/0] conn(0x7f4e08106600 0x7f4e08106a00 secure :-1 s=READY pgs=33 cs=0 l=1 rev1=1 crypto rx=0x7f4e04009820 tx=0x7f4e0402a270 comp rx=0 tx=0).ready entity=mon.0 client_cookie=b3471cf0b66075c0 server_cookie=0 in_seq=0 out_seq=0
2024-09-11T22:12:55.276 INFO:teuthology.orchestra.run.smithi005.stdout:/usr/bin/ceph: stderr
2024-09-11T22:12:54.545+0000 7f4dfffff640 1 -- 172.21.15.5:0/1909611501 <== mon.0 v2:172.21.15.5:3300/0 1 ==== mon_map magic: 0 ==== 205+0+0 (secure 0 0 0) 0x7f4e04037070 con 0x7f4e08106600
2024-09-11T22:12:55.276 INFO:teuthology.orchestra.run.smithi005.stdout:/usr/bin/ceph: stderr
2024-09-11T22:12:54.545+0000 7f4dfffff640 1 -- 172.21.15.5:0/1909611501 <== mon.0 v2:172.21.15.5:3300/0 2 ==== config(27 keys) ==== 1109+0+0 (secure 0 0 0) 0x7f4e04032900 con 0x7f4e08106600
2024-09-11T22:12:55.276 INFO:teuthology.orchestra.run.smithi005.stdout:/usr/bin/ceph: stderr
2024-09-11T22:12:54.545+0000 7f4dfffff640 1 -- 172.21.15.5:0/1909611501 <== mon.0 v2:172.21.15.5:3300/0 3 ==== mon_map magic: 0 ==== 205+0+0 (secure 0 0 0) 0x7f4e04030850 con 0x7f4e08106600
2024-09-11T22:12:55.276 INFO:teuthology.orchestra.run.smithi005.stdout:/usr/bin/ceph: stderr
2024-09-11T22:12:54.546+0000 7f4e0f6ed640 1 -- 172.21.15.5:0/1909611501 >> [v2:172.21.15.5:3300/0,v1:172.21.15.5:6789/0] conn(0x7f4e08106600 msgr2=0x7f4e08106a00 secure :-1 s=STATE_CONNECTION_ESTABLISHED l=1).mark_down
2024-09-11T22:12:55.276 INFO:teuthology.orchestra.run.smithi005.stdout:/usr/bin/ceph: stderr
2024-09-11T22:12:54.546+0000 7f4e0f6ed640 1 --2- 172.21.15.5:0/1909611501 >> [v2:172.21.15.5:3300/0,v1:172.21.15.5:6789/0] conn(0x7f4e08106600 0x7f4e08106a00 secure :-1 s=READY pgs=33 cs=0 l=1 rev1=1 crypto rx=0x7f4e04009820 tx=0x7f4e0402a270 comp rx=0 tx=0).stop
2024-09-11T22:12:55.276 INFO:teuthology.orchestra.run.smithi005.stdout:/usr/bin/ceph: stderr
2024-09-11T22:12:54.546+0000 7f4e0f6ed640 1 -- 172.21.15.5:0/1909611501 shutdown_connections
2024-09-11T22:12:55.277 INFO:teuthology.orchestra.run.smithi005.stdout:/usr/bin/ceph: stderr
2024-09-11T22:12:54.546+0000 7f4e0f6ed640 1 --2- 172.21.15.5:0/1909611501 >> [v2:172.21.15.5:3300/0,v1:172.21.15.5:6789/0] conn(0x7f4e08106600 0x7f4e08106a00 unknown :-1 s=CLOSED pgs=33 cs=0 l=1 rev1=1 crypto rx=0 tx=0 comp rx=0 tx=0).stop
2024-09-11T22:12:55.277 INFO:teuthology.orchestra.run.smithi005.stdout:/usr/bin/ceph: stderr
2024-09-11T22:12:54.546+0000 7f4e0f6ed640 1 -- 172.21.15.5:0/1909611501 >> 172.21.15.5:0/1909611501 conn(0x7f4e08101db0 msgr2=0x7f4e081041d0 unknown :-1 s=STATE_NONE l=0).mark_down
2024-09-11T22:12:55.277 INFO:teuthology.orchestra.run.smithi005.stdout:/usr/bin/ceph: stderr
2024-09-11T22:12:54.546+0000 7f4e0f6ed640 1 -- 172.21.15.5:0/1909611501 shutdown_connections
2024-09-11T22:12:55.277 INFO:teuthology.orchestra.run.smithi005.stdout:/usr/bin/ceph: stderr
2024-09-11T22:12:54.546+0000 7f4e0f6ed640 1 -- 172.21.15.5:0/1909611501 wait complete.
2024-09-11T22:12:55.277 INFO:teuthology.orchestra.run.smithi005.stdout:/usr/bin/ceph: stderr
2024-09-11T22:12:54.546+0000 7f4e0f6ed640 1 Processor -- start
2024-09-11T22:12:55.277 INFO:teuthology.orchestra.run.smithi005.stdout:/usr/bin/ceph: stderr
2024-09-11T22:12:54.547+0000 7f4e0f6ed640 1 -- start start
2024-09-11T22:12:55.277 INFO:teuthology.orchestra.run.smithi005.stdout:/usr/bin/ceph: stderr
2024-09-11T22:12:54.547+0000 7f4e0f6ed640 1 --2- >> [v2:172.21.15.5:3300/0,v1:172.21.15.5:6789/0] conn(0x7f4e08106600 0x7f4e0819b820 unknown :-1 s=NONE pgs=0 cs=0 l=1 rev1=0 crypto rx=0 tx=0 comp rx=0 tx=0).connect
2024-09-11T22:12:55.277 INFO:teuthology.orchestra.run.smithi005.stdout:/usr/bin/ceph: stderr
2024-09-11T22:12:54.547+0000 7f4e0f6ed640 1 -- --> [v2:172.21.15.5:3300/0,v1:172.21.15.5:6789/0] -- mon_getmap magic: 0 -- 0x7f4e0810abb0 con 0x7f4e08106600
2024-09-11T22:12:55.277 INFO:teuthology.orchestra.run.smithi005.stdout:/usr/bin/ceph: stderr
2024-09-11T22:12:54.547+0000 7f4e0d489640 1 --2- >> [v2:172.21.15.5:3300/0,v1:172.21.15.5:6789/0] conn(0x7f4e08106600 0x7f4e0819b820 unknown :-1 s=BANNER_CONNECTING pgs=0 cs=0 l=1 rev1=0 crypto rx=0 tx=0 comp rx=0 tx=0)._handle_peer_banner_payload supported=3 required=0
2024-09-11T22:12:55.277 INFO:teuthology.orchestra.run.smithi005.stdout:/usr/bin/ceph: stderr
2024-09-11T22:12:54.547+0000 7f4e0d489640 1 --2- >> [v2:172.21.15.5:3300/0,v1:172.21.15.5:6789/0] conn(0x7f4e08106600 0x7f4e0819b820 unknown :-1 s=HELLO_CONNECTING pgs=0 cs=0 l=1 rev1=1 crypto rx=0 tx=0 comp rx=0 tx=0).handle_hello peer v2:172.21.15.5:3300/0 says I am v2:172.21.15.5:54612/0 (socket says 172.21.15.5:54612)
2024-09-11T22:12:55.277 INFO:teuthology.orchestra.run.smithi005.stdout:/usr/bin/ceph: stderr
2024-09-11T22:12:54.547+0000 7f4e0d489640 1 -- 172.21.15.5:0/1985118422 learned_addr learned my addr 172.21.15.5:0/1985118422 (peer_addr_for_me v2:172.21.15.5:0/0)
2024-09-11T22:12:55.280 INFO:teuthology.orchestra.run.smithi005.stdout:/usr/bin/ceph: stderr
2024-09-11T22:12:54.547+0000 7f4e0d489640 1 -- 172.21.15.5:0/1985118422 --> [v2:172.21.15.5:3300/0,v1:172.21.15.5:6789/0] -- mon_subscribe({config=0+,monmap=0+}) -- 0x7f4e0819bd60 con 0x7f4e08106600
2024-09-11T22:12:55.280 INFO:teuthology.orchestra.run.smithi005.stdout:/usr/bin/ceph: stderr
2024-09-11T22:12:54.547+0000 7f4e0d489640 1 --2- 172.21.15.5:0/1985118422 >> [v2:172.21.15.5:3300/0,v1:172.21.15.5:6789/0] conn(0x7f4e08106600 0x7f4e0819b820 secure :-1 s=READY pgs=34 cs=0 l=1 rev1=1 crypto rx=0x7f4e040097f0 tx=0x7f4e04030ec0 comp rx=0 tx=0).ready entity=mon.0 client_cookie=0 server_cookie=0 in_seq=0 out_seq=0
2024-09-11T22:12:55.280 INFO:teuthology.orchestra.run.smithi005.stdout:/usr/bin/ceph: stderr
2024-09-11T22:12:54.547+0000 7f4dfe7fc640 1 -- 172.21.15.5:0/1985118422 <== mon.0 v2:172.21.15.5:3300/0 1 ==== mon_map magic: 0 ==== 205+0+0 (secure 0 0 0) 0x7f4e04042070 con 0x7f4e08106600
2024-09-11T22:12:55.280 INFO:teuthology.orchestra.run.smithi005.stdout:/usr/bin/ceph: stderr
2024-09-11T22:12:54.547+0000 7f4dfe7fc640 1 -- 172.21.15.5:0/1985118422 <== mon.0 v2:172.21.15.5:3300/0 2 ==== config(27 keys) ==== 1109+0+0 (secure 0 0 0) 0x7f4e04032ca0 con 0x7f4e08106600
2024-09-11T22:12:55.281 INFO:teuthology.orchestra.run.smithi005.stdout:/usr/bin/ceph: stderr
2024-09-11T22:12:54.547+0000 7f4e0f6ed640 1 -- 172.21.15.5:0/1985118422 --> [v2:172.21.15.5:3300/0,v1:172.21.15.5:6789/0] -- mon_subscribe({mgrmap=0+}) -- 0x7f4e0819bff0 con 0x7f4e08106600
2024-09-11T22:12:55.281 INFO:teuthology.orchestra.run.smithi005.stdout:/usr/bin/ceph: stderr
2024-09-11T22:12:54.547+0000 7f4dfe7fc640 1 -- 172.21.15.5:0/1985118422 <== mon.0 v2:172.21.15.5:3300/0 3 ==== mon_map magic: 0 ==== 205+0+0 (secure 0 0 0) 0x7f4e04037040 con 0x7f4e08106600
2024-09-11T22:12:55.281 INFO:teuthology.orchestra.run.smithi005.stdout:/usr/bin/ceph: stderr
2024-09-11T22:12:54.548+0000 7f4e0f6ed640 1 -- 172.21.15.5:0/1985118422 --> [v2:172.21.15.5:3300/0,v1:172.21.15.5:6789/0] -- mon_subscribe({osdmap=0}) -- 0x7f4e0819ece0 con 0x7f4e08106600
2024-09-11T22:12:55.281 INFO:teuthology.orchestra.run.smithi005.stdout:/usr/bin/ceph: stderr
2024-09-11T22:12:54.549+0000 7f4e0f6ed640 1 -- 172.21.15.5:0/1985118422 --> [v2:172.21.15.5:3300/0,v1:172.21.15.5:6789/0] -- mon_command({"prefix": "get_command_descriptions"} v 0) -- 0x7f4e0810ad30 con 0x7f4e08106600
2024-09-11T22:12:55.281 INFO:teuthology.orchestra.run.smithi005.stdout:/usr/bin/ceph: stderr
2024-09-11T22:12:54.549+0000 7f4dfe7fc640 1 -- 172.21.15.5:0/1985118422 <== mon.0 v2:172.21.15.5:3300/0 4 ==== mgrmap(e 7) ==== 46181+0+0 (secure 0 0 0) 0x7f4e04045070 con 0x7f4e08106600
2024-09-11T22:12:55.281 INFO:teuthology.orchestra.run.smithi005.stdout:/usr/bin/ceph: stderr
2024-09-11T22:12:54.549+0000 7f4dfe7fc640 1 --2- 172.21.15.5:0/1985118422 >> [v2:172.21.15.5:6800/3503484776,v1:172.21.15.5:6801/3503484776] conn(0x7f4df4038e60 0x7f4df403b320 unknown :-1 s=NONE pgs=0 cs=0 l=1 rev1=0 crypto rx=0 tx=0 comp rx=0 tx=0).connect
2024-09-11T22:12:55.281 INFO:teuthology.orchestra.run.smithi005.stdout:/usr/bin/ceph: stderr
2024-09-11T22:12:54.549+0000 7f4dfe7fc640 1 -- 172.21.15.5:0/1985118422 <== mon.0 v2:172.21.15.5:3300/0 5 ==== osd_map(2..2 src has 1..2) ==== 940+0+0 (secure 0 0 0) 0x7f4e0406bd70 con 0x7f4e08106600
2024-09-11T22:12:55.281 INFO:teuthology.orchestra.run.smithi005.stdout:/usr/bin/ceph: stderr
