2024-09-11T22:21:01.860 INFO:teuthology.orchestra.run.smithi040.stdout:/usr/bin/ceph: stderr
2024-09-11T22:21:01.183+0000 7fbad7000640 1 --2- 172.21.15.40:0/4026146701 >> [v2:172.21.15.40:6800/3905506167,v1:172.21.15.40:6801/3905506167] conn(0x7fbab4038fc0 0x7fbab403b480 unknown :-1 s=CLOSED pgs=8 cs=0 l=1 rev1=1 crypto rx=0 tx=0 comp rx=0 tx=0).stop
2024-09-11T22:21:01.861 INFO:teuthology.orchestra.run.smithi040.stdout:/usr/bin/ceph: stderr
2024-09-11T22:21:01.183+0000 7fbad7000640 1 --2- 172.21.15.40:0/4026146701 >> [v2:172.21.15.40:3300/0,v1:172.21.15.40:6789/0] conn(0x7fbad01097d0 0x7fbad019d810 unknown :-1 s=CLOSED pgs=71 cs=0 l=1 rev1=1 crypto rx=0 tx=0 comp rx=0 tx=0).stop
2024-09-11T22:21:01.861 INFO:teuthology.orchestra.run.smithi040.stdout:/usr/bin/ceph: stderr
2024-09-11T22:21:01.183+0000 7fbad7000640 1 -- 172.21.15.40:0/4026146701 >> 172.21.15.40:0/4026146701 conn(0x7fbad007cde0 msgr2=0x7fbad0107490 unknown :-1 s=STATE_NONE l=0).mark_down
2024-09-11T22:21:01.861 INFO:teuthology.orchestra.run.smithi040.stdout:/usr/bin/ceph: stderr
2024-09-11T22:21:01.183+0000 7fbad7000640 1 -- 172.21.15.40:0/4026146701 shutdown_connections
2024-09-11T22:21:01.861 INFO:teuthology.orchestra.run.smithi040.stdout:/usr/bin/ceph: stderr
2024-09-11T22:21:01.183+0000 7fbad7000640 1 -- 172.21.15.40:0/4026146701 wait complete.
2024-09-11T22:21:01.861 INFO:teuthology.orchestra.run.smithi040.stdout:Fetching dashboard port number...
2024-09-11T22:21:02.118 INFO:journalctl@ceph.mon.a.smithi040.stdout:Sep 11 22:21:01 smithi040 ceph-mon[30787]: from='mgr.14150 172.21.15.40:0/3896259093' entity='mgr.x'
2024-09-11T22:21:02.118 INFO:journalctl@ceph.mon.a.smithi040.stdout:Sep 11 22:21:01 smithi040 ceph-mon[30787]: from='client.14164 -' entity='client.admin' cmd=[{"prefix": "dashboard ac-user-create", "username": "admin", "rolename": "administrator", "force_password": true, "pwd_update_required": true, "target": ["mon-mgr", ""]}]: dispatch
2024-09-11T22:21:02.118 INFO:journalctl@ceph.mon.a.smithi040.stdout:Sep 11 22:21:01 smithi040 ceph-mon[30787]: from='mgr.14150 172.21.15.40:0/3896259093' entity='mgr.x'
2024-09-11T22:21:03.234 INFO:journalctl@ceph.mon.a.smithi040.stdout:Sep 11 22:21:02 smithi040 ceph-mon[30787]: from='client.? 172.21.15.40:0/3459079431' entity='client.admin' cmd=[{"prefix": "config get", "who": "mgr", "key": "mgr/dashboard/ssl_server_port"}]: dispatch
2024-09-11T22:21:03.567 INFO:teuthology.orchestra.run.smithi040.stdout:/usr/bin/ceph: stdout 8443
2024-09-11T22:21:03.567 INFO:teuthology.orchestra.run.smithi040.stdout:/usr/bin/ceph: stderr
2024-09-11T22:21:02.560+0000 7f56e5400640 1 Processor -- start
2024-09-11T22:21:03.568 INFO:teuthology.orchestra.run.smithi040.stdout:/usr/bin/ceph: stderr
2024-09-11T22:21:02.560+0000 7f56e5400640 1 -- start start
2024-09-11T22:21:03.568 INFO:teuthology.orchestra.run.smithi040.stdout:/usr/bin/ceph: stderr
2024-09-11T22:21:02.561+0000 7f56e5400640 1 --2- >> [v2:172.21.15.40:3300/0,v1:172.21.15.40:6789/0] conn(0x7f56e007de80 0x7f56e007c2e0 unknown :-1 s=NONE pgs=0 cs=0 l=0 rev1=0 crypto rx=0 tx=0 comp rx=0 tx=0).connect
2024-09-11T22:21:03.568 INFO:teuthology.orchestra.run.smithi040.stdout:/usr/bin/ceph: stderr
2024-09-11T22:21:02.561+0000 7f56e5400640 1 -- --> [v2:172.21.15.40:3300/0,v1:172.21.15.40:6789/0] -- mon_getmap magic: 0 -- 0x7f56e007c8b0 con 0x7f56e007de80
2024-09-11T22:21:03.568 INFO:teuthology.orchestra.run.smithi040.stdout:/usr/bin/ceph: stderr
2024-09-11T22:21:02.561+0000 7f56de800640 1 --2- >> [v2:172.21.15.40:3300/0,v1:172.21.15.40:6789/0] conn(0x7f56e007de80 0x7f56e007c2e0 unknown :-1 s=BANNER_CONNECTING pgs=0 cs=0 l=0 rev1=0 crypto rx=0 tx=0 comp rx=0 tx=0)._handle_peer_banner_payload supported=3 required=0
2024-09-11T22:21:03.568 INFO:teuthology.orchestra.run.smithi040.stdout:/usr/bin/ceph: stderr
2024-09-11T22:21:02.561+0000 7f56de800640 1 --2- >> [v2:172.21.15.40:3300/0,v1:172.21.15.40:6789/0] conn(0x7f56e007de80 0x7f56e007c2e0 unknown :-1 s=HELLO_CONNECTING pgs=0 cs=0 l=0 rev1=1 crypto rx=0 tx=0 comp rx=0 tx=0).handle_hello peer v2:172.21.15.40:3300/0 says I am v2:172.21.15.40:43222/0 (socket says 172.21.15.40:43222)
2024-09-11T22:21:03.568 INFO:teuthology.orchestra.run.smithi040.stdout:/usr/bin/ceph: stderr
2024-09-11T22:21:02.561+0000 7f56de800640 1 -- 172.21.15.40:0/2337987088 learned_addr learned my addr 172.21.15.40:0/2337987088 (peer_addr_for_me v2:172.21.15.40:0/0)
2024-09-11T22:21:03.568 INFO:teuthology.orchestra.run.smithi040.stdout:/usr/bin/ceph: stderr
2024-09-11T22:21:02.561+0000 7f56de800640 1 -- 172.21.15.40:0/2337987088 --> [v2:172.21.15.40:3300/0,v1:172.21.15.40:6789/0] -- mon_subscribe({config=0+,monmap=0+}) -- 0x7f56e007ca30 con 0x7f56e007de80
2024-09-11T22:21:03.568 INFO:teuthology.orchestra.run.smithi040.stdout:/usr/bin/ceph: stderr
2024-09-11T22:21:02.562+0000 7f56de800640 1 --2- 172.21.15.40:0/2337987088 >> [v2:172.21.15.40:3300/0,v1:172.21.15.40:6789/0] conn(0x7f56e007de80 0x7f56e007c2e0 secure :-1 s=READY pgs=72 cs=0 l=1 rev1=1 crypto rx=0x7f56d0009820 tx=0x7f56d002a270 comp rx=0 tx=0).ready entity=mon.0 client_cookie=52e32daa360ace68 server_cookie=0 in_seq=0 out_seq=0
2024-09-11T22:21:03.568 INFO:teuthology.orchestra.run.smithi040.stdout:/usr/bin/ceph: stderr
2024-09-11T22:21:02.563+0000 7f56dd400640 1 -- 172.21.15.40:0/2337987088 <== mon.0 v2:172.21.15.40:3300/0 1 ==== mon_map magic: 0 ==== 205+0+0 (secure 0 0 0) 0x7f56d0037070 con 0x7f56e007de80
2024-09-11T22:21:03.568 INFO:teuthology.orchestra.run.smithi040.stdout:/usr/bin/ceph: stderr
2024-09-11T22:21:02.563+0000 7f56dd400640 1 -- 172.21.15.40:0/2337987088 <== mon.0 v2:172.21.15.40:3300/0 2 ==== config(27 keys) ==== 1140+0+0 (secure 0 0 0) 0x7f56d0032920 con 0x7f56e007de80
2024-09-11T22:21:03.569 INFO:teuthology.orchestra.run.smithi040.stdout:/usr/bin/ceph: stderr
2024-09-11T22:21:02.563+0000 7f56dd400640 1 -- 172.21.15.40:0/2337987088 <== mon.0 v2:172.21.15.40:3300/0 3 ==== mon_map magic: 0 ==== 205+0+0 (secure 0 0 0) 0x7f56d0030810 con 0x7f56e007de80
2024-09-11T22:21:03.569 INFO:teuthology.orchestra.run.smithi040.stdout:/usr/bin/ceph: stderr
2024-09-11T22:21:02.563+0000 7f56e5400640 1 -- 172.21.15.40:0/2337987088 >> [v2:172.21.15.40:3300/0,v1:172.21.15.40:6789/0] conn(0x7f56e007de80 msgr2=0x7f56e007c2e0 secure :-1 s=STATE_CONNECTION_ESTABLISHED l=1).mark_down
2024-09-11T22:21:03.569 INFO:teuthology.orchestra.run.smithi040.stdout:/usr/bin/ceph: stderr
2024-09-11T22:21:02.563+0000 7f56e5400640 1 --2- 172.21.15.40:0/2337987088 >> [v2:172.21.15.40:3300/0,v1:172.21.15.40:6789/0] conn(0x7f56e007de80 0x7f56e007c2e0 secure :-1 s=READY pgs=72 cs=0 l=1 rev1=1 crypto rx=0x7f56d0009820 tx=0x7f56d002a270 comp rx=0 tx=0).stop
2024-09-11T22:21:03.569 INFO:teuthology.orchestra.run.smithi040.stdout:/usr/bin/ceph: stderr
2024-09-11T22:21:02.563+0000 7f56e5400640 1 -- 172.21.15.40:0/2337987088 shutdown_connections
2024-09-11T22:21:03.569 INFO:teuthology.orchestra.run.smithi040.stdout:/usr/bin/ceph: stderr
2024-09-11T22:21:02.563+0000 7f56e5400640 1 --2- 172.21.15.40:0/2337987088 >> [v2:172.21.15.40:3300/0,v1:172.21.15.40:6789/0] conn(0x7f56e007de80 0x7f56e007c2e0 unknown :-1 s=CLOSED pgs=72 cs=0 l=1 rev1=1 crypto rx=0 tx=0 comp rx=0 tx=0).stop
2024-09-11T22:21:03.569 INFO:teuthology.orchestra.run.smithi040.stdout:/usr/bin/ceph: stderr
2024-09-11T22:21:02.563+0000 7f56e5400640 1 -- 172.21.15.40:0/2337987088 >> 172.21.15.40:0/2337987088 conn(0x7f56e0102d10 msgr2=0x7f56e0105190 unknown :-1 s=STATE_NONE l=0).mark_down
2024-09-11T22:21:03.569 INFO:teuthology.orchestra.run.smithi040.stdout:/usr/bin/ceph: stderr
2024-09-11T22:21:02.564+0000 7f56e5400640 1 -- 172.21.15.40:0/2337987088 shutdown_connections
2024-09-11T22:21:03.569 INFO:teuthology.orchestra.run.smithi040.stdout:/usr/bin/ceph: stderr
2024-09-11T22:21:02.564+0000 7f56e5400640 1 -- 172.21.15.40:0/2337987088 wait complete.
2024-09-11T22:21:03.569 INFO:teuthology.orchestra.run.smithi040.stdout:/usr/bin/ceph: stderr
2024-09-11T22:21:02.565+0000 7f56e5400640 1 Processor -- start
2024-09-11T22:21:03.569 INFO:teuthology.orchestra.run.smithi040.stdout:/usr/bin/ceph: stderr
2024-09-11T22:21:02.565+0000 7f56e5400640 1 -- start start
2024-09-11T22:21:03.569 INFO:teuthology.orchestra.run.smithi040.stdout:/usr/bin/ceph: stderr
2024-09-11T22:21:02.565+0000 7f56e5400640 1 --2- >> [v2:172.21.15.40:3300/0,v1:172.21.15.40:6789/0] conn(0x7f56e007de80 0x7f56e01a1c50 unknown :-1 s=NONE pgs=0 cs=0 l=1 rev1=0 crypto rx=0 tx=0 comp rx=0 tx=0).connect
2024-09-11T22:21:03.570 INFO:teuthology.orchestra.run.smithi040.stdout:/usr/bin/ceph: stderr
2024-09-11T22:21:02.565+0000 7f56e5400640 1 -- --> [v2:172.21.15.40:3300/0,v1:172.21.15.40:6789/0] -- mon_getmap magic: 0 -- 0x7f56e0109840 con 0x7f56e007de80
2024-09-11T22:21:03.570 INFO:teuthology.orchestra.run.smithi040.stdout:/usr/bin/ceph: stderr
2024-09-11T22:21:02.565+0000 7f56de800640 1 --2- >> [v2:172.21.15.40:3300/0,v1:172.21.15.40:6789/0] conn(0x7f56e007de80 0x7f56e01a1c50 unknown :-1 s=BANNER_CONNECTING pgs=0 cs=0 l=1 rev1=0 crypto rx=0 tx=0 comp rx=0 tx=0)._handle_peer_banner_payload supported=3 required=0
2024-09-11T22:21:03.570 INFO:teuthology.orchestra.run.smithi040.stdout:/usr/bin/ceph: stderr
2024-09-11T22:21:02.565+0000 7f56de800640 1 --2- >> [v2:172.21.15.40:3300/0,v1:172.21.15.40:6789/0] conn(0x7f56e007de80 0x7f56e01a1c50 unknown :-1 s=HELLO_CONNECTING pgs=0 cs=0 l=1 rev1=1 crypto rx=0 tx=0 comp rx=0 tx=0).handle_hello peer v2:172.21.15.40:3300/0 says I am v2:172.21.15.40:43234/0 (socket says 172.21.15.40:43234)
2024-09-11T22:21:03.570 INFO:teuthology.orchestra.run.smithi040.stdout:/usr/bin/ceph: stderr
2024-09-11T22:21:02.565+0000 7f56de800640 1 -- 172.21.15.40:0/3459079431 learned_addr learned my addr 172.21.15.40:0/3459079431 (peer_addr_for_me v2:172.21.15.40:0/0)
2024-09-11T22:21:03.570 INFO:teuthology.orchestra.run.smithi040.stdout:/usr/bin/ceph: stderr
2024-09-11T22:21:02.565+0000 7f56de800640 1 -- 172.21.15.40:0/3459079431 --> [v2:172.21.15.40:3300/0,v1:172.21.15.40:6789/0] -- mon_subscribe({config=0+,monmap=0+}) -- 0x7f56e01a2190 con 0x7f56e007de80
2024-09-11T22:21:03.570 INFO:teuthology.orchestra.run.smithi040.stdout:/usr/bin/ceph: stderr
2024-09-11T22:21:02.566+0000 7f56de800640 1 --2- 172.21.15.40:0/3459079431 >> [v2:172.21.15.40:3300/0,v1:172.21.15.40:6789/0] conn(0x7f56e007de80 0x7f56e01a1c50 secure :-1 s=READY pgs=73 cs=0 l=1 rev1=1 crypto rx=0x7f56d00097f0 tx=0x7f56d00327b0 comp rx=0 tx=0).ready entity=mon.0 client_cookie=0 server_cookie=0 in_seq=0 out_seq=0
2024-09-11T22:21:03.570 INFO:teuthology.orchestra.run.smithi040.stdout:/usr/bin/ceph: stderr
2024-09-11T22:21:02.566+0000 7f56d7400640 1 -- 172.21.15.40:0/3459079431 <== mon.0 v2:172.21.15.40:3300/0 1 ==== mon_map magic: 0 ==== 205+0+0 (secure 0 0 0) 0x7f56d0037040 con 0x7f56e007de80
2024-09-11T22:21:03.570 INFO:teuthology.orchestra.run.smithi040.stdout:/usr/bin/ceph: stderr
2024-09-11T22:21:02.566+0000 7f56d7400640 1 -- 172.21.15.40:0/3459079431 <== mon.0 v2:172.21.15.40:3300/0 2 ==== config(27 keys) ==== 1140+0+0 (secure 0 0 0) 0x7f56d0030c40 con 0x7f56e007de80
2024-09-11T22:21:03.570 INFO:teuthology.orchestra.run.smithi040.stdout:/usr/bin/ceph: stderr
2024-09-11T22:21:02.566+0000 7f56d7400640 1 -- 172.21.15.40:0/3459079431 <== mon.0 v2:172.21.15.40:3300/0 3 ==== mon_map magic: 0 ==== 205+0+0 (secure 0 0 0) 0x7f56d003a5b0 con 0x7f56e007de80
2024-09-11T22:21:03.570 INFO:teuthology.orchestra.run.smithi040.stdout:/usr/bin/ceph: stderr
2024-09-11T22:21:02.566+0000 7f56e5400640 1 -- 172.21.15.40:0/3459079431 --> [v2:172.21.15.40:3300/0,v1:172.21.15.40:6789/0] -- mon_subscribe({mgrmap=0+}) -- 0x7f56e01a2420 con 0x7f56e007de80
2024-09-11T22:21:03.570 INFO:teuthology.orchestra.run.smithi040.stdout:/usr/bin/ceph: stderr
2024-09-11T22:21:02.566+0000 7f56e5400640 1 -- 172.21.15.40:0/3459079431 --> [v2:172.21.15.40:3300/0,v1:172.21.15.40:6789/0] -- mon_subscribe({osdmap=0}) -- 0x7f56e01a5110 con 0x7f56e007de80
2024-09-11T22:21:03.570 INFO:teuthology.orchestra.run.smithi040.stdout:/usr/bin/ceph: stderr
2024-09-11T22:21:02.567+0000 7f56d7400640 1 -- 172.21.15.40:0/3459079431 <== mon.0 v2:172.21.15.40:3300/0 4 ==== mgrmap(e 12) ==== 46300+0+0 (secure 0 0 0) 0x7f56d003a7a0 con 0x7f56e007de80
2024-09-11T22:21:03.571 INFO:teuthology.orchestra.run.smithi040.stdout:/usr/bin/ceph: stderr
2024-09-11T22:21:02.567+0000 7f56e5400640 1 -- 172.21.15.40:0/3459079431 --> [v2:172.21.15.40:3300/0,v1:172.21.15.40:6789/0] -- mon_command({"prefix": "get_command_descriptions"} v 0) -- 0x7f56e007c360 con 0x7f56e007de80
2024-09-11T22:21:03.571 INFO:teuthology.orchestra.run.smithi040.stdout:/usr/bin/ceph: stderr
2024-09-11T22:21:02.568+0000 7f56d7400640 1 --2- 172.21.15.40:0/3459079431 >> [v2:172.21.15.40:6800/3905506167,v1:172.21.15.40:6801/3905506167] conn(0x7f56c4039020 0x7f56c403b4e0 unknown :-1 s=NONE pgs=0 cs=0 l=1 rev1=0 crypto rx=0 tx=0 comp rx=0 tx=0).connect
2024-09-11T22:21:03.571 INFO:teuthology.orchestra.run.smithi040.stdout:/usr/bin/ceph: stderr
2024-09-11T22:21:02.568+0000 7f56d7400640 1 -- 172.21.15.40:0/3459079431 <== mon.0 v2:172.21.15.40:3300/0 5 ==== osd_map(3..3 src has 1..3) ==== 1155+0+0 (secure 0 0 0) 0x7f56d006c4e0 con 0x7f56e007de80
2024-09-11T22:21:03.571 INFO:teuthology.orchestra.run.smithi040.stdout:/usr/bin/ceph: stderr
2024-09-11T22:21:02.568+0000 7f56dde00640 1 --2- 172.21.15.40:0/3459079431 >> [v2:172.21.15.40:6800/3905506167,v1:172.21.15.40:6801/3905506167] conn(0x7f56c4039020 0x7f56c403b4e0 unknown :-1 s=BANNER_CONNECTING pgs=0 cs=0 l=1 rev1=0 crypto rx=0 tx=0 comp rx=0 tx=0)._handle_peer_banner_payload supported=3 required=0
2024-09-11T22:21:03.571 INFO:teuthology.orchestra.run.smithi040.stdout:/usr/bin/ceph: stderr
2024-09-11T22:21:02.569+0000 7f56dde00640 1 --2- 172.21.15.40:0/3459079431 >> [v2:172.21.15.40:6800/3905506167,v1:172.21.15.40:6801/3905506167] conn(0x7f56c4039020 0x7f56c403b4e0 secure :-1 s=READY pgs=9 cs=0 l=1 rev1=1 crypto rx=0x7f56cc0098c0 tx=0x7f56cc006db0 comp rx=0 tx=0).ready entity=mgr.14150 client_cookie=0 server_cookie=0 in_seq=0 out_seq=0
2024-09-11T22:21:03.571 INFO:teuthology.orchestra.run.smithi040.stdout:/usr/bin/ceph: stderr
2024-09-11T22:21:02.574+0000 7f56d7400640 1 -- 172.21.15.40:0/3459079431 <== mon.0 v2:172.21.15.40:3300/0 6 ==== mon_command_ack([{"prefix": "get_command_descriptions"}]=0 v0) ==== 72+0+188821 (secure 0 0 0) 0x7f56d00371e0 con 0x7f56e007de80
2024-09-11T22:21:03.571 INFO:teuthology.orchestra.run.smithi040.stdout:/usr/bin/ceph: stderr
2024-09-11T22:21:02.764+0000 7f56e5400640 1 -- 172.21.15.40:0/3459079431 --> [v2:172.21.15.40:3300/0,v1:172.21.15.40:6789/0] -- mon_command({"prefix": "config get", "who": "mgr", "key": "mgr/dashboard/ssl_server_port"} v 0) -- 0x7f56e002d9a0 con 0x7f56e007de80
2024-09-11T22:21:03.571 INFO:teuthology.orchestra.run.smithi040.stdout:/usr/bin/ceph: stderr
2024-09-11T22:21:02.764+0000 7f56d7400640 1 -- 172.21.15.40:0/3459079431 <== mon.0 v2:172.21.15.40:3300/0 7 ==== mon_command_ack([{"prefix": "config get", "who": "mgr", "key": "mgr/dashboard/ssl_server_port"}]=0 v8) ==== 112+0+5 (secure 0 0 0) 0x7f56d003b3f0 con 0x7f56e007de80
2024-09-11T22:21:03.571 INFO:teuthology.orchestra.run.smithi040.stdout:/usr/bin/ceph: stderr
2024-09-11T22:21:02.767+0000 7f56e5400640 1 -- 172.21.15.40:0/3459079431 >> [v2:172.21.15.40:6800/3905506167,v1:172.21.15.40:6801/3905506167] conn(0x7f56c4039020 msgr2=0x7f56c403b4e0 secure :-1 s=STATE_CONNECTION_ESTABLISHED l=1).mark_down
2024-09-11T22:21:03.571 INFO:teuthology.orchestra.run.smithi040.stdout:/usr/bin/ceph: stderr
2024-09-11T22:21:02.767+0000 7f56e5400640 1 --2- 172.21.15.40:0/3459079431 >> [v2:172.21.15.40:6800/3905506167,v1:172.21.15.40:6801/3905506167] conn(0x7f56c4039020 0x7f56c403b4e0 secure :-1 s=READY pgs=9 cs=0 l=1 rev1=1 crypto rx=0x7f56cc0098c0 tx=0x7f56cc006db0 comp rx=0 tx=0).stop
2024-09-11T22:21:03.571 INFO:teuthology.orchestra.run.smithi040.stdout:/usr/bin/ceph: stderr
2024-09-11T22:21:02.767+0000 7f56e5400640 1 -- 172.21.15.40:0/3459079431 >> [v2:172.21.15.40:3300/0,v1:172.21.15.40:6789/0] conn(0x7f56e007de80 msgr2=0x7f56e01a1c50 secure :-1 s=STATE_CONNECTION_ESTABLISHED l=1).mark_down
2024-09-11T22:21:03.572 INFO:teuthology.orchestra.run.smithi040.stdout:/usr/bin/ceph: stderr
2024-09-11T22:21:02.767+0000 7f56e5400640 1 --2- 172.21.15.40:0/3459079431 >> [v2:172.21.15.40:3300/0,v1:172.21.15.40:6789/0] conn(0x7f56e007de80 0x7f56e01a1c50 secure :-1 s=READY pgs=73 cs=0 l=1 rev1=1 crypto rx=0x7f56d00097f0 tx=0x7f56d00327b0 comp rx=0 tx=0).stop
2024-09-11T22:21:03.572 INFO:teuthology.orchestra.run.smithi040.stdout:/usr/bin/ceph: stderr
2024-09-11T22:21:02.767+0000 7f56e5400640 1 -- 172.21.15.40:0/3459079431 shutdown_connections
2024-09-11T22:21:03.572 INFO:teuthology.orchestra.run.smithi040.stdout:/usr/bin/ceph: stderr
2024-09-11T22:21:02.767+0000 7f56e5400640 1 --2- 172.21.15.40:0/3459079431 >> [v2:172.21.15.40:6800/3905506167,v1:172.21.15.40:6801/3905506167] conn(0x7f56c4039020 0x7f56c403b4e0 unknown :-1 s=CLOSED pgs=9 cs=0 l=1 rev1=1 crypto rx=0 tx=0 comp rx=0 tx=0).stop
2024-09-11T22:21:03.572 INFO:teuthology.orchestra.run.smithi040.stdout:/usr/bin/ceph: stderr
2024-09-11T22:21:02.767+0000 7f56e5400640 1 --2- 172.21.15.40:0/3459079431 >> [v2:172.21.15.40:3300/0,v1:172.21.15.40:6789/0] conn(0x7f56e007de80 0x7f56e01a1c50 unknown :-1 s=CLOSED pgs=73 cs=0 l=1 rev1=1 crypto rx=0 tx=0 comp rx=0 tx=0).stop
2024-09-11T22:21:03.572 INFO:teuthology.orchestra.run.smithi040.stdout:/usr/bin/ceph: stderr
2024-09-11T22:21:02.767+0000 7f56e5400640 1 -- 172.21.15.40:0/3459079431 >> 172.21.15.40:0/3459079431 conn(0x7f56e0102d10 msgr2=0x7f56e01988b0 unknown :-1 s=STATE_NONE l=0).mark_down
2024-09-11T22:21:03.572 INFO:teuthology.orchestra.run.smithi040.stdout:/usr/bin/ceph: stderr
2024-09-11T22:21:02.767+0000 7f56e5400640 1 -- 172.21.15.40:0/3459079431 shutdown_connections
2024-09-11T22:21:03.572 INFO:teuthology.orchestra.run.smithi040.stdout:/usr/bin/ceph: stderr
2024-09-11T22:21:02.767+0000 7f56e5400640 1 -- 172.21.15.40:0/3459079431 wait complete.
2024-09-11T22:21:03.581 INFO:teuthology.orchestra.run.smithi040.stdout:Non-zero exit code 1 from systemctl is-enabled firewalld.service
2024-09-11T22:21:03.581 INFO:teuthology.orchestra.run.smithi040.stdout:systemctl: stdout disabled
2024-09-11T22:21:03.594 INFO:teuthology.orchestra.run.smithi040.stdout:Non-zero exit code 3 from systemctl is-active firewalld.service
2024-09-11T22:21:03.595 INFO:teuthology.orchestra.run.smithi040.stdout:systemctl: stdout inactive
2024-09-11T22:21:03.595 INFO:teuthology.orchestra.run.smithi040.stdout:firewalld.service is not enabled
2024-09-11T22:21:03.595 INFO:teuthology.orchestra.run.smithi040.stdout:Not possible to open ports <[8443]>. firewalld.service is not available
2024-09-11T22:21:03.597 INFO:teuthology.orchestra.run.smithi040.stdout:Ceph Dashboard is now available at:
2024-09-11T22:21:03.597 INFO:teuthology.orchestra.run.smithi040.stdout:
2024-09-11T22:21:03.597 INFO:teuthology.orchestra.run.smithi040.stdout: URL: https://smithi040.front.sepia.ceph.com:8443/
2024-09-11T22:21:03.597 INFO:teuthology.orchestra.run.smithi040.stdout: User: admin
2024-09-11T22:21:03.597 INFO:teuthology.orchestra.run.smithi040.stdout: Password: pc8urgh8kv
2024-09-11T22:21:03.597 INFO:teuthology.orchestra.run.smithi040.stdout:
2024-09-11T22:21:03.598 INFO:teuthology.orchestra.run.smithi040.stdout:Saving cluster configuration to /var/lib/ceph/c836ee3e-708b-11ef-bcea-c7b262605968/config directory
2024-09-11T22:21:04.125 INFO:journalctl@ceph.mon.a.smithi040.stdout:Sep 11 22:21:03 smithi040 ceph-mon[30787]: mgrmap e13: x(active, since 6s)
2024-09-11T22:21:05.417 INFO:teuthology.orchestra.run.smithi040.stdout:/usr/bin/ceph: stderr
2024-09-11T22:21:04.571+0000 7f4ffb200640 1 Processor -- start
2024-09-11T22:21:05.417 INFO:teuthology.orchestra.run.smithi040.stdout:/usr/bin/ceph: stderr
2024-09-11T22:21:04.571+0000 7f4ffb200640 1 -- start start
2024-09-11T22:21:05.417 INFO:teuthology.orchestra.run.smithi040.stdout:/usr/bin/ceph: stderr
2024-09-11T22:21:04.571+0000 7f4ffb200640 1 --2- >> [v2:172.21.15.40:3300/0,v1:172.21.15.40:6789/0] conn(0x7f4ffc07de00 0x7f4ffc07c260 unknown :-1 s=NONE pgs=0 cs=0 l=0 rev1=0 crypto rx=0 tx=0 comp rx=0 tx=0).connect
2024-09-11T22:21:05.417 INFO:teuthology.orchestra.run.smithi040.stdout:/usr/bin/ceph: stderr
2024-09-11T22:21:04.571+0000 7f4ffb200640 1 -- --> [v2:172.21.15.40:3300/0,v1:172.21.15.40:6789/0] -- mon_getmap magic: 0 -- 0x7f4ffc07c7a0 con 0x7f4ffc07de00
2024-09-11T22:21:05.417 INFO:teuthology.orchestra.run.smithi040.stdout:/usr/bin/ceph: stderr
2024-09-11T22:21:04.571+0000 7f4ff9e00640 1 --2- >> [v2:172.21.15.40:3300/0,v1:172.21.15.40:6789/0] conn(0x7f4ffc07de00 0x7f4ffc07c260 unknown :-1 s=BANNER_CONNECTING pgs=0 cs=0 l=0 rev1=0 crypto rx=0 tx=0 comp rx=0 tx=0)._handle_peer_banner_payload supported=3 required=0
2024-09-11T22:21:05.417 INFO:teuthology.orchestra.run.smithi040.stdout:/usr/bin/ceph: stderr
2024-09-11T22:21:04.572+0000 7f4ff9e00640 1 --2- >> [v2:172.21.15.40:3300/0,v1:172.21.15.40:6789/0] conn(0x7f4ffc07de00 0x7f4ffc07c260 unknown :-1 s=HELLO_CONNECTING pgs=0 cs=0 l=0 rev1=1 crypto rx=0 tx=0 comp rx=0 tx=0).handle_hello peer v2:172.21.15.40:3300/0 says I am v2:172.21.15.40:43248/0 (socket says 172.21.15.40:43248)
2024-09-11T22:21:05.417 INFO:teuthology.orchestra.run.smithi040.stdout:/usr/bin/ceph: stderr
2024-09-11T22:21:04.572+0000 7f4ff9e00640 1 -- 172.21.15.40:0/2606115531 learned_addr learned my addr 172.21.15.40:0/2606115531 (peer_addr_for_me v2:172.21.15.40:0/0)
2024-09-11T22:21:05.418 INFO:teuthology.orchestra.run.smithi040.stdout:/usr/bin/ceph: stderr
2024-09-11T22:21:04.572+0000 7f4ff9e00640 1 -- 172.21.15.40:0/2606115531 --> [v2:172.21.15.40:3300/0,v1:172.21.15.40:6789/0] -- mon_subscribe({config=0+,monmap=0+}) -- 0x7f4ffc07c920 con 0x7f4ffc07de00
2024-09-11T22:21:05.418 INFO:teuthology.orchestra.run.smithi040.stdout:/usr/bin/ceph: stderr
2024-09-11T22:21:04.573+0000 7f4ff9e00640 1 --2- 172.21.15.40:0/2606115531 >> [v2:172.21.15.40:3300/0,v1:172.21.15.40:6789/0] conn(0x7f4ffc07de00 0x7f4ffc07c260 secure :-1 s=READY pgs=74 cs=0 l=1 rev1=1 crypto rx=0x7f4fec009820 tx=0x7f4fec02a270 comp rx=0 tx=0).ready entity=mon.0 client_cookie=b2107a71e76e7ecb server_cookie=0 in_seq=0 out_seq=0
2024-09-11T22:21:05.418 INFO:teuthology.orchestra.run.smithi040.stdout:/usr/bin/ceph: stderr
2024-09-11T22:21:04.573+0000 7f4ff9400640 1 -- 172.21.15.40:0/2606115531 <== mon.0 v2:172.21.15.40:3300/0 1 ==== mon_map magic: 0 ==== 205+0+0 (secure 0 0 0) 0x7f4fec037070 con 0x7f4ffc07de00
2024-09-11T22:21:05.418 INFO:teuthology.orchestra.run.smithi040.stdout:/usr/bin/ceph: stderr
2024-09-11T22:21:04.573+0000 7f4ff9400640 1 -- 172.21.15.40:0/2606115531 <== mon.0 v2:172.21.15.40:3300/0 2 ==== config(27 keys) ==== 1140+0+0 (secure 0 0 0) 0x7f4fec032920 con 0x7f4ffc07de00
2024-09-11T22:21:05.418 INFO:teuthology.orchestra.run.smithi040.stdout:/usr/bin/ceph: stderr
2024-09-11T22:21:04.573+0000 7f4ff9400640 1 -- 172.21.15.40:0/2606115531 <== mon.0 v2:172.21.15.40:3300/0 3 ==== mon_map magic: 0 ==== 205+0+0 (secure 0 0 0) 0x7f4fec030810 con 0x7f4ffc07de00
2024-09-11T22:21:05.418 INFO:teuthology.orchestra.run.smithi040.stdout:/usr/bin/ceph: stderr
2024-09-11T22:21:04.574+0000 7f4ffb200640 1 -- 172.21.15.40:0/2606115531 >> [v2:172.21.15.40:3300/0,v1:172.21.15.40:6789/0] conn(0x7f4ffc07de00 msgr2=0x7f4ffc07c260 secure :-1 s=STATE_CONNECTION_ESTABLISHED l=1).mark_down
2024-09-11T22:21:05.418 INFO:teuthology.orchestra.run.smithi040.stdout:/usr/bin/ceph: stderr
2024-09-11T22:21:04.574+0000 7f4ffb200640 1 --2- 172.21.15.40:0/2606115531 >> [v2:172.21.15.40:3300/0,v1:172.21.15.40:6789/0] conn(0x7f4ffc07de00 0x7f4ffc07c260 secure :-1 s=READY pgs=74 cs=0 l=1 rev1=1 crypto rx=0x7f4fec009820 tx=0x7f4fec02a270 comp rx=0 tx=0).stop
2024-09-11T22:21:05.418 INFO:teuthology.orchestra.run.smithi040.stdout:/usr/bin/ceph: stderr
2024-09-11T22:21:04.574+0000 7f4ffb200640 1 -- 172.21.15.40:0/2606115531 shutdown_connections
2024-09-11T22:21:05.418 INFO:teuthology.orchestra.run.smithi040.stdout:/usr/bin/ceph: stderr
2024-09-11T22:21:04.574+0000 7f4ffb200640 1 --2- 172.21.15.40:0/2606115531 >> [v2:172.21.15.40:3300/0,v1:172.21.15.40:6789/0] conn(0x7f4ffc07de00 0x7f4ffc07c260 unknown :-1 s=CLOSED pgs=74 cs=0 l=1 rev1=1 crypto rx=0 tx=0 comp rx=0 tx=0).stop
2024-09-11T22:21:05.418 INFO:teuthology.orchestra.run.smithi040.stdout:/usr/bin/ceph: stderr
2024-09-11T22:21:04.574+0000 7f4ffb200640 1 -- 172.21.15.40:0/2606115531 >> 172.21.15.40:0/2606115531 conn(0x7f4ffc102c10 msgr2=0x7f4ffc105030 unknown :-1 s=STATE_NONE l=0).mark_down
2024-09-11T22:21:05.418 INFO:teuthology.orchestra.run.smithi040.stdout:/usr/bin/ceph: stderr
2024-09-11T22:21:04.574+0000 7f4ffb200640 1 -- 172.21.15.40:0/2606115531 shutdown_connections
2024-09-11T22:21:05.419 INFO:teuthology.orchestra.run.smithi040.stdout:/usr/bin/ceph: stderr
2024-09-11T22:21:04.574+0000 7f4ffb200640 1 -- 172.21.15.40:0/2606115531 wait complete.
2024-09-11T22:21:05.419 INFO:teuthology.orchestra.run.smithi040.stdout:/usr/bin/ceph: stderr
2024-09-11T22:21:04.575+0000 7f4ffb200640 1 Processor -- start
2024-09-11T22:21:05.419 INFO:teuthology.orchestra.run.smithi040.stdout:/usr/bin/ceph: stderr
2024-09-11T22:21:04.575+0000 7f4ffb200640 1 -- start start
2024-09-11T22:21:05.419 INFO:teuthology.orchestra.run.smithi040.stdout:/usr/bin/ceph: stderr
2024-09-11T22:21:04.575+0000 7f4ffb200640 1 --2- >> [v2:172.21.15.40:3300/0,v1:172.21.15.40:6789/0] conn(0x7f4ffc07de00 0x7f4ffc19d5e0 unknown :-1 s=NONE pgs=0 cs=0 l=1 rev1=0 crypto rx=0 tx=0 comp rx=0 tx=0).connect
2024-09-11T22:21:05.419 INFO:teuthology.orchestra.run.smithi040.stdout:/usr/bin/ceph: stderr
2024-09-11T22:21:04.575+0000 7f4ffb200640 1 -- --> [v2:172.21.15.40:3300/0,v1:172.21.15.40:6789/0] -- mon_getmap magic: 0 -- 0x7f4ffc10da50 con 0x7f4ffc07de00
2024-09-11T22:21:05.419 INFO:teuthology.orchestra.run.smithi040.stdout:/usr/bin/ceph: stderr
2024-09-11T22:21:04.576+0000 7f4ff9e00640 1 --2- >> [v2:172.21.15.40:3300/0,v1:172.21.15.40:6789/0] conn(0x7f4ffc07de00 0x7f4ffc19d5e0 unknown :-1 s=BANNER_CONNECTING pgs=0 cs=0 l=1 rev1=0 crypto rx=0 tx=0 comp rx=0 tx=0)._handle_peer_banner_payload supported=3 required=0
2024-09-11T22:21:05.419 INFO:teuthology.orchestra.run.smithi040.stdout:/usr/bin/ceph: stderr
2024-09-11T22:21:04.576+0000 7f4ff9e00640 1 --2- >> [v2:172.21.15.40:3300/0,v1:172.21.15.40:6789/0] conn(0x7f4ffc07de00 0x7f4ffc19d5e0 unknown :-1 s=HELLO_CONNECTING pgs=0 cs=0 l=1 rev1=1 crypto rx=0 tx=0 comp rx=0 tx=0).handle_hello peer v2:172.21.15.40:3300/0 says I am v2:172.21.15.40:43258/0 (socket says 172.21.15.40:43258)
2024-09-11T22:21:05.419 INFO:teuthology.orchestra.run.smithi040.stdout:/usr/bin/ceph: stderr
2024-09-11T22:21:04.576+0000 7f4ff9e00640 1 -- 172.21.15.40:0/406943545 learned_addr learned my addr 172.21.15.40:0/406943545 (peer_addr_for_me v2:172.21.15.40:0/0)
2024-09-11T22:21:05.419 INFO:teuthology.orchestra.run.smithi040.stdout:/usr/bin/ceph: stderr
2024-09-11T22:21:04.576+0000 7f4ff9e00640 1 -- 172.21.15.40:0/406943545 --> [v2:172.21.15.40:3300/0,v1:172.21.15.40:6789/0] -- mon_subscribe({config=0+,monmap=0+}) -- 0x7f4ffc19db20 con 0x7f4ffc07de00
2024-09-11T22:21:05.419 INFO:teuthology.orchestra.run.smithi040.stdout:/usr/bin/ceph: stderr
2024-09-11T22:21:04.576+0000 7f4ff9e00640 1 --2- 172.21.15.40:0/406943545 >> [v2:172.21.15.40:3300/0,v1:172.21.15.40:6789/0] conn(0x7f4ffc07de00 0x7f4ffc19d5e0 secure :-1 s=READY pgs=75 cs=0 l=1 rev1=1 crypto rx=0x7f4fec0097f0 tx=0x7f4fec0327b0 comp rx=0 tx=0).ready entity=mon.0 client_cookie=0 server_cookie=0 in_seq=0 out_seq=0
2024-09-11T22:21:05.419 INFO:teuthology.orchestra.run.smithi040.stdout:/usr/bin/ceph: stderr
2024-09-11T22:21:04.576+0000 7f4ff3400640 1 -- 172.21.15.40:0/406943545 <== mon.0 v2:172.21.15.40:3300/0 1 ==== mon_map magic: 0 ==== 205+0+0 (secure 0 0 0) 0x7f4fec037040 con 0x7f4ffc07de00
2024-09-11T22:21:05.419 INFO:teuthology.orchestra.run.smithi040.stdout:/usr/bin/ceph: stderr
2024-09-11T22:21:04.577+0000 7f4ff3400640 1 -- 172.21.15.40:0/406943545 <== mon.0 v2:172.21.15.40:3300/0 2 ==== config(27 keys) ==== 1140+0+0 (secure 0 0 0) 0x7f4fec030cc0 con 0x7f4ffc07de00
2024-09-11T22:21:05.419 INFO:teuthology.orchestra.run.smithi040.stdout:/usr/bin/ceph: stderr
2024-09-11T22:21:04.577+0000 7f4ffb200640 1 -- 172.21.15.40:0/406943545 --> [v2:172.21.15.40:3300/0,v1:172.21.15.40:6789/0] -- mon_subscribe({mgrmap=0+}) -- 0x7f4ffc19ddb0 con 0x7f4ffc07de00
2024-09-11T22:21:05.420 INFO:teuthology.orchestra.run.smithi040.stdout:/usr/bin/ceph: stderr
2024-09-11T22:21:04.577+0000 7f4ff3400640 1 -- 172.21.15.40:0/406943545 <== mon.0 v2:172.21.15.40:3300/0 3 ==== mon_map magic: 0 ==== 205+0+0 (secure 0 0 0) 0x7f4fec03a6b0 con 0x7f4ffc07de00
2024-09-11T22:21:05.420 INFO:teuthology.orchestra.run.smithi040.stdout:/usr/bin/ceph: stderr
2024-09-11T22:21:04.577+0000 7f4ffb200640 1 -- 172.21.15.40:0/406943545 --> [v2:172.21.15.40:3300/0,v1:172.21.15.40:6789/0] -- mon_subscribe({osdmap=0}) -- 0x7f4ffc1a0aa0 con 0x7f4ffc07de00
2024-09-11T22:21:05.420 INFO:teuthology.orchestra.run.smithi040.stdout:/usr/bin/ceph: stderr
2024-09-11T22:21:04.578+0000 7f4ff3400640 1 -- 172.21.15.40:0/406943545 <== mon.0 v2:172.21.15.40:3300/0 4 ==== mgrmap(e 13) ==== 46343+0+0 (secure 0 0 0) 0x7f4fec03b3f0 con 0x7f4ffc07de00
2024-09-11T22:21:05.420 INFO:teuthology.orchestra.run.smithi040.stdout:/usr/bin/ceph: stderr
2024-09-11T22:21:04.578+0000 7f4febe00640 1 -- 172.21.15.40:0/406943545 --> [v2:172.21.15.40:3300/0,v1:172.21.15.40:6789/0] -- mon_command({"prefix": "get_command_descriptions"} v 0) -- 0x7f4fd4005290 con 0x7f4ffc07de00
2024-09-11T22:21:05.420 INFO:teuthology.orchestra.run.smithi040.stdout:/usr/bin/ceph: stderr
2024-09-11T22:21:04.578+0000 7f4ff3400640 1 --2- 172.21.15.40:0/406943545 >> [v2:172.21.15.40:6800/3905506167,v1:172.21.15.40:6801/3905506167] conn(0x7f4fe00390c0 0x7f4fe003b580 unknown :-1 s=NONE pgs=0 cs=0 l=1 rev1=0 crypto rx=0 tx=0 comp rx=0 tx=0).connect
2024-09-11T22:21:05.420 INFO:teuthology.orchestra.run.smithi040.stdout:/usr/bin/ceph: stderr
2024-09-11T22:21:04.579+0000 7f4ff3400640 1 -- 172.21.15.40:0/406943545 <== mon.0 v2:172.21.15.40:3300/0 5 ==== osd_map(3..3 src has 1..3) ==== 1155+0+0 (secure 0 0 0) 0x7f4fec06c6c0 con 0x7f4ffc07de00
2024-09-11T22:21:05.420 INFO:teuthology.orchestra.run.smithi040.stdout:/usr/bin/ceph: stderr
2024-09-11T22:21:04.579+0000 7f4ff1400640 1 --2- 172.21.15.40:0/406943545 >> [v2:172.21.15.40:6800/3905506167,v1:172.21.15.40:6801/3905506167] conn(0x7f4fe00390c0 0x7f4fe003b580 unknown :-1 s=BANNER_CONNECTING pgs=0 cs=0 l=1 rev1=0 crypto rx=0 tx=0 comp rx=0 tx=0)._handle_peer_banner_payload supported=3 required=0
2024-09-11T22:21:05.420 INFO:teuthology.orchestra.run.smithi040.stdout:/usr/bin/ceph: stderr
2024-09-11T22:21:04.579+0000 7f4ff1400640 1 --2- 172.21.15.40:0/406943545 >> [v2:172.21.15.40:6800/3905506167,v1:172.21.15.40:6801/3905506167] conn(0x7f4fe00390c0 0x7f4fe003b580 secure :-1 s=READY pgs=10 cs=0 l=1 rev1=1 crypto rx=0x7f4fe40098c0 tx=0x7f4fe4006db0 comp rx=0 tx=0).ready entity=mgr.14150 client_cookie=0 server_cookie=0 in_seq=0 out_seq=0
2024-09-11T22:21:05.420 INFO:teuthology.orchestra.run.smithi040.stdout:/usr/bin/ceph: stderr
2024-09-11T22:21:04.583+0000 7f4ff3400640 1 -- 172.21.15.40:0/406943545 <== mon.0 v2:172.21.15.40:3300/0 6 ==== mon_command_ack([{"prefix": "get_command_descriptions"}]=0 v0) ==== 72+0+188821 (secure 0 0 0) 0x7f4fec03b6e0 con 0x7f4ffc07de00
2024-09-11T22:21:05.420 INFO:teuthology.orchestra.run.smithi040.stdout:/usr/bin/ceph: stderr
2024-09-11T22:21:04.858+0000 7f4febe00640 1 -- 172.21.15.40:0/406943545 --> [v2:172.21.15.40:3300/0,v1:172.21.15.40:6789/0] -- mon_command([{prefix=config-key set, key=mgr/dashboard/cluster/status}] v 0) -- 0x7f4fd4005580 con 0x7f4ffc07de00
2024-09-11T22:21:05.420 INFO:teuthology.orchestra.run.smithi040.stdout:/usr/bin/ceph: stderr
2024-09-11T22:21:04.860+0000 7f4ff3400640 1 -- 172.21.15.40:0/406943545 <== mon.0 v2:172.21.15.40:3300/0 7 ==== mon_command_ack([{prefix=config-key set, key=mgr/dashboard/cluster/status}]=0 set mgr/dashboard/cluster/status v27)=0 set mgr/dashboard/cluster/status v27) ==== 153+0+0 (secure 0 0 0) 0x7f4fec03ad70 con 0x7f4ffc07de00
2024-09-11T22:21:05.420 INFO:teuthology.orchestra.run.smithi040.stdout:/usr/bin/ceph: stderr set mgr/dashboard/cluster/status
2024-09-11T22:21:05.420 INFO:teuthology.orchestra.run.smithi040.stdout:/usr/bin/ceph: stderr
2024-09-11T22:21:04.862+0000 7f4febe00640 1 -- 172.21.15.40:0/406943545 >> [v2:172.21.15.40:6800/3905506167,v1:172.21.15.40:6801/3905506167] conn(0x7f4fe00390c0 msgr2=0x7f4fe003b580 secure :-1 s=STATE_CONNECTION_ESTABLISHED l=1).mark_down
2024-09-11T22:21:05.421 INFO:teuthology.orchestra.run.smithi040.stdout:/usr/bin/ceph: stderr
2024-09-11T22:21:04.863+0000 7f4febe00640 1 --2- 172.21.15.40:0/406943545 >> [v2:172.21.15.40:6800/3905506167,v1:172.21.15.40:6801/3905506167] conn(0x7f4fe00390c0 0x7f4fe003b580 secure :-1 s=READY pgs=10 cs=0 l=1 rev1=1 crypto rx=0x7f4fe40098c0 tx=0x7f4fe4006db0 comp rx=0 tx=0).stop
2024-09-11T22:21:05.421 INFO:teuthology.orchestra.run.smithi040.stdout:/usr/bin/ceph: stderr
2024-09-11T22:21:04.863+0000 7f4febe00640 1 -- 172.21.15.40:0/406943545 >> [v2:172.21.15.40:3300/0,v1:172.21.15.40:6789/0] conn(0x7f4ffc07de00 msgr2=0x7f4ffc19d5e0 secure :-1 s=STATE_CONNECTION_ESTABLISHED l=1).mark_down
2024-09-11T22:21:05.421 INFO:teuthology.orchestra.run.smithi040.stdout:/usr/bin/ceph: stderr
2024-09-11T22:21:04.863+0000 7f4febe00640 1 --2- 172.21.15.40:0/406943545 >> [v2:172.21.15.40:3300/0,v1:172.21.15.40:6789/0] conn(0x7f4ffc07de00 0x7f4ffc19d5e0 secure :-1 s=READY pgs=75 cs=0 l=1 rev1=1 crypto rx=0x7f4fec0097f0 tx=0x7f4fec0327b0 comp rx=0 tx=0).stop
2024-09-11T22:21:05.421 INFO:teuthology.orchestra.run.smithi040.stdout:/usr/bin/ceph: stderr
2024-09-11T22:21:04.863+0000 7f4febe00640 1 -- 172.21.15.40:0/406943545 shutdown_connections
2024-09-11T22:21:05.421 INFO:teuthology.orchestra.run.smithi040.stdout:/usr/bin/ceph: stderr
2024-09-11T22:21:04.863+0000 7f4febe00640 1 --2- 172.21.15.40:0/406943545 >> [v2:172.21.15.40:6800/3905506167,v1:172.21.15.40:6801/3905506167] conn(0x7f4fe00390c0 0x7f4fe003b580 unknown :-1 s=CLOSED pgs=10 cs=0 l=1 rev1=1 crypto rx=0 tx=0 comp rx=0 tx=0).stop
2024-09-11T22:21:05.421 INFO:teuthology.orchestra.run.smithi040.stdout:/usr/bin/ceph: stderr
2024-09-11T22:21:04.863+0000 7f4febe00640 1 --2- 172.21.15.40:0/406943545 >> [v2:172.21.15.40:3300/0,v1:172.21.15.40:6789/0] conn(0x7f4ffc07de00 0x7f4ffc19d5e0 unknown :-1 s=CLOSED pgs=75 cs=0 l=1 rev1=1 crypto rx=0 tx=0 comp rx=0 tx=0).stop
2024-09-11T22:21:05.421 INFO:teuthology.orchestra.run.smithi040.stdout:/usr/bin/ceph: stderr
2024-09-11T22:21:04.863+0000 7f4febe00640 1 -- 172.21.15.40:0/406943545 >> 172.21.15.40:0/406943545 conn(0x7f4ffc102c10 msgr2=0x7f4ffc103760 unknown :-1 s=STATE_NONE l=0).mark_down
2024-09-11T22:21:05.421 INFO:teuthology.orchestra.run.smithi040.stdout:/usr/bin/ceph: stderr
2024-09-11T22:21:04.863+0000 7f4febe00640 1 -- 172.21.15.40:0/406943545 shutdown_connections
2024-09-11T22:21:05.421 INFO:teuthology.orchestra.run.smithi040.stdout:/usr/bin/ceph: stderr
2024-09-11T22:21:04.863+0000 7f4febe00640 1 -- 172.21.15.40:0/406943545 wait complete.
2024-09-11T22:21:05.421 INFO:teuthology.orchestra.run.smithi040.stdout:You can access the Ceph CLI as following in case of multi-cluster or non-default config:
2024-09-11T22:21:05.421 INFO:teuthology.orchestra.run.smithi040.stdout:
2024-09-11T22:21:05.422 INFO:teuthology.orchestra.run.smithi040.stdout: sudo /home/ubuntu/cephtest/cephadm shell --fsid c836ee3e-708b-11ef-bcea-c7b262605968 -c /etc/ceph/ceph.conf -k /etc/ceph/ceph.client.admin.keyring
2024-09-11T22:21:05.422 INFO:teuthology.orchestra.run.smithi040.stdout:
2024-09-11T22:21:05.422 INFO:teuthology.orchestra.run.smithi040.stdout:Or, if you are only running a single cluster on this host:
2024-09-11T22:21:05.422 INFO:teuthology.orchestra.run.smithi040.stdout:
2024-09-11T22:21:05.422 INFO:teuthology.orchestra.run.smithi040.stdout: sudo /home/ubuntu/cephtest/cephadm shell
2024-09-11T22:21:05.422 INFO:teuthology.orchestra.run.smithi040.stdout:
2024-09-11T22:21:05.422 INFO:teuthology.orchestra.run.smithi040.stdout:Please consider enabling telemetry to help improve Ceph:
2024-09-11T22:21:05.422 INFO:teuthology.orchestra.run.smithi040.stdout:
2024-09-11T22:21:05.422 INFO:teuthology.orchestra.run.smithi040.stdout: ceph telemetry on
2024-09-11T22:21:05.422 INFO:teuthology.orchestra.run.smithi040.stdout:
2024-09-11T22:21:05.422 INFO:teuthology.orchestra.run.smithi040.stdout:For more information see:
2024-09-11T22:21:05.422 INFO:teuthology.orchestra.run.smithi040.stdout:
2024-09-11T22:21:05.422 INFO:teuthology.orchestra.run.smithi040.stdout: https://docs.ceph.com/en/latest/mgr/telemetry/
2024-09-11T22:21:05.423 INFO:teuthology.orchestra.run.smithi040.stdout:
2024-09-11T22:21:05.423 INFO:teuthology.orchestra.run.smithi040.stdout:Bootstrap complete.
2024-09-11T22:21:05.472 INFO:tasks.cephadm:Fetching config...
2024-09-11T22:21:05.473 DEBUG:teuthology.orchestra.run.smithi040:> set -ex
2024-09-11T22:21:05.473 DEBUG:teuthology.orchestra.run.smithi040:> dd if=/etc/ceph/ceph.conf of=/dev/stdout
2024-09-11T22:21:05.509 INFO:tasks.cephadm:Fetching client.admin keyring...
2024-09-11T22:21:05.509 DEBUG:teuthology.orchestra.run.smithi040:> set -ex
2024-09-11T22:21:05.509 DEBUG:teuthology.orchestra.run.smithi040:> dd if=/etc/ceph/ceph.client.admin.keyring of=/dev/stdout
2024-09-11T22:21:05.585 INFO:tasks.cephadm:Fetching mon keyring...
2024-09-11T22:21:05.585 DEBUG:teuthology.orchestra.run.smithi040:> set -ex
2024-09-11T22:21:05.585 DEBUG:teuthology.orchestra.run.smithi040:> sudo dd if=/var/lib/ceph/c836ee3e-708b-11ef-bcea-c7b262605968/mon.a/keyring of=/dev/stdout
2024-09-11T22:21:05.682 INFO:tasks.cephadm:Fetching pub ssh key...
2024-09-11T22:21:05.682 DEBUG:teuthology.orchestra.run.smithi040:> set -ex
2024-09-11T22:21:05.682 DEBUG:teuthology.orchestra.run.smithi040:> dd if=/home/ubuntu/cephtest/ceph.pub of=/dev/stdout
2024-09-11T22:21:05.757 INFO:tasks.cephadm:Installing pub ssh key for root users...
2024-09-11T22:21:05.757 DEBUG:teuthology.orchestra.run.smithi040:> sudo install -d -m 0700 /root/.ssh && echo 'ssh-rsa AAAAB3NzaC1yc2EAAAADAQABAAABgQCMq4j1b2kiKTO0nJpuAGgo0ZdJbhWxVOgbqRLl36/bVaLvgSlgOrdoarWz08e892kRudbdDRsQFJnq2YiJs6r0qlZP5T4SVbndxphulZSJu7MkjG0i5tm5gi4nor+JShe8Iv3NLaEjzlWlVIkKBTOzqvFKZSdlAoF5xJ7K80BQoRn4FsqHh0nshpYOcE9QYHHrv5aDq8/CS6D59rCnBNyt6iqZRegdSIDSVPOsTrTTJt3gr8Ux+FQiGuDPIVn2t41Tjf0mgXmVGxn+hfp7vRbQoprnUN09rAxOll0yKj1i0BNOXc/DkXAZUhSQ9tWh1ACscQ9Glze5rYvtf6+jR8EOYK7jHfOGA/2jsW2gs/MXxRtCNI6ghBrFKdPBPI3NuCfhXdMW27F9oJMydd2d08pNOEJmXYgQw+XqmFSoEWyRhbHBLwwq2iTRFn3ndRAFNERalImrhdwf/OPnrDoAMmoQrW000ONDMsFYm/XVEGBIYsZMmu73Z47lTPEwxva4hqM= ceph-c836ee3e-708b-11ef-bcea-c7b262605968' | sudo tee -a /root/.ssh/authorized_keys && sudo chmod 0600 /root/.ssh/authorized_keys
2024-09-11T22:21:05.876 INFO:teuthology.orchestra.run.smithi040.stdout:ssh-rsa AAAAB3NzaC1yc2EAAAADAQABAAABgQCMq4j1b2kiKTO0nJpuAGgo0ZdJbhWxVOgbqRLl36/bVaLvgSlgOrdoarWz08e892kRudbdDRsQFJnq2YiJs6r0qlZP5T4SVbndxphulZSJu7MkjG0i5tm5gi4nor+JShe8Iv3NLaEjzlWlVIkKBTOzqvFKZSdlAoF5xJ7K80BQoRn4FsqHh0nshpYOcE9QYHHrv5aDq8/CS6D59rCnBNyt6iqZRegdSIDSVPOsTrTTJt3gr8Ux+FQiGuDPIVn2t41Tjf0mgXmVGxn+hfp7vRbQoprnUN09rAxOll0yKj1i0BNOXc/DkXAZUhSQ9tWh1ACscQ9Glze5rYvtf6+jR8EOYK7jHfOGA/2jsW2gs/MXxRtCNI6ghBrFKdPBPI3NuCfhXdMW27F9oJMydd2d08pNOEJmXYgQw+XqmFSoEWyRhbHBLwwq2iTRFn3ndRAFNERalImrhdwf/OPnrDoAMmoQrW000ONDMsFYm/XVEGBIYsZMmu73Z47lTPEwxva4hqM= ceph-c836ee3e-708b-11ef-bcea-c7b262605968
2024-09-11T22:21:05.902 DEBUG:teuthology.orchestra.run.smithi146:> sudo install -d -m 0700 /root/.ssh && echo 'ssh-rsa AAAAB3NzaC1yc2EAAAADAQABAAABgQCMq4j1b2kiKTO0nJpuAGgo0ZdJbhWxVOgbqRLl36/bVaLvgSlgOrdoarWz08e892kRudbdDRsQFJnq2YiJs6r0qlZP5T4SVbndxphulZSJu7MkjG0i5tm5gi4nor+JShe8Iv3NLaEjzlWlVIkKBTOzqvFKZSdlAoF5xJ7K80BQoRn4FsqHh0nshpYOcE9QYHHrv5aDq8/CS6D59rCnBNyt6iqZRegdSIDSVPOsTrTTJt3gr8Ux+FQiGuDPIVn2t41Tjf0mgXmVGxn+hfp7vRbQoprnUN09rAxOll0yKj1i0BNOXc/DkXAZUhSQ9tWh1ACscQ9Glze5rYvtf6+jR8EOYK7jHfOGA/2jsW2gs/MXxRtCNI6ghBrFKdPBPI3NuCfhXdMW27F9oJMydd2d08pNOEJmXYgQw+XqmFSoEWyRhbHBLwwq2iTRFn3ndRAFNERalImrhdwf/OPnrDoAMmoQrW000ONDMsFYm/XVEGBIYsZMmu73Z47lTPEwxva4hqM= ceph-c836ee3e-708b-11ef-bcea-c7b262605968' | sudo tee -a /root/.ssh/authorized_keys && sudo chmod 0600 /root/.ssh/authorized_keys
2024-09-11T22:21:05.945 INFO:teuthology.orchestra.run.smithi146.stdout:ssh-rsa AAAAB3NzaC1yc2EAAAADAQABAAABgQCMq4j1b2kiKTO0nJpuAGgo0ZdJbhWxVOgbqRLl36/bVaLvgSlgOrdoarWz08e892kRudbdDRsQFJnq2YiJs6r0qlZP5T4SVbndxphulZSJu7MkjG0i5tm5gi4nor+JShe8Iv3NLaEjzlWlVIkKBTOzqvFKZSdlAoF5xJ7K80BQoRn4FsqHh0nshpYOcE9QYHHrv5aDq8/CS6D59rCnBNyt6iqZRegdSIDSVPOsTrTTJt3gr8Ux+FQiGuDPIVn2t41Tjf0mgXmVGxn+hfp7vRbQoprnUN09rAxOll0yKj1i0BNOXc/DkXAZUhSQ9tWh1ACscQ9Glze5rYvtf6+jR8EOYK7jHfOGA/2jsW2gs/MXxRtCNI6ghBrFKdPBPI3NuCfhXdMW27F9oJMydd2d08pNOEJmXYgQw+XqmFSoEWyRhbHBLwwq2iTRFn3ndRAFNERalImrhdwf/OPnrDoAMmoQrW000ONDMsFYm/XVEGBIYsZMmu73Z47lTPEwxva4hqM= ceph-c836ee3e-708b-11ef-bcea-c7b262605968
2024-09-11T22:21:05.958 DEBUG:teuthology.orchestra.run.smithi177:> sudo install -d -m 0700 /root/.ssh && echo 'ssh-rsa AAAAB3NzaC1yc2EAAAADAQABAAABgQCMq4j1b2kiKTO0nJpuAGgo0ZdJbhWxVOgbqRLl36/bVaLvgSlgOrdoarWz08e892kRudbdDRsQFJnq2YiJs6r0qlZP5T4SVbndxphulZSJu7MkjG0i5tm5gi4nor+JShe8Iv3NLaEjzlWlVIkKBTOzqvFKZSdlAoF5xJ7K80BQoRn4FsqHh0nshpYOcE9QYHHrv5aDq8/CS6D59rCnBNyt6iqZRegdSIDSVPOsTrTTJt3gr8Ux+FQiGuDPIVn2t41Tjf0mgXmVGxn+hfp7vRbQoprnUN09rAxOll0yKj1i0BNOXc/DkXAZUhSQ9tWh1ACscQ9Glze5rYvtf6+jR8EOYK7jHfOGA/2jsW2gs/MXxRtCNI6ghBrFKdPBPI3NuCfhXdMW27F9oJMydd2d08pNOEJmXYgQw+XqmFSoEWyRhbHBLwwq2iTRFn3ndRAFNERalImrhdwf/OPnrDoAMmoQrW000ONDMsFYm/XVEGBIYsZMmu73Z47lTPEwxva4hqM= ceph-c836ee3e-708b-11ef-bcea-c7b262605968' | sudo tee -a /root/.ssh/authorized_keys && sudo chmod 0600 /root/.ssh/authorized_keys
2024-09-11T22:21:05.961 INFO:journalctl@ceph.mon.a.smithi040.stdout:Sep 11 22:21:05 smithi040 ceph-mon[30787]: from='client.? 172.21.15.40:0/406943545' entity='client.admin'
2024-09-11T22:21:06.001 INFO:teuthology.orchestra.run.smithi177.stdout:ssh-rsa AAAAB3NzaC1yc2EAAAADAQABAAABgQCMq4j1b2kiKTO0nJpuAGgo0ZdJbhWxVOgbqRLl36/bVaLvgSlgOrdoarWz08e892kRudbdDRsQFJnq2YiJs6r0qlZP5T4SVbndxphulZSJu7MkjG0i5tm5gi4nor+JShe8Iv3NLaEjzlWlVIkKBTOzqvFKZSdlAoF5xJ7K80BQoRn4FsqHh0nshpYOcE9QYHHrv5aDq8/CS6D59rCnBNyt6iqZRegdSIDSVPOsTrTTJt3gr8Ux+FQiGuDPIVn2t41Tjf0mgXmVGxn+hfp7vRbQoprnUN09rAxOll0yKj1i0BNOXc/DkXAZUhSQ9tWh1ACscQ9Glze5rYvtf6+jR8EOYK7jHfOGA/2jsW2gs/MXxRtCNI6ghBrFKdPBPI3NuCfhXdMW27F9oJMydd2d08pNOEJmXYgQw+XqmFSoEWyRhbHBLwwq2iTRFn3ndRAFNERalImrhdwf/OPnrDoAMmoQrW000ONDMsFYm/XVEGBIYsZMmu73Z47lTPEwxva4hqM= ceph-c836ee3e-708b-11ef-bcea-c7b262605968
2024-09-11T22:21:06.013 DEBUG:teuthology.orchestra.run.smithi040:> sudo /home/ubuntu/cephtest/cephadm --image quay-quay-quay.apps.os.sepia.ceph.com/ceph-ci/ceph:b53b6d3e9f4baeb64d08dfb72b9cb1112ce886fc shell -c /etc/ceph/ceph.conf -k /etc/ceph/ceph.client.admin.keyring --fsid c836ee3e-708b-11ef-bcea-c7b262605968 -- ceph config set mgr mgr/cephadm/allow_ptrace true
2024-09-11T22:21:06.381 INFO:teuthology.orchestra.run.smithi040.stderr:Inferring config /var/lib/ceph/c836ee3e-708b-11ef-bcea-c7b262605968/mon.a/config
2024-09-11T22:21:06.963 INFO:teuthology.orchestra.run.smithi040.stderr:2024-09-11T22:21:06.962+0000 7f39d2600640 1 -- 172.21.15.40:0/3389504916 >> [v2:172.21.15.40:3300/0,v1:172.21.15.40:6789/0] conn(0x7f39cc076220 msgr2=0x7f39cc074680 secure :-1 s=STATE_CONNECTION_ESTABLISHED l=1).mark_down
2024-09-11T22:21:06.963 INFO:teuthology.orchestra.run.smithi040.stderr:2024-09-11T22:21:06.962+0000 7f39d2600640 1 --2- 172.21.15.40:0/3389504916 >> [v2:172.21.15.40:3300/0,v1:172.21.15.40:6789/0] conn(0x7f39cc076220 0x7f39cc074680 secure :-1 s=READY pgs=76 cs=0 l=1 rev1=1 crypto rx=0x7f39bc009880 tx=0x7f39bc02a5d0 comp rx=0 tx=0).stop
2024-09-11T22:21:06.964 INFO:teuthology.orchestra.run.smithi040.stderr:2024-09-11T22:21:06.962+0000 7f39d2600640 1 -- 172.21.15.40:0/3389504916 shutdown_connections
2024-09-11T22:21:06.964 INFO:teuthology.orchestra.run.smithi040.stderr:2024-09-11T22:21:06.962+0000 7f39d2600640 1 --2- 172.21.15.40:0/3389504916 >> [v2:172.21.15.40:3300/0,v1:172.21.15.40:6789/0] conn(0x7f39cc076220 0x7f39cc074680 unknown :-1 s=CLOSED pgs=76 cs=0 l=1 rev1=1 crypto rx=0 tx=0 comp rx=0 tx=0).stop
2024-09-11T22:21:06.964 INFO:teuthology.orchestra.run.smithi040.stderr:2024-09-11T22:21:06.962+0000 7f39d2600640 1 -- 172.21.15.40:0/3389504916 >> 172.21.15.40:0/3389504916 conn(0x7f39cc0fcd80 msgr2=0x7f39cc0ff1c0 unknown :-1 s=STATE_NONE l=0).mark_down
2024-09-11T22:21:06.964 INFO:teuthology.orchestra.run.smithi040.stderr:2024-09-11T22:21:06.962+0000 7f39d2600640 1 -- 172.21.15.40:0/3389504916 shutdown_connections
2024-09-11T22:21:06.964 INFO:teuthology.orchestra.run.smithi040.stderr:2024-09-11T22:21:06.962+0000 7f39d2600640 1 -- 172.21.15.40:0/3389504916 wait complete.
2024-09-11T22:21:06.965 INFO:teuthology.orchestra.run.smithi040.stderr:2024-09-11T22:21:06.964+0000 7f39d2600640 1 Processor -- start
2024-09-11T22:21:06.965 INFO:teuthology.orchestra.run.smithi040.stderr:2024-09-11T22:21:06.964+0000 7f39d2600640 1 -- start start
2024-09-11T22:21:06.966 INFO:teuthology.orchestra.run.smithi040.stderr:2024-09-11T22:21:06.964+0000 7f39d2600640 1 --2- >> [v2:172.21.15.40:3300/0,v1:172.21.15.40:6789/0] conn(0x7f39cc076220 0x7f39cc198f80 unknown :-1 s=NONE pgs=0 cs=0 l=1 rev1=0 crypto rx=0 tx=0 comp rx=0 tx=0).connect
2024-09-11T22:21:06.966 INFO:teuthology.orchestra.run.smithi040.stderr:2024-09-11T22:21:06.964+0000 7f39d2600640 1 -- --> [v2:172.21.15.40:3300/0,v1:172.21.15.40:6789/0] -- mon_getmap magic: 0 -- 0x7f39cc109910 con 0x7f39cc076220
2024-09-11T22:21:06.966 INFO:teuthology.orchestra.run.smithi040.stderr:2024-09-11T22:21:06.964+0000 7f39cb400640 1 --2- >> [v2:172.21.15.40:3300/0,v1:172.21.15.40:6789/0] conn(0x7f39cc076220 0x7f39cc198f80 unknown :-1 s=BANNER_CONNECTING pgs=0 cs=0 l=1 rev1=0 crypto rx=0 tx=0 comp rx=0 tx=0)._handle_peer_banner_payload supported=3 required=0
2024-09-11T22:21:06.966 INFO:teuthology.orchestra.run.smithi040.stderr:2024-09-11T22:21:06.964+0000 7f39cb400640 1 --2- >> [v2:172.21.15.40:3300/0,v1:172.21.15.40:6789/0] conn(0x7f39cc076220 0x7f39cc198f80 unknown :-1 s=HELLO_CONNECTING pgs=0 cs=0 l=1 rev1=1 crypto rx=0 tx=0 comp rx=0 tx=0).handle_hello peer v2:172.21.15.40:3300/0 says I am v2:172.21.15.40:43276/0 (socket says 172.21.15.40:43276)
2024-09-11T22:21:06.966 INFO:teuthology.orchestra.run.smithi040.stderr:2024-09-11T22:21:06.964+0000 7f39cb400640 1 -- 172.21.15.40:0/147242587 learned_addr learned my addr 172.21.15.40:0/147242587 (peer_addr_for_me v2:172.21.15.40:0/0)
2024-09-11T22:21:06.966 INFO:teuthology.orchestra.run.smithi040.stderr:2024-09-11T22:21:06.965+0000 7f39cb400640 1 -- 172.21.15.40:0/147242587 --> [v2:172.21.15.40:3300/0,v1:172.21.15.40:6789/0] -- mon_subscribe({config=0+,monmap=0+}) -- 0x7f39cc1994c0 con 0x7f39cc076220
2024-09-11T22:21:06.966 INFO:teuthology.orchestra.run.smithi040.stderr:2024-09-11T22:21:06.965+0000 7f39cb400640 1 --2- 172.21.15.40:0/147242587 >> [v2:172.21.15.40:3300/0,v1:172.21.15.40:6789/0] conn(0x7f39cc076220 0x7f39cc198f80 secure :-1 s=READY pgs=77 cs=0 l=1 rev1=1 crypto rx=0x7f39bc004f60 tx=0x7f39bc0048f0 comp rx=0 tx=0).ready entity=mon.0 client_cookie=0 server_cookie=0 in_seq=0 out_seq=0
2024-09-11T22:21:06.967 INFO:teuthology.orchestra.run.smithi040.stderr:2024-09-11T22:21:06.965+0000 7f39c3e00640 1 -- 172.21.15.40:0/147242587 <== mon.0 v2:172.21.15.40:3300/0 1 ==== mon_map magic: 0 ==== 205+0+0 (secure 0 0 0) 0x7f39bc03f070 con 0x7f39cc076220
2024-09-11T22:21:06.967 INFO:teuthology.orchestra.run.smithi040.stderr:2024-09-11T22:21:06.966+0000 7f39d2600640 1 -- 172.21.15.40:0/147242587 --> [v2:172.21.15.40:3300/0,v1:172.21.15.40:6789/0] -- mon_subscribe({mgrmap=0+}) -- 0x7f39cc199750 con 0x7f39cc076220
2024-09-11T22:21:06.967 INFO:teuthology.orchestra.run.smithi040.stderr:2024-09-11T22:21:06.966+0000 7f39c3e00640 1 -- 172.21.15.40:0/147242587 <== mon.0 v2:172.21.15.40:3300/0 2 ==== config(27 keys) ==== 1140+0+0 (secure 0 0 0) 0x7f39bc004cc0 con 0x7f39cc076220
2024-09-11T22:21:06.967 INFO:teuthology.orchestra.run.smithi040.stderr:2024-09-11T22:21:06.966+0000 7f39c3e00640 1 -- 172.21.15.40:0/147242587 <== mon.0 v2:172.21.15.40:3300/0 3 ==== mon_map magic: 0 ==== 205+0+0 (secure 0 0 0) 0x7f39bc035030 con 0x7f39cc076220
2024-09-11T22:21:06.967 INFO:teuthology.orchestra.run.smithi040.stderr:2024-09-11T22:21:06.966+0000 7f39d2600640 1 -- 172.21.15.40:0/147242587 --> [v2:172.21.15.40:3300/0,v1:172.21.15.40:6789/0] -- mon_subscribe({osdmap=0}) -- 0x7f39cc19c440 con 0x7f39cc076220
2024-09-11T22:21:06.968 INFO:teuthology.orchestra.run.smithi040.stderr:2024-09-11T22:21:06.967+0000 7f39d2600640 1 -- 172.21.15.40:0/147242587 --> [v2:172.21.15.40:3300/0,v1:172.21.15.40:6789/0] -- mon_command({"prefix": "get_command_descriptions"} v 0) -- 0x7f39ac0052c0 con 0x7f39cc076220
2024-09-11T22:21:06.968 INFO:teuthology.orchestra.run.smithi040.stderr:2024-09-11T22:21:06.967+0000 7f39c3e00640 1 -- 172.21.15.40:0/147242587 <== mon.0 v2:172.21.15.40:3300/0 4 ==== mgrmap(e 13) ==== 46343+0+0 (secure 0 0 0) 0x7f39bc042070 con 0x7f39cc076220
2024-09-11T22:21:06.968 INFO:teuthology.orchestra.run.smithi040.stderr:2024-09-11T22:21:06.967+0000 7f39c3e00640 1 --2- 172.21.15.40:0/147242587 >> [v2:172.21.15.40:6800/3905506167,v1:172.21.15.40:6801/3905506167] conn(0x7f39b0039060 0x7f39b003b520 unknown :-1 s=NONE pgs=0 cs=0 l=1 rev1=0 crypto rx=0 tx=0 comp rx=0 tx=0).connect
2024-09-11T22:21:06.969 INFO:teuthology.orchestra.run.smithi040.stderr:2024-09-11T22:21:06.968+0000 7f39c3e00640 1 -- 172.21.15.40:0/147242587 <== mon.0 v2:172.21.15.40:3300/0 5 ==== osd_map(3..3 src has 1..3) ==== 1155+0+0 (secure 0 0 0) 0x7f39bc06cdb0 con 0x7f39cc076220
