2024-09-11T22:43:36.993 INFO:journalctl@ceph.mgr.x.smithi152.stdout:Sep 11 22:43:36 smithi152 ceph-0e4e82bc-708f-11ef-bcea-c7b262605968-mgr-x[31407]: | . *ooo+|
2024-09-11T22:43:36.993 INFO:journalctl@ceph.mgr.x.smithi152.stdout:Sep 11 22:43:36 smithi152 ceph-0e4e82bc-708f-11ef-bcea-c7b262605968-mgr-x[31407]: | o +o*.+ |
2024-09-11T22:43:36.993 INFO:journalctl@ceph.mgr.x.smithi152.stdout:Sep 11 22:43:36 smithi152 ceph-0e4e82bc-708f-11ef-bcea-c7b262605968-mgr-x[31407]: | . +o*ooo.|
2024-09-11T22:43:36.994 INFO:journalctl@ceph.mgr.x.smithi152.stdout:Sep 11 22:43:36 smithi152 ceph-0e4e82bc-708f-11ef-bcea-c7b262605968-mgr-x[31407]: | ..= o++o|
2024-09-11T22:43:36.994 INFO:journalctl@ceph.mgr.x.smithi152.stdout:Sep 11 22:43:36 smithi152 ceph-0e4e82bc-708f-11ef-bcea-c7b262605968-mgr-x[31407]: | S ..=.*|
2024-09-11T22:43:36.994 INFO:journalctl@ceph.mgr.x.smithi152.stdout:Sep 11 22:43:36 smithi152 ceph-0e4e82bc-708f-11ef-bcea-c7b262605968-mgr-x[31407]: | .o. *=|
2024-09-11T22:43:36.994 INFO:journalctl@ceph.mgr.x.smithi152.stdout:Sep 11 22:43:36 smithi152 ceph-0e4e82bc-708f-11ef-bcea-c7b262605968-mgr-x[31407]: | o.oo.*|
2024-09-11T22:43:36.994 INFO:journalctl@ceph.mgr.x.smithi152.stdout:Sep 11 22:43:36 smithi152 ceph-0e4e82bc-708f-11ef-bcea-c7b262605968-mgr-x[31407]: | . .o =* |
2024-09-11T22:43:36.994 INFO:journalctl@ceph.mgr.x.smithi152.stdout:Sep 11 22:43:36 smithi152 ceph-0e4e82bc-708f-11ef-bcea-c7b262605968-mgr-x[31407]: | +o.o.E.|
2024-09-11T22:43:36.994 INFO:journalctl@ceph.mgr.x.smithi152.stdout:Sep 11 22:43:36 smithi152 ceph-0e4e82bc-708f-11ef-bcea-c7b262605968-mgr-x[31407]: +----[SHA256]-----+
2024-09-11T22:43:37.334 INFO:teuthology.orchestra.run.smithi152.stdout:/usr/bin/ceph: stderr
2024-09-11T22:43:36.341+0000 7f3c9c24b640 1 Processor -- start
2024-09-11T22:43:37.335 INFO:teuthology.orchestra.run.smithi152.stdout:/usr/bin/ceph: stderr
2024-09-11T22:43:36.341+0000 7f3c9c24b640 1 -- start start
2024-09-11T22:43:37.335 INFO:teuthology.orchestra.run.smithi152.stdout:/usr/bin/ceph: stderr
2024-09-11T22:43:36.341+0000 7f3c9c24b640 1 --2- >> [v2:172.21.15.152:3300/0,v1:172.21.15.152:6789/0] conn(0x7f3c9407de50 0x7f3c9407c2b0 unknown :-1 s=NONE pgs=0 cs=0 l=0 rev1=0 crypto rx=0 tx=0 comp rx=0 tx=0).connect
2024-09-11T22:43:37.335 INFO:teuthology.orchestra.run.smithi152.stdout:/usr/bin/ceph: stderr
2024-09-11T22:43:36.341+0000 7f3c9c24b640 1 -- --> [v2:172.21.15.152:3300/0,v1:172.21.15.152:6789/0] -- mon_getmap magic: 0 -- 0x7f3c9407c880 con 0x7f3c9407de50
2024-09-11T22:43:37.335 INFO:teuthology.orchestra.run.smithi152.stdout:/usr/bin/ceph: stderr
2024-09-11T22:43:36.341+0000 7f3c99fe7640 1 --2- >> [v2:172.21.15.152:3300/0,v1:172.21.15.152:6789/0] conn(0x7f3c9407de50 0x7f3c9407c2b0 unknown :-1 s=BANNER_CONNECTING pgs=0 cs=0 l=0 rev1=0 crypto rx=0 tx=0 comp rx=0 tx=0)._handle_peer_banner_payload supported=3 required=0
2024-09-11T22:43:37.335 INFO:teuthology.orchestra.run.smithi152.stdout:/usr/bin/ceph: stderr
2024-09-11T22:43:36.341+0000 7f3c99fe7640 1 --2- >> [v2:172.21.15.152:3300/0,v1:172.21.15.152:6789/0] conn(0x7f3c9407de50 0x7f3c9407c2b0 unknown :-1 s=HELLO_CONNECTING pgs=0 cs=0 l=0 rev1=1 crypto rx=0 tx=0 comp rx=0 tx=0).handle_hello peer v2:172.21.15.152:3300/0 says I am v2:172.21.15.152:56408/0 (socket says 172.21.15.152:56408)
2024-09-11T22:43:37.335 INFO:teuthology.orchestra.run.smithi152.stdout:/usr/bin/ceph: stderr
2024-09-11T22:43:36.341+0000 7f3c99fe7640 1 -- 172.21.15.152:0/3447329262 learned_addr learned my addr 172.21.15.152:0/3447329262 (peer_addr_for_me v2:172.21.15.152:0/0)
2024-09-11T22:43:37.335 INFO:teuthology.orchestra.run.smithi152.stdout:/usr/bin/ceph: stderr
2024-09-11T22:43:36.341+0000 7f3c99fe7640 1 -- 172.21.15.152:0/3447329262 --> [v2:172.21.15.152:3300/0,v1:172.21.15.152:6789/0] -- mon_subscribe({config=0+,monmap=0+}) -- 0x7f3c9407ca00 con 0x7f3c9407de50
2024-09-11T22:43:37.335 INFO:teuthology.orchestra.run.smithi152.stdout:/usr/bin/ceph: stderr
2024-09-11T22:43:36.342+0000 7f3c99fe7640 1 --2- 172.21.15.152:0/3447329262 >> [v2:172.21.15.152:3300/0,v1:172.21.15.152:6789/0] conn(0x7f3c9407de50 0x7f3c9407c2b0 secure :-1 s=READY pgs=39 cs=0 l=1 rev1=1 crypto rx=0x7f3c90009820 tx=0x7f3c9002a270 comp rx=0 tx=0).ready entity=mon.0 client_cookie=cc9d75dcb8d7499c server_cookie=0 in_seq=0 out_seq=0
2024-09-11T22:43:37.335 INFO:teuthology.orchestra.run.smithi152.stdout:/usr/bin/ceph: stderr
2024-09-11T22:43:36.342+0000 7f3c98fe5640 1 -- 172.21.15.152:0/3447329262 <== mon.0 v2:172.21.15.152:3300/0 1 ==== mon_map magic: 0 ==== 205+0+0 (secure 0 0 0) 0x7f3c90037070 con 0x7f3c9407de50
2024-09-11T22:43:37.335 INFO:teuthology.orchestra.run.smithi152.stdout:/usr/bin/ceph: stderr
2024-09-11T22:43:36.342+0000 7f3c98fe5640 1 -- 172.21.15.152:0/3447329262 <== mon.0 v2:172.21.15.152:3300/0 2 ==== config(27 keys) ==== 1109+0+0 (secure 0 0 0) 0x7f3c90032900 con 0x7f3c9407de50
2024-09-11T22:43:37.335 INFO:teuthology.orchestra.run.smithi152.stdout:/usr/bin/ceph: stderr
2024-09-11T22:43:36.342+0000 7f3c98fe5640 1 -- 172.21.15.152:0/3447329262 <== mon.0 v2:172.21.15.152:3300/0 3 ==== mon_map magic: 0 ==== 205+0+0 (secure 0 0 0) 0x7f3c90030850 con 0x7f3c9407de50
2024-09-11T22:43:37.335 INFO:teuthology.orchestra.run.smithi152.stdout:/usr/bin/ceph: stderr
2024-09-11T22:43:36.343+0000 7f3c9c24b640 1 -- 172.21.15.152:0/3447329262 >> [v2:172.21.15.152:3300/0,v1:172.21.15.152:6789/0] conn(0x7f3c9407de50 msgr2=0x7f3c9407c2b0 secure :-1 s=STATE_CONNECTION_ESTABLISHED l=1).mark_down
2024-09-11T22:43:37.335 INFO:teuthology.orchestra.run.smithi152.stdout:/usr/bin/ceph: stderr
2024-09-11T22:43:36.343+0000 7f3c9c24b640 1 --2- 172.21.15.152:0/3447329262 >> [v2:172.21.15.152:3300/0,v1:172.21.15.152:6789/0] conn(0x7f3c9407de50 0x7f3c9407c2b0 secure :-1 s=READY pgs=39 cs=0 l=1 rev1=1 crypto rx=0x7f3c90009820 tx=0x7f3c9002a270 comp rx=0 tx=0).stop
2024-09-11T22:43:37.336 INFO:teuthology.orchestra.run.smithi152.stdout:/usr/bin/ceph: stderr
2024-09-11T22:43:36.343+0000 7f3c9c24b640 1 -- 172.21.15.152:0/3447329262 shutdown_connections
2024-09-11T22:43:37.336 INFO:teuthology.orchestra.run.smithi152.stdout:/usr/bin/ceph: stderr
2024-09-11T22:43:36.343+0000 7f3c9c24b640 1 --2- 172.21.15.152:0/3447329262 >> [v2:172.21.15.152:3300/0,v1:172.21.15.152:6789/0] conn(0x7f3c9407de50 0x7f3c9407c2b0 unknown :-1 s=CLOSED pgs=39 cs=0 l=1 rev1=1 crypto rx=0 tx=0 comp rx=0 tx=0).stop
2024-09-11T22:43:37.336 INFO:teuthology.orchestra.run.smithi152.stdout:/usr/bin/ceph: stderr
2024-09-11T22:43:36.343+0000 7f3c9c24b640 1 -- 172.21.15.152:0/3447329262 >> 172.21.15.152:0/3447329262 conn(0x7f3c94102db0 msgr2=0x7f3c941051f0 unknown :-1 s=STATE_NONE l=0).mark_down
2024-09-11T22:43:37.336 INFO:teuthology.orchestra.run.smithi152.stdout:/usr/bin/ceph: stderr
2024-09-11T22:43:36.343+0000 7f3c9c24b640 1 -- 172.21.15.152:0/3447329262 shutdown_connections
2024-09-11T22:43:37.336 INFO:teuthology.orchestra.run.smithi152.stdout:/usr/bin/ceph: stderr
2024-09-11T22:43:36.343+0000 7f3c9c24b640 1 -- 172.21.15.152:0/3447329262 wait complete.
2024-09-11T22:43:37.336 INFO:teuthology.orchestra.run.smithi152.stdout:/usr/bin/ceph: stderr
2024-09-11T22:43:36.344+0000 7f3c9c24b640 1 Processor -- start
2024-09-11T22:43:37.336 INFO:teuthology.orchestra.run.smithi152.stdout:/usr/bin/ceph: stderr
2024-09-11T22:43:36.344+0000 7f3c9c24b640 1 -- start start
2024-09-11T22:43:37.336 INFO:teuthology.orchestra.run.smithi152.stdout:/usr/bin/ceph: stderr
2024-09-11T22:43:36.344+0000 7f3c9c24b640 1 --2- >> [v2:172.21.15.152:3300/0,v1:172.21.15.152:6789/0] conn(0x7f3c9407de50 0x7f3c9419d860 unknown :-1 s=NONE pgs=0 cs=0 l=1 rev1=0 crypto rx=0 tx=0 comp rx=0 tx=0).connect
2024-09-11T22:43:37.336 INFO:teuthology.orchestra.run.smithi152.stdout:/usr/bin/ceph: stderr
2024-09-11T22:43:36.344+0000 7f3c9c24b640 1 -- --> [v2:172.21.15.152:3300/0,v1:172.21.15.152:6789/0] -- mon_getmap magic: 0 -- 0x7f3c9410dc50 con 0x7f3c9407de50
2024-09-11T22:43:37.336 INFO:teuthology.orchestra.run.smithi152.stdout:/usr/bin/ceph: stderr
2024-09-11T22:43:36.344+0000 7f3c99fe7640 1 --2- >> [v2:172.21.15.152:3300/0,v1:172.21.15.152:6789/0] conn(0x7f3c9407de50 0x7f3c9419d860 unknown :-1 s=BANNER_CONNECTING pgs=0 cs=0 l=1 rev1=0 crypto rx=0 tx=0 comp rx=0 tx=0)._handle_peer_banner_payload supported=3 required=0
2024-09-11T22:43:37.336 INFO:teuthology.orchestra.run.smithi152.stdout:/usr/bin/ceph: stderr
2024-09-11T22:43:36.344+0000 7f3c99fe7640 1 --2- >> [v2:172.21.15.152:3300/0,v1:172.21.15.152:6789/0] conn(0x7f3c9407de50 0x7f3c9419d860 unknown :-1 s=HELLO_CONNECTING pgs=0 cs=0 l=1 rev1=1 crypto rx=0 tx=0 comp rx=0 tx=0).handle_hello peer v2:172.21.15.152:3300/0 says I am v2:172.21.15.152:56414/0 (socket says 172.21.15.152:56414)
2024-09-11T22:43:37.336 INFO:teuthology.orchestra.run.smithi152.stdout:/usr/bin/ceph: stderr
2024-09-11T22:43:36.344+0000 7f3c99fe7640 1 -- 172.21.15.152:0/1948048542 learned_addr learned my addr 172.21.15.152:0/1948048542 (peer_addr_for_me v2:172.21.15.152:0/0)
2024-09-11T22:43:37.336 INFO:teuthology.orchestra.run.smithi152.stdout:/usr/bin/ceph: stderr
2024-09-11T22:43:36.344+0000 7f3c99fe7640 1 -- 172.21.15.152:0/1948048542 --> [v2:172.21.15.152:3300/0,v1:172.21.15.152:6789/0] -- mon_subscribe({config=0+,monmap=0+}) -- 0x7f3c9419dda0 con 0x7f3c9407de50
2024-09-11T22:43:37.337 INFO:teuthology.orchestra.run.smithi152.stdout:/usr/bin/ceph: stderr
2024-09-11T22:43:36.344+0000 7f3c99fe7640 1 --2- 172.21.15.152:0/1948048542 >> [v2:172.21.15.152:3300/0,v1:172.21.15.152:6789/0] conn(0x7f3c9407de50 0x7f3c9419d860 secure :-1 s=READY pgs=40 cs=0 l=1 rev1=1 crypto rx=0x7f3c90031000 tx=0x7f3c900326e0 comp rx=0 tx=0).ready entity=mon.0 client_cookie=0 server_cookie=0 in_seq=0 out_seq=0
2024-09-11T22:43:37.337 INFO:teuthology.orchestra.run.smithi152.stdout:/usr/bin/ceph: stderr
2024-09-11T22:43:36.345+0000 7f3c8affd640 1 -- 172.21.15.152:0/1948048542 <== mon.0 v2:172.21.15.152:3300/0 1 ==== mon_map magic: 0 ==== 205+0+0 (secure 0 0 0) 0x7f3c90042070 con 0x7f3c9407de50
2024-09-11T22:43:37.337 INFO:teuthology.orchestra.run.smithi152.stdout:/usr/bin/ceph: stderr
2024-09-11T22:43:36.345+0000 7f3c8affd640 1 -- 172.21.15.152:0/1948048542 <== mon.0 v2:172.21.15.152:3300/0 2 ==== config(27 keys) ==== 1109+0+0 (secure 0 0 0) 0x7f3c90032be0 con 0x7f3c9407de50
2024-09-11T22:43:37.337 INFO:teuthology.orchestra.run.smithi152.stdout:/usr/bin/ceph: stderr
2024-09-11T22:43:36.345+0000 7f3c9c24b640 1 -- 172.21.15.152:0/1948048542 --> [v2:172.21.15.152:3300/0,v1:172.21.15.152:6789/0] -- mon_subscribe({mgrmap=0+}) -- 0x7f3c9419e030 con 0x7f3c9407de50
2024-09-11T22:43:37.337 INFO:teuthology.orchestra.run.smithi152.stdout:/usr/bin/ceph: stderr
2024-09-11T22:43:36.345+0000 7f3c8affd640 1 -- 172.21.15.152:0/1948048542 <== mon.0 v2:172.21.15.152:3300/0 3 ==== mon_map magic: 0 ==== 205+0+0 (secure 0 0 0) 0x7f3c90037040 con 0x7f3c9407de50
2024-09-11T22:43:37.337 INFO:teuthology.orchestra.run.smithi152.stdout:/usr/bin/ceph: stderr
2024-09-11T22:43:36.345+0000 7f3c9c24b640 1 -- 172.21.15.152:0/1948048542 --> [v2:172.21.15.152:3300/0,v1:172.21.15.152:6789/0] -- mon_subscribe({osdmap=0}) -- 0x7f3c941a0d20 con 0x7f3c9407de50
2024-09-11T22:43:37.337 INFO:teuthology.orchestra.run.smithi152.stdout:/usr/bin/ceph: stderr
2024-09-11T22:43:36.345+0000 7f3c8affd640 1 -- 172.21.15.152:0/1948048542 <== mon.0 v2:172.21.15.152:3300/0 4 ==== mgrmap(e 8) ==== 46287+0+0 (secure 0 0 0) 0x7f3c90045070 con 0x7f3c9407de50
2024-09-11T22:43:37.337 INFO:teuthology.orchestra.run.smithi152.stdout:/usr/bin/ceph: stderr
2024-09-11T22:43:36.346+0000 7f3c9c24b640 1 -- 172.21.15.152:0/1948048542 --> [v2:172.21.15.152:3300/0,v1:172.21.15.152:6789/0] -- mon_command({"prefix": "get_command_descriptions"} v 0) -- 0x7f3c9407c330 con 0x7f3c9407de50
2024-09-11T22:43:37.337 INFO:teuthology.orchestra.run.smithi152.stdout:/usr/bin/ceph: stderr
2024-09-11T22:43:36.346+0000 7f3c8affd640 1 --2- 172.21.15.152:0/1948048542 >> [v2:172.21.15.152:6800/1868213162,v1:172.21.15.152:6801/1868213162] conn(0x7f3c80038fc0 0x7f3c8003b480 unknown :-1 s=NONE pgs=0 cs=0 l=1 rev1=0 crypto rx=0 tx=0 comp rx=0 tx=0).connect
2024-09-11T22:43:37.337 INFO:teuthology.orchestra.run.smithi152.stdout:/usr/bin/ceph: stderr
2024-09-11T22:43:36.346+0000 7f3c8affd640 1 -- 172.21.15.152:0/1948048542 <== mon.0 v2:172.21.15.152:3300/0 5 ==== osd_map(2..2 src has 1..2) ==== 940+0+0 (secure 0 0 0) 0x7f3c9006bfc0 con 0x7f3c9407de50
2024-09-11T22:43:37.337 INFO:teuthology.orchestra.run.smithi152.stdout:/usr/bin/ceph: stderr
2024-09-11T22:43:36.346+0000 7f3c997e6640 1 --2- 172.21.15.152:0/1948048542 >> [v2:172.21.15.152:6800/1868213162,v1:172.21.15.152:6801/1868213162] conn(0x7f3c80038fc0 0x7f3c8003b480 unknown :-1 s=BANNER_CONNECTING pgs=0 cs=0 l=1 rev1=0 crypto rx=0 tx=0 comp rx=0 tx=0)._handle_peer_banner_payload supported=3 required=0
2024-09-11T22:43:37.337 INFO:teuthology.orchestra.run.smithi152.stdout:/usr/bin/ceph: stderr
2024-09-11T22:43:36.346+0000 7f3c997e6640 1 --2- 172.21.15.152:0/1948048542 >> [v2:172.21.15.152:6800/1868213162,v1:172.21.15.152:6801/1868213162] conn(0x7f3c80038fc0 0x7f3c8003b480 secure :-1 s=READY pgs=9 cs=0 l=1 rev1=1 crypto rx=0x7f3c840098c0 tx=0x7f3c84006db0 comp rx=0 tx=0).ready entity=mgr.14118 client_cookie=0 server_cookie=0 in_seq=0 out_seq=0
2024-09-11T22:43:37.337 INFO:teuthology.orchestra.run.smithi152.stdout:/usr/bin/ceph: stderr
2024-09-11T22:43:36.350+0000 7f3c8affd640 1 -- 172.21.15.152:0/1948048542 <== mon.0 v2:172.21.15.152:3300/0 6 ==== mon_command_ack([{"prefix": "get_command_descriptions"}]=0 v0) ==== 72+0+188821 (secure 0 0 0) 0x7f3c90042210 con 0x7f3c9407de50
2024-09-11T22:43:37.338 INFO:teuthology.orchestra.run.smithi152.stdout:/usr/bin/ceph: stderr
2024-09-11T22:43:36.517+0000 7f3c9c24b640 1 -- 172.21.15.152:0/1948048542 --> [v2:172.21.15.152:6800/1868213162,v1:172.21.15.152:6801/1868213162] -- mgr_command(tid 0: {"prefix": "cephadm generate-key", "target": ["mon-mgr", ""]}) -- 0x7f3c941040c0 con 0x7f3c80038fc0
2024-09-11T22:43:37.338 INFO:teuthology.orchestra.run.smithi152.stdout:/usr/bin/ceph: stderr
2024-09-11T22:43:36.682+0000 7f3c8affd640 1 -- 172.21.15.152:0/1948048542 <== mgr.14118 v2:172.21.15.152:6800/1868213162 1 ==== mgr_command_reply(tid 0: 0 ) ==== 8+0+0 (secure 0 0 0) 0x7f3c941040c0 con 0x7f3c80038fc0
2024-09-11T22:43:37.338 INFO:teuthology.orchestra.run.smithi152.stdout:/usr/bin/ceph: stderr
2024-09-11T22:43:36.684+0000 7f3c9c24b640 1 -- 172.21.15.152:0/1948048542 >> [v2:172.21.15.152:6800/1868213162,v1:172.21.15.152:6801/1868213162] conn(0x7f3c80038fc0 msgr2=0x7f3c8003b480 secure :-1 s=STATE_CONNECTION_ESTABLISHED l=1).mark_down
2024-09-11T22:43:37.338 INFO:teuthology.orchestra.run.smithi152.stdout:/usr/bin/ceph: stderr
2024-09-11T22:43:36.684+0000 7f3c9c24b640 1 --2- 172.21.15.152:0/1948048542 >> [v2:172.21.15.152:6800/1868213162,v1:172.21.15.152:6801/1868213162] conn(0x7f3c80038fc0 0x7f3c8003b480 secure :-1 s=READY pgs=9 cs=0 l=1 rev1=1 crypto rx=0x7f3c840098c0 tx=0x7f3c84006db0 comp rx=0 tx=0).stop
2024-09-11T22:43:37.338 INFO:teuthology.orchestra.run.smithi152.stdout:/usr/bin/ceph: stderr
2024-09-11T22:43:36.684+0000 7f3c9c24b640 1 -- 172.21.15.152:0/1948048542 >> [v2:172.21.15.152:3300/0,v1:172.21.15.152:6789/0] conn(0x7f3c9407de50 msgr2=0x7f3c9419d860 secure :-1 s=STATE_CONNECTION_ESTABLISHED l=1).mark_down
2024-09-11T22:43:37.338 INFO:teuthology.orchestra.run.smithi152.stdout:/usr/bin/ceph: stderr
2024-09-11T22:43:36.684+0000 7f3c9c24b640 1 --2- 172.21.15.152:0/1948048542 >> [v2:172.21.15.152:3300/0,v1:172.21.15.152:6789/0] conn(0x7f3c9407de50 0x7f3c9419d860 secure :-1 s=READY pgs=40 cs=0 l=1 rev1=1 crypto rx=0x7f3c90031000 tx=0x7f3c900326e0 comp rx=0 tx=0).stop
2024-09-11T22:43:37.338 INFO:teuthology.orchestra.run.smithi152.stdout:/usr/bin/ceph: stderr
2024-09-11T22:43:36.684+0000 7f3c9c24b640 1 -- 172.21.15.152:0/1948048542 shutdown_connections
2024-09-11T22:43:37.338 INFO:teuthology.orchestra.run.smithi152.stdout:/usr/bin/ceph: stderr
2024-09-11T22:43:36.684+0000 7f3c9c24b640 1 --2- 172.21.15.152:0/1948048542 >> [v2:172.21.15.152:6800/1868213162,v1:172.21.15.152:6801/1868213162] conn(0x7f3c80038fc0 0x7f3c8003b480 unknown :-1 s=CLOSED pgs=9 cs=0 l=1 rev1=1 crypto rx=0 tx=0 comp rx=0 tx=0).stop
2024-09-11T22:43:37.338 INFO:teuthology.orchestra.run.smithi152.stdout:/usr/bin/ceph: stderr
2024-09-11T22:43:36.684+0000 7f3c9c24b640 1 --2- 172.21.15.152:0/1948048542 >> [v2:172.21.15.152:3300/0,v1:172.21.15.152:6789/0] conn(0x7f3c9407de50 0x7f3c9419d860 unknown :-1 s=CLOSED pgs=40 cs=0 l=1 rev1=1 crypto rx=0 tx=0 comp rx=0 tx=0).stop
2024-09-11T22:43:37.338 INFO:teuthology.orchestra.run.smithi152.stdout:/usr/bin/ceph: stderr
2024-09-11T22:43:36.684+0000 7f3c9c24b640 1 -- 172.21.15.152:0/1948048542 >> 172.21.15.152:0/1948048542 conn(0x7f3c94102db0 msgr2=0x7f3c941039b0 unknown :-1 s=STATE_NONE l=0).mark_down
2024-09-11T22:43:37.338 INFO:teuthology.orchestra.run.smithi152.stdout:/usr/bin/ceph: stderr
2024-09-11T22:43:36.684+0000 7f3c9c24b640 1 -- 172.21.15.152:0/1948048542 shutdown_connections
2024-09-11T22:43:37.338 INFO:teuthology.orchestra.run.smithi152.stdout:/usr/bin/ceph: stderr
2024-09-11T22:43:36.684+0000 7f3c9c24b640 1 -- 172.21.15.152:0/1948048542 wait complete.
2024-09-11T22:43:37.872 INFO:journalctl@ceph.mon.a.smithi152.stdout:Sep 11 22:43:37 smithi152 ceph-mon[31181]: from='client.14134 -' entity='client.admin' cmd=[{"prefix": "cephadm generate-key", "target": ["mon-mgr", ""]}]: dispatch
2024-09-11T22:43:37.872 INFO:journalctl@ceph.mon.a.smithi152.stdout:Sep 11 22:43:37 smithi152 ceph-mon[31181]: Generating ssh key...
2024-09-11T22:43:37.872 INFO:journalctl@ceph.mon.a.smithi152.stdout:Sep 11 22:43:37 smithi152 ceph-mon[31181]: from='mgr.14118 172.21.15.152:0/1551276623' entity='mgr.x'
2024-09-11T22:43:37.873 INFO:journalctl@ceph.mon.a.smithi152.stdout:Sep 11 22:43:37 smithi152 ceph-mon[31181]: from='mgr.14118 172.21.15.152:0/1551276623' entity='mgr.x'
2024-09-11T22:43:38.558 INFO:teuthology.orchestra.run.smithi152.stdout:/usr/bin/ceph: stdout ssh-rsa AAAAB3NzaC1yc2EAAAADAQABAAABgQDFgLqTslnLmsR6QRRT/mWeoZoK2ggG3HNAriMiMo3k2vv/qL8kQ8gf2LdPGmF7ijtuBVFtgPjwtUHSIR/nnc9/bSbueLmlkfADVyVo5hG6UPRIK4uObXLBBSK1yCdrA0kDqQn1/AQCMcJvc49jhDZhVNKp6Cy11SSovCMnnKnggCmB9PTWL6R+rALluxMyUTWtQ7+GbiH7nQmEGhAmLGj6gnSjHtW2qt/uiSzvGTRfiop2mmPQgV0JJXcNT57uh8ovMJQrzkNkK1Ls05wUy7QzqO4p/ZCR5yn6jclJlr3xD2NXWWt6R+VOAjDrvLDqGusTSeDvzHpm5PIW1NqjgIn0pVE4fzkrbP+EdU50zlzmsEtWeqBIwRvCx4xizkfGiGxfIEjiwiSHMK46CEIY7Sq6y0pEtP0Z1ECjJ275jRaldk+QLH/7Go9ykyO00qNZlHbGXRLtmItiJy4VjqbceOu5TTv0wsFzFJo7taQoD4SGWTA2yz76vTFCCKRPt722YD8= ceph-0e4e82bc-708f-11ef-bcea-c7b262605968
2024-09-11T22:43:38.558 INFO:teuthology.orchestra.run.smithi152.stdout:/usr/bin/ceph: stderr
2024-09-11T22:43:37.753+0000 7f2fb559e640 1 Processor -- start
2024-09-11T22:43:38.558 INFO:teuthology.orchestra.run.smithi152.stdout:/usr/bin/ceph: stderr
2024-09-11T22:43:37.753+0000 7f2fb559e640 1 -- start start
2024-09-11T22:43:38.558 INFO:teuthology.orchestra.run.smithi152.stdout:/usr/bin/ceph: stderr
2024-09-11T22:43:37.754+0000 7f2fb559e640 1 --2- >> [v2:172.21.15.152:3300/0,v1:172.21.15.152:6789/0] conn(0x7f2fb007de20 0x7f2fb007c2d0 unknown :-1 s=NONE pgs=0 cs=0 l=0 rev1=0 crypto rx=0 tx=0 comp rx=0 tx=0).connect
2024-09-11T22:43:38.558 INFO:teuthology.orchestra.run.smithi152.stdout:/usr/bin/ceph: stderr
2024-09-11T22:43:37.754+0000 7f2fb559e640 1 -- --> [v2:172.21.15.152:3300/0,v1:172.21.15.152:6789/0] -- mon_getmap magic: 0 -- 0x7f2fb007c810 con 0x7f2fb007de20
2024-09-11T22:43:38.558 INFO:teuthology.orchestra.run.smithi152.stdout:/usr/bin/ceph: stderr
2024-09-11T22:43:37.754+0000 7f2faffff640 1 --2- >> [v2:172.21.15.152:3300/0,v1:172.21.15.152:6789/0] conn(0x7f2fb007de20 0x7f2fb007c2d0 unknown :-1 s=BANNER_CONNECTING pgs=0 cs=0 l=0 rev1=0 crypto rx=0 tx=0 comp rx=0 tx=0)._handle_peer_banner_payload supported=3 required=0
2024-09-11T22:43:38.559 INFO:teuthology.orchestra.run.smithi152.stdout:/usr/bin/ceph: stderr
2024-09-11T22:43:37.754+0000 7f2faffff640 1 --2- >> [v2:172.21.15.152:3300/0,v1:172.21.15.152:6789/0] conn(0x7f2fb007de20 0x7f2fb007c2d0 unknown :-1 s=HELLO_CONNECTING pgs=0 cs=0 l=0 rev1=1 crypto rx=0 tx=0 comp rx=0 tx=0).handle_hello peer v2:172.21.15.152:3300/0 says I am v2:172.21.15.152:56422/0 (socket says 172.21.15.152:56422)
2024-09-11T22:43:38.559 INFO:teuthology.orchestra.run.smithi152.stdout:/usr/bin/ceph: stderr
2024-09-11T22:43:37.754+0000 7f2faffff640 1 -- 172.21.15.152:0/2938872703 learned_addr learned my addr 172.21.15.152:0/2938872703 (peer_addr_for_me v2:172.21.15.152:0/0)
2024-09-11T22:43:38.559 INFO:teuthology.orchestra.run.smithi152.stdout:/usr/bin/ceph: stderr
2024-09-11T22:43:37.754+0000 7f2faffff640 1 -- 172.21.15.152:0/2938872703 --> [v2:172.21.15.152:3300/0,v1:172.21.15.152:6789/0] -- mon_subscribe({config=0+,monmap=0+}) -- 0x7f2fb007c990 con 0x7f2fb007de20
2024-09-11T22:43:38.559 INFO:teuthology.orchestra.run.smithi152.stdout:/usr/bin/ceph: stderr
2024-09-11T22:43:37.755+0000 7f2faffff640 1 --2- 172.21.15.152:0/2938872703 >> [v2:172.21.15.152:3300/0,v1:172.21.15.152:6789/0] conn(0x7f2fb007de20 0x7f2fb007c2d0 secure :-1 s=READY pgs=41 cs=0 l=1 rev1=1 crypto rx=0x7f2fa0009820 tx=0x7f2fa002a300 comp rx=0 tx=0).ready entity=mon.0 client_cookie=a9cb3ddd956af5e2 server_cookie=0 in_seq=0 out_seq=0
2024-09-11T22:43:38.559 INFO:teuthology.orchestra.run.smithi152.stdout:/usr/bin/ceph: stderr
2024-09-11T22:43:37.755+0000 7f2faeffd640 1 -- 172.21.15.152:0/2938872703 <== mon.0 v2:172.21.15.152:3300/0 1 ==== mon_map magic: 0 ==== 205+0+0 (secure 0 0 0) 0x7f2fa0037070 con 0x7f2fb007de20
2024-09-11T22:43:38.559 INFO:teuthology.orchestra.run.smithi152.stdout:/usr/bin/ceph: stderr
2024-09-11T22:43:37.755+0000 7f2faeffd640 1 -- 172.21.15.152:0/2938872703 <== mon.0 v2:172.21.15.152:3300/0 2 ==== config(27 keys) ==== 1109+0+0 (secure 0 0 0) 0x7f2fa0032900 con 0x7f2fb007de20
2024-09-11T22:43:38.559 INFO:teuthology.orchestra.run.smithi152.stdout:/usr/bin/ceph: stderr
2024-09-11T22:43:37.755+0000 7f2faeffd640 1 -- 172.21.15.152:0/2938872703 <== mon.0 v2:172.21.15.152:3300/0 3 ==== mon_map magic: 0 ==== 205+0+0 (secure 0 0 0) 0x7f2fa00308e0 con 0x7f2fb007de20
2024-09-11T22:43:38.559 INFO:teuthology.orchestra.run.smithi152.stdout:/usr/bin/ceph: stderr
2024-09-11T22:43:37.755+0000 7f2fb559e640 1 -- 172.21.15.152:0/2938872703 >> [v2:172.21.15.152:3300/0,v1:172.21.15.152:6789/0] conn(0x7f2fb007de20 msgr2=0x7f2fb007c2d0 secure :-1 s=STATE_CONNECTION_ESTABLISHED l=1).mark_down
2024-09-11T22:43:38.559 INFO:teuthology.orchestra.run.smithi152.stdout:/usr/bin/ceph: stderr
2024-09-11T22:43:37.755+0000 7f2fb559e640 1 --2- 172.21.15.152:0/2938872703 >> [v2:172.21.15.152:3300/0,v1:172.21.15.152:6789/0] conn(0x7f2fb007de20 0x7f2fb007c2d0 secure :-1 s=READY pgs=41 cs=0 l=1 rev1=1 crypto rx=0x7f2fa0009820 tx=0x7f2fa002a300 comp rx=0 tx=0).stop
2024-09-11T22:43:38.559 INFO:teuthology.orchestra.run.smithi152.stdout:/usr/bin/ceph: stderr
2024-09-11T22:43:37.755+0000 7f2fb559e640 1 -- 172.21.15.152:0/2938872703 shutdown_connections
2024-09-11T22:43:38.559 INFO:teuthology.orchestra.run.smithi152.stdout:/usr/bin/ceph: stderr
2024-09-11T22:43:37.755+0000 7f2fb559e640 1 --2- 172.21.15.152:0/2938872703 >> [v2:172.21.15.152:3300/0,v1:172.21.15.152:6789/0] conn(0x7f2fb007de20 0x7f2fb007c2d0 unknown :-1 s=CLOSED pgs=41 cs=0 l=1 rev1=1 crypto rx=0 tx=0 comp rx=0 tx=0).stop
2024-09-11T22:43:38.559 INFO:teuthology.orchestra.run.smithi152.stdout:/usr/bin/ceph: stderr
2024-09-11T22:43:37.755+0000 7f2fb559e640 1 -- 172.21.15.152:0/2938872703 >> 172.21.15.152:0/2938872703 conn(0x7f2fb0102c00 msgr2=0x7f2fb0105040 unknown :-1 s=STATE_NONE l=0).mark_down
2024-09-11T22:43:38.560 INFO:teuthology.orchestra.run.smithi152.stdout:/usr/bin/ceph: stderr
2024-09-11T22:43:37.755+0000 7f2fb559e640 1 -- 172.21.15.152:0/2938872703 shutdown_connections
2024-09-11T22:43:38.560 INFO:teuthology.orchestra.run.smithi152.stdout:/usr/bin/ceph: stderr
2024-09-11T22:43:37.755+0000 7f2fb559e640 1 -- 172.21.15.152:0/2938872703 wait complete.
2024-09-11T22:43:38.560 INFO:teuthology.orchestra.run.smithi152.stdout:/usr/bin/ceph: stderr
2024-09-11T22:43:37.756+0000 7f2fb559e640 1 Processor -- start
2024-09-11T22:43:38.560 INFO:teuthology.orchestra.run.smithi152.stdout:/usr/bin/ceph: stderr
2024-09-11T22:43:37.756+0000 7f2fb559e640 1 -- start start
2024-09-11T22:43:38.560 INFO:teuthology.orchestra.run.smithi152.stdout:/usr/bin/ceph: stderr
2024-09-11T22:43:37.757+0000 7f2fb559e640 1 --2- >> [v2:172.21.15.152:3300/0,v1:172.21.15.152:6789/0] conn(0x7f2fb007de20 0x7f2fb019d600 unknown :-1 s=NONE pgs=0 cs=0 l=1 rev1=0 crypto rx=0 tx=0 comp rx=0 tx=0).connect
2024-09-11T22:43:38.560 INFO:teuthology.orchestra.run.smithi152.stdout:/usr/bin/ceph: stderr
2024-09-11T22:43:37.757+0000 7f2fb559e640 1 -- --> [v2:172.21.15.152:3300/0,v1:172.21.15.152:6789/0] -- mon_getmap magic: 0 -- 0x7f2fb010da80 con 0x7f2fb007de20
2024-09-11T22:43:38.560 INFO:teuthology.orchestra.run.smithi152.stdout:/usr/bin/ceph: stderr
2024-09-11T22:43:37.757+0000 7f2faffff640 1 --2- >> [v2:172.21.15.152:3300/0,v1:172.21.15.152:6789/0] conn(0x7f2fb007de20 0x7f2fb019d600 unknown :-1 s=BANNER_CONNECTING pgs=0 cs=0 l=1 rev1=0 crypto rx=0 tx=0 comp rx=0 tx=0)._handle_peer_banner_payload supported=3 required=0
2024-09-11T22:43:38.560 INFO:teuthology.orchestra.run.smithi152.stdout:/usr/bin/ceph: stderr
2024-09-11T22:43:37.757+0000 7f2faffff640 1 --2- >> [v2:172.21.15.152:3300/0,v1:172.21.15.152:6789/0] conn(0x7f2fb007de20 0x7f2fb019d600 unknown :-1 s=HELLO_CONNECTING pgs=0 cs=0 l=1 rev1=1 crypto rx=0 tx=0 comp rx=0 tx=0).handle_hello peer v2:172.21.15.152:3300/0 says I am v2:172.21.15.152:56430/0 (socket says 172.21.15.152:56430)
2024-09-11T22:43:38.560 INFO:teuthology.orchestra.run.smithi152.stdout:/usr/bin/ceph: stderr
2024-09-11T22:43:37.757+0000 7f2faffff640 1 -- 172.21.15.152:0/754337871 learned_addr learned my addr 172.21.15.152:0/754337871 (peer_addr_for_me v2:172.21.15.152:0/0)
2024-09-11T22:43:38.560 INFO:teuthology.orchestra.run.smithi152.stdout:/usr/bin/ceph: stderr
2024-09-11T22:43:37.757+0000 7f2faffff640 1 -- 172.21.15.152:0/754337871 --> [v2:172.21.15.152:3300/0,v1:172.21.15.152:6789/0] -- mon_subscribe({config=0+,monmap=0+}) -- 0x7f2fb019db40 con 0x7f2fb007de20
2024-09-11T22:43:38.560 INFO:teuthology.orchestra.run.smithi152.stdout:/usr/bin/ceph: stderr
2024-09-11T22:43:37.757+0000 7f2faffff640 1 --2- 172.21.15.152:0/754337871 >> [v2:172.21.15.152:3300/0,v1:172.21.15.152:6789/0] conn(0x7f2fb007de20 0x7f2fb019d600 secure :-1 s=READY pgs=42 cs=0 l=1 rev1=1 crypto rx=0x7f2fa0030610 tx=0x7f2fa0032670 comp rx=0 tx=0).ready entity=mon.0 client_cookie=0 server_cookie=0 in_seq=0 out_seq=0
2024-09-11T22:43:38.560 INFO:teuthology.orchestra.run.smithi152.stdout:/usr/bin/ceph: stderr
2024-09-11T22:43:37.757+0000 7f2fad7fa640 1 -- 172.21.15.152:0/754337871 <== mon.0 v2:172.21.15.152:3300/0 1 ==== mon_map magic: 0 ==== 205+0+0 (secure 0 0 0) 0x7f2fa0037040 con 0x7f2fb007de20
2024-09-11T22:43:38.560 INFO:teuthology.orchestra.run.smithi152.stdout:/usr/bin/ceph: stderr
2024-09-11T22:43:37.757+0000 7f2fad7fa640 1 -- 172.21.15.152:0/754337871 <== mon.0 v2:172.21.15.152:3300/0 2 ==== config(27 keys) ==== 1109+0+0 (secure 0 0 0) 0x7f2fa0040070 con 0x7f2fb007de20
2024-09-11T22:43:38.561 INFO:teuthology.orchestra.run.smithi152.stdout:/usr/bin/ceph: stderr
2024-09-11T22:43:37.757+0000 7f2fad7fa640 1 -- 172.21.15.152:0/754337871 <== mon.0 v2:172.21.15.152:3300/0 3 ==== mon_map magic: 0 ==== 205+0+0 (secure 0 0 0) 0x7f2fa003a390 con 0x7f2fb007de20
2024-09-11T22:43:38.561 INFO:teuthology.orchestra.run.smithi152.stdout:/usr/bin/ceph: stderr
2024-09-11T22:43:37.757+0000 7f2fb559e640 1 -- 172.21.15.152:0/754337871 --> [v2:172.21.15.152:3300/0,v1:172.21.15.152:6789/0] -- mon_subscribe({mgrmap=0+}) -- 0x7f2fb019ddd0 con 0x7f2fb007de20
2024-09-11T22:43:38.561 INFO:teuthology.orchestra.run.smithi152.stdout:/usr/bin/ceph: stderr
2024-09-11T22:43:37.757+0000 7f2fb559e640 1 -- 172.21.15.152:0/754337871 --> [v2:172.21.15.152:3300/0,v1:172.21.15.152:6789/0] -- mon_subscribe({osdmap=0}) -- 0x7f2fb01a0ac0 con 0x7f2fb007de20
2024-09-11T22:43:38.561 INFO:teuthology.orchestra.run.smithi152.stdout:/usr/bin/ceph: stderr
2024-09-11T22:43:37.758+0000 7f2fad7fa640 1 -- 172.21.15.152:0/754337871 <== mon.0 v2:172.21.15.152:3300/0 4 ==== mgrmap(e 8) ==== 46287+0+0 (secure 0 0 0) 0x7f2fa003a690 con 0x7f2fb007de20
2024-09-11T22:43:38.561 INFO:teuthology.orchestra.run.smithi152.stdout:/usr/bin/ceph: stderr
2024-09-11T22:43:37.758+0000 7f2fb559e640 1 -- 172.21.15.152:0/754337871 --> [v2:172.21.15.152:3300/0,v1:172.21.15.152:6789/0] -- mon_command({"prefix": "get_command_descriptions"} v 0) -- 0x7f2fb007c350 con 0x7f2fb007de20
2024-09-11T22:43:38.561 INFO:teuthology.orchestra.run.smithi152.stdout:/usr/bin/ceph: stderr
2024-09-11T22:43:37.758+0000 7f2fad7fa640 1 --2- 172.21.15.152:0/754337871 >> [v2:172.21.15.152:6800/1868213162,v1:172.21.15.152:6801/1868213162] conn(0x7f2f98038f70 0x7f2f9803b430 unknown :-1 s=NONE pgs=0 cs=0 l=1 rev1=0 crypto rx=0 tx=0 comp rx=0 tx=0).connect
2024-09-11T22:43:38.561 INFO:teuthology.orchestra.run.smithi152.stdout:/usr/bin/ceph: stderr
2024-09-11T22:43:37.759+0000 7f2fad7fa640 1 -- 172.21.15.152:0/754337871 <== mon.0 v2:172.21.15.152:3300/0 5 ==== osd_map(2..2 src has 1..2) ==== 940+0+0 (secure 0 0 0) 0x7f2fa006c290 con 0x7f2fb007de20
2024-09-11T22:43:38.561 INFO:teuthology.orchestra.run.smithi152.stdout:/usr/bin/ceph: stderr
2024-09-11T22:43:37.759+0000 7f2faf7fe640 1 --2- 172.21.15.152:0/754337871 >> [v2:172.21.15.152:6800/1868213162,v1:172.21.15.152:6801/1868213162] conn(0x7f2f98038f70 0x7f2f9803b430 unknown :-1 s=BANNER_CONNECTING pgs=0 cs=0 l=1 rev1=0 crypto rx=0 tx=0 comp rx=0 tx=0)._handle_peer_banner_payload supported=3 required=0
2024-09-11T22:43:38.561 INFO:teuthology.orchestra.run.smithi152.stdout:/usr/bin/ceph: stderr
2024-09-11T22:43:37.759+0000 7f2faf7fe640 1 --2- 172.21.15.152:0/754337871 >> [v2:172.21.15.152:6800/1868213162,v1:172.21.15.152:6801/1868213162] conn(0x7f2f98038f70 0x7f2f9803b430 secure :-1 s=READY pgs=10 cs=0 l=1 rev1=1 crypto rx=0x7f2fa40098c0 tx=0x7f2fa4006db0 comp rx=0 tx=0).ready entity=mgr.14118 client_cookie=0 server_cookie=0 in_seq=0 out_seq=0
2024-09-11T22:43:38.561 INFO:teuthology.orchestra.run.smithi152.stdout:/usr/bin/ceph: stderr
2024-09-11T22:43:37.763+0000 7f2fad7fa640 1 -- 172.21.15.152:0/754337871 <== mon.0 v2:172.21.15.152:3300/0 6 ==== mon_command_ack([{"prefix": "get_command_descriptions"}]=0 v0) ==== 72+0+188821 (secure 0 0 0) 0x7f2fa0041270 con 0x7f2fb007de20
2024-09-11T22:43:38.561 INFO:teuthology.orchestra.run.smithi152.stdout:/usr/bin/ceph: stderr
2024-09-11T22:43:37.932+0000 7f2fb559e640 1 -- 172.21.15.152:0/754337871 --> [v2:172.21.15.152:6800/1868213162,v1:172.21.15.152:6801/1868213162] -- mgr_command(tid 0: {"prefix": "cephadm get-pub-key", "target": ["mon-mgr", ""]}) -- 0x7f2fb0103ed0 con 0x7f2f98038f70
2024-09-11T22:43:38.561 INFO:teuthology.orchestra.run.smithi152.stdout:/usr/bin/ceph: stderr
2024-09-11T22:43:37.933+0000 7f2fad7fa640 1 -- 172.21.15.152:0/754337871 <== mgr.14118 v2:172.21.15.152:6800/1868213162 1 ==== mgr_command_reply(tid 0: 0 ) ==== 8+0+595 (secure 0 0 0) 0x7f2fb0103ed0 con 0x7f2f98038f70
2024-09-11T22:43:38.561 INFO:teuthology.orchestra.run.smithi152.stdout:/usr/bin/ceph: stderr
2024-09-11T22:43:37.935+0000 7f2fb559e640 1 -- 172.21.15.152:0/754337871 >> [v2:172.21.15.152:6800/1868213162,v1:172.21.15.152:6801/1868213162] conn(0x7f2f98038f70 msgr2=0x7f2f9803b430 secure :-1 s=STATE_CONNECTION_ESTABLISHED l=1).mark_down
2024-09-11T22:43:38.562 INFO:teuthology.orchestra.run.smithi152.stdout:/usr/bin/ceph: stderr
2024-09-11T22:43:37.935+0000 7f2fb559e640 1 --2- 172.21.15.152:0/754337871 >> [v2:172.21.15.152:6800/1868213162,v1:172.21.15.152:6801/1868213162] conn(0x7f2f98038f70 0x7f2f9803b430 secure :-1 s=READY pgs=10 cs=0 l=1 rev1=1 crypto rx=0x7f2fa40098c0 tx=0x7f2fa4006db0 comp rx=0 tx=0).stop
2024-09-11T22:43:38.562 INFO:teuthology.orchestra.run.smithi152.stdout:/usr/bin/ceph: stderr
2024-09-11T22:43:37.935+0000 7f2fb559e640 1 -- 172.21.15.152:0/754337871 >> [v2:172.21.15.152:3300/0,v1:172.21.15.152:6789/0] conn(0x7f2fb007de20 msgr2=0x7f2fb019d600 secure :-1 s=STATE_CONNECTION_ESTABLISHED l=1).mark_down
2024-09-11T22:43:38.562 INFO:teuthology.orchestra.run.smithi152.stdout:/usr/bin/ceph: stderr
2024-09-11T22:43:37.935+0000 7f2fb559e640 1 --2- 172.21.15.152:0/754337871 >> [v2:172.21.15.152:3300/0,v1:172.21.15.152:6789/0] conn(0x7f2fb007de20 0x7f2fb019d600 secure :-1 s=READY pgs=42 cs=0 l=1 rev1=1 crypto rx=0x7f2fa0030610 tx=0x7f2fa0032670 comp rx=0 tx=0).stop
2024-09-11T22:43:38.562 INFO:teuthology.orchestra.run.smithi152.stdout:/usr/bin/ceph: stderr
2024-09-11T22:43:37.935+0000 7f2fb559e640 1 -- 172.21.15.152:0/754337871 shutdown_connections
2024-09-11T22:43:38.562 INFO:teuthology.orchestra.run.smithi152.stdout:/usr/bin/ceph: stderr
2024-09-11T22:43:37.935+0000 7f2fb559e640 1 --2- 172.21.15.152:0/754337871 >> [v2:172.21.15.152:6800/1868213162,v1:172.21.15.152:6801/1868213162] conn(0x7f2f98038f70 0x7f2f9803b430 unknown :-1 s=CLOSED pgs=10 cs=0 l=1 rev1=1 crypto rx=0 tx=0 comp rx=0 tx=0).stop
2024-09-11T22:43:38.562 INFO:teuthology.orchestra.run.smithi152.stdout:/usr/bin/ceph: stderr
2024-09-11T22:43:37.935+0000 7f2fb559e640 1 --2- 172.21.15.152:0/754337871 >> [v2:172.21.15.152:3300/0,v1:172.21.15.152:6789/0] conn(0x7f2fb007de20 0x7f2fb019d600 unknown :-1 s=CLOSED pgs=42 cs=0 l=1 rev1=1 crypto rx=0 tx=0 comp rx=0 tx=0).stop
2024-09-11T22:43:38.562 INFO:teuthology.orchestra.run.smithi152.stdout:/usr/bin/ceph: stderr
2024-09-11T22:43:37.935+0000 7f2fb559e640 1 -- 172.21.15.152:0/754337871 >> 172.21.15.152:0/754337871 conn(0x7f2fb0102c00 msgr2=0x7f2fb01037c0 unknown :-1 s=STATE_NONE l=0).mark_down
2024-09-11T22:43:38.562 INFO:teuthology.orchestra.run.smithi152.stdout:/usr/bin/ceph: stderr
2024-09-11T22:43:37.936+0000 7f2fb559e640 1 -- 172.21.15.152:0/754337871 shutdown_connections
2024-09-11T22:43:38.562 INFO:teuthology.orchestra.run.smithi152.stdout:/usr/bin/ceph: stderr
2024-09-11T22:43:37.936+0000 7f2fb559e640 1 -- 172.21.15.152:0/754337871 wait complete.
2024-09-11T22:43:38.562 INFO:teuthology.orchestra.run.smithi152.stdout:Wrote public SSH key to /home/ubuntu/cephtest/ceph.pub
2024-09-11T22:43:38.562 INFO:teuthology.orchestra.run.smithi152.stdout:Adding key to root@localhost authorized_keys...
2024-09-11T22:43:38.563 INFO:teuthology.orchestra.run.smithi152.stdout:Adding host smithi152...
2024-09-11T22:43:38.872 INFO:journalctl@ceph.mon.a.smithi152.stdout:Sep 11 22:43:38 smithi152 ceph-mon[31181]: from='client.14136 -' entity='client.admin' cmd=[{"prefix": "cephadm get-pub-key", "target": ["mon-mgr", ""]}]: dispatch
2024-09-11T22:43:39.956 INFO:journalctl@ceph.mon.a.smithi152.stdout:Sep 11 22:43:39 smithi152 ceph-mon[31181]: from='client.14138 -' entity='client.admin' cmd=[{"prefix": "orch host add", "hostname": "smithi152", "addr": "172.21.15.152", "target": ["mon-mgr", ""]}]: dispatch
2024-09-11T22:43:40.916 INFO:journalctl@ceph.mon.a.smithi152.stdout:Sep 11 22:43:40 smithi152 ceph-mon[31181]: Deploying cephadm binary to smithi152
2024-09-11T22:43:42.949 INFO:teuthology.orchestra.run.smithi152.stdout:/usr/bin/ceph: stdout Added host 'smithi152' with addr '172.21.15.152'
2024-09-11T22:43:42.950 INFO:teuthology.orchestra.run.smithi152.stdout:/usr/bin/ceph: stderr
2024-09-11T22:43:38.970+0000 7f732c8a5640 1 Processor -- start
2024-09-11T22:43:42.950 INFO:teuthology.orchestra.run.smithi152.stdout:/usr/bin/ceph: stderr
2024-09-11T22:43:38.970+0000 7f732c8a5640 1 -- start start
2024-09-11T22:43:42.950 INFO:teuthology.orchestra.run.smithi152.stdout:/usr/bin/ceph: stderr
2024-09-11T22:43:38.970+0000 7f732c8a5640 1 --2- >> [v2:172.21.15.152:3300/0,v1:172.21.15.152:6789/0] conn(0x7f7328106510 0x7f7328106910 unknown :-1 s=NONE pgs=0 cs=0 l=0 rev1=0 crypto rx=0 tx=0 comp rx=0 tx=0).connect
2024-09-11T22:43:42.950 INFO:teuthology.orchestra.run.smithi152.stdout:/usr/bin/ceph: stderr
2024-09-11T22:43:38.970+0000 7f732c8a5640 1 -- --> [v2:172.21.15.152:3300/0,v1:172.21.15.152:6789/0] -- mon_getmap magic: 0 -- 0x7f7328106ee0 con 0x7f7328106510
2024-09-11T22:43:42.950 INFO:teuthology.orchestra.run.smithi152.stdout:/usr/bin/ceph: stderr
2024-09-11T22:43:38.971+0000 7f732659c640 1 --2- >> [v2:172.21.15.152:3300/0,v1:172.21.15.152:6789/0] conn(0x7f7328106510 0x7f7328106910 unknown :-1 s=BANNER_CONNECTING pgs=0 cs=0 l=0 rev1=0 crypto rx=0 tx=0 comp rx=0 tx=0)._handle_peer_banner_payload supported=3 required=0
2024-09-11T22:43:42.950 INFO:teuthology.orchestra.run.smithi152.stdout:/usr/bin/ceph: stderr
2024-09-11T22:43:38.971+0000 7f732659c640 1 --2- >> [v2:172.21.15.152:3300/0,v1:172.21.15.152:6789/0] conn(0x7f7328106510 0x7f7328106910 unknown :-1 s=HELLO_CONNECTING pgs=0 cs=0 l=0 rev1=1 crypto rx=0 tx=0 comp rx=0 tx=0).handle_hello peer v2:172.21.15.152:3300/0 says I am v2:172.21.15.152:40556/0 (socket says 172.21.15.152:40556)
2024-09-11T22:43:42.950 INFO:teuthology.orchestra.run.smithi152.stdout:/usr/bin/ceph: stderr
2024-09-11T22:43:38.971+0000 7f732659c640 1 -- 172.21.15.152:0/1098204675 learned_addr learned my addr 172.21.15.152:0/1098204675 (peer_addr_for_me v2:172.21.15.152:0/0)
2024-09-11T22:43:42.950 INFO:teuthology.orchestra.run.smithi152.stdout:/usr/bin/ceph: stderr
2024-09-11T22:43:38.971+0000 7f732659c640 1 -- 172.21.15.152:0/1098204675 --> [v2:172.21.15.152:3300/0,v1:172.21.15.152:6789/0] -- mon_subscribe({config=0+,monmap=0+}) -- 0x7f73281076c0 con 0x7f7328106510
2024-09-11T22:43:42.950 INFO:teuthology.orchestra.run.smithi152.stdout:/usr/bin/ceph: stderr
2024-09-11T22:43:38.972+0000 7f732659c640 1 --2- 172.21.15.152:0/1098204675 >> [v2:172.21.15.152:3300/0,v1:172.21.15.152:6789/0] conn(0x7f7328106510 0x7f7328106910 secure :-1 s=READY pgs=43 cs=0 l=1 rev1=1 crypto rx=0x7f7318009820 tx=0x7f731802a270 comp rx=0 tx=0).ready entity=mon.0 client_cookie=b2e5c4bbca19d70a server_cookie=0 in_seq=0 out_seq=0
2024-09-11T22:43:42.950 INFO:teuthology.orchestra.run.smithi152.stdout:/usr/bin/ceph: stderr
2024-09-11T22:43:38.972+0000 7f732559a640 1 -- 172.21.15.152:0/1098204675 <== mon.0 v2:172.21.15.152:3300/0 1 ==== mon_map magic: 0 ==== 205+0+0 (secure 0 0 0) 0x7f7318037070 con 0x7f7328106510
2024-09-11T22:43:42.950 INFO:teuthology.orchestra.run.smithi152.stdout:/usr/bin/ceph: stderr
2024-09-11T22:43:38.972+0000 7f732559a640 1 -- 172.21.15.152:0/1098204675 <== mon.0 v2:172.21.15.152:3300/0 2 ==== config(27 keys) ==== 1109+0+0 (secure 0 0 0) 0x7f7318032900 con 0x7f7328106510
2024-09-11T22:43:42.950 INFO:teuthology.orchestra.run.smithi152.stdout:/usr/bin/ceph: stderr
2024-09-11T22:43:38.972+0000 7f732559a640 1 -- 172.21.15.152:0/1098204675 <== mon.0 v2:172.21.15.152:3300/0 3 ==== mon_map magic: 0 ==== 205+0+0 (secure 0 0 0) 0x7f7318030850 con 0x7f7328106510
2024-09-11T22:43:42.951 INFO:teuthology.orchestra.run.smithi152.stdout:/usr/bin/ceph: stderr
2024-09-11T22:43:38.972+0000 7f732c8a5640 1 -- 172.21.15.152:0/1098204675 >> [v2:172.21.15.152:3300/0,v1:172.21.15.152:6789/0] conn(0x7f7328106510 msgr2=0x7f7328106910 secure :-1 s=STATE_CONNECTION_ESTABLISHED l=1).mark_down
2024-09-11T22:43:42.951 INFO:teuthology.orchestra.run.smithi152.stdout:/usr/bin/ceph: stderr
2024-09-11T22:43:38.972+0000 7f732c8a5640 1 --2- 172.21.15.152:0/1098204675 >> [v2:172.21.15.152:3300/0,v1:172.21.15.152:6789/0] conn(0x7f7328106510 0x7f7328106910 secure :-1 s=READY pgs=43 cs=0 l=1 rev1=1 crypto rx=0x7f7318009820 tx=0x7f731802a270 comp rx=0 tx=0).stop
2024-09-11T22:43:42.951 INFO:teuthology.orchestra.run.smithi152.stdout:/usr/bin/ceph: stderr
2024-09-11T22:43:38.973+0000 7f732c8a5640 1 -- 172.21.15.152:0/1098204675 shutdown_connections
2024-09-11T22:43:42.951 INFO:teuthology.orchestra.run.smithi152.stdout:/usr/bin/ceph: stderr
2024-09-11T22:43:38.973+0000 7f732c8a5640 1 --2- 172.21.15.152:0/1098204675 >> [v2:172.21.15.152:3300/0,v1:172.21.15.152:6789/0] conn(0x7f7328106510 0x7f7328106910 unknown :-1 s=CLOSED pgs=43 cs=0 l=1 rev1=1 crypto rx=0 tx=0 comp rx=0 tx=0).stop
2024-09-11T22:43:42.951 INFO:teuthology.orchestra.run.smithi152.stdout:/usr/bin/ceph: stderr
2024-09-11T22:43:38.973+0000 7f732c8a5640 1 -- 172.21.15.152:0/1098204675 >> 172.21.15.152:0/1098204675 conn(0x7f7328101ca0 msgr2=0x7f73281040e0 unknown :-1 s=STATE_NONE l=0).mark_down
2024-09-11T22:43:42.951 INFO:teuthology.orchestra.run.smithi152.stdout:/usr/bin/ceph: stderr
2024-09-11T22:43:38.973+0000 7f732c8a5640 1 -- 172.21.15.152:0/1098204675 shutdown_connections
2024-09-11T22:43:42.952 INFO:teuthology.orchestra.run.smithi152.stdout:/usr/bin/ceph: stderr
2024-09-11T22:43:38.973+0000 7f732c8a5640 1 -- 172.21.15.152:0/1098204675 wait complete.
2024-09-11T22:43:42.952 INFO:teuthology.orchestra.run.smithi152.stdout:/usr/bin/ceph: stderr
2024-09-11T22:43:38.973+0000 7f732c8a5640 1 Processor -- start
2024-09-11T22:43:42.952 INFO:teuthology.orchestra.run.smithi152.stdout:/usr/bin/ceph: stderr
2024-09-11T22:43:38.973+0000 7f732c8a5640 1 -- start start
2024-09-11T22:43:42.952 INFO:teuthology.orchestra.run.smithi152.stdout:/usr/bin/ceph: stderr
2024-09-11T22:43:38.973+0000 7f732c8a5640 1 --2- >> [v2:172.21.15.152:3300/0,v1:172.21.15.152:6789/0] conn(0x7f7328106510 0x7f732807ba20 unknown :-1 s=NONE pgs=0 cs=0 l=1 rev1=0 crypto rx=0 tx=0 comp rx=0 tx=0).connect
2024-09-11T22:43:42.952 INFO:teuthology.orchestra.run.smithi152.stdout:/usr/bin/ceph: stderr
2024-09-11T22:43:38.973+0000 7f732c8a5640 1 -- --> [v2:172.21.15.152:3300/0,v1:172.21.15.152:6789/0] -- mon_getmap magic: 0 -- 0x7f732810aa70 con 0x7f7328106510
2024-09-11T22:43:42.952 INFO:teuthology.orchestra.run.smithi152.stdout:/usr/bin/ceph: stderr
2024-09-11T22:43:38.974+0000 7f732659c640 1 --2- >> [v2:172.21.15.152:3300/0,v1:172.21.15.152:6789/0] conn(0x7f7328106510 0x7f732807ba20 unknown :-1 s=BANNER_CONNECTING pgs=0 cs=0 l=1 rev1=0 crypto rx=0 tx=0 comp rx=0 tx=0)._handle_peer_banner_payload supported=3 required=0
2024-09-11T22:43:42.952 INFO:teuthology.orchestra.run.smithi152.stdout:/usr/bin/ceph: stderr
2024-09-11T22:43:38.974+0000 7f732659c640 1 --2- >> [v2:172.21.15.152:3300/0,v1:172.21.15.152:6789/0] conn(0x7f7328106510 0x7f732807ba20 unknown :-1 s=HELLO_CONNECTING pgs=0 cs=0 l=1 rev1=1 crypto rx=0 tx=0 comp rx=0 tx=0).handle_hello peer v2:172.21.15.152:3300/0 says I am v2:172.21.15.152:40570/0 (socket says 172.21.15.152:40570)
2024-09-11T22:43:42.952 INFO:teuthology.orchestra.run.smithi152.stdout:/usr/bin/ceph: stderr
2024-09-11T22:43:38.974+0000 7f732659c640 1 -- 172.21.15.152:0/1623142922 learned_addr learned my addr 172.21.15.152:0/1623142922 (peer_addr_for_me v2:172.21.15.152:0/0)
2024-09-11T22:43:42.952 INFO:teuthology.orchestra.run.smithi152.stdout:/usr/bin/ceph: stderr
2024-09-11T22:43:38.974+0000 7f732659c640 1 -- 172.21.15.152:0/1623142922 --> [v2:172.21.15.152:3300/0,v1:172.21.15.152:6789/0] -- mon_subscribe({config=0+,monmap=0+}) -- 0x7f732819e3b0 con 0x7f7328106510
2024-09-11T22:43:42.952 INFO:teuthology.orchestra.run.smithi152.stdout:/usr/bin/ceph: stderr
2024-09-11T22:43:38.974+0000 7f732659c640 1 --2- 172.21.15.152:0/1623142922 >> [v2:172.21.15.152:3300/0,v1:172.21.15.152:6789/0] conn(0x7f7328106510 0x7f732807ba20 secure :-1 s=READY pgs=44 cs=0 l=1 rev1=1 crypto rx=0x7f7318009940 tx=0x7f73180326e0 comp rx=0 tx=0).ready entity=mon.0 client_cookie=0 server_cookie=0 in_seq=0 out_seq=0
2024-09-11T22:43:42.952 INFO:teuthology.orchestra.run.smithi152.stdout:/usr/bin/ceph: stderr
2024-09-11T22:43:38.974+0000 7f73177fe640 1 -- 172.21.15.152:0/1623142922 <== mon.0 v2:172.21.15.152:3300/0 1 ==== mon_map magic: 0 ==== 205+0+0 (secure 0 0 0) 0x7f7318042070 con 0x7f7328106510
2024-09-11T22:43:42.952 INFO:teuthology.orchestra.run.smithi152.stdout:/usr/bin/ceph: stderr
2024-09-11T22:43:38.974+0000 7f73177fe640 1 -- 172.21.15.152:0/1623142922 <== mon.0 v2:172.21.15.152:3300/0 2 ==== config(27 keys) ==== 1109+0+0 (secure 0 0 0) 0x7f7318032be0 con 0x7f7328106510
2024-09-11T22:43:42.953 INFO:teuthology.orchestra.run.smithi152.stdout:/usr/bin/ceph: stderr
2024-09-11T22:43:38.974+0000 7f732c8a5640 1 -- 172.21.15.152:0/1623142922 --> [v2:172.21.15.152:3300/0,v1:172.21.15.152:6789/0] -- mon_subscribe({mgrmap=0+}) -- 0x7f732819e580 con 0x7f7328106510
2024-09-11T22:43:42.953 INFO:teuthology.orchestra.run.smithi152.stdout:/usr/bin/ceph: stderr
2024-09-11T22:43:38.974+0000 7f73177fe640 1 -- 172.21.15.152:0/1623142922 <== mon.0 v2:172.21.15.152:3300/0 3 ==== mon_map magic: 0 ==== 205+0+0 (secure 0 0 0) 0x7f7318037040 con 0x7f7328106510
2024-09-11T22:43:42.953 INFO:teuthology.orchestra.run.smithi152.stdout:/usr/bin/ceph: stderr
2024-09-11T22:43:38.974+0000 7f732c8a5640 1 -- 172.21.15.152:0/1623142922 --> [v2:172.21.15.152:3300/0,v1:172.21.15.152:6789/0] -- mon_subscribe({osdmap=0}) -- 0x7f732819e920 con 0x7f7328106510
2024-09-11T22:43:42.953 INFO:teuthology.orchestra.run.smithi152.stdout:/usr/bin/ceph: stderr
2024-09-11T22:43:38.975+0000 7f73177fe640 1 -- 172.21.15.152:0/1623142922 <== mon.0 v2:172.21.15.152:3300/0 4 ==== mgrmap(e 8) ==== 46287+0+0 (secure 0 0 0) 0x7f7318045070 con 0x7f7328106510
2024-09-11T22:43:42.953 INFO:teuthology.orchestra.run.smithi152.stdout:/usr/bin/ceph: stderr
2024-09-11T22:43:38.975+0000 7f732c8a5640 1 -- 172.21.15.152:0/1623142922 --> [v2:172.21.15.152:3300/0,v1:172.21.15.152:6789/0] -- mon_command({"prefix": "get_command_descriptions"} v 0) -- 0x7f7328106990 con 0x7f7328106510
2024-09-11T22:43:42.953 INFO:teuthology.orchestra.run.smithi152.stdout:/usr/bin/ceph: stderr
2024-09-11T22:43:38.975+0000 7f73177fe640 1 --2- 172.21.15.152:0/1623142922 >> [v2:172.21.15.152:6800/1868213162,v1:172.21.15.152:6801/1868213162] conn(0x7f7310038f70 0x7f731003b430 unknown :-1 s=NONE pgs=0 cs=0 l=1 rev1=0 crypto rx=0 tx=0 comp rx=0 tx=0).connect
2024-09-11T22:43:42.953 INFO:teuthology.orchestra.run.smithi152.stdout:/usr/bin/ceph: stderr
2024-09-11T22:43:38.975+0000 7f73177fe640 1 -- 172.21.15.152:0/1623142922 <== mon.0 v2:172.21.15.152:3300/0 5 ==== osd_map(2..2 src has 1..2) ==== 940+0+0 (secure 0 0 0) 0x7f731806c150 con 0x7f7328106510
2024-09-11T22:43:42.953 INFO:teuthology.orchestra.run.smithi152.stdout:/usr/bin/ceph: stderr
2024-09-11T22:43:38.975+0000 7f7325d9b640 1 --2- 172.21.15.152:0/1623142922 >> [v2:172.21.15.152:6800/1868213162,v1:172.21.15.152:6801/1868213162] conn(0x7f7310038f70 0x7f731003b430 unknown :-1 s=BANNER_CONNECTING pgs=0 cs=0 l=1 rev1=0 crypto rx=0 tx=0 comp rx=0 tx=0)._handle_peer_banner_payload supported=3 required=0
2024-09-11T22:43:42.953 INFO:teuthology.orchestra.run.smithi152.stdout:/usr/bin/ceph: stderr
2024-09-11T22:43:38.976+0000 7f7325d9b640 1 --2- 172.21.15.152:0/1623142922 >> [v2:172.21.15.152:6800/1868213162,v1:172.21.15.152:6801/1868213162] conn(0x7f7310038f70 0x7f731003b430 secure :-1 s=READY pgs=11 cs=0 l=1 rev1=1 crypto rx=0x7f731c0098c0 tx=0x7f731c006db0 comp rx=0 tx=0).ready entity=mgr.14118 client_cookie=0 server_cookie=0 in_seq=0 out_seq=0
2024-09-11T22:43:42.953 INFO:teuthology.orchestra.run.smithi152.stdout:/usr/bin/ceph: stderr
2024-09-11T22:43:38.980+0000 7f73177fe640 1 -- 172.21.15.152:0/1623142922 <== mon.0 v2:172.21.15.152:3300/0 6 ==== mon_command_ack([{"prefix": "get_command_descriptions"}]=0 v0) ==== 72+0+188821 (secure 0 0 0) 0x7f7318045e10 con 0x7f7328106510
2024-09-11T22:43:42.953 INFO:teuthology.orchestra.run.smithi152.stdout:/usr/bin/ceph: stderr
2024-09-11T22:43:39.150+0000 7f732c8a5640 1 -- 172.21.15.152:0/1623142922 --> [v2:172.21.15.152:6800/1868213162,v1:172.21.15.152:6801/1868213162] -- mgr_command(tid 0: {"prefix": "orch host add", "hostname": "smithi152", "addr": "172.21.15.152", "target": ["mon-mgr", ""]}) -- 0x7f7328102f40 con 0x7f7310038f70
2024-09-11T22:43:42.953 INFO:teuthology.orchestra.run.smithi152.stdout:/usr/bin/ceph: stderr
2024-09-11T22:43:42.360+0000 7f73177fe640 1 -- 172.21.15.152:0/1623142922 <== mgr.14118 v2:172.21.15.152:6800/1868213162 1 ==== mgr_command_reply(tid 0: 0 ) ==== 8+0+49 (secure 0 0 0) 0x7f7328102f40 con 0x7f7310038f70
2024-09-11T22:43:42.953 INFO:teuthology.orchestra.run.smithi152.stdout:/usr/bin/ceph: stderr
2024-09-11T22:43:42.362+0000 7f732c8a5640 1 -- 172.21.15.152:0/1623142922 >> [v2:172.21.15.152:6800/1868213162,v1:172.21.15.152:6801/1868213162] conn(0x7f7310038f70 msgr2=0x7f731003b430 secure :-1 s=STATE_CONNECTION_ESTABLISHED l=1).mark_down
2024-09-11T22:43:42.954 INFO:teuthology.orchestra.run.smithi152.stdout:/usr/bin/ceph: stderr
2024-09-11T22:43:42.363+0000 7f732c8a5640 1 --2- 172.21.15.152:0/1623142922 >> [v2:172.21.15.152:6800/1868213162,v1:172.21.15.152:6801/1868213162] conn(0x7f7310038f70 0x7f731003b430 secure :-1 s=READY pgs=11 cs=0 l=1 rev1=1 crypto rx=0x7f731c0098c0 tx=0x7f731c006db0 comp rx=0 tx=0).stop
2024-09-11T22:43:42.954 INFO:teuthology.orchestra.run.smithi152.stdout:/usr/bin/ceph: stderr
2024-09-11T22:43:42.363+0000 7f732c8a5640 1 -- 172.21.15.152:0/1623142922 >> [v2:172.21.15.152:3300/0,v1:172.21.15.152:6789/0] conn(0x7f7328106510 msgr2=0x7f732807ba20 secure :-1 s=STATE_CONNECTION_ESTABLISHED l=1).mark_down
2024-09-11T22:43:42.954 INFO:teuthology.orchestra.run.smithi152.stdout:/usr/bin/ceph: stderr
2024-09-11T22:43:42.363+0000 7f732c8a5640 1 --2- 172.21.15.152:0/1623142922 >> [v2:172.21.15.152:3300/0,v1:172.21.15.152:6789/0] conn(0x7f7328106510 0x7f732807ba20 secure :-1 s=READY pgs=44 cs=0 l=1 rev1=1 crypto rx=0x7f7318009940 tx=0x7f73180326e0 comp rx=0 tx=0).stop
2024-09-11T22:43:42.954 INFO:teuthology.orchestra.run.smithi152.stdout:/usr/bin/ceph: stderr
2024-09-11T22:43:42.363+0000 7f732c8a5640 1 -- 172.21.15.152:0/1623142922 shutdown_connections
2024-09-11T22:43:42.954 INFO:teuthology.orchestra.run.smithi152.stdout:/usr/bin/ceph: stderr
2024-09-11T22:43:42.363+0000 7f732c8a5640 1 --2- 172.21.15.152:0/1623142922 >> [v2:172.21.15.152:6800/1868213162,v1:172.21.15.152:6801/1868213162] conn(0x7f7310038f70 0x7f731003b430 unknown :-1 s=CLOSED pgs=11 cs=0 l=1 rev1=1 crypto rx=0 tx=0 comp rx=0 tx=0).stop
2024-09-11T22:43:42.954 INFO:teuthology.orchestra.run.smithi152.stdout:/usr/bin/ceph: stderr
