2024-09-11T22:43:57.277+0000 7eff9283d640 1 --2- 172.21.15.152:0/763261071 >> [v2:172.21.15.152:3300/0,v1:172.21.15.152:6789/0] conn(0x7eff8c108100 0x7eff8c107980 unknown :-1 s=CLOSED pgs=69 cs=0 l=1 rev1=1 crypto rx=0 tx=0 comp rx=0 tx=0).stop
2024-09-11T22:43:57.896 INFO:teuthology.orchestra.run.smithi152.stdout:/usr/bin/ceph: stderr
2024-09-11T22:43:57.277+0000 7eff9283d640 1 -- 172.21.15.152:0/763261071 >> 172.21.15.152:0/763261071 conn(0x7eff8c101ca0 msgr2=0x7eff8c102870 unknown :-1 s=STATE_NONE l=0).mark_down
2024-09-11T22:43:57.896 INFO:teuthology.orchestra.run.smithi152.stdout:/usr/bin/ceph: stderr
2024-09-11T22:43:57.278+0000 7eff9283d640 1 -- 172.21.15.152:0/763261071 shutdown_connections
2024-09-11T22:43:57.896 INFO:teuthology.orchestra.run.smithi152.stdout:/usr/bin/ceph: stderr
2024-09-11T22:43:57.278+0000 7eff9283d640 1 -- 172.21.15.152:0/763261071 wait complete.
2024-09-11T22:43:57.896 INFO:teuthology.orchestra.run.smithi152.stdout:Creating initial admin user...
2024-09-11T22:43:58.010 INFO:journalctl@ceph.mon.a.smithi152.stdout:Sep 11 22:43:57 smithi152 ceph-mon[31181]: [11/Sep/2024:22:43:55] ENGINE Serving on https://172.21.15.152:7150
2024-09-11T22:43:58.010 INFO:journalctl@ceph.mon.a.smithi152.stdout:Sep 11 22:43:57 smithi152 ceph-mon[31181]: [11/Sep/2024:22:43:55] ENGINE Error in HTTPServer.serve
2024-09-11T22:43:58.011 INFO:journalctl@ceph.mon.a.smithi152.stdout: Traceback (most recent call last):
2024-09-11T22:43:58.011 INFO:journalctl@ceph.mon.a.smithi152.stdout: File "/lib/python3.9/site-packages/cheroot/server.py", line 1823, in serve
2024-09-11T22:43:58.011 INFO:journalctl@ceph.mon.a.smithi152.stdout: self._connections.run(self.expiration_interval)
2024-09-11T22:43:58.011 INFO:journalctl@ceph.mon.a.smithi152.stdout: File "/lib/python3.9/site-packages/cheroot/connections.py", line 203, in run
2024-09-11T22:43:58.011 INFO:journalctl@ceph.mon.a.smithi152.stdout: self._run(expiration_interval)
2024-09-11T22:43:58.011 INFO:journalctl@ceph.mon.a.smithi152.stdout: File "/lib/python3.9/site-packages/cheroot/connections.py", line 246, in _run
2024-09-11T22:43:58.011 INFO:journalctl@ceph.mon.a.smithi152.stdout: new_conn = self._from_server_socket(self.server.socket)
2024-09-11T22:43:58.011 INFO:journalctl@ceph.mon.a.smithi152.stdout: File "/lib/python3.9/site-packages/cheroot/connections.py", line 300, in _from_server_socket
2024-09-11T22:43:58.011 INFO:journalctl@ceph.mon.a.smithi152.stdout: s, ssl_env = self.server.ssl_adapter.wrap(s)
2024-09-11T22:43:58.011 INFO:journalctl@ceph.mon.a.smithi152.stdout: File "/lib/python3.9/site-packages/cheroot/ssl/builtin.py", line 277, in wrap
2024-09-11T22:43:58.011 INFO:journalctl@ceph.mon.a.smithi152.stdout: s = self.context.wrap_socket(
2024-09-11T22:43:58.011 INFO:journalctl@ceph.mon.a.smithi152.stdout: File "/lib64/python3.9/ssl.py", line 501, in wrap_socket
2024-09-11T22:43:58.011 INFO:journalctl@ceph.mon.a.smithi152.stdout: return self.sslsocket_class._create(
2024-09-11T22:43:58.012 INFO:journalctl@ceph.mon.a.smithi152.stdout: File "/lib64/python3.9/ssl.py", line 1074, in _create
2024-09-11T22:43:58.012 INFO:journalctl@ceph.mon.a.smithi152.stdout: self.do_handshake()
2024-09-11T22:43:58.012 INFO:journalctl@ceph.mon.a.smithi152.stdout: File "/lib64/python3.9/ssl.py", line 1343, in do_handshake
2024-09-11T22:43:58.012 INFO:journalctl@ceph.mon.a.smithi152.stdout: self._sslobj.do_handshake()
2024-09-11T22:43:58.012 INFO:journalctl@ceph.mon.a.smithi152.stdout: ssl.SSLZeroReturnError: TLS/SSL connection has been closed (EOF) (_ssl.c:1133)
2024-09-11T22:43:58.012 INFO:journalctl@ceph.mon.a.smithi152.stdout:Sep 11 22:43:57 smithi152 ceph-mon[31181]: [11/Sep/2024:22:43:56] ENGINE Serving on http://172.21.15.152:8765
2024-09-11T22:43:58.012 INFO:journalctl@ceph.mon.a.smithi152.stdout:Sep 11 22:43:57 smithi152 ceph-mon[31181]: [11/Sep/2024:22:43:56] ENGINE Bus STARTED
2024-09-11T22:43:58.012 INFO:journalctl@ceph.mon.a.smithi152.stdout:Sep 11 22:43:57 smithi152 ceph-mon[31181]: mgrmap e12: x(active, since 2s)
2024-09-11T22:43:58.012 INFO:journalctl@ceph.mon.a.smithi152.stdout:Sep 11 22:43:57 smithi152 ceph-mon[31181]: from='mgr.14150 172.21.15.152:0/1902049444' entity='mgr.x'
2024-09-11T22:43:58.012 INFO:journalctl@ceph.mon.a.smithi152.stdout:Sep 11 22:43:57 smithi152 ceph-mon[31181]: from='mgr.14150 172.21.15.152:0/1902049444' entity='mgr.x'
2024-09-11T22:43:58.012 INFO:journalctl@ceph.mon.a.smithi152.stdout:Sep 11 22:43:57 smithi152 ceph-mon[31181]: from='mgr.14150 172.21.15.152:0/1902049444' entity='mgr.x'
2024-09-11T22:43:58.969 INFO:journalctl@ceph.mon.a.smithi152.stdout:Sep 11 22:43:58 smithi152 ceph-mon[31181]: from='client.14162 -' entity='client.admin' cmd=[{"prefix": "dashboard create-self-signed-cert", "target": ["mon-mgr", ""]}]: dispatch
2024-09-11T22:43:58.970 INFO:journalctl@ceph.mon.a.smithi152.stdout:Sep 11 22:43:58 smithi152 ceph-mon[31181]: from='mgr.14150 172.21.15.152:0/1902049444' entity='mgr.x'
2024-09-11T22:43:59.568 INFO:teuthology.orchestra.run.smithi152.stdout:/usr/bin/ceph: stdout {"username": "admin", "password": "$2b$12$mq7Bvz2NQvIZhUMDz21xS.m.sQ4hGceegwORe4haqBBC9LOcr8.Vi", "roles": ["administrator"], "name": null, "email": null, "lastUpdate": 1726094638, "enabled": true, "pwdExpirationDate": null, "pwdUpdateRequired": true}
2024-09-11T22:43:59.568 INFO:teuthology.orchestra.run.smithi152.stdout:/usr/bin/ceph: stderr
2024-09-11T22:43:58.293+0000 7f7f4f0cc640 1 Processor -- start
2024-09-11T22:43:59.568 INFO:teuthology.orchestra.run.smithi152.stdout:/usr/bin/ceph: stderr
2024-09-11T22:43:58.293+0000 7f7f4f0cc640 1 -- start start
2024-09-11T22:43:59.568 INFO:teuthology.orchestra.run.smithi152.stdout:/usr/bin/ceph: stderr
2024-09-11T22:43:58.293+0000 7f7f4f0cc640 1 --2- >> [v2:172.21.15.152:3300/0,v1:172.21.15.152:6789/0] conn(0x7f7f48107620 0x7f7f48107a20 unknown :-1 s=NONE pgs=0 cs=0 l=0 rev1=0 crypto rx=0 tx=0 comp rx=0 tx=0).connect
2024-09-11T22:43:59.568 INFO:teuthology.orchestra.run.smithi152.stdout:/usr/bin/ceph: stderr
2024-09-11T22:43:58.293+0000 7f7f4f0cc640 1 -- --> [v2:172.21.15.152:3300/0,v1:172.21.15.152:6789/0] -- mon_getmap magic: 0 -- 0x7f7f48107ff0 con 0x7f7f48107620
2024-09-11T22:43:59.568 INFO:teuthology.orchestra.run.smithi152.stdout:/usr/bin/ceph: stderr
2024-09-11T22:43:58.293+0000 7f7f4ce68640 1 --2- >> [v2:172.21.15.152:3300/0,v1:172.21.15.152:6789/0] conn(0x7f7f48107620 0x7f7f48107a20 unknown :-1 s=BANNER_CONNECTING pgs=0 cs=0 l=0 rev1=0 crypto rx=0 tx=0 comp rx=0 tx=0)._handle_peer_banner_payload supported=3 required=0
2024-09-11T22:43:59.568 INFO:teuthology.orchestra.run.smithi152.stdout:/usr/bin/ceph: stderr
2024-09-11T22:43:58.293+0000 7f7f4ce68640 1 --2- >> [v2:172.21.15.152:3300/0,v1:172.21.15.152:6789/0] conn(0x7f7f48107620 0x7f7f48107a20 unknown :-1 s=HELLO_CONNECTING pgs=0 cs=0 l=0 rev1=1 crypto rx=0 tx=0 comp rx=0 tx=0).handle_hello peer v2:172.21.15.152:3300/0 says I am v2:172.21.15.152:44370/0 (socket says 172.21.15.152:44370)
2024-09-11T22:43:59.568 INFO:teuthology.orchestra.run.smithi152.stdout:/usr/bin/ceph: stderr
2024-09-11T22:43:58.293+0000 7f7f4ce68640 1 -- 172.21.15.152:0/1510097179 learned_addr learned my addr 172.21.15.152:0/1510097179 (peer_addr_for_me v2:172.21.15.152:0/0)
2024-09-11T22:43:59.569 INFO:teuthology.orchestra.run.smithi152.stdout:/usr/bin/ceph: stderr
2024-09-11T22:43:58.293+0000 7f7f4ce68640 1 -- 172.21.15.152:0/1510097179 --> [v2:172.21.15.152:3300/0,v1:172.21.15.152:6789/0] -- mon_subscribe({config=0+,monmap=0+}) -- 0x7f7f48108820 con 0x7f7f48107620
2024-09-11T22:43:59.569 INFO:teuthology.orchestra.run.smithi152.stdout:/usr/bin/ceph: stderr
2024-09-11T22:43:58.294+0000 7f7f4ce68640 1 --2- 172.21.15.152:0/1510097179 >> [v2:172.21.15.152:3300/0,v1:172.21.15.152:6789/0] conn(0x7f7f48107620 0x7f7f48107a20 secure :-1 s=READY pgs=70 cs=0 l=1 rev1=1 crypto rx=0x7f7f3c009820 tx=0x7f7f3c02a270 comp rx=0 tx=0).ready entity=mon.0 client_cookie=3c9dd37648d5853b server_cookie=0 in_seq=0 out_seq=0
2024-09-11T22:43:59.569 INFO:teuthology.orchestra.run.smithi152.stdout:/usr/bin/ceph: stderr
2024-09-11T22:43:58.295+0000 7f7f477fe640 1 -- 172.21.15.152:0/1510097179 <== mon.0 v2:172.21.15.152:3300/0 1 ==== mon_map magic: 0 ==== 205+0+0 (secure 0 0 0) 0x7f7f3c037070 con 0x7f7f48107620
2024-09-11T22:43:59.569 INFO:teuthology.orchestra.run.smithi152.stdout:/usr/bin/ceph: stderr
2024-09-11T22:43:58.295+0000 7f7f477fe640 1 -- 172.21.15.152:0/1510097179 <== mon.0 v2:172.21.15.152:3300/0 2 ==== config(27 keys) ==== 1140+0+0 (secure 0 0 0) 0x7f7f3c032920 con 0x7f7f48107620
2024-09-11T22:43:59.569 INFO:teuthology.orchestra.run.smithi152.stdout:/usr/bin/ceph: stderr
2024-09-11T22:43:58.295+0000 7f7f477fe640 1 -- 172.21.15.152:0/1510097179 <== mon.0 v2:172.21.15.152:3300/0 3 ==== mon_map magic: 0 ==== 205+0+0 (secure 0 0 0) 0x7f7f3c030810 con 0x7f7f48107620
2024-09-11T22:43:59.569 INFO:teuthology.orchestra.run.smithi152.stdout:/usr/bin/ceph: stderr
2024-09-11T22:43:58.296+0000 7f7f4f0cc640 1 -- 172.21.15.152:0/1510097179 >> [v2:172.21.15.152:3300/0,v1:172.21.15.152:6789/0] conn(0x7f7f48107620 msgr2=0x7f7f48107a20 secure :-1 s=STATE_CONNECTION_ESTABLISHED l=1).mark_down
2024-09-11T22:43:59.569 INFO:teuthology.orchestra.run.smithi152.stdout:/usr/bin/ceph: stderr
2024-09-11T22:43:58.296+0000 7f7f4f0cc640 1 --2- 172.21.15.152:0/1510097179 >> [v2:172.21.15.152:3300/0,v1:172.21.15.152:6789/0] conn(0x7f7f48107620 0x7f7f48107a20 secure :-1 s=READY pgs=70 cs=0 l=1 rev1=1 crypto rx=0x7f7f3c009820 tx=0x7f7f3c02a270 comp rx=0 tx=0).stop
2024-09-11T22:43:59.569 INFO:teuthology.orchestra.run.smithi152.stdout:/usr/bin/ceph: stderr
2024-09-11T22:43:58.296+0000 7f7f4f0cc640 1 -- 172.21.15.152:0/1510097179 shutdown_connections
2024-09-11T22:43:59.569 INFO:teuthology.orchestra.run.smithi152.stdout:/usr/bin/ceph: stderr
2024-09-11T22:43:58.296+0000 7f7f4f0cc640 1 --2- 172.21.15.152:0/1510097179 >> [v2:172.21.15.152:3300/0,v1:172.21.15.152:6789/0] conn(0x7f7f48107620 0x7f7f48107a20 unknown :-1 s=CLOSED pgs=70 cs=0 l=1 rev1=1 crypto rx=0 tx=0 comp rx=0 tx=0).stop
2024-09-11T22:43:59.569 INFO:teuthology.orchestra.run.smithi152.stdout:/usr/bin/ceph: stderr
2024-09-11T22:43:58.296+0000 7f7f4f0cc640 1 -- 172.21.15.152:0/1510097179 >> 172.21.15.152:0/1510097179 conn(0x7f7f48102db0 msgr2=0x7f7f481051f0 unknown :-1 s=STATE_NONE l=0).mark_down
2024-09-11T22:43:59.569 INFO:teuthology.orchestra.run.smithi152.stdout:/usr/bin/ceph: stderr
2024-09-11T22:43:58.296+0000 7f7f4f0cc640 1 -- 172.21.15.152:0/1510097179 shutdown_connections
2024-09-11T22:43:59.569 INFO:teuthology.orchestra.run.smithi152.stdout:/usr/bin/ceph: stderr
2024-09-11T22:43:58.296+0000 7f7f4f0cc640 1 -- 172.21.15.152:0/1510097179 wait complete.
2024-09-11T22:43:59.570 INFO:teuthology.orchestra.run.smithi152.stdout:/usr/bin/ceph: stderr
2024-09-11T22:43:58.296+0000 7f7f4f0cc640 1 Processor -- start
2024-09-11T22:43:59.570 INFO:teuthology.orchestra.run.smithi152.stdout:/usr/bin/ceph: stderr
2024-09-11T22:43:58.296+0000 7f7f4f0cc640 1 -- start start
2024-09-11T22:43:59.570 INFO:teuthology.orchestra.run.smithi152.stdout:/usr/bin/ceph: stderr
2024-09-11T22:43:58.296+0000 7f7f4f0cc640 1 --2- >> [v2:172.21.15.152:3300/0,v1:172.21.15.152:6789/0] conn(0x7f7f48107620 0x7f7f4819b690 unknown :-1 s=NONE pgs=0 cs=0 l=1 rev1=0 crypto rx=0 tx=0 comp rx=0 tx=0).connect
2024-09-11T22:43:59.570 INFO:teuthology.orchestra.run.smithi152.stdout:/usr/bin/ceph: stderr
2024-09-11T22:43:58.296+0000 7f7f4f0cc640 1 -- --> [v2:172.21.15.152:3300/0,v1:172.21.15.152:6789/0] -- mon_getmap magic: 0 -- 0x7f7f4810bbd0 con 0x7f7f48107620
2024-09-11T22:43:59.570 INFO:teuthology.orchestra.run.smithi152.stdout:/usr/bin/ceph: stderr
2024-09-11T22:43:58.297+0000 7f7f4ce68640 1 --2- >> [v2:172.21.15.152:3300/0,v1:172.21.15.152:6789/0] conn(0x7f7f48107620 0x7f7f4819b690 unknown :-1 s=BANNER_CONNECTING pgs=0 cs=0 l=1 rev1=0 crypto rx=0 tx=0 comp rx=0 tx=0)._handle_peer_banner_payload supported=3 required=0
2024-09-11T22:43:59.570 INFO:teuthology.orchestra.run.smithi152.stdout:/usr/bin/ceph: stderr
2024-09-11T22:43:58.297+0000 7f7f4ce68640 1 --2- >> [v2:172.21.15.152:3300/0,v1:172.21.15.152:6789/0] conn(0x7f7f48107620 0x7f7f4819b690 unknown :-1 s=HELLO_CONNECTING pgs=0 cs=0 l=1 rev1=1 crypto rx=0 tx=0 comp rx=0 tx=0).handle_hello peer v2:172.21.15.152:3300/0 says I am v2:172.21.15.152:44374/0 (socket says 172.21.15.152:44374)
2024-09-11T22:43:59.570 INFO:teuthology.orchestra.run.smithi152.stdout:/usr/bin/ceph: stderr
2024-09-11T22:43:58.297+0000 7f7f4ce68640 1 -- 172.21.15.152:0/2766455952 learned_addr learned my addr 172.21.15.152:0/2766455952 (peer_addr_for_me v2:172.21.15.152:0/0)
2024-09-11T22:43:59.570 INFO:teuthology.orchestra.run.smithi152.stdout:/usr/bin/ceph: stderr
2024-09-11T22:43:58.297+0000 7f7f4ce68640 1 -- 172.21.15.152:0/2766455952 --> [v2:172.21.15.152:3300/0,v1:172.21.15.152:6789/0] -- mon_subscribe({config=0+,monmap=0+}) -- 0x7f7f4819bbd0 con 0x7f7f48107620
2024-09-11T22:43:59.570 INFO:teuthology.orchestra.run.smithi152.stdout:/usr/bin/ceph: stderr
2024-09-11T22:43:58.297+0000 7f7f4ce68640 1 --2- 172.21.15.152:0/2766455952 >> [v2:172.21.15.152:3300/0,v1:172.21.15.152:6789/0] conn(0x7f7f48107620 0x7f7f4819b690 secure :-1 s=READY pgs=71 cs=0 l=1 rev1=1 crypto rx=0x7f7f3c0097f0 tx=0x7f7f3c0327b0 comp rx=0 tx=0).ready entity=mon.0 client_cookie=0 server_cookie=0 in_seq=0 out_seq=0
2024-09-11T22:43:59.570 INFO:teuthology.orchestra.run.smithi152.stdout:/usr/bin/ceph: stderr
2024-09-11T22:43:58.297+0000 7f7f45ffb640 1 -- 172.21.15.152:0/2766455952 <== mon.0 v2:172.21.15.152:3300/0 1 ==== mon_map magic: 0 ==== 205+0+0 (secure 0 0 0) 0x7f7f3c037040 con 0x7f7f48107620
2024-09-11T22:43:59.570 INFO:teuthology.orchestra.run.smithi152.stdout:/usr/bin/ceph: stderr
2024-09-11T22:43:58.297+0000 7f7f45ffb640 1 -- 172.21.15.152:0/2766455952 <== mon.0 v2:172.21.15.152:3300/0 2 ==== config(27 keys) ==== 1140+0+0 (secure 0 0 0) 0x7f7f3c030c40 con 0x7f7f48107620
2024-09-11T22:43:59.570 INFO:teuthology.orchestra.run.smithi152.stdout:/usr/bin/ceph: stderr
2024-09-11T22:43:58.297+0000 7f7f45ffb640 1 -- 172.21.15.152:0/2766455952 <== mon.0 v2:172.21.15.152:3300/0 3 ==== mon_map magic: 0 ==== 205+0+0 (secure 0 0 0) 0x7f7f3c03a5b0 con 0x7f7f48107620
2024-09-11T22:43:59.570 INFO:teuthology.orchestra.run.smithi152.stdout:/usr/bin/ceph: stderr
2024-09-11T22:43:58.297+0000 7f7f4f0cc640 1 -- 172.21.15.152:0/2766455952 --> [v2:172.21.15.152:3300/0,v1:172.21.15.152:6789/0] -- mon_subscribe({mgrmap=0+}) -- 0x7f7f4819be60 con 0x7f7f48107620
2024-09-11T22:43:59.570 INFO:teuthology.orchestra.run.smithi152.stdout:/usr/bin/ceph: stderr
2024-09-11T22:43:58.297+0000 7f7f4f0cc640 1 -- 172.21.15.152:0/2766455952 --> [v2:172.21.15.152:3300/0,v1:172.21.15.152:6789/0] -- mon_subscribe({osdmap=0}) -- 0x7f7f4819eb50 con 0x7f7f48107620
2024-09-11T22:43:59.571 INFO:teuthology.orchestra.run.smithi152.stdout:/usr/bin/ceph: stderr
2024-09-11T22:43:58.298+0000 7f7f45ffb640 1 -- 172.21.15.152:0/2766455952 <== mon.0 v2:172.21.15.152:3300/0 4 ==== mgrmap(e 12) ==== 46300+0+0 (secure 0 0 0) 0x7f7f3c03a7f0 con 0x7f7f48107620
2024-09-11T22:43:59.571 INFO:teuthology.orchestra.run.smithi152.stdout:/usr/bin/ceph: stderr
2024-09-11T22:43:58.298+0000 7f7f45ffb640 1 --2- 172.21.15.152:0/2766455952 >> [v2:172.21.15.152:6800/3438861948,v1:172.21.15.152:6801/3438861948] conn(0x7f7f38038fc0 0x7f7f3803b480 unknown :-1 s=NONE pgs=0 cs=0 l=1 rev1=0 crypto rx=0 tx=0 comp rx=0 tx=0).connect
2024-09-11T22:43:59.571 INFO:teuthology.orchestra.run.smithi152.stdout:/usr/bin/ceph: stderr
2024-09-11T22:43:58.298+0000 7f7f45ffb640 1 -- 172.21.15.152:0/2766455952 <== mon.0 v2:172.21.15.152:3300/0 5 ==== osd_map(3..3 src has 1..3) ==== 1155+0+0 (secure 0 0 0) 0x7f7f3c06c4f0 con 0x7f7f48107620
2024-09-11T22:43:59.571 INFO:teuthology.orchestra.run.smithi152.stdout:/usr/bin/ceph: stderr
2024-09-11T22:43:58.298+0000 7f7f4f0cc640 1 -- 172.21.15.152:0/2766455952 --> [v2:172.21.15.152:3300/0,v1:172.21.15.152:6789/0] -- mon_command({"prefix": "get_command_descriptions"} v 0) -- 0x7f7f4810bd50 con 0x7f7f48107620
2024-09-11T22:43:59.571 INFO:teuthology.orchestra.run.smithi152.stdout:/usr/bin/ceph: stderr
2024-09-11T22:43:58.299+0000 7f7f47fff640 1 --2- 172.21.15.152:0/2766455952 >> [v2:172.21.15.152:6800/3438861948,v1:172.21.15.152:6801/3438861948] conn(0x7f7f38038fc0 0x7f7f3803b480 unknown :-1 s=BANNER_CONNECTING pgs=0 cs=0 l=1 rev1=0 crypto rx=0 tx=0 comp rx=0 tx=0)._handle_peer_banner_payload supported=3 required=0
2024-09-11T22:43:59.571 INFO:teuthology.orchestra.run.smithi152.stdout:/usr/bin/ceph: stderr
2024-09-11T22:43:58.299+0000 7f7f47fff640 1 --2- 172.21.15.152:0/2766455952 >> [v2:172.21.15.152:6800/3438861948,v1:172.21.15.152:6801/3438861948] conn(0x7f7f38038fc0 0x7f7f3803b480 secure :-1 s=READY pgs=8 cs=0 l=1 rev1=1 crypto rx=0x7f7f340098c0 tx=0x7f7f34006db0 comp rx=0 tx=0).ready entity=mgr.14150 client_cookie=0 server_cookie=0 in_seq=0 out_seq=0
2024-09-11T22:43:59.571 INFO:teuthology.orchestra.run.smithi152.stdout:/usr/bin/ceph: stderr
2024-09-11T22:43:58.303+0000 7f7f45ffb640 1 -- 172.21.15.152:0/2766455952 <== mon.0 v2:172.21.15.152:3300/0 6 ==== mon_command_ack([{"prefix": "get_command_descriptions"}]=0 v0) ==== 72+0+188821 (secure 0 0 0) 0x7f7f3c0371e0 con 0x7f7f48107620
2024-09-11T22:43:59.571 INFO:teuthology.orchestra.run.smithi152.stdout:/usr/bin/ceph: stderr
2024-09-11T22:43:58.500+0000 7f7f4f0cc640 1 -- 172.21.15.152:0/2766455952 --> [v2:172.21.15.152:6800/3438861948,v1:172.21.15.152:6801/3438861948] -- mgr_command(tid 0: {"prefix": "dashboard ac-user-create", "username": "admin", "rolename": "administrator", "force_password": true, "pwd_update_required": true, "target": ["mon-mgr", ""]}) -- 0x7f7f4819ed20 con 0x7f7f38038fc0
2024-09-11T22:43:59.571 INFO:teuthology.orchestra.run.smithi152.stdout:/usr/bin/ceph: stderr
2024-09-11T22:43:58.732+0000 7f7f45ffb640 1 -- 172.21.15.152:0/2766455952 <== mgr.14150 v2:172.21.15.152:6800/3438861948 1 ==== mgr_command_reply(tid 0: 0 ) ==== 8+0+252 (secure 0 0 0) 0x7f7f4819ed20 con 0x7f7f38038fc0
2024-09-11T22:43:59.571 INFO:teuthology.orchestra.run.smithi152.stdout:/usr/bin/ceph: stderr
2024-09-11T22:43:58.734+0000 7f7f4f0cc640 1 -- 172.21.15.152:0/2766455952 >> [v2:172.21.15.152:6800/3438861948,v1:172.21.15.152:6801/3438861948] conn(0x7f7f38038fc0 msgr2=0x7f7f3803b480 secure :-1 s=STATE_CONNECTION_ESTABLISHED l=1).mark_down
2024-09-11T22:43:59.571 INFO:teuthology.orchestra.run.smithi152.stdout:/usr/bin/ceph: stderr
2024-09-11T22:43:58.734+0000 7f7f4f0cc640 1 --2- 172.21.15.152:0/2766455952 >> [v2:172.21.15.152:6800/3438861948,v1:172.21.15.152:6801/3438861948] conn(0x7f7f38038fc0 0x7f7f3803b480 secure :-1 s=READY pgs=8 cs=0 l=1 rev1=1 crypto rx=0x7f7f340098c0 tx=0x7f7f34006db0 comp rx=0 tx=0).stop
2024-09-11T22:43:59.571 INFO:teuthology.orchestra.run.smithi152.stdout:/usr/bin/ceph: stderr
2024-09-11T22:43:58.734+0000 7f7f4f0cc640 1 -- 172.21.15.152:0/2766455952 >> [v2:172.21.15.152:3300/0,v1:172.21.15.152:6789/0] conn(0x7f7f48107620 msgr2=0x7f7f4819b690 secure :-1 s=STATE_CONNECTION_ESTABLISHED l=1).mark_down
2024-09-11T22:43:59.571 INFO:teuthology.orchestra.run.smithi152.stdout:/usr/bin/ceph: stderr
2024-09-11T22:43:58.734+0000 7f7f4f0cc640 1 --2- 172.21.15.152:0/2766455952 >> [v2:172.21.15.152:3300/0,v1:172.21.15.152:6789/0] conn(0x7f7f48107620 0x7f7f4819b690 secure :-1 s=READY pgs=71 cs=0 l=1 rev1=1 crypto rx=0x7f7f3c0097f0 tx=0x7f7f3c0327b0 comp rx=0 tx=0).stop
2024-09-11T22:43:59.571 INFO:teuthology.orchestra.run.smithi152.stdout:/usr/bin/ceph: stderr
2024-09-11T22:43:58.734+0000 7f7f4f0cc640 1 -- 172.21.15.152:0/2766455952 shutdown_connections
2024-09-11T22:43:59.572 INFO:teuthology.orchestra.run.smithi152.stdout:/usr/bin/ceph: stderr
2024-09-11T22:43:58.734+0000 7f7f4f0cc640 1 --2- 172.21.15.152:0/2766455952 >> [v2:172.21.15.152:6800/3438861948,v1:172.21.15.152:6801/3438861948] conn(0x7f7f38038fc0 0x7f7f3803b480 unknown :-1 s=CLOSED pgs=8 cs=0 l=1 rev1=1 crypto rx=0 tx=0 comp rx=0 tx=0).stop
2024-09-11T22:43:59.572 INFO:teuthology.orchestra.run.smithi152.stdout:/usr/bin/ceph: stderr
2024-09-11T22:43:58.734+0000 7f7f4f0cc640 1 --2- 172.21.15.152:0/2766455952 >> [v2:172.21.15.152:3300/0,v1:172.21.15.152:6789/0] conn(0x7f7f48107620 0x7f7f4819b690 unknown :-1 s=CLOSED pgs=71 cs=0 l=1 rev1=1 crypto rx=0 tx=0 comp rx=0 tx=0).stop
2024-09-11T22:43:59.572 INFO:teuthology.orchestra.run.smithi152.stdout:/usr/bin/ceph: stderr
2024-09-11T22:43:58.734+0000 7f7f4f0cc640 1 -- 172.21.15.152:0/2766455952 >> 172.21.15.152:0/2766455952 conn(0x7f7f48102db0 msgr2=0x7f7f48103a10 unknown :-1 s=STATE_NONE l=0).mark_down
2024-09-11T22:43:59.572 INFO:teuthology.orchestra.run.smithi152.stdout:/usr/bin/ceph: stderr
2024-09-11T22:43:58.734+0000 7f7f4f0cc640 1 -- 172.21.15.152:0/2766455952 shutdown_connections
2024-09-11T22:43:59.572 INFO:teuthology.orchestra.run.smithi152.stdout:/usr/bin/ceph: stderr
2024-09-11T22:43:58.734+0000 7f7f4f0cc640 1 -- 172.21.15.152:0/2766455952 wait complete.
2024-09-11T22:43:59.572 INFO:teuthology.orchestra.run.smithi152.stdout:Fetching dashboard port number...
2024-09-11T22:43:59.871 INFO:journalctl@ceph.mon.a.smithi152.stdout:Sep 11 22:43:59 smithi152 ceph-mon[31181]: from='client.14164 -' entity='client.admin' cmd=[{"prefix": "dashboard ac-user-create", "username": "admin", "rolename": "administrator", "force_password": true, "pwd_update_required": true, "target": ["mon-mgr", ""]}]: dispatch
2024-09-11T22:43:59.871 INFO:journalctl@ceph.mon.a.smithi152.stdout:Sep 11 22:43:59 smithi152 ceph-mon[31181]: from='mgr.14150 172.21.15.152:0/1902049444' entity='mgr.x'
2024-09-11T22:44:00.872 INFO:journalctl@ceph.mon.a.smithi152.stdout:Sep 11 22:44:00 smithi152 ceph-mon[31181]: from='client.? 172.21.15.152:0/2238573980' entity='client.admin' cmd=[{"prefix": "config get", "who": "mgr", "key": "mgr/dashboard/ssl_server_port"}]: dispatch
2024-09-11T22:44:01.006 INFO:teuthology.orchestra.run.smithi152.stdout:/usr/bin/ceph: stdout 8443
2024-09-11T22:44:01.011 INFO:teuthology.orchestra.run.smithi152.stdout:/usr/bin/ceph: stderr
2024-09-11T22:43:59.950+0000 7fd1de938640 1 Processor -- start
2024-09-11T22:44:01.012 INFO:teuthology.orchestra.run.smithi152.stdout:/usr/bin/ceph: stderr
2024-09-11T22:43:59.950+0000 7fd1de938640 1 -- start start
2024-09-11T22:44:01.012 INFO:teuthology.orchestra.run.smithi152.stdout:/usr/bin/ceph: stderr
2024-09-11T22:43:59.950+0000 7fd1de938640 1 --2- >> [v2:172.21.15.152:3300/0,v1:172.21.15.152:6789/0] conn(0x7fd1d8108080 0x7fd1d810a470 unknown :-1 s=NONE pgs=0 cs=0 l=0 rev1=0 crypto rx=0 tx=0 comp rx=0 tx=0).connect
2024-09-11T22:44:01.012 INFO:teuthology.orchestra.run.smithi152.stdout:/usr/bin/ceph: stderr
2024-09-11T22:43:59.950+0000 7fd1de938640 1 -- --> [v2:172.21.15.152:3300/0,v1:172.21.15.152:6789/0] -- mon_getmap magic: 0 -- 0x7fd1d807be30 con 0x7fd1d8108080
2024-09-11T22:44:01.012 INFO:teuthology.orchestra.run.smithi152.stdout:/usr/bin/ceph: stderr
2024-09-11T22:43:59.950+0000 7fd1d7fff640 1 --2- >> [v2:172.21.15.152:3300/0,v1:172.21.15.152:6789/0] conn(0x7fd1d8108080 0x7fd1d810a470 unknown :-1 s=BANNER_CONNECTING pgs=0 cs=0 l=0 rev1=0 crypto rx=0 tx=0 comp rx=0 tx=0)._handle_peer_banner_payload supported=3 required=0
2024-09-11T22:44:01.012 INFO:teuthology.orchestra.run.smithi152.stdout:/usr/bin/ceph: stderr
2024-09-11T22:43:59.950+0000 7fd1d7fff640 1 --2- >> [v2:172.21.15.152:3300/0,v1:172.21.15.152:6789/0] conn(0x7fd1d8108080 0x7fd1d810a470 unknown :-1 s=HELLO_CONNECTING pgs=0 cs=0 l=0 rev1=1 crypto rx=0 tx=0 comp rx=0 tx=0).handle_hello peer v2:172.21.15.152:3300/0 says I am v2:172.21.15.152:59992/0 (socket says 172.21.15.152:59992)
2024-09-11T22:44:01.012 INFO:teuthology.orchestra.run.smithi152.stdout:/usr/bin/ceph: stderr
2024-09-11T22:43:59.950+0000 7fd1d7fff640 1 -- 172.21.15.152:0/605314855 learned_addr learned my addr 172.21.15.152:0/605314855 (peer_addr_for_me v2:172.21.15.152:0/0)
2024-09-11T22:44:01.012 INFO:teuthology.orchestra.run.smithi152.stdout:/usr/bin/ceph: stderr
2024-09-11T22:43:59.951+0000 7fd1d7fff640 1 -- 172.21.15.152:0/605314855 --> [v2:172.21.15.152:3300/0,v1:172.21.15.152:6789/0] -- mon_subscribe({config=0+,monmap=0+}) -- 0x7fd1d810a9b0 con 0x7fd1d8108080
2024-09-11T22:44:01.012 INFO:teuthology.orchestra.run.smithi152.stdout:/usr/bin/ceph: stderr
2024-09-11T22:43:59.951+0000 7fd1d7fff640 1 --2- 172.21.15.152:0/605314855 >> [v2:172.21.15.152:3300/0,v1:172.21.15.152:6789/0] conn(0x7fd1d8108080 0x7fd1d810a470 secure :-1 s=READY pgs=72 cs=0 l=1 rev1=1 crypto rx=0x7fd1c8009820 tx=0x7fd1c802a270 comp rx=0 tx=0).ready entity=mon.0 client_cookie=4cbd9bcc3589c248 server_cookie=0 in_seq=0 out_seq=0
2024-09-11T22:44:01.012 INFO:teuthology.orchestra.run.smithi152.stdout:/usr/bin/ceph: stderr
2024-09-11T22:43:59.951+0000 7fd1d6ffd640 1 -- 172.21.15.152:0/605314855 <== mon.0 v2:172.21.15.152:3300/0 1 ==== mon_map magic: 0 ==== 205+0+0 (secure 0 0 0) 0x7fd1c8037070 con 0x7fd1d8108080
2024-09-11T22:44:01.012 INFO:teuthology.orchestra.run.smithi152.stdout:/usr/bin/ceph: stderr
2024-09-11T22:43:59.952+0000 7fd1d6ffd640 1 -- 172.21.15.152:0/605314855 <== mon.0 v2:172.21.15.152:3300/0 2 ==== config(27 keys) ==== 1140+0+0 (secure 0 0 0) 0x7fd1c8032920 con 0x7fd1d8108080
2024-09-11T22:44:01.012 INFO:teuthology.orchestra.run.smithi152.stdout:/usr/bin/ceph: stderr
2024-09-11T22:43:59.952+0000 7fd1d6ffd640 1 -- 172.21.15.152:0/605314855 <== mon.0 v2:172.21.15.152:3300/0 3 ==== mon_map magic: 0 ==== 205+0+0 (secure 0 0 0) 0x7fd1c8030810 con 0x7fd1d8108080
2024-09-11T22:44:01.012 INFO:teuthology.orchestra.run.smithi152.stdout:/usr/bin/ceph: stderr
2024-09-11T22:43:59.952+0000 7fd1de938640 1 -- 172.21.15.152:0/605314855 >> [v2:172.21.15.152:3300/0,v1:172.21.15.152:6789/0] conn(0x7fd1d8108080 msgr2=0x7fd1d810a470 secure :-1 s=STATE_CONNECTION_ESTABLISHED l=1).mark_down
2024-09-11T22:44:01.013 INFO:teuthology.orchestra.run.smithi152.stdout:/usr/bin/ceph: stderr
2024-09-11T22:43:59.952+0000 7fd1de938640 1 --2- 172.21.15.152:0/605314855 >> [v2:172.21.15.152:3300/0,v1:172.21.15.152:6789/0] conn(0x7fd1d8108080 0x7fd1d810a470 secure :-1 s=READY pgs=72 cs=0 l=1 rev1=1 crypto rx=0x7fd1c8009820 tx=0x7fd1c802a270 comp rx=0 tx=0).stop
2024-09-11T22:44:01.013 INFO:teuthology.orchestra.run.smithi152.stdout:/usr/bin/ceph: stderr
2024-09-11T22:43:59.952+0000 7fd1de938640 1 -- 172.21.15.152:0/605314855 shutdown_connections
2024-09-11T22:44:01.013 INFO:teuthology.orchestra.run.smithi152.stdout:/usr/bin/ceph: stderr
2024-09-11T22:43:59.952+0000 7fd1de938640 1 --2- 172.21.15.152:0/605314855 >> [v2:172.21.15.152:3300/0,v1:172.21.15.152:6789/0] conn(0x7fd1d8108080 0x7fd1d810a470 unknown :-1 s=CLOSED pgs=72 cs=0 l=1 rev1=1 crypto rx=0 tx=0 comp rx=0 tx=0).stop
2024-09-11T22:44:01.013 INFO:teuthology.orchestra.run.smithi152.stdout:/usr/bin/ceph: stderr
2024-09-11T22:43:59.952+0000 7fd1de938640 1 -- 172.21.15.152:0/605314855 >> 172.21.15.152:0/605314855 conn(0x7fd1d8101ca0 msgr2=0x7fd1d81040e0 unknown :-1 s=STATE_NONE l=0).mark_down
2024-09-11T22:44:01.013 INFO:teuthology.orchestra.run.smithi152.stdout:/usr/bin/ceph: stderr
2024-09-11T22:43:59.952+0000 7fd1de938640 1 -- 172.21.15.152:0/605314855 shutdown_connections
2024-09-11T22:44:01.013 INFO:teuthology.orchestra.run.smithi152.stdout:/usr/bin/ceph: stderr
2024-09-11T22:43:59.952+0000 7fd1de938640 1 -- 172.21.15.152:0/605314855 wait complete.
2024-09-11T22:44:01.013 INFO:teuthology.orchestra.run.smithi152.stdout:/usr/bin/ceph: stderr
2024-09-11T22:43:59.953+0000 7fd1de938640 1 Processor -- start
2024-09-11T22:44:01.013 INFO:teuthology.orchestra.run.smithi152.stdout:/usr/bin/ceph: stderr
2024-09-11T22:43:59.953+0000 7fd1de938640 1 -- start start
2024-09-11T22:44:01.013 INFO:teuthology.orchestra.run.smithi152.stdout:/usr/bin/ceph: stderr
2024-09-11T22:43:59.953+0000 7fd1de938640 1 --2- >> [v2:172.21.15.152:3300/0,v1:172.21.15.152:6789/0] conn(0x7fd1d8108080 0x7fd1d8107900 unknown :-1 s=NONE pgs=0 cs=0 l=1 rev1=0 crypto rx=0 tx=0 comp rx=0 tx=0).connect
2024-09-11T22:44:01.013 INFO:teuthology.orchestra.run.smithi152.stdout:/usr/bin/ceph: stderr
2024-09-11T22:43:59.953+0000 7fd1de938640 1 -- --> [v2:172.21.15.152:3300/0,v1:172.21.15.152:6789/0] -- mon_getmap magic: 0 -- 0x7fd1d810ba30 con 0x7fd1d8108080
2024-09-11T22:44:01.013 INFO:teuthology.orchestra.run.smithi152.stdout:/usr/bin/ceph: stderr
2024-09-11T22:43:59.953+0000 7fd1d7fff640 1 --2- >> [v2:172.21.15.152:3300/0,v1:172.21.15.152:6789/0] conn(0x7fd1d8108080 0x7fd1d8107900 unknown :-1 s=BANNER_CONNECTING pgs=0 cs=0 l=1 rev1=0 crypto rx=0 tx=0 comp rx=0 tx=0)._handle_peer_banner_payload supported=3 required=0
2024-09-11T22:44:01.013 INFO:teuthology.orchestra.run.smithi152.stdout:/usr/bin/ceph: stderr
2024-09-11T22:43:59.953+0000 7fd1d7fff640 1 --2- >> [v2:172.21.15.152:3300/0,v1:172.21.15.152:6789/0] conn(0x7fd1d8108080 0x7fd1d8107900 unknown :-1 s=HELLO_CONNECTING pgs=0 cs=0 l=1 rev1=1 crypto rx=0 tx=0 comp rx=0 tx=0).handle_hello peer v2:172.21.15.152:3300/0 says I am v2:172.21.15.152:60002/0 (socket says 172.21.15.152:60002)
2024-09-11T22:44:01.013 INFO:teuthology.orchestra.run.smithi152.stdout:/usr/bin/ceph: stderr
2024-09-11T22:43:59.953+0000 7fd1d7fff640 1 -- 172.21.15.152:0/2238573980 learned_addr learned my addr 172.21.15.152:0/2238573980 (peer_addr_for_me v2:172.21.15.152:0/0)
2024-09-11T22:44:01.014 INFO:teuthology.orchestra.run.smithi152.stdout:/usr/bin/ceph: stderr
2024-09-11T22:43:59.954+0000 7fd1d7fff640 1 -- 172.21.15.152:0/2238573980 --> [v2:172.21.15.152:3300/0,v1:172.21.15.152:6789/0] -- mon_subscribe({config=0+,monmap=0+}) -- 0x7fd1d8107e40 con 0x7fd1d8108080
2024-09-11T22:44:01.014 INFO:teuthology.orchestra.run.smithi152.stdout:/usr/bin/ceph: stderr
2024-09-11T22:43:59.954+0000 7fd1d7fff640 1 --2- 172.21.15.152:0/2238573980 >> [v2:172.21.15.152:3300/0,v1:172.21.15.152:6789/0] conn(0x7fd1d8108080 0x7fd1d8107900 secure :-1 s=READY pgs=73 cs=0 l=1 rev1=1 crypto rx=0x7fd1c8030420 tx=0x7fd1c8032670 comp rx=0 tx=0).ready entity=mon.0 client_cookie=0 server_cookie=0 in_seq=0 out_seq=0
2024-09-11T22:44:01.014 INFO:teuthology.orchestra.run.smithi152.stdout:/usr/bin/ceph: stderr
2024-09-11T22:43:59.954+0000 7fd1d57fa640 1 -- 172.21.15.152:0/2238573980 <== mon.0 v2:172.21.15.152:3300/0 1 ==== mon_map magic: 0 ==== 205+0+0 (secure 0 0 0) 0x7fd1c8037040 con 0x7fd1d8108080
2024-09-11T22:44:01.014 INFO:teuthology.orchestra.run.smithi152.stdout:/usr/bin/ceph: stderr
2024-09-11T22:43:59.954+0000 7fd1de938640 1 -- 172.21.15.152:0/2238573980 --> [v2:172.21.15.152:3300/0,v1:172.21.15.152:6789/0] -- mon_subscribe({mgrmap=0+}) -- 0x7fd1d8106030 con 0x7fd1d8108080
2024-09-11T22:44:01.014 INFO:teuthology.orchestra.run.smithi152.stdout:/usr/bin/ceph: stderr
2024-09-11T22:43:59.954+0000 7fd1d57fa640 1 -- 172.21.15.152:0/2238573980 <== mon.0 v2:172.21.15.152:3300/0 2 ==== config(27 keys) ==== 1140+0+0 (secure 0 0 0) 0x7fd1c8040070 con 0x7fd1d8108080
2024-09-11T22:44:01.014 INFO:teuthology.orchestra.run.smithi152.stdout:/usr/bin/ceph: stderr
2024-09-11T22:43:59.954+0000 7fd1d57fa640 1 -- 172.21.15.152:0/2238573980 <== mon.0 v2:172.21.15.152:3300/0 3 ==== mon_map magic: 0 ==== 205+0+0 (secure 0 0 0) 0x7fd1c803a6e0 con 0x7fd1d8108080
2024-09-11T22:44:01.014 INFO:teuthology.orchestra.run.smithi152.stdout:/usr/bin/ceph: stderr
2024-09-11T22:43:59.954+0000 7fd1de938640 1 -- 172.21.15.152:0/2238573980 --> [v2:172.21.15.152:3300/0,v1:172.21.15.152:6789/0] -- mon_subscribe({osdmap=0}) -- 0x7fd1d8106570 con 0x7fd1d8108080
2024-09-11T22:44:01.014 INFO:teuthology.orchestra.run.smithi152.stdout:/usr/bin/ceph: stderr
2024-09-11T22:43:59.955+0000 7fd1d57fa640 1 -- 172.21.15.152:0/2238573980 <== mon.0 v2:172.21.15.152:3300/0 4 ==== mgrmap(e 12) ==== 46300+0+0 (secure 0 0 0) 0x7fd1c803a9e0 con 0x7fd1d8108080
2024-09-11T22:44:01.014 INFO:teuthology.orchestra.run.smithi152.stdout:/usr/bin/ceph: stderr
2024-09-11T22:43:59.955+0000 7fd1d57fa640 1 --2- 172.21.15.152:0/2238573980 >> [v2:172.21.15.152:6800/3438861948,v1:172.21.15.152:6801/3438861948] conn(0x7fd1c0038fc0 0x7fd1c003b480 unknown :-1 s=NONE pgs=0 cs=0 l=1 rev1=0 crypto rx=0 tx=0 comp rx=0 tx=0).connect
2024-09-11T22:44:01.014 INFO:teuthology.orchestra.run.smithi152.stdout:/usr/bin/ceph: stderr
2024-09-11T22:43:59.955+0000 7fd1d57fa640 1 -- 172.21.15.152:0/2238573980 <== mon.0 v2:172.21.15.152:3300/0 5 ==== osd_map(3..3 src has 1..3) ==== 1155+0+0 (secure 0 0 0) 0x7fd1c806c7b0 con 0x7fd1d8108080
2024-09-11T22:44:01.014 INFO:teuthology.orchestra.run.smithi152.stdout:/usr/bin/ceph: stderr
2024-09-11T22:43:59.955+0000 7fd1de938640 1 -- 172.21.15.152:0/2238573980 --> [v2:172.21.15.152:3300/0,v1:172.21.15.152:6789/0] -- mon_command({"prefix": "get_command_descriptions"} v 0) -- 0x7fd1d81084e0 con 0x7fd1d8108080
2024-09-11T22:44:01.014 INFO:teuthology.orchestra.run.smithi152.stdout:/usr/bin/ceph: stderr
2024-09-11T22:43:59.955+0000 7fd1d77fe640 1 --2- 172.21.15.152:0/2238573980 >> [v2:172.21.15.152:6800/3438861948,v1:172.21.15.152:6801/3438861948] conn(0x7fd1c0038fc0 0x7fd1c003b480 unknown :-1 s=BANNER_CONNECTING pgs=0 cs=0 l=1 rev1=0 crypto rx=0 tx=0 comp rx=0 tx=0)._handle_peer_banner_payload supported=3 required=0
2024-09-11T22:44:01.014 INFO:teuthology.orchestra.run.smithi152.stdout:/usr/bin/ceph: stderr
2024-09-11T22:43:59.956+0000 7fd1d77fe640 1 --2- 172.21.15.152:0/2238573980 >> [v2:172.21.15.152:6800/3438861948,v1:172.21.15.152:6801/3438861948] conn(0x7fd1c0038fc0 0x7fd1c003b480 secure :-1 s=READY pgs=9 cs=0 l=1 rev1=1 crypto rx=0x7fd1cc0098c0 tx=0x7fd1cc006db0 comp rx=0 tx=0).ready entity=mgr.14150 client_cookie=0 server_cookie=0 in_seq=0 out_seq=0
2024-09-11T22:44:01.015 INFO:teuthology.orchestra.run.smithi152.stdout:/usr/bin/ceph: stderr
2024-09-11T22:43:59.960+0000 7fd1d57fa640 1 -- 172.21.15.152:0/2238573980 <== mon.0 v2:172.21.15.152:3300/0 6 ==== mon_command_ack([{"prefix": "get_command_descriptions"}]=0 v0) ==== 72+0+188821 (secure 0 0 0) 0x7fd1c8031560 con 0x7fd1d8108080
2024-09-11T22:44:01.015 INFO:teuthology.orchestra.run.smithi152.stdout:/usr/bin/ceph: stderr
2024-09-11T22:44:00.131+0000 7fd1de938640 1 -- 172.21.15.152:0/2238573980 --> [v2:172.21.15.152:3300/0,v1:172.21.15.152:6789/0] -- mon_command({"prefix": "config get", "who": "mgr", "key": "mgr/dashboard/ssl_server_port"} v 0) -- 0x7fd1d8106c90 con 0x7fd1d8108080
2024-09-11T22:44:01.015 INFO:teuthology.orchestra.run.smithi152.stdout:/usr/bin/ceph: stderr
2024-09-11T22:44:00.131+0000 7fd1d57fa640 1 -- 172.21.15.152:0/2238573980 <== mon.0 v2:172.21.15.152:3300/0 7 ==== mon_command_ack([{"prefix": "config get", "who": "mgr", "key": "mgr/dashboard/ssl_server_port"}]=0 v8) ==== 112+0+5 (secure 0 0 0) 0x7fd1c802ed90 con 0x7fd1d8108080
2024-09-11T22:44:01.015 INFO:teuthology.orchestra.run.smithi152.stdout:/usr/bin/ceph: stderr
2024-09-11T22:44:00.133+0000 7fd1de938640 1 -- 172.21.15.152:0/2238573980 >> [v2:172.21.15.152:6800/3438861948,v1:172.21.15.152:6801/3438861948] conn(0x7fd1c0038fc0 msgr2=0x7fd1c003b480 secure :-1 s=STATE_CONNECTION_ESTABLISHED l=1).mark_down
2024-09-11T22:44:01.015 INFO:teuthology.orchestra.run.smithi152.stdout:/usr/bin/ceph: stderr
2024-09-11T22:44:00.133+0000 7fd1de938640 1 --2- 172.21.15.152:0/2238573980 >> [v2:172.21.15.152:6800/3438861948,v1:172.21.15.152:6801/3438861948] conn(0x7fd1c0038fc0 0x7fd1c003b480 secure :-1 s=READY pgs=9 cs=0 l=1 rev1=1 crypto rx=0x7fd1cc0098c0 tx=0x7fd1cc006db0 comp rx=0 tx=0).stop
2024-09-11T22:44:01.015 INFO:teuthology.orchestra.run.smithi152.stdout:/usr/bin/ceph: stderr
2024-09-11T22:44:00.133+0000 7fd1de938640 1 -- 172.21.15.152:0/2238573980 >> [v2:172.21.15.152:3300/0,v1:172.21.15.152:6789/0] conn(0x7fd1d8108080 msgr2=0x7fd1d8107900 secure :-1 s=STATE_CONNECTION_ESTABLISHED l=1).mark_down
2024-09-11T22:44:01.015 INFO:teuthology.orchestra.run.smithi152.stdout:/usr/bin/ceph: stderr
2024-09-11T22:44:00.133+0000 7fd1de938640 1 --2- 172.21.15.152:0/2238573980 >> [v2:172.21.15.152:3300/0,v1:172.21.15.152:6789/0] conn(0x7fd1d8108080 0x7fd1d8107900 secure :-1 s=READY pgs=73 cs=0 l=1 rev1=1 crypto rx=0x7fd1c8030420 tx=0x7fd1c8032670 comp rx=0 tx=0).stop
2024-09-11T22:44:01.015 INFO:teuthology.orchestra.run.smithi152.stdout:/usr/bin/ceph: stderr
2024-09-11T22:44:00.134+0000 7fd1de938640 1 -- 172.21.15.152:0/2238573980 shutdown_connections
2024-09-11T22:44:01.015 INFO:teuthology.orchestra.run.smithi152.stdout:/usr/bin/ceph: stderr
2024-09-11T22:44:00.134+0000 7fd1de938640 1 --2- 172.21.15.152:0/2238573980 >> [v2:172.21.15.152:6800/3438861948,v1:172.21.15.152:6801/3438861948] conn(0x7fd1c0038fc0 0x7fd1c003b480 unknown :-1 s=CLOSED pgs=9 cs=0 l=1 rev1=1 crypto rx=0 tx=0 comp rx=0 tx=0).stop
2024-09-11T22:44:01.015 INFO:teuthology.orchestra.run.smithi152.stdout:/usr/bin/ceph: stderr
2024-09-11T22:44:00.134+0000 7fd1de938640 1 --2- 172.21.15.152:0/2238573980 >> [v2:172.21.15.152:3300/0,v1:172.21.15.152:6789/0] conn(0x7fd1d8108080 0x7fd1d8107900 unknown :-1 s=CLOSED pgs=73 cs=0 l=1 rev1=1 crypto rx=0 tx=0 comp rx=0 tx=0).stop
2024-09-11T22:44:01.015 INFO:teuthology.orchestra.run.smithi152.stdout:/usr/bin/ceph: stderr
2024-09-11T22:44:00.134+0000 7fd1de938640 1 -- 172.21.15.152:0/2238573980 >> 172.21.15.152:0/2238573980 conn(0x7fd1d8101ca0 msgr2=0x7fd1d8102870 unknown :-1 s=STATE_NONE l=0).mark_down
2024-09-11T22:44:01.016 INFO:teuthology.orchestra.run.smithi152.stdout:/usr/bin/ceph: stderr
2024-09-11T22:44:00.134+0000 7fd1de938640 1 -- 172.21.15.152:0/2238573980 shutdown_connections
2024-09-11T22:44:01.016 INFO:teuthology.orchestra.run.smithi152.stdout:/usr/bin/ceph: stderr
2024-09-11T22:44:00.134+0000 7fd1de938640 1 -- 172.21.15.152:0/2238573980 wait complete.
2024-09-11T22:44:01.020 INFO:teuthology.orchestra.run.smithi152.stdout:Non-zero exit code 1 from systemctl is-enabled firewalld.service
2024-09-11T22:44:01.020 INFO:teuthology.orchestra.run.smithi152.stdout:systemctl: stdout disabled
2024-09-11T22:44:01.027 INFO:teuthology.orchestra.run.smithi152.stdout:Non-zero exit code 3 from systemctl is-active firewalld.service
2024-09-11T22:44:01.027 INFO:teuthology.orchestra.run.smithi152.stdout:systemctl: stdout inactive
2024-09-11T22:44:01.027 INFO:teuthology.orchestra.run.smithi152.stdout:firewalld.service is not enabled
2024-09-11T22:44:01.027 INFO:teuthology.orchestra.run.smithi152.stdout:Not possible to open ports <[8443]>. firewalld.service is not available
2024-09-11T22:44:01.029 INFO:teuthology.orchestra.run.smithi152.stdout:Ceph Dashboard is now available at:
2024-09-11T22:44:01.029 INFO:teuthology.orchestra.run.smithi152.stdout:
2024-09-11T22:44:01.029 INFO:teuthology.orchestra.run.smithi152.stdout: URL: https://smithi152.front.sepia.ceph.com:8443/
2024-09-11T22:44:01.029 INFO:teuthology.orchestra.run.smithi152.stdout: User: admin
2024-09-11T22:44:01.029 INFO:teuthology.orchestra.run.smithi152.stdout: Password: 71lv6thyb1
2024-09-11T22:44:01.030 INFO:teuthology.orchestra.run.smithi152.stdout:
2024-09-11T22:44:01.030 INFO:teuthology.orchestra.run.smithi152.stdout:Saving cluster configuration to /var/lib/ceph/0e4e82bc-708f-11ef-bcea-c7b262605968/config directory
2024-09-11T22:44:01.940 INFO:journalctl@ceph.mon.a.smithi152.stdout:Sep 11 22:44:01 smithi152 ceph-mon[31181]: mgrmap e13: x(active, since 6s)
2024-09-11T22:44:02.855 INFO:teuthology.orchestra.run.smithi152.stdout:/usr/bin/ceph: stderr
2024-09-11T22:44:01.928+0000 7fa43c87a640 1 Processor -- start
2024-09-11T22:44:02.855 INFO:teuthology.orchestra.run.smithi152.stdout:/usr/bin/ceph: stderr
2024-09-11T22:44:01.928+0000 7fa43c87a640 1 -- start start
2024-09-11T22:44:02.855 INFO:teuthology.orchestra.run.smithi152.stdout:/usr/bin/ceph: stderr
2024-09-11T22:44:01.928+0000 7fa43c87a640 1 --2- >> [v2:172.21.15.152:3300/0,v1:172.21.15.152:6789/0] conn(0x7fa4381080e0 0x7fa43810a4d0 unknown :-1 s=NONE pgs=0 cs=0 l=0 rev1=0 crypto rx=0 tx=0 comp rx=0 tx=0).connect
2024-09-11T22:44:02.856 INFO:teuthology.orchestra.run.smithi152.stdout:/usr/bin/ceph: stderr
2024-09-11T22:44:01.928+0000 7fa43c87a640 1 -- --> [v2:172.21.15.152:3300/0,v1:172.21.15.152:6789/0] -- mon_getmap magic: 0 -- 0x7fa43807be20 con 0x7fa4381080e0
2024-09-11T22:44:02.856 INFO:teuthology.orchestra.run.smithi152.stdout:/usr/bin/ceph: stderr
2024-09-11T22:44:01.928+0000 7fa43659c640 1 --2- >> [v2:172.21.15.152:3300/0,v1:172.21.15.152:6789/0] conn(0x7fa4381080e0 0x7fa43810a4d0 unknown :-1 s=BANNER_CONNECTING pgs=0 cs=0 l=0 rev1=0 crypto rx=0 tx=0 comp rx=0 tx=0)._handle_peer_banner_payload supported=3 required=0
2024-09-11T22:44:02.856 INFO:teuthology.orchestra.run.smithi152.stdout:/usr/bin/ceph: stderr
2024-09-11T22:44:01.928+0000 7fa43659c640 1 --2- >> [v2:172.21.15.152:3300/0,v1:172.21.15.152:6789/0] conn(0x7fa4381080e0 0x7fa43810a4d0 unknown :-1 s=HELLO_CONNECTING pgs=0 cs=0 l=0 rev1=1 crypto rx=0 tx=0 comp rx=0 tx=0).handle_hello peer v2:172.21.15.152:3300/0 says I am v2:172.21.15.152:60008/0 (socket says 172.21.15.152:60008)
2024-09-11T22:44:02.856 INFO:teuthology.orchestra.run.smithi152.stdout:/usr/bin/ceph: stderr
2024-09-11T22:44:01.928+0000 7fa43659c640 1 -- 172.21.15.152:0/2454252535 learned_addr learned my addr 172.21.15.152:0/2454252535 (peer_addr_for_me v2:172.21.15.152:0/0)
2024-09-11T22:44:02.856 INFO:teuthology.orchestra.run.smithi152.stdout:/usr/bin/ceph: stderr
2024-09-11T22:44:01.929+0000 7fa43659c640 1 -- 172.21.15.152:0/2454252535 --> [v2:172.21.15.152:3300/0,v1:172.21.15.152:6789/0] -- mon_subscribe({config=0+,monmap=0+}) -- 0x7fa43810aa10 con 0x7fa4381080e0
2024-09-11T22:44:02.856 INFO:teuthology.orchestra.run.smithi152.stdout:/usr/bin/ceph: stderr
2024-09-11T22:44:01.929+0000 7fa43659c640 1 --2- 172.21.15.152:0/2454252535 >> [v2:172.21.15.152:3300/0,v1:172.21.15.152:6789/0] conn(0x7fa4381080e0 0x7fa43810a4d0 secure :-1 s=READY pgs=74 cs=0 l=1 rev1=1 crypto rx=0x7fa430009e80 tx=0x7fa43002a7a0 comp rx=0 tx=0).ready entity=mon.0 client_cookie=f879faecbeada085 server_cookie=0 in_seq=0 out_seq=0
2024-09-11T22:44:02.856 INFO:teuthology.orchestra.run.smithi152.stdout:/usr/bin/ceph: stderr
2024-09-11T22:44:01.929+0000 7fa43559a640 1 -- 172.21.15.152:0/2454252535 <== mon.0 v2:172.21.15.152:3300/0 1 ==== mon_map magic: 0 ==== 205+0+0 (secure 0 0 0) 0x7fa430036070 con 0x7fa4381080e0
2024-09-11T22:44:02.856 INFO:teuthology.orchestra.run.smithi152.stdout:/usr/bin/ceph: stderr
2024-09-11T22:44:01.930+0000 7fa43559a640 1 -- 172.21.15.152:0/2454252535 <== mon.0 v2:172.21.15.152:3300/0 2 ==== config(27 keys) ==== 1140+0+0 (secure 0 0 0) 0x7fa4300318e0 con 0x7fa4381080e0
2024-09-11T22:44:02.856 INFO:teuthology.orchestra.run.smithi152.stdout:/usr/bin/ceph: stderr
2024-09-11T22:44:01.930+0000 7fa43559a640 1 -- 172.21.15.152:0/2454252535 <== mon.0 v2:172.21.15.152:3300/0 3 ==== mon_map magic: 0 ==== 205+0+0 (secure 0 0 0) 0x7fa430007a00 con 0x7fa4381080e0
2024-09-11T22:44:02.856 INFO:teuthology.orchestra.run.smithi152.stdout:/usr/bin/ceph: stderr
2024-09-11T22:44:01.930+0000 7fa43c87a640 1 -- 172.21.15.152:0/2454252535 >> [v2:172.21.15.152:3300/0,v1:172.21.15.152:6789/0] conn(0x7fa4381080e0 msgr2=0x7fa43810a4d0 secure :-1 s=STATE_CONNECTION_ESTABLISHED l=1).mark_down
2024-09-11T22:44:02.856 INFO:teuthology.orchestra.run.smithi152.stdout:/usr/bin/ceph: stderr
2024-09-11T22:44:01.930+0000 7fa43c87a640 1 --2- 172.21.15.152:0/2454252535 >> [v2:172.21.15.152:3300/0,v1:172.21.15.152:6789/0] conn(0x7fa4381080e0 0x7fa43810a4d0 secure :-1 s=READY pgs=74 cs=0 l=1 rev1=1 crypto rx=0x7fa430009e80 tx=0x7fa43002a7a0 comp rx=0 tx=0).stop
2024-09-11T22:44:02.856 INFO:teuthology.orchestra.run.smithi152.stdout:/usr/bin/ceph: stderr
2024-09-11T22:44:01.930+0000 7fa43c87a640 1 -- 172.21.15.152:0/2454252535 shutdown_connections
2024-09-11T22:44:02.857 INFO:teuthology.orchestra.run.smithi152.stdout:/usr/bin/ceph: stderr
2024-09-11T22:44:01.930+0000 7fa43c87a640 1 --2- 172.21.15.152:0/2454252535 >> [v2:172.21.15.152:3300/0,v1:172.21.15.152:6789/0] conn(0x7fa4381080e0 0x7fa43810a4d0 unknown :-1 s=CLOSED pgs=74 cs=0 l=1 rev1=1 crypto rx=0 tx=0 comp rx=0 tx=0).stop
2024-09-11T22:44:02.857 INFO:teuthology.orchestra.run.smithi152.stdout:/usr/bin/ceph: stderr
2024-09-11T22:44:01.930+0000 7fa43c87a640 1 -- 172.21.15.152:0/2454252535 >> 172.21.15.152:0/2454252535 conn(0x7fa438101c80 msgr2=0x7fa4381040e0 unknown :-1 s=STATE_NONE l=0).mark_down
2024-09-11T22:44:02.857 INFO:teuthology.orchestra.run.smithi152.stdout:/usr/bin/ceph: stderr
2024-09-11T22:44:01.930+0000 7fa43c87a640 1 -- 172.21.15.152:0/2454252535 shutdown_connections
2024-09-11T22:44:02.857 INFO:teuthology.orchestra.run.smithi152.stdout:/usr/bin/ceph: stderr
2024-09-11T22:44:01.930+0000 7fa43c87a640 1 -- 172.21.15.152:0/2454252535 wait complete.
2024-09-11T22:44:02.857 INFO:teuthology.orchestra.run.smithi152.stdout:/usr/bin/ceph: stderr
2024-09-11T22:44:01.931+0000 7fa43c87a640 1 Processor -- start
2024-09-11T22:44:02.857 INFO:teuthology.orchestra.run.smithi152.stdout:/usr/bin/ceph: stderr
2024-09-11T22:44:01.931+0000 7fa43c87a640 1 -- start start
2024-09-11T22:44:02.857 INFO:teuthology.orchestra.run.smithi152.stdout:/usr/bin/ceph: stderr
2024-09-11T22:44:01.931+0000 7fa43c87a640 1 --2- >> [v2:172.21.15.152:3300/0,v1:172.21.15.152:6789/0] conn(0x7fa4381080e0 0x7fa43819b670 unknown :-1 s=NONE pgs=0 cs=0 l=1 rev1=0 crypto rx=0 tx=0 comp rx=0 tx=0).connect
2024-09-11T22:44:02.857 INFO:teuthology.orchestra.run.smithi152.stdout:/usr/bin/ceph: stderr
2024-09-11T22:44:01.931+0000 7fa43c87a640 1 -- --> [v2:172.21.15.152:3300/0,v1:172.21.15.152:6789/0] -- mon_getmap magic: 0 -- 0x7fa43810ba90 con 0x7fa4381080e0
2024-09-11T22:44:02.857 INFO:teuthology.orchestra.run.smithi152.stdout:/usr/bin/ceph: stderr
2024-09-11T22:44:01.931+0000 7fa43659c640 1 --2- >> [v2:172.21.15.152:3300/0,v1:172.21.15.152:6789/0] conn(0x7fa4381080e0 0x7fa43819b670 unknown :-1 s=BANNER_CONNECTING pgs=0 cs=0 l=1 rev1=0 crypto rx=0 tx=0 comp rx=0 tx=0)._handle_peer_banner_payload supported=3 required=0
2024-09-11T22:44:02.857 INFO:teuthology.orchestra.run.smithi152.stdout:/usr/bin/ceph: stderr
2024-09-11T22:44:01.931+0000 7fa43659c640 1 --2- >> [v2:172.21.15.152:3300/0,v1:172.21.15.152:6789/0] conn(0x7fa4381080e0 0x7fa43819b670 unknown :-1 s=HELLO_CONNECTING pgs=0 cs=0 l=1 rev1=1 crypto rx=0 tx=0 comp rx=0 tx=0).handle_hello peer v2:172.21.15.152:3300/0 says I am v2:172.21.15.152:60022/0 (socket says 172.21.15.152:60022)
2024-09-11T22:44:02.857 INFO:teuthology.orchestra.run.smithi152.stdout:/usr/bin/ceph: stderr
2024-09-11T22:44:01.931+0000 7fa43659c640 1 -- 172.21.15.152:0/1885871938 learned_addr learned my addr 172.21.15.152:0/1885871938 (peer_addr_for_me v2:172.21.15.152:0/0)
2024-09-11T22:44:02.857 INFO:teuthology.orchestra.run.smithi152.stdout:/usr/bin/ceph: stderr
2024-09-11T22:44:01.931+0000 7fa43659c640 1 -- 172.21.15.152:0/1885871938 --> [v2:172.21.15.152:3300/0,v1:172.21.15.152:6789/0] -- mon_subscribe({config=0+,monmap=0+}) -- 0x7fa43819bbb0 con 0x7fa4381080e0
2024-09-11T22:44:02.857 INFO:teuthology.orchestra.run.smithi152.stdout:/usr/bin/ceph: stderr
2024-09-11T22:44:01.932+0000 7fa43659c640 1 --2- 172.21.15.152:0/1885871938 >> [v2:172.21.15.152:3300/0,v1:172.21.15.152:6789/0] conn(0x7fa4381080e0 0x7fa43819b670 secure :-1 s=READY pgs=75 cs=0 l=1 rev1=1 crypto rx=0x7fa430031cf0 tx=0x7fa430031d20 comp rx=0 tx=0).ready entity=mon.0 client_cookie=0 server_cookie=0 in_seq=0 out_seq=0
2024-09-11T22:44:02.857 INFO:teuthology.orchestra.run.smithi152.stdout:/usr/bin/ceph: stderr
2024-09-11T22:44:01.932+0000 7fa4277fe640 1 -- 172.21.15.152:0/1885871938 <== mon.0 v2:172.21.15.152:3300/0 1 ==== mon_map magic: 0 ==== 205+0+0 (secure 0 0 0) 0x7fa430036050 con 0x7fa4381080e0
2024-09-11T22:44:02.858 INFO:teuthology.orchestra.run.smithi152.stdout:/usr/bin/ceph: stderr
2024-09-11T22:44:01.932+0000 7fa4277fe640 1 -- 172.21.15.152:0/1885871938 <== mon.0 v2:172.21.15.152:3300/0 2 ==== config(27 keys) ==== 1140+0+0 (secure 0 0 0) 0x7fa430042070 con 0x7fa4381080e0
2024-09-11T22:44:02.858 INFO:teuthology.orchestra.run.smithi152.stdout:/usr/bin/ceph: stderr
2024-09-11T22:44:01.932+0000 7fa43c87a640 1 -- 172.21.15.152:0/1885871938 --> [v2:172.21.15.152:3300/0,v1:172.21.15.152:6789/0] -- mon_subscribe({mgrmap=0+}) -- 0x7fa43819be40 con 0x7fa4381080e0
2024-09-11T22:44:02.858 INFO:teuthology.orchestra.run.smithi152.stdout:/usr/bin/ceph: stderr
2024-09-11T22:44:01.932+0000 7fa4277fe640 1 -- 172.21.15.152:0/1885871938 <== mon.0 v2:172.21.15.152:3300/0 3 ==== mon_map magic: 0 ==== 205+0+0 (secure 0 0 0) 0x7fa43003d9e0 con 0x7fa4381080e0
2024-09-11T22:44:02.858 INFO:teuthology.orchestra.run.smithi152.stdout:/usr/bin/ceph: stderr
2024-09-11T22:44:01.932+0000 7fa43c87a640 1 -- 172.21.15.152:0/1885871938 --> [v2:172.21.15.152:3300/0,v1:172.21.15.152:6789/0] -- mon_subscribe({osdmap=0}) -- 0x7fa43819eb30 con 0x7fa4381080e0
2024-09-11T22:44:02.858 INFO:teuthology.orchestra.run.smithi152.stdout:/usr/bin/ceph: stderr
2024-09-11T22:44:01.933+0000 7fa4277fe640 1 -- 172.21.15.152:0/1885871938 <== mon.0 v2:172.21.15.152:3300/0 4 ==== mgrmap(e 13) ==== 46344+0+0 (secure 0 0 0) 0x7fa43003dc90 con 0x7fa4381080e0
2024-09-11T22:44:02.858 INFO:teuthology.orchestra.run.smithi152.stdout:/usr/bin/ceph: stderr
2024-09-11T22:44:01.933+0000 7fa4277fe640 1 --2- 172.21.15.152:0/1885871938 >> [v2:172.21.15.152:6800/3438861948,v1:172.21.15.152:6801/3438861948] conn(0x7fa4200390c0 0x7fa42003b580 unknown :-1 s=NONE pgs=0 cs=0 l=1 rev1=0 crypto rx=0 tx=0 comp rx=0 tx=0).connect
2024-09-11T22:44:02.858 INFO:teuthology.orchestra.run.smithi152.stdout:/usr/bin/ceph: stderr
2024-09-11T22:44:01.933+0000 7fa4277fe640 1 -- 172.21.15.152:0/1885871938 <== mon.0 v2:172.21.15.152:3300/0 5 ==== osd_map(3..3 src has 1..3) ==== 1155+0+0 (secure 0 0 0) 0x7fa43006d5d0 con 0x7fa4381080e0
2024-09-11T22:44:02.858 INFO:teuthology.orchestra.run.smithi152.stdout:/usr/bin/ceph: stderr
2024-09-11T22:44:01.933+0000 7fa43c87a640 1 -- 172.21.15.152:0/1885871938 --> [v2:172.21.15.152:3300/0,v1:172.21.15.152:6789/0] -- mon_command({"prefix": "get_command_descriptions"} v 0) -- 0x7fa438108540 con 0x7fa4381080e0
2024-09-11T22:44:02.858 INFO:teuthology.orchestra.run.smithi152.stdout:/usr/bin/ceph: stderr
