2024-09-11T22:43:12.123 INFO:journalctl@ceph.mon.a.smithi152.stdout:Sep 11 22:43:11 smithi152 ceph-mon[31181]: from='mgr.14100 172.21.15.152:0/488802770' entity='mgr.x' cmd=[{"prefix": "mgr metadata", "who": "x", "id": "x"}]: dispatch
2024-09-11T22:43:12.123 INFO:journalctl@ceph.mon.a.smithi152.stdout:Sep 11 22:43:11 smithi152 ceph-mon[31181]: Manager daemon x is now available
2024-09-11T22:43:12.123 INFO:journalctl@ceph.mon.a.smithi152.stdout:Sep 11 22:43:11 smithi152 ceph-mon[31181]: from='mgr.14100 172.21.15.152:0/488802770' entity='mgr.x' cmd=[{"prefix":"config rm","who":"mgr","name":"mgr/rbd_support/x/mirror_snapshot_schedule"}]: dispatch
2024-09-11T22:43:12.123 INFO:journalctl@ceph.mon.a.smithi152.stdout:Sep 11 22:43:11 smithi152 ceph-mon[31181]: from='mgr.14100 172.21.15.152:0/488802770' entity='mgr.x' cmd=[{"prefix":"config rm","who":"mgr","name":"mgr/rbd_support/x/trash_purge_schedule"}]: dispatch
2024-09-11T22:43:12.123 INFO:journalctl@ceph.mon.a.smithi152.stdout:Sep 11 22:43:11 smithi152 ceph-mon[31181]: from='mgr.14100 172.21.15.152:0/488802770' entity='mgr.x'
2024-09-11T22:43:12.123 INFO:journalctl@ceph.mon.a.smithi152.stdout:Sep 11 22:43:11 smithi152 ceph-mon[31181]: from='mgr.14100 172.21.15.152:0/488802770' entity='mgr.x'
2024-09-11T22:43:12.124 INFO:journalctl@ceph.mon.a.smithi152.stdout:Sep 11 22:43:11 smithi152 ceph-mon[31181]: from='mgr.14100 172.21.15.152:0/488802770' entity='mgr.x'
2024-09-11T22:43:13.976 INFO:journalctl@ceph.mon.a.smithi152.stdout:Sep 11 22:43:13 smithi152 ceph-mon[31181]: mgrmap e3: x(active, since 1.00721s)
2024-09-11T22:43:14.584 INFO:teuthology.orchestra.run.smithi152.stdout:/usr/bin/ceph: stdout
2024-09-11T22:43:14.584 INFO:teuthology.orchestra.run.smithi152.stdout:/usr/bin/ceph: stdout {
2024-09-11T22:43:14.585 INFO:teuthology.orchestra.run.smithi152.stdout:/usr/bin/ceph: stdout "fsid": "0e4e82bc-708f-11ef-bcea-c7b262605968",
2024-09-11T22:43:14.585 INFO:teuthology.orchestra.run.smithi152.stdout:/usr/bin/ceph: stdout "health": {
2024-09-11T22:43:14.585 INFO:teuthology.orchestra.run.smithi152.stdout:/usr/bin/ceph: stdout "status": "HEALTH_OK",
2024-09-11T22:43:14.585 INFO:teuthology.orchestra.run.smithi152.stdout:/usr/bin/ceph: stdout "checks": {},
2024-09-11T22:43:14.585 INFO:teuthology.orchestra.run.smithi152.stdout:/usr/bin/ceph: stdout "mutes": []
2024-09-11T22:43:14.585 INFO:teuthology.orchestra.run.smithi152.stdout:/usr/bin/ceph: stdout },
2024-09-11T22:43:14.585 INFO:teuthology.orchestra.run.smithi152.stdout:/usr/bin/ceph: stdout "election_epoch": 5,
2024-09-11T22:43:14.585 INFO:teuthology.orchestra.run.smithi152.stdout:/usr/bin/ceph: stdout "quorum": [
2024-09-11T22:43:14.585 INFO:teuthology.orchestra.run.smithi152.stdout:/usr/bin/ceph: stdout 0
2024-09-11T22:43:14.585 INFO:teuthology.orchestra.run.smithi152.stdout:/usr/bin/ceph: stdout ],
2024-09-11T22:43:14.585 INFO:teuthology.orchestra.run.smithi152.stdout:/usr/bin/ceph: stdout "quorum_names": [
2024-09-11T22:43:14.585 INFO:teuthology.orchestra.run.smithi152.stdout:/usr/bin/ceph: stdout "a"
2024-09-11T22:43:14.585 INFO:teuthology.orchestra.run.smithi152.stdout:/usr/bin/ceph: stdout ],
2024-09-11T22:43:14.585 INFO:teuthology.orchestra.run.smithi152.stdout:/usr/bin/ceph: stdout "quorum_age": 8,
2024-09-11T22:43:14.586 INFO:teuthology.orchestra.run.smithi152.stdout:/usr/bin/ceph: stdout "monmap": {
2024-09-11T22:43:14.586 INFO:teuthology.orchestra.run.smithi152.stdout:/usr/bin/ceph: stdout "epoch": 1,
2024-09-11T22:43:14.586 INFO:teuthology.orchestra.run.smithi152.stdout:/usr/bin/ceph: stdout "min_mon_release_name": "squid",
2024-09-11T22:43:14.586 INFO:teuthology.orchestra.run.smithi152.stdout:/usr/bin/ceph: stdout "num_mons": 1
2024-09-11T22:43:14.586 INFO:teuthology.orchestra.run.smithi152.stdout:/usr/bin/ceph: stdout },
2024-09-11T22:43:14.586 INFO:teuthology.orchestra.run.smithi152.stdout:/usr/bin/ceph: stdout "osdmap": {
2024-09-11T22:43:14.586 INFO:teuthology.orchestra.run.smithi152.stdout:/usr/bin/ceph: stdout "epoch": 1,
2024-09-11T22:43:14.586 INFO:teuthology.orchestra.run.smithi152.stdout:/usr/bin/ceph: stdout "num_osds": 0,
2024-09-11T22:43:14.586 INFO:teuthology.orchestra.run.smithi152.stdout:/usr/bin/ceph: stdout "num_up_osds": 0,
2024-09-11T22:43:14.586 INFO:teuthology.orchestra.run.smithi152.stdout:/usr/bin/ceph: stdout "osd_up_since": 0,
2024-09-11T22:43:14.586 INFO:teuthology.orchestra.run.smithi152.stdout:/usr/bin/ceph: stdout "num_in_osds": 0,
2024-09-11T22:43:14.586 INFO:teuthology.orchestra.run.smithi152.stdout:/usr/bin/ceph: stdout "osd_in_since": 0,
2024-09-11T22:43:14.586 INFO:teuthology.orchestra.run.smithi152.stdout:/usr/bin/ceph: stdout "num_remapped_pgs": 0
2024-09-11T22:43:14.586 INFO:teuthology.orchestra.run.smithi152.stdout:/usr/bin/ceph: stdout },
2024-09-11T22:43:14.587 INFO:teuthology.orchestra.run.smithi152.stdout:/usr/bin/ceph: stdout "pgmap": {
2024-09-11T22:43:14.587 INFO:teuthology.orchestra.run.smithi152.stdout:/usr/bin/ceph: stdout "pgs_by_state": [],
2024-09-11T22:43:14.587 INFO:teuthology.orchestra.run.smithi152.stdout:/usr/bin/ceph: stdout "num_pgs": 0,
2024-09-11T22:43:14.587 INFO:teuthology.orchestra.run.smithi152.stdout:/usr/bin/ceph: stdout "num_pools": 0,
2024-09-11T22:43:14.587 INFO:teuthology.orchestra.run.smithi152.stdout:/usr/bin/ceph: stdout "num_objects": 0,
2024-09-11T22:43:14.587 INFO:teuthology.orchestra.run.smithi152.stdout:/usr/bin/ceph: stdout "data_bytes": 0,
2024-09-11T22:43:14.587 INFO:teuthology.orchestra.run.smithi152.stdout:/usr/bin/ceph: stdout "bytes_used": 0,
2024-09-11T22:43:14.587 INFO:teuthology.orchestra.run.smithi152.stdout:/usr/bin/ceph: stdout "bytes_avail": 0,
2024-09-11T22:43:14.587 INFO:teuthology.orchestra.run.smithi152.stdout:/usr/bin/ceph: stdout "bytes_total": 0
2024-09-11T22:43:14.587 INFO:teuthology.orchestra.run.smithi152.stdout:/usr/bin/ceph: stdout },
2024-09-11T22:43:14.587 INFO:teuthology.orchestra.run.smithi152.stdout:/usr/bin/ceph: stdout "fsmap": {
2024-09-11T22:43:14.587 INFO:teuthology.orchestra.run.smithi152.stdout:/usr/bin/ceph: stdout "epoch": 1,
2024-09-11T22:43:14.587 INFO:teuthology.orchestra.run.smithi152.stdout:/usr/bin/ceph: stdout "btime": "2024-09-11T22:43:00:379132+0000",
2024-09-11T22:43:14.587 INFO:teuthology.orchestra.run.smithi152.stdout:/usr/bin/ceph: stdout "by_rank": [],
2024-09-11T22:43:14.588 INFO:teuthology.orchestra.run.smithi152.stdout:/usr/bin/ceph: stdout "up:standby": 0
2024-09-11T22:43:14.588 INFO:teuthology.orchestra.run.smithi152.stdout:/usr/bin/ceph: stdout },
2024-09-11T22:43:14.588 INFO:teuthology.orchestra.run.smithi152.stdout:/usr/bin/ceph: stdout "mgrmap": {
2024-09-11T22:43:14.588 INFO:teuthology.orchestra.run.smithi152.stdout:/usr/bin/ceph: stdout "available": true,
2024-09-11T22:43:14.588 INFO:teuthology.orchestra.run.smithi152.stdout:/usr/bin/ceph: stdout "num_standbys": 0,
2024-09-11T22:43:14.588 INFO:teuthology.orchestra.run.smithi152.stdout:/usr/bin/ceph: stdout "modules": [
2024-09-11T22:43:14.588 INFO:teuthology.orchestra.run.smithi152.stdout:/usr/bin/ceph: stdout "iostat",
2024-09-11T22:43:14.588 INFO:teuthology.orchestra.run.smithi152.stdout:/usr/bin/ceph: stdout "nfs",
2024-09-11T22:43:14.588 INFO:teuthology.orchestra.run.smithi152.stdout:/usr/bin/ceph: stdout "restful"
2024-09-11T22:43:14.588 INFO:teuthology.orchestra.run.smithi152.stdout:/usr/bin/ceph: stdout ],
2024-09-11T22:43:14.588 INFO:teuthology.orchestra.run.smithi152.stdout:/usr/bin/ceph: stdout "services": {}
2024-09-11T22:43:14.588 INFO:teuthology.orchestra.run.smithi152.stdout:/usr/bin/ceph: stdout },
2024-09-11T22:43:14.588 INFO:teuthology.orchestra.run.smithi152.stdout:/usr/bin/ceph: stdout "servicemap": {
2024-09-11T22:43:14.588 INFO:teuthology.orchestra.run.smithi152.stdout:/usr/bin/ceph: stdout "epoch": 1,
2024-09-11T22:43:14.589 INFO:teuthology.orchestra.run.smithi152.stdout:/usr/bin/ceph: stdout "modified": "2024-09-11T22:43:00.379772+0000",
2024-09-11T22:43:14.589 INFO:teuthology.orchestra.run.smithi152.stdout:/usr/bin/ceph: stdout "services": {}
2024-09-11T22:43:14.589 INFO:teuthology.orchestra.run.smithi152.stdout:/usr/bin/ceph: stdout },
2024-09-11T22:43:14.589 INFO:teuthology.orchestra.run.smithi152.stdout:/usr/bin/ceph: stdout "progress_events": {}
2024-09-11T22:43:14.589 INFO:teuthology.orchestra.run.smithi152.stdout:/usr/bin/ceph: stdout }
2024-09-11T22:43:14.589 INFO:teuthology.orchestra.run.smithi152.stdout:/usr/bin/ceph: stderr
2024-09-11T22:43:13.720+0000 7f0c2bff0640 1 Processor -- start
2024-09-11T22:43:14.589 INFO:teuthology.orchestra.run.smithi152.stdout:/usr/bin/ceph: stderr
2024-09-11T22:43:13.720+0000 7f0c2bff0640 1 -- start start
2024-09-11T22:43:14.589 INFO:teuthology.orchestra.run.smithi152.stdout:/usr/bin/ceph: stderr
2024-09-11T22:43:13.720+0000 7f0c2bff0640 1 --2- >> [v2:172.21.15.152:3300/0,v1:172.21.15.152:6789/0] conn(0x7f0c2407de70 0x7f0c2407c2d0 unknown :-1 s=NONE pgs=0 cs=0 l=0 rev1=0 crypto rx=0 tx=0 comp rx=0 tx=0).connect
2024-09-11T22:43:14.589 INFO:teuthology.orchestra.run.smithi152.stdout:/usr/bin/ceph: stderr
2024-09-11T22:43:13.720+0000 7f0c2bff0640 1 -- --> [v2:172.21.15.152:3300/0,v1:172.21.15.152:6789/0] -- mon_getmap magic: 0 -- 0x7f0c2407c8a0 con 0x7f0c2407de70
2024-09-11T22:43:14.589 INFO:teuthology.orchestra.run.smithi152.stdout:/usr/bin/ceph: stderr
2024-09-11T22:43:13.720+0000 7f0c29d8c640 1 --2- >> [v2:172.21.15.152:3300/0,v1:172.21.15.152:6789/0] conn(0x7f0c2407de70 0x7f0c2407c2d0 unknown :-1 s=BANNER_CONNECTING pgs=0 cs=0 l=0 rev1=0 crypto rx=0 tx=0 comp rx=0 tx=0)._handle_peer_banner_payload supported=3 required=0
2024-09-11T22:43:14.589 INFO:teuthology.orchestra.run.smithi152.stdout:/usr/bin/ceph: stderr
2024-09-11T22:43:13.720+0000 7f0c29d8c640 1 --2- >> [v2:172.21.15.152:3300/0,v1:172.21.15.152:6789/0] conn(0x7f0c2407de70 0x7f0c2407c2d0 unknown :-1 s=HELLO_CONNECTING pgs=0 cs=0 l=0 rev1=1 crypto rx=0 tx=0 comp rx=0 tx=0).handle_hello peer v2:172.21.15.152:3300/0 says I am v2:172.21.15.152:43198/0 (socket says 172.21.15.152:43198)
2024-09-11T22:43:14.589 INFO:teuthology.orchestra.run.smithi152.stdout:/usr/bin/ceph: stderr
2024-09-11T22:43:13.720+0000 7f0c29d8c640 1 -- 172.21.15.152:0/2832892847 learned_addr learned my addr 172.21.15.152:0/2832892847 (peer_addr_for_me v2:172.21.15.152:0/0)
2024-09-11T22:43:14.590 INFO:teuthology.orchestra.run.smithi152.stdout:/usr/bin/ceph: stderr
2024-09-11T22:43:13.721+0000 7f0c29d8c640 1 -- 172.21.15.152:0/2832892847 --> [v2:172.21.15.152:3300/0,v1:172.21.15.152:6789/0] -- mon_subscribe({config=0+,monmap=0+}) -- 0x7f0c2407ca20 con 0x7f0c2407de70
2024-09-11T22:43:14.590 INFO:teuthology.orchestra.run.smithi152.stdout:/usr/bin/ceph: stderr
2024-09-11T22:43:13.721+0000 7f0c29d8c640 1 --2- 172.21.15.152:0/2832892847 >> [v2:172.21.15.152:3300/0,v1:172.21.15.152:6789/0] conn(0x7f0c2407de70 0x7f0c2407c2d0 secure :-1 s=READY pgs=16 cs=0 l=1 rev1=1 crypto rx=0x7f0c14009820 tx=0x7f0c1402a270 comp rx=0 tx=0).ready entity=mon.0 client_cookie=48c06359fa75173d server_cookie=0 in_seq=0 out_seq=0
2024-09-11T22:43:14.590 INFO:teuthology.orchestra.run.smithi152.stdout:/usr/bin/ceph: stderr
2024-09-11T22:43:13.721+0000 7f0c28d8a640 1 -- 172.21.15.152:0/2832892847 <== mon.0 v2:172.21.15.152:3300/0 1 ==== mon_map magic: 0 ==== 205+0+0 (secure 0 0 0) 0x7f0c14037070 con 0x7f0c2407de70
2024-09-11T22:43:14.590 INFO:teuthology.orchestra.run.smithi152.stdout:/usr/bin/ceph: stderr
2024-09-11T22:43:13.721+0000 7f0c28d8a640 1 -- 172.21.15.152:0/2832892847 <== mon.0 v2:172.21.15.152:3300/0 2 ==== config(27 keys) ==== 1109+0+0 (secure 0 0 0) 0x7f0c14032900 con 0x7f0c2407de70
2024-09-11T22:43:14.590 INFO:teuthology.orchestra.run.smithi152.stdout:/usr/bin/ceph: stderr
2024-09-11T22:43:13.721+0000 7f0c28d8a640 1 -- 172.21.15.152:0/2832892847 <== mon.0 v2:172.21.15.152:3300/0 3 ==== mon_map magic: 0 ==== 205+0+0 (secure 0 0 0) 0x7f0c14030850 con 0x7f0c2407de70
2024-09-11T22:43:14.590 INFO:teuthology.orchestra.run.smithi152.stdout:/usr/bin/ceph: stderr
2024-09-11T22:43:13.722+0000 7f0c2bff0640 1 -- 172.21.15.152:0/2832892847 >> [v2:172.21.15.152:3300/0,v1:172.21.15.152:6789/0] conn(0x7f0c2407de70 msgr2=0x7f0c2407c2d0 secure :-1 s=STATE_CONNECTION_ESTABLISHED l=1).mark_down
2024-09-11T22:43:14.590 INFO:teuthology.orchestra.run.smithi152.stdout:/usr/bin/ceph: stderr
2024-09-11T22:43:13.722+0000 7f0c2bff0640 1 --2- 172.21.15.152:0/2832892847 >> [v2:172.21.15.152:3300/0,v1:172.21.15.152:6789/0] conn(0x7f0c2407de70 0x7f0c2407c2d0 secure :-1 s=READY pgs=16 cs=0 l=1 rev1=1 crypto rx=0x7f0c14009820 tx=0x7f0c1402a270 comp rx=0 tx=0).stop
2024-09-11T22:43:14.590 INFO:teuthology.orchestra.run.smithi152.stdout:/usr/bin/ceph: stderr
2024-09-11T22:43:13.722+0000 7f0c2bff0640 1 -- 172.21.15.152:0/2832892847 shutdown_connections
2024-09-11T22:43:14.590 INFO:teuthology.orchestra.run.smithi152.stdout:/usr/bin/ceph: stderr
2024-09-11T22:43:13.722+0000 7f0c2bff0640 1 --2- 172.21.15.152:0/2832892847 >> [v2:172.21.15.152:3300/0,v1:172.21.15.152:6789/0] conn(0x7f0c2407de70 0x7f0c2407c2d0 unknown :-1 s=CLOSED pgs=16 cs=0 l=1 rev1=1 crypto rx=0 tx=0 comp rx=0 tx=0).stop
2024-09-11T22:43:14.590 INFO:teuthology.orchestra.run.smithi152.stdout:/usr/bin/ceph: stderr
2024-09-11T22:43:13.722+0000 7f0c2bff0640 1 -- 172.21.15.152:0/2832892847 >> 172.21.15.152:0/2832892847 conn(0x7f0c24102db0 msgr2=0x7f0c241051f0 unknown :-1 s=STATE_NONE l=0).mark_down
2024-09-11T22:43:14.590 INFO:teuthology.orchestra.run.smithi152.stdout:/usr/bin/ceph: stderr
2024-09-11T22:43:13.722+0000 7f0c2bff0640 1 -- 172.21.15.152:0/2832892847 shutdown_connections
2024-09-11T22:43:14.590 INFO:teuthology.orchestra.run.smithi152.stdout:/usr/bin/ceph: stderr
2024-09-11T22:43:13.722+0000 7f0c2bff0640 1 -- 172.21.15.152:0/2832892847 wait complete.
2024-09-11T22:43:14.590 INFO:teuthology.orchestra.run.smithi152.stdout:/usr/bin/ceph: stderr
2024-09-11T22:43:13.723+0000 7f0c2bff0640 1 Processor -- start
2024-09-11T22:43:14.590 INFO:teuthology.orchestra.run.smithi152.stdout:/usr/bin/ceph: stderr
2024-09-11T22:43:13.723+0000 7f0c2bff0640 1 -- start start
2024-09-11T22:43:14.591 INFO:teuthology.orchestra.run.smithi152.stdout:/usr/bin/ceph: stderr
2024-09-11T22:43:13.723+0000 7f0c2bff0640 1 --2- >> [v2:172.21.15.152:3300/0,v1:172.21.15.152:6789/0] conn(0x7f0c2407de70 0x7f0c2419d870 unknown :-1 s=NONE pgs=0 cs=0 l=1 rev1=0 crypto rx=0 tx=0 comp rx=0 tx=0).connect
2024-09-11T22:43:14.591 INFO:teuthology.orchestra.run.smithi152.stdout:/usr/bin/ceph: stderr
2024-09-11T22:43:13.723+0000 7f0c2bff0640 1 -- --> [v2:172.21.15.152:3300/0,v1:172.21.15.152:6789/0] -- mon_getmap magic: 0 -- 0x7f0c2410dc90 con 0x7f0c2407de70
2024-09-11T22:43:14.591 INFO:teuthology.orchestra.run.smithi152.stdout:/usr/bin/ceph: stderr
2024-09-11T22:43:13.723+0000 7f0c29d8c640 1 --2- >> [v2:172.21.15.152:3300/0,v1:172.21.15.152:6789/0] conn(0x7f0c2407de70 0x7f0c2419d870 unknown :-1 s=BANNER_CONNECTING pgs=0 cs=0 l=1 rev1=0 crypto rx=0 tx=0 comp rx=0 tx=0)._handle_peer_banner_payload supported=3 required=0
2024-09-11T22:43:14.591 INFO:teuthology.orchestra.run.smithi152.stdout:/usr/bin/ceph: stderr
2024-09-11T22:43:13.723+0000 7f0c29d8c640 1 --2- >> [v2:172.21.15.152:3300/0,v1:172.21.15.152:6789/0] conn(0x7f0c2407de70 0x7f0c2419d870 unknown :-1 s=HELLO_CONNECTING pgs=0 cs=0 l=1 rev1=1 crypto rx=0 tx=0 comp rx=0 tx=0).handle_hello peer v2:172.21.15.152:3300/0 says I am v2:172.21.15.152:43204/0 (socket says 172.21.15.152:43204)
2024-09-11T22:43:14.591 INFO:teuthology.orchestra.run.smithi152.stdout:/usr/bin/ceph: stderr
2024-09-11T22:43:13.723+0000 7f0c29d8c640 1 -- 172.21.15.152:0/3962937864 learned_addr learned my addr 172.21.15.152:0/3962937864 (peer_addr_for_me v2:172.21.15.152:0/0)
2024-09-11T22:43:14.591 INFO:teuthology.orchestra.run.smithi152.stdout:/usr/bin/ceph: stderr
2024-09-11T22:43:13.723+0000 7f0c29d8c640 1 -- 172.21.15.152:0/3962937864 --> [v2:172.21.15.152:3300/0,v1:172.21.15.152:6789/0] -- mon_subscribe({config=0+,monmap=0+}) -- 0x7f0c2419ddb0 con 0x7f0c2407de70
2024-09-11T22:43:14.591 INFO:teuthology.orchestra.run.smithi152.stdout:/usr/bin/ceph: stderr
2024-09-11T22:43:13.723+0000 7f0c29d8c640 1 --2- 172.21.15.152:0/3962937864 >> [v2:172.21.15.152:3300/0,v1:172.21.15.152:6789/0] conn(0x7f0c2407de70 0x7f0c2419d870 secure :-1 s=READY pgs=17 cs=0 l=1 rev1=1 crypto rx=0x7f0c14031000 tx=0x7f0c140326e0 comp rx=0 tx=0).ready entity=mon.0 client_cookie=0 server_cookie=0 in_seq=0 out_seq=0
2024-09-11T22:43:14.591 INFO:teuthology.orchestra.run.smithi152.stdout:/usr/bin/ceph: stderr
2024-09-11T22:43:13.724+0000 7f0c1affd640 1 -- 172.21.15.152:0/3962937864 <== mon.0 v2:172.21.15.152:3300/0 1 ==== mon_map magic: 0 ==== 205+0+0 (secure 0 0 0) 0x7f0c14042070 con 0x7f0c2407de70
2024-09-11T22:43:14.591 INFO:teuthology.orchestra.run.smithi152.stdout:/usr/bin/ceph: stderr
2024-09-11T22:43:13.724+0000 7f0c1affd640 1 -- 172.21.15.152:0/3962937864 <== mon.0 v2:172.21.15.152:3300/0 2 ==== config(27 keys) ==== 1109+0+0 (secure 0 0 0) 0x7f0c14032be0 con 0x7f0c2407de70
2024-09-11T22:43:14.591 INFO:teuthology.orchestra.run.smithi152.stdout:/usr/bin/ceph: stderr
2024-09-11T22:43:13.724+0000 7f0c2bff0640 1 -- 172.21.15.152:0/3962937864 --> [v2:172.21.15.152:3300/0,v1:172.21.15.152:6789/0] -- mon_subscribe({mgrmap=0+}) -- 0x7f0c2419e040 con 0x7f0c2407de70
2024-09-11T22:43:14.592 INFO:teuthology.orchestra.run.smithi152.stdout:/usr/bin/ceph: stderr
2024-09-11T22:43:13.724+0000 7f0c1affd640 1 -- 172.21.15.152:0/3962937864 <== mon.0 v2:172.21.15.152:3300/0 3 ==== mon_map magic: 0 ==== 205+0+0 (secure 0 0 0) 0x7f0c14037040 con 0x7f0c2407de70
2024-09-11T22:43:14.592 INFO:teuthology.orchestra.run.smithi152.stdout:/usr/bin/ceph: stderr
2024-09-11T22:43:13.724+0000 7f0c2bff0640 1 -- 172.21.15.152:0/3962937864 --> [v2:172.21.15.152:3300/0,v1:172.21.15.152:6789/0] -- mon_subscribe({osdmap=0}) -- 0x7f0c241a0d30 con 0x7f0c2407de70
2024-09-11T22:43:14.592 INFO:teuthology.orchestra.run.smithi152.stdout:/usr/bin/ceph: stderr
2024-09-11T22:43:13.725+0000 7f0c1affd640 1 -- 172.21.15.152:0/3962937864 <== mon.0 v2:172.21.15.152:3300/0 4 ==== mgrmap(e 3) ==== 46170+0+0 (secure 0 0 0) 0x7f0c14045070 con 0x7f0c2407de70
2024-09-11T22:43:14.592 INFO:teuthology.orchestra.run.smithi152.stdout:/usr/bin/ceph: stderr
2024-09-11T22:43:13.725+0000 7f0c2bff0640 1 -- 172.21.15.152:0/3962937864 --> [v2:172.21.15.152:3300/0,v1:172.21.15.152:6789/0] -- mon_command({"prefix": "get_command_descriptions"} v 0) -- 0x7f0c2407c350 con 0x7f0c2407de70
2024-09-11T22:43:14.592 INFO:teuthology.orchestra.run.smithi152.stdout:/usr/bin/ceph: stderr
2024-09-11T22:43:13.725+0000 7f0c1affd640 1 --2- 172.21.15.152:0/3962937864 >> [v2:172.21.15.152:6800/2200357575,v1:172.21.15.152:6801/2200357575] conn(0x7f0c10038e10 0x7f0c1003b2d0 unknown :-1 s=NONE pgs=0 cs=0 l=1 rev1=0 crypto rx=0 tx=0 comp rx=0 tx=0).connect
2024-09-11T22:43:14.592 INFO:teuthology.orchestra.run.smithi152.stdout:/usr/bin/ceph: stderr
2024-09-11T22:43:13.725+0000 7f0c1affd640 1 -- 172.21.15.152:0/3962937864 <== mon.0 v2:172.21.15.152:3300/0 5 ==== osd_map(1..1 src has 1..1) ==== 725+0+0 (secure 0 0 0) 0x7f0c1406bd30 con 0x7f0c2407de70
2024-09-11T22:43:14.592 INFO:teuthology.orchestra.run.smithi152.stdout:/usr/bin/ceph: stderr
2024-09-11T22:43:13.725+0000 7f0c2958b640 1 --2- 172.21.15.152:0/3962937864 >> [v2:172.21.15.152:6800/2200357575,v1:172.21.15.152:6801/2200357575] conn(0x7f0c10038e10 0x7f0c1003b2d0 unknown :-1 s=BANNER_CONNECTING pgs=0 cs=0 l=1 rev1=0 crypto rx=0 tx=0 comp rx=0 tx=0)._handle_peer_banner_payload supported=3 required=0
2024-09-11T22:43:14.592 INFO:teuthology.orchestra.run.smithi152.stdout:/usr/bin/ceph: stderr
2024-09-11T22:43:13.725+0000 7f0c2958b640 1 --2- 172.21.15.152:0/3962937864 >> [v2:172.21.15.152:6800/2200357575,v1:172.21.15.152:6801/2200357575] conn(0x7f0c10038e10 0x7f0c1003b2d0 secure :-1 s=READY pgs=6 cs=0 l=1 rev1=1 crypto rx=0x7f0c200098c0 tx=0x7f0c20006db0 comp rx=0 tx=0).ready entity=mgr.14100 client_cookie=0 server_cookie=0 in_seq=0 out_seq=0
2024-09-11T22:43:14.592 INFO:teuthology.orchestra.run.smithi152.stdout:/usr/bin/ceph: stderr
2024-09-11T22:43:13.730+0000 7f0c1affd640 1 -- 172.21.15.152:0/3962937864 <== mon.0 v2:172.21.15.152:3300/0 6 ==== mon_command_ack([{"prefix": "get_command_descriptions"}]=0 v0) ==== 72+0+188821 (secure 0 0 0) 0x7f0c1402f2a0 con 0x7f0c2407de70
2024-09-11T22:43:14.592 INFO:teuthology.orchestra.run.smithi152.stdout:/usr/bin/ceph: stderr
2024-09-11T22:43:13.859+0000 7f0c1affd640 1 -- 172.21.15.152:0/3962937864 <== mon.0 v2:172.21.15.152:3300/0 7 ==== mgrmap(e 4) ==== 46276+0+0 (secure 0 0 0) 0x7f0c140a11b0 con 0x7f0c2407de70
2024-09-11T22:43:14.592 INFO:teuthology.orchestra.run.smithi152.stdout:/usr/bin/ceph: stderr
2024-09-11T22:43:13.964+0000 7f0c2bff0640 1 -- 172.21.15.152:0/3962937864 --> [v2:172.21.15.152:3300/0,v1:172.21.15.152:6789/0] -- mon_command({"prefix": "status", "format": "json-pretty"} v 0) -- 0x7f0c241a0f00 con 0x7f0c2407de70
2024-09-11T22:43:14.592 INFO:teuthology.orchestra.run.smithi152.stdout:/usr/bin/ceph: stderr
2024-09-11T22:43:13.965+0000 7f0c1affd640 1 -- 172.21.15.152:0/3962937864 <== mon.0 v2:172.21.15.152:3300/0 8 ==== mon_command_ack([{"prefix": "status", "format": "json-pretty"}]=0 v0) ==== 79+0+1290 (secure 0 0 0) 0x7f0c14042210 con 0x7f0c2407de70
2024-09-11T22:43:14.592 INFO:teuthology.orchestra.run.smithi152.stdout:/usr/bin/ceph: stderr
2024-09-11T22:43:13.967+0000 7f0c2bff0640 1 -- 172.21.15.152:0/3962937864 >> [v2:172.21.15.152:6800/2200357575,v1:172.21.15.152:6801/2200357575] conn(0x7f0c10038e10 msgr2=0x7f0c1003b2d0 secure :-1 s=STATE_CONNECTION_ESTABLISHED l=1).mark_down
2024-09-11T22:43:14.593 INFO:teuthology.orchestra.run.smithi152.stdout:/usr/bin/ceph: stderr
2024-09-11T22:43:13.967+0000 7f0c2bff0640 1 --2- 172.21.15.152:0/3962937864 >> [v2:172.21.15.152:6800/2200357575,v1:172.21.15.152:6801/2200357575] conn(0x7f0c10038e10 0x7f0c1003b2d0 secure :-1 s=READY pgs=6 cs=0 l=1 rev1=1 crypto rx=0x7f0c200098c0 tx=0x7f0c20006db0 comp rx=0 tx=0).stop
2024-09-11T22:43:14.593 INFO:teuthology.orchestra.run.smithi152.stdout:/usr/bin/ceph: stderr
2024-09-11T22:43:13.967+0000 7f0c2bff0640 1 -- 172.21.15.152:0/3962937864 >> [v2:172.21.15.152:3300/0,v1:172.21.15.152:6789/0] conn(0x7f0c2407de70 msgr2=0x7f0c2419d870 secure :-1 s=STATE_CONNECTION_ESTABLISHED l=1).mark_down
2024-09-11T22:43:14.593 INFO:teuthology.orchestra.run.smithi152.stdout:/usr/bin/ceph: stderr
2024-09-11T22:43:13.967+0000 7f0c2bff0640 1 --2- 172.21.15.152:0/3962937864 >> [v2:172.21.15.152:3300/0,v1:172.21.15.152:6789/0] conn(0x7f0c2407de70 0x7f0c2419d870 secure :-1 s=READY pgs=17 cs=0 l=1 rev1=1 crypto rx=0x7f0c14031000 tx=0x7f0c140326e0 comp rx=0 tx=0).stop
2024-09-11T22:43:14.593 INFO:teuthology.orchestra.run.smithi152.stdout:/usr/bin/ceph: stderr
2024-09-11T22:43:13.967+0000 7f0c2bff0640 1 -- 172.21.15.152:0/3962937864 shutdown_connections
2024-09-11T22:43:14.593 INFO:teuthology.orchestra.run.smithi152.stdout:/usr/bin/ceph: stderr
2024-09-11T22:43:13.967+0000 7f0c2bff0640 1 --2- 172.21.15.152:0/3962937864 >> [v2:172.21.15.152:6800/2200357575,v1:172.21.15.152:6801/2200357575] conn(0x7f0c10038e10 0x7f0c1003b2d0 unknown :-1 s=CLOSED pgs=6 cs=0 l=1 rev1=1 crypto rx=0 tx=0 comp rx=0 tx=0).stop
2024-09-11T22:43:14.593 INFO:teuthology.orchestra.run.smithi152.stdout:/usr/bin/ceph: stderr
2024-09-11T22:43:13.967+0000 7f0c2bff0640 1 --2- 172.21.15.152:0/3962937864 >> [v2:172.21.15.152:3300/0,v1:172.21.15.152:6789/0] conn(0x7f0c2407de70 0x7f0c2419d870 unknown :-1 s=CLOSED pgs=17 cs=0 l=1 rev1=1 crypto rx=0 tx=0 comp rx=0 tx=0).stop
2024-09-11T22:43:14.593 INFO:teuthology.orchestra.run.smithi152.stdout:/usr/bin/ceph: stderr
2024-09-11T22:43:13.967+0000 7f0c2bff0640 1 -- 172.21.15.152:0/3962937864 >> 172.21.15.152:0/3962937864 conn(0x7f0c24102db0 msgr2=0x7f0c241039b0 unknown :-1 s=STATE_NONE l=0).mark_down
2024-09-11T22:43:14.593 INFO:teuthology.orchestra.run.smithi152.stdout:/usr/bin/ceph: stderr
2024-09-11T22:43:13.967+0000 7f0c2bff0640 1 -- 172.21.15.152:0/3962937864 shutdown_connections
2024-09-11T22:43:14.593 INFO:teuthology.orchestra.run.smithi152.stdout:/usr/bin/ceph: stderr
2024-09-11T22:43:13.967+0000 7f0c2bff0640 1 -- 172.21.15.152:0/3962937864 wait complete.
2024-09-11T22:43:14.593 INFO:teuthology.orchestra.run.smithi152.stdout:mgr is available
2024-09-11T22:43:15.122 INFO:journalctl@ceph.mon.a.smithi152.stdout:Sep 11 22:43:14 smithi152 ceph-mon[31181]: mgrmap e4: x(active, since 2s)
2024-09-11T22:43:15.122 INFO:journalctl@ceph.mon.a.smithi152.stdout:Sep 11 22:43:14 smithi152 ceph-mon[31181]: from='client.? 172.21.15.152:0/3962937864' entity='client.admin' cmd=[{"prefix": "status", "format": "json-pretty"}]: dispatch
2024-09-11T22:43:18.372 INFO:journalctl@ceph.mon.a.smithi152.stdout:Sep 11 22:43:18 smithi152 ceph-mon[31181]: from='client.? 172.21.15.152:0/348033059' entity='client.admin' cmd=[{"prefix": "config assimilate-conf"}]: dispatch
2024-09-11T22:43:24.248 INFO:teuthology.orchestra.run.smithi152.stdout:/usr/bin/ceph: stdout
2024-09-11T22:43:24.248 INFO:teuthology.orchestra.run.smithi152.stdout:/usr/bin/ceph: stdout [global]
2024-09-11T22:43:24.248 INFO:teuthology.orchestra.run.smithi152.stdout:/usr/bin/ceph: stdout fsid = 0e4e82bc-708f-11ef-bcea-c7b262605968
2024-09-11T22:43:24.248 INFO:teuthology.orchestra.run.smithi152.stdout:/usr/bin/ceph: stdout mon_host = [v2:172.21.15.152:3300,v1:172.21.15.152:6789]
2024-09-11T22:43:24.248 INFO:teuthology.orchestra.run.smithi152.stdout:/usr/bin/ceph: stdout mon_osd_allow_pg_remap = true
2024-09-11T22:43:24.248 INFO:teuthology.orchestra.run.smithi152.stdout:/usr/bin/ceph: stdout mon_osd_allow_primary_affinity = true
2024-09-11T22:43:24.248 INFO:teuthology.orchestra.run.smithi152.stdout:/usr/bin/ceph: stdout mon_warn_on_no_sortbitwise = false
2024-09-11T22:43:24.249 INFO:teuthology.orchestra.run.smithi152.stdout:/usr/bin/ceph: stdout osd_crush_chooseleaf_type = 0
2024-09-11T22:43:24.249 INFO:teuthology.orchestra.run.smithi152.stdout:/usr/bin/ceph: stdout
2024-09-11T22:43:24.249 INFO:teuthology.orchestra.run.smithi152.stdout:/usr/bin/ceph: stdout [mgr]
2024-09-11T22:43:24.249 INFO:teuthology.orchestra.run.smithi152.stdout:/usr/bin/ceph: stdout mgr/telemetry/nag = false
2024-09-11T22:43:24.249 INFO:teuthology.orchestra.run.smithi152.stdout:/usr/bin/ceph: stdout
2024-09-11T22:43:24.249 INFO:teuthology.orchestra.run.smithi152.stdout:/usr/bin/ceph: stdout [osd]
2024-09-11T22:43:24.249 INFO:teuthology.orchestra.run.smithi152.stdout:/usr/bin/ceph: stdout mon_osd_backfillfull_ratio = 0.85
2024-09-11T22:43:24.249 INFO:teuthology.orchestra.run.smithi152.stdout:/usr/bin/ceph: stdout mon_osd_full_ratio = 0.9
2024-09-11T22:43:24.249 INFO:teuthology.orchestra.run.smithi152.stdout:/usr/bin/ceph: stdout mon_osd_nearfull_ratio = 0.8
2024-09-11T22:43:24.249 INFO:teuthology.orchestra.run.smithi152.stdout:/usr/bin/ceph: stdout osd_map_max_advance = 10
2024-09-11T22:43:24.249 INFO:teuthology.orchestra.run.smithi152.stdout:/usr/bin/ceph: stdout osd_sloppy_crc = true
2024-09-11T22:43:24.249 INFO:teuthology.orchestra.run.smithi152.stdout:/usr/bin/ceph: stderr
2024-09-11T22:43:17.808+0000 7f8bfefc4640 1 Processor -- start
2024-09-11T22:43:24.249 INFO:teuthology.orchestra.run.smithi152.stdout:/usr/bin/ceph: stderr
2024-09-11T22:43:17.808+0000 7f8bfefc4640 1 -- start start
2024-09-11T22:43:24.250 INFO:teuthology.orchestra.run.smithi152.stdout:/usr/bin/ceph: stderr
2024-09-11T22:43:17.808+0000 7f8bfefc4640 1 --2- >> [v2:172.21.15.152:3300/0,v1:172.21.15.152:6789/0] conn(0x7f8bf8108080 0x7f8bf810a470 unknown :-1 s=NONE pgs=0 cs=0 l=0 rev1=0 crypto rx=0 tx=0 comp rx=0 tx=0).connect
2024-09-11T22:43:24.250 INFO:teuthology.orchestra.run.smithi152.stdout:/usr/bin/ceph: stderr
2024-09-11T22:43:17.808+0000 7f8bfefc4640 1 -- --> [v2:172.21.15.152:3300/0,v1:172.21.15.152:6789/0] -- mon_getmap magic: 0 -- 0x7f8bf807be30 con 0x7f8bf8108080
2024-09-11T22:43:24.250 INFO:teuthology.orchestra.run.smithi152.stdout:/usr/bin/ceph: stderr
2024-09-11T22:43:17.808+0000 7f8bfcd60640 1 --2- >> [v2:172.21.15.152:3300/0,v1:172.21.15.152:6789/0] conn(0x7f8bf8108080 0x7f8bf810a470 unknown :-1 s=BANNER_CONNECTING pgs=0 cs=0 l=0 rev1=0 crypto rx=0 tx=0 comp rx=0 tx=0)._handle_peer_banner_payload supported=3 required=0
2024-09-11T22:43:24.250 INFO:teuthology.orchestra.run.smithi152.stdout:/usr/bin/ceph: stderr
2024-09-11T22:43:17.808+0000 7f8bfcd60640 1 --2- >> [v2:172.21.15.152:3300/0,v1:172.21.15.152:6789/0] conn(0x7f8bf8108080 0x7f8bf810a470 unknown :-1 s=HELLO_CONNECTING pgs=0 cs=0 l=0 rev1=1 crypto rx=0 tx=0 comp rx=0 tx=0).handle_hello peer v2:172.21.15.152:3300/0 says I am v2:172.21.15.152:43218/0 (socket says 172.21.15.152:43218)
2024-09-11T22:43:24.250 INFO:teuthology.orchestra.run.smithi152.stdout:/usr/bin/ceph: stderr
2024-09-11T22:43:17.808+0000 7f8bfcd60640 1 -- 172.21.15.152:0/2836609859 learned_addr learned my addr 172.21.15.152:0/2836609859 (peer_addr_for_me v2:172.21.15.152:0/0)
2024-09-11T22:43:24.250 INFO:teuthology.orchestra.run.smithi152.stdout:/usr/bin/ceph: stderr
2024-09-11T22:43:17.808+0000 7f8bfcd60640 1 -- 172.21.15.152:0/2836609859 --> [v2:172.21.15.152:3300/0,v1:172.21.15.152:6789/0] -- mon_subscribe({config=0+,monmap=0+}) -- 0x7f8bf810a9b0 con 0x7f8bf8108080
2024-09-11T22:43:24.250 INFO:teuthology.orchestra.run.smithi152.stdout:/usr/bin/ceph: stderr
2024-09-11T22:43:17.809+0000 7f8bfcd60640 1 --2- 172.21.15.152:0/2836609859 >> [v2:172.21.15.152:3300/0,v1:172.21.15.152:6789/0] conn(0x7f8bf8108080 0x7f8bf810a470 secure :-1 s=READY pgs=18 cs=0 l=1 rev1=1 crypto rx=0x7f8bec009820 tx=0x7f8bec02a270 comp rx=0 tx=0).ready entity=mon.0 client_cookie=9ad88a229149ffd9 server_cookie=0 in_seq=0 out_seq=0
2024-09-11T22:43:24.250 INFO:teuthology.orchestra.run.smithi152.stdout:/usr/bin/ceph: stderr
2024-09-11T22:43:17.809+0000 7f8bf77fe640 1 -- 172.21.15.152:0/2836609859 <== mon.0 v2:172.21.15.152:3300/0 1 ==== mon_map magic: 0 ==== 205+0+0 (secure 0 0 0) 0x7f8bec037070 con 0x7f8bf8108080
2024-09-11T22:43:24.250 INFO:teuthology.orchestra.run.smithi152.stdout:/usr/bin/ceph: stderr
2024-09-11T22:43:17.809+0000 7f8bf77fe640 1 -- 172.21.15.152:0/2836609859 <== mon.0 v2:172.21.15.152:3300/0 2 ==== config(27 keys) ==== 1109+0+0 (secure 0 0 0) 0x7f8bec032900 con 0x7f8bf8108080
2024-09-11T22:43:24.250 INFO:teuthology.orchestra.run.smithi152.stdout:/usr/bin/ceph: stderr
2024-09-11T22:43:17.809+0000 7f8bf77fe640 1 -- 172.21.15.152:0/2836609859 <== mon.0 v2:172.21.15.152:3300/0 3 ==== mon_map magic: 0 ==== 205+0+0 (secure 0 0 0) 0x7f8bec030850 con 0x7f8bf8108080
2024-09-11T22:43:24.250 INFO:teuthology.orchestra.run.smithi152.stdout:/usr/bin/ceph: stderr
2024-09-11T22:43:17.810+0000 7f8bfefc4640 1 -- 172.21.15.152:0/2836609859 >> [v2:172.21.15.152:3300/0,v1:172.21.15.152:6789/0] conn(0x7f8bf8108080 msgr2=0x7f8bf810a470 secure :-1 s=STATE_CONNECTION_ESTABLISHED l=1).mark_down
2024-09-11T22:43:24.250 INFO:teuthology.orchestra.run.smithi152.stdout:/usr/bin/ceph: stderr
2024-09-11T22:43:17.810+0000 7f8bfefc4640 1 --2- 172.21.15.152:0/2836609859 >> [v2:172.21.15.152:3300/0,v1:172.21.15.152:6789/0] conn(0x7f8bf8108080 0x7f8bf810a470 secure :-1 s=READY pgs=18 cs=0 l=1 rev1=1 crypto rx=0x7f8bec009820 tx=0x7f8bec02a270 comp rx=0 tx=0).stop
2024-09-11T22:43:24.251 INFO:teuthology.orchestra.run.smithi152.stdout:/usr/bin/ceph: stderr
2024-09-11T22:43:17.810+0000 7f8bfefc4640 1 -- 172.21.15.152:0/2836609859 shutdown_connections
2024-09-11T22:43:24.251 INFO:teuthology.orchestra.run.smithi152.stdout:/usr/bin/ceph: stderr
2024-09-11T22:43:17.810+0000 7f8bfefc4640 1 --2- 172.21.15.152:0/2836609859 >> [v2:172.21.15.152:3300/0,v1:172.21.15.152:6789/0] conn(0x7f8bf8108080 0x7f8bf810a470 unknown :-1 s=CLOSED pgs=18 cs=0 l=1 rev1=1 crypto rx=0 tx=0 comp rx=0 tx=0).stop
2024-09-11T22:43:24.251 INFO:teuthology.orchestra.run.smithi152.stdout:/usr/bin/ceph: stderr
2024-09-11T22:43:17.810+0000 7f8bfefc4640 1 -- 172.21.15.152:0/2836609859 >> 172.21.15.152:0/2836609859 conn(0x7f8bf8101ca0 msgr2=0x7f8bf81040e0 unknown :-1 s=STATE_NONE l=0).mark_down
2024-09-11T22:43:24.251 INFO:teuthology.orchestra.run.smithi152.stdout:/usr/bin/ceph: stderr
2024-09-11T22:43:17.810+0000 7f8bfefc4640 1 -- 172.21.15.152:0/2836609859 shutdown_connections
2024-09-11T22:43:24.251 INFO:teuthology.orchestra.run.smithi152.stdout:/usr/bin/ceph: stderr
2024-09-11T22:43:17.810+0000 7f8bfefc4640 1 -- 172.21.15.152:0/2836609859 wait complete.
2024-09-11T22:43:24.251 INFO:teuthology.orchestra.run.smithi152.stdout:/usr/bin/ceph: stderr
2024-09-11T22:43:17.811+0000 7f8bfefc4640 1 Processor -- start
2024-09-11T22:43:24.251 INFO:teuthology.orchestra.run.smithi152.stdout:/usr/bin/ceph: stderr
2024-09-11T22:43:17.811+0000 7f8bfefc4640 1 -- start start
2024-09-11T22:43:24.251 INFO:teuthology.orchestra.run.smithi152.stdout:/usr/bin/ceph: stderr
2024-09-11T22:43:17.811+0000 7f8bfefc4640 1 --2- >> [v2:172.21.15.152:3300/0,v1:172.21.15.152:6789/0] conn(0x7f8bf8108080 0x7f8bf819b630 unknown :-1 s=NONE pgs=0 cs=0 l=1 rev1=0 crypto rx=0 tx=0 comp rx=0 tx=0).connect
2024-09-11T22:43:24.251 INFO:teuthology.orchestra.run.smithi152.stdout:/usr/bin/ceph: stderr
2024-09-11T22:43:17.811+0000 7f8bfefc4640 1 -- --> [v2:172.21.15.152:3300/0,v1:172.21.15.152:6789/0] -- mon_getmap magic: 0 -- 0x7f8bf810b9f0 con 0x7f8bf8108080
2024-09-11T22:43:24.251 INFO:teuthology.orchestra.run.smithi152.stdout:/usr/bin/ceph: stderr
2024-09-11T22:43:17.811+0000 7f8bfcd60640 1 --2- >> [v2:172.21.15.152:3300/0,v1:172.21.15.152:6789/0] conn(0x7f8bf8108080 0x7f8bf819b630 unknown :-1 s=BANNER_CONNECTING pgs=0 cs=0 l=1 rev1=0 crypto rx=0 tx=0 comp rx=0 tx=0)._handle_peer_banner_payload supported=3 required=0
2024-09-11T22:43:24.251 INFO:teuthology.orchestra.run.smithi152.stdout:/usr/bin/ceph: stderr
2024-09-11T22:43:17.811+0000 7f8bfcd60640 1 --2- >> [v2:172.21.15.152:3300/0,v1:172.21.15.152:6789/0] conn(0x7f8bf8108080 0x7f8bf819b630 unknown :-1 s=HELLO_CONNECTING pgs=0 cs=0 l=1 rev1=1 crypto rx=0 tx=0 comp rx=0 tx=0).handle_hello peer v2:172.21.15.152:3300/0 says I am v2:172.21.15.152:43222/0 (socket says 172.21.15.152:43222)
2024-09-11T22:43:24.251 INFO:teuthology.orchestra.run.smithi152.stdout:/usr/bin/ceph: stderr
2024-09-11T22:43:17.811+0000 7f8bfcd60640 1 -- 172.21.15.152:0/348033059 learned_addr learned my addr 172.21.15.152:0/348033059 (peer_addr_for_me v2:172.21.15.152:0/0)
2024-09-11T22:43:24.251 INFO:teuthology.orchestra.run.smithi152.stdout:/usr/bin/ceph: stderr
2024-09-11T22:43:17.812+0000 7f8bfcd60640 1 -- 172.21.15.152:0/348033059 --> [v2:172.21.15.152:3300/0,v1:172.21.15.152:6789/0] -- mon_subscribe({config=0+,monmap=0+}) -- 0x7f8bf819bb70 con 0x7f8bf8108080
2024-09-11T22:43:24.252 INFO:teuthology.orchestra.run.smithi152.stdout:/usr/bin/ceph: stderr
2024-09-11T22:43:17.812+0000 7f8bfcd60640 1 --2- 172.21.15.152:0/348033059 >> [v2:172.21.15.152:3300/0,v1:172.21.15.152:6789/0] conn(0x7f8bf8108080 0x7f8bf819b630 secure :-1 s=READY pgs=19 cs=0 l=1 rev1=1 crypto rx=0x7f8bec031000 tx=0x7f8bec0326e0 comp rx=0 tx=0).ready entity=mon.0 client_cookie=0 server_cookie=0 in_seq=0 out_seq=0
2024-09-11T22:43:24.252 INFO:teuthology.orchestra.run.smithi152.stdout:/usr/bin/ceph: stderr
2024-09-11T22:43:17.812+0000 7f8bf5ffb640 1 -- 172.21.15.152:0/348033059 <== mon.0 v2:172.21.15.152:3300/0 1 ==== mon_map magic: 0 ==== 205+0+0 (secure 0 0 0) 0x7f8bec042070 con 0x7f8bf8108080
2024-09-11T22:43:24.252 INFO:teuthology.orchestra.run.smithi152.stdout:/usr/bin/ceph: stderr
2024-09-11T22:43:17.812+0000 7f8bf5ffb640 1 -- 172.21.15.152:0/348033059 <== mon.0 v2:172.21.15.152:3300/0 2 ==== config(27 keys) ==== 1109+0+0 (secure 0 0 0) 0x7f8bec032be0 con 0x7f8bf8108080
2024-09-11T22:43:24.252 INFO:teuthology.orchestra.run.smithi152.stdout:/usr/bin/ceph: stderr
2024-09-11T22:43:17.812+0000 7f8bfefc4640 1 -- 172.21.15.152:0/348033059 --> [v2:172.21.15.152:3300/0,v1:172.21.15.152:6789/0] -- mon_subscribe({mgrmap=0+}) -- 0x7f8bf819be00 con 0x7f8bf8108080
2024-09-11T22:43:24.252 INFO:teuthology.orchestra.run.smithi152.stdout:/usr/bin/ceph: stderr
2024-09-11T22:43:17.812+0000 7f8bf5ffb640 1 -- 172.21.15.152:0/348033059 <== mon.0 v2:172.21.15.152:3300/0 3 ==== mon_map magic: 0 ==== 205+0+0 (secure 0 0 0) 0x7f8bec037040 con 0x7f8bf8108080
2024-09-11T22:43:24.252 INFO:teuthology.orchestra.run.smithi152.stdout:/usr/bin/ceph: stderr
2024-09-11T22:43:17.812+0000 7f8bfefc4640 1 -- 172.21.15.152:0/348033059 --> [v2:172.21.15.152:3300/0,v1:172.21.15.152:6789/0] -- mon_subscribe({osdmap=0}) -- 0x7f8bf819eaf0 con 0x7f8bf8108080
2024-09-11T22:43:24.252 INFO:teuthology.orchestra.run.smithi152.stdout:/usr/bin/ceph: stderr
2024-09-11T22:43:17.813+0000 7f8bf5ffb640 1 -- 172.21.15.152:0/348033059 <== mon.0 v2:172.21.15.152:3300/0 4 ==== mgrmap(e 4) ==== 46276+0+0 (secure 0 0 0) 0x7f8bec045070 con 0x7f8bf8108080
2024-09-11T22:43:24.252 INFO:teuthology.orchestra.run.smithi152.stdout:/usr/bin/ceph: stderr
2024-09-11T22:43:17.813+0000 7f8bf5ffb640 1 --2- 172.21.15.152:0/348033059 >> [v2:172.21.15.152:6800/2200357575,v1:172.21.15.152:6801/2200357575] conn(0x7f8be8038f70 0x7f8be803b430 unknown :-1 s=NONE pgs=0 cs=0 l=1 rev1=0 crypto rx=0 tx=0 comp rx=0 tx=0).connect
2024-09-11T22:43:24.252 INFO:teuthology.orchestra.run.smithi152.stdout:/usr/bin/ceph: stderr
2024-09-11T22:43:17.813+0000 7f8bfefc4640 1 -- 172.21.15.152:0/348033059 --> [v2:172.21.15.152:3300/0,v1:172.21.15.152:6789/0] -- mon_command({"prefix": "get_command_descriptions"} v 0) -- 0x7f8bf81084e0 con 0x7f8bf8108080
2024-09-11T22:43:24.252 INFO:teuthology.orchestra.run.smithi152.stdout:/usr/bin/ceph: stderr
2024-09-11T22:43:17.813+0000 7f8bf5ffb640 1 -- 172.21.15.152:0/348033059 <== mon.0 v2:172.21.15.152:3300/0 5 ==== osd_map(1..1 src has 1..1) ==== 725+0+0 (secure 0 0 0) 0x7f8bec06cf80 con 0x7f8bf8108080
2024-09-11T22:43:24.252 INFO:teuthology.orchestra.run.smithi152.stdout:/usr/bin/ceph: stderr
2024-09-11T22:43:17.814+0000 7f8bf7fff640 1 --2- 172.21.15.152:0/348033059 >> [v2:172.21.15.152:6800/2200357575,v1:172.21.15.152:6801/2200357575] conn(0x7f8be8038f70 0x7f8be803b430 unknown :-1 s=BANNER_CONNECTING pgs=0 cs=0 l=1 rev1=0 crypto rx=0 tx=0 comp rx=0 tx=0)._handle_peer_banner_payload supported=3 required=0
2024-09-11T22:43:24.252 INFO:teuthology.orchestra.run.smithi152.stdout:/usr/bin/ceph: stderr
2024-09-11T22:43:17.814+0000 7f8bf7fff640 1 --2- 172.21.15.152:0/348033059 >> [v2:172.21.15.152:6800/2200357575,v1:172.21.15.152:6801/2200357575] conn(0x7f8be8038f70 0x7f8be803b430 secure :-1 s=READY pgs=7 cs=0 l=1 rev1=1 crypto rx=0x7f8be40098c0 tx=0x7f8be4006db0 comp rx=0 tx=0).ready entity=mgr.14100 client_cookie=0 server_cookie=0 in_seq=0 out_seq=0
2024-09-11T22:43:24.252 INFO:teuthology.orchestra.run.smithi152.stdout:/usr/bin/ceph: stderr
2024-09-11T22:43:17.818+0000 7f8bf5ffb640 1 -- 172.21.15.152:0/348033059 <== mon.0 v2:172.21.15.152:3300/0 6 ==== mon_command_ack([{"prefix": "get_command_descriptions"}]=0 v0) ==== 72+0+188821 (secure 0 0 0) 0x7f8bec042210 con 0x7f8bf8108080
2024-09-11T22:43:24.253 INFO:teuthology.orchestra.run.smithi152.stdout:/usr/bin/ceph: stderr
2024-09-11T22:43:17.991+0000 7f8bfefc4640 1 -- 172.21.15.152:0/348033059 --> [v2:172.21.15.152:3300/0,v1:172.21.15.152:6789/0] -- mon_command({"prefix": "config assimilate-conf"} v 0) -- 0x7f8bf819ecc0 con 0x7f8bf8108080
2024-09-11T22:43:24.253 INFO:teuthology.orchestra.run.smithi152.stdout:/usr/bin/ceph: stderr
2024-09-11T22:43:17.992+0000 7f8bf5ffb640 1 -- 172.21.15.152:0/348033059 <== mon.0 v2:172.21.15.152:3300/0 7 ==== mon_command_ack([{"prefix": "config assimilate-conf"}]=0 v3) ==== 70+0+431 (secure 0 0 0) 0x7f8bec032d90 con 0x7f8bf8108080
2024-09-11T22:43:24.253 INFO:teuthology.orchestra.run.smithi152.stdout:/usr/bin/ceph: stderr
2024-09-11T22:43:17.995+0000 7f8bfefc4640 1 -- 172.21.15.152:0/348033059 >> [v2:172.21.15.152:6800/2200357575,v1:172.21.15.152:6801/2200357575] conn(0x7f8be8038f70 msgr2=0x7f8be803b430 secure :-1 s=STATE_CONNECTION_ESTABLISHED l=1).mark_down
2024-09-11T22:43:24.253 INFO:teuthology.orchestra.run.smithi152.stdout:/usr/bin/ceph: stderr
2024-09-11T22:43:17.995+0000 7f8bfefc4640 1 --2- 172.21.15.152:0/348033059 >> [v2:172.21.15.152:6800/2200357575,v1:172.21.15.152:6801/2200357575] conn(0x7f8be8038f70 0x7f8be803b430 secure :-1 s=READY pgs=7 cs=0 l=1 rev1=1 crypto rx=0x7f8be40098c0 tx=0x7f8be4006db0 comp rx=0 tx=0).stop
2024-09-11T22:43:24.253 INFO:teuthology.orchestra.run.smithi152.stdout:/usr/bin/ceph: stderr
2024-09-11T22:43:17.995+0000 7f8bfefc4640 1 -- 172.21.15.152:0/348033059 >> [v2:172.21.15.152:3300/0,v1:172.21.15.152:6789/0] conn(0x7f8bf8108080 msgr2=0x7f8bf819b630 secure :-1 s=STATE_CONNECTION_ESTABLISHED l=1).mark_down
2024-09-11T22:43:24.253 INFO:teuthology.orchestra.run.smithi152.stdout:/usr/bin/ceph: stderr
2024-09-11T22:43:17.995+0000 7f8bfefc4640 1 --2- 172.21.15.152:0/348033059 >> [v2:172.21.15.152:3300/0,v1:172.21.15.152:6789/0] conn(0x7f8bf8108080 0x7f8bf819b630 secure :-1 s=READY pgs=19 cs=0 l=1 rev1=1 crypto rx=0x7f8bec031000 tx=0x7f8bec0326e0 comp rx=0 tx=0).stop
2024-09-11T22:43:24.253 INFO:teuthology.orchestra.run.smithi152.stdout:/usr/bin/ceph: stderr
2024-09-11T22:43:17.995+0000 7f8bfefc4640 1 -- 172.21.15.152:0/348033059 shutdown_connections
2024-09-11T22:43:24.253 INFO:teuthology.orchestra.run.smithi152.stdout:/usr/bin/ceph: stderr
2024-09-11T22:43:17.995+0000 7f8bfefc4640 1 --2- 172.21.15.152:0/348033059 >> [v2:172.21.15.152:6800/2200357575,v1:172.21.15.152:6801/2200357575] conn(0x7f8be8038f70 0x7f8be803b430 unknown :-1 s=CLOSED pgs=7 cs=0 l=1 rev1=1 crypto rx=0 tx=0 comp rx=0 tx=0).stop
2024-09-11T22:43:24.253 INFO:teuthology.orchestra.run.smithi152.stdout:/usr/bin/ceph: stderr
2024-09-11T22:43:17.995+0000 7f8bfefc4640 1 --2- 172.21.15.152:0/348033059 >> [v2:172.21.15.152:3300/0,v1:172.21.15.152:6789/0] conn(0x7f8bf8108080 0x7f8bf819b630 unknown :-1 s=CLOSED pgs=19 cs=0 l=1 rev1=1 crypto rx=0 tx=0 comp rx=0 tx=0).stop
2024-09-11T22:43:24.253 INFO:teuthology.orchestra.run.smithi152.stdout:/usr/bin/ceph: stderr
2024-09-11T22:43:17.995+0000 7f8bfefc4640 1 -- 172.21.15.152:0/348033059 >> 172.21.15.152:0/348033059 conn(0x7f8bf8101ca0 msgr2=0x7f8bf8102870 unknown :-1 s=STATE_NONE l=0).mark_down
2024-09-11T22:43:24.253 INFO:teuthology.orchestra.run.smithi152.stdout:/usr/bin/ceph: stderr
2024-09-11T22:43:17.995+0000 7f8bfefc4640 1 -- 172.21.15.152:0/348033059 shutdown_connections
2024-09-11T22:43:24.253 INFO:teuthology.orchestra.run.smithi152.stdout:/usr/bin/ceph: stderr
2024-09-11T22:43:17.995+0000 7f8bfefc4640 1 -- 172.21.15.152:0/348033059 wait complete.
2024-09-11T22:43:24.253 INFO:teuthology.orchestra.run.smithi152.stdout:Enabling cephadm module...
2024-09-11T22:43:27.373 INFO:journalctl@ceph.mon.a.smithi152.stdout:Sep 11 22:43:27 smithi152 ceph-mon[31181]: from='client.? 172.21.15.152:0/3198005034' entity='client.admin' cmd=[{"prefix": "mgr module enable", "module": "cephadm"}]: dispatch
2024-09-11T22:43:27.373 INFO:journalctl@ceph.mgr.x.smithi152.stdout:Sep 11 22:43:27 smithi152 ceph-0e4e82bc-708f-11ef-bcea-c7b262605968-mgr-x[31407]: ignoring --setuser ceph since I am not root
2024-09-11T22:43:27.373 INFO:journalctl@ceph.mgr.x.smithi152.stdout:Sep 11 22:43:27 smithi152 ceph-0e4e82bc-708f-11ef-bcea-c7b262605968-mgr-x[31407]: ignoring --setgroup ceph since I am not root
2024-09-11T22:43:27.373 INFO:journalctl@ceph.mgr.x.smithi152.stdout:Sep 11 22:43:27 smithi152 ceph-0e4e82bc-708f-11ef-bcea-c7b262605968-mgr-x[31407]:
2024-09-11T22:43:27.264+0000 7f1f9d138040 -1 mgr[py] Module osd_perf_query has missing NOTIFY_TYPES member
2024-09-11T22:43:27.373 INFO:journalctl@ceph.mgr.x.smithi152.stdout:Sep 11 22:43:27 smithi152 ceph-0e4e82bc-708f-11ef-bcea-c7b262605968-mgr-x[31407]:
2024-09-11T22:43:27.320+0000 7f1f9d138040 -1 mgr[py] Module osd_support has missing NOTIFY_TYPES member
2024-09-11T22:43:27.749 INFO:journalctl@ceph.mgr.x.smithi152.stdout:Sep 11 22:43:27 smithi152 ceph-0e4e82bc-708f-11ef-bcea-c7b262605968-mgr-x[31407]:
2024-09-11T22:43:27.470+0000 7f1f9d138040 -1 mgr[py] Module diskprediction_local has missing NOTIFY_TYPES member
2024-09-11T22:43:27.749 INFO:journalctl@ceph.mgr.x.smithi152.stdout:Sep 11 22:43:27 smithi152 ceph-0e4e82bc-708f-11ef-bcea-c7b262605968-mgr-x[31407]:
2024-09-11T22:43:27.536+0000 7f1f9d138040 -1 mgr[py] Module crash has missing NOTIFY_TYPES member
2024-09-11T22:43:27.749 INFO:journalctl@ceph.mgr.x.smithi152.stdout:Sep 11 22:43:27 smithi152 ceph-0e4e82bc-708f-11ef-bcea-c7b262605968-mgr-x[31407]:
2024-09-11T22:43:27.682+0000 7f1f9d138040 -1 mgr[py] Module test_orchestrator has missing NOTIFY_TYPES member
2024-09-11T22:43:27.760 INFO:teuthology.orchestra.run.smithi152.stdout:/usr/bin/ceph: stderr
2024-09-11T22:43:26.853+0000 7f8c522f9640 1 Processor -- start
2024-09-11T22:43:27.760 INFO:teuthology.orchestra.run.smithi152.stdout:/usr/bin/ceph: stderr
2024-09-11T22:43:26.853+0000 7f8c522f9640 1 -- start start
2024-09-11T22:43:27.760 INFO:teuthology.orchestra.run.smithi152.stdout:/usr/bin/ceph: stderr
2024-09-11T22:43:26.853+0000 7f8c522f9640 1 --2- >> [v2:172.21.15.152:3300/0,v1:172.21.15.152:6789/0] conn(0x7f8c4c1080d0 0x7f8c4c10a4c0 unknown :-1 s=NONE pgs=0 cs=0 l=0 rev1=0 crypto rx=0 tx=0 comp rx=0 tx=0).connect
2024-09-11T22:43:27.760 INFO:teuthology.orchestra.run.smithi152.stdout:/usr/bin/ceph: stderr
2024-09-11T22:43:26.853+0000 7f8c522f9640 1 -- --> [v2:172.21.15.152:3300/0,v1:172.21.15.152:6789/0] -- mon_getmap magic: 0 -- 0x7f8c4c07be40 con 0x7f8c4c1080d0
2024-09-11T22:43:27.760 INFO:teuthology.orchestra.run.smithi152.stdout:/usr/bin/ceph: stderr
2024-09-11T22:43:26.853+0000 7f8c4bfff640 1 --2- >> [v2:172.21.15.152:3300/0,v1:172.21.15.152:6789/0] conn(0x7f8c4c1080d0 0x7f8c4c10a4c0 unknown :-1 s=BANNER_CONNECTING pgs=0 cs=0 l=0 rev1=0 crypto rx=0 tx=0 comp rx=0 tx=0)._handle_peer_banner_payload supported=3 required=0
2024-09-11T22:43:27.760 INFO:teuthology.orchestra.run.smithi152.stdout:/usr/bin/ceph: stderr
2024-09-11T22:43:26.853+0000 7f8c4bfff640 1 --2- >> [v2:172.21.15.152:3300/0,v1:172.21.15.152:6789/0] conn(0x7f8c4c1080d0 0x7f8c4c10a4c0 unknown :-1 s=HELLO_CONNECTING pgs=0 cs=0 l=0 rev1=1 crypto rx=0 tx=0 comp rx=0 tx=0).handle_hello peer v2:172.21.15.152:3300/0 says I am v2:172.21.15.152:50166/0 (socket says 172.21.15.152:50166)
2024-09-11T22:43:27.761 INFO:teuthology.orchestra.run.smithi152.stdout:/usr/bin/ceph: stderr
2024-09-11T22:43:26.853+0000 7f8c4bfff640 1 -- 172.21.15.152:0/3487577278 learned_addr learned my addr 172.21.15.152:0/3487577278 (peer_addr_for_me v2:172.21.15.152:0/0)
2024-09-11T22:43:27.761 INFO:teuthology.orchestra.run.smithi152.stdout:/usr/bin/ceph: stderr
2024-09-11T22:43:26.854+0000 7f8c4bfff640 1 -- 172.21.15.152:0/3487577278 --> [v2:172.21.15.152:3300/0,v1:172.21.15.152:6789/0] -- mon_subscribe({config=0+,monmap=0+}) -- 0x7f8c4c10aa00 con 0x7f8c4c1080d0
2024-09-11T22:43:27.761 INFO:teuthology.orchestra.run.smithi152.stdout:/usr/bin/ceph: stderr
2024-09-11T22:43:26.854+0000 7f8c4bfff640 1 --2- 172.21.15.152:0/3487577278 >> [v2:172.21.15.152:3300/0,v1:172.21.15.152:6789/0] conn(0x7f8c4c1080d0 0x7f8c4c10a4c0 secure :-1 s=READY pgs=20 cs=0 l=1 rev1=1 crypto rx=0x7f8c3c009820 tx=0x7f8c3c02a270 comp rx=0 tx=0).ready entity=mon.0 client_cookie=c3245b620348e8fc server_cookie=0 in_seq=0 out_seq=0
2024-09-11T22:43:27.761 INFO:teuthology.orchestra.run.smithi152.stdout:/usr/bin/ceph: stderr
2024-09-11T22:43:26.855+0000 7f8c4affd640 1 -- 172.21.15.152:0/3487577278 <== mon.0 v2:172.21.15.152:3300/0 1 ==== mon_map magic: 0 ==== 205+0+0 (secure 0 0 0) 0x7f8c3c037070 con 0x7f8c4c1080d0
2024-09-11T22:43:27.761 INFO:teuthology.orchestra.run.smithi152.stdout:/usr/bin/ceph: stderr
2024-09-11T22:43:26.855+0000 7f8c4affd640 1 -- 172.21.15.152:0/3487577278 <== mon.0 v2:172.21.15.152:3300/0 2 ==== config(27 keys) ==== 1109+0+0 (secure 0 0 0) 0x7f8c3c032900 con 0x7f8c4c1080d0
2024-09-11T22:43:27.761 INFO:teuthology.orchestra.run.smithi152.stdout:/usr/bin/ceph: stderr
2024-09-11T22:43:26.855+0000 7f8c4affd640 1 -- 172.21.15.152:0/3487577278 <== mon.0 v2:172.21.15.152:3300/0 3 ==== mon_map magic: 0 ==== 205+0+0 (secure 0 0 0) 0x7f8c3c030850 con 0x7f8c4c1080d0
2024-09-11T22:43:27.761 INFO:teuthology.orchestra.run.smithi152.stdout:/usr/bin/ceph: stderr
2024-09-11T22:43:26.855+0000 7f8c522f9640 1 -- 172.21.15.152:0/3487577278 >> [v2:172.21.15.152:3300/0,v1:172.21.15.152:6789/0] conn(0x7f8c4c1080d0 msgr2=0x7f8c4c10a4c0 secure :-1 s=STATE_CONNECTION_ESTABLISHED l=1).mark_down
2024-09-11T22:43:27.761 INFO:teuthology.orchestra.run.smithi152.stdout:/usr/bin/ceph: stderr
2024-09-11T22:43:26.855+0000 7f8c522f9640 1 --2- 172.21.15.152:0/3487577278 >> [v2:172.21.15.152:3300/0,v1:172.21.15.152:6789/0] conn(0x7f8c4c1080d0 0x7f8c4c10a4c0 secure :-1 s=READY pgs=20 cs=0 l=1 rev1=1 crypto rx=0x7f8c3c009820 tx=0x7f8c3c02a270 comp rx=0 tx=0).stop
2024-09-11T22:43:27.761 INFO:teuthology.orchestra.run.smithi152.stdout:/usr/bin/ceph: stderr
2024-09-11T22:43:26.855+0000 7f8c522f9640 1 -- 172.21.15.152:0/3487577278 shutdown_connections
2024-09-11T22:43:27.761 INFO:teuthology.orchestra.run.smithi152.stdout:/usr/bin/ceph: stderr
2024-09-11T22:43:26.855+0000 7f8c522f9640 1 --2- 172.21.15.152:0/3487577278 >> [v2:172.21.15.152:3300/0,v1:172.21.15.152:6789/0] conn(0x7f8c4c1080d0 0x7f8c4c10a4c0 unknown :-1 s=CLOSED pgs=20 cs=0 l=1 rev1=1 crypto rx=0 tx=0 comp rx=0 tx=0).stop
2024-09-11T22:43:27.761 INFO:teuthology.orchestra.run.smithi152.stdout:/usr/bin/ceph: stderr
2024-09-11T22:43:26.855+0000 7f8c522f9640 1 -- 172.21.15.152:0/3487577278 >> 172.21.15.152:0/3487577278 conn(0x7f8c4c101cb0 msgr2=0x7f8c4c1040f0 unknown :-1 s=STATE_NONE l=0).mark_down
2024-09-11T22:43:27.761 INFO:teuthology.orchestra.run.smithi152.stdout:/usr/bin/ceph: stderr
2024-09-11T22:43:26.855+0000 7f8c522f9640 1 -- 172.21.15.152:0/3487577278 shutdown_connections
2024-09-11T22:43:27.761 INFO:teuthology.orchestra.run.smithi152.stdout:/usr/bin/ceph: stderr
2024-09-11T22:43:26.855+0000 7f8c522f9640 1 -- 172.21.15.152:0/3487577278 wait complete.
2024-09-11T22:43:27.762 INFO:teuthology.orchestra.run.smithi152.stdout:/usr/bin/ceph: stderr
2024-09-11T22:43:26.856+0000 7f8c522f9640 1 Processor -- start
