2024-09-11T22:46:09.229+0000 7fcd47e00640 1 --2- 172.21.15.19:0/3169740748 >> [v2:172.21.15.19:3300/0,v1:172.21.15.19:6789/0] conn(0x7fcd40107970 0x7fcd40107d70 unknown :-1 s=CLOSED pgs=47 cs=0 l=1 rev1=1 crypto rx=0 tx=0 comp rx=0 tx=0).stop
2024-09-11T22:46:10.613 INFO:teuthology.orchestra.run.smithi019.stdout:/usr/bin/ceph: stderr
2024-09-11T22:46:09.229+0000 7fcd47e00640 1 -- 172.21.15.19:0/3169740748 >> 172.21.15.19:0/3169740748 conn(0x7fcd40103120 msgr2=0x7fcd40105540 unknown :-1 s=STATE_NONE l=0).mark_down
2024-09-11T22:46:10.613 INFO:teuthology.orchestra.run.smithi019.stdout:/usr/bin/ceph: stderr
2024-09-11T22:46:09.229+0000 7fcd47e00640 1 -- 172.21.15.19:0/3169740748 shutdown_connections
2024-09-11T22:46:10.613 INFO:teuthology.orchestra.run.smithi019.stdout:/usr/bin/ceph: stderr
2024-09-11T22:46:09.230+0000 7fcd47e00640 1 -- 172.21.15.19:0/3169740748 wait complete.
2024-09-11T22:46:10.613 INFO:teuthology.orchestra.run.smithi019.stdout:/usr/bin/ceph: stderr
2024-09-11T22:46:09.230+0000 7fcd47e00640 1 Processor -- start
2024-09-11T22:46:10.613 INFO:teuthology.orchestra.run.smithi019.stdout:/usr/bin/ceph: stderr
2024-09-11T22:46:09.231+0000 7fcd47e00640 1 -- start start
2024-09-11T22:46:10.613 INFO:teuthology.orchestra.run.smithi019.stdout:/usr/bin/ceph: stderr
2024-09-11T22:46:09.231+0000 7fcd47e00640 1 --2- >> [v2:172.21.15.19:3300/0,v1:172.21.15.19:6789/0] conn(0x7fcd40107970 0x7fcd4007db60 unknown :-1 s=NONE pgs=0 cs=0 l=1 rev1=0 crypto rx=0 tx=0 comp rx=0 tx=0).connect
2024-09-11T22:46:10.613 INFO:teuthology.orchestra.run.smithi019.stdout:/usr/bin/ceph: stderr
2024-09-11T22:46:09.231+0000 7fcd47e00640 1 -- --> [v2:172.21.15.19:3300/0,v1:172.21.15.19:6789/0] -- mon_getmap magic: 0 -- 0x7fcd4010bf20 con 0x7fcd40107970
2024-09-11T22:46:10.613 INFO:teuthology.orchestra.run.smithi019.stdout:/usr/bin/ceph: stderr
2024-09-11T22:46:09.231+0000 7fcd45400640 1 --2- >> [v2:172.21.15.19:3300/0,v1:172.21.15.19:6789/0] conn(0x7fcd40107970 0x7fcd4007db60 unknown :-1 s=BANNER_CONNECTING pgs=0 cs=0 l=1 rev1=0 crypto rx=0 tx=0 comp rx=0 tx=0)._handle_peer_banner_payload supported=3 required=0
2024-09-11T22:46:10.613 INFO:teuthology.orchestra.run.smithi019.stdout:/usr/bin/ceph: stderr
2024-09-11T22:46:09.231+0000 7fcd45400640 1 --2- >> [v2:172.21.15.19:3300/0,v1:172.21.15.19:6789/0] conn(0x7fcd40107970 0x7fcd4007db60 unknown :-1 s=HELLO_CONNECTING pgs=0 cs=0 l=1 rev1=1 crypto rx=0 tx=0 comp rx=0 tx=0).handle_hello peer v2:172.21.15.19:3300/0 says I am v2:172.21.15.19:43296/0 (socket says 172.21.15.19:43296)
2024-09-11T22:46:10.613 INFO:teuthology.orchestra.run.smithi019.stdout:/usr/bin/ceph: stderr
2024-09-11T22:46:09.231+0000 7fcd45400640 1 -- 172.21.15.19:0/1885551572 learned_addr learned my addr 172.21.15.19:0/1885551572 (peer_addr_for_me v2:172.21.15.19:0/0)
2024-09-11T22:46:10.613 INFO:teuthology.orchestra.run.smithi019.stdout:/usr/bin/ceph: stderr
2024-09-11T22:46:09.232+0000 7fcd45400640 1 -- 172.21.15.19:0/1885551572 --> [v2:172.21.15.19:3300/0,v1:172.21.15.19:6789/0] -- mon_subscribe({config=0+,monmap=0+}) -- 0x7fcd4007e0a0 con 0x7fcd40107970
2024-09-11T22:46:10.613 INFO:teuthology.orchestra.run.smithi019.stdout:/usr/bin/ceph: stderr
2024-09-11T22:46:09.232+0000 7fcd45400640 1 --2- 172.21.15.19:0/1885551572 >> [v2:172.21.15.19:3300/0,v1:172.21.15.19:6789/0] conn(0x7fcd40107970 0x7fcd4007db60 secure :-1 s=READY pgs=48 cs=0 l=1 rev1=1 crypto rx=0x7fcd340097f0 tx=0x7fcd34032e80 comp rx=0 tx=0).ready entity=mon.0 client_cookie=0 server_cookie=0 in_seq=0 out_seq=0
2024-09-11T22:46:10.613 INFO:teuthology.orchestra.run.smithi019.stdout:/usr/bin/ceph: stderr
2024-09-11T22:46:09.232+0000 7fcd3e000640 1 -- 172.21.15.19:0/1885551572 <== mon.0 v2:172.21.15.19:3300/0 1 ==== mon_map magic: 0 ==== 205+0+0 (secure 0 0 0) 0x7fcd34042070 con 0x7fcd40107970
2024-09-11T22:46:10.613 INFO:teuthology.orchestra.run.smithi019.stdout:/usr/bin/ceph: stderr
2024-09-11T22:46:09.232+0000 7fcd3e000640 1 -- 172.21.15.19:0/1885551572 <== mon.0 v2:172.21.15.19:3300/0 2 ==== config(29 keys) ==== 1209+0+0 (secure 0 0 0) 0x7fcd34032670 con 0x7fcd40107970
2024-09-11T22:46:10.614 INFO:teuthology.orchestra.run.smithi019.stdout:/usr/bin/ceph: stderr
2024-09-11T22:46:09.232+0000 7fcd3e000640 1 -- 172.21.15.19:0/1885551572 <== mon.0 v2:172.21.15.19:3300/0 3 ==== mon_map magic: 0 ==== 205+0+0 (secure 0 0 0) 0x7fcd34037040 con 0x7fcd40107970
2024-09-11T22:46:10.614 INFO:teuthology.orchestra.run.smithi019.stdout:/usr/bin/ceph: stderr
2024-09-11T22:46:09.232+0000 7fcd47e00640 1 -- 172.21.15.19:0/1885551572 --> [v2:172.21.15.19:3300/0,v1:172.21.15.19:6789/0] -- mon_subscribe({mgrmap=0+}) -- 0x7fcd4007c290 con 0x7fcd40107970
2024-09-11T22:46:10.614 INFO:teuthology.orchestra.run.smithi019.stdout:/usr/bin/ceph: stderr
2024-09-11T22:46:09.233+0000 7fcd47e00640 1 -- 172.21.15.19:0/1885551572 --> [v2:172.21.15.19:3300/0,v1:172.21.15.19:6789/0] -- mon_subscribe({osdmap=0}) -- 0x7fcd4007c7d0 con 0x7fcd40107970
2024-09-11T22:46:10.614 INFO:teuthology.orchestra.run.smithi019.stdout:/usr/bin/ceph: stderr
2024-09-11T22:46:09.234+0000 7fcd3e000640 1 -- 172.21.15.19:0/1885551572 <== mon.0 v2:172.21.15.19:3300/0 4 ==== mgrmap(e 8) ==== 46287+0+0 (secure 0 0 0) 0x7fcd34045070 con 0x7fcd40107970
2024-09-11T22:46:10.614 INFO:teuthology.orchestra.run.smithi019.stdout:/usr/bin/ceph: stderr
2024-09-11T22:46:09.234+0000 7fcd47e00640 1 -- 172.21.15.19:0/1885551572 --> [v2:172.21.15.19:3300/0,v1:172.21.15.19:6789/0] -- mon_command({"prefix": "get_command_descriptions"} v 0) -- 0x7fcd40107d70 con 0x7fcd40107970
2024-09-11T22:46:10.614 INFO:teuthology.orchestra.run.smithi019.stdout:/usr/bin/ceph: stderr
2024-09-11T22:46:09.234+0000 7fcd3e000640 1 --2- 172.21.15.19:0/1885551572 >> [v2:172.21.15.19:6800/2278867540,v1:172.21.15.19:6801/2278867540] conn(0x7fcd28038fc0 0x7fcd2803b480 unknown :-1 s=NONE pgs=0 cs=0 l=1 rev1=0 crypto rx=0 tx=0 comp rx=0 tx=0).connect
2024-09-11T22:46:10.614 INFO:teuthology.orchestra.run.smithi019.stdout:/usr/bin/ceph: stderr
2024-09-11T22:46:09.234+0000 7fcd3e000640 1 -- 172.21.15.19:0/1885551572 <== mon.0 v2:172.21.15.19:3300/0 5 ==== osd_map(2..2 src has 1..2) ==== 940+0+0 (secure 0 0 0) 0x7fcd3406bfe0 con 0x7fcd40107970
2024-09-11T22:46:10.614 INFO:teuthology.orchestra.run.smithi019.stdout:/usr/bin/ceph: stderr
2024-09-11T22:46:09.235+0000 7fcd44a00640 1 --2- 172.21.15.19:0/1885551572 >> [v2:172.21.15.19:6800/2278867540,v1:172.21.15.19:6801/2278867540] conn(0x7fcd28038fc0 0x7fcd2803b480 unknown :-1 s=BANNER_CONNECTING pgs=0 cs=0 l=1 rev1=0 crypto rx=0 tx=0 comp rx=0 tx=0)._handle_peer_banner_payload supported=3 required=0
2024-09-11T22:46:10.614 INFO:teuthology.orchestra.run.smithi019.stdout:/usr/bin/ceph: stderr
2024-09-11T22:46:09.235+0000 7fcd44a00640 1 --2- 172.21.15.19:0/1885551572 >> [v2:172.21.15.19:6800/2278867540,v1:172.21.15.19:6801/2278867540] conn(0x7fcd28038fc0 0x7fcd2803b480 secure :-1 s=READY pgs=14 cs=0 l=1 rev1=1 crypto rx=0x7fcd2c0098c0 tx=0x7fcd2c006db0 comp rx=0 tx=0).ready entity=mgr.14116 client_cookie=0 server_cookie=0 in_seq=0 out_seq=0
2024-09-11T22:46:10.614 INFO:teuthology.orchestra.run.smithi019.stdout:/usr/bin/ceph: stderr
2024-09-11T22:46:09.240+0000 7fcd3e000640 1 -- 172.21.15.19:0/1885551572 <== mon.0 v2:172.21.15.19:3300/0 6 ==== mon_command_ack([{"prefix": "get_command_descriptions"}]=0 v0) ==== 72+0+188821 (secure 0 0 0) 0x7fcd3402f2a0 con 0x7fcd40107970
2024-09-11T22:46:10.614 INFO:teuthology.orchestra.run.smithi019.stdout:/usr/bin/ceph: stderr
2024-09-11T22:46:09.444+0000 7fcd47e00640 1 -- 172.21.15.19:0/1885551572 --> [v2:172.21.15.19:3300/0,v1:172.21.15.19:6789/0] -- mon_command([{prefix=config set, name=mgr/cephadm/container_init}] v 0) -- 0x7fcd4007cf70 con 0x7fcd40107970
2024-09-11T22:46:10.614 INFO:teuthology.orchestra.run.smithi019.stdout:/usr/bin/ceph: stderr
2024-09-11T22:46:09.448+0000 7fcd3e000640 1 -- 172.21.15.19:0/1885551572 <== mon.0 v2:172.21.15.19:3300/0 7 ==== mon_command_ack([{prefix=config set, name=mgr/cephadm/container_init}]=0 v7)=0 v7) ==== 142+0+0 (secure 0 0 0) 0x7fcd3403ce10 con 0x7fcd40107970
2024-09-11T22:46:10.614 INFO:teuthology.orchestra.run.smithi019.stdout:/usr/bin/ceph: stderr
2024-09-11T22:46:09.451+0000 7fcd47e00640 1 -- 172.21.15.19:0/1885551572 >> [v2:172.21.15.19:6800/2278867540,v1:172.21.15.19:6801/2278867540] conn(0x7fcd28038fc0 msgr2=0x7fcd2803b480 secure :-1 s=STATE_CONNECTION_ESTABLISHED l=1).mark_down
2024-09-11T22:46:10.615 INFO:teuthology.orchestra.run.smithi019.stdout:/usr/bin/ceph: stderr
2024-09-11T22:46:09.451+0000 7fcd47e00640 1 --2- 172.21.15.19:0/1885551572 >> [v2:172.21.15.19:6800/2278867540,v1:172.21.15.19:6801/2278867540] conn(0x7fcd28038fc0 0x7fcd2803b480 secure :-1 s=READY pgs=14 cs=0 l=1 rev1=1 crypto rx=0x7fcd2c0098c0 tx=0x7fcd2c006db0 comp rx=0 tx=0).stop
2024-09-11T22:46:10.615 INFO:teuthology.orchestra.run.smithi019.stdout:/usr/bin/ceph: stderr
2024-09-11T22:46:09.451+0000 7fcd47e00640 1 -- 172.21.15.19:0/1885551572 >> [v2:172.21.15.19:3300/0,v1:172.21.15.19:6789/0] conn(0x7fcd40107970 msgr2=0x7fcd4007db60 secure :-1 s=STATE_CONNECTION_ESTABLISHED l=1).mark_down
2024-09-11T22:46:10.615 INFO:teuthology.orchestra.run.smithi019.stdout:/usr/bin/ceph: stderr
2024-09-11T22:46:09.451+0000 7fcd47e00640 1 --2- 172.21.15.19:0/1885551572 >> [v2:172.21.15.19:3300/0,v1:172.21.15.19:6789/0] conn(0x7fcd40107970 0x7fcd4007db60 secure :-1 s=READY pgs=48 cs=0 l=1 rev1=1 crypto rx=0x7fcd340097f0 tx=0x7fcd34032e80 comp rx=0 tx=0).stop
2024-09-11T22:46:10.615 INFO:teuthology.orchestra.run.smithi019.stdout:/usr/bin/ceph: stderr
2024-09-11T22:46:09.451+0000 7fcd47e00640 1 -- 172.21.15.19:0/1885551572 shutdown_connections
2024-09-11T22:46:10.615 INFO:teuthology.orchestra.run.smithi019.stdout:/usr/bin/ceph: stderr
2024-09-11T22:46:09.451+0000 7fcd47e00640 1 --2- 172.21.15.19:0/1885551572 >> [v2:172.21.15.19:6800/2278867540,v1:172.21.15.19:6801/2278867540] conn(0x7fcd28038fc0 0x7fcd2803b480 unknown :-1 s=CLOSED pgs=14 cs=0 l=1 rev1=1 crypto rx=0 tx=0 comp rx=0 tx=0).stop
2024-09-11T22:46:10.615 INFO:teuthology.orchestra.run.smithi019.stdout:/usr/bin/ceph: stderr
2024-09-11T22:46:09.451+0000 7fcd47e00640 1 --2- 172.21.15.19:0/1885551572 >> [v2:172.21.15.19:3300/0,v1:172.21.15.19:6789/0] conn(0x7fcd40107970 0x7fcd4007db60 unknown :-1 s=CLOSED pgs=48 cs=0 l=1 rev1=1 crypto rx=0 tx=0 comp rx=0 tx=0).stop
2024-09-11T22:46:10.615 INFO:teuthology.orchestra.run.smithi019.stdout:/usr/bin/ceph: stderr
2024-09-11T22:46:09.451+0000 7fcd47e00640 1 -- 172.21.15.19:0/1885551572 >> 172.21.15.19:0/1885551572 conn(0x7fcd40103120 msgr2=0x7fcd40103be0 unknown :-1 s=STATE_NONE l=0).mark_down
2024-09-11T22:46:10.615 INFO:teuthology.orchestra.run.smithi019.stdout:/usr/bin/ceph: stderr
2024-09-11T22:46:09.452+0000 7fcd47e00640 1 -- 172.21.15.19:0/1885551572 shutdown_connections
2024-09-11T22:46:10.615 INFO:teuthology.orchestra.run.smithi019.stdout:/usr/bin/ceph: stderr
2024-09-11T22:46:09.452+0000 7fcd47e00640 1 -- 172.21.15.19:0/1885551572 wait complete.
2024-09-11T22:46:11.966 INFO:journalctl@ceph.mon.a.smithi019.stdout:Sep 11 22:46:11 smithi019 ceph-mon[30902]: from='mgr.14116 172.21.15.19:0/566588046' entity='mgr.x'
2024-09-11T22:46:11.966 INFO:journalctl@ceph.mon.a.smithi019.stdout:Sep 11 22:46:11 smithi019 ceph-mon[30902]: from='client.? 172.21.15.19:0/937331784' entity='client.admin'
2024-09-11T22:46:11.979 INFO:teuthology.orchestra.run.smithi019.stdout:/usr/bin/ceph: stderr
2024-09-11T22:46:11.094+0000 7f74c2000640 1 Processor -- start
2024-09-11T22:46:11.979 INFO:teuthology.orchestra.run.smithi019.stdout:/usr/bin/ceph: stderr
2024-09-11T22:46:11.094+0000 7f74c2000640 1 -- start start
2024-09-11T22:46:11.979 INFO:teuthology.orchestra.run.smithi019.stdout:/usr/bin/ceph: stderr
2024-09-11T22:46:11.095+0000 7f74c2000640 1 --2- >> [v2:172.21.15.19:3300/0,v1:172.21.15.19:6789/0] conn(0x7f74bc07de50 0x7f74bc07c2b0 unknown :-1 s=NONE pgs=0 cs=0 l=0 rev1=0 crypto rx=0 tx=0 comp rx=0 tx=0).connect
2024-09-11T22:46:11.979 INFO:teuthology.orchestra.run.smithi019.stdout:/usr/bin/ceph: stderr
2024-09-11T22:46:11.095+0000 7f74c2000640 1 -- --> [v2:172.21.15.19:3300/0,v1:172.21.15.19:6789/0] -- mon_getmap magic: 0 -- 0x7f74bc07c7f0 con 0x7f74bc07de50
2024-09-11T22:46:11.979 INFO:teuthology.orchestra.run.smithi019.stdout:/usr/bin/ceph: stderr
2024-09-11T22:46:11.095+0000 7f74bb400640 1 --2- >> [v2:172.21.15.19:3300/0,v1:172.21.15.19:6789/0] conn(0x7f74bc07de50 0x7f74bc07c2b0 unknown :-1 s=BANNER_CONNECTING pgs=0 cs=0 l=0 rev1=0 crypto rx=0 tx=0 comp rx=0 tx=0)._handle_peer_banner_payload supported=3 required=0
2024-09-11T22:46:11.980 INFO:teuthology.orchestra.run.smithi019.stdout:/usr/bin/ceph: stderr
2024-09-11T22:46:11.095+0000 7f74bb400640 1 --2- >> [v2:172.21.15.19:3300/0,v1:172.21.15.19:6789/0] conn(0x7f74bc07de50 0x7f74bc07c2b0 unknown :-1 s=HELLO_CONNECTING pgs=0 cs=0 l=0 rev1=1 crypto rx=0 tx=0 comp rx=0 tx=0).handle_hello peer v2:172.21.15.19:3300/0 says I am v2:172.21.15.19:43312/0 (socket says 172.21.15.19:43312)
2024-09-11T22:46:11.980 INFO:teuthology.orchestra.run.smithi019.stdout:/usr/bin/ceph: stderr
2024-09-11T22:46:11.095+0000 7f74bb400640 1 -- 172.21.15.19:0/3163350534 learned_addr learned my addr 172.21.15.19:0/3163350534 (peer_addr_for_me v2:172.21.15.19:0/0)
2024-09-11T22:46:11.980 INFO:teuthology.orchestra.run.smithi019.stdout:/usr/bin/ceph: stderr
2024-09-11T22:46:11.096+0000 7f74bb400640 1 -- 172.21.15.19:0/3163350534 --> [v2:172.21.15.19:3300/0,v1:172.21.15.19:6789/0] -- mon_subscribe({config=0+,monmap=0+}) -- 0x7f74bc07c970 con 0x7f74bc07de50
2024-09-11T22:46:11.980 INFO:teuthology.orchestra.run.smithi019.stdout:/usr/bin/ceph: stderr
2024-09-11T22:46:11.097+0000 7f74bb400640 1 --2- 172.21.15.19:0/3163350534 >> [v2:172.21.15.19:3300/0,v1:172.21.15.19:6789/0] conn(0x7f74bc07de50 0x7f74bc07c2b0 secure :-1 s=READY pgs=49 cs=0 l=1 rev1=1 crypto rx=0x7f74ac009820 tx=0x7f74ac02a270 comp rx=0 tx=0).ready entity=mon.0 client_cookie=9f7c8c62d5d9acc1 server_cookie=0 in_seq=0 out_seq=0
2024-09-11T22:46:11.980 INFO:teuthology.orchestra.run.smithi019.stdout:/usr/bin/ceph: stderr
2024-09-11T22:46:11.097+0000 7f74baa00640 1 -- 172.21.15.19:0/3163350534 <== mon.0 v2:172.21.15.19:3300/0 1 ==== mon_map magic: 0 ==== 205+0+0 (secure 0 0 0) 0x7f74ac037070 con 0x7f74bc07de50
2024-09-11T22:46:11.980 INFO:teuthology.orchestra.run.smithi019.stdout:/usr/bin/ceph: stderr
2024-09-11T22:46:11.097+0000 7f74baa00640 1 -- 172.21.15.19:0/3163350534 <== mon.0 v2:172.21.15.19:3300/0 2 ==== config(29 keys) ==== 1209+0+0 (secure 0 0 0) 0x7f74ac032960 con 0x7f74bc07de50
2024-09-11T22:46:11.980 INFO:teuthology.orchestra.run.smithi019.stdout:/usr/bin/ceph: stderr
2024-09-11T22:46:11.097+0000 7f74baa00640 1 -- 172.21.15.19:0/3163350534 <== mon.0 v2:172.21.15.19:3300/0 3 ==== mon_map magic: 0 ==== 205+0+0 (secure 0 0 0) 0x7f74ac030980 con 0x7f74bc07de50
2024-09-11T22:46:11.980 INFO:teuthology.orchestra.run.smithi019.stdout:/usr/bin/ceph: stderr
2024-09-11T22:46:11.098+0000 7f74c2000640 1 -- 172.21.15.19:0/3163350534 >> [v2:172.21.15.19:3300/0,v1:172.21.15.19:6789/0] conn(0x7f74bc07de50 msgr2=0x7f74bc07c2b0 secure :-1 s=STATE_CONNECTION_ESTABLISHED l=1).mark_down
2024-09-11T22:46:11.980 INFO:teuthology.orchestra.run.smithi019.stdout:/usr/bin/ceph: stderr
2024-09-11T22:46:11.098+0000 7f74c2000640 1 --2- 172.21.15.19:0/3163350534 >> [v2:172.21.15.19:3300/0,v1:172.21.15.19:6789/0] conn(0x7f74bc07de50 0x7f74bc07c2b0 secure :-1 s=READY pgs=49 cs=0 l=1 rev1=1 crypto rx=0x7f74ac009820 tx=0x7f74ac02a270 comp rx=0 tx=0).stop
2024-09-11T22:46:11.980 INFO:teuthology.orchestra.run.smithi019.stdout:/usr/bin/ceph: stderr
2024-09-11T22:46:11.098+0000 7f74c2000640 1 -- 172.21.15.19:0/3163350534 shutdown_connections
2024-09-11T22:46:11.980 INFO:teuthology.orchestra.run.smithi019.stdout:/usr/bin/ceph: stderr
2024-09-11T22:46:11.098+0000 7f74c2000640 1 --2- 172.21.15.19:0/3163350534 >> [v2:172.21.15.19:3300/0,v1:172.21.15.19:6789/0] conn(0x7f74bc07de50 0x7f74bc07c2b0 unknown :-1 s=CLOSED pgs=49 cs=0 l=1 rev1=1 crypto rx=0 tx=0 comp rx=0 tx=0).stop
2024-09-11T22:46:11.980 INFO:teuthology.orchestra.run.smithi019.stdout:/usr/bin/ceph: stderr
2024-09-11T22:46:11.098+0000 7f74c2000640 1 -- 172.21.15.19:0/3163350534 >> 172.21.15.19:0/3163350534 conn(0x7f74bc103120 msgr2=0x7f74bc105540 unknown :-1 s=STATE_NONE l=0).mark_down
2024-09-11T22:46:11.981 INFO:teuthology.orchestra.run.smithi019.stdout:/usr/bin/ceph: stderr
2024-09-11T22:46:11.098+0000 7f74c2000640 1 -- 172.21.15.19:0/3163350534 shutdown_connections
2024-09-11T22:46:11.981 INFO:teuthology.orchestra.run.smithi019.stdout:/usr/bin/ceph: stderr
2024-09-11T22:46:11.098+0000 7f74c2000640 1 -- 172.21.15.19:0/3163350534 wait complete.
2024-09-11T22:46:11.981 INFO:teuthology.orchestra.run.smithi019.stdout:/usr/bin/ceph: stderr
2024-09-11T22:46:11.099+0000 7f74c2000640 1 Processor -- start
2024-09-11T22:46:11.981 INFO:teuthology.orchestra.run.smithi019.stdout:/usr/bin/ceph: stderr
2024-09-11T22:46:11.099+0000 7f74c2000640 1 -- start start
2024-09-11T22:46:11.981 INFO:teuthology.orchestra.run.smithi019.stdout:/usr/bin/ceph: stderr
2024-09-11T22:46:11.100+0000 7f74c2000640 1 --2- >> [v2:172.21.15.19:3300/0,v1:172.21.15.19:6789/0] conn(0x7f74bc07de50 0x7f74bc19db80 unknown :-1 s=NONE pgs=0 cs=0 l=1 rev1=0 crypto rx=0 tx=0 comp rx=0 tx=0).connect
2024-09-11T22:46:11.981 INFO:teuthology.orchestra.run.smithi019.stdout:/usr/bin/ceph: stderr
2024-09-11T22:46:11.100+0000 7f74c2000640 1 -- --> [v2:172.21.15.19:3300/0,v1:172.21.15.19:6789/0] -- mon_getmap magic: 0 -- 0x7f74bc10e010 con 0x7f74bc07de50
2024-09-11T22:46:11.981 INFO:teuthology.orchestra.run.smithi019.stdout:/usr/bin/ceph: stderr
2024-09-11T22:46:11.100+0000 7f74bb400640 1 --2- >> [v2:172.21.15.19:3300/0,v1:172.21.15.19:6789/0] conn(0x7f74bc07de50 0x7f74bc19db80 unknown :-1 s=BANNER_CONNECTING pgs=0 cs=0 l=1 rev1=0 crypto rx=0 tx=0 comp rx=0 tx=0)._handle_peer_banner_payload supported=3 required=0
2024-09-11T22:46:11.981 INFO:teuthology.orchestra.run.smithi019.stdout:/usr/bin/ceph: stderr
2024-09-11T22:46:11.100+0000 7f74bb400640 1 --2- >> [v2:172.21.15.19:3300/0,v1:172.21.15.19:6789/0] conn(0x7f74bc07de50 0x7f74bc19db80 unknown :-1 s=HELLO_CONNECTING pgs=0 cs=0 l=1 rev1=1 crypto rx=0 tx=0 comp rx=0 tx=0).handle_hello peer v2:172.21.15.19:3300/0 says I am v2:172.21.15.19:43320/0 (socket says 172.21.15.19:43320)
2024-09-11T22:46:11.981 INFO:teuthology.orchestra.run.smithi019.stdout:/usr/bin/ceph: stderr
2024-09-11T22:46:11.100+0000 7f74bb400640 1 -- 172.21.15.19:0/937331784 learned_addr learned my addr 172.21.15.19:0/937331784 (peer_addr_for_me v2:172.21.15.19:0/0)
2024-09-11T22:46:11.981 INFO:teuthology.orchestra.run.smithi019.stdout:/usr/bin/ceph: stderr
2024-09-11T22:46:11.100+0000 7f74bb400640 1 -- 172.21.15.19:0/937331784 --> [v2:172.21.15.19:3300/0,v1:172.21.15.19:6789/0] -- mon_subscribe({config=0+,monmap=0+}) -- 0x7f74bc19e0c0 con 0x7f74bc07de50
2024-09-11T22:46:11.981 INFO:teuthology.orchestra.run.smithi019.stdout:/usr/bin/ceph: stderr
2024-09-11T22:46:11.101+0000 7f74bb400640 1 --2- 172.21.15.19:0/937331784 >> [v2:172.21.15.19:3300/0,v1:172.21.15.19:6789/0] conn(0x7f74bc07de50 0x7f74bc19db80 secure :-1 s=READY pgs=50 cs=0 l=1 rev1=1 crypto rx=0x7f74ac032e80 tx=0x7f74ac032eb0 comp rx=0 tx=0).ready entity=mon.0 client_cookie=0 server_cookie=0 in_seq=0 out_seq=0
2024-09-11T22:46:11.981 INFO:teuthology.orchestra.run.smithi019.stdout:/usr/bin/ceph: stderr
2024-09-11T22:46:11.101+0000 7f74b8c00640 1 -- 172.21.15.19:0/937331784 <== mon.0 v2:172.21.15.19:3300/0 1 ==== mon_map magic: 0 ==== 205+0+0 (secure 0 0 0) 0x7f74ac042070 con 0x7f74bc07de50
2024-09-11T22:46:11.981 INFO:teuthology.orchestra.run.smithi019.stdout:/usr/bin/ceph: stderr
2024-09-11T22:46:11.101+0000 7f74b8c00640 1 -- 172.21.15.19:0/937331784 <== mon.0 v2:172.21.15.19:3300/0 2 ==== config(29 keys) ==== 1209+0+0 (secure 0 0 0) 0x7f74ac032670 con 0x7f74bc07de50
2024-09-11T22:46:11.982 INFO:teuthology.orchestra.run.smithi019.stdout:/usr/bin/ceph: stderr
2024-09-11T22:46:11.101+0000 7f74b8c00640 1 -- 172.21.15.19:0/937331784 <== mon.0 v2:172.21.15.19:3300/0 3 ==== mon_map magic: 0 ==== 205+0+0 (secure 0 0 0) 0x7f74ac037040 con 0x7f74bc07de50
2024-09-11T22:46:11.982 INFO:teuthology.orchestra.run.smithi019.stdout:/usr/bin/ceph: stderr
2024-09-11T22:46:11.101+0000 7f74c2000640 1 -- 172.21.15.19:0/937331784 --> [v2:172.21.15.19:3300/0,v1:172.21.15.19:6789/0] -- mon_subscribe({mgrmap=0+}) -- 0x7f74bc19e350 con 0x7f74bc07de50
2024-09-11T22:46:11.982 INFO:teuthology.orchestra.run.smithi019.stdout:/usr/bin/ceph: stderr
2024-09-11T22:46:11.101+0000 7f74c2000640 1 -- 172.21.15.19:0/937331784 --> [v2:172.21.15.19:3300/0,v1:172.21.15.19:6789/0] -- mon_subscribe({osdmap=0}) -- 0x7f74bc1a1040 con 0x7f74bc07de50
2024-09-11T22:46:11.982 INFO:teuthology.orchestra.run.smithi019.stdout:/usr/bin/ceph: stderr
2024-09-11T22:46:11.102+0000 7f74b8c00640 1 -- 172.21.15.19:0/937331784 <== mon.0 v2:172.21.15.19:3300/0 4 ==== mgrmap(e 8) ==== 46287+0+0 (secure 0 0 0) 0x7f74ac045070 con 0x7f74bc07de50
2024-09-11T22:46:11.982 INFO:teuthology.orchestra.run.smithi019.stdout:/usr/bin/ceph: stderr
2024-09-11T22:46:11.102+0000 7f74c2000640 1 -- 172.21.15.19:0/937331784 --> [v2:172.21.15.19:3300/0,v1:172.21.15.19:6789/0] -- mon_command({"prefix": "get_command_descriptions"} v 0) -- 0x7f74bc07c2b0 con 0x7f74bc07de50
2024-09-11T22:46:11.982 INFO:teuthology.orchestra.run.smithi019.stdout:/usr/bin/ceph: stderr
2024-09-11T22:46:11.103+0000 7f74b8c00640 1 --2- 172.21.15.19:0/937331784 >> [v2:172.21.15.19:6800/2278867540,v1:172.21.15.19:6801/2278867540] conn(0x7f74a0038fc0 0x7f74a003b480 unknown :-1 s=NONE pgs=0 cs=0 l=1 rev1=0 crypto rx=0 tx=0 comp rx=0 tx=0).connect
2024-09-11T22:46:11.982 INFO:teuthology.orchestra.run.smithi019.stdout:/usr/bin/ceph: stderr
2024-09-11T22:46:11.103+0000 7f74b8c00640 1 -- 172.21.15.19:0/937331784 <== mon.0 v2:172.21.15.19:3300/0 5 ==== osd_map(2..2 src has 1..2) ==== 940+0+0 (secure 0 0 0) 0x7f74ac06c000 con 0x7f74bc07de50
2024-09-11T22:46:11.982 INFO:teuthology.orchestra.run.smithi019.stdout:/usr/bin/ceph: stderr
2024-09-11T22:46:11.103+0000 7f74b3e00640 1 --2- 172.21.15.19:0/937331784 >> [v2:172.21.15.19:6800/2278867540,v1:172.21.15.19:6801/2278867540] conn(0x7f74a0038fc0 0x7f74a003b480 unknown :-1 s=BANNER_CONNECTING pgs=0 cs=0 l=1 rev1=0 crypto rx=0 tx=0 comp rx=0 tx=0)._handle_peer_banner_payload supported=3 required=0
2024-09-11T22:46:11.982 INFO:teuthology.orchestra.run.smithi019.stdout:/usr/bin/ceph: stderr
2024-09-11T22:46:11.104+0000 7f74b3e00640 1 --2- 172.21.15.19:0/937331784 >> [v2:172.21.15.19:6800/2278867540,v1:172.21.15.19:6801/2278867540] conn(0x7f74a0038fc0 0x7f74a003b480 secure :-1 s=READY pgs=15 cs=0 l=1 rev1=1 crypto rx=0x7f74a40098c0 tx=0x7f74a4006db0 comp rx=0 tx=0).ready entity=mgr.14116 client_cookie=0 server_cookie=0 in_seq=0 out_seq=0
2024-09-11T22:46:11.982 INFO:teuthology.orchestra.run.smithi019.stdout:/usr/bin/ceph: stderr
2024-09-11T22:46:11.108+0000 7f74b8c00640 1 -- 172.21.15.19:0/937331784 <== mon.0 v2:172.21.15.19:3300/0 6 ==== mon_command_ack([{"prefix": "get_command_descriptions"}]=0 v0) ==== 72+0+188821 (secure 0 0 0) 0x7f74ac04b170 con 0x7f74bc07de50
2024-09-11T22:46:11.982 INFO:teuthology.orchestra.run.smithi019.stdout:/usr/bin/ceph: stderr
2024-09-11T22:46:11.296+0000 7f74c2000640 1 -- 172.21.15.19:0/937331784 --> [v2:172.21.15.19:3300/0,v1:172.21.15.19:6789/0] -- mon_command([{prefix=config set, name=mgr/dashboard/ssl_server_port}] v 0) -- 0x7f74bc1a1210 con 0x7f74bc07de50
2024-09-11T22:46:11.982 INFO:teuthology.orchestra.run.smithi019.stdout:/usr/bin/ceph: stderr
2024-09-11T22:46:11.298+0000 7f74b8c00640 1 -- 172.21.15.19:0/937331784 <== mon.0 v2:172.21.15.19:3300/0 7 ==== mon_command_ack([{prefix=config set, name=mgr/dashboard/ssl_server_port}]=0 v8)=0 v8) ==== 130+0+0 (secure 0 0 0) 0x7f74ac06b950 con 0x7f74bc07de50
2024-09-11T22:46:11.982 INFO:teuthology.orchestra.run.smithi019.stdout:/usr/bin/ceph: stderr
2024-09-11T22:46:11.301+0000 7f74c2000640 1 -- 172.21.15.19:0/937331784 >> [v2:172.21.15.19:6800/2278867540,v1:172.21.15.19:6801/2278867540] conn(0x7f74a0038fc0 msgr2=0x7f74a003b480 secure :-1 s=STATE_CONNECTION_ESTABLISHED l=1).mark_down
2024-09-11T22:46:11.983 INFO:teuthology.orchestra.run.smithi019.stdout:/usr/bin/ceph: stderr
2024-09-11T22:46:11.301+0000 7f74c2000640 1 --2- 172.21.15.19:0/937331784 >> [v2:172.21.15.19:6800/2278867540,v1:172.21.15.19:6801/2278867540] conn(0x7f74a0038fc0 0x7f74a003b480 secure :-1 s=READY pgs=15 cs=0 l=1 rev1=1 crypto rx=0x7f74a40098c0 tx=0x7f74a4006db0 comp rx=0 tx=0).stop
2024-09-11T22:46:11.983 INFO:teuthology.orchestra.run.smithi019.stdout:/usr/bin/ceph: stderr
2024-09-11T22:46:11.301+0000 7f74c2000640 1 -- 172.21.15.19:0/937331784 >> [v2:172.21.15.19:3300/0,v1:172.21.15.19:6789/0] conn(0x7f74bc07de50 msgr2=0x7f74bc19db80 secure :-1 s=STATE_CONNECTION_ESTABLISHED l=1).mark_down
2024-09-11T22:46:11.983 INFO:teuthology.orchestra.run.smithi019.stdout:/usr/bin/ceph: stderr
2024-09-11T22:46:11.301+0000 7f74c2000640 1 --2- 172.21.15.19:0/937331784 >> [v2:172.21.15.19:3300/0,v1:172.21.15.19:6789/0] conn(0x7f74bc07de50 0x7f74bc19db80 secure :-1 s=READY pgs=50 cs=0 l=1 rev1=1 crypto rx=0x7f74ac032e80 tx=0x7f74ac032eb0 comp rx=0 tx=0).stop
2024-09-11T22:46:11.983 INFO:teuthology.orchestra.run.smithi019.stdout:/usr/bin/ceph: stderr
2024-09-11T22:46:11.301+0000 7f74c2000640 1 -- 172.21.15.19:0/937331784 shutdown_connections
2024-09-11T22:46:11.983 INFO:teuthology.orchestra.run.smithi019.stdout:/usr/bin/ceph: stderr
2024-09-11T22:46:11.301+0000 7f74c2000640 1 --2- 172.21.15.19:0/937331784 >> [v2:172.21.15.19:6800/2278867540,v1:172.21.15.19:6801/2278867540] conn(0x7f74a0038fc0 0x7f74a003b480 unknown :-1 s=CLOSED pgs=15 cs=0 l=1 rev1=1 crypto rx=0 tx=0 comp rx=0 tx=0).stop
2024-09-11T22:46:11.983 INFO:teuthology.orchestra.run.smithi019.stdout:/usr/bin/ceph: stderr
2024-09-11T22:46:11.301+0000 7f74c2000640 1 --2- 172.21.15.19:0/937331784 >> [v2:172.21.15.19:3300/0,v1:172.21.15.19:6789/0] conn(0x7f74bc07de50 0x7f74bc19db80 unknown :-1 s=CLOSED pgs=50 cs=0 l=1 rev1=1 crypto rx=0 tx=0 comp rx=0 tx=0).stop
2024-09-11T22:46:11.983 INFO:teuthology.orchestra.run.smithi019.stdout:/usr/bin/ceph: stderr
2024-09-11T22:46:11.301+0000 7f74c2000640 1 -- 172.21.15.19:0/937331784 >> 172.21.15.19:0/937331784 conn(0x7f74bc103120 msgr2=0x7f74bc103c30 unknown :-1 s=STATE_NONE l=0).mark_down
2024-09-11T22:46:11.983 INFO:teuthology.orchestra.run.smithi019.stdout:/usr/bin/ceph: stderr
2024-09-11T22:46:11.301+0000 7f74c2000640 1 -- 172.21.15.19:0/937331784 shutdown_connections
2024-09-11T22:46:11.983 INFO:teuthology.orchestra.run.smithi019.stdout:/usr/bin/ceph: stderr
2024-09-11T22:46:11.301+0000 7f74c2000640 1 -- 172.21.15.19:0/937331784 wait complete.
2024-09-11T22:46:11.983 INFO:teuthology.orchestra.run.smithi019.stdout:Enabling the dashboard module...
2024-09-11T22:46:13.047 INFO:journalctl@ceph.mon.a.smithi019.stdout:Sep 11 22:46:12 smithi019 ceph-mon[30902]: pgmap v3: 0 pgs: ; 0 B data, 0 B used, 0 B / 0 B avail
2024-09-11T22:46:13.047 INFO:journalctl@ceph.mon.a.smithi019.stdout:Sep 11 22:46:12 smithi019 ceph-mon[30902]: from='mgr.14116 172.21.15.19:0/566588046' entity='mgr.x'
2024-09-11T22:46:13.047 INFO:journalctl@ceph.mon.a.smithi019.stdout:Sep 11 22:46:12 smithi019 ceph-mon[30902]: from='client.? 172.21.15.19:0/3237933495' entity='client.admin' cmd=[{"prefix": "mgr module enable", "module": "dashboard"}]: dispatch
2024-09-11T22:46:13.306 INFO:journalctl@ceph.mgr.x.smithi019.stdout:Sep 11 22:46:13 smithi019 ceph-5e7b02ce-708f-11ef-bcea-c7b262605968-mgr-x[31125]: ignoring --setuser ceph since I am not root
2024-09-11T22:46:13.306 INFO:journalctl@ceph.mgr.x.smithi019.stdout:Sep 11 22:46:13 smithi019 ceph-5e7b02ce-708f-11ef-bcea-c7b262605968-mgr-x[31125]: ignoring --setgroup ceph since I am not root
2024-09-11T22:46:13.306 INFO:journalctl@ceph.mgr.x.smithi019.stdout:Sep 11 22:46:13 smithi019 ceph-5e7b02ce-708f-11ef-bcea-c7b262605968-mgr-x[31125]:
2024-09-11T22:46:13.178+0000 7fa3f764a040 -1 mgr[py] Module osd_perf_query has missing NOTIFY_TYPES member
2024-09-11T22:46:13.306 INFO:journalctl@ceph.mgr.x.smithi019.stdout:Sep 11 22:46:13 smithi019 ceph-5e7b02ce-708f-11ef-bcea-c7b262605968-mgr-x[31125]:
2024-09-11T22:46:13.249+0000 7fa3f764a040 -1 mgr[py] Module osd_support has missing NOTIFY_TYPES member
2024-09-11T22:46:13.704 INFO:journalctl@ceph.mgr.x.smithi019.stdout:Sep 11 22:46:13 smithi019 ceph-5e7b02ce-708f-11ef-bcea-c7b262605968-mgr-x[31125]:
2024-09-11T22:46:13.440+0000 7fa3f764a040 -1 mgr[py] Module diskprediction_local has missing NOTIFY_TYPES member
2024-09-11T22:46:13.704 INFO:journalctl@ceph.mgr.x.smithi019.stdout:Sep 11 22:46:13 smithi019 ceph-5e7b02ce-708f-11ef-bcea-c7b262605968-mgr-x[31125]:
2024-09-11T22:46:13.523+0000 7fa3f764a040 -1 mgr[py] Module crash has missing NOTIFY_TYPES member
2024-09-11T22:46:13.930 INFO:teuthology.orchestra.run.smithi019.stdout:/usr/bin/ceph: stderr
2024-09-11T22:46:12.475+0000 7f4542800640 1 Processor -- start
2024-09-11T22:46:13.930 INFO:teuthology.orchestra.run.smithi019.stdout:/usr/bin/ceph: stderr
2024-09-11T22:46:12.476+0000 7f4542800640 1 -- start start
2024-09-11T22:46:13.930 INFO:teuthology.orchestra.run.smithi019.stdout:/usr/bin/ceph: stderr
2024-09-11T22:46:12.476+0000 7f4542800640 1 --2- >> [v2:172.21.15.19:3300/0,v1:172.21.15.19:6789/0] conn(0x7f453c106cb0 0x7f453c1070b0 unknown :-1 s=NONE pgs=0 cs=0 l=0 rev1=0 crypto rx=0 tx=0 comp rx=0 tx=0).connect
2024-09-11T22:46:13.930 INFO:teuthology.orchestra.run.smithi019.stdout:/usr/bin/ceph: stderr
2024-09-11T22:46:12.476+0000 7f4542800640 1 -- --> [v2:172.21.15.19:3300/0,v1:172.21.15.19:6789/0] -- mon_getmap magic: 0 -- 0x7f453c1057d0 con 0x7f453c106cb0
2024-09-11T22:46:13.930 INFO:teuthology.orchestra.run.smithi019.stdout:/usr/bin/ceph: stderr
2024-09-11T22:46:12.476+0000 7f4541400640 1 --2- >> [v2:172.21.15.19:3300/0,v1:172.21.15.19:6789/0] conn(0x7f453c106cb0 0x7f453c1070b0 unknown :-1 s=BANNER_CONNECTING pgs=0 cs=0 l=0 rev1=0 crypto rx=0 tx=0 comp rx=0 tx=0)._handle_peer_banner_payload supported=3 required=0
2024-09-11T22:46:13.930 INFO:teuthology.orchestra.run.smithi019.stdout:/usr/bin/ceph: stderr
2024-09-11T22:46:12.476+0000 7f4541400640 1 --2- >> [v2:172.21.15.19:3300/0,v1:172.21.15.19:6789/0] conn(0x7f453c106cb0 0x7f453c1070b0 unknown :-1 s=HELLO_CONNECTING pgs=0 cs=0 l=0 rev1=1 crypto rx=0 tx=0 comp rx=0 tx=0).handle_hello peer v2:172.21.15.19:3300/0 says I am v2:172.21.15.19:51834/0 (socket says 172.21.15.19:51834)
2024-09-11T22:46:13.930 INFO:teuthology.orchestra.run.smithi019.stdout:/usr/bin/ceph: stderr
2024-09-11T22:46:12.476+0000 7f4541400640 1 -- 172.21.15.19:0/3582581499 learned_addr learned my addr 172.21.15.19:0/3582581499 (peer_addr_for_me v2:172.21.15.19:0/0)
2024-09-11T22:46:13.930 INFO:teuthology.orchestra.run.smithi019.stdout:/usr/bin/ceph: stderr
2024-09-11T22:46:12.477+0000 7f4541400640 1 -- 172.21.15.19:0/3582581499 --> [v2:172.21.15.19:3300/0,v1:172.21.15.19:6789/0] -- mon_subscribe({config=0+,monmap=0+}) -- 0x7f453c105950 con 0x7f453c106cb0
2024-09-11T22:46:13.930 INFO:teuthology.orchestra.run.smithi019.stdout:/usr/bin/ceph: stderr
2024-09-11T22:46:12.477+0000 7f4541400640 1 --2- 172.21.15.19:0/3582581499 >> [v2:172.21.15.19:3300/0,v1:172.21.15.19:6789/0] conn(0x7f453c106cb0 0x7f453c1070b0 secure :-1 s=READY pgs=51 cs=0 l=1 rev1=1 crypto rx=0x7f4530009820 tx=0x7f453002a270 comp rx=0 tx=0).ready entity=mon.0 client_cookie=5231219e66692e39 server_cookie=0 in_seq=0 out_seq=0
2024-09-11T22:46:13.931 INFO:teuthology.orchestra.run.smithi019.stdout:/usr/bin/ceph: stderr
2024-09-11T22:46:12.478+0000 7f453be00640 1 -- 172.21.15.19:0/3582581499 <== mon.0 v2:172.21.15.19:3300/0 1 ==== mon_map magic: 0 ==== 205+0+0 (secure 0 0 0) 0x7f4530037070 con 0x7f453c106cb0
2024-09-11T22:46:13.931 INFO:teuthology.orchestra.run.smithi019.stdout:/usr/bin/ceph: stderr
2024-09-11T22:46:12.478+0000 7f453be00640 1 -- 172.21.15.19:0/3582581499 <== mon.0 v2:172.21.15.19:3300/0 2 ==== config(29 keys) ==== 1209+0+0 (secure 0 0 0) 0x7f4530032960 con 0x7f453c106cb0
2024-09-11T22:46:13.931 INFO:teuthology.orchestra.run.smithi019.stdout:/usr/bin/ceph: stderr
2024-09-11T22:46:12.478+0000 7f453be00640 1 -- 172.21.15.19:0/3582581499 <== mon.0 v2:172.21.15.19:3300/0 3 ==== mon_map magic: 0 ==== 205+0+0 (secure 0 0 0) 0x7f4530030980 con 0x7f453c106cb0
2024-09-11T22:46:13.931 INFO:teuthology.orchestra.run.smithi019.stdout:/usr/bin/ceph: stderr
2024-09-11T22:46:12.478+0000 7f4542800640 1 -- 172.21.15.19:0/3582581499 >> [v2:172.21.15.19:3300/0,v1:172.21.15.19:6789/0] conn(0x7f453c106cb0 msgr2=0x7f453c1070b0 secure :-1 s=STATE_CONNECTION_ESTABLISHED l=1).mark_down
2024-09-11T22:46:13.931 INFO:teuthology.orchestra.run.smithi019.stdout:/usr/bin/ceph: stderr
2024-09-11T22:46:12.478+0000 7f4542800640 1 --2- 172.21.15.19:0/3582581499 >> [v2:172.21.15.19:3300/0,v1:172.21.15.19:6789/0] conn(0x7f453c106cb0 0x7f453c1070b0 secure :-1 s=READY pgs=51 cs=0 l=1 rev1=1 crypto rx=0x7f4530009820 tx=0x7f453002a270 comp rx=0 tx=0).stop
2024-09-11T22:46:13.931 INFO:teuthology.orchestra.run.smithi019.stdout:/usr/bin/ceph: stderr
2024-09-11T22:46:12.478+0000 7f4542800640 1 -- 172.21.15.19:0/3582581499 shutdown_connections
2024-09-11T22:46:13.931 INFO:teuthology.orchestra.run.smithi019.stdout:/usr/bin/ceph: stderr
2024-09-11T22:46:12.478+0000 7f4542800640 1 --2- 172.21.15.19:0/3582581499 >> [v2:172.21.15.19:3300/0,v1:172.21.15.19:6789/0] conn(0x7f453c106cb0 0x7f453c1070b0 unknown :-1 s=CLOSED pgs=51 cs=0 l=1 rev1=1 crypto rx=0 tx=0 comp rx=0 tx=0).stop
2024-09-11T22:46:13.931 INFO:teuthology.orchestra.run.smithi019.stdout:/usr/bin/ceph: stderr
2024-09-11T22:46:12.479+0000 7f4542800640 1 -- 172.21.15.19:0/3582581499 >> 172.21.15.19:0/3582581499 conn(0x7f453c101600 msgr2=0x7f453c103a20 unknown :-1 s=STATE_NONE l=0).mark_down
2024-09-11T22:46:13.931 INFO:teuthology.orchestra.run.smithi019.stdout:/usr/bin/ceph: stderr
2024-09-11T22:46:12.479+0000 7f4542800640 1 -- 172.21.15.19:0/3582581499 shutdown_connections
2024-09-11T22:46:13.931 INFO:teuthology.orchestra.run.smithi019.stdout:/usr/bin/ceph: stderr
2024-09-11T22:46:12.479+0000 7f4542800640 1 -- 172.21.15.19:0/3582581499 wait complete.
2024-09-11T22:46:13.931 INFO:teuthology.orchestra.run.smithi019.stdout:/usr/bin/ceph: stderr
2024-09-11T22:46:12.479+0000 7f4542800640 1 Processor -- start
2024-09-11T22:46:13.931 INFO:teuthology.orchestra.run.smithi019.stdout:/usr/bin/ceph: stderr
2024-09-11T22:46:12.480+0000 7f4542800640 1 -- start start
2024-09-11T22:46:13.931 INFO:teuthology.orchestra.run.smithi019.stdout:/usr/bin/ceph: stderr
2024-09-11T22:46:12.480+0000 7f4542800640 1 --2- >> [v2:172.21.15.19:3300/0,v1:172.21.15.19:6789/0] conn(0x7f453c106cb0 0x7f453c19daa0 unknown :-1 s=NONE pgs=0 cs=0 l=1 rev1=0 crypto rx=0 tx=0 comp rx=0 tx=0).connect
2024-09-11T22:46:13.932 INFO:teuthology.orchestra.run.smithi019.stdout:/usr/bin/ceph: stderr
2024-09-11T22:46:12.480+0000 7f4542800640 1 -- --> [v2:172.21.15.19:3300/0,v1:172.21.15.19:6789/0] -- mon_getmap magic: 0 -- 0x7f453c107ba0 con 0x7f453c106cb0
2024-09-11T22:46:13.932 INFO:teuthology.orchestra.run.smithi019.stdout:/usr/bin/ceph: stderr
2024-09-11T22:46:12.480+0000 7f4541400640 1 --2- >> [v2:172.21.15.19:3300/0,v1:172.21.15.19:6789/0] conn(0x7f453c106cb0 0x7f453c19daa0 unknown :-1 s=BANNER_CONNECTING pgs=0 cs=0 l=1 rev1=0 crypto rx=0 tx=0 comp rx=0 tx=0)._handle_peer_banner_payload supported=3 required=0
2024-09-11T22:46:13.932 INFO:teuthology.orchestra.run.smithi019.stdout:/usr/bin/ceph: stderr
2024-09-11T22:46:12.480+0000 7f4541400640 1 --2- >> [v2:172.21.15.19:3300/0,v1:172.21.15.19:6789/0] conn(0x7f453c106cb0 0x7f453c19daa0 unknown :-1 s=HELLO_CONNECTING pgs=0 cs=0 l=1 rev1=1 crypto rx=0 tx=0 comp rx=0 tx=0).handle_hello peer v2:172.21.15.19:3300/0 says I am v2:172.21.15.19:51844/0 (socket says 172.21.15.19:51844)
2024-09-11T22:46:13.932 INFO:teuthology.orchestra.run.smithi019.stdout:/usr/bin/ceph: stderr
2024-09-11T22:46:12.480+0000 7f4541400640 1 -- 172.21.15.19:0/3237933495 learned_addr learned my addr 172.21.15.19:0/3237933495 (peer_addr_for_me v2:172.21.15.19:0/0)
2024-09-11T22:46:13.932 INFO:teuthology.orchestra.run.smithi019.stdout:/usr/bin/ceph: stderr
2024-09-11T22:46:12.480+0000 7f4541400640 1 -- 172.21.15.19:0/3237933495 --> [v2:172.21.15.19:3300/0,v1:172.21.15.19:6789/0] -- mon_subscribe({config=0+,monmap=0+}) -- 0x7f453c19dfe0 con 0x7f453c106cb0
2024-09-11T22:46:13.932 INFO:teuthology.orchestra.run.smithi019.stdout:/usr/bin/ceph: stderr
2024-09-11T22:46:12.481+0000 7f4541400640 1 --2- 172.21.15.19:0/3237933495 >> [v2:172.21.15.19:3300/0,v1:172.21.15.19:6789/0] conn(0x7f453c106cb0 0x7f453c19daa0 secure :-1 s=READY pgs=52 cs=0 l=1 rev1=1 crypto rx=0x7f4530032ea0 tx=0x7f4530032ed0 comp rx=0 tx=0).ready entity=mon.0 client_cookie=0 server_cookie=0 in_seq=0 out_seq=0
2024-09-11T22:46:13.932 INFO:teuthology.orchestra.run.smithi019.stdout:/usr/bin/ceph: stderr
2024-09-11T22:46:12.481+0000 7f453a000640 1 -- 172.21.15.19:0/3237933495 <== mon.0 v2:172.21.15.19:3300/0 1 ==== mon_map magic: 0 ==== 205+0+0 (secure 0 0 0) 0x7f4530042070 con 0x7f453c106cb0
2024-09-11T22:46:13.932 INFO:teuthology.orchestra.run.smithi019.stdout:/usr/bin/ceph: stderr
2024-09-11T22:46:12.481+0000 7f4542800640 1 -- 172.21.15.19:0/3237933495 --> [v2:172.21.15.19:3300/0,v1:172.21.15.19:6789/0] -- mon_subscribe({mgrmap=0+}) -- 0x7f453c19e270 con 0x7f453c106cb0
2024-09-11T22:46:13.932 INFO:teuthology.orchestra.run.smithi019.stdout:/usr/bin/ceph: stderr
2024-09-11T22:46:12.481+0000 7f453a000640 1 -- 172.21.15.19:0/3237933495 <== mon.0 v2:172.21.15.19:3300/0 2 ==== config(29 keys) ==== 1209+0+0 (secure 0 0 0) 0x7f45300326c0 con 0x7f453c106cb0
2024-09-11T22:46:13.932 INFO:teuthology.orchestra.run.smithi019.stdout:/usr/bin/ceph: stderr
2024-09-11T22:46:12.481+0000 7f453a000640 1 -- 172.21.15.19:0/3237933495 <== mon.0 v2:172.21.15.19:3300/0 3 ==== mon_map magic: 0 ==== 205+0+0 (secure 0 0 0) 0x7f4530037040 con 0x7f453c106cb0
2024-09-11T22:46:13.932 INFO:teuthology.orchestra.run.smithi019.stdout:/usr/bin/ceph: stderr
2024-09-11T22:46:12.481+0000 7f4542800640 1 -- 172.21.15.19:0/3237933495 --> [v2:172.21.15.19:3300/0,v1:172.21.15.19:6789/0] -- mon_subscribe({osdmap=0}) -- 0x7f453c1a0f60 con 0x7f453c106cb0
2024-09-11T22:46:13.932 INFO:teuthology.orchestra.run.smithi019.stdout:/usr/bin/ceph: stderr
2024-09-11T22:46:12.482+0000 7f453a000640 1 -- 172.21.15.19:0/3237933495 <== mon.0 v2:172.21.15.19:3300/0 4 ==== mgrmap(e 8) ==== 46287+0+0 (secure 0 0 0) 0x7f4530045070 con 0x7f453c106cb0
2024-09-11T22:46:13.933 INFO:teuthology.orchestra.run.smithi019.stdout:/usr/bin/ceph: stderr
2024-09-11T22:46:12.482+0000 7f4542800640 1 -- 172.21.15.19:0/3237933495 --> [v2:172.21.15.19:3300/0,v1:172.21.15.19:6789/0] -- mon_command({"prefix": "get_command_descriptions"} v 0) -- 0x7f453c1070b0 con 0x7f453c106cb0
2024-09-11T22:46:13.933 INFO:teuthology.orchestra.run.smithi019.stdout:/usr/bin/ceph: stderr
2024-09-11T22:46:12.483+0000 7f453a000640 1 --2- 172.21.15.19:0/3237933495 >> [v2:172.21.15.19:6800/2278867540,v1:172.21.15.19:6801/2278867540] conn(0x7f4524038f70 0x7f452403b430 unknown :-1 s=NONE pgs=0 cs=0 l=1 rev1=0 crypto rx=0 tx=0 comp rx=0 tx=0).connect
2024-09-11T22:46:13.933 INFO:teuthology.orchestra.run.smithi019.stdout:/usr/bin/ceph: stderr
2024-09-11T22:46:12.483+0000 7f453a000640 1 -- 172.21.15.19:0/3237933495 <== mon.0 v2:172.21.15.19:3300/0 5 ==== osd_map(2..2 src has 1..2) ==== 940+0+0 (secure 0 0 0) 0x7f453006c090 con 0x7f453c106cb0
2024-09-11T22:46:13.933 INFO:teuthology.orchestra.run.smithi019.stdout:/usr/bin/ceph: stderr
2024-09-11T22:46:12.483+0000 7f4540a00640 1 --2- 172.21.15.19:0/3237933495 >> [v2:172.21.15.19:6800/2278867540,v1:172.21.15.19:6801/2278867540] conn(0x7f4524038f70 0x7f452403b430 unknown :-1 s=BANNER_CONNECTING pgs=0 cs=0 l=1 rev1=0 crypto rx=0 tx=0 comp rx=0 tx=0)._handle_peer_banner_payload supported=3 required=0
2024-09-11T22:46:13.933 INFO:teuthology.orchestra.run.smithi019.stdout:/usr/bin/ceph: stderr
2024-09-11T22:46:12.483+0000 7f4540a00640 1 --2- 172.21.15.19:0/3237933495 >> [v2:172.21.15.19:6800/2278867540,v1:172.21.15.19:6801/2278867540] conn(0x7f4524038f70 0x7f452403b430 secure :-1 s=READY pgs=16 cs=0 l=1 rev1=1 crypto rx=0x7f45280098c0 tx=0x7f4528006db0 comp rx=0 tx=0).ready entity=mgr.14116 client_cookie=0 server_cookie=0 in_seq=0 out_seq=0
2024-09-11T22:46:13.933 INFO:teuthology.orchestra.run.smithi019.stdout:/usr/bin/ceph: stderr
2024-09-11T22:46:12.488+0000 7f453a000640 1 -- 172.21.15.19:0/3237933495 <== mon.0 v2:172.21.15.19:3300/0 6 ==== mon_command_ack([{"prefix": "get_command_descriptions"}]=0 v0) ==== 72+0+188821 (secure 0 0 0) 0x7f453004b170 con 0x7f453c106cb0
2024-09-11T22:46:13.933 INFO:teuthology.orchestra.run.smithi019.stdout:/usr/bin/ceph: stderr
2024-09-11T22:46:12.729+0000 7f4542800640 1 -- 172.21.15.19:0/3237933495 --> [v2:172.21.15.19:3300/0,v1:172.21.15.19:6789/0] -- mon_command({"prefix": "mgr module enable", "module": "dashboard"} v 0) -- 0x7f453c02d8c0 con 0x7f453c106cb0
2024-09-11T22:46:13.933 INFO:teuthology.orchestra.run.smithi019.stdout:/usr/bin/ceph: stderr
2024-09-11T22:46:12.926+0000 7f453a000640 1 -- 172.21.15.19:0/3237933495 <== mon.0 v2:172.21.15.19:3300/0 7 ==== mon_command_ack([{"prefix": "mgr module enable", "module": "dashboard"}]=0 v9) ==== 88+0+0 (secure 0 0 0) 0x7f453003c930 con 0x7f453c106cb0
2024-09-11T22:46:13.933 INFO:teuthology.orchestra.run.smithi019.stdout:/usr/bin/ceph: stderr
2024-09-11T22:46:12.928+0000 7f453a000640 1 -- 172.21.15.19:0/3237933495 <== mon.0 v2:172.21.15.19:3300/0 8 ==== mgrmap(e 9) ==== 46300+0+0 (secure 0 0 0) 0x7f453003cd00 con 0x7f453c106cb0
2024-09-11T22:46:13.933 INFO:teuthology.orchestra.run.smithi019.stdout:/usr/bin/ceph: stderr
2024-09-11T22:46:12.930+0000 7f4542800640 1 -- 172.21.15.19:0/3237933495 >> [v2:172.21.15.19:6800/2278867540,v1:172.21.15.19:6801/2278867540] conn(0x7f4524038f70 msgr2=0x7f452403b430 secure :-1 s=STATE_CONNECTION_ESTABLISHED l=1).mark_down
2024-09-11T22:46:13.933 INFO:teuthology.orchestra.run.smithi019.stdout:/usr/bin/ceph: stderr
2024-09-11T22:46:12.930+0000 7f4542800640 1 --2- 172.21.15.19:0/3237933495 >> [v2:172.21.15.19:6800/2278867540,v1:172.21.15.19:6801/2278867540] conn(0x7f4524038f70 0x7f452403b430 secure :-1 s=READY pgs=16 cs=0 l=1 rev1=1 crypto rx=0x7f45280098c0 tx=0x7f4528006db0 comp rx=0 tx=0).stop
2024-09-11T22:46:13.933 INFO:teuthology.orchestra.run.smithi019.stdout:/usr/bin/ceph: stderr
2024-09-11T22:46:12.930+0000 7f4542800640 1 -- 172.21.15.19:0/3237933495 >> [v2:172.21.15.19:3300/0,v1:172.21.15.19:6789/0] conn(0x7f453c106cb0 msgr2=0x7f453c19daa0 secure :-1 s=STATE_CONNECTION_ESTABLISHED l=1).mark_down
2024-09-11T22:46:13.933 INFO:teuthology.orchestra.run.smithi019.stdout:/usr/bin/ceph: stderr
2024-09-11T22:46:12.930+0000 7f4542800640 1 --2- 172.21.15.19:0/3237933495 >> [v2:172.21.15.19:3300/0,v1:172.21.15.19:6789/0] conn(0x7f453c106cb0 0x7f453c19daa0 secure :-1 s=READY pgs=52 cs=0 l=1 rev1=1 crypto rx=0x7f4530032ea0 tx=0x7f4530032ed0 comp rx=0 tx=0).stop
2024-09-11T22:46:13.933 INFO:teuthology.orchestra.run.smithi019.stdout:/usr/bin/ceph: stderr
2024-09-11T22:46:12.930+0000 7f4542800640 1 -- 172.21.15.19:0/3237933495 shutdown_connections
2024-09-11T22:46:13.934 INFO:teuthology.orchestra.run.smithi019.stdout:/usr/bin/ceph: stderr
2024-09-11T22:46:12.930+0000 7f4542800640 1 --2- 172.21.15.19:0/3237933495 >> [v2:172.21.15.19:6800/2278867540,v1:172.21.15.19:6801/2278867540] conn(0x7f4524038f70 0x7f452403b430 unknown :-1 s=CLOSED pgs=16 cs=0 l=1 rev1=1 crypto rx=0 tx=0 comp rx=0 tx=0).stop
2024-09-11T22:46:13.934 INFO:teuthology.orchestra.run.smithi019.stdout:/usr/bin/ceph: stderr
2024-09-11T22:46:12.930+0000 7f4542800640 1 --2- 172.21.15.19:0/3237933495 >> [v2:172.21.15.19:3300/0,v1:172.21.15.19:6789/0] conn(0x7f453c106cb0 0x7f453c19daa0 unknown :-1 s=CLOSED pgs=52 cs=0 l=1 rev1=1 crypto rx=0 tx=0 comp rx=0 tx=0).stop
2024-09-11T22:46:13.934 INFO:teuthology.orchestra.run.smithi019.stdout:/usr/bin/ceph: stderr
2024-09-11T22:46:12.930+0000 7f4542800640 1 -- 172.21.15.19:0/3237933495 >> 172.21.15.19:0/3237933495 conn(0x7f453c101600 msgr2=0x7f453c1920f0 unknown :-1 s=STATE_NONE l=0).mark_down
2024-09-11T22:46:13.934 INFO:teuthology.orchestra.run.smithi019.stdout:/usr/bin/ceph: stderr
2024-09-11T22:46:12.931+0000 7f4542800640 1 -- 172.21.15.19:0/3237933495 shutdown_connections
2024-09-11T22:46:13.934 INFO:teuthology.orchestra.run.smithi019.stdout:/usr/bin/ceph: stderr
2024-09-11T22:46:12.931+0000 7f4542800640 1 -- 172.21.15.19:0/3237933495 wait complete.
2024-09-11T22:46:14.028 INFO:journalctl@ceph.mon.a.smithi019.stdout:Sep 11 22:46:13 smithi019 ceph-mon[30902]: from='client.? 172.21.15.19:0/3237933495' entity='client.admin' cmd='[{"prefix": "mgr module enable", "module": "dashboard"}]': finished
2024-09-11T22:46:14.028 INFO:journalctl@ceph.mon.a.smithi019.stdout:Sep 11 22:46:13 smithi019 ceph-mon[30902]: mgrmap e9: x(active, since 21s)
2024-09-11T22:46:14.028 INFO:journalctl@ceph.mgr.x.smithi019.stdout:Sep 11 22:46:13 smithi019 ceph-5e7b02ce-708f-11ef-bcea-c7b262605968-mgr-x[31125]:
2024-09-11T22:46:13.702+0000 7fa3f764a040 -1 mgr[py] Module test_orchestrator has missing NOTIFY_TYPES member
2024-09-11T22:46:14.028 INFO:journalctl@ceph.mgr.x.smithi019.stdout:Sep 11 22:46:13 smithi019 ceph-5e7b02ce-708f-11ef-bcea-c7b262605968-mgr-x[31125]:
2024-09-11T22:46:13.875+0000 7fa3f764a040 -1 mgr[py] Module snap_schedule has missing NOTIFY_TYPES member
2024-09-11T22:46:14.306 INFO:journalctl@ceph.mgr.x.smithi019.stdout:Sep 11 22:46:14 smithi019 ceph-5e7b02ce-708f-11ef-bcea-c7b262605968-mgr-x[31125]:
2024-09-11T22:46:14.266+0000 7fa3f764a040 -1 mgr[py] Module prometheus has missing NOTIFY_TYPES member
2024-09-11T22:46:14.672 INFO:journalctl@ceph.mgr.x.smithi019.stdout:Sep 11 22:46:14 smithi019 ceph-5e7b02ce-708f-11ef-bcea-c7b262605968-mgr-x[31125]:
2024-09-11T22:46:14.341+0000 7fa3f764a040 -1 mgr[py] Module selftest has missing NOTIFY_TYPES member
2024-09-11T22:46:14.672 INFO:journalctl@ceph.mgr.x.smithi019.stdout:Sep 11 22:46:14 smithi019 ceph-5e7b02ce-708f-11ef-bcea-c7b262605968-mgr-x[31125]:
2024-09-11T22:46:14.564+0000 7fa3f764a040 -1 mgr[py] Module volumes has missing NOTIFY_TYPES member
2024-09-11T22:46:15.306 INFO:journalctl@ceph.mon.a.smithi019.stdout:Sep 11 22:46:15 smithi019 ceph-mon[30902]: from='client.? 172.21.15.19:0/2313320685' entity='client.admin' cmd=[{"prefix": "mgr stat"}]: dispatch
2024-09-11T22:46:15.706 INFO:teuthology.orchestra.run.smithi019.stdout:/usr/bin/ceph: stdout {
2024-09-11T22:46:15.706 INFO:teuthology.orchestra.run.smithi019.stdout:/usr/bin/ceph: stdout "epoch": 9,
2024-09-11T22:46:15.706 INFO:teuthology.orchestra.run.smithi019.stdout:/usr/bin/ceph: stdout "available": true,
2024-09-11T22:46:15.706 INFO:teuthology.orchestra.run.smithi019.stdout:/usr/bin/ceph: stdout "active_name": "x",
2024-09-11T22:46:15.706 INFO:teuthology.orchestra.run.smithi019.stdout:/usr/bin/ceph: stdout "num_standby": 0
2024-09-11T22:46:15.707 INFO:teuthology.orchestra.run.smithi019.stdout:/usr/bin/ceph: stdout }
2024-09-11T22:46:15.707 INFO:teuthology.orchestra.run.smithi019.stdout:/usr/bin/ceph: stderr
2024-09-11T22:46:14.785+0000 7ff1dfe00640 1 Processor -- start
2024-09-11T22:46:15.707 INFO:teuthology.orchestra.run.smithi019.stdout:/usr/bin/ceph: stderr
2024-09-11T22:46:14.785+0000 7ff1dfe00640 1 -- start start
2024-09-11T22:46:15.707 INFO:teuthology.orchestra.run.smithi019.stdout:/usr/bin/ceph: stderr
2024-09-11T22:46:14.785+0000 7ff1dfe00640 1 --2- >> [v2:172.21.15.19:3300/0,v1:172.21.15.19:6789/0] conn(0x7ff1d8109bb0 0x7ff1d8109fb0 unknown :-1 s=NONE pgs=0 cs=0 l=0 rev1=0 crypto rx=0 tx=0 comp rx=0 tx=0).connect
2024-09-11T22:46:15.707 INFO:teuthology.orchestra.run.smithi019.stdout:/usr/bin/ceph: stderr
2024-09-11T22:46:14.785+0000 7ff1dfe00640 1 -- --> [v2:172.21.15.19:3300/0,v1:172.21.15.19:6789/0] -- mon_getmap magic: 0 -- 0x7ff1d810a580 con 0x7ff1d8109bb0
2024-09-11T22:46:15.707 INFO:teuthology.orchestra.run.smithi019.stdout:/usr/bin/ceph: stderr
2024-09-11T22:46:14.786+0000 7ff1dd400640 1 --2- >> [v2:172.21.15.19:3300/0,v1:172.21.15.19:6789/0] conn(0x7ff1d8109bb0 0x7ff1d8109fb0 unknown :-1 s=BANNER_CONNECTING pgs=0 cs=0 l=0 rev1=0 crypto rx=0 tx=0 comp rx=0 tx=0)._handle_peer_banner_payload supported=3 required=0
2024-09-11T22:46:15.707 INFO:teuthology.orchestra.run.smithi019.stdout:/usr/bin/ceph: stderr
2024-09-11T22:46:14.786+0000 7ff1dd400640 1 --2- >> [v2:172.21.15.19:3300/0,v1:172.21.15.19:6789/0] conn(0x7ff1d8109bb0 0x7ff1d8109fb0 unknown :-1 s=HELLO_CONNECTING pgs=0 cs=0 l=0 rev1=1 crypto rx=0 tx=0 comp rx=0 tx=0).handle_hello peer v2:172.21.15.19:3300/0 says I am v2:172.21.15.19:51862/0 (socket says 172.21.15.19:51862)
2024-09-11T22:46:15.707 INFO:teuthology.orchestra.run.smithi019.stdout:/usr/bin/ceph: stderr
2024-09-11T22:46:14.786+0000 7ff1dd400640 1 -- 172.21.15.19:0/3370499489 learned_addr learned my addr 172.21.15.19:0/3370499489 (peer_addr_for_me v2:172.21.15.19:0/0)
2024-09-11T22:46:15.707 INFO:teuthology.orchestra.run.smithi019.stdout:/usr/bin/ceph: stderr
2024-09-11T22:46:14.786+0000 7ff1dd400640 1 -- 172.21.15.19:0/3370499489 --> [v2:172.21.15.19:3300/0,v1:172.21.15.19:6789/0] -- mon_subscribe({config=0+,monmap=0+}) -- 0x7ff1d810ad60 con 0x7ff1d8109bb0
2024-09-11T22:46:15.707 INFO:teuthology.orchestra.run.smithi019.stdout:/usr/bin/ceph: stderr
2024-09-11T22:46:14.787+0000 7ff1dd400640 1 --2- 172.21.15.19:0/3370499489 >> [v2:172.21.15.19:3300/0,v1:172.21.15.19:6789/0] conn(0x7ff1d8109bb0 0x7ff1d8109fb0 secure :-1 s=READY pgs=55 cs=0 l=1 rev1=1 crypto rx=0x7ff1cc009820 tx=0x7ff1cc02a270 comp rx=0 tx=0).ready entity=mon.0 client_cookie=ee368021bf55f4aa server_cookie=0 in_seq=0 out_seq=0
2024-09-11T22:46:15.707 INFO:teuthology.orchestra.run.smithi019.stdout:/usr/bin/ceph: stderr
2024-09-11T22:46:14.788+0000 7ff1d7e00640 1 -- 172.21.15.19:0/3370499489 <== mon.0 v2:172.21.15.19:3300/0 1 ==== mon_map magic: 0 ==== 205+0+0 (secure 0 0 0) 0x7ff1cc037070 con 0x7ff1d8109bb0
