2024-09-11T23:09:31.235+0000 7fee12d9d640 1 --2- >> [v2:172.21.15.26:3300/0,v1:172.21.15.26:6789/0] conn(0x7fee14108260 0x7fee1419b7c0 unknown :-1 s=HELLO_CONNECTING pgs=0 cs=0 l=1 rev1=1 crypto rx=0 tx=0 comp rx=0 tx=0).handle_hello peer v2:172.21.15.26:3300/0 says I am v2:172.21.15.26:55380/0 (socket says 172.21.15.26:55380)
2024-09-11T23:09:35.958 INFO:teuthology.orchestra.run.smithi026.stdout:/usr/bin/ceph: stderr
2024-09-11T23:09:31.235+0000 7fee12d9d640 1 -- 172.21.15.26:0/1688399074 learned_addr learned my addr 172.21.15.26:0/1688399074 (peer_addr_for_me v2:172.21.15.26:0/0)
2024-09-11T23:09:35.958 INFO:teuthology.orchestra.run.smithi026.stdout:/usr/bin/ceph: stderr
2024-09-11T23:09:31.235+0000 7fee12d9d640 1 -- 172.21.15.26:0/1688399074 --> [v2:172.21.15.26:3300/0,v1:172.21.15.26:6789/0] -- mon_subscribe({config=0+,monmap=0+}) -- 0x7fee1419bd00 con 0x7fee14108260
2024-09-11T23:09:35.958 INFO:teuthology.orchestra.run.smithi026.stdout:/usr/bin/ceph: stderr
2024-09-11T23:09:31.235+0000 7fee12d9d640 1 --2- 172.21.15.26:0/1688399074 >> [v2:172.21.15.26:3300/0,v1:172.21.15.26:6789/0] conn(0x7fee14108260 0x7fee1419b7c0 secure :-1 s=READY pgs=58 cs=0 l=1 rev1=1 crypto rx=0x7fee04030380 tx=0x7fee04032670 comp rx=0 tx=0).ready entity=mon.0 client_cookie=0 server_cookie=0 in_seq=0 out_seq=0
2024-09-11T23:09:35.958 INFO:teuthology.orchestra.run.smithi026.stdout:/usr/bin/ceph: stderr
2024-09-11T23:09:31.235+0000 7fee10d99640 1 -- 172.21.15.26:0/1688399074 <== mon.0 v2:172.21.15.26:3300/0 1 ==== mon_map magic: 0 ==== 205+0+0 (secure 0 0 0) 0x7fee04037040 con 0x7fee14108260
2024-09-11T23:09:35.958 INFO:teuthology.orchestra.run.smithi026.stdout:/usr/bin/ceph: stderr
2024-09-11T23:09:31.235+0000 7fee10d99640 1 -- 172.21.15.26:0/1688399074 <== mon.0 v2:172.21.15.26:3300/0 2 ==== config(27 keys) ==== 1140+0+0 (secure 0 0 0) 0x7fee04040070 con 0x7fee14108260
2024-09-11T23:09:35.959 INFO:teuthology.orchestra.run.smithi026.stdout:/usr/bin/ceph: stderr
2024-09-11T23:09:31.235+0000 7fee190e6640 1 -- 172.21.15.26:0/1688399074 --> [v2:172.21.15.26:3300/0,v1:172.21.15.26:6789/0] -- mon_subscribe({mgrmap=0+}) -- 0x7fee1419bf90 con 0x7fee14108260
2024-09-11T23:09:35.959 INFO:teuthology.orchestra.run.smithi026.stdout:/usr/bin/ceph: stderr
2024-09-11T23:09:31.235+0000 7fee10d99640 1 -- 172.21.15.26:0/1688399074 <== mon.0 v2:172.21.15.26:3300/0 3 ==== mon_map magic: 0 ==== 205+0+0 (secure 0 0 0) 0x7fee0403a7b0 con 0x7fee14108260
2024-09-11T23:09:35.959 INFO:teuthology.orchestra.run.smithi026.stdout:/usr/bin/ceph: stderr
2024-09-11T23:09:31.235+0000 7fee190e6640 1 -- 172.21.15.26:0/1688399074 --> [v2:172.21.15.26:3300/0,v1:172.21.15.26:6789/0] -- mon_subscribe({osdmap=0}) -- 0x7fee1419ec80 con 0x7fee14108260
2024-09-11T23:09:35.959 INFO:teuthology.orchestra.run.smithi026.stdout:/usr/bin/ceph: stderr
2024-09-11T23:09:31.236+0000 7fee10d99640 1 -- 172.21.15.26:0/1688399074 <== mon.0 v2:172.21.15.26:3300/0 4 ==== mgrmap(e 9) ==== 46300+0+0 (secure 0 0 0) 0x7fee0403a9e0 con 0x7fee14108260
2024-09-11T23:09:35.959 INFO:teuthology.orchestra.run.smithi026.stdout:/usr/bin/ceph: stderr
2024-09-11T23:09:31.236+0000 7fee10d99640 1 --2- 172.21.15.26:0/1688399074 >> [v2:172.21.15.26:6800/677148151,v1:172.21.15.26:6801/677148151] conn(0x7fee00039020 0x7fee0003b4e0 unknown :-1 s=NONE pgs=0 cs=0 l=1 rev1=0 crypto rx=0 tx=0 comp rx=0 tx=0).connect
2024-09-11T23:09:35.959 INFO:teuthology.orchestra.run.smithi026.stdout:/usr/bin/ceph: stderr
2024-09-11T23:09:31.236+0000 7fee10d99640 1 -- 172.21.15.26:0/1688399074 --> [v2:172.21.15.26:6800/677148151,v1:172.21.15.26:6801/677148151] -- command(tid 0: {"prefix": "get_command_descriptions"}) -- 0x7fee0003bbf0 con 0x7fee00039020
2024-09-11T23:09:35.959 INFO:teuthology.orchestra.run.smithi026.stdout:/usr/bin/ceph: stderr
2024-09-11T23:09:31.237+0000 7fee10d99640 1 -- 172.21.15.26:0/1688399074 <== mon.0 v2:172.21.15.26:3300/0 5 ==== osd_map(2..2 src has 1..2) ==== 940+0+0 (secure 0 0 0) 0x7fee0406d660 con 0x7fee14108260
2024-09-11T23:09:35.959 INFO:teuthology.orchestra.run.smithi026.stdout:/usr/bin/ceph: stderr
2024-09-11T23:09:31.237+0000 7fee0bfff640 1 -- 172.21.15.26:0/1688399074 >> [v2:172.21.15.26:6800/677148151,v1:172.21.15.26:6801/677148151] conn(0x7fee00039020 msgr2=0x7fee0003b4e0 unknown :-1 s=STATE_CONNECTING_RE l=1).process reconnect failed to v2:172.21.15.26:6800/677148151
2024-09-11T23:09:35.959 INFO:teuthology.orchestra.run.smithi026.stdout:/usr/bin/ceph: stderr
2024-09-11T23:09:31.237+0000 7fee0bfff640 1 --2- 172.21.15.26:0/1688399074 >> [v2:172.21.15.26:6800/677148151,v1:172.21.15.26:6801/677148151] conn(0x7fee00039020 0x7fee0003b4e0 unknown :-1 s=START_CONNECT pgs=0 cs=0 l=1 rev1=0 crypto rx=0 tx=0 comp rx=0 tx=0)._fault waiting 0.200000
2024-09-11T23:09:35.959 INFO:teuthology.orchestra.run.smithi026.stdout:/usr/bin/ceph: stderr
2024-09-11T23:09:31.438+0000 7fee0bfff640 1 -- 172.21.15.26:0/1688399074 >> [v2:172.21.15.26:6800/677148151,v1:172.21.15.26:6801/677148151] conn(0x7fee00039020 msgr2=0x7fee0003b4e0 unknown :-1 s=STATE_CONNECTING_RE l=1).process reconnect failed to v2:172.21.15.26:6800/677148151
2024-09-11T23:09:35.959 INFO:teuthology.orchestra.run.smithi026.stdout:/usr/bin/ceph: stderr
2024-09-11T23:09:31.438+0000 7fee0bfff640 1 --2- 172.21.15.26:0/1688399074 >> [v2:172.21.15.26:6800/677148151,v1:172.21.15.26:6801/677148151] conn(0x7fee00039020 0x7fee0003b4e0 unknown :-1 s=START_CONNECT pgs=0 cs=0 l=1 rev1=0 crypto rx=0 tx=0 comp rx=0 tx=0)._fault waiting 0.400000
2024-09-11T23:09:35.959 INFO:teuthology.orchestra.run.smithi026.stdout:/usr/bin/ceph: stderr
2024-09-11T23:09:31.839+0000 7fee0bfff640 1 -- 172.21.15.26:0/1688399074 >> [v2:172.21.15.26:6800/677148151,v1:172.21.15.26:6801/677148151] conn(0x7fee00039020 msgr2=0x7fee0003b4e0 unknown :-1 s=STATE_CONNECTING_RE l=1).process reconnect failed to v2:172.21.15.26:6800/677148151
2024-09-11T23:09:35.959 INFO:teuthology.orchestra.run.smithi026.stdout:/usr/bin/ceph: stderr
2024-09-11T23:09:31.839+0000 7fee0bfff640 1 --2- 172.21.15.26:0/1688399074 >> [v2:172.21.15.26:6800/677148151,v1:172.21.15.26:6801/677148151] conn(0x7fee00039020 0x7fee0003b4e0 unknown :-1 s=START_CONNECT pgs=0 cs=0 l=1 rev1=0 crypto rx=0 tx=0 comp rx=0 tx=0)._fault waiting 0.800000
2024-09-11T23:09:35.960 INFO:teuthology.orchestra.run.smithi026.stdout:/usr/bin/ceph: stderr
2024-09-11T23:09:32.640+0000 7fee0bfff640 1 -- 172.21.15.26:0/1688399074 >> [v2:172.21.15.26:6800/677148151,v1:172.21.15.26:6801/677148151] conn(0x7fee00039020 msgr2=0x7fee0003b4e0 unknown :-1 s=STATE_CONNECTING_RE l=1).process reconnect failed to v2:172.21.15.26:6800/677148151
2024-09-11T23:09:35.960 INFO:teuthology.orchestra.run.smithi026.stdout:/usr/bin/ceph: stderr
2024-09-11T23:09:32.640+0000 7fee0bfff640 1 --2- 172.21.15.26:0/1688399074 >> [v2:172.21.15.26:6800/677148151,v1:172.21.15.26:6801/677148151] conn(0x7fee00039020 0x7fee0003b4e0 unknown :-1 s=START_CONNECT pgs=0 cs=0 l=1 rev1=0 crypto rx=0 tx=0 comp rx=0 tx=0)._fault waiting 1.600000
2024-09-11T23:09:35.960 INFO:teuthology.orchestra.run.smithi026.stdout:/usr/bin/ceph: stderr
2024-09-11T23:09:33.984+0000 7fee10d99640 1 -- 172.21.15.26:0/1688399074 <== mon.0 v2:172.21.15.26:3300/0 6 ==== mgrmap(e 10) ==== 46067+0+0 (secure 0 0 0) 0x7fee0406c110 con 0x7fee14108260
2024-09-11T23:09:35.960 INFO:teuthology.orchestra.run.smithi026.stdout:/usr/bin/ceph: stderr
2024-09-11T23:09:33.984+0000 7fee10d99640 1 -- 172.21.15.26:0/1688399074 >> [v2:172.21.15.26:6800/677148151,v1:172.21.15.26:6801/677148151] conn(0x7fee00039020 msgr2=0x7fee0003b4e0 unknown :-1 s=STATE_CONNECTING l=1).mark_down
2024-09-11T23:09:35.960 INFO:teuthology.orchestra.run.smithi026.stdout:/usr/bin/ceph: stderr
2024-09-11T23:09:33.984+0000 7fee10d99640 1 --2- 172.21.15.26:0/1688399074 >> [v2:172.21.15.26:6800/677148151,v1:172.21.15.26:6801/677148151] conn(0x7fee00039020 0x7fee0003b4e0 unknown :-1 s=START_CONNECT pgs=0 cs=0 l=1 rev1=0 crypto rx=0 tx=0 comp rx=0 tx=0).stop
2024-09-11T23:09:35.960 INFO:teuthology.orchestra.run.smithi026.stdout:/usr/bin/ceph: stderr
2024-09-11T23:09:34.985+0000 7fee10d99640 1 -- 172.21.15.26:0/1688399074 <== mon.0 v2:172.21.15.26:3300/0 7 ==== mgrmap(e 11) ==== 46194+0+0 (secure 0 0 0) 0x7fee0403b8f0 con 0x7fee14108260
2024-09-11T23:09:35.960 INFO:teuthology.orchestra.run.smithi026.stdout:/usr/bin/ceph: stderr
2024-09-11T23:09:34.985+0000 7fee10d99640 1 --2- 172.21.15.26:0/1688399074 >> [v2:172.21.15.26:6800/110833859,v1:172.21.15.26:6801/110833859] conn(0x7fee0003cae0 0x7fee0003eed0 unknown :-1 s=NONE pgs=0 cs=0 l=1 rev1=0 crypto rx=0 tx=0 comp rx=0 tx=0).connect
2024-09-11T23:09:35.960 INFO:teuthology.orchestra.run.smithi026.stdout:/usr/bin/ceph: stderr
2024-09-11T23:09:34.985+0000 7fee10d99640 1 -- 172.21.15.26:0/1688399074 --> [v2:172.21.15.26:6800/110833859,v1:172.21.15.26:6801/110833859] -- command(tid 0: {"prefix": "get_command_descriptions"}) -- 0x7fee0403bdd0 con 0x7fee0003cae0
2024-09-11T23:09:35.960 INFO:teuthology.orchestra.run.smithi026.stdout:/usr/bin/ceph: stderr
2024-09-11T23:09:34.986+0000 7fee0bfff640 1 --2- 172.21.15.26:0/1688399074 >> [v2:172.21.15.26:6800/110833859,v1:172.21.15.26:6801/110833859] conn(0x7fee0003cae0 0x7fee0003eed0 unknown :-1 s=BANNER_CONNECTING pgs=0 cs=0 l=1 rev1=0 crypto rx=0 tx=0 comp rx=0 tx=0)._handle_peer_banner_payload supported=3 required=0
2024-09-11T23:09:35.960 INFO:teuthology.orchestra.run.smithi026.stdout:/usr/bin/ceph: stderr
2024-09-11T23:09:34.986+0000 7fee0bfff640 1 --2- 172.21.15.26:0/1688399074 >> [v2:172.21.15.26:6800/110833859,v1:172.21.15.26:6801/110833859] conn(0x7fee0003cae0 0x7fee0003eed0 secure :-1 s=READY pgs=2 cs=0 l=1 rev1=1 crypto rx=0x7fedfc003980 tx=0x7fedfc0092b0 comp rx=0 tx=0).ready entity=mgr.14148 client_cookie=0 server_cookie=0 in_seq=0 out_seq=0
2024-09-11T23:09:35.960 INFO:teuthology.orchestra.run.smithi026.stdout:/usr/bin/ceph: stderr
2024-09-11T23:09:34.987+0000 7fee10d99640 1 -- 172.21.15.26:0/1688399074 <== mgr.14148 v2:172.21.15.26:6800/110833859 1 ==== command_reply(tid 0: 0 ) ==== 8+0+9564 (secure 0 0 0) 0x7fee0403bdd0 con 0x7fee0003cae0
2024-09-11T23:09:35.960 INFO:teuthology.orchestra.run.smithi026.stdout:/usr/bin/ceph: stderr
2024-09-11T23:09:34.994+0000 7fee190e6640 1 -- 172.21.15.26:0/1688399074 --> [v2:172.21.15.26:6800/110833859,v1:172.21.15.26:6801/110833859] -- command(tid 1: {"prefix": "mgr_status"}) -- 0x7fee141086c0 con 0x7fee0003cae0
2024-09-11T23:09:35.960 INFO:teuthology.orchestra.run.smithi026.stdout:/usr/bin/ceph: stderr
2024-09-11T23:09:34.994+0000 7fee10d99640 1 -- 172.21.15.26:0/1688399074 <== mgr.14148 v2:172.21.15.26:6800/110833859 2 ==== command_reply(tid 1: 0 ) ==== 8+0+52 (secure 0 0 0) 0x7fee141086c0 con 0x7fee0003cae0
2024-09-11T23:09:35.961 INFO:teuthology.orchestra.run.smithi026.stdout:/usr/bin/ceph: stderr
2024-09-11T23:09:34.995+0000 7fee190e6640 1 -- 172.21.15.26:0/1688399074 >> [v2:172.21.15.26:6800/110833859,v1:172.21.15.26:6801/110833859] conn(0x7fee0003cae0 msgr2=0x7fee0003eed0 secure :-1 s=STATE_CONNECTION_ESTABLISHED l=1).mark_down
2024-09-11T23:09:35.961 INFO:teuthology.orchestra.run.smithi026.stdout:/usr/bin/ceph: stderr
2024-09-11T23:09:34.995+0000 7fee190e6640 1 --2- 172.21.15.26:0/1688399074 >> [v2:172.21.15.26:6800/110833859,v1:172.21.15.26:6801/110833859] conn(0x7fee0003cae0 0x7fee0003eed0 secure :-1 s=READY pgs=2 cs=0 l=1 rev1=1 crypto rx=0x7fedfc003980 tx=0x7fedfc0092b0 comp rx=0 tx=0).stop
2024-09-11T23:09:35.961 INFO:teuthology.orchestra.run.smithi026.stdout:/usr/bin/ceph: stderr
2024-09-11T23:09:34.995+0000 7fee190e6640 1 -- 172.21.15.26:0/1688399074 >> [v2:172.21.15.26:3300/0,v1:172.21.15.26:6789/0] conn(0x7fee14108260 msgr2=0x7fee1419b7c0 secure :-1 s=STATE_CONNECTION_ESTABLISHED l=1).mark_down
2024-09-11T23:09:35.961 INFO:teuthology.orchestra.run.smithi026.stdout:/usr/bin/ceph: stderr
2024-09-11T23:09:34.995+0000 7fee190e6640 1 --2- 172.21.15.26:0/1688399074 >> [v2:172.21.15.26:3300/0,v1:172.21.15.26:6789/0] conn(0x7fee14108260 0x7fee1419b7c0 secure :-1 s=READY pgs=58 cs=0 l=1 rev1=1 crypto rx=0x7fee04030380 tx=0x7fee04032670 comp rx=0 tx=0).stop
2024-09-11T23:09:35.961 INFO:teuthology.orchestra.run.smithi026.stdout:/usr/bin/ceph: stderr
2024-09-11T23:09:34.995+0000 7fee190e6640 1 -- 172.21.15.26:0/1688399074 shutdown_connections
2024-09-11T23:09:35.961 INFO:teuthology.orchestra.run.smithi026.stdout:/usr/bin/ceph: stderr
2024-09-11T23:09:34.995+0000 7fee190e6640 1 --2- 172.21.15.26:0/1688399074 >> [v2:172.21.15.26:6800/110833859,v1:172.21.15.26:6801/110833859] conn(0x7fee0003cae0 0x7fee0003eed0 unknown :-1 s=CLOSED pgs=2 cs=0 l=1 rev1=1 crypto rx=0 tx=0 comp rx=0 tx=0).stop
2024-09-11T23:09:35.961 INFO:teuthology.orchestra.run.smithi026.stdout:/usr/bin/ceph: stderr
2024-09-11T23:09:34.995+0000 7fee190e6640 1 --2- 172.21.15.26:0/1688399074 >> [v2:172.21.15.26:6800/677148151,v1:172.21.15.26:6801/677148151] conn(0x7fee00039020 0x7fee0003b4e0 unknown :-1 s=CLOSED pgs=0 cs=0 l=1 rev1=0 crypto rx=0 tx=0 comp rx=0 tx=0).stop
2024-09-11T23:09:35.961 INFO:teuthology.orchestra.run.smithi026.stdout:/usr/bin/ceph: stderr
2024-09-11T23:09:34.995+0000 7fee190e6640 1 --2- 172.21.15.26:0/1688399074 >> [v2:172.21.15.26:3300/0,v1:172.21.15.26:6789/0] conn(0x7fee14108260 0x7fee1419b7c0 unknown :-1 s=CLOSED pgs=58 cs=0 l=1 rev1=1 crypto rx=0 tx=0 comp rx=0 tx=0).stop
2024-09-11T23:09:35.961 INFO:teuthology.orchestra.run.smithi026.stdout:/usr/bin/ceph: stderr
2024-09-11T23:09:34.995+0000 7fee190e6640 1 -- 172.21.15.26:0/1688399074 >> 172.21.15.26:0/1688399074 conn(0x7fee14101e80 msgr2=0x7fee14102ad0 unknown :-1 s=STATE_NONE l=0).mark_down
2024-09-11T23:09:35.961 INFO:teuthology.orchestra.run.smithi026.stdout:/usr/bin/ceph: stderr
2024-09-11T23:09:34.995+0000 7fee190e6640 1 -- 172.21.15.26:0/1688399074 shutdown_connections
2024-09-11T23:09:35.961 INFO:teuthology.orchestra.run.smithi026.stdout:/usr/bin/ceph: stderr
2024-09-11T23:09:34.995+0000 7fee190e6640 1 -- 172.21.15.26:0/1688399074 wait complete.
2024-09-11T23:09:35.961 INFO:teuthology.orchestra.run.smithi026.stdout:mgr epoch 9 is available
2024-09-11T23:09:35.962 INFO:teuthology.orchestra.run.smithi026.stdout:Generating a dashboard self-signed certificate...
2024-09-11T23:09:36.214 INFO:journalctl@ceph.mon.a.smithi026.stdout:Sep 11 23:09:35 smithi026 ceph-mon[31172]: mgrmap e11: x(active, since 1.006s)
2024-09-11T23:09:36.214 INFO:journalctl@ceph.mon.a.smithi026.stdout:Sep 11 23:09:35 smithi026 ceph-mon[31172]: from='mgr.14148 172.21.15.26:0/1316924508' entity='mgr.x'
2024-09-11T23:09:36.214 INFO:journalctl@ceph.mon.a.smithi026.stdout:Sep 11 23:09:35 smithi026 ceph-mon[31172]: [11/Sep/2024:23:09:35] ENGINE Bus STARTING
2024-09-11T23:09:36.215 INFO:journalctl@ceph.mon.a.smithi026.stdout:Sep 11 23:09:35 smithi026 ceph-mon[31172]: [11/Sep/2024:23:09:35] ENGINE Serving on http://172.21.15.26:8765
2024-09-11T23:09:36.215 INFO:journalctl@ceph.mon.a.smithi026.stdout:Sep 11 23:09:35 smithi026 ceph-mon[31172]: [11/Sep/2024:23:09:35] ENGINE Serving on https://172.21.15.26:7150
2024-09-11T23:09:36.215 INFO:journalctl@ceph.mon.a.smithi026.stdout:Sep 11 23:09:35 smithi026 ceph-mon[31172]: [11/Sep/2024:23:09:35] ENGINE Bus STARTED
2024-09-11T23:09:36.215 INFO:journalctl@ceph.mon.a.smithi026.stdout:Sep 11 23:09:35 smithi026 ceph-mon[31172]: [11/Sep/2024:23:09:35] ENGINE Error in HTTPServer.serve
2024-09-11T23:09:36.215 INFO:journalctl@ceph.mon.a.smithi026.stdout: Traceback (most recent call last):
2024-09-11T23:09:36.215 INFO:journalctl@ceph.mon.a.smithi026.stdout: File "/lib/python3.9/site-packages/cheroot/server.py", line 1823, in serve
2024-09-11T23:09:36.215 INFO:journalctl@ceph.mon.a.smithi026.stdout: self._connections.run(self.expiration_interval)
2024-09-11T23:09:36.215 INFO:journalctl@ceph.mon.a.smithi026.stdout: File "/lib/python3.9/site-packages/cheroot/connections.py", line 203, in run
2024-09-11T23:09:36.215 INFO:journalctl@ceph.mon.a.smithi026.stdout: self._run(expiration_interval)
2024-09-11T23:09:36.215 INFO:journalctl@ceph.mon.a.smithi026.stdout: File "/lib/python3.9/site-packages/cheroot/connections.py", line 246, in _run
2024-09-11T23:09:36.215 INFO:journalctl@ceph.mon.a.smithi026.stdout: new_conn = self._from_server_socket(self.server.socket)
2024-09-11T23:09:36.215 INFO:journalctl@ceph.mon.a.smithi026.stdout: File "/lib/python3.9/site-packages/cheroot/connections.py", line 300, in _from_server_socket
2024-09-11T23:09:36.215 INFO:journalctl@ceph.mon.a.smithi026.stdout: s, ssl_env = self.server.ssl_adapter.wrap(s)
2024-09-11T23:09:36.215 INFO:journalctl@ceph.mon.a.smithi026.stdout: File "/lib/python3.9/site-packages/cheroot/ssl/builtin.py", line 277, in wrap
2024-09-11T23:09:36.216 INFO:journalctl@ceph.mon.a.smithi026.stdout: s = self.context.wrap_socket(
2024-09-11T23:09:36.216 INFO:journalctl@ceph.mon.a.smithi026.stdout: File "/lib64/python3.9/ssl.py", line 501, in wrap_socket
2024-09-11T23:09:36.216 INFO:journalctl@ceph.mon.a.smithi026.stdout: return self.sslsocket_class._create(
2024-09-11T23:09:36.216 INFO:journalctl@ceph.mon.a.smithi026.stdout: File "/lib64/python3.9/ssl.py", line 1074, in _create
2024-09-11T23:09:36.216 INFO:journalctl@ceph.mon.a.smithi026.stdout: self.do_handshake()
2024-09-11T23:09:36.216 INFO:journalctl@ceph.mon.a.smithi026.stdout: File "/lib64/python3.9/ssl.py", line 1343, in do_handshake
2024-09-11T23:09:36.216 INFO:journalctl@ceph.mon.a.smithi026.stdout: self._sslobj.do_handshake()
2024-09-11T23:09:36.216 INFO:journalctl@ceph.mon.a.smithi026.stdout: ssl.SSLZeroReturnError: TLS/SSL connection has been closed (EOF) (_ssl.c:1133)
2024-09-11T23:09:37.251 INFO:journalctl@ceph.mon.a.smithi026.stdout:Sep 11 23:09:36 smithi026 ceph-mon[31172]: from='mgr.14148 172.21.15.26:0/1316924508' entity='mgr.x'
2024-09-11T23:09:37.251 INFO:journalctl@ceph.mon.a.smithi026.stdout:Sep 11 23:09:36 smithi026 ceph-mon[31172]: mgrmap e12: x(active, since 2s)
2024-09-11T23:09:37.251 INFO:journalctl@ceph.mon.a.smithi026.stdout:Sep 11 23:09:36 smithi026 ceph-mon[31172]: from='client.14160 -' entity='client.admin' cmd=[{"prefix": "dashboard create-self-signed-cert", "target": ["mon-mgr", ""]}]: dispatch
2024-09-11T23:09:37.251 INFO:journalctl@ceph.mon.a.smithi026.stdout:Sep 11 23:09:36 smithi026 ceph-mon[31172]: from='mgr.14148 172.21.15.26:0/1316924508' entity='mgr.x'
2024-09-11T23:09:37.251 INFO:journalctl@ceph.mon.a.smithi026.stdout:Sep 11 23:09:36 smithi026 ceph-mon[31172]: from='mgr.14148 172.21.15.26:0/1316924508' entity='mgr.x'
2024-09-11T23:09:37.770 INFO:teuthology.orchestra.run.smithi026.stdout:/usr/bin/ceph: stdout Self-signed certificate created
2024-09-11T23:09:37.770 INFO:teuthology.orchestra.run.smithi026.stdout:/usr/bin/ceph: stderr
2024-09-11T23:09:36.396+0000 7f528dc1b640 1 Processor -- start
2024-09-11T23:09:37.770 INFO:teuthology.orchestra.run.smithi026.stdout:/usr/bin/ceph: stderr
2024-09-11T23:09:36.396+0000 7f528dc1b640 1 -- start start
2024-09-11T23:09:37.771 INFO:teuthology.orchestra.run.smithi026.stdout:/usr/bin/ceph: stderr
2024-09-11T23:09:36.396+0000 7f528dc1b640 1 --2- >> [v2:172.21.15.26:3300/0,v1:172.21.15.26:6789/0] conn(0x7f52881066e0 0x7f5288106ae0 unknown :-1 s=NONE pgs=0 cs=0 l=0 rev1=0 crypto rx=0 tx=0 comp rx=0 tx=0).connect
2024-09-11T23:09:37.771 INFO:teuthology.orchestra.run.smithi026.stdout:/usr/bin/ceph: stderr
2024-09-11T23:09:36.396+0000 7f528dc1b640 1 -- --> [v2:172.21.15.26:3300/0,v1:172.21.15.26:6789/0] -- mon_getmap magic: 0 -- 0x7f52881070b0 con 0x7f52881066e0
2024-09-11T23:09:37.771 INFO:teuthology.orchestra.run.smithi026.stdout:/usr/bin/ceph: stderr
2024-09-11T23:09:36.396+0000 7f52877fe640 1 --2- >> [v2:172.21.15.26:3300/0,v1:172.21.15.26:6789/0] conn(0x7f52881066e0 0x7f5288106ae0 unknown :-1 s=BANNER_CONNECTING pgs=0 cs=0 l=0 rev1=0 crypto rx=0 tx=0 comp rx=0 tx=0)._handle_peer_banner_payload supported=3 required=0
2024-09-11T23:09:37.771 INFO:teuthology.orchestra.run.smithi026.stdout:/usr/bin/ceph: stderr
2024-09-11T23:09:36.396+0000 7f52877fe640 1 --2- >> [v2:172.21.15.26:3300/0,v1:172.21.15.26:6789/0] conn(0x7f52881066e0 0x7f5288106ae0 unknown :-1 s=HELLO_CONNECTING pgs=0 cs=0 l=0 rev1=1 crypto rx=0 tx=0 comp rx=0 tx=0).handle_hello peer v2:172.21.15.26:3300/0 says I am v2:172.21.15.26:55474/0 (socket says 172.21.15.26:55474)
2024-09-11T23:09:37.771 INFO:teuthology.orchestra.run.smithi026.stdout:/usr/bin/ceph: stderr
2024-09-11T23:09:36.396+0000 7f52877fe640 1 -- 172.21.15.26:0/31585556 learned_addr learned my addr 172.21.15.26:0/31585556 (peer_addr_for_me v2:172.21.15.26:0/0)
2024-09-11T23:09:37.771 INFO:teuthology.orchestra.run.smithi026.stdout:/usr/bin/ceph: stderr
2024-09-11T23:09:36.396+0000 7f52877fe640 1 -- 172.21.15.26:0/31585556 --> [v2:172.21.15.26:3300/0,v1:172.21.15.26:6789/0] -- mon_subscribe({config=0+,monmap=0+}) -- 0x7f52881078e0 con 0x7f52881066e0
2024-09-11T23:09:37.772 INFO:teuthology.orchestra.run.smithi026.stdout:/usr/bin/ceph: stderr
2024-09-11T23:09:36.397+0000 7f52877fe640 1 --2- 172.21.15.26:0/31585556 >> [v2:172.21.15.26:3300/0,v1:172.21.15.26:6789/0] conn(0x7f52881066e0 0x7f5288106ae0 secure :-1 s=READY pgs=66 cs=0 l=1 rev1=1 crypto rx=0x7f5278009820 tx=0x7f527802a270 comp rx=0 tx=0).ready entity=mon.0 client_cookie=a347a7f7ddace8b7 server_cookie=0 in_seq=0 out_seq=0
2024-09-11T23:09:37.772 INFO:teuthology.orchestra.run.smithi026.stdout:/usr/bin/ceph: stderr
2024-09-11T23:09:36.397+0000 7f52867fc640 1 -- 172.21.15.26:0/31585556 <== mon.0 v2:172.21.15.26:3300/0 1 ==== mon_map magic: 0 ==== 205+0+0 (secure 0 0 0) 0x7f5278037070 con 0x7f52881066e0
2024-09-11T23:09:37.772 INFO:teuthology.orchestra.run.smithi026.stdout:/usr/bin/ceph: stderr
2024-09-11T23:09:36.397+0000 7f52867fc640 1 -- 172.21.15.26:0/31585556 <== mon.0 v2:172.21.15.26:3300/0 2 ==== config(27 keys) ==== 1140+0+0 (secure 0 0 0) 0x7f5278032920 con 0x7f52881066e0
2024-09-11T23:09:37.772 INFO:teuthology.orchestra.run.smithi026.stdout:/usr/bin/ceph: stderr
2024-09-11T23:09:36.398+0000 7f52867fc640 1 -- 172.21.15.26:0/31585556 <== mon.0 v2:172.21.15.26:3300/0 3 ==== mon_map magic: 0 ==== 205+0+0 (secure 0 0 0) 0x7f5278030810 con 0x7f52881066e0
2024-09-11T23:09:37.772 INFO:teuthology.orchestra.run.smithi026.stdout:/usr/bin/ceph: stderr
2024-09-11T23:09:36.398+0000 7f528dc1b640 1 -- 172.21.15.26:0/31585556 >> [v2:172.21.15.26:3300/0,v1:172.21.15.26:6789/0] conn(0x7f52881066e0 msgr2=0x7f5288106ae0 secure :-1 s=STATE_CONNECTION_ESTABLISHED l=1).mark_down
2024-09-11T23:09:37.773 INFO:teuthology.orchestra.run.smithi026.stdout:/usr/bin/ceph: stderr
2024-09-11T23:09:36.398+0000 7f528dc1b640 1 --2- 172.21.15.26:0/31585556 >> [v2:172.21.15.26:3300/0,v1:172.21.15.26:6789/0] conn(0x7f52881066e0 0x7f5288106ae0 secure :-1 s=READY pgs=66 cs=0 l=1 rev1=1 crypto rx=0x7f5278009820 tx=0x7f527802a270 comp rx=0 tx=0).stop
2024-09-11T23:09:37.773 INFO:teuthology.orchestra.run.smithi026.stdout:/usr/bin/ceph: stderr
2024-09-11T23:09:36.398+0000 7f528dc1b640 1 -- 172.21.15.26:0/31585556 shutdown_connections
2024-09-11T23:09:37.773 INFO:teuthology.orchestra.run.smithi026.stdout:/usr/bin/ceph: stderr
2024-09-11T23:09:36.398+0000 7f528dc1b640 1 --2- 172.21.15.26:0/31585556 >> [v2:172.21.15.26:3300/0,v1:172.21.15.26:6789/0] conn(0x7f52881066e0 0x7f5288106ae0 unknown :-1 s=CLOSED pgs=66 cs=0 l=1 rev1=1 crypto rx=0 tx=0 comp rx=0 tx=0).stop
2024-09-11T23:09:37.773 INFO:teuthology.orchestra.run.smithi026.stdout:/usr/bin/ceph: stderr
2024-09-11T23:09:36.398+0000 7f528dc1b640 1 -- 172.21.15.26:0/31585556 >> 172.21.15.26:0/31585556 conn(0x7f5288101ed0 msgr2=0x7f52881042f0 unknown :-1 s=STATE_NONE l=0).mark_down
2024-09-11T23:09:37.773 INFO:teuthology.orchestra.run.smithi026.stdout:/usr/bin/ceph: stderr
2024-09-11T23:09:36.398+0000 7f528dc1b640 1 -- 172.21.15.26:0/31585556 shutdown_connections
2024-09-11T23:09:37.773 INFO:teuthology.orchestra.run.smithi026.stdout:/usr/bin/ceph: stderr
2024-09-11T23:09:36.398+0000 7f528dc1b640 1 -- 172.21.15.26:0/31585556 wait complete.
2024-09-11T23:09:37.774 INFO:teuthology.orchestra.run.smithi026.stdout:/usr/bin/ceph: stderr
2024-09-11T23:09:36.399+0000 7f528dc1b640 1 Processor -- start
2024-09-11T23:09:37.774 INFO:teuthology.orchestra.run.smithi026.stdout:/usr/bin/ceph: stderr
2024-09-11T23:09:36.399+0000 7f528dc1b640 1 -- start start
2024-09-11T23:09:37.774 INFO:teuthology.orchestra.run.smithi026.stdout:/usr/bin/ceph: stderr
2024-09-11T23:09:36.399+0000 7f528dc1b640 1 --2- >> [v2:172.21.15.26:3300/0,v1:172.21.15.26:6789/0] conn(0x7f52881066e0 0x7f52881918a0 unknown :-1 s=NONE pgs=0 cs=0 l=1 rev1=0 crypto rx=0 tx=0 comp rx=0 tx=0).connect
2024-09-11T23:09:37.774 INFO:teuthology.orchestra.run.smithi026.stdout:/usr/bin/ceph: stderr
2024-09-11T23:09:36.399+0000 7f528dc1b640 1 -- --> [v2:172.21.15.26:3300/0,v1:172.21.15.26:6789/0] -- mon_getmap magic: 0 -- 0x7f528810ac90 con 0x7f52881066e0
2024-09-11T23:09:37.774 INFO:teuthology.orchestra.run.smithi026.stdout:/usr/bin/ceph: stderr
2024-09-11T23:09:36.399+0000 7f52877fe640 1 --2- >> [v2:172.21.15.26:3300/0,v1:172.21.15.26:6789/0] conn(0x7f52881066e0 0x7f52881918a0 unknown :-1 s=BANNER_CONNECTING pgs=0 cs=0 l=1 rev1=0 crypto rx=0 tx=0 comp rx=0 tx=0)._handle_peer_banner_payload supported=3 required=0
2024-09-11T23:09:37.775 INFO:teuthology.orchestra.run.smithi026.stdout:/usr/bin/ceph: stderr
2024-09-11T23:09:36.399+0000 7f52877fe640 1 --2- >> [v2:172.21.15.26:3300/0,v1:172.21.15.26:6789/0] conn(0x7f52881066e0 0x7f52881918a0 unknown :-1 s=HELLO_CONNECTING pgs=0 cs=0 l=1 rev1=1 crypto rx=0 tx=0 comp rx=0 tx=0).handle_hello peer v2:172.21.15.26:3300/0 says I am v2:172.21.15.26:55490/0 (socket says 172.21.15.26:55490)
2024-09-11T23:09:37.775 INFO:teuthology.orchestra.run.smithi026.stdout:/usr/bin/ceph: stderr
2024-09-11T23:09:36.399+0000 7f52877fe640 1 -- 172.21.15.26:0/3140660354 learned_addr learned my addr 172.21.15.26:0/3140660354 (peer_addr_for_me v2:172.21.15.26:0/0)
2024-09-11T23:09:37.775 INFO:teuthology.orchestra.run.smithi026.stdout:/usr/bin/ceph: stderr
2024-09-11T23:09:36.399+0000 7f52877fe640 1 -- 172.21.15.26:0/3140660354 --> [v2:172.21.15.26:3300/0,v1:172.21.15.26:6789/0] -- mon_subscribe({config=0+,monmap=0+}) -- 0x7f5288191de0 con 0x7f52881066e0
2024-09-11T23:09:37.775 INFO:teuthology.orchestra.run.smithi026.stdout:/usr/bin/ceph: stderr
2024-09-11T23:09:36.400+0000 7f52877fe640 1 --2- 172.21.15.26:0/3140660354 >> [v2:172.21.15.26:3300/0,v1:172.21.15.26:6789/0] conn(0x7f52881066e0 0x7f52881918a0 secure :-1 s=READY pgs=67 cs=0 l=1 rev1=1 crypto rx=0x7f52780097f0 tx=0x7f52780327b0 comp rx=0 tx=0).ready entity=mon.0 client_cookie=0 server_cookie=0 in_seq=0 out_seq=0
2024-09-11T23:09:37.775 INFO:teuthology.orchestra.run.smithi026.stdout:/usr/bin/ceph: stderr
2024-09-11T23:09:36.400+0000 7f5284ff9640 1 -- 172.21.15.26:0/3140660354 <== mon.0 v2:172.21.15.26:3300/0 1 ==== mon_map magic: 0 ==== 205+0+0 (secure 0 0 0) 0x7f5278037040 con 0x7f52881066e0
2024-09-11T23:09:37.775 INFO:teuthology.orchestra.run.smithi026.stdout:/usr/bin/ceph: stderr
2024-09-11T23:09:36.400+0000 7f5284ff9640 1 -- 172.21.15.26:0/3140660354 <== mon.0 v2:172.21.15.26:3300/0 2 ==== config(27 keys) ==== 1140+0+0 (secure 0 0 0) 0x7f5278030cc0 con 0x7f52881066e0
2024-09-11T23:09:37.776 INFO:teuthology.orchestra.run.smithi026.stdout:/usr/bin/ceph: stderr
2024-09-11T23:09:36.400+0000 7f528dc1b640 1 -- 172.21.15.26:0/3140660354 --> [v2:172.21.15.26:3300/0,v1:172.21.15.26:6789/0] -- mon_subscribe({mgrmap=0+}) -- 0x7f528818ffd0 con 0x7f52881066e0
2024-09-11T23:09:37.776 INFO:teuthology.orchestra.run.smithi026.stdout:/usr/bin/ceph: stderr
2024-09-11T23:09:36.400+0000 7f5284ff9640 1 -- 172.21.15.26:0/3140660354 <== mon.0 v2:172.21.15.26:3300/0 3 ==== mon_map magic: 0 ==== 205+0+0 (secure 0 0 0) 0x7f527803a640 con 0x7f52881066e0
2024-09-11T23:09:37.776 INFO:teuthology.orchestra.run.smithi026.stdout:/usr/bin/ceph: stderr
2024-09-11T23:09:36.400+0000 7f528dc1b640 1 -- 172.21.15.26:0/3140660354 --> [v2:172.21.15.26:3300/0,v1:172.21.15.26:6789/0] -- mon_subscribe({osdmap=0}) -- 0x7f5288190510 con 0x7f52881066e0
2024-09-11T23:09:37.776 INFO:teuthology.orchestra.run.smithi026.stdout:/usr/bin/ceph: stderr
2024-09-11T23:09:36.401+0000 7f528dc1b640 1 -- 172.21.15.26:0/3140660354 --> [v2:172.21.15.26:3300/0,v1:172.21.15.26:6789/0] -- mon_command({"prefix": "get_command_descriptions"} v 0) -- 0x7f5288106b60 con 0x7f52881066e0
2024-09-11T23:09:37.776 INFO:teuthology.orchestra.run.smithi026.stdout:/usr/bin/ceph: stderr
2024-09-11T23:09:36.401+0000 7f5284ff9640 1 -- 172.21.15.26:0/3140660354 <== mon.0 v2:172.21.15.26:3300/0 4 ==== mgrmap(e 12) ==== 46300+0+0 (secure 0 0 0) 0x7f527803a940 con 0x7f52881066e0
2024-09-11T23:09:37.777 INFO:teuthology.orchestra.run.smithi026.stdout:/usr/bin/ceph: stderr
2024-09-11T23:09:36.401+0000 7f5284ff9640 1 --2- 172.21.15.26:0/3140660354 >> [v2:172.21.15.26:6800/110833859,v1:172.21.15.26:6801/110833859] conn(0x7f5270038fc0 0x7f527003b480 unknown :-1 s=NONE pgs=0 cs=0 l=1 rev1=0 crypto rx=0 tx=0 comp rx=0 tx=0).connect
2024-09-11T23:09:37.777 INFO:teuthology.orchestra.run.smithi026.stdout:/usr/bin/ceph: stderr
2024-09-11T23:09:36.401+0000 7f5284ff9640 1 -- 172.21.15.26:0/3140660354 <== mon.0 v2:172.21.15.26:3300/0 5 ==== osd_map(3..3 src has 1..3) ==== 1155+0+0 (secure 0 0 0) 0x7f527806c780 con 0x7f52881066e0
2024-09-11T23:09:37.777 INFO:teuthology.orchestra.run.smithi026.stdout:/usr/bin/ceph: stderr
2024-09-11T23:09:36.401+0000 7f5286ffd640 1 --2- 172.21.15.26:0/3140660354 >> [v2:172.21.15.26:6800/110833859,v1:172.21.15.26:6801/110833859] conn(0x7f5270038fc0 0x7f527003b480 unknown :-1 s=BANNER_CONNECTING pgs=0 cs=0 l=1 rev1=0 crypto rx=0 tx=0 comp rx=0 tx=0)._handle_peer_banner_payload supported=3 required=0
2024-09-11T23:09:37.777 INFO:teuthology.orchestra.run.smithi026.stdout:/usr/bin/ceph: stderr
2024-09-11T23:09:36.402+0000 7f5286ffd640 1 --2- 172.21.15.26:0/3140660354 >> [v2:172.21.15.26:6800/110833859,v1:172.21.15.26:6801/110833859] conn(0x7f5270038fc0 0x7f527003b480 secure :-1 s=READY pgs=7 cs=0 l=1 rev1=1 crypto rx=0x7f527c00ad30 tx=0x7f527c0093f0 comp rx=0 tx=0).ready entity=mgr.14148 client_cookie=0 server_cookie=0 in_seq=0 out_seq=0
2024-09-11T23:09:37.777 INFO:teuthology.orchestra.run.smithi026.stdout:/usr/bin/ceph: stderr
2024-09-11T23:09:36.406+0000 7f5284ff9640 1 -- 172.21.15.26:0/3140660354 <== mon.0 v2:172.21.15.26:3300/0 6 ==== mon_command_ack([{"prefix": "get_command_descriptions"}]=0 v0) ==== 72+0+188821 (secure 0 0 0) 0x7f527803ad80 con 0x7f52881066e0
2024-09-11T23:09:37.778 INFO:teuthology.orchestra.run.smithi026.stdout:/usr/bin/ceph: stderr
2024-09-11T23:09:36.606+0000 7f528dc1b640 1 -- 172.21.15.26:0/3140660354 --> [v2:172.21.15.26:6800/110833859,v1:172.21.15.26:6801/110833859] -- mgr_command(tid 0: {"prefix": "dashboard create-self-signed-cert", "target": ["mon-mgr", ""]}) -- 0x7f5288195650 con 0x7f5270038fc0
2024-09-11T23:09:37.778 INFO:teuthology.orchestra.run.smithi026.stdout:/usr/bin/ceph: stderr
2024-09-11T23:09:36.694+0000 7f5284ff9640 1 -- 172.21.15.26:0/3140660354 <== mgr.14148 v2:172.21.15.26:6800/110833859 1 ==== mgr_command_reply(tid 0: 0 ) ==== 8+0+32 (secure 0 0 0) 0x7f5288195650 con 0x7f5270038fc0
2024-09-11T23:09:37.778 INFO:teuthology.orchestra.run.smithi026.stdout:/usr/bin/ceph: stderr
2024-09-11T23:09:36.697+0000 7f528dc1b640 1 -- 172.21.15.26:0/3140660354 >> [v2:172.21.15.26:6800/110833859,v1:172.21.15.26:6801/110833859] conn(0x7f5270038fc0 msgr2=0x7f527003b480 secure :-1 s=STATE_CONNECTION_ESTABLISHED l=1).mark_down
2024-09-11T23:09:37.778 INFO:teuthology.orchestra.run.smithi026.stdout:/usr/bin/ceph: stderr
2024-09-11T23:09:36.697+0000 7f528dc1b640 1 --2- 172.21.15.26:0/3140660354 >> [v2:172.21.15.26:6800/110833859,v1:172.21.15.26:6801/110833859] conn(0x7f5270038fc0 0x7f527003b480 secure :-1 s=READY pgs=7 cs=0 l=1 rev1=1 crypto rx=0x7f527c00ad30 tx=0x7f527c0093f0 comp rx=0 tx=0).stop
2024-09-11T23:09:37.778 INFO:teuthology.orchestra.run.smithi026.stdout:/usr/bin/ceph: stderr
2024-09-11T23:09:36.697+0000 7f528dc1b640 1 -- 172.21.15.26:0/3140660354 >> [v2:172.21.15.26:3300/0,v1:172.21.15.26:6789/0] conn(0x7f52881066e0 msgr2=0x7f52881918a0 secure :-1 s=STATE_CONNECTION_ESTABLISHED l=1).mark_down
2024-09-11T23:09:37.778 INFO:teuthology.orchestra.run.smithi026.stdout:/usr/bin/ceph: stderr
2024-09-11T23:09:36.697+0000 7f528dc1b640 1 --2- 172.21.15.26:0/3140660354 >> [v2:172.21.15.26:3300/0,v1:172.21.15.26:6789/0] conn(0x7f52881066e0 0x7f52881918a0 secure :-1 s=READY pgs=67 cs=0 l=1 rev1=1 crypto rx=0x7f52780097f0 tx=0x7f52780327b0 comp rx=0 tx=0).stop
2024-09-11T23:09:37.779 INFO:teuthology.orchestra.run.smithi026.stdout:/usr/bin/ceph: stderr
2024-09-11T23:09:36.698+0000 7f528dc1b640 1 -- 172.21.15.26:0/3140660354 shutdown_connections
2024-09-11T23:09:37.779 INFO:teuthology.orchestra.run.smithi026.stdout:/usr/bin/ceph: stderr
2024-09-11T23:09:36.698+0000 7f528dc1b640 1 --2- 172.21.15.26:0/3140660354 >> [v2:172.21.15.26:6800/110833859,v1:172.21.15.26:6801/110833859] conn(0x7f5270038fc0 0x7f527003b480 unknown :-1 s=CLOSED pgs=7 cs=0 l=1 rev1=1 crypto rx=0 tx=0 comp rx=0 tx=0).stop
2024-09-11T23:09:37.779 INFO:teuthology.orchestra.run.smithi026.stdout:/usr/bin/ceph: stderr
2024-09-11T23:09:36.698+0000 7f528dc1b640 1 --2- 172.21.15.26:0/3140660354 >> [v2:172.21.15.26:3300/0,v1:172.21.15.26:6789/0] conn(0x7f52881066e0 0x7f52881918a0 unknown :-1 s=CLOSED pgs=67 cs=0 l=1 rev1=1 crypto rx=0 tx=0 comp rx=0 tx=0).stop
2024-09-11T23:09:37.779 INFO:teuthology.orchestra.run.smithi026.stdout:/usr/bin/ceph: stderr
2024-09-11T23:09:36.698+0000 7f528dc1b640 1 -- 172.21.15.26:0/3140660354 >> 172.21.15.26:0/3140660354 conn(0x7f5288101ed0 msgr2=0x7f5288102e60 unknown :-1 s=STATE_NONE l=0).mark_down
2024-09-11T23:09:37.779 INFO:teuthology.orchestra.run.smithi026.stdout:/usr/bin/ceph: stderr
2024-09-11T23:09:36.698+0000 7f528dc1b640 1 -- 172.21.15.26:0/3140660354 shutdown_connections
2024-09-11T23:09:37.779 INFO:teuthology.orchestra.run.smithi026.stdout:/usr/bin/ceph: stderr
2024-09-11T23:09:36.698+0000 7f528dc1b640 1 -- 172.21.15.26:0/3140660354 wait complete.
2024-09-11T23:09:37.780 INFO:teuthology.orchestra.run.smithi026.stdout:Creating initial admin user...
2024-09-11T23:09:39.223 INFO:teuthology.orchestra.run.smithi026.stdout:/usr/bin/ceph: stdout {"username": "admin", "password": "$2b$12$JN/a6/IlGF/JlyAbOQc21ugdpLF7i7GVri.fMa39zjJsrmciGq1je", "roles": ["administrator"], "name": null, "email": null, "lastUpdate": 1726096178, "enabled": true, "pwdExpirationDate": null, "pwdUpdateRequired": true}
2024-09-11T23:09:39.223 INFO:teuthology.orchestra.run.smithi026.stdout:/usr/bin/ceph: stderr
2024-09-11T23:09:38.202+0000 7f35d8f34640 1 Processor -- start
2024-09-11T23:09:39.223 INFO:teuthology.orchestra.run.smithi026.stdout:/usr/bin/ceph: stderr
2024-09-11T23:09:38.202+0000 7f35d8f34640 1 -- start start
2024-09-11T23:09:39.223 INFO:teuthology.orchestra.run.smithi026.stdout:/usr/bin/ceph: stderr
2024-09-11T23:09:38.202+0000 7f35d8f34640 1 --2- >> [v2:172.21.15.26:3300/0,v1:172.21.15.26:6789/0] conn(0x7f35d407de00 0x7f35d407c260 unknown :-1 s=NONE pgs=0 cs=0 l=0 rev1=0 crypto rx=0 tx=0 comp rx=0 tx=0).connect
2024-09-11T23:09:39.223 INFO:teuthology.orchestra.run.smithi026.stdout:/usr/bin/ceph: stderr
2024-09-11T23:09:38.202+0000 7f35d8f34640 1 -- --> [v2:172.21.15.26:3300/0,v1:172.21.15.26:6789/0] -- mon_getmap magic: 0 -- 0x7f35d407c830 con 0x7f35d407de00
2024-09-11T23:09:39.223 INFO:teuthology.orchestra.run.smithi026.stdout:/usr/bin/ceph: stderr
2024-09-11T23:09:38.203+0000 7f35d259c640 1 --2- >> [v2:172.21.15.26:3300/0,v1:172.21.15.26:6789/0] conn(0x7f35d407de00 0x7f35d407c260 unknown :-1 s=BANNER_CONNECTING pgs=0 cs=0 l=0 rev1=0 crypto rx=0 tx=0 comp rx=0 tx=0)._handle_peer_banner_payload supported=3 required=0
2024-09-11T23:09:39.223 INFO:teuthology.orchestra.run.smithi026.stdout:/usr/bin/ceph: stderr
2024-09-11T23:09:38.203+0000 7f35d259c640 1 --2- >> [v2:172.21.15.26:3300/0,v1:172.21.15.26:6789/0] conn(0x7f35d407de00 0x7f35d407c260 unknown :-1 s=HELLO_CONNECTING pgs=0 cs=0 l=0 rev1=1 crypto rx=0 tx=0 comp rx=0 tx=0).handle_hello peer v2:172.21.15.26:3300/0 says I am v2:172.21.15.26:55500/0 (socket says 172.21.15.26:55500)
2024-09-11T23:09:39.223 INFO:teuthology.orchestra.run.smithi026.stdout:/usr/bin/ceph: stderr
2024-09-11T23:09:38.203+0000 7f35d259c640 1 -- 172.21.15.26:0/216092852 learned_addr learned my addr 172.21.15.26:0/216092852 (peer_addr_for_me v2:172.21.15.26:0/0)
2024-09-11T23:09:39.223 INFO:teuthology.orchestra.run.smithi026.stdout:/usr/bin/ceph: stderr
2024-09-11T23:09:38.203+0000 7f35d259c640 1 -- 172.21.15.26:0/216092852 --> [v2:172.21.15.26:3300/0,v1:172.21.15.26:6789/0] -- mon_subscribe({config=0+,monmap=0+}) -- 0x7f35d407c9b0 con 0x7f35d407de00
2024-09-11T23:09:39.224 INFO:teuthology.orchestra.run.smithi026.stdout:/usr/bin/ceph: stderr
2024-09-11T23:09:38.204+0000 7f35d259c640 1 --2- 172.21.15.26:0/216092852 >> [v2:172.21.15.26:3300/0,v1:172.21.15.26:6789/0] conn(0x7f35d407de00 0x7f35d407c260 secure :-1 s=READY pgs=68 cs=0 l=1 rev1=1 crypto rx=0x7f35c4009820 tx=0x7f35c402a270 comp rx=0 tx=0).ready entity=mon.0 client_cookie=4bbf596dd0143672 server_cookie=0 in_seq=0 out_seq=0
2024-09-11T23:09:39.224 INFO:teuthology.orchestra.run.smithi026.stdout:/usr/bin/ceph: stderr
2024-09-11T23:09:38.204+0000 7f35d159a640 1 -- 172.21.15.26:0/216092852 <== mon.0 v2:172.21.15.26:3300/0 1 ==== mon_map magic: 0 ==== 205+0+0 (secure 0 0 0) 0x7f35c4037070 con 0x7f35d407de00
2024-09-11T23:09:39.224 INFO:teuthology.orchestra.run.smithi026.stdout:/usr/bin/ceph: stderr
2024-09-11T23:09:38.204+0000 7f35d159a640 1 -- 172.21.15.26:0/216092852 <== mon.0 v2:172.21.15.26:3300/0 2 ==== config(27 keys) ==== 1140+0+0 (secure 0 0 0) 0x7f35c4032920 con 0x7f35d407de00
2024-09-11T23:09:39.224 INFO:teuthology.orchestra.run.smithi026.stdout:/usr/bin/ceph: stderr
2024-09-11T23:09:38.204+0000 7f35d159a640 1 -- 172.21.15.26:0/216092852 <== mon.0 v2:172.21.15.26:3300/0 3 ==== mon_map magic: 0 ==== 205+0+0 (secure 0 0 0) 0x7f35c4030810 con 0x7f35d407de00
2024-09-11T23:09:39.224 INFO:teuthology.orchestra.run.smithi026.stdout:/usr/bin/ceph: stderr
2024-09-11T23:09:38.204+0000 7f35d8f34640 1 -- 172.21.15.26:0/216092852 >> [v2:172.21.15.26:3300/0,v1:172.21.15.26:6789/0] conn(0x7f35d407de00 msgr2=0x7f35d407c260 secure :-1 s=STATE_CONNECTION_ESTABLISHED l=1).mark_down
2024-09-11T23:09:39.224 INFO:teuthology.orchestra.run.smithi026.stdout:/usr/bin/ceph: stderr
2024-09-11T23:09:38.204+0000 7f35d8f34640 1 --2- 172.21.15.26:0/216092852 >> [v2:172.21.15.26:3300/0,v1:172.21.15.26:6789/0] conn(0x7f35d407de00 0x7f35d407c260 secure :-1 s=READY pgs=68 cs=0 l=1 rev1=1 crypto rx=0x7f35c4009820 tx=0x7f35c402a270 comp rx=0 tx=0).stop
2024-09-11T23:09:39.224 INFO:teuthology.orchestra.run.smithi026.stdout:/usr/bin/ceph: stderr
2024-09-11T23:09:38.205+0000 7f35d8f34640 1 -- 172.21.15.26:0/216092852 shutdown_connections
2024-09-11T23:09:39.224 INFO:teuthology.orchestra.run.smithi026.stdout:/usr/bin/ceph: stderr
2024-09-11T23:09:38.205+0000 7f35d8f34640 1 --2- 172.21.15.26:0/216092852 >> [v2:172.21.15.26:3300/0,v1:172.21.15.26:6789/0] conn(0x7f35d407de00 0x7f35d407c260 unknown :-1 s=CLOSED pgs=68 cs=0 l=1 rev1=1 crypto rx=0 tx=0 comp rx=0 tx=0).stop
2024-09-11T23:09:39.224 INFO:teuthology.orchestra.run.smithi026.stdout:/usr/bin/ceph: stderr
2024-09-11T23:09:38.205+0000 7f35d8f34640 1 -- 172.21.15.26:0/216092852 >> 172.21.15.26:0/216092852 conn(0x7f35d4102f60 msgr2=0x7f35d41053a0 unknown :-1 s=STATE_NONE l=0).mark_down
2024-09-11T23:09:39.224 INFO:teuthology.orchestra.run.smithi026.stdout:/usr/bin/ceph: stderr
2024-09-11T23:09:38.205+0000 7f35d8f34640 1 -- 172.21.15.26:0/216092852 shutdown_connections
2024-09-11T23:09:39.224 INFO:teuthology.orchestra.run.smithi026.stdout:/usr/bin/ceph: stderr
2024-09-11T23:09:38.205+0000 7f35d8f34640 1 -- 172.21.15.26:0/216092852 wait complete.
2024-09-11T23:09:39.224 INFO:teuthology.orchestra.run.smithi026.stdout:/usr/bin/ceph: stderr
2024-09-11T23:09:38.205+0000 7f35d8f34640 1 Processor -- start
2024-09-11T23:09:39.225 INFO:teuthology.orchestra.run.smithi026.stdout:/usr/bin/ceph: stderr
2024-09-11T23:09:38.206+0000 7f35d8f34640 1 -- start start
2024-09-11T23:09:39.225 INFO:teuthology.orchestra.run.smithi026.stdout:/usr/bin/ceph: stderr
2024-09-11T23:09:38.206+0000 7f35d8f34640 1 --2- >> [v2:172.21.15.26:3300/0,v1:172.21.15.26:6789/0] conn(0x7f35d407de00 0x7f35d419d980 unknown :-1 s=NONE pgs=0 cs=0 l=1 rev1=0 crypto rx=0 tx=0 comp rx=0 tx=0).connect
2024-09-11T23:09:39.225 INFO:teuthology.orchestra.run.smithi026.stdout:/usr/bin/ceph: stderr
2024-09-11T23:09:38.206+0000 7f35d8f34640 1 -- --> [v2:172.21.15.26:3300/0,v1:172.21.15.26:6789/0] -- mon_getmap magic: 0 -- 0x7f35d410ddf0 con 0x7f35d407de00
2024-09-11T23:09:39.225 INFO:teuthology.orchestra.run.smithi026.stdout:/usr/bin/ceph: stderr
2024-09-11T23:09:38.206+0000 7f35d259c640 1 --2- >> [v2:172.21.15.26:3300/0,v1:172.21.15.26:6789/0] conn(0x7f35d407de00 0x7f35d419d980 unknown :-1 s=BANNER_CONNECTING pgs=0 cs=0 l=1 rev1=0 crypto rx=0 tx=0 comp rx=0 tx=0)._handle_peer_banner_payload supported=3 required=0
2024-09-11T23:09:39.225 INFO:teuthology.orchestra.run.smithi026.stdout:/usr/bin/ceph: stderr
2024-09-11T23:09:38.206+0000 7f35d259c640 1 --2- >> [v2:172.21.15.26:3300/0,v1:172.21.15.26:6789/0] conn(0x7f35d407de00 0x7f35d419d980 unknown :-1 s=HELLO_CONNECTING pgs=0 cs=0 l=1 rev1=1 crypto rx=0 tx=0 comp rx=0 tx=0).handle_hello peer v2:172.21.15.26:3300/0 says I am v2:172.21.15.26:55516/0 (socket says 172.21.15.26:55516)
2024-09-11T23:09:39.225 INFO:teuthology.orchestra.run.smithi026.stdout:/usr/bin/ceph: stderr
2024-09-11T23:09:38.206+0000 7f35d259c640 1 -- 172.21.15.26:0/556317958 learned_addr learned my addr 172.21.15.26:0/556317958 (peer_addr_for_me v2:172.21.15.26:0/0)
2024-09-11T23:09:39.225 INFO:teuthology.orchestra.run.smithi026.stdout:/usr/bin/ceph: stderr
2024-09-11T23:09:38.206+0000 7f35d259c640 1 -- 172.21.15.26:0/556317958 --> [v2:172.21.15.26:3300/0,v1:172.21.15.26:6789/0] -- mon_subscribe({config=0+,monmap=0+}) -- 0x7f35d419dec0 con 0x7f35d407de00
2024-09-11T23:09:39.225 INFO:teuthology.orchestra.run.smithi026.stdout:/usr/bin/ceph: stderr
2024-09-11T23:09:38.206+0000 7f35d259c640 1 --2- 172.21.15.26:0/556317958 >> [v2:172.21.15.26:3300/0,v1:172.21.15.26:6789/0] conn(0x7f35d407de00 0x7f35d419d980 secure :-1 s=READY pgs=69 cs=0 l=1 rev1=1 crypto rx=0x7f35c4030380 tx=0x7f35c4032670 comp rx=0 tx=0).ready entity=mon.0 client_cookie=0 server_cookie=0 in_seq=0 out_seq=0
2024-09-11T23:09:39.225 INFO:teuthology.orchestra.run.smithi026.stdout:/usr/bin/ceph: stderr
2024-09-11T23:09:38.206+0000 7f35c37fe640 1 -- 172.21.15.26:0/556317958 <== mon.0 v2:172.21.15.26:3300/0 1 ==== mon_map magic: 0 ==== 205+0+0 (secure 0 0 0) 0x7f35c4037040 con 0x7f35d407de00
2024-09-11T23:09:39.225 INFO:teuthology.orchestra.run.smithi026.stdout:/usr/bin/ceph: stderr
2024-09-11T23:09:38.207+0000 7f35c37fe640 1 -- 172.21.15.26:0/556317958 <== mon.0 v2:172.21.15.26:3300/0 2 ==== config(27 keys) ==== 1140+0+0 (secure 0 0 0) 0x7f35c4040070 con 0x7f35d407de00
2024-09-11T23:09:39.225 INFO:teuthology.orchestra.run.smithi026.stdout:/usr/bin/ceph: stderr
2024-09-11T23:09:38.207+0000 7f35d8f34640 1 -- 172.21.15.26:0/556317958 --> [v2:172.21.15.26:3300/0,v1:172.21.15.26:6789/0] -- mon_subscribe({mgrmap=0+}) -- 0x7f35d419e150 con 0x7f35d407de00
2024-09-11T23:09:39.225 INFO:teuthology.orchestra.run.smithi026.stdout:/usr/bin/ceph: stderr
2024-09-11T23:09:38.207+0000 7f35c37fe640 1 -- 172.21.15.26:0/556317958 <== mon.0 v2:172.21.15.26:3300/0 3 ==== mon_map magic: 0 ==== 205+0+0 (secure 0 0 0) 0x7f35c403a7b0 con 0x7f35d407de00
2024-09-11T23:09:39.225 INFO:teuthology.orchestra.run.smithi026.stdout:/usr/bin/ceph: stderr
2024-09-11T23:09:38.207+0000 7f35d8f34640 1 -- 172.21.15.26:0/556317958 --> [v2:172.21.15.26:3300/0,v1:172.21.15.26:6789/0] -- mon_subscribe({osdmap=0}) -- 0x7f35d41a0e40 con 0x7f35d407de00
2024-09-11T23:09:39.225 INFO:teuthology.orchestra.run.smithi026.stdout:/usr/bin/ceph: stderr
2024-09-11T23:09:38.208+0000 7f35c37fe640 1 -- 172.21.15.26:0/556317958 <== mon.0 v2:172.21.15.26:3300/0 4 ==== mgrmap(e 12) ==== 46300+0+0 (secure 0 0 0) 0x7f35c403aa30 con 0x7f35d407de00
2024-09-11T23:09:39.226 INFO:teuthology.orchestra.run.smithi026.stdout:/usr/bin/ceph: stderr
2024-09-11T23:09:38.208+0000 7f35d8f34640 1 -- 172.21.15.26:0/556317958 --> [v2:172.21.15.26:3300/0,v1:172.21.15.26:6789/0] -- mon_command({"prefix": "get_command_descriptions"} v 0) -- 0x7f35d407c2e0 con 0x7f35d407de00
2024-09-11T23:09:39.226 INFO:teuthology.orchestra.run.smithi026.stdout:/usr/bin/ceph: stderr
2024-09-11T23:09:38.208+0000 7f35c37fe640 1 --2- 172.21.15.26:0/556317958 >> [v2:172.21.15.26:6800/110833859,v1:172.21.15.26:6801/110833859] conn(0x7f35bc038fc0 0x7f35bc03b480 unknown :-1 s=NONE pgs=0 cs=0 l=1 rev1=0 crypto rx=0 tx=0 comp rx=0 tx=0).connect
2024-09-11T23:09:39.226 INFO:teuthology.orchestra.run.smithi026.stdout:/usr/bin/ceph: stderr
2024-09-11T23:09:38.208+0000 7f35c37fe640 1 -- 172.21.15.26:0/556317958 <== mon.0 v2:172.21.15.26:3300/0 5 ==== osd_map(3..3 src has 1..3) ==== 1155+0+0 (secure 0 0 0) 0x7f35c406c740 con 0x7f35d407de00
2024-09-11T23:09:39.226 INFO:teuthology.orchestra.run.smithi026.stdout:/usr/bin/ceph: stderr
2024-09-11T23:09:38.208+0000 7f35d1d9b640 1 --2- 172.21.15.26:0/556317958 >> [v2:172.21.15.26:6800/110833859,v1:172.21.15.26:6801/110833859] conn(0x7f35bc038fc0 0x7f35bc03b480 unknown :-1 s=BANNER_CONNECTING pgs=0 cs=0 l=1 rev1=0 crypto rx=0 tx=0 comp rx=0 tx=0)._handle_peer_banner_payload supported=3 required=0
2024-09-11T23:09:39.226 INFO:teuthology.orchestra.run.smithi026.stdout:/usr/bin/ceph: stderr
2024-09-11T23:09:38.208+0000 7f35d1d9b640 1 --2- 172.21.15.26:0/556317958 >> [v2:172.21.15.26:6800/110833859,v1:172.21.15.26:6801/110833859] conn(0x7f35bc038fc0 0x7f35bc03b480 secure :-1 s=READY pgs=8 cs=0 l=1 rev1=1 crypto rx=0x7f35c80098c0 tx=0x7f35c8006db0 comp rx=0 tx=0).ready entity=mgr.14148 client_cookie=0 server_cookie=0 in_seq=0 out_seq=0
2024-09-11T23:09:39.226 INFO:teuthology.orchestra.run.smithi026.stdout:/usr/bin/ceph: stderr
2024-09-11T23:09:38.213+0000 7f35c37fe640 1 -- 172.21.15.26:0/556317958 <== mon.0 v2:172.21.15.26:3300/0 6 ==== mon_command_ack([{"prefix": "get_command_descriptions"}]=0 v0) ==== 72+0+188821 (secure 0 0 0) 0x7f35c4041270 con 0x7f35d407de00
2024-09-11T23:09:39.226 INFO:teuthology.orchestra.run.smithi026.stdout:/usr/bin/ceph: stderr
2024-09-11T23:09:38.404+0000 7f35d8f34640 1 -- 172.21.15.26:0/556317958 --> [v2:172.21.15.26:6800/110833859,v1:172.21.15.26:6801/110833859] -- mgr_command(tid 0: {"prefix": "dashboard ac-user-create", "username": "admin", "rolename": "administrator", "force_password": true, "pwd_update_required": true, "target": ["mon-mgr", ""]}) -- 0x7f35d41a1010 con 0x7f35bc038fc0
2024-09-11T23:09:39.226 INFO:teuthology.orchestra.run.smithi026.stdout:/usr/bin/ceph: stderr
2024-09-11T23:09:38.653+0000 7f35c37fe640 1 -- 172.21.15.26:0/556317958 <== mgr.14148 v2:172.21.15.26:6800/110833859 1 ==== mgr_command_reply(tid 0: 0 ) ==== 8+0+252 (secure 0 0 0) 0x7f35d41a1010 con 0x7f35bc038fc0
2024-09-11T23:09:39.226 INFO:teuthology.orchestra.run.smithi026.stdout:/usr/bin/ceph: stderr
2024-09-11T23:09:38.655+0000 7f35d8f34640 1 -- 172.21.15.26:0/556317958 >> [v2:172.21.15.26:6800/110833859,v1:172.21.15.26:6801/110833859] conn(0x7f35bc038fc0 msgr2=0x7f35bc03b480 secure :-1 s=STATE_CONNECTION_ESTABLISHED l=1).mark_down
2024-09-11T23:09:39.226 INFO:teuthology.orchestra.run.smithi026.stdout:/usr/bin/ceph: stderr
2024-09-11T23:09:38.655+0000 7f35d8f34640 1 --2- 172.21.15.26:0/556317958 >> [v2:172.21.15.26:6800/110833859,v1:172.21.15.26:6801/110833859] conn(0x7f35bc038fc0 0x7f35bc03b480 secure :-1 s=READY pgs=8 cs=0 l=1 rev1=1 crypto rx=0x7f35c80098c0 tx=0x7f35c8006db0 comp rx=0 tx=0).stop
2024-09-11T23:09:39.226 INFO:teuthology.orchestra.run.smithi026.stdout:/usr/bin/ceph: stderr
2024-09-11T23:09:38.655+0000 7f35d8f34640 1 -- 172.21.15.26:0/556317958 >> [v2:172.21.15.26:3300/0,v1:172.21.15.26:6789/0] conn(0x7f35d407de00 msgr2=0x7f35d419d980 secure :-1 s=STATE_CONNECTION_ESTABLISHED l=1).mark_down
2024-09-11T23:09:39.226 INFO:teuthology.orchestra.run.smithi026.stdout:/usr/bin/ceph: stderr
2024-09-11T23:09:38.655+0000 7f35d8f34640 1 --2- 172.21.15.26:0/556317958 >> [v2:172.21.15.26:3300/0,v1:172.21.15.26:6789/0] conn(0x7f35d407de00 0x7f35d419d980 secure :-1 s=READY pgs=69 cs=0 l=1 rev1=1 crypto rx=0x7f35c4030380 tx=0x7f35c4032670 comp rx=0 tx=0).stop
2024-09-11T23:09:39.227 INFO:teuthology.orchestra.run.smithi026.stdout:/usr/bin/ceph: stderr
2024-09-11T23:09:38.655+0000 7f35d8f34640 1 -- 172.21.15.26:0/556317958 shutdown_connections
2024-09-11T23:09:39.227 INFO:teuthology.orchestra.run.smithi026.stdout:/usr/bin/ceph: stderr
2024-09-11T23:09:38.655+0000 7f35d8f34640 1 --2- 172.21.15.26:0/556317958 >> [v2:172.21.15.26:6800/110833859,v1:172.21.15.26:6801/110833859] conn(0x7f35bc038fc0 0x7f35bc03b480 unknown :-1 s=CLOSED pgs=8 cs=0 l=1 rev1=1 crypto rx=0 tx=0 comp rx=0 tx=0).stop
2024-09-11T23:09:39.227 INFO:teuthology.orchestra.run.smithi026.stdout:/usr/bin/ceph: stderr
2024-09-11T23:09:38.655+0000 7f35d8f34640 1 --2- 172.21.15.26:0/556317958 >> [v2:172.21.15.26:3300/0,v1:172.21.15.26:6789/0] conn(0x7f35d407de00 0x7f35d419d980 unknown :-1 s=CLOSED pgs=69 cs=0 l=1 rev1=1 crypto rx=0 tx=0 comp rx=0 tx=0).stop
2024-09-11T23:09:39.227 INFO:teuthology.orchestra.run.smithi026.stdout:/usr/bin/ceph: stderr
2024-09-11T23:09:38.655+0000 7f35d8f34640 1 -- 172.21.15.26:0/556317958 >> 172.21.15.26:0/556317958 conn(0x7f35d4102f60 msgr2=0x7f35d4103b00 unknown :-1 s=STATE_NONE l=0).mark_down
2024-09-11T23:09:39.227 INFO:teuthology.orchestra.run.smithi026.stdout:/usr/bin/ceph: stderr
2024-09-11T23:09:38.655+0000 7f35d8f34640 1 -- 172.21.15.26:0/556317958 shutdown_connections
2024-09-11T23:09:39.227 INFO:teuthology.orchestra.run.smithi026.stdout:/usr/bin/ceph: stderr
2024-09-11T23:09:38.655+0000 7f35d8f34640 1 -- 172.21.15.26:0/556317958 wait complete.
2024-09-11T23:09:39.227 INFO:teuthology.orchestra.run.smithi026.stdout:Fetching dashboard port number...
