2024-09-11T23:08:59.650+0000 7fe890ff9640 1 --2- 172.21.15.26:0/545735000 >> [v2:172.21.15.26:6800/2673575521,v1:172.21.15.26:6801/2673575521] conn(0x7fe87c038e60 0x7fe87c03b320 unknown :-1 s=NONE pgs=0 cs=0 l=1 rev1=0 crypto rx=0 tx=0 comp rx=0 tx=0).connect
2024-09-11T23:09:00.481 INFO:teuthology.orchestra.run.smithi026.stdout:/usr/bin/ceph: stderr
2024-09-11T23:08:59.650+0000 7fe899f14640 1 -- 172.21.15.26:0/545735000 --> [v2:172.21.15.26:3300/0,v1:172.21.15.26:6789/0] -- mon_command({"prefix": "get_command_descriptions"} v 0) -- 0x7fe89407c300 con 0x7fe89407de20
2024-09-11T23:09:00.481 INFO:teuthology.orchestra.run.smithi026.stdout:/usr/bin/ceph: stderr
2024-09-11T23:08:59.650+0000 7fe890ff9640 1 -- 172.21.15.26:0/545735000 <== mon.0 v2:172.21.15.26:3300/0 5 ==== osd_map(1..1 src has 1..1) ==== 725+0+0 (secure 0 0 0) 0x7fe88406be40 con 0x7fe89407de20
2024-09-11T23:09:00.481 INFO:teuthology.orchestra.run.smithi026.stdout:/usr/bin/ceph: stderr
2024-09-11T23:08:59.650+0000 7fe892ffd640 1 --2- 172.21.15.26:0/545735000 >> [v2:172.21.15.26:6800/2673575521,v1:172.21.15.26:6801/2673575521] conn(0x7fe87c038e60 0x7fe87c03b320 unknown :-1 s=BANNER_CONNECTING pgs=0 cs=0 l=1 rev1=0 crypto rx=0 tx=0 comp rx=0 tx=0)._handle_peer_banner_payload supported=3 required=0
2024-09-11T23:09:00.481 INFO:teuthology.orchestra.run.smithi026.stdout:/usr/bin/ceph: stderr
2024-09-11T23:08:59.650+0000 7fe892ffd640 1 --2- 172.21.15.26:0/545735000 >> [v2:172.21.15.26:6800/2673575521,v1:172.21.15.26:6801/2673575521] conn(0x7fe87c038e60 0x7fe87c03b320 secure :-1 s=READY pgs=6 cs=0 l=1 rev1=1 crypto rx=0x7fe8880098c0 tx=0x7fe888006db0 comp rx=0 tx=0).ready entity=mgr.14100 client_cookie=0 server_cookie=0 in_seq=0 out_seq=0
2024-09-11T23:09:00.481 INFO:teuthology.orchestra.run.smithi026.stdout:/usr/bin/ceph: stderr
2024-09-11T23:08:59.655+0000 7fe890ff9640 1 -- 172.21.15.26:0/545735000 <== mon.0 v2:172.21.15.26:3300/0 6 ==== mon_command_ack([{"prefix": "get_command_descriptions"}]=0 v0) ==== 72+0+188821 (secure 0 0 0) 0x7fe884032bf0 con 0x7fe89407de20
2024-09-11T23:09:00.481 INFO:teuthology.orchestra.run.smithi026.stdout:/usr/bin/ceph: stderr
2024-09-11T23:08:59.901+0000 7fe899f14640 1 -- 172.21.15.26:0/545735000 --> [v2:172.21.15.26:3300/0,v1:172.21.15.26:6789/0] -- mon_command({"prefix": "status", "format": "json-pretty"} v 0) -- 0x7fe8941a1060 con 0x7fe89407de20
2024-09-11T23:09:00.481 INFO:teuthology.orchestra.run.smithi026.stdout:/usr/bin/ceph: stderr
2024-09-11T23:08:59.901+0000 7fe890ff9640 1 -- 172.21.15.26:0/545735000 <== mon.0 v2:172.21.15.26:3300/0 7 ==== mon_command_ack([{"prefix": "status", "format": "json-pretty"}]=0 v0) ==== 79+0+1291 (secure 0 0 0) 0x7fe884044ca0 con 0x7fe89407de20
2024-09-11T23:09:00.481 INFO:teuthology.orchestra.run.smithi026.stdout:/usr/bin/ceph: stderr
2024-09-11T23:08:59.905+0000 7fe899f14640 1 -- 172.21.15.26:0/545735000 >> [v2:172.21.15.26:6800/2673575521,v1:172.21.15.26:6801/2673575521] conn(0x7fe87c038e60 msgr2=0x7fe87c03b320 secure :-1 s=STATE_CONNECTION_ESTABLISHED l=1).mark_down
2024-09-11T23:09:00.482 INFO:teuthology.orchestra.run.smithi026.stdout:/usr/bin/ceph: stderr
2024-09-11T23:08:59.905+0000 7fe899f14640 1 --2- 172.21.15.26:0/545735000 >> [v2:172.21.15.26:6800/2673575521,v1:172.21.15.26:6801/2673575521] conn(0x7fe87c038e60 0x7fe87c03b320 secure :-1 s=READY pgs=6 cs=0 l=1 rev1=1 crypto rx=0x7fe8880098c0 tx=0x7fe888006db0 comp rx=0 tx=0).stop
2024-09-11T23:09:00.482 INFO:teuthology.orchestra.run.smithi026.stdout:/usr/bin/ceph: stderr
2024-09-11T23:08:59.905+0000 7fe899f14640 1 -- 172.21.15.26:0/545735000 >> [v2:172.21.15.26:3300/0,v1:172.21.15.26:6789/0] conn(0x7fe89407de20 msgr2=0x7fe89419d9d0 secure :-1 s=STATE_CONNECTION_ESTABLISHED l=1).mark_down
2024-09-11T23:09:00.482 INFO:teuthology.orchestra.run.smithi026.stdout:/usr/bin/ceph: stderr
2024-09-11T23:08:59.905+0000 7fe899f14640 1 --2- 172.21.15.26:0/545735000 >> [v2:172.21.15.26:3300/0,v1:172.21.15.26:6789/0] conn(0x7fe89407de20 0x7fe89419d9d0 secure :-1 s=READY pgs=15 cs=0 l=1 rev1=1 crypto rx=0x7fe8840097f0 tx=0x7fe884030d80 comp rx=0 tx=0).stop
2024-09-11T23:09:00.482 INFO:teuthology.orchestra.run.smithi026.stdout:/usr/bin/ceph: stderr
2024-09-11T23:08:59.905+0000 7fe899f14640 1 -- 172.21.15.26:0/545735000 shutdown_connections
2024-09-11T23:09:00.482 INFO:teuthology.orchestra.run.smithi026.stdout:/usr/bin/ceph: stderr
2024-09-11T23:08:59.905+0000 7fe899f14640 1 --2- 172.21.15.26:0/545735000 >> [v2:172.21.15.26:6800/2673575521,v1:172.21.15.26:6801/2673575521] conn(0x7fe87c038e60 0x7fe87c03b320 unknown :-1 s=CLOSED pgs=6 cs=0 l=1 rev1=1 crypto rx=0 tx=0 comp rx=0 tx=0).stop
2024-09-11T23:09:00.482 INFO:teuthology.orchestra.run.smithi026.stdout:/usr/bin/ceph: stderr
2024-09-11T23:08:59.905+0000 7fe899f14640 1 --2- 172.21.15.26:0/545735000 >> [v2:172.21.15.26:3300/0,v1:172.21.15.26:6789/0] conn(0x7fe89407de20 0x7fe89419d9d0 unknown :-1 s=CLOSED pgs=15 cs=0 l=1 rev1=1 crypto rx=0 tx=0 comp rx=0 tx=0).stop
2024-09-11T23:09:00.482 INFO:teuthology.orchestra.run.smithi026.stdout:/usr/bin/ceph: stderr
2024-09-11T23:08:59.905+0000 7fe899f14640 1 -- 172.21.15.26:0/545735000 >> 172.21.15.26:0/545735000 conn(0x7fe894102f60 msgr2=0x7fe894103b40 unknown :-1 s=STATE_NONE l=0).mark_down
2024-09-11T23:09:00.482 INFO:teuthology.orchestra.run.smithi026.stdout:/usr/bin/ceph: stderr
2024-09-11T23:08:59.905+0000 7fe899f14640 1 -- 172.21.15.26:0/545735000 shutdown_connections
2024-09-11T23:09:00.482 INFO:teuthology.orchestra.run.smithi026.stdout:/usr/bin/ceph: stderr
2024-09-11T23:08:59.905+0000 7fe899f14640 1 -- 172.21.15.26:0/545735000 wait complete.
2024-09-11T23:09:00.482 INFO:teuthology.orchestra.run.smithi026.stdout:mgr is available
2024-09-11T23:09:00.586 INFO:journalctl@ceph.mon.a.smithi026.stdout:Sep 11 23:09:00 smithi026 ceph-mon[31172]: mgrmap e3: x(active, since 1.00764s)
2024-09-11T23:09:00.586 INFO:journalctl@ceph.mon.a.smithi026.stdout:Sep 11 23:09:00 smithi026 ceph-mon[31172]: from='client.? 172.21.15.26:0/545735000' entity='client.admin' cmd=[{"prefix": "status", "format": "json-pretty"}]: dispatch
2024-09-11T23:09:01.708 INFO:journalctl@ceph.mon.a.smithi026.stdout:Sep 11 23:09:01 smithi026 ceph-mon[31172]: mgrmap e4: x(active, since 2s)
2024-09-11T23:09:01.708 INFO:journalctl@ceph.mon.a.smithi026.stdout:Sep 11 23:09:01 smithi026 ceph-mon[31172]: from='client.? 172.21.15.26:0/3299190008' entity='client.admin' cmd=[{"prefix": "config assimilate-conf"}]: dispatch
2024-09-11T23:09:04.016 INFO:teuthology.orchestra.run.smithi026.stdout:/usr/bin/ceph: stdout
2024-09-11T23:09:04.202 INFO:teuthology.orchestra.run.smithi026.stdout:/usr/bin/ceph: stdout [global]
2024-09-11T23:09:04.202 INFO:teuthology.orchestra.run.smithi026.stdout:/usr/bin/ceph: stdout fsid = af7e6fc8-7092-11ef-bcea-c7b262605968
2024-09-11T23:09:04.203 INFO:teuthology.orchestra.run.smithi026.stdout:/usr/bin/ceph: stdout mon_host = [v2:172.21.15.26:3300,v1:172.21.15.26:6789]
2024-09-11T23:09:04.203 INFO:teuthology.orchestra.run.smithi026.stdout:/usr/bin/ceph: stdout mon_osd_allow_pg_remap = true
2024-09-11T23:09:04.203 INFO:teuthology.orchestra.run.smithi026.stdout:/usr/bin/ceph: stdout mon_osd_allow_primary_affinity = true
2024-09-11T23:09:04.203 INFO:teuthology.orchestra.run.smithi026.stdout:/usr/bin/ceph: stdout mon_warn_on_no_sortbitwise = false
2024-09-11T23:09:04.203 INFO:teuthology.orchestra.run.smithi026.stdout:/usr/bin/ceph: stdout osd_crush_chooseleaf_type = 0
2024-09-11T23:09:04.203 INFO:teuthology.orchestra.run.smithi026.stdout:/usr/bin/ceph: stdout
2024-09-11T23:09:04.203 INFO:teuthology.orchestra.run.smithi026.stdout:/usr/bin/ceph: stdout [mgr]
2024-09-11T23:09:04.203 INFO:teuthology.orchestra.run.smithi026.stdout:/usr/bin/ceph: stdout mgr/telemetry/nag = false
2024-09-11T23:09:04.203 INFO:teuthology.orchestra.run.smithi026.stdout:/usr/bin/ceph: stdout
2024-09-11T23:09:04.203 INFO:teuthology.orchestra.run.smithi026.stdout:/usr/bin/ceph: stdout [osd]
2024-09-11T23:09:04.203 INFO:teuthology.orchestra.run.smithi026.stdout:/usr/bin/ceph: stdout mon_osd_backfillfull_ratio = 0.85
2024-09-11T23:09:04.203 INFO:teuthology.orchestra.run.smithi026.stdout:/usr/bin/ceph: stdout mon_osd_full_ratio = 0.9
2024-09-11T23:09:04.203 INFO:teuthology.orchestra.run.smithi026.stdout:/usr/bin/ceph: stdout mon_osd_nearfull_ratio = 0.8
2024-09-11T23:09:04.204 INFO:teuthology.orchestra.run.smithi026.stdout:/usr/bin/ceph: stdout osd_map_max_advance = 10
2024-09-11T23:09:04.204 INFO:teuthology.orchestra.run.smithi026.stdout:/usr/bin/ceph: stdout osd_sloppy_crc = true
2024-09-11T23:09:04.204 INFO:teuthology.orchestra.run.smithi026.stdout:/usr/bin/ceph: stderr
2024-09-11T23:09:00.870+0000 7f98c90ff640 1 Processor -- start
2024-09-11T23:09:04.204 INFO:teuthology.orchestra.run.smithi026.stdout:/usr/bin/ceph: stderr
2024-09-11T23:09:00.870+0000 7f98c90ff640 1 -- start start
2024-09-11T23:09:04.204 INFO:teuthology.orchestra.run.smithi026.stdout:/usr/bin/ceph: stderr
2024-09-11T23:09:00.870+0000 7f98c90ff640 1 --2- >> [v2:172.21.15.26:3300/0,v1:172.21.15.26:6789/0] conn(0x7f98c41077d0 0x7f98c4107bd0 unknown :-1 s=NONE pgs=0 cs=0 l=0 rev1=0 crypto rx=0 tx=0 comp rx=0 tx=0).connect
2024-09-11T23:09:04.204 INFO:teuthology.orchestra.run.smithi026.stdout:/usr/bin/ceph: stderr
2024-09-11T23:09:00.870+0000 7f98c90ff640 1 -- --> [v2:172.21.15.26:3300/0,v1:172.21.15.26:6789/0] -- mon_getmap magic: 0 -- 0x7f98c41081a0 con 0x7f98c41077d0
2024-09-11T23:09:04.204 INFO:teuthology.orchestra.run.smithi026.stdout:/usr/bin/ceph: stderr
2024-09-11T23:09:00.870+0000 7f98c2d9d640 1 --2- >> [v2:172.21.15.26:3300/0,v1:172.21.15.26:6789/0] conn(0x7f98c41077d0 0x7f98c4107bd0 unknown :-1 s=BANNER_CONNECTING pgs=0 cs=0 l=0 rev1=0 crypto rx=0 tx=0 comp rx=0 tx=0)._handle_peer_banner_payload supported=3 required=0
2024-09-11T23:09:04.204 INFO:teuthology.orchestra.run.smithi026.stdout:/usr/bin/ceph: stderr
2024-09-11T23:09:00.870+0000 7f98c2d9d640 1 --2- >> [v2:172.21.15.26:3300/0,v1:172.21.15.26:6789/0] conn(0x7f98c41077d0 0x7f98c4107bd0 unknown :-1 s=HELLO_CONNECTING pgs=0 cs=0 l=0 rev1=1 crypto rx=0 tx=0 comp rx=0 tx=0).handle_hello peer v2:172.21.15.26:3300/0 says I am v2:172.21.15.26:59052/0 (socket says 172.21.15.26:59052)
2024-09-11T23:09:04.204 INFO:teuthology.orchestra.run.smithi026.stdout:/usr/bin/ceph: stderr
2024-09-11T23:09:00.870+0000 7f98c2d9d640 1 -- 172.21.15.26:0/2288687627 learned_addr learned my addr 172.21.15.26:0/2288687627 (peer_addr_for_me v2:172.21.15.26:0/0)
2024-09-11T23:09:04.204 INFO:teuthology.orchestra.run.smithi026.stdout:/usr/bin/ceph: stderr
2024-09-11T23:09:00.871+0000 7f98c2d9d640 1 -- 172.21.15.26:0/2288687627 --> [v2:172.21.15.26:3300/0,v1:172.21.15.26:6789/0] -- mon_subscribe({config=0+,monmap=0+}) -- 0x7f98c41089d0 con 0x7f98c41077d0
2024-09-11T23:09:04.204 INFO:teuthology.orchestra.run.smithi026.stdout:/usr/bin/ceph: stderr
2024-09-11T23:09:00.871+0000 7f98c2d9d640 1 --2- 172.21.15.26:0/2288687627 >> [v2:172.21.15.26:3300/0,v1:172.21.15.26:6789/0] conn(0x7f98c41077d0 0x7f98c4107bd0 secure :-1 s=READY pgs=16 cs=0 l=1 rev1=1 crypto rx=0x7f98b4009820 tx=0x7f98b402a270 comp rx=0 tx=0).ready entity=mon.0 client_cookie=76d9a7e2bbd572c6 server_cookie=0 in_seq=0 out_seq=0
2024-09-11T23:09:04.204 INFO:teuthology.orchestra.run.smithi026.stdout:/usr/bin/ceph: stderr
2024-09-11T23:09:00.872+0000 7f98c1d9b640 1 -- 172.21.15.26:0/2288687627 <== mon.0 v2:172.21.15.26:3300/0 1 ==== mon_map magic: 0 ==== 205+0+0 (secure 0 0 0) 0x7f98b4037070 con 0x7f98c41077d0
2024-09-11T23:09:04.205 INFO:teuthology.orchestra.run.smithi026.stdout:/usr/bin/ceph: stderr
2024-09-11T23:09:00.872+0000 7f98c1d9b640 1 -- 172.21.15.26:0/2288687627 <== mon.0 v2:172.21.15.26:3300/0 2 ==== config(27 keys) ==== 1109+0+0 (secure 0 0 0) 0x7f98b4032900 con 0x7f98c41077d0
2024-09-11T23:09:04.205 INFO:teuthology.orchestra.run.smithi026.stdout:/usr/bin/ceph: stderr
2024-09-11T23:09:00.872+0000 7f98c1d9b640 1 -- 172.21.15.26:0/2288687627 <== mon.0 v2:172.21.15.26:3300/0 3 ==== mon_map magic: 0 ==== 205+0+0 (secure 0 0 0) 0x7f98b4030850 con 0x7f98c41077d0
2024-09-11T23:09:04.205 INFO:teuthology.orchestra.run.smithi026.stdout:/usr/bin/ceph: stderr
2024-09-11T23:09:00.872+0000 7f98c90ff640 1 -- 172.21.15.26:0/2288687627 >> [v2:172.21.15.26:3300/0,v1:172.21.15.26:6789/0] conn(0x7f98c41077d0 msgr2=0x7f98c4107bd0 secure :-1 s=STATE_CONNECTION_ESTABLISHED l=1).mark_down
2024-09-11T23:09:04.205 INFO:teuthology.orchestra.run.smithi026.stdout:/usr/bin/ceph: stderr
2024-09-11T23:09:00.872+0000 7f98c90ff640 1 --2- 172.21.15.26:0/2288687627 >> [v2:172.21.15.26:3300/0,v1:172.21.15.26:6789/0] conn(0x7f98c41077d0 0x7f98c4107bd0 secure :-1 s=READY pgs=16 cs=0 l=1 rev1=1 crypto rx=0x7f98b4009820 tx=0x7f98b402a270 comp rx=0 tx=0).stop
2024-09-11T23:09:04.205 INFO:teuthology.orchestra.run.smithi026.stdout:/usr/bin/ceph: stderr
2024-09-11T23:09:00.872+0000 7f98c90ff640 1 -- 172.21.15.26:0/2288687627 shutdown_connections
2024-09-11T23:09:04.205 INFO:teuthology.orchestra.run.smithi026.stdout:/usr/bin/ceph: stderr
2024-09-11T23:09:00.872+0000 7f98c90ff640 1 --2- 172.21.15.26:0/2288687627 >> [v2:172.21.15.26:3300/0,v1:172.21.15.26:6789/0] conn(0x7f98c41077d0 0x7f98c4107bd0 unknown :-1 s=CLOSED pgs=16 cs=0 l=1 rev1=1 crypto rx=0 tx=0 comp rx=0 tx=0).stop
2024-09-11T23:09:04.205 INFO:teuthology.orchestra.run.smithi026.stdout:/usr/bin/ceph: stderr
2024-09-11T23:09:00.872+0000 7f98c90ff640 1 -- 172.21.15.26:0/2288687627 >> 172.21.15.26:0/2288687627 conn(0x7f98c4102f60 msgr2=0x7f98c41053a0 unknown :-1 s=STATE_NONE l=0).mark_down
2024-09-11T23:09:04.205 INFO:teuthology.orchestra.run.smithi026.stdout:/usr/bin/ceph: stderr
2024-09-11T23:09:00.872+0000 7f98c90ff640 1 -- 172.21.15.26:0/2288687627 shutdown_connections
2024-09-11T23:09:04.205 INFO:teuthology.orchestra.run.smithi026.stdout:/usr/bin/ceph: stderr
2024-09-11T23:09:00.872+0000 7f98c90ff640 1 -- 172.21.15.26:0/2288687627 wait complete.
2024-09-11T23:09:04.208 INFO:teuthology.orchestra.run.smithi026.stdout:/usr/bin/ceph: stderr
2024-09-11T23:09:00.873+0000 7f98c90ff640 1 Processor -- start
2024-09-11T23:09:04.208 INFO:teuthology.orchestra.run.smithi026.stdout:/usr/bin/ceph: stderr
2024-09-11T23:09:00.873+0000 7f98c90ff640 1 -- start start
2024-09-11T23:09:04.208 INFO:teuthology.orchestra.run.smithi026.stdout:/usr/bin/ceph: stderr
2024-09-11T23:09:00.873+0000 7f98c90ff640 1 --2- >> [v2:172.21.15.26:3300/0,v1:172.21.15.26:6789/0] conn(0x7f98c41077d0 0x7f98c407daf0 unknown :-1 s=NONE pgs=0 cs=0 l=1 rev1=0 crypto rx=0 tx=0 comp rx=0 tx=0).connect
2024-09-11T23:09:04.208 INFO:teuthology.orchestra.run.smithi026.stdout:/usr/bin/ceph: stderr
2024-09-11T23:09:00.873+0000 7f98c90ff640 1 -- --> [v2:172.21.15.26:3300/0,v1:172.21.15.26:6789/0] -- mon_getmap magic: 0 -- 0x7f98c410bd80 con 0x7f98c41077d0
2024-09-11T23:09:04.208 INFO:teuthology.orchestra.run.smithi026.stdout:/usr/bin/ceph: stderr
2024-09-11T23:09:00.874+0000 7f98c2d9d640 1 --2- >> [v2:172.21.15.26:3300/0,v1:172.21.15.26:6789/0] conn(0x7f98c41077d0 0x7f98c407daf0 unknown :-1 s=BANNER_CONNECTING pgs=0 cs=0 l=1 rev1=0 crypto rx=0 tx=0 comp rx=0 tx=0)._handle_peer_banner_payload supported=3 required=0
2024-09-11T23:09:04.208 INFO:teuthology.orchestra.run.smithi026.stdout:/usr/bin/ceph: stderr
2024-09-11T23:09:00.874+0000 7f98c2d9d640 1 --2- >> [v2:172.21.15.26:3300/0,v1:172.21.15.26:6789/0] conn(0x7f98c41077d0 0x7f98c407daf0 unknown :-1 s=HELLO_CONNECTING pgs=0 cs=0 l=1 rev1=1 crypto rx=0 tx=0 comp rx=0 tx=0).handle_hello peer v2:172.21.15.26:3300/0 says I am v2:172.21.15.26:59062/0 (socket says 172.21.15.26:59062)
2024-09-11T23:09:04.209 INFO:teuthology.orchestra.run.smithi026.stdout:/usr/bin/ceph: stderr
2024-09-11T23:09:00.874+0000 7f98c2d9d640 1 -- 172.21.15.26:0/3299190008 learned_addr learned my addr 172.21.15.26:0/3299190008 (peer_addr_for_me v2:172.21.15.26:0/0)
2024-09-11T23:09:04.209 INFO:teuthology.orchestra.run.smithi026.stdout:/usr/bin/ceph: stderr
2024-09-11T23:09:00.874+0000 7f98c2d9d640 1 -- 172.21.15.26:0/3299190008 --> [v2:172.21.15.26:3300/0,v1:172.21.15.26:6789/0] -- mon_subscribe({config=0+,monmap=0+}) -- 0x7f98c407e030 con 0x7f98c41077d0
2024-09-11T23:09:04.209 INFO:teuthology.orchestra.run.smithi026.stdout:/usr/bin/ceph: stderr
2024-09-11T23:09:00.874+0000 7f98c2d9d640 1 --2- 172.21.15.26:0/3299190008 >> [v2:172.21.15.26:3300/0,v1:172.21.15.26:6789/0] conn(0x7f98c41077d0 0x7f98c407daf0 secure :-1 s=READY pgs=17 cs=0 l=1 rev1=1 crypto rx=0x7f98b4009940 tx=0x7f98b4032ce0 comp rx=0 tx=0).ready entity=mon.0 client_cookie=0 server_cookie=0 in_seq=0 out_seq=0
2024-09-11T23:09:04.209 INFO:teuthology.orchestra.run.smithi026.stdout:/usr/bin/ceph: stderr
2024-09-11T23:09:00.874+0000 7f98abfff640 1 -- 172.21.15.26:0/3299190008 <== mon.0 v2:172.21.15.26:3300/0 1 ==== mon_map magic: 0 ==== 205+0+0 (secure 0 0 0) 0x7f98b4042070 con 0x7f98c41077d0
2024-09-11T23:09:04.209 INFO:teuthology.orchestra.run.smithi026.stdout:/usr/bin/ceph: stderr
2024-09-11T23:09:00.874+0000 7f98c90ff640 1 -- 172.21.15.26:0/3299190008 --> [v2:172.21.15.26:3300/0,v1:172.21.15.26:6789/0] -- mon_subscribe({mgrmap=0+}) -- 0x7f98c407c220 con 0x7f98c41077d0
2024-09-11T23:09:04.209 INFO:teuthology.orchestra.run.smithi026.stdout:/usr/bin/ceph: stderr
2024-09-11T23:09:00.874+0000 7f98abfff640 1 -- 172.21.15.26:0/3299190008 <== mon.0 v2:172.21.15.26:3300/0 2 ==== config(27 keys) ==== 1109+0+0 (secure 0 0 0) 0x7f98b40308c0 con 0x7f98c41077d0
2024-09-11T23:09:04.209 INFO:teuthology.orchestra.run.smithi026.stdout:/usr/bin/ceph: stderr
2024-09-11T23:09:00.874+0000 7f98abfff640 1 -- 172.21.15.26:0/3299190008 <== mon.0 v2:172.21.15.26:3300/0 3 ==== mon_map magic: 0 ==== 205+0+0 (secure 0 0 0) 0x7f98b4037040 con 0x7f98c41077d0
2024-09-11T23:09:04.209 INFO:teuthology.orchestra.run.smithi026.stdout:/usr/bin/ceph: stderr
2024-09-11T23:09:00.874+0000 7f98c90ff640 1 -- 172.21.15.26:0/3299190008 --> [v2:172.21.15.26:3300/0,v1:172.21.15.26:6789/0] -- mon_subscribe({osdmap=0}) -- 0x7f98c407c760 con 0x7f98c41077d0
2024-09-11T23:09:04.209 INFO:teuthology.orchestra.run.smithi026.stdout:/usr/bin/ceph: stderr
2024-09-11T23:09:00.875+0000 7f98abfff640 1 -- 172.21.15.26:0/3299190008 <== mon.0 v2:172.21.15.26:3300/0 4 ==== mgrmap(e 4) ==== 46276+0+0 (secure 0 0 0) 0x7f98b4045070 con 0x7f98c41077d0
2024-09-11T23:09:04.209 INFO:teuthology.orchestra.run.smithi026.stdout:/usr/bin/ceph: stderr
2024-09-11T23:09:00.876+0000 7f98abfff640 1 --2- 172.21.15.26:0/3299190008 >> [v2:172.21.15.26:6800/2673575521,v1:172.21.15.26:6801/2673575521] conn(0x7f98ac038f20 0x7f98ac03b3e0 unknown :-1 s=NONE pgs=0 cs=0 l=1 rev1=0 crypto rx=0 tx=0 comp rx=0 tx=0).connect
2024-09-11T23:09:04.209 INFO:teuthology.orchestra.run.smithi026.stdout:/usr/bin/ceph: stderr
2024-09-11T23:09:00.876+0000 7f98abfff640 1 -- 172.21.15.26:0/3299190008 <== mon.0 v2:172.21.15.26:3300/0 5 ==== osd_map(1..1 src has 1..1) ==== 725+0+0 (secure 0 0 0) 0x7f98b406bfe0 con 0x7f98c41077d0
2024-09-11T23:09:04.209 INFO:teuthology.orchestra.run.smithi026.stdout:/usr/bin/ceph: stderr
2024-09-11T23:09:00.876+0000 7f98c90ff640 1 -- 172.21.15.26:0/3299190008 --> [v2:172.21.15.26:3300/0,v1:172.21.15.26:6789/0] -- mon_command({"prefix": "get_command_descriptions"} v 0) -- 0x7f98c4107c50 con 0x7f98c41077d0
2024-09-11T23:09:04.209 INFO:teuthology.orchestra.run.smithi026.stdout:/usr/bin/ceph: stderr
2024-09-11T23:09:00.876+0000 7f98c259c640 1 --2- 172.21.15.26:0/3299190008 >> [v2:172.21.15.26:6800/2673575521,v1:172.21.15.26:6801/2673575521] conn(0x7f98ac038f20 0x7f98ac03b3e0 unknown :-1 s=BANNER_CONNECTING pgs=0 cs=0 l=1 rev1=0 crypto rx=0 tx=0 comp rx=0 tx=0)._handle_peer_banner_payload supported=3 required=0
2024-09-11T23:09:04.210 INFO:teuthology.orchestra.run.smithi026.stdout:/usr/bin/ceph: stderr
2024-09-11T23:09:00.876+0000 7f98c259c640 1 --2- 172.21.15.26:0/3299190008 >> [v2:172.21.15.26:6800/2673575521,v1:172.21.15.26:6801/2673575521] conn(0x7f98ac038f20 0x7f98ac03b3e0 secure :-1 s=READY pgs=7 cs=0 l=1 rev1=1 crypto rx=0x7f98b80098c0 tx=0x7f98b8006db0 comp rx=0 tx=0).ready entity=mgr.14100 client_cookie=0 server_cookie=0 in_seq=0 out_seq=0
2024-09-11T23:09:04.210 INFO:teuthology.orchestra.run.smithi026.stdout:/usr/bin/ceph: stderr
2024-09-11T23:09:00.881+0000 7f98abfff640 1 -- 172.21.15.26:0/3299190008 <== mon.0 v2:172.21.15.26:3300/0 6 ==== mon_command_ack([{"prefix": "get_command_descriptions"}]=0 v0) ==== 72+0+188821 (secure 0 0 0) 0x7f98b403cd90 con 0x7f98c41077d0
2024-09-11T23:09:04.210 INFO:teuthology.orchestra.run.smithi026.stdout:/usr/bin/ceph: stderr
2024-09-11T23:09:01.056+0000 7f98c90ff640 1 -- 172.21.15.26:0/3299190008 --> [v2:172.21.15.26:3300/0,v1:172.21.15.26:6789/0] -- mon_command({"prefix": "config assimilate-conf"} v 0) -- 0x7f98c407cf10 con 0x7f98c41077d0
2024-09-11T23:09:04.212 INFO:teuthology.orchestra.run.smithi026.stdout:/usr/bin/ceph: stderr
2024-09-11T23:09:01.057+0000 7f98abfff640 1 -- 172.21.15.26:0/3299190008 <== mon.0 v2:172.21.15.26:3300/0 7 ==== mon_command_ack([{"prefix": "config assimilate-conf"}]=0 v3) ==== 70+0+429 (secure 0 0 0) 0x7f98b406ba00 con 0x7f98c41077d0
2024-09-11T23:09:04.212 INFO:teuthology.orchestra.run.smithi026.stdout:/usr/bin/ceph: stderr
2024-09-11T23:09:01.059+0000 7f98c90ff640 1 -- 172.21.15.26:0/3299190008 >> [v2:172.21.15.26:6800/2673575521,v1:172.21.15.26:6801/2673575521] conn(0x7f98ac038f20 msgr2=0x7f98ac03b3e0 secure :-1 s=STATE_CONNECTION_ESTABLISHED l=1).mark_down
2024-09-11T23:09:04.212 INFO:teuthology.orchestra.run.smithi026.stdout:/usr/bin/ceph: stderr
2024-09-11T23:09:01.059+0000 7f98c90ff640 1 --2- 172.21.15.26:0/3299190008 >> [v2:172.21.15.26:6800/2673575521,v1:172.21.15.26:6801/2673575521] conn(0x7f98ac038f20 0x7f98ac03b3e0 secure :-1 s=READY pgs=7 cs=0 l=1 rev1=1 crypto rx=0x7f98b80098c0 tx=0x7f98b8006db0 comp rx=0 tx=0).stop
2024-09-11T23:09:04.212 INFO:teuthology.orchestra.run.smithi026.stdout:/usr/bin/ceph: stderr
2024-09-11T23:09:01.059+0000 7f98c90ff640 1 -- 172.21.15.26:0/3299190008 >> [v2:172.21.15.26:3300/0,v1:172.21.15.26:6789/0] conn(0x7f98c41077d0 msgr2=0x7f98c407daf0 secure :-1 s=STATE_CONNECTION_ESTABLISHED l=1).mark_down
2024-09-11T23:09:04.212 INFO:teuthology.orchestra.run.smithi026.stdout:/usr/bin/ceph: stderr
2024-09-11T23:09:01.059+0000 7f98c90ff640 1 --2- 172.21.15.26:0/3299190008 >> [v2:172.21.15.26:3300/0,v1:172.21.15.26:6789/0] conn(0x7f98c41077d0 0x7f98c407daf0 secure :-1 s=READY pgs=17 cs=0 l=1 rev1=1 crypto rx=0x7f98b4009940 tx=0x7f98b4032ce0 comp rx=0 tx=0).stop
2024-09-11T23:09:04.212 INFO:teuthology.orchestra.run.smithi026.stdout:/usr/bin/ceph: stderr
2024-09-11T23:09:01.059+0000 7f98c90ff640 1 -- 172.21.15.26:0/3299190008 shutdown_connections
2024-09-11T23:09:04.212 INFO:teuthology.orchestra.run.smithi026.stdout:/usr/bin/ceph: stderr
2024-09-11T23:09:01.059+0000 7f98c90ff640 1 --2- 172.21.15.26:0/3299190008 >> [v2:172.21.15.26:6800/2673575521,v1:172.21.15.26:6801/2673575521] conn(0x7f98ac038f20 0x7f98ac03b3e0 unknown :-1 s=CLOSED pgs=7 cs=0 l=1 rev1=1 crypto rx=0 tx=0 comp rx=0 tx=0).stop
2024-09-11T23:09:04.212 INFO:teuthology.orchestra.run.smithi026.stdout:/usr/bin/ceph: stderr
2024-09-11T23:09:01.059+0000 7f98c90ff640 1 --2- 172.21.15.26:0/3299190008 >> [v2:172.21.15.26:3300/0,v1:172.21.15.26:6789/0] conn(0x7f98c41077d0 0x7f98c407daf0 unknown :-1 s=CLOSED pgs=17 cs=0 l=1 rev1=1 crypto rx=0 tx=0 comp rx=0 tx=0).stop
2024-09-11T23:09:04.212 INFO:teuthology.orchestra.run.smithi026.stdout:/usr/bin/ceph: stderr
2024-09-11T23:09:01.059+0000 7f98c90ff640 1 -- 172.21.15.26:0/3299190008 >> 172.21.15.26:0/3299190008 conn(0x7f98c4102f60 msgr2=0x7f98c4103b20 unknown :-1 s=STATE_NONE l=0).mark_down
2024-09-11T23:09:04.212 INFO:teuthology.orchestra.run.smithi026.stdout:/usr/bin/ceph: stderr
2024-09-11T23:09:01.059+0000 7f98c90ff640 1 -- 172.21.15.26:0/3299190008 shutdown_connections
2024-09-11T23:09:04.212 INFO:teuthology.orchestra.run.smithi026.stdout:/usr/bin/ceph: stderr
2024-09-11T23:09:01.059+0000 7f98c90ff640 1 -- 172.21.15.26:0/3299190008 wait complete.
2024-09-11T23:09:04.212 INFO:teuthology.orchestra.run.smithi026.stdout:Enabling cephadm module...
2024-09-11T23:09:04.891 INFO:journalctl@ceph.mon.a.smithi026.stdout:Sep 11 23:09:04 smithi026 ceph-mon[31172]: from='client.? 172.21.15.26:0/161582989' entity='client.admin' cmd=[{"prefix": "mgr module enable", "module": "cephadm"}]: dispatch
2024-09-11T23:09:04.891 INFO:journalctl@ceph.mgr.x.smithi026.stdout:Sep 11 23:09:04 smithi026 ceph-af7e6fc8-7092-11ef-bcea-c7b262605968-mgr-x[31398]: ignoring --setuser ceph since I am not root
2024-09-11T23:09:04.891 INFO:journalctl@ceph.mgr.x.smithi026.stdout:Sep 11 23:09:04 smithi026 ceph-af7e6fc8-7092-11ef-bcea-c7b262605968-mgr-x[31398]: ignoring --setgroup ceph since I am not root
2024-09-11T23:09:04.892 INFO:journalctl@ceph.mgr.x.smithi026.stdout:Sep 11 23:09:04 smithi026 ceph-af7e6fc8-7092-11ef-bcea-c7b262605968-mgr-x[31398]:
2024-09-11T23:09:04.831+0000 7fb671a4a040 -1 mgr[py] Module osd_perf_query has missing NOTIFY_TYPES member
2024-09-11T23:09:04.892 INFO:journalctl@ceph.mgr.x.smithi026.stdout:Sep 11 23:09:04 smithi026 ceph-af7e6fc8-7092-11ef-bcea-c7b262605968-mgr-x[31398]:
2024-09-11T23:09:04.890+0000 7fb671a4a040 -1 mgr[py] Module osd_support has missing NOTIFY_TYPES member
2024-09-11T23:09:05.251 INFO:journalctl@ceph.mgr.x.smithi026.stdout:Sep 11 23:09:05 smithi026 ceph-af7e6fc8-7092-11ef-bcea-c7b262605968-mgr-x[31398]:
2024-09-11T23:09:05.047+0000 7fb671a4a040 -1 mgr[py] Module diskprediction_local has missing NOTIFY_TYPES member
2024-09-11T23:09:05.251 INFO:journalctl@ceph.mgr.x.smithi026.stdout:Sep 11 23:09:05 smithi026 ceph-af7e6fc8-7092-11ef-bcea-c7b262605968-mgr-x[31398]:
2024-09-11T23:09:05.116+0000 7fb671a4a040 -1 mgr[py] Module crash has missing NOTIFY_TYPES member
2024-09-11T23:09:05.271 INFO:teuthology.orchestra.run.smithi026.stdout:/usr/bin/ceph: stderr
2024-09-11T23:09:04.401+0000 7f018a844640 1 Processor -- start
2024-09-11T23:09:05.271 INFO:teuthology.orchestra.run.smithi026.stdout:/usr/bin/ceph: stderr
2024-09-11T23:09:04.401+0000 7f018a844640 1 -- start start
2024-09-11T23:09:05.271 INFO:teuthology.orchestra.run.smithi026.stdout:/usr/bin/ceph: stderr
2024-09-11T23:09:04.401+0000 7f018a844640 1 --2- >> [v2:172.21.15.26:3300/0,v1:172.21.15.26:6789/0] conn(0x7f01841077d0 0x7f0184107bd0 unknown :-1 s=NONE pgs=0 cs=0 l=0 rev1=0 crypto rx=0 tx=0 comp rx=0 tx=0).connect
2024-09-11T23:09:05.271 INFO:teuthology.orchestra.run.smithi026.stdout:/usr/bin/ceph: stderr
2024-09-11T23:09:04.401+0000 7f018a844640 1 -- --> [v2:172.21.15.26:3300/0,v1:172.21.15.26:6789/0] -- mon_getmap magic: 0 -- 0x7f01841081a0 con 0x7f01841077d0
2024-09-11T23:09:05.271 INFO:teuthology.orchestra.run.smithi026.stdout:/usr/bin/ceph: stderr
2024-09-11T23:09:04.401+0000 7f0183fff640 1 --2- >> [v2:172.21.15.26:3300/0,v1:172.21.15.26:6789/0] conn(0x7f01841077d0 0x7f0184107bd0 unknown :-1 s=BANNER_CONNECTING pgs=0 cs=0 l=0 rev1=0 crypto rx=0 tx=0 comp rx=0 tx=0)._handle_peer_banner_payload supported=3 required=0
2024-09-11T23:09:05.272 INFO:teuthology.orchestra.run.smithi026.stdout:/usr/bin/ceph: stderr
2024-09-11T23:09:04.401+0000 7f0183fff640 1 --2- >> [v2:172.21.15.26:3300/0,v1:172.21.15.26:6789/0] conn(0x7f01841077d0 0x7f0184107bd0 unknown :-1 s=HELLO_CONNECTING pgs=0 cs=0 l=0 rev1=1 crypto rx=0 tx=0 comp rx=0 tx=0).handle_hello peer v2:172.21.15.26:3300/0 says I am v2:172.21.15.26:59068/0 (socket says 172.21.15.26:59068)
2024-09-11T23:09:05.272 INFO:teuthology.orchestra.run.smithi026.stdout:/usr/bin/ceph: stderr
2024-09-11T23:09:04.401+0000 7f0183fff640 1 -- 172.21.15.26:0/669634096 learned_addr learned my addr 172.21.15.26:0/669634096 (peer_addr_for_me v2:172.21.15.26:0/0)
2024-09-11T23:09:05.272 INFO:teuthology.orchestra.run.smithi026.stdout:/usr/bin/ceph: stderr
2024-09-11T23:09:04.402+0000 7f0183fff640 1 -- 172.21.15.26:0/669634096 --> [v2:172.21.15.26:3300/0,v1:172.21.15.26:6789/0] -- mon_subscribe({config=0+,monmap=0+}) -- 0x7f01841089d0 con 0x7f01841077d0
2024-09-11T23:09:05.272 INFO:teuthology.orchestra.run.smithi026.stdout:/usr/bin/ceph: stderr
2024-09-11T23:09:04.402+0000 7f0183fff640 1 --2- 172.21.15.26:0/669634096 >> [v2:172.21.15.26:3300/0,v1:172.21.15.26:6789/0] conn(0x7f01841077d0 0x7f0184107bd0 secure :-1 s=READY pgs=18 cs=0 l=1 rev1=1 crypto rx=0x7f0174009820 tx=0x7f017402a270 comp rx=0 tx=0).ready entity=mon.0 client_cookie=70c598bab6475154 server_cookie=0 in_seq=0 out_seq=0
2024-09-11T23:09:05.272 INFO:teuthology.orchestra.run.smithi026.stdout:/usr/bin/ceph: stderr
2024-09-11T23:09:04.403+0000 7f0182ffd640 1 -- 172.21.15.26:0/669634096 <== mon.0 v2:172.21.15.26:3300/0 1 ==== mon_map magic: 0 ==== 205+0+0 (secure 0 0 0) 0x7f0174037070 con 0x7f01841077d0
2024-09-11T23:09:05.272 INFO:teuthology.orchestra.run.smithi026.stdout:/usr/bin/ceph: stderr
2024-09-11T23:09:04.403+0000 7f0182ffd640 1 -- 172.21.15.26:0/669634096 <== mon.0 v2:172.21.15.26:3300/0 2 ==== config(27 keys) ==== 1109+0+0 (secure 0 0 0) 0x7f0174032900 con 0x7f01841077d0
2024-09-11T23:09:05.272 INFO:teuthology.orchestra.run.smithi026.stdout:/usr/bin/ceph: stderr
2024-09-11T23:09:04.403+0000 7f0182ffd640 1 -- 172.21.15.26:0/669634096 <== mon.0 v2:172.21.15.26:3300/0 3 ==== mon_map magic: 0 ==== 205+0+0 (secure 0 0 0) 0x7f0174030850 con 0x7f01841077d0
2024-09-11T23:09:05.272 INFO:teuthology.orchestra.run.smithi026.stdout:/usr/bin/ceph: stderr
2024-09-11T23:09:04.403+0000 7f018a844640 1 -- 172.21.15.26:0/669634096 >> [v2:172.21.15.26:3300/0,v1:172.21.15.26:6789/0] conn(0x7f01841077d0 msgr2=0x7f0184107bd0 secure :-1 s=STATE_CONNECTION_ESTABLISHED l=1).mark_down
2024-09-11T23:09:05.272 INFO:teuthology.orchestra.run.smithi026.stdout:/usr/bin/ceph: stderr
2024-09-11T23:09:04.403+0000 7f018a844640 1 --2- 172.21.15.26:0/669634096 >> [v2:172.21.15.26:3300/0,v1:172.21.15.26:6789/0] conn(0x7f01841077d0 0x7f0184107bd0 secure :-1 s=READY pgs=18 cs=0 l=1 rev1=1 crypto rx=0x7f0174009820 tx=0x7f017402a270 comp rx=0 tx=0).stop
2024-09-11T23:09:05.272 INFO:teuthology.orchestra.run.smithi026.stdout:/usr/bin/ceph: stderr
2024-09-11T23:09:04.403+0000 7f018a844640 1 -- 172.21.15.26:0/669634096 shutdown_connections
2024-09-11T23:09:05.272 INFO:teuthology.orchestra.run.smithi026.stdout:/usr/bin/ceph: stderr
2024-09-11T23:09:04.403+0000 7f018a844640 1 --2- 172.21.15.26:0/669634096 >> [v2:172.21.15.26:3300/0,v1:172.21.15.26:6789/0] conn(0x7f01841077d0 0x7f0184107bd0 unknown :-1 s=CLOSED pgs=18 cs=0 l=1 rev1=1 crypto rx=0 tx=0 comp rx=0 tx=0).stop
2024-09-11T23:09:05.272 INFO:teuthology.orchestra.run.smithi026.stdout:/usr/bin/ceph: stderr
2024-09-11T23:09:04.403+0000 7f018a844640 1 -- 172.21.15.26:0/669634096 >> 172.21.15.26:0/669634096 conn(0x7f0184102f60 msgr2=0x7f01841053a0 unknown :-1 s=STATE_NONE l=0).mark_down
2024-09-11T23:09:05.273 INFO:teuthology.orchestra.run.smithi026.stdout:/usr/bin/ceph: stderr
2024-09-11T23:09:04.404+0000 7f018a844640 1 -- 172.21.15.26:0/669634096 shutdown_connections
2024-09-11T23:09:05.273 INFO:teuthology.orchestra.run.smithi026.stdout:/usr/bin/ceph: stderr
2024-09-11T23:09:04.404+0000 7f018a844640 1 -- 172.21.15.26:0/669634096 wait complete.
2024-09-11T23:09:05.273 INFO:teuthology.orchestra.run.smithi026.stdout:/usr/bin/ceph: stderr
2024-09-11T23:09:04.404+0000 7f018a844640 1 Processor -- start
2024-09-11T23:09:05.273 INFO:teuthology.orchestra.run.smithi026.stdout:/usr/bin/ceph: stderr
2024-09-11T23:09:04.404+0000 7f018a844640 1 -- start start
2024-09-11T23:09:05.273 INFO:teuthology.orchestra.run.smithi026.stdout:/usr/bin/ceph: stderr
2024-09-11T23:09:04.405+0000 7f018a844640 1 --2- >> [v2:172.21.15.26:3300/0,v1:172.21.15.26:6789/0] conn(0x7f01841077d0 0x7f018407daf0 unknown :-1 s=NONE pgs=0 cs=0 l=1 rev1=0 crypto rx=0 tx=0 comp rx=0 tx=0).connect
2024-09-11T23:09:05.273 INFO:teuthology.orchestra.run.smithi026.stdout:/usr/bin/ceph: stderr
2024-09-11T23:09:04.405+0000 7f018a844640 1 -- --> [v2:172.21.15.26:3300/0,v1:172.21.15.26:6789/0] -- mon_getmap magic: 0 -- 0x7f018410bd80 con 0x7f01841077d0
2024-09-11T23:09:05.273 INFO:teuthology.orchestra.run.smithi026.stdout:/usr/bin/ceph: stderr
2024-09-11T23:09:04.405+0000 7f0183fff640 1 --2- >> [v2:172.21.15.26:3300/0,v1:172.21.15.26:6789/0] conn(0x7f01841077d0 0x7f018407daf0 unknown :-1 s=BANNER_CONNECTING pgs=0 cs=0 l=1 rev1=0 crypto rx=0 tx=0 comp rx=0 tx=0)._handle_peer_banner_payload supported=3 required=0
2024-09-11T23:09:05.273 INFO:teuthology.orchestra.run.smithi026.stdout:/usr/bin/ceph: stderr
2024-09-11T23:09:04.405+0000 7f0183fff640 1 --2- >> [v2:172.21.15.26:3300/0,v1:172.21.15.26:6789/0] conn(0x7f01841077d0 0x7f018407daf0 unknown :-1 s=HELLO_CONNECTING pgs=0 cs=0 l=1 rev1=1 crypto rx=0 tx=0 comp rx=0 tx=0).handle_hello peer v2:172.21.15.26:3300/0 says I am v2:172.21.15.26:59080/0 (socket says 172.21.15.26:59080)
2024-09-11T23:09:05.273 INFO:teuthology.orchestra.run.smithi026.stdout:/usr/bin/ceph: stderr
2024-09-11T23:09:04.405+0000 7f0183fff640 1 -- 172.21.15.26:0/161582989 learned_addr learned my addr 172.21.15.26:0/161582989 (peer_addr_for_me v2:172.21.15.26:0/0)
2024-09-11T23:09:05.273 INFO:teuthology.orchestra.run.smithi026.stdout:/usr/bin/ceph: stderr
2024-09-11T23:09:04.405+0000 7f0183fff640 1 -- 172.21.15.26:0/161582989 --> [v2:172.21.15.26:3300/0,v1:172.21.15.26:6789/0] -- mon_subscribe({config=0+,monmap=0+}) -- 0x7f018407e030 con 0x7f01841077d0
2024-09-11T23:09:05.273 INFO:teuthology.orchestra.run.smithi026.stdout:/usr/bin/ceph: stderr
2024-09-11T23:09:04.405+0000 7f0183fff640 1 --2- 172.21.15.26:0/161582989 >> [v2:172.21.15.26:3300/0,v1:172.21.15.26:6789/0] conn(0x7f01841077d0 0x7f018407daf0 secure :-1 s=READY pgs=19 cs=0 l=1 rev1=1 crypto rx=0x7f01740097f0 tx=0x7f0174030d80 comp rx=0 tx=0).ready entity=mon.0 client_cookie=0 server_cookie=0 in_seq=0 out_seq=0
2024-09-11T23:09:05.273 INFO:teuthology.orchestra.run.smithi026.stdout:/usr/bin/ceph: stderr
2024-09-11T23:09:04.405+0000 7f01817fa640 1 -- 172.21.15.26:0/161582989 <== mon.0 v2:172.21.15.26:3300/0 1 ==== mon_map magic: 0 ==== 205+0+0 (secure 0 0 0) 0x7f0174037040 con 0x7f01841077d0
2024-09-11T23:09:05.273 INFO:teuthology.orchestra.run.smithi026.stdout:/usr/bin/ceph: stderr
2024-09-11T23:09:04.405+0000 7f01817fa640 1 -- 172.21.15.26:0/161582989 <== mon.0 v2:172.21.15.26:3300/0 2 ==== config(27 keys) ==== 1109+0+0 (secure 0 0 0) 0x7f0174040070 con 0x7f01841077d0
2024-09-11T23:09:05.274 INFO:teuthology.orchestra.run.smithi026.stdout:/usr/bin/ceph: stderr
2024-09-11T23:09:04.405+0000 7f018a844640 1 -- 172.21.15.26:0/161582989 --> [v2:172.21.15.26:3300/0,v1:172.21.15.26:6789/0] -- mon_subscribe({mgrmap=0+}) -- 0x7f018407c220 con 0x7f01841077d0
2024-09-11T23:09:05.274 INFO:teuthology.orchestra.run.smithi026.stdout:/usr/bin/ceph: stderr
2024-09-11T23:09:04.405+0000 7f01817fa640 1 -- 172.21.15.26:0/161582989 <== mon.0 v2:172.21.15.26:3300/0 3 ==== mon_map magic: 0 ==== 205+0+0 (secure 0 0 0) 0x7f017403a390 con 0x7f01841077d0
2024-09-11T23:09:05.274 INFO:teuthology.orchestra.run.smithi026.stdout:/usr/bin/ceph: stderr
2024-09-11T23:09:04.405+0000 7f018a844640 1 -- 172.21.15.26:0/161582989 --> [v2:172.21.15.26:3300/0,v1:172.21.15.26:6789/0] -- mon_subscribe({osdmap=0}) -- 0x7f018407c700 con 0x7f01841077d0
2024-09-11T23:09:05.274 INFO:teuthology.orchestra.run.smithi026.stdout:/usr/bin/ceph: stderr
2024-09-11T23:09:04.406+0000 7f01817fa640 1 -- 172.21.15.26:0/161582989 <== mon.0 v2:172.21.15.26:3300/0 4 ==== mgrmap(e 4) ==== 46276+0+0 (secure 0 0 0) 0x7f017403a630 con 0x7f01841077d0
2024-09-11T23:09:05.274 INFO:teuthology.orchestra.run.smithi026.stdout:/usr/bin/ceph: stderr
2024-09-11T23:09:04.407+0000 7f018a844640 1 -- 172.21.15.26:0/161582989 --> [v2:172.21.15.26:3300/0,v1:172.21.15.26:6789/0] -- mon_command({"prefix": "get_command_descriptions"} v 0) -- 0x7f0184107c50 con 0x7f01841077d0
2024-09-11T23:09:05.274 INFO:teuthology.orchestra.run.smithi026.stdout:/usr/bin/ceph: stderr
2024-09-11T23:09:04.407+0000 7f01817fa640 1 --2- 172.21.15.26:0/161582989 >> [v2:172.21.15.26:6800/2673575521,v1:172.21.15.26:6801/2673575521] conn(0x7f016c038f20 0x7f016c03b3e0 unknown :-1 s=NONE pgs=0 cs=0 l=1 rev1=0 crypto rx=0 tx=0 comp rx=0 tx=0).connect
2024-09-11T23:09:05.274 INFO:teuthology.orchestra.run.smithi026.stdout:/usr/bin/ceph: stderr
2024-09-11T23:09:04.407+0000 7f01817fa640 1 -- 172.21.15.26:0/161582989 <== mon.0 v2:172.21.15.26:3300/0 5 ==== osd_map(1..1 src has 1..1) ==== 725+0+0 (secure 0 0 0) 0x7f017406c350 con 0x7f01841077d0
2024-09-11T23:09:05.274 INFO:teuthology.orchestra.run.smithi026.stdout:/usr/bin/ceph: stderr
2024-09-11T23:09:04.407+0000 7f01837fe640 1 --2- 172.21.15.26:0/161582989 >> [v2:172.21.15.26:6800/2673575521,v1:172.21.15.26:6801/2673575521] conn(0x7f016c038f20 0x7f016c03b3e0 unknown :-1 s=BANNER_CONNECTING pgs=0 cs=0 l=1 rev1=0 crypto rx=0 tx=0 comp rx=0 tx=0)._handle_peer_banner_payload supported=3 required=0
2024-09-11T23:09:05.274 INFO:teuthology.orchestra.run.smithi026.stdout:/usr/bin/ceph: stderr
2024-09-11T23:09:04.407+0000 7f01837fe640 1 --2- 172.21.15.26:0/161582989 >> [v2:172.21.15.26:6800/2673575521,v1:172.21.15.26:6801/2673575521] conn(0x7f016c038f20 0x7f016c03b3e0 secure :-1 s=READY pgs=8 cs=0 l=1 rev1=1 crypto rx=0x7f01780098c0 tx=0x7f0178006db0 comp rx=0 tx=0).ready entity=mgr.14100 client_cookie=0 server_cookie=0 in_seq=0 out_seq=0
2024-09-11T23:09:05.274 INFO:teuthology.orchestra.run.smithi026.stdout:/usr/bin/ceph: stderr
2024-09-11T23:09:04.411+0000 7f01817fa640 1 -- 172.21.15.26:0/161582989 <== mon.0 v2:172.21.15.26:3300/0 6 ==== mon_command_ack([{"prefix": "get_command_descriptions"}]=0 v0) ==== 72+0+188821 (secure 0 0 0) 0x7f017406c0b0 con 0x7f01841077d0
2024-09-11T23:09:05.274 INFO:teuthology.orchestra.run.smithi026.stdout:/usr/bin/ceph: stderr
2024-09-11T23:09:04.635+0000 7f018a844640 1 -- 172.21.15.26:0/161582989 --> [v2:172.21.15.26:3300/0,v1:172.21.15.26:6789/0] -- mon_command({"prefix": "mgr module enable", "module": "cephadm"} v 0) -- 0x7f018407cfe0 con 0x7f01841077d0
2024-09-11T23:09:05.274 INFO:teuthology.orchestra.run.smithi026.stdout:/usr/bin/ceph: stderr
2024-09-11T23:09:04.687+0000 7f01817fa640 1 -- 172.21.15.26:0/161582989 <== mon.0 v2:172.21.15.26:3300/0 7 ==== mon_command_ack([{"prefix": "mgr module enable", "module": "cephadm"}]=0 v5) ==== 86+0+0 (secure 0 0 0) 0x7f0174043760 con 0x7f01841077d0
2024-09-11T23:09:05.274 INFO:teuthology.orchestra.run.smithi026.stdout:/usr/bin/ceph: stderr
2024-09-11T23:09:04.688+0000 7f01817fa640 1 -- 172.21.15.26:0/161582989 <== mon.0 v2:172.21.15.26:3300/0 8 ==== mgrmap(e 5) ==== 46287+0+0 (secure 0 0 0) 0x7f017402fd40 con 0x7f01841077d0
2024-09-11T23:09:05.275 INFO:teuthology.orchestra.run.smithi026.stdout:/usr/bin/ceph: stderr
2024-09-11T23:09:04.690+0000 7f018a844640 1 -- 172.21.15.26:0/161582989 >> [v2:172.21.15.26:6800/2673575521,v1:172.21.15.26:6801/2673575521] conn(0x7f016c038f20 msgr2=0x7f016c03b3e0 secure :-1 s=STATE_CONNECTION_ESTABLISHED l=1).mark_down
2024-09-11T23:09:05.275 INFO:teuthology.orchestra.run.smithi026.stdout:/usr/bin/ceph: stderr
2024-09-11T23:09:04.690+0000 7f018a844640 1 --2- 172.21.15.26:0/161582989 >> [v2:172.21.15.26:6800/2673575521,v1:172.21.15.26:6801/2673575521] conn(0x7f016c038f20 0x7f016c03b3e0 secure :-1 s=READY pgs=8 cs=0 l=1 rev1=1 crypto rx=0x7f01780098c0 tx=0x7f0178006db0 comp rx=0 tx=0).stop
2024-09-11T23:09:05.275 INFO:teuthology.orchestra.run.smithi026.stdout:/usr/bin/ceph: stderr
2024-09-11T23:09:04.690+0000 7f018a844640 1 -- 172.21.15.26:0/161582989 >> [v2:172.21.15.26:3300/0,v1:172.21.15.26:6789/0] conn(0x7f01841077d0 msgr2=0x7f018407daf0 secure :-1 s=STATE_CONNECTION_ESTABLISHED l=1).mark_down
2024-09-11T23:09:05.275 INFO:teuthology.orchestra.run.smithi026.stdout:/usr/bin/ceph: stderr
2024-09-11T23:09:04.690+0000 7f018a844640 1 --2- 172.21.15.26:0/161582989 >> [v2:172.21.15.26:3300/0,v1:172.21.15.26:6789/0] conn(0x7f01841077d0 0x7f018407daf0 secure :-1 s=READY pgs=19 cs=0 l=1 rev1=1 crypto rx=0x7f01740097f0 tx=0x7f0174030d80 comp rx=0 tx=0).stop
2024-09-11T23:09:05.275 INFO:teuthology.orchestra.run.smithi026.stdout:/usr/bin/ceph: stderr
2024-09-11T23:09:04.690+0000 7f018a844640 1 -- 172.21.15.26:0/161582989 shutdown_connections
2024-09-11T23:09:05.275 INFO:teuthology.orchestra.run.smithi026.stdout:/usr/bin/ceph: stderr
2024-09-11T23:09:04.690+0000 7f018a844640 1 --2- 172.21.15.26:0/161582989 >> [v2:172.21.15.26:6800/2673575521,v1:172.21.15.26:6801/2673575521] conn(0x7f016c038f20 0x7f016c03b3e0 unknown :-1 s=CLOSED pgs=8 cs=0 l=1 rev1=1 crypto rx=0 tx=0 comp rx=0 tx=0).stop
2024-09-11T23:09:05.275 INFO:teuthology.orchestra.run.smithi026.stdout:/usr/bin/ceph: stderr
2024-09-11T23:09:04.690+0000 7f018a844640 1 --2- 172.21.15.26:0/161582989 >> [v2:172.21.15.26:3300/0,v1:172.21.15.26:6789/0] conn(0x7f01841077d0 0x7f018407daf0 unknown :-1 s=CLOSED pgs=19 cs=0 l=1 rev1=1 crypto rx=0 tx=0 comp rx=0 tx=0).stop
2024-09-11T23:09:05.275 INFO:teuthology.orchestra.run.smithi026.stdout:/usr/bin/ceph: stderr
2024-09-11T23:09:04.690+0000 7f018a844640 1 -- 172.21.15.26:0/161582989 >> 172.21.15.26:0/161582989 conn(0x7f0184102f60 msgr2=0x7f0184103b20 unknown :-1 s=STATE_NONE l=0).mark_down
2024-09-11T23:09:05.275 INFO:teuthology.orchestra.run.smithi026.stdout:/usr/bin/ceph: stderr
2024-09-11T23:09:04.690+0000 7f018a844640 1 -- 172.21.15.26:0/161582989 shutdown_connections
2024-09-11T23:09:05.275 INFO:teuthology.orchestra.run.smithi026.stdout:/usr/bin/ceph: stderr
2024-09-11T23:09:04.690+0000 7f018a844640 1 -- 172.21.15.26:0/161582989 wait complete.
2024-09-11T23:09:05.562 INFO:journalctl@ceph.mgr.x.smithi026.stdout:Sep 11 23:09:05 smithi026 ceph-af7e6fc8-7092-11ef-bcea-c7b262605968-mgr-x[31398]:
2024-09-11T23:09:05.274+0000 7fb671a4a040 -1 mgr[py] Module test_orchestrator has missing NOTIFY_TYPES member
2024-09-11T23:09:05.562 INFO:journalctl@ceph.mgr.x.smithi026.stdout:Sep 11 23:09:05 smithi026 ceph-af7e6fc8-7092-11ef-bcea-c7b262605968-mgr-x[31398]:
2024-09-11T23:09:05.432+0000 7fb671a4a040 -1 mgr[py] Module snap_schedule has missing NOTIFY_TYPES member
2024-09-11T23:09:05.839 INFO:journalctl@ceph.mgr.x.smithi026.stdout:Sep 11 23:09:05 smithi026 ceph-af7e6fc8-7092-11ef-bcea-c7b262605968-mgr-x[31398]:
2024-09-11T23:09:05.775+0000 7fb671a4a040 -1 mgr[py] Module prometheus has missing NOTIFY_TYPES member
2024-09-11T23:09:05.840 INFO:journalctl@ceph.mon.a.smithi026.stdout:Sep 11 23:09:05 smithi026 ceph-mon[31172]: from='client.? 172.21.15.26:0/161582989' entity='client.admin' cmd='[{"prefix": "mgr module enable", "module": "cephadm"}]': finished
2024-09-11T23:09:05.840 INFO:journalctl@ceph.mon.a.smithi026.stdout:Sep 11 23:09:05 smithi026 ceph-mon[31172]: mgrmap e5: x(active, since 6s)
2024-09-11T23:09:06.251 INFO:journalctl@ceph.mgr.x.smithi026.stdout:Sep 11 23:09:05 smithi026 ceph-af7e6fc8-7092-11ef-bcea-c7b262605968-mgr-x[31398]:
2024-09-11T23:09:05.839+0000 7fb671a4a040 -1 mgr[py] Module selftest has missing NOTIFY_TYPES member
2024-09-11T23:09:06.251 INFO:journalctl@ceph.mgr.x.smithi026.stdout:Sep 11 23:09:06 smithi026 ceph-af7e6fc8-7092-11ef-bcea-c7b262605968-mgr-x[31398]:
2024-09-11T23:09:06.043+0000 7fb671a4a040 -1 mgr[py] Module volumes has missing NOTIFY_TYPES member
2024-09-11T23:09:06.587 INFO:teuthology.orchestra.run.smithi026.stdout:/usr/bin/ceph: stdout {
2024-09-11T23:09:06.587 INFO:teuthology.orchestra.run.smithi026.stdout:/usr/bin/ceph: stdout "epoch": 5,
2024-09-11T23:09:06.587 INFO:teuthology.orchestra.run.smithi026.stdout:/usr/bin/ceph: stdout "available": true,
2024-09-11T23:09:06.587 INFO:teuthology.orchestra.run.smithi026.stdout:/usr/bin/ceph: stdout "active_name": "x",
2024-09-11T23:09:06.587 INFO:teuthology.orchestra.run.smithi026.stdout:/usr/bin/ceph: stdout "num_standby": 0
2024-09-11T23:09:06.587 INFO:teuthology.orchestra.run.smithi026.stdout:/usr/bin/ceph: stdout }
2024-09-11T23:09:06.588 INFO:teuthology.orchestra.run.smithi026.stdout:/usr/bin/ceph: stderr
2024-09-11T23:09:05.738+0000 7f2501fa4640 1 Processor -- start
2024-09-11T23:09:06.588 INFO:teuthology.orchestra.run.smithi026.stdout:/usr/bin/ceph: stderr
2024-09-11T23:09:05.738+0000 7f2501fa4640 1 -- start start
2024-09-11T23:09:06.588 INFO:teuthology.orchestra.run.smithi026.stdout:/usr/bin/ceph: stderr
2024-09-11T23:09:05.739+0000 7f2501fa4640 1 --2- >> [v2:172.21.15.26:3300/0,v1:172.21.15.26:6789/0] conn(0x7f24fc1066d0 0x7f24fc106ad0 unknown :-1 s=NONE pgs=0 cs=0 l=0 rev1=0 crypto rx=0 tx=0 comp rx=0 tx=0).connect
2024-09-11T23:09:06.588 INFO:teuthology.orchestra.run.smithi026.stdout:/usr/bin/ceph: stderr
2024-09-11T23:09:05.739+0000 7f2501fa4640 1 -- --> [v2:172.21.15.26:3300/0,v1:172.21.15.26:6789/0] -- mon_getmap magic: 0 -- 0x7f24fc1070a0 con 0x7f24fc1066d0
2024-09-11T23:09:06.588 INFO:teuthology.orchestra.run.smithi026.stdout:/usr/bin/ceph: stderr
2024-09-11T23:09:05.739+0000 7f24fb7fe640 1 --2- >> [v2:172.21.15.26:3300/0,v1:172.21.15.26:6789/0] conn(0x7f24fc1066d0 0x7f24fc106ad0 unknown :-1 s=BANNER_CONNECTING pgs=0 cs=0 l=0 rev1=0 crypto rx=0 tx=0 comp rx=0 tx=0)._handle_peer_banner_payload supported=3 required=0
2024-09-11T23:09:06.588 INFO:teuthology.orchestra.run.smithi026.stdout:/usr/bin/ceph: stderr
2024-09-11T23:09:05.739+0000 7f24fb7fe640 1 --2- >> [v2:172.21.15.26:3300/0,v1:172.21.15.26:6789/0] conn(0x7f24fc1066d0 0x7f24fc106ad0 unknown :-1 s=HELLO_CONNECTING pgs=0 cs=0 l=0 rev1=1 crypto rx=0 tx=0 comp rx=0 tx=0).handle_hello peer v2:172.21.15.26:3300/0 says I am v2:172.21.15.26:59112/0 (socket says 172.21.15.26:59112)
2024-09-11T23:09:06.588 INFO:teuthology.orchestra.run.smithi026.stdout:/usr/bin/ceph: stderr
2024-09-11T23:09:05.739+0000 7f24fb7fe640 1 -- 172.21.15.26:0/2283726375 learned_addr learned my addr 172.21.15.26:0/2283726375 (peer_addr_for_me v2:172.21.15.26:0/0)
2024-09-11T23:09:06.588 INFO:teuthology.orchestra.run.smithi026.stdout:/usr/bin/ceph: stderr
2024-09-11T23:09:05.739+0000 7f24fb7fe640 1 -- 172.21.15.26:0/2283726375 --> [v2:172.21.15.26:3300/0,v1:172.21.15.26:6789/0] -- mon_subscribe({config=0+,monmap=0+}) -- 0x7f24fc1078d0 con 0x7f24fc1066d0
2024-09-11T23:09:06.588 INFO:teuthology.orchestra.run.smithi026.stdout:/usr/bin/ceph: stderr
2024-09-11T23:09:05.740+0000 7f24fb7fe640 1 --2- 172.21.15.26:0/2283726375 >> [v2:172.21.15.26:3300/0,v1:172.21.15.26:6789/0] conn(0x7f24fc1066d0 0x7f24fc106ad0 secure :-1 s=READY pgs=22 cs=0 l=1 rev1=1 crypto rx=0x7f24e4009820 tx=0x7f24e402a270 comp rx=0 tx=0).ready entity=mon.0 client_cookie=5c9970fc492d4412 server_cookie=0 in_seq=0 out_seq=0
2024-09-11T23:09:06.588 INFO:teuthology.orchestra.run.smithi026.stdout:/usr/bin/ceph: stderr
2024-09-11T23:09:05.740+0000 7f24fa7fc640 1 -- 172.21.15.26:0/2283726375 <== mon.0 v2:172.21.15.26:3300/0 1 ==== mon_map magic: 0 ==== 205+0+0 (secure 0 0 0) 0x7f24e4037070 con 0x7f24fc1066d0
2024-09-11T23:09:06.589 INFO:teuthology.orchestra.run.smithi026.stdout:/usr/bin/ceph: stderr
2024-09-11T23:09:05.740+0000 7f24fa7fc640 1 -- 172.21.15.26:0/2283726375 <== mon.0 v2:172.21.15.26:3300/0 2 ==== config(27 keys) ==== 1109+0+0 (secure 0 0 0) 0x7f24e4032900 con 0x7f24fc1066d0
2024-09-11T23:09:06.589 INFO:teuthology.orchestra.run.smithi026.stdout:/usr/bin/ceph: stderr
2024-09-11T23:09:05.740+0000 7f24fa7fc640 1 -- 172.21.15.26:0/2283726375 <== mon.0 v2:172.21.15.26:3300/0 3 ==== mon_map magic: 0 ==== 205+0+0 (secure 0 0 0) 0x7f24e4030850 con 0x7f24fc1066d0
2024-09-11T23:09:06.589 INFO:teuthology.orchestra.run.smithi026.stdout:/usr/bin/ceph: stderr
2024-09-11T23:09:05.741+0000 7f2501fa4640 1 -- 172.21.15.26:0/2283726375 >> [v2:172.21.15.26:3300/0,v1:172.21.15.26:6789/0] conn(0x7f24fc1066d0 msgr2=0x7f24fc106ad0 secure :-1 s=STATE_CONNECTION_ESTABLISHED l=1).mark_down
2024-09-11T23:09:06.589 INFO:teuthology.orchestra.run.smithi026.stdout:/usr/bin/ceph: stderr
2024-09-11T23:09:05.741+0000 7f2501fa4640 1 --2- 172.21.15.26:0/2283726375 >> [v2:172.21.15.26:3300/0,v1:172.21.15.26:6789/0] conn(0x7f24fc1066d0 0x7f24fc106ad0 secure :-1 s=READY pgs=22 cs=0 l=1 rev1=1 crypto rx=0x7f24e4009820 tx=0x7f24e402a270 comp rx=0 tx=0).stop
2024-09-11T23:09:06.589 INFO:teuthology.orchestra.run.smithi026.stdout:/usr/bin/ceph: stderr
2024-09-11T23:09:05.741+0000 7f2501fa4640 1 -- 172.21.15.26:0/2283726375 shutdown_connections
2024-09-11T23:09:06.589 INFO:teuthology.orchestra.run.smithi026.stdout:/usr/bin/ceph: stderr
2024-09-11T23:09:05.741+0000 7f2501fa4640 1 --2- 172.21.15.26:0/2283726375 >> [v2:172.21.15.26:3300/0,v1:172.21.15.26:6789/0] conn(0x7f24fc1066d0 0x7f24fc106ad0 unknown :-1 s=CLOSED pgs=22 cs=0 l=1 rev1=1 crypto rx=0 tx=0 comp rx=0 tx=0).stop
2024-09-11T23:09:06.589 INFO:teuthology.orchestra.run.smithi026.stdout:/usr/bin/ceph: stderr
2024-09-11T23:09:05.741+0000 7f2501fa4640 1 -- 172.21.15.26:0/2283726375 >> 172.21.15.26:0/2283726375 conn(0x7f24fc101e60 msgr2=0x7f24fc1042a0 unknown :-1 s=STATE_NONE l=0).mark_down
2024-09-11T23:09:06.589 INFO:teuthology.orchestra.run.smithi026.stdout:/usr/bin/ceph: stderr
2024-09-11T23:09:05.741+0000 7f2501fa4640 1 -- 172.21.15.26:0/2283726375 shutdown_connections
2024-09-11T23:09:06.589 INFO:teuthology.orchestra.run.smithi026.stdout:/usr/bin/ceph: stderr
2024-09-11T23:09:05.741+0000 7f2501fa4640 1 -- 172.21.15.26:0/2283726375 wait complete.
2024-09-11T23:09:06.589 INFO:teuthology.orchestra.run.smithi026.stdout:/usr/bin/ceph: stderr
2024-09-11T23:09:05.741+0000 7f2501fa4640 1 Processor -- start
2024-09-11T23:09:06.590 INFO:teuthology.orchestra.run.smithi026.stdout:/usr/bin/ceph: stderr
2024-09-11T23:09:05.742+0000 7f2501fa4640 1 -- start start
2024-09-11T23:09:06.590 INFO:teuthology.orchestra.run.smithi026.stdout:/usr/bin/ceph: stderr
2024-09-11T23:09:05.742+0000 7f2501fa4640 1 --2- >> [v2:172.21.15.26:3300/0,v1:172.21.15.26:6789/0] conn(0x7f24fc1066d0 0x7f24fc191890 unknown :-1 s=NONE pgs=0 cs=0 l=1 rev1=0 crypto rx=0 tx=0 comp rx=0 tx=0).connect
2024-09-11T23:09:06.590 INFO:teuthology.orchestra.run.smithi026.stdout:/usr/bin/ceph: stderr
2024-09-11T23:09:05.742+0000 7f2501fa4640 1 -- --> [v2:172.21.15.26:3300/0,v1:172.21.15.26:6789/0] -- mon_getmap magic: 0 -- 0x7f24fc10ac80 con 0x7f24fc1066d0
2024-09-11T23:09:06.590 INFO:teuthology.orchestra.run.smithi026.stdout:/usr/bin/ceph: stderr
