2024-09-11T23:12:40.861 INFO:journalctl@ceph.mgr.x.smithi043.stdout:Sep 11 23:12:40 smithi043 ceph-25c0cd84-7093-11ef-bcea-c7b262605968-mgr-x[31178]: |... o..+ |
2024-09-11T23:12:40.861 INFO:journalctl@ceph.mgr.x.smithi043.stdout:Sep 11 23:12:40 smithi043 ceph-25c0cd84-7093-11ef-bcea-c7b262605968-mgr-x[31178]: |B o = o |
2024-09-11T23:12:40.861 INFO:journalctl@ceph.mgr.x.smithi043.stdout:Sep 11 23:12:40 smithi043 ceph-25c0cd84-7093-11ef-bcea-c7b262605968-mgr-x[31178]: |== + |
2024-09-11T23:12:40.862 INFO:journalctl@ceph.mgr.x.smithi043.stdout:Sep 11 23:12:40 smithi043 ceph-25c0cd84-7093-11ef-bcea-c7b262605968-mgr-x[31178]: |o.+ . S o |
2024-09-11T23:12:40.862 INFO:journalctl@ceph.mgr.x.smithi043.stdout:Sep 11 23:12:40 smithi043 ceph-25c0cd84-7093-11ef-bcea-c7b262605968-mgr-x[31178]: |.=... + = . |
2024-09-11T23:12:40.862 INFO:journalctl@ceph.mgr.x.smithi043.stdout:Sep 11 23:12:40 smithi043 ceph-25c0cd84-7093-11ef-bcea-c7b262605968-mgr-x[31178]: |+o+E .o o + . |
2024-09-11T23:12:40.862 INFO:journalctl@ceph.mgr.x.smithi043.stdout:Sep 11 23:12:40 smithi043 ceph-25c0cd84-7093-11ef-bcea-c7b262605968-mgr-x[31178]: |=oo.. o + + . |
2024-09-11T23:12:40.862 INFO:journalctl@ceph.mgr.x.smithi043.stdout:Sep 11 23:12:40 smithi043 ceph-25c0cd84-7093-11ef-bcea-c7b262605968-mgr-x[31178]: |oo*O. . =.. |
2024-09-11T23:12:40.862 INFO:journalctl@ceph.mgr.x.smithi043.stdout:Sep 11 23:12:40 smithi043 ceph-25c0cd84-7093-11ef-bcea-c7b262605968-mgr-x[31178]: +----[SHA256]-----+
2024-09-11T23:12:41.170 INFO:teuthology.orchestra.run.smithi043.stdout:/usr/bin/ceph: stderr
2024-09-11T23:12:40.139+0000 7f67aefab640 1 Processor -- start
2024-09-11T23:12:41.170 INFO:teuthology.orchestra.run.smithi043.stdout:/usr/bin/ceph: stderr
2024-09-11T23:12:40.139+0000 7f67aefab640 1 -- start start
2024-09-11T23:12:41.170 INFO:teuthology.orchestra.run.smithi043.stdout:/usr/bin/ceph: stderr
2024-09-11T23:12:40.139+0000 7f67aefab640 1 --2- >> [v2:172.21.15.43:3300/0,v1:172.21.15.43:6789/0] conn(0x7f67a807dd80 0x7f67a807c2f0 unknown :-1 s=NONE pgs=0 cs=0 l=0 rev1=0 crypto rx=0 tx=0 comp rx=0 tx=0).connect
2024-09-11T23:12:41.170 INFO:teuthology.orchestra.run.smithi043.stdout:/usr/bin/ceph: stderr
2024-09-11T23:12:40.139+0000 7f67aefab640 1 -- --> [v2:172.21.15.43:3300/0,v1:172.21.15.43:6789/0] -- mon_getmap magic: 0 -- 0x7f67a807c830 con 0x7f67a807dd80
2024-09-11T23:12:41.170 INFO:teuthology.orchestra.run.smithi043.stdout:/usr/bin/ceph: stderr
2024-09-11T23:12:40.139+0000 7f67acd47640 1 --2- >> [v2:172.21.15.43:3300/0,v1:172.21.15.43:6789/0] conn(0x7f67a807dd80 0x7f67a807c2f0 unknown :-1 s=BANNER_CONNECTING pgs=0 cs=0 l=0 rev1=0 crypto rx=0 tx=0 comp rx=0 tx=0)._handle_peer_banner_payload supported=3 required=0
2024-09-11T23:12:41.170 INFO:teuthology.orchestra.run.smithi043.stdout:/usr/bin/ceph: stderr
2024-09-11T23:12:40.139+0000 7f67acd47640 1 --2- >> [v2:172.21.15.43:3300/0,v1:172.21.15.43:6789/0] conn(0x7f67a807dd80 0x7f67a807c2f0 unknown :-1 s=HELLO_CONNECTING pgs=0 cs=0 l=0 rev1=1 crypto rx=0 tx=0 comp rx=0 tx=0).handle_hello peer v2:172.21.15.43:3300/0 says I am v2:172.21.15.43:57416/0 (socket says 172.21.15.43:57416)
2024-09-11T23:12:41.170 INFO:teuthology.orchestra.run.smithi043.stdout:/usr/bin/ceph: stderr
2024-09-11T23:12:40.139+0000 7f67acd47640 1 -- 172.21.15.43:0/1890040331 learned_addr learned my addr 172.21.15.43:0/1890040331 (peer_addr_for_me v2:172.21.15.43:0/0)
2024-09-11T23:12:41.170 INFO:teuthology.orchestra.run.smithi043.stdout:/usr/bin/ceph: stderr
2024-09-11T23:12:40.139+0000 7f67acd47640 1 -- 172.21.15.43:0/1890040331 --> [v2:172.21.15.43:3300/0,v1:172.21.15.43:6789/0] -- mon_subscribe({config=0+,monmap=0+}) -- 0x7f67a807c9b0 con 0x7f67a807dd80
2024-09-11T23:12:41.171 INFO:teuthology.orchestra.run.smithi043.stdout:/usr/bin/ceph: stderr
2024-09-11T23:12:40.140+0000 7f67acd47640 1 --2- 172.21.15.43:0/1890040331 >> [v2:172.21.15.43:3300/0,v1:172.21.15.43:6789/0] conn(0x7f67a807dd80 0x7f67a807c2f0 secure :-1 s=READY pgs=39 cs=0 l=1 rev1=1 crypto rx=0x7f679c009820 tx=0x7f679c02a270 comp rx=0 tx=0).ready entity=mon.0 client_cookie=ebc1597116ac71a0 server_cookie=0 in_seq=0 out_seq=0
2024-09-11T23:12:41.171 INFO:teuthology.orchestra.run.smithi043.stdout:/usr/bin/ceph: stderr
2024-09-11T23:12:40.140+0000 7f67a77fe640 1 -- 172.21.15.43:0/1890040331 <== mon.0 v2:172.21.15.43:3300/0 1 ==== mon_map magic: 0 ==== 205+0+0 (secure 0 0 0) 0x7f679c037070 con 0x7f67a807dd80
2024-09-11T23:12:41.171 INFO:teuthology.orchestra.run.smithi043.stdout:/usr/bin/ceph: stderr
2024-09-11T23:12:40.140+0000 7f67a77fe640 1 -- 172.21.15.43:0/1890040331 <== mon.0 v2:172.21.15.43:3300/0 2 ==== config(27 keys) ==== 1109+0+0 (secure 0 0 0) 0x7f679c032900 con 0x7f67a807dd80
2024-09-11T23:12:41.171 INFO:teuthology.orchestra.run.smithi043.stdout:/usr/bin/ceph: stderr
2024-09-11T23:12:40.140+0000 7f67a77fe640 1 -- 172.21.15.43:0/1890040331 <== mon.0 v2:172.21.15.43:3300/0 3 ==== mon_map magic: 0 ==== 205+0+0 (secure 0 0 0) 0x7f679c030850 con 0x7f67a807dd80
2024-09-11T23:12:41.171 INFO:teuthology.orchestra.run.smithi043.stdout:/usr/bin/ceph: stderr
2024-09-11T23:12:40.141+0000 7f67aefab640 1 -- 172.21.15.43:0/1890040331 >> [v2:172.21.15.43:3300/0,v1:172.21.15.43:6789/0] conn(0x7f67a807dd80 msgr2=0x7f67a807c2f0 secure :-1 s=STATE_CONNECTION_ESTABLISHED l=1).mark_down
2024-09-11T23:12:41.171 INFO:teuthology.orchestra.run.smithi043.stdout:/usr/bin/ceph: stderr
2024-09-11T23:12:40.141+0000 7f67aefab640 1 --2- 172.21.15.43:0/1890040331 >> [v2:172.21.15.43:3300/0,v1:172.21.15.43:6789/0] conn(0x7f67a807dd80 0x7f67a807c2f0 secure :-1 s=READY pgs=39 cs=0 l=1 rev1=1 crypto rx=0x7f679c009820 tx=0x7f679c02a270 comp rx=0 tx=0).stop
2024-09-11T23:12:41.171 INFO:teuthology.orchestra.run.smithi043.stdout:/usr/bin/ceph: stderr
2024-09-11T23:12:40.141+0000 7f67aefab640 1 -- 172.21.15.43:0/1890040331 shutdown_connections
2024-09-11T23:12:41.171 INFO:teuthology.orchestra.run.smithi043.stdout:/usr/bin/ceph: stderr
2024-09-11T23:12:40.141+0000 7f67aefab640 1 --2- 172.21.15.43:0/1890040331 >> [v2:172.21.15.43:3300/0,v1:172.21.15.43:6789/0] conn(0x7f67a807dd80 0x7f67a807c2f0 unknown :-1 s=CLOSED pgs=39 cs=0 l=1 rev1=1 crypto rx=0 tx=0 comp rx=0 tx=0).stop
2024-09-11T23:12:41.171 INFO:teuthology.orchestra.run.smithi043.stdout:/usr/bin/ceph: stderr
2024-09-11T23:12:40.141+0000 7f67aefab640 1 -- 172.21.15.43:0/1890040331 >> 172.21.15.43:0/1890040331 conn(0x7f67a81031c0 msgr2=0x7f67a81055e0 unknown :-1 s=STATE_NONE l=0).mark_down
2024-09-11T23:12:41.171 INFO:teuthology.orchestra.run.smithi043.stdout:/usr/bin/ceph: stderr
2024-09-11T23:12:40.141+0000 7f67aefab640 1 -- 172.21.15.43:0/1890040331 shutdown_connections
2024-09-11T23:12:41.171 INFO:teuthology.orchestra.run.smithi043.stdout:/usr/bin/ceph: stderr
2024-09-11T23:12:40.141+0000 7f67aefab640 1 -- 172.21.15.43:0/1890040331 wait complete.
2024-09-11T23:12:41.171 INFO:teuthology.orchestra.run.smithi043.stdout:/usr/bin/ceph: stderr
2024-09-11T23:12:40.141+0000 7f67aefab640 1 Processor -- start
2024-09-11T23:12:41.171 INFO:teuthology.orchestra.run.smithi043.stdout:/usr/bin/ceph: stderr
2024-09-11T23:12:40.142+0000 7f67aefab640 1 -- start start
2024-09-11T23:12:41.172 INFO:teuthology.orchestra.run.smithi043.stdout:/usr/bin/ceph: stderr
2024-09-11T23:12:40.142+0000 7f67aefab640 1 --2- >> [v2:172.21.15.43:3300/0,v1:172.21.15.43:6789/0] conn(0x7f67a807dd80 0x7f67a819db00 unknown :-1 s=NONE pgs=0 cs=0 l=1 rev1=0 crypto rx=0 tx=0 comp rx=0 tx=0).connect
2024-09-11T23:12:41.172 INFO:teuthology.orchestra.run.smithi043.stdout:/usr/bin/ceph: stderr
2024-09-11T23:12:40.142+0000 7f67aefab640 1 -- --> [v2:172.21.15.43:3300/0,v1:172.21.15.43:6789/0] -- mon_getmap magic: 0 -- 0x7f67a810de20 con 0x7f67a807dd80
2024-09-11T23:12:41.172 INFO:teuthology.orchestra.run.smithi043.stdout:/usr/bin/ceph: stderr
2024-09-11T23:12:40.142+0000 7f67acd47640 1 --2- >> [v2:172.21.15.43:3300/0,v1:172.21.15.43:6789/0] conn(0x7f67a807dd80 0x7f67a819db00 unknown :-1 s=BANNER_CONNECTING pgs=0 cs=0 l=1 rev1=0 crypto rx=0 tx=0 comp rx=0 tx=0)._handle_peer_banner_payload supported=3 required=0
2024-09-11T23:12:41.172 INFO:teuthology.orchestra.run.smithi043.stdout:/usr/bin/ceph: stderr
2024-09-11T23:12:40.142+0000 7f67acd47640 1 --2- >> [v2:172.21.15.43:3300/0,v1:172.21.15.43:6789/0] conn(0x7f67a807dd80 0x7f67a819db00 unknown :-1 s=HELLO_CONNECTING pgs=0 cs=0 l=1 rev1=1 crypto rx=0 tx=0 comp rx=0 tx=0).handle_hello peer v2:172.21.15.43:3300/0 says I am v2:172.21.15.43:57426/0 (socket says 172.21.15.43:57426)
2024-09-11T23:12:41.172 INFO:teuthology.orchestra.run.smithi043.stdout:/usr/bin/ceph: stderr
2024-09-11T23:12:40.142+0000 7f67acd47640 1 -- 172.21.15.43:0/2051284335 learned_addr learned my addr 172.21.15.43:0/2051284335 (peer_addr_for_me v2:172.21.15.43:0/0)
2024-09-11T23:12:41.172 INFO:teuthology.orchestra.run.smithi043.stdout:/usr/bin/ceph: stderr
2024-09-11T23:12:40.142+0000 7f67acd47640 1 -- 172.21.15.43:0/2051284335 --> [v2:172.21.15.43:3300/0,v1:172.21.15.43:6789/0] -- mon_subscribe({config=0+,monmap=0+}) -- 0x7f67a819e040 con 0x7f67a807dd80
2024-09-11T23:12:41.172 INFO:teuthology.orchestra.run.smithi043.stdout:/usr/bin/ceph: stderr
2024-09-11T23:12:40.142+0000 7f67acd47640 1 --2- 172.21.15.43:0/2051284335 >> [v2:172.21.15.43:3300/0,v1:172.21.15.43:6789/0] conn(0x7f67a807dd80 0x7f67a819db00 secure :-1 s=READY pgs=40 cs=0 l=1 rev1=1 crypto rx=0x7f679c031000 tx=0x7f679c0326e0 comp rx=0 tx=0).ready entity=mon.0 client_cookie=0 server_cookie=0 in_seq=0 out_seq=0
2024-09-11T23:12:41.172 INFO:teuthology.orchestra.run.smithi043.stdout:/usr/bin/ceph: stderr
2024-09-11T23:12:40.142+0000 7f67a5ffb640 1 -- 172.21.15.43:0/2051284335 <== mon.0 v2:172.21.15.43:3300/0 1 ==== mon_map magic: 0 ==== 205+0+0 (secure 0 0 0) 0x7f679c042070 con 0x7f67a807dd80
2024-09-11T23:12:41.172 INFO:teuthology.orchestra.run.smithi043.stdout:/usr/bin/ceph: stderr
2024-09-11T23:12:40.142+0000 7f67a5ffb640 1 -- 172.21.15.43:0/2051284335 <== mon.0 v2:172.21.15.43:3300/0 2 ==== config(27 keys) ==== 1109+0+0 (secure 0 0 0) 0x7f679c032be0 con 0x7f67a807dd80
2024-09-11T23:12:41.172 INFO:teuthology.orchestra.run.smithi043.stdout:/usr/bin/ceph: stderr
2024-09-11T23:12:40.142+0000 7f67aefab640 1 -- 172.21.15.43:0/2051284335 --> [v2:172.21.15.43:3300/0,v1:172.21.15.43:6789/0] -- mon_subscribe({mgrmap=0+}) -- 0x7f67a819e2d0 con 0x7f67a807dd80
2024-09-11T23:12:41.172 INFO:teuthology.orchestra.run.smithi043.stdout:/usr/bin/ceph: stderr
2024-09-11T23:12:40.143+0000 7f67a5ffb640 1 -- 172.21.15.43:0/2051284335 <== mon.0 v2:172.21.15.43:3300/0 3 ==== mon_map magic: 0 ==== 205+0+0 (secure 0 0 0) 0x7f679c037040 con 0x7f67a807dd80
2024-09-11T23:12:41.172 INFO:teuthology.orchestra.run.smithi043.stdout:/usr/bin/ceph: stderr
2024-09-11T23:12:40.143+0000 7f67aefab640 1 -- 172.21.15.43:0/2051284335 --> [v2:172.21.15.43:3300/0,v1:172.21.15.43:6789/0] -- mon_subscribe({osdmap=0}) -- 0x7f67a81a0fc0 con 0x7f67a807dd80
2024-09-11T23:12:41.173 INFO:teuthology.orchestra.run.smithi043.stdout:/usr/bin/ceph: stderr
2024-09-11T23:12:40.144+0000 7f67a5ffb640 1 -- 172.21.15.43:0/2051284335 <== mon.0 v2:172.21.15.43:3300/0 4 ==== mgrmap(e 8) ==== 46287+0+0 (secure 0 0 0) 0x7f679c045070 con 0x7f67a807dd80
2024-09-11T23:12:41.173 INFO:teuthology.orchestra.run.smithi043.stdout:/usr/bin/ceph: stderr
2024-09-11T23:12:40.144+0000 7f67aefab640 1 -- 172.21.15.43:0/2051284335 --> [v2:172.21.15.43:3300/0,v1:172.21.15.43:6789/0] -- mon_command({"prefix": "get_command_descriptions"} v 0) -- 0x7f67a807c370 con 0x7f67a807dd80
2024-09-11T23:12:41.173 INFO:teuthology.orchestra.run.smithi043.stdout:/usr/bin/ceph: stderr
2024-09-11T23:12:40.144+0000 7f67a5ffb640 1 --2- 172.21.15.43:0/2051284335 >> [v2:172.21.15.43:6800/3892590401,v1:172.21.15.43:6801/3892590401] conn(0x7f6798038fc0 0x7f679803b480 unknown :-1 s=NONE pgs=0 cs=0 l=1 rev1=0 crypto rx=0 tx=0 comp rx=0 tx=0).connect
2024-09-11T23:12:41.173 INFO:teuthology.orchestra.run.smithi043.stdout:/usr/bin/ceph: stderr
2024-09-11T23:12:40.144+0000 7f67a5ffb640 1 -- 172.21.15.43:0/2051284335 <== mon.0 v2:172.21.15.43:3300/0 5 ==== osd_map(2..2 src has 1..2) ==== 940+0+0 (secure 0 0 0) 0x7f679c06c090 con 0x7f67a807dd80
2024-09-11T23:12:41.173 INFO:teuthology.orchestra.run.smithi043.stdout:/usr/bin/ceph: stderr
2024-09-11T23:12:40.144+0000 7f67a7fff640 1 --2- 172.21.15.43:0/2051284335 >> [v2:172.21.15.43:6800/3892590401,v1:172.21.15.43:6801/3892590401] conn(0x7f6798038fc0 0x7f679803b480 unknown :-1 s=BANNER_CONNECTING pgs=0 cs=0 l=1 rev1=0 crypto rx=0 tx=0 comp rx=0 tx=0)._handle_peer_banner_payload supported=3 required=0
2024-09-11T23:12:41.173 INFO:teuthology.orchestra.run.smithi043.stdout:/usr/bin/ceph: stderr
2024-09-11T23:12:40.144+0000 7f67a7fff640 1 --2- 172.21.15.43:0/2051284335 >> [v2:172.21.15.43:6800/3892590401,v1:172.21.15.43:6801/3892590401] conn(0x7f6798038fc0 0x7f679803b480 secure :-1 s=READY pgs=9 cs=0 l=1 rev1=1 crypto rx=0x7f67940098c0 tx=0x7f6794006db0 comp rx=0 tx=0).ready entity=mgr.14118 client_cookie=0 server_cookie=0 in_seq=0 out_seq=0
2024-09-11T23:12:41.173 INFO:teuthology.orchestra.run.smithi043.stdout:/usr/bin/ceph: stderr
2024-09-11T23:12:40.149+0000 7f67a5ffb640 1 -- 172.21.15.43:0/2051284335 <== mon.0 v2:172.21.15.43:3300/0 6 ==== mon_command_ack([{"prefix": "get_command_descriptions"}]=0 v0) ==== 72+0+188821 (secure 0 0 0) 0x7f679c03a780 con 0x7f67a807dd80
2024-09-11T23:12:41.173 INFO:teuthology.orchestra.run.smithi043.stdout:/usr/bin/ceph: stderr
2024-09-11T23:12:40.326+0000 7f67aefab640 1 -- 172.21.15.43:0/2051284335 --> [v2:172.21.15.43:6800/3892590401,v1:172.21.15.43:6801/3892590401] -- mgr_command(tid 0: {"prefix": "cephadm generate-key", "target": ["mon-mgr", ""]}) -- 0x7f67a8104470 con 0x7f6798038fc0
2024-09-11T23:12:41.173 INFO:teuthology.orchestra.run.smithi043.stdout:/usr/bin/ceph: stderr
2024-09-11T23:12:40.602+0000 7f67a5ffb640 1 -- 172.21.15.43:0/2051284335 <== mgr.14118 v2:172.21.15.43:6800/3892590401 1 ==== mgr_command_reply(tid 0: 0 ) ==== 8+0+0 (secure 0 0 0) 0x7f67a8104470 con 0x7f6798038fc0
2024-09-11T23:12:41.173 INFO:teuthology.orchestra.run.smithi043.stdout:/usr/bin/ceph: stderr
2024-09-11T23:12:40.605+0000 7f67aefab640 1 -- 172.21.15.43:0/2051284335 >> [v2:172.21.15.43:6800/3892590401,v1:172.21.15.43:6801/3892590401] conn(0x7f6798038fc0 msgr2=0x7f679803b480 secure :-1 s=STATE_CONNECTION_ESTABLISHED l=1).mark_down
2024-09-11T23:12:41.173 INFO:teuthology.orchestra.run.smithi043.stdout:/usr/bin/ceph: stderr
2024-09-11T23:12:40.605+0000 7f67aefab640 1 --2- 172.21.15.43:0/2051284335 >> [v2:172.21.15.43:6800/3892590401,v1:172.21.15.43:6801/3892590401] conn(0x7f6798038fc0 0x7f679803b480 secure :-1 s=READY pgs=9 cs=0 l=1 rev1=1 crypto rx=0x7f67940098c0 tx=0x7f6794006db0 comp rx=0 tx=0).stop
2024-09-11T23:12:41.173 INFO:teuthology.orchestra.run.smithi043.stdout:/usr/bin/ceph: stderr
2024-09-11T23:12:40.605+0000 7f67aefab640 1 -- 172.21.15.43:0/2051284335 >> [v2:172.21.15.43:3300/0,v1:172.21.15.43:6789/0] conn(0x7f67a807dd80 msgr2=0x7f67a819db00 secure :-1 s=STATE_CONNECTION_ESTABLISHED l=1).mark_down
2024-09-11T23:12:41.173 INFO:teuthology.orchestra.run.smithi043.stdout:/usr/bin/ceph: stderr
2024-09-11T23:12:40.605+0000 7f67aefab640 1 --2- 172.21.15.43:0/2051284335 >> [v2:172.21.15.43:3300/0,v1:172.21.15.43:6789/0] conn(0x7f67a807dd80 0x7f67a819db00 secure :-1 s=READY pgs=40 cs=0 l=1 rev1=1 crypto rx=0x7f679c031000 tx=0x7f679c0326e0 comp rx=0 tx=0).stop
2024-09-11T23:12:41.174 INFO:teuthology.orchestra.run.smithi043.stdout:/usr/bin/ceph: stderr
2024-09-11T23:12:40.605+0000 7f67aefab640 1 -- 172.21.15.43:0/2051284335 shutdown_connections
2024-09-11T23:12:41.174 INFO:teuthology.orchestra.run.smithi043.stdout:/usr/bin/ceph: stderr
2024-09-11T23:12:40.605+0000 7f67aefab640 1 --2- 172.21.15.43:0/2051284335 >> [v2:172.21.15.43:6800/3892590401,v1:172.21.15.43:6801/3892590401] conn(0x7f6798038fc0 0x7f679803b480 unknown :-1 s=CLOSED pgs=9 cs=0 l=1 rev1=1 crypto rx=0 tx=0 comp rx=0 tx=0).stop
2024-09-11T23:12:41.174 INFO:teuthology.orchestra.run.smithi043.stdout:/usr/bin/ceph: stderr
2024-09-11T23:12:40.605+0000 7f67aefab640 1 --2- 172.21.15.43:0/2051284335 >> [v2:172.21.15.43:3300/0,v1:172.21.15.43:6789/0] conn(0x7f67a807dd80 0x7f67a819db00 unknown :-1 s=CLOSED pgs=40 cs=0 l=1 rev1=1 crypto rx=0 tx=0 comp rx=0 tx=0).stop
2024-09-11T23:12:41.174 INFO:teuthology.orchestra.run.smithi043.stdout:/usr/bin/ceph: stderr
2024-09-11T23:12:40.605+0000 7f67aefab640 1 -- 172.21.15.43:0/2051284335 >> 172.21.15.43:0/2051284335 conn(0x7f67a81031c0 msgr2=0x7f67a8103d60 unknown :-1 s=STATE_NONE l=0).mark_down
2024-09-11T23:12:41.174 INFO:teuthology.orchestra.run.smithi043.stdout:/usr/bin/ceph: stderr
2024-09-11T23:12:40.605+0000 7f67aefab640 1 -- 172.21.15.43:0/2051284335 shutdown_connections
2024-09-11T23:12:41.174 INFO:teuthology.orchestra.run.smithi043.stdout:/usr/bin/ceph: stderr
2024-09-11T23:12:40.605+0000 7f67aefab640 1 -- 172.21.15.43:0/2051284335 wait complete.
2024-09-11T23:12:41.783 INFO:journalctl@ceph.mon.a.smithi043.stdout:Sep 11 23:12:41 smithi043 ceph-mon[30950]: from='client.14134 -' entity='client.admin' cmd=[{"prefix": "cephadm generate-key", "target": ["mon-mgr", ""]}]: dispatch
2024-09-11T23:12:41.783 INFO:journalctl@ceph.mon.a.smithi043.stdout:Sep 11 23:12:41 smithi043 ceph-mon[30950]: Generating ssh key...
2024-09-11T23:12:41.783 INFO:journalctl@ceph.mon.a.smithi043.stdout:Sep 11 23:12:41 smithi043 ceph-mon[30950]: from='mgr.14118 172.21.15.43:0/4123011085' entity='mgr.x'
2024-09-11T23:12:41.783 INFO:journalctl@ceph.mon.a.smithi043.stdout:Sep 11 23:12:41 smithi043 ceph-mon[30950]: from='mgr.14118 172.21.15.43:0/4123011085' entity='mgr.x'
2024-09-11T23:12:42.403 INFO:teuthology.orchestra.run.smithi043.stdout:/usr/bin/ceph: stdout ssh-rsa AAAAB3NzaC1yc2EAAAADAQABAAABgQCf4yzk7yyVuIOOSoconqtOAlG4SacTasG8/L3mcrdN59G6eiTu4208sTSTDNJfK34+kMiHwTK3E8GxzmaHxFd7JpauoqaMo1BlY7wTl0syU2C9sZmM880qIlk2mQGwwhOzUgBogizeS9cmeiagvYqW+gBgGdrh+lj1gq0s5HqM5lfgEO8uD/FAV8Sj23GfkH/al1eMMp2kOJ3lNfVI+Gr4Pvk3jhQacTUy40MLcpCoeF7FKgQsL1VlBQFx+kDZJbzCXpvzVFrfiWSp4K0PwMdWQzMUOitoOp8kog3AlcFiYC3CTYZYXM48o+5ggeKTTj1zgVwoN+H39bbut4SMBmnWSxWXvCgZ7Hd6RXq3sxR8+MAt0ueCAt5sEXCdOI1tdzpd/kioQFvsQ8coVNZXe5m/JadsOulWwFSfofKPPkmAjuyXwlBR+3HcNi8YzR4DaQbybqWuTTQc9iCe693lR8puuvLONr7QUG1hqqWgwYvQxvyPqktmrWKpQpRhaTjZPsk= ceph-25c0cd84-7093-11ef-bcea-c7b262605968
2024-09-11T23:12:42.403 INFO:teuthology.orchestra.run.smithi043.stdout:/usr/bin/ceph: stderr
2024-09-11T23:12:41.595+0000 7f3018a24640 1 Processor -- start
2024-09-11T23:12:42.403 INFO:teuthology.orchestra.run.smithi043.stdout:/usr/bin/ceph: stderr
2024-09-11T23:12:41.595+0000 7f3018a24640 1 -- start start
2024-09-11T23:12:42.403 INFO:teuthology.orchestra.run.smithi043.stdout:/usr/bin/ceph: stderr
2024-09-11T23:12:41.596+0000 7f3018a24640 1 --2- >> [v2:172.21.15.43:3300/0,v1:172.21.15.43:6789/0] conn(0x7f3014107950 0x7f3014107d50 unknown :-1 s=NONE pgs=0 cs=0 l=0 rev1=0 crypto rx=0 tx=0 comp rx=0 tx=0).connect
2024-09-11T23:12:42.403 INFO:teuthology.orchestra.run.smithi043.stdout:/usr/bin/ceph: stderr
2024-09-11T23:12:41.596+0000 7f3018a24640 1 -- --> [v2:172.21.15.43:3300/0,v1:172.21.15.43:6789/0] -- mon_getmap magic: 0 -- 0x7f3014108290 con 0x7f3014107950
2024-09-11T23:12:42.403 INFO:teuthology.orchestra.run.smithi043.stdout:/usr/bin/ceph: stderr
2024-09-11T23:12:41.596+0000 7f301259c640 1 --2- >> [v2:172.21.15.43:3300/0,v1:172.21.15.43:6789/0] conn(0x7f3014107950 0x7f3014107d50 unknown :-1 s=BANNER_CONNECTING pgs=0 cs=0 l=0 rev1=0 crypto rx=0 tx=0 comp rx=0 tx=0)._handle_peer_banner_payload supported=3 required=0
2024-09-11T23:12:42.404 INFO:teuthology.orchestra.run.smithi043.stdout:/usr/bin/ceph: stderr
2024-09-11T23:12:41.596+0000 7f301259c640 1 --2- >> [v2:172.21.15.43:3300/0,v1:172.21.15.43:6789/0] conn(0x7f3014107950 0x7f3014107d50 unknown :-1 s=HELLO_CONNECTING pgs=0 cs=0 l=0 rev1=1 crypto rx=0 tx=0 comp rx=0 tx=0).handle_hello peer v2:172.21.15.43:3300/0 says I am v2:172.21.15.43:43296/0 (socket says 172.21.15.43:43296)
2024-09-11T23:12:42.404 INFO:teuthology.orchestra.run.smithi043.stdout:/usr/bin/ceph: stderr
2024-09-11T23:12:41.596+0000 7f301259c640 1 -- 172.21.15.43:0/36322471 learned_addr learned my addr 172.21.15.43:0/36322471 (peer_addr_for_me v2:172.21.15.43:0/0)
2024-09-11T23:12:42.404 INFO:teuthology.orchestra.run.smithi043.stdout:/usr/bin/ceph: stderr
2024-09-11T23:12:41.596+0000 7f301259c640 1 -- 172.21.15.43:0/36322471 --> [v2:172.21.15.43:3300/0,v1:172.21.15.43:6789/0] -- mon_subscribe({config=0+,monmap=0+}) -- 0x7f3014108410 con 0x7f3014107950
2024-09-11T23:12:42.404 INFO:teuthology.orchestra.run.smithi043.stdout:/usr/bin/ceph: stderr
2024-09-11T23:12:41.597+0000 7f301259c640 1 --2- 172.21.15.43:0/36322471 >> [v2:172.21.15.43:3300/0,v1:172.21.15.43:6789/0] conn(0x7f3014107950 0x7f3014107d50 secure :-1 s=READY pgs=41 cs=0 l=1 rev1=1 crypto rx=0x7f3004009820 tx=0x7f300402a270 comp rx=0 tx=0).ready entity=mon.0 client_cookie=abd138ef3a9f7f84 server_cookie=0 in_seq=0 out_seq=0
2024-09-11T23:12:42.404 INFO:teuthology.orchestra.run.smithi043.stdout:/usr/bin/ceph: stderr
2024-09-11T23:12:41.597+0000 7f301159a640 1 -- 172.21.15.43:0/36322471 <== mon.0 v2:172.21.15.43:3300/0 1 ==== mon_map magic: 0 ==== 205+0+0 (secure 0 0 0) 0x7f3004037070 con 0x7f3014107950
2024-09-11T23:12:42.404 INFO:teuthology.orchestra.run.smithi043.stdout:/usr/bin/ceph: stderr
2024-09-11T23:12:41.597+0000 7f301159a640 1 -- 172.21.15.43:0/36322471 <== mon.0 v2:172.21.15.43:3300/0 2 ==== config(27 keys) ==== 1109+0+0 (secure 0 0 0) 0x7f3004032900 con 0x7f3014107950
2024-09-11T23:12:42.404 INFO:teuthology.orchestra.run.smithi043.stdout:/usr/bin/ceph: stderr
2024-09-11T23:12:41.597+0000 7f301159a640 1 -- 172.21.15.43:0/36322471 <== mon.0 v2:172.21.15.43:3300/0 3 ==== mon_map magic: 0 ==== 205+0+0 (secure 0 0 0) 0x7f3004030850 con 0x7f3014107950
2024-09-11T23:12:42.404 INFO:teuthology.orchestra.run.smithi043.stdout:/usr/bin/ceph: stderr
2024-09-11T23:12:41.598+0000 7f3018a24640 1 -- 172.21.15.43:0/36322471 >> [v2:172.21.15.43:3300/0,v1:172.21.15.43:6789/0] conn(0x7f3014107950 msgr2=0x7f3014107d50 secure :-1 s=STATE_CONNECTION_ESTABLISHED l=1).mark_down
2024-09-11T23:12:42.404 INFO:teuthology.orchestra.run.smithi043.stdout:/usr/bin/ceph: stderr
2024-09-11T23:12:41.598+0000 7f3018a24640 1 --2- 172.21.15.43:0/36322471 >> [v2:172.21.15.43:3300/0,v1:172.21.15.43:6789/0] conn(0x7f3014107950 0x7f3014107d50 secure :-1 s=READY pgs=41 cs=0 l=1 rev1=1 crypto rx=0x7f3004009820 tx=0x7f300402a270 comp rx=0 tx=0).stop
2024-09-11T23:12:42.404 INFO:teuthology.orchestra.run.smithi043.stdout:/usr/bin/ceph: stderr
2024-09-11T23:12:41.598+0000 7f3018a24640 1 -- 172.21.15.43:0/36322471 shutdown_connections
2024-09-11T23:12:42.404 INFO:teuthology.orchestra.run.smithi043.stdout:/usr/bin/ceph: stderr
2024-09-11T23:12:41.598+0000 7f3018a24640 1 --2- 172.21.15.43:0/36322471 >> [v2:172.21.15.43:3300/0,v1:172.21.15.43:6789/0] conn(0x7f3014107950 0x7f3014107d50 unknown :-1 s=CLOSED pgs=41 cs=0 l=1 rev1=1 crypto rx=0 tx=0 comp rx=0 tx=0).stop
2024-09-11T23:12:42.405 INFO:teuthology.orchestra.run.smithi043.stdout:/usr/bin/ceph: stderr
2024-09-11T23:12:41.598+0000 7f3018a24640 1 -- 172.21.15.43:0/36322471 >> 172.21.15.43:0/36322471 conn(0x7f30141031c0 msgr2=0x7f30141055e0 unknown :-1 s=STATE_NONE l=0).mark_down
2024-09-11T23:12:42.405 INFO:teuthology.orchestra.run.smithi043.stdout:/usr/bin/ceph: stderr
2024-09-11T23:12:41.598+0000 7f3018a24640 1 -- 172.21.15.43:0/36322471 shutdown_connections
2024-09-11T23:12:42.405 INFO:teuthology.orchestra.run.smithi043.stdout:/usr/bin/ceph: stderr
2024-09-11T23:12:41.598+0000 7f3018a24640 1 -- 172.21.15.43:0/36322471 wait complete.
2024-09-11T23:12:42.405 INFO:teuthology.orchestra.run.smithi043.stdout:/usr/bin/ceph: stderr
2024-09-11T23:12:41.599+0000 7f3018a24640 1 Processor -- start
2024-09-11T23:12:42.405 INFO:teuthology.orchestra.run.smithi043.stdout:/usr/bin/ceph: stderr
2024-09-11T23:12:41.599+0000 7f3018a24640 1 -- start start
2024-09-11T23:12:42.405 INFO:teuthology.orchestra.run.smithi043.stdout:/usr/bin/ceph: stderr
2024-09-11T23:12:41.599+0000 7f3018a24640 1 --2- >> [v2:172.21.15.43:3300/0,v1:172.21.15.43:6789/0] conn(0x7f3014107950 0x7f301407db60 unknown :-1 s=NONE pgs=0 cs=0 l=1 rev1=0 crypto rx=0 tx=0 comp rx=0 tx=0).connect
2024-09-11T23:12:42.405 INFO:teuthology.orchestra.run.smithi043.stdout:/usr/bin/ceph: stderr
2024-09-11T23:12:41.599+0000 7f3018a24640 1 -- --> [v2:172.21.15.43:3300/0,v1:172.21.15.43:6789/0] -- mon_getmap magic: 0 -- 0x7f301410bdc0 con 0x7f3014107950
2024-09-11T23:12:42.405 INFO:teuthology.orchestra.run.smithi043.stdout:/usr/bin/ceph: stderr
2024-09-11T23:12:41.599+0000 7f301259c640 1 --2- >> [v2:172.21.15.43:3300/0,v1:172.21.15.43:6789/0] conn(0x7f3014107950 0x7f301407db60 unknown :-1 s=BANNER_CONNECTING pgs=0 cs=0 l=1 rev1=0 crypto rx=0 tx=0 comp rx=0 tx=0)._handle_peer_banner_payload supported=3 required=0
2024-09-11T23:12:42.405 INFO:teuthology.orchestra.run.smithi043.stdout:/usr/bin/ceph: stderr
2024-09-11T23:12:41.599+0000 7f301259c640 1 --2- >> [v2:172.21.15.43:3300/0,v1:172.21.15.43:6789/0] conn(0x7f3014107950 0x7f301407db60 unknown :-1 s=HELLO_CONNECTING pgs=0 cs=0 l=1 rev1=1 crypto rx=0 tx=0 comp rx=0 tx=0).handle_hello peer v2:172.21.15.43:3300/0 says I am v2:172.21.15.43:43304/0 (socket says 172.21.15.43:43304)
2024-09-11T23:12:42.405 INFO:teuthology.orchestra.run.smithi043.stdout:/usr/bin/ceph: stderr
2024-09-11T23:12:41.599+0000 7f301259c640 1 -- 172.21.15.43:0/1770386039 learned_addr learned my addr 172.21.15.43:0/1770386039 (peer_addr_for_me v2:172.21.15.43:0/0)
2024-09-11T23:12:42.405 INFO:teuthology.orchestra.run.smithi043.stdout:/usr/bin/ceph: stderr
2024-09-11T23:12:41.600+0000 7f301259c640 1 -- 172.21.15.43:0/1770386039 --> [v2:172.21.15.43:3300/0,v1:172.21.15.43:6789/0] -- mon_subscribe({config=0+,monmap=0+}) -- 0x7f301407e0a0 con 0x7f3014107950
2024-09-11T23:12:42.405 INFO:teuthology.orchestra.run.smithi043.stdout:/usr/bin/ceph: stderr
2024-09-11T23:12:41.600+0000 7f301259c640 1 --2- 172.21.15.43:0/1770386039 >> [v2:172.21.15.43:3300/0,v1:172.21.15.43:6789/0] conn(0x7f3014107950 0x7f301407db60 secure :-1 s=READY pgs=42 cs=0 l=1 rev1=1 crypto rx=0x7f30040097f0 tx=0x7f3004030ec0 comp rx=0 tx=0).ready entity=mon.0 client_cookie=0 server_cookie=0 in_seq=0 out_seq=0
2024-09-11T23:12:42.406 INFO:teuthology.orchestra.run.smithi043.stdout:/usr/bin/ceph: stderr
2024-09-11T23:12:41.601+0000 7f300b7fe640 1 -- 172.21.15.43:0/1770386039 <== mon.0 v2:172.21.15.43:3300/0 1 ==== mon_map magic: 0 ==== 205+0+0 (secure 0 0 0) 0x7f3004042070 con 0x7f3014107950
2024-09-11T23:12:42.406 INFO:teuthology.orchestra.run.smithi043.stdout:/usr/bin/ceph: stderr
2024-09-11T23:12:41.601+0000 7f300b7fe640 1 -- 172.21.15.43:0/1770386039 <== mon.0 v2:172.21.15.43:3300/0 2 ==== config(27 keys) ==== 1109+0+0 (secure 0 0 0) 0x7f3004032ca0 con 0x7f3014107950
2024-09-11T23:12:42.406 INFO:teuthology.orchestra.run.smithi043.stdout:/usr/bin/ceph: stderr
2024-09-11T23:12:41.601+0000 7f3018a24640 1 -- 172.21.15.43:0/1770386039 --> [v2:172.21.15.43:3300/0,v1:172.21.15.43:6789/0] -- mon_subscribe({mgrmap=0+}) -- 0x7f301407c290 con 0x7f3014107950
2024-09-11T23:12:42.406 INFO:teuthology.orchestra.run.smithi043.stdout:/usr/bin/ceph: stderr
2024-09-11T23:12:41.601+0000 7f300b7fe640 1 -- 172.21.15.43:0/1770386039 <== mon.0 v2:172.21.15.43:3300/0 3 ==== mon_map magic: 0 ==== 205+0+0 (secure 0 0 0) 0x7f3004037040 con 0x7f3014107950
2024-09-11T23:12:42.406 INFO:teuthology.orchestra.run.smithi043.stdout:/usr/bin/ceph: stderr
2024-09-11T23:12:41.601+0000 7f3018a24640 1 -- 172.21.15.43:0/1770386039 --> [v2:172.21.15.43:3300/0,v1:172.21.15.43:6789/0] -- mon_subscribe({osdmap=0}) -- 0x7f301407c7d0 con 0x7f3014107950
2024-09-11T23:12:42.406 INFO:teuthology.orchestra.run.smithi043.stdout:/usr/bin/ceph: stderr
2024-09-11T23:12:41.602+0000 7f300b7fe640 1 -- 172.21.15.43:0/1770386039 <== mon.0 v2:172.21.15.43:3300/0 4 ==== mgrmap(e 8) ==== 46287+0+0 (secure 0 0 0) 0x7f3004045070 con 0x7f3014107950
2024-09-11T23:12:42.406 INFO:teuthology.orchestra.run.smithi043.stdout:/usr/bin/ceph: stderr
2024-09-11T23:12:41.602+0000 7f300b7fe640 1 --2- 172.21.15.43:0/1770386039 >> [v2:172.21.15.43:6800/3892590401,v1:172.21.15.43:6801/3892590401] conn(0x7f3000038fc0 0x7f300003b480 unknown :-1 s=NONE pgs=0 cs=0 l=1 rev1=0 crypto rx=0 tx=0 comp rx=0 tx=0).connect
2024-09-11T23:12:42.406 INFO:teuthology.orchestra.run.smithi043.stdout:/usr/bin/ceph: stderr
2024-09-11T23:12:41.602+0000 7f300b7fe640 1 -- 172.21.15.43:0/1770386039 <== mon.0 v2:172.21.15.43:3300/0 5 ==== osd_map(2..2 src has 1..2) ==== 940+0+0 (secure 0 0 0) 0x7f300406c290 con 0x7f3014107950
2024-09-11T23:12:42.406 INFO:teuthology.orchestra.run.smithi043.stdout:/usr/bin/ceph: stderr
2024-09-11T23:12:41.602+0000 7f3018a24640 1 -- 172.21.15.43:0/1770386039 --> [v2:172.21.15.43:3300/0,v1:172.21.15.43:6789/0] -- mon_command({"prefix": "get_command_descriptions"} v 0) -- 0x7f3014107dd0 con 0x7f3014107950
2024-09-11T23:12:42.407 INFO:teuthology.orchestra.run.smithi043.stdout:/usr/bin/ceph: stderr
2024-09-11T23:12:41.602+0000 7f3011d9b640 1 --2- 172.21.15.43:0/1770386039 >> [v2:172.21.15.43:6800/3892590401,v1:172.21.15.43:6801/3892590401] conn(0x7f3000038fc0 0x7f300003b480 unknown :-1 s=BANNER_CONNECTING pgs=0 cs=0 l=1 rev1=0 crypto rx=0 tx=0 comp rx=0 tx=0)._handle_peer_banner_payload supported=3 required=0
2024-09-11T23:12:42.407 INFO:teuthology.orchestra.run.smithi043.stdout:/usr/bin/ceph: stderr
2024-09-11T23:12:41.603+0000 7f3011d9b640 1 --2- 172.21.15.43:0/1770386039 >> [v2:172.21.15.43:6800/3892590401,v1:172.21.15.43:6801/3892590401] conn(0x7f3000038fc0 0x7f300003b480 secure :-1 s=READY pgs=10 cs=0 l=1 rev1=1 crypto rx=0x7f2ffc0098c0 tx=0x7f2ffc006db0 comp rx=0 tx=0).ready entity=mgr.14118 client_cookie=0 server_cookie=0 in_seq=0 out_seq=0
2024-09-11T23:12:42.407 INFO:teuthology.orchestra.run.smithi043.stdout:/usr/bin/ceph: stderr
2024-09-11T23:12:41.607+0000 7f300b7fe640 1 -- 172.21.15.43:0/1770386039 <== mon.0 v2:172.21.15.43:3300/0 6 ==== mon_command_ack([{"prefix": "get_command_descriptions"}]=0 v0) ==== 72+0+188821 (secure 0 0 0) 0x7f300403add0 con 0x7f3014107950
2024-09-11T23:12:42.407 INFO:teuthology.orchestra.run.smithi043.stdout:/usr/bin/ceph: stderr
2024-09-11T23:12:41.782+0000 7f3018a24640 1 -- 172.21.15.43:0/1770386039 --> [v2:172.21.15.43:6800/3892590401,v1:172.21.15.43:6801/3892590401] -- mgr_command(tid 0: {"prefix": "cephadm get-pub-key", "target": ["mon-mgr", ""]}) -- 0x7f301407d0d0 con 0x7f3000038fc0
2024-09-11T23:12:42.407 INFO:teuthology.orchestra.run.smithi043.stdout:/usr/bin/ceph: stderr
2024-09-11T23:12:41.783+0000 7f300b7fe640 1 -- 172.21.15.43:0/1770386039 <== mgr.14118 v2:172.21.15.43:6800/3892590401 1 ==== mgr_command_reply(tid 0: 0 ) ==== 8+0+595 (secure 0 0 0) 0x7f301407d0d0 con 0x7f3000038fc0
2024-09-11T23:12:42.407 INFO:teuthology.orchestra.run.smithi043.stdout:/usr/bin/ceph: stderr
2024-09-11T23:12:41.785+0000 7f3018a24640 1 -- 172.21.15.43:0/1770386039 >> [v2:172.21.15.43:6800/3892590401,v1:172.21.15.43:6801/3892590401] conn(0x7f3000038fc0 msgr2=0x7f300003b480 secure :-1 s=STATE_CONNECTION_ESTABLISHED l=1).mark_down
2024-09-11T23:12:42.407 INFO:teuthology.orchestra.run.smithi043.stdout:/usr/bin/ceph: stderr
2024-09-11T23:12:41.785+0000 7f3018a24640 1 --2- 172.21.15.43:0/1770386039 >> [v2:172.21.15.43:6800/3892590401,v1:172.21.15.43:6801/3892590401] conn(0x7f3000038fc0 0x7f300003b480 secure :-1 s=READY pgs=10 cs=0 l=1 rev1=1 crypto rx=0x7f2ffc0098c0 tx=0x7f2ffc006db0 comp rx=0 tx=0).stop
2024-09-11T23:12:42.407 INFO:teuthology.orchestra.run.smithi043.stdout:/usr/bin/ceph: stderr
2024-09-11T23:12:41.785+0000 7f3018a24640 1 -- 172.21.15.43:0/1770386039 >> [v2:172.21.15.43:3300/0,v1:172.21.15.43:6789/0] conn(0x7f3014107950 msgr2=0x7f301407db60 secure :-1 s=STATE_CONNECTION_ESTABLISHED l=1).mark_down
2024-09-11T23:12:42.407 INFO:teuthology.orchestra.run.smithi043.stdout:/usr/bin/ceph: stderr
2024-09-11T23:12:41.785+0000 7f3018a24640 1 --2- 172.21.15.43:0/1770386039 >> [v2:172.21.15.43:3300/0,v1:172.21.15.43:6789/0] conn(0x7f3014107950 0x7f301407db60 secure :-1 s=READY pgs=42 cs=0 l=1 rev1=1 crypto rx=0x7f30040097f0 tx=0x7f3004030ec0 comp rx=0 tx=0).stop
2024-09-11T23:12:42.407 INFO:teuthology.orchestra.run.smithi043.stdout:/usr/bin/ceph: stderr
2024-09-11T23:12:41.785+0000 7f3018a24640 1 -- 172.21.15.43:0/1770386039 shutdown_connections
2024-09-11T23:12:42.407 INFO:teuthology.orchestra.run.smithi043.stdout:/usr/bin/ceph: stderr
2024-09-11T23:12:41.785+0000 7f3018a24640 1 --2- 172.21.15.43:0/1770386039 >> [v2:172.21.15.43:6800/3892590401,v1:172.21.15.43:6801/3892590401] conn(0x7f3000038fc0 0x7f300003b480 unknown :-1 s=CLOSED pgs=10 cs=0 l=1 rev1=1 crypto rx=0 tx=0 comp rx=0 tx=0).stop
2024-09-11T23:12:42.407 INFO:teuthology.orchestra.run.smithi043.stdout:/usr/bin/ceph: stderr
2024-09-11T23:12:41.785+0000 7f3018a24640 1 --2- 172.21.15.43:0/1770386039 >> [v2:172.21.15.43:3300/0,v1:172.21.15.43:6789/0] conn(0x7f3014107950 0x7f301407db60 unknown :-1 s=CLOSED pgs=42 cs=0 l=1 rev1=1 crypto rx=0 tx=0 comp rx=0 tx=0).stop
2024-09-11T23:12:42.407 INFO:teuthology.orchestra.run.smithi043.stdout:/usr/bin/ceph: stderr
2024-09-11T23:12:41.785+0000 7f3018a24640 1 -- 172.21.15.43:0/1770386039 >> 172.21.15.43:0/1770386039 conn(0x7f30141031c0 msgr2=0x7f3014103d10 unknown :-1 s=STATE_NONE l=0).mark_down
2024-09-11T23:12:42.407 INFO:teuthology.orchestra.run.smithi043.stdout:/usr/bin/ceph: stderr
2024-09-11T23:12:41.785+0000 7f3018a24640 1 -- 172.21.15.43:0/1770386039 shutdown_connections
2024-09-11T23:12:42.408 INFO:teuthology.orchestra.run.smithi043.stdout:/usr/bin/ceph: stderr
2024-09-11T23:12:41.785+0000 7f3018a24640 1 -- 172.21.15.43:0/1770386039 wait complete.
2024-09-11T23:12:42.408 INFO:teuthology.orchestra.run.smithi043.stdout:Wrote public SSH key to /home/ubuntu/cephtest/ceph.pub
2024-09-11T23:12:42.408 INFO:teuthology.orchestra.run.smithi043.stdout:Adding key to root@localhost authorized_keys...
2024-09-11T23:12:42.408 INFO:teuthology.orchestra.run.smithi043.stdout:Adding host smithi043...
2024-09-11T23:12:42.860 INFO:journalctl@ceph.mon.a.smithi043.stdout:Sep 11 23:12:42 smithi043 ceph-mon[30950]: from='client.14136 -' entity='client.admin' cmd=[{"prefix": "cephadm get-pub-key", "target": ["mon-mgr", ""]}]: dispatch
2024-09-11T23:12:43.777 INFO:journalctl@ceph.mon.a.smithi043.stdout:Sep 11 23:12:43 smithi043 ceph-mon[30950]: from='client.14138 -' entity='client.admin' cmd=[{"prefix": "orch host add", "hostname": "smithi043", "addr": "172.21.15.43", "target": ["mon-mgr", ""]}]: dispatch
2024-09-11T23:12:45.010 INFO:journalctl@ceph.mon.a.smithi043.stdout:Sep 11 23:12:44 smithi043 ceph-mon[30950]: Deploying cephadm binary to smithi043
2024-09-11T23:12:47.529 INFO:teuthology.orchestra.run.smithi043.stdout:/usr/bin/ceph: stdout Added host 'smithi043' with addr '172.21.15.43'
2024-09-11T23:12:47.529 INFO:teuthology.orchestra.run.smithi043.stdout:/usr/bin/ceph: stderr
2024-09-11T23:12:42.878+0000 7fc4b9ce5640 1 Processor -- start
2024-09-11T23:12:47.529 INFO:teuthology.orchestra.run.smithi043.stdout:/usr/bin/ceph: stderr
2024-09-11T23:12:42.878+0000 7fc4b9ce5640 1 -- start start
2024-09-11T23:12:47.529 INFO:teuthology.orchestra.run.smithi043.stdout:/usr/bin/ceph: stderr
2024-09-11T23:12:42.878+0000 7fc4b9ce5640 1 --2- >> [v2:172.21.15.43:3300/0,v1:172.21.15.43:6789/0] conn(0x7fc4b4108410 0x7fc4b410a800 unknown :-1 s=NONE pgs=0 cs=0 l=0 rev1=0 crypto rx=0 tx=0 comp rx=0 tx=0).connect
2024-09-11T23:12:47.529 INFO:teuthology.orchestra.run.smithi043.stdout:/usr/bin/ceph: stderr
2024-09-11T23:12:42.878+0000 7fc4b9ce5640 1 -- --> [v2:172.21.15.43:3300/0,v1:172.21.15.43:6789/0] -- mon_getmap magic: 0 -- 0x7fc4b407be10 con 0x7fc4b4108410
2024-09-11T23:12:47.530 INFO:teuthology.orchestra.run.smithi043.stdout:/usr/bin/ceph: stderr
2024-09-11T23:12:42.878+0000 7fc4b37fe640 1 --2- >> [v2:172.21.15.43:3300/0,v1:172.21.15.43:6789/0] conn(0x7fc4b4108410 0x7fc4b410a800 unknown :-1 s=BANNER_CONNECTING pgs=0 cs=0 l=0 rev1=0 crypto rx=0 tx=0 comp rx=0 tx=0)._handle_peer_banner_payload supported=3 required=0
2024-09-11T23:12:47.530 INFO:teuthology.orchestra.run.smithi043.stdout:/usr/bin/ceph: stderr
2024-09-11T23:12:42.878+0000 7fc4b37fe640 1 --2- >> [v2:172.21.15.43:3300/0,v1:172.21.15.43:6789/0] conn(0x7fc4b4108410 0x7fc4b410a800 unknown :-1 s=HELLO_CONNECTING pgs=0 cs=0 l=0 rev1=1 crypto rx=0 tx=0 comp rx=0 tx=0).handle_hello peer v2:172.21.15.43:3300/0 says I am v2:172.21.15.43:43312/0 (socket says 172.21.15.43:43312)
2024-09-11T23:12:47.530 INFO:teuthology.orchestra.run.smithi043.stdout:/usr/bin/ceph: stderr
2024-09-11T23:12:42.878+0000 7fc4b37fe640 1 -- 172.21.15.43:0/2953170176 learned_addr learned my addr 172.21.15.43:0/2953170176 (peer_addr_for_me v2:172.21.15.43:0/0)
2024-09-11T23:12:47.530 INFO:teuthology.orchestra.run.smithi043.stdout:/usr/bin/ceph: stderr
2024-09-11T23:12:42.879+0000 7fc4b37fe640 1 -- 172.21.15.43:0/2953170176 --> [v2:172.21.15.43:3300/0,v1:172.21.15.43:6789/0] -- mon_subscribe({config=0+,monmap=0+}) -- 0x7fc4b410ad40 con 0x7fc4b4108410
2024-09-11T23:12:47.530 INFO:teuthology.orchestra.run.smithi043.stdout:/usr/bin/ceph: stderr
2024-09-11T23:12:42.879+0000 7fc4b37fe640 1 --2- 172.21.15.43:0/2953170176 >> [v2:172.21.15.43:3300/0,v1:172.21.15.43:6789/0] conn(0x7fc4b4108410 0x7fc4b410a800 secure :-1 s=READY pgs=43 cs=0 l=1 rev1=1 crypto rx=0x7fc4a4009820 tx=0x7fc4a402a270 comp rx=0 tx=0).ready entity=mon.0 client_cookie=405f465b5c8c2fee server_cookie=0 in_seq=0 out_seq=0
2024-09-11T23:12:47.530 INFO:teuthology.orchestra.run.smithi043.stdout:/usr/bin/ceph: stderr
2024-09-11T23:12:42.880+0000 7fc4b27fc640 1 -- 172.21.15.43:0/2953170176 <== mon.0 v2:172.21.15.43:3300/0 1 ==== mon_map magic: 0 ==== 205+0+0 (secure 0 0 0) 0x7fc4a4037070 con 0x7fc4b4108410
2024-09-11T23:12:47.530 INFO:teuthology.orchestra.run.smithi043.stdout:/usr/bin/ceph: stderr
2024-09-11T23:12:42.880+0000 7fc4b27fc640 1 -- 172.21.15.43:0/2953170176 <== mon.0 v2:172.21.15.43:3300/0 2 ==== config(27 keys) ==== 1109+0+0 (secure 0 0 0) 0x7fc4a4032900 con 0x7fc4b4108410
2024-09-11T23:12:47.530 INFO:teuthology.orchestra.run.smithi043.stdout:/usr/bin/ceph: stderr
2024-09-11T23:12:42.880+0000 7fc4b27fc640 1 -- 172.21.15.43:0/2953170176 <== mon.0 v2:172.21.15.43:3300/0 3 ==== mon_map magic: 0 ==== 205+0+0 (secure 0 0 0) 0x7fc4a4030850 con 0x7fc4b4108410
2024-09-11T23:12:47.530 INFO:teuthology.orchestra.run.smithi043.stdout:/usr/bin/ceph: stderr
2024-09-11T23:12:42.880+0000 7fc4b9ce5640 1 -- 172.21.15.43:0/2953170176 >> [v2:172.21.15.43:3300/0,v1:172.21.15.43:6789/0] conn(0x7fc4b4108410 msgr2=0x7fc4b410a800 secure :-1 s=STATE_CONNECTION_ESTABLISHED l=1).mark_down
2024-09-11T23:12:47.530 INFO:teuthology.orchestra.run.smithi043.stdout:/usr/bin/ceph: stderr
2024-09-11T23:12:42.880+0000 7fc4b9ce5640 1 --2- 172.21.15.43:0/2953170176 >> [v2:172.21.15.43:3300/0,v1:172.21.15.43:6789/0] conn(0x7fc4b4108410 0x7fc4b410a800 secure :-1 s=READY pgs=43 cs=0 l=1 rev1=1 crypto rx=0x7fc4a4009820 tx=0x7fc4a402a270 comp rx=0 tx=0).stop
2024-09-11T23:12:47.531 INFO:teuthology.orchestra.run.smithi043.stdout:/usr/bin/ceph: stderr
2024-09-11T23:12:42.880+0000 7fc4b9ce5640 1 -- 172.21.15.43:0/2953170176 shutdown_connections
2024-09-11T23:12:47.531 INFO:teuthology.orchestra.run.smithi043.stdout:/usr/bin/ceph: stderr
2024-09-11T23:12:42.880+0000 7fc4b9ce5640 1 --2- 172.21.15.43:0/2953170176 >> [v2:172.21.15.43:3300/0,v1:172.21.15.43:6789/0] conn(0x7fc4b4108410 0x7fc4b410a800 unknown :-1 s=CLOSED pgs=43 cs=0 l=1 rev1=1 crypto rx=0 tx=0 comp rx=0 tx=0).stop
2024-09-11T23:12:47.531 INFO:teuthology.orchestra.run.smithi043.stdout:/usr/bin/ceph: stderr
2024-09-11T23:12:42.880+0000 7fc4b9ce5640 1 -- 172.21.15.43:0/2953170176 >> 172.21.15.43:0/2953170176 conn(0x7fc4b4102010 msgr2=0x7fc4b4104430 unknown :-1 s=STATE_NONE l=0).mark_down
2024-09-11T23:12:47.531 INFO:teuthology.orchestra.run.smithi043.stdout:/usr/bin/ceph: stderr
2024-09-11T23:12:42.880+0000 7fc4b9ce5640 1 -- 172.21.15.43:0/2953170176 shutdown_connections
2024-09-11T23:12:47.531 INFO:teuthology.orchestra.run.smithi043.stdout:/usr/bin/ceph: stderr
2024-09-11T23:12:42.880+0000 7fc4b9ce5640 1 -- 172.21.15.43:0/2953170176 wait complete.
2024-09-11T23:12:47.531 INFO:teuthology.orchestra.run.smithi043.stdout:/usr/bin/ceph: stderr
2024-09-11T23:12:42.881+0000 7fc4b9ce5640 1 Processor -- start
2024-09-11T23:12:47.531 INFO:teuthology.orchestra.run.smithi043.stdout:/usr/bin/ceph: stderr
2024-09-11T23:12:42.881+0000 7fc4b9ce5640 1 -- start start
2024-09-11T23:12:47.531 INFO:teuthology.orchestra.run.smithi043.stdout:/usr/bin/ceph: stderr
2024-09-11T23:12:42.881+0000 7fc4b9ce5640 1 --2- >> [v2:172.21.15.43:3300/0,v1:172.21.15.43:6789/0] conn(0x7fc4b4108410 0x7fc4b419b860 unknown :-1 s=NONE pgs=0 cs=0 l=1 rev1=0 crypto rx=0 tx=0 comp rx=0 tx=0).connect
2024-09-11T23:12:47.532 INFO:teuthology.orchestra.run.smithi043.stdout:/usr/bin/ceph: stderr
2024-09-11T23:12:42.881+0000 7fc4b9ce5640 1 -- --> [v2:172.21.15.43:3300/0,v1:172.21.15.43:6789/0] -- mon_getmap magic: 0 -- 0x7fc4b410bcb0 con 0x7fc4b4108410
2024-09-11T23:12:47.532 INFO:teuthology.orchestra.run.smithi043.stdout:/usr/bin/ceph: stderr
2024-09-11T23:12:42.881+0000 7fc4b37fe640 1 --2- >> [v2:172.21.15.43:3300/0,v1:172.21.15.43:6789/0] conn(0x7fc4b4108410 0x7fc4b419b860 unknown :-1 s=BANNER_CONNECTING pgs=0 cs=0 l=1 rev1=0 crypto rx=0 tx=0 comp rx=0 tx=0)._handle_peer_banner_payload supported=3 required=0
2024-09-11T23:12:47.532 INFO:teuthology.orchestra.run.smithi043.stdout:/usr/bin/ceph: stderr
2024-09-11T23:12:42.881+0000 7fc4b37fe640 1 --2- >> [v2:172.21.15.43:3300/0,v1:172.21.15.43:6789/0] conn(0x7fc4b4108410 0x7fc4b419b860 unknown :-1 s=HELLO_CONNECTING pgs=0 cs=0 l=1 rev1=1 crypto rx=0 tx=0 comp rx=0 tx=0).handle_hello peer v2:172.21.15.43:3300/0 says I am v2:172.21.15.43:43326/0 (socket says 172.21.15.43:43326)
2024-09-11T23:12:47.532 INFO:teuthology.orchestra.run.smithi043.stdout:/usr/bin/ceph: stderr
2024-09-11T23:12:42.881+0000 7fc4b37fe640 1 -- 172.21.15.43:0/1454335735 learned_addr learned my addr 172.21.15.43:0/1454335735 (peer_addr_for_me v2:172.21.15.43:0/0)
2024-09-11T23:12:47.532 INFO:teuthology.orchestra.run.smithi043.stdout:/usr/bin/ceph: stderr
2024-09-11T23:12:42.882+0000 7fc4b37fe640 1 -- 172.21.15.43:0/1454335735 --> [v2:172.21.15.43:3300/0,v1:172.21.15.43:6789/0] -- mon_subscribe({config=0+,monmap=0+}) -- 0x7fc4b419bda0 con 0x7fc4b4108410
2024-09-11T23:12:47.532 INFO:teuthology.orchestra.run.smithi043.stdout:/usr/bin/ceph: stderr
2024-09-11T23:12:42.882+0000 7fc4b37fe640 1 --2- 172.21.15.43:0/1454335735 >> [v2:172.21.15.43:3300/0,v1:172.21.15.43:6789/0] conn(0x7fc4b4108410 0x7fc4b419b860 secure :-1 s=READY pgs=44 cs=0 l=1 rev1=1 crypto rx=0x7fc4a40097f0 tx=0x7fc4a4030d80 comp rx=0 tx=0).ready entity=mon.0 client_cookie=0 server_cookie=0 in_seq=0 out_seq=0
2024-09-11T23:12:47.532 INFO:teuthology.orchestra.run.smithi043.stdout:/usr/bin/ceph: stderr
2024-09-11T23:12:42.882+0000 7fc4b0ff9640 1 -- 172.21.15.43:0/1454335735 <== mon.0 v2:172.21.15.43:3300/0 1 ==== mon_map magic: 0 ==== 205+0+0 (secure 0 0 0) 0x7fc4a4037040 con 0x7fc4b4108410
2024-09-11T23:12:47.532 INFO:teuthology.orchestra.run.smithi043.stdout:/usr/bin/ceph: stderr
2024-09-11T23:12:42.882+0000 7fc4b0ff9640 1 -- 172.21.15.43:0/1454335735 <== mon.0 v2:172.21.15.43:3300/0 2 ==== config(27 keys) ==== 1109+0+0 (secure 0 0 0) 0x7fc4a4040070 con 0x7fc4b4108410
2024-09-11T23:12:47.532 INFO:teuthology.orchestra.run.smithi043.stdout:/usr/bin/ceph: stderr
2024-09-11T23:12:42.882+0000 7fc4b9ce5640 1 -- 172.21.15.43:0/1454335735 --> [v2:172.21.15.43:3300/0,v1:172.21.15.43:6789/0] -- mon_subscribe({mgrmap=0+}) -- 0x7fc4b419c030 con 0x7fc4b4108410
2024-09-11T23:12:47.532 INFO:teuthology.orchestra.run.smithi043.stdout:/usr/bin/ceph: stderr
2024-09-11T23:12:42.882+0000 7fc4b0ff9640 1 -- 172.21.15.43:0/1454335735 <== mon.0 v2:172.21.15.43:3300/0 3 ==== mon_map magic: 0 ==== 205+0+0 (secure 0 0 0) 0x7fc4a403a390 con 0x7fc4b4108410
2024-09-11T23:12:47.533 INFO:teuthology.orchestra.run.smithi043.stdout:/usr/bin/ceph: stderr
2024-09-11T23:12:42.882+0000 7fc4b9ce5640 1 -- 172.21.15.43:0/1454335735 --> [v2:172.21.15.43:3300/0,v1:172.21.15.43:6789/0] -- mon_subscribe({osdmap=0}) -- 0x7fc4b419ed20 con 0x7fc4b4108410
2024-09-11T23:12:47.533 INFO:teuthology.orchestra.run.smithi043.stdout:/usr/bin/ceph: stderr
2024-09-11T23:12:42.883+0000 7fc4b0ff9640 1 -- 172.21.15.43:0/1454335735 <== mon.0 v2:172.21.15.43:3300/0 4 ==== mgrmap(e 8) ==== 46287+0+0 (secure 0 0 0) 0x7fc4a403a5e0 con 0x7fc4b4108410
2024-09-11T23:12:47.533 INFO:teuthology.orchestra.run.smithi043.stdout:/usr/bin/ceph: stderr
2024-09-11T23:12:42.883+0000 7fc4b9ce5640 1 -- 172.21.15.43:0/1454335735 --> [v2:172.21.15.43:3300/0,v1:172.21.15.43:6789/0] -- mon_command({"prefix": "get_command_descriptions"} v 0) -- 0x7fc4b4108870 con 0x7fc4b4108410
2024-09-11T23:12:47.533 INFO:teuthology.orchestra.run.smithi043.stdout:/usr/bin/ceph: stderr
2024-09-11T23:12:42.883+0000 7fc4b0ff9640 1 --2- 172.21.15.43:0/1454335735 >> [v2:172.21.15.43:6800/3892590401,v1:172.21.15.43:6801/3892590401] conn(0x7fc49c038fc0 0x7fc49c03b480 unknown :-1 s=NONE pgs=0 cs=0 l=1 rev1=0 crypto rx=0 tx=0 comp rx=0 tx=0).connect
2024-09-11T23:12:47.533 INFO:teuthology.orchestra.run.smithi043.stdout:/usr/bin/ceph: stderr
2024-09-11T23:12:42.883+0000 7fc4b0ff9640 1 -- 172.21.15.43:0/1454335735 <== mon.0 v2:172.21.15.43:3300/0 5 ==== osd_map(2..2 src has 1..2) ==== 940+0+0 (secure 0 0 0) 0x7fc4a406c480 con 0x7fc4b4108410
2024-09-11T23:12:47.533 INFO:teuthology.orchestra.run.smithi043.stdout:/usr/bin/ceph: stderr
2024-09-11T23:12:42.883+0000 7fc4b2ffd640 1 --2- 172.21.15.43:0/1454335735 >> [v2:172.21.15.43:6800/3892590401,v1:172.21.15.43:6801/3892590401] conn(0x7fc49c038fc0 0x7fc49c03b480 unknown :-1 s=BANNER_CONNECTING pgs=0 cs=0 l=1 rev1=0 crypto rx=0 tx=0 comp rx=0 tx=0)._handle_peer_banner_payload supported=3 required=0
2024-09-11T23:12:47.533 INFO:teuthology.orchestra.run.smithi043.stdout:/usr/bin/ceph: stderr
2024-09-11T23:12:42.884+0000 7fc4b2ffd640 1 --2- 172.21.15.43:0/1454335735 >> [v2:172.21.15.43:6800/3892590401,v1:172.21.15.43:6801/3892590401] conn(0x7fc49c038fc0 0x7fc49c03b480 secure :-1 s=READY pgs=11 cs=0 l=1 rev1=1 crypto rx=0x7fc4a80098c0 tx=0x7fc4a8006db0 comp rx=0 tx=0).ready entity=mgr.14118 client_cookie=0 server_cookie=0 in_seq=0 out_seq=0
2024-09-11T23:12:47.533 INFO:teuthology.orchestra.run.smithi043.stdout:/usr/bin/ceph: stderr
2024-09-11T23:12:42.888+0000 7fc4b0ff9640 1 -- 172.21.15.43:0/1454335735 <== mon.0 v2:172.21.15.43:3300/0 6 ==== mon_command_ack([{"prefix": "get_command_descriptions"}]=0 v0) ==== 72+0+188821 (secure 0 0 0) 0x7fc4a4037d10 con 0x7fc4b4108410
2024-09-11T23:12:47.533 INFO:teuthology.orchestra.run.smithi043.stdout:/usr/bin/ceph: stderr
2024-09-11T23:12:43.069+0000 7fc4b9ce5640 1 -- 172.21.15.43:0/1454335735 --> [v2:172.21.15.43:6800/3892590401,v1:172.21.15.43:6801/3892590401] -- mgr_command(tid 0: {"prefix": "orch host add", "hostname": "smithi043", "addr": "172.21.15.43", "target": ["mon-mgr", ""]}) -- 0x7fc4b4103270 con 0x7fc49c038fc0
2024-09-11T23:12:47.533 INFO:teuthology.orchestra.run.smithi043.stdout:/usr/bin/ceph: stderr
2024-09-11T23:12:46.945+0000 7fc4b0ff9640 1 -- 172.21.15.43:0/1454335735 <== mgr.14118 v2:172.21.15.43:6800/3892590401 1 ==== mgr_command_reply(tid 0: 0 ) ==== 8+0+48 (secure 0 0 0) 0x7fc4b4103270 con 0x7fc49c038fc0
2024-09-11T23:12:47.534 INFO:teuthology.orchestra.run.smithi043.stdout:/usr/bin/ceph: stderr
2024-09-11T23:12:46.948+0000 7fc4b9ce5640 1 -- 172.21.15.43:0/1454335735 >> [v2:172.21.15.43:6800/3892590401,v1:172.21.15.43:6801/3892590401] conn(0x7fc49c038fc0 msgr2=0x7fc49c03b480 secure :-1 s=STATE_CONNECTION_ESTABLISHED l=1).mark_down
2024-09-11T23:12:47.534 INFO:teuthology.orchestra.run.smithi043.stdout:/usr/bin/ceph: stderr
2024-09-11T23:12:46.948+0000 7fc4b9ce5640 1 --2- 172.21.15.43:0/1454335735 >> [v2:172.21.15.43:6800/3892590401,v1:172.21.15.43:6801/3892590401] conn(0x7fc49c038fc0 0x7fc49c03b480 secure :-1 s=READY pgs=11 cs=0 l=1 rev1=1 crypto rx=0x7fc4a80098c0 tx=0x7fc4a8006db0 comp rx=0 tx=0).stop
2024-09-11T23:12:47.534 INFO:teuthology.orchestra.run.smithi043.stdout:/usr/bin/ceph: stderr
2024-09-11T23:12:46.948+0000 7fc4b9ce5640 1 -- 172.21.15.43:0/1454335735 >> [v2:172.21.15.43:3300/0,v1:172.21.15.43:6789/0] conn(0x7fc4b4108410 msgr2=0x7fc4b419b860 secure :-1 s=STATE_CONNECTION_ESTABLISHED l=1).mark_down
2024-09-11T23:12:47.534 INFO:teuthology.orchestra.run.smithi043.stdout:/usr/bin/ceph: stderr
2024-09-11T23:12:46.948+0000 7fc4b9ce5640 1 --2- 172.21.15.43:0/1454335735 >> [v2:172.21.15.43:3300/0,v1:172.21.15.43:6789/0] conn(0x7fc4b4108410 0x7fc4b419b860 secure :-1 s=READY pgs=44 cs=0 l=1 rev1=1 crypto rx=0x7fc4a40097f0 tx=0x7fc4a4030d80 comp rx=0 tx=0).stop
2024-09-11T23:12:47.534 INFO:teuthology.orchestra.run.smithi043.stdout:/usr/bin/ceph: stderr
2024-09-11T23:12:46.948+0000 7fc4b9ce5640 1 -- 172.21.15.43:0/1454335735 shutdown_connections
2024-09-11T23:12:47.534 INFO:teuthology.orchestra.run.smithi043.stdout:/usr/bin/ceph: stderr
2024-09-11T23:12:46.948+0000 7fc4b9ce5640 1 --2- 172.21.15.43:0/1454335735 >> [v2:172.21.15.43:6800/3892590401,v1:172.21.15.43:6801/3892590401] conn(0x7fc49c038fc0 0x7fc49c03b480 unknown :-1 s=CLOSED pgs=11 cs=0 l=1 rev1=1 crypto rx=0 tx=0 comp rx=0 tx=0).stop
2024-09-11T23:12:47.534 INFO:teuthology.orchestra.run.smithi043.stdout:/usr/bin/ceph: stderr
2024-09-11T23:12:46.948+0000 7fc4b9ce5640 1 --2- 172.21.15.43:0/1454335735 >> [v2:172.21.15.43:3300/0,v1:172.21.15.43:6789/0] conn(0x7fc4b4108410 0x7fc4b419b860 unknown :-1 s=CLOSED pgs=44 cs=0 l=1 rev1=1 crypto rx=0 tx=0 comp rx=0 tx=0).stop
2024-09-11T23:12:47.534 INFO:teuthology.orchestra.run.smithi043.stdout:/usr/bin/ceph: stderr
2024-09-11T23:12:46.948+0000 7fc4b9ce5640 1 -- 172.21.15.43:0/1454335735 >> 172.21.15.43:0/1454335735 conn(0x7fc4b4102010 msgr2=0x7fc4b4102b60 unknown :-1 s=STATE_NONE l=0).mark_down
