2024-09-11T23:13:03.812 INFO:teuthology.orchestra.run.smithi043.stdout:/usr/bin/ceph: stderr
2024-09-11T23:13:03.223+0000 7f3ca979e640 1 --2- 172.21.15.43:0/320367654 >> [v2:172.21.15.43:6800/2370495020,v1:172.21.15.43:6801/2370495020] conn(0x7f3c8c039020 0x7f3c8c03b4e0 secure :-1 s=READY pgs=7 cs=0 l=1 rev1=1 crypto rx=0x7f3c980098c0 tx=0x7f3c98006db0 comp rx=0 tx=0).stop
2024-09-11T23:13:03.812 INFO:teuthology.orchestra.run.smithi043.stdout:/usr/bin/ceph: stderr
2024-09-11T23:13:03.223+0000 7f3ca979e640 1 -- 172.21.15.43:0/320367654 >> [v2:172.21.15.43:3300/0,v1:172.21.15.43:6789/0] conn(0x7f3ca41067b0 msgr2=0x7f3ca419b8e0 secure :-1 s=STATE_CONNECTION_ESTABLISHED l=1).mark_down
2024-09-11T23:13:03.813 INFO:teuthology.orchestra.run.smithi043.stdout:/usr/bin/ceph: stderr
2024-09-11T23:13:03.223+0000 7f3ca979e640 1 --2- 172.21.15.43:0/320367654 >> [v2:172.21.15.43:3300/0,v1:172.21.15.43:6789/0] conn(0x7f3ca41067b0 0x7f3ca419b8e0 secure :-1 s=READY pgs=69 cs=0 l=1 rev1=1 crypto rx=0x7f3c9402acc0 tx=0x7f3c94031cc0 comp rx=0 tx=0).stop
2024-09-11T23:13:03.813 INFO:teuthology.orchestra.run.smithi043.stdout:/usr/bin/ceph: stderr
2024-09-11T23:13:03.224+0000 7f3ca979e640 1 -- 172.21.15.43:0/320367654 shutdown_connections
2024-09-11T23:13:03.813 INFO:teuthology.orchestra.run.smithi043.stdout:/usr/bin/ceph: stderr
2024-09-11T23:13:03.224+0000 7f3ca979e640 1 --2- 172.21.15.43:0/320367654 >> [v2:172.21.15.43:6800/2370495020,v1:172.21.15.43:6801/2370495020] conn(0x7f3c8c039020 0x7f3c8c03b4e0 unknown :-1 s=CLOSED pgs=7 cs=0 l=1 rev1=1 crypto rx=0 tx=0 comp rx=0 tx=0).stop
2024-09-11T23:13:03.813 INFO:teuthology.orchestra.run.smithi043.stdout:/usr/bin/ceph: stderr
2024-09-11T23:13:03.224+0000 7f3ca979e640 1 --2- 172.21.15.43:0/320367654 >> [v2:172.21.15.43:3300/0,v1:172.21.15.43:6789/0] conn(0x7f3ca41067b0 0x7f3ca419b8e0 unknown :-1 s=CLOSED pgs=69 cs=0 l=1 rev1=1 crypto rx=0 tx=0 comp rx=0 tx=0).stop
2024-09-11T23:13:03.813 INFO:teuthology.orchestra.run.smithi043.stdout:/usr/bin/ceph: stderr
2024-09-11T23:13:03.224+0000 7f3ca979e640 1 -- 172.21.15.43:0/320367654 >> 172.21.15.43:0/320367654 conn(0x7f3ca4101f20 msgr2=0x7f3ca4102aa0 unknown :-1 s=STATE_NONE l=0).mark_down
2024-09-11T23:13:03.813 INFO:teuthology.orchestra.run.smithi043.stdout:/usr/bin/ceph: stderr
2024-09-11T23:13:03.224+0000 7f3ca979e640 1 -- 172.21.15.43:0/320367654 shutdown_connections
2024-09-11T23:13:03.813 INFO:teuthology.orchestra.run.smithi043.stdout:/usr/bin/ceph: stderr
2024-09-11T23:13:03.224+0000 7f3ca979e640 1 -- 172.21.15.43:0/320367654 wait complete.
2024-09-11T23:13:03.813 INFO:teuthology.orchestra.run.smithi043.stdout:Creating initial admin user...
2024-09-11T23:13:04.196 INFO:journalctl@ceph.mon.a.smithi043.stdout:Sep 11 23:13:03 smithi043 ceph-mon[30950]: mgrmap e12: x(active, since 2s)
2024-09-11T23:13:04.196 INFO:journalctl@ceph.mon.a.smithi043.stdout:Sep 11 23:13:03 smithi043 ceph-mon[30950]: from='mgr.14150 172.21.15.43:0/2041994966' entity='mgr.x'
2024-09-11T23:13:04.196 INFO:journalctl@ceph.mon.a.smithi043.stdout:Sep 11 23:13:03 smithi043 ceph-mon[30950]: from='client.14162 -' entity='client.admin' cmd=[{"prefix": "dashboard create-self-signed-cert", "target": ["mon-mgr", ""]}]: dispatch
2024-09-11T23:13:04.196 INFO:journalctl@ceph.mon.a.smithi043.stdout:Sep 11 23:13:03 smithi043 ceph-mon[30950]: from='mgr.14150 172.21.15.43:0/2041994966' entity='mgr.x'
2024-09-11T23:13:04.196 INFO:journalctl@ceph.mon.a.smithi043.stdout:Sep 11 23:13:03 smithi043 ceph-mon[30950]: from='mgr.14150 172.21.15.43:0/2041994966' entity='mgr.x'
2024-09-11T23:13:05.312 INFO:journalctl@ceph.mon.a.smithi043.stdout:Sep 11 23:13:04 smithi043 ceph-mon[30950]: from='client.14164 -' entity='client.admin' cmd=[{"prefix": "dashboard ac-user-create", "username": "admin", "rolename": "administrator", "force_password": true, "pwd_update_required": true, "target": ["mon-mgr", ""]}]: dispatch
2024-09-11T23:13:05.312 INFO:journalctl@ceph.mon.a.smithi043.stdout:Sep 11 23:13:04 smithi043 ceph-mon[30950]: from='mgr.14150 172.21.15.43:0/2041994966' entity='mgr.x'
2024-09-11T23:13:05.652 INFO:teuthology.orchestra.run.smithi043.stdout:/usr/bin/ceph: stdout {"username": "admin", "password": "$2b$12$fuaBgI1DCzmhHnJuaSBfi.ssJ4.9rIZksLZmvJAdfU20rHJ8zoJI.", "roles": ["administrator"], "name": null, "email": null, "lastUpdate": 1726096384, "enabled": true, "pwdExpirationDate": null, "pwdUpdateRequired": true}
2024-09-11T23:13:05.653 INFO:teuthology.orchestra.run.smithi043.stdout:/usr/bin/ceph: stderr
2024-09-11T23:13:04.202+0000 7f1c82831640 1 Processor -- start
2024-09-11T23:13:05.653 INFO:teuthology.orchestra.run.smithi043.stdout:/usr/bin/ceph: stderr
2024-09-11T23:13:04.202+0000 7f1c82831640 1 -- start start
2024-09-11T23:13:05.653 INFO:teuthology.orchestra.run.smithi043.stdout:/usr/bin/ceph: stderr
2024-09-11T23:13:04.202+0000 7f1c82831640 1 --2- >> [v2:172.21.15.43:3300/0,v1:172.21.15.43:6789/0] conn(0x7f1c7c108410 0x7f1c7c10a800 unknown :-1 s=NONE pgs=0 cs=0 l=0 rev1=0 crypto rx=0 tx=0 comp rx=0 tx=0).connect
2024-09-11T23:13:05.653 INFO:teuthology.orchestra.run.smithi043.stdout:/usr/bin/ceph: stderr
2024-09-11T23:13:04.202+0000 7f1c82831640 1 -- --> [v2:172.21.15.43:3300/0,v1:172.21.15.43:6789/0] -- mon_getmap magic: 0 -- 0x7f1c7c07be10 con 0x7f1c7c108410
2024-09-11T23:13:05.653 INFO:teuthology.orchestra.run.smithi043.stdout:/usr/bin/ceph: stderr
2024-09-11T23:13:04.202+0000 7f1c7bfff640 1 --2- >> [v2:172.21.15.43:3300/0,v1:172.21.15.43:6789/0] conn(0x7f1c7c108410 0x7f1c7c10a800 unknown :-1 s=BANNER_CONNECTING pgs=0 cs=0 l=0 rev1=0 crypto rx=0 tx=0 comp rx=0 tx=0)._handle_peer_banner_payload supported=3 required=0
2024-09-11T23:13:05.653 INFO:teuthology.orchestra.run.smithi043.stdout:/usr/bin/ceph: stderr
2024-09-11T23:13:04.202+0000 7f1c7bfff640 1 --2- >> [v2:172.21.15.43:3300/0,v1:172.21.15.43:6789/0] conn(0x7f1c7c108410 0x7f1c7c10a800 unknown :-1 s=HELLO_CONNECTING pgs=0 cs=0 l=0 rev1=1 crypto rx=0 tx=0 comp rx=0 tx=0).handle_hello peer v2:172.21.15.43:3300/0 says I am v2:172.21.15.43:40938/0 (socket says 172.21.15.43:40938)
2024-09-11T23:13:05.653 INFO:teuthology.orchestra.run.smithi043.stdout:/usr/bin/ceph: stderr
2024-09-11T23:13:04.202+0000 7f1c7bfff640 1 -- 172.21.15.43:0/2541099944 learned_addr learned my addr 172.21.15.43:0/2541099944 (peer_addr_for_me v2:172.21.15.43:0/0)
2024-09-11T23:13:05.653 INFO:teuthology.orchestra.run.smithi043.stdout:/usr/bin/ceph: stderr
2024-09-11T23:13:04.203+0000 7f1c7bfff640 1 -- 172.21.15.43:0/2541099944 --> [v2:172.21.15.43:3300/0,v1:172.21.15.43:6789/0] -- mon_subscribe({config=0+,monmap=0+}) -- 0x7f1c7c10ad40 con 0x7f1c7c108410
2024-09-11T23:13:05.653 INFO:teuthology.orchestra.run.smithi043.stdout:/usr/bin/ceph: stderr
2024-09-11T23:13:04.203+0000 7f1c7bfff640 1 --2- 172.21.15.43:0/2541099944 >> [v2:172.21.15.43:3300/0,v1:172.21.15.43:6789/0] conn(0x7f1c7c108410 0x7f1c7c10a800 secure :-1 s=READY pgs=70 cs=0 l=1 rev1=1 crypto rx=0x7f1c6c009820 tx=0x7f1c6c02a270 comp rx=0 tx=0).ready entity=mon.0 client_cookie=4d2d610a07c780a7 server_cookie=0 in_seq=0 out_seq=0
2024-09-11T23:13:05.653 INFO:teuthology.orchestra.run.smithi043.stdout:/usr/bin/ceph: stderr
2024-09-11T23:13:04.203+0000 7f1c7affd640 1 -- 172.21.15.43:0/2541099944 <== mon.0 v2:172.21.15.43:3300/0 1 ==== mon_map magic: 0 ==== 205+0+0 (secure 0 0 0) 0x7f1c6c037070 con 0x7f1c7c108410
2024-09-11T23:13:05.653 INFO:teuthology.orchestra.run.smithi043.stdout:/usr/bin/ceph: stderr
2024-09-11T23:13:04.204+0000 7f1c7affd640 1 -- 172.21.15.43:0/2541099944 <== mon.0 v2:172.21.15.43:3300/0 2 ==== config(27 keys) ==== 1140+0+0 (secure 0 0 0) 0x7f1c6c032920 con 0x7f1c7c108410
2024-09-11T23:13:05.654 INFO:teuthology.orchestra.run.smithi043.stdout:/usr/bin/ceph: stderr
2024-09-11T23:13:04.204+0000 7f1c7affd640 1 -- 172.21.15.43:0/2541099944 <== mon.0 v2:172.21.15.43:3300/0 3 ==== mon_map magic: 0 ==== 205+0+0 (secure 0 0 0) 0x7f1c6c030810 con 0x7f1c7c108410
2024-09-11T23:13:05.654 INFO:teuthology.orchestra.run.smithi043.stdout:/usr/bin/ceph: stderr
2024-09-11T23:13:04.204+0000 7f1c82831640 1 -- 172.21.15.43:0/2541099944 >> [v2:172.21.15.43:3300/0,v1:172.21.15.43:6789/0] conn(0x7f1c7c108410 msgr2=0x7f1c7c10a800 secure :-1 s=STATE_CONNECTION_ESTABLISHED l=1).mark_down
2024-09-11T23:13:05.654 INFO:teuthology.orchestra.run.smithi043.stdout:/usr/bin/ceph: stderr
2024-09-11T23:13:04.204+0000 7f1c82831640 1 --2- 172.21.15.43:0/2541099944 >> [v2:172.21.15.43:3300/0,v1:172.21.15.43:6789/0] conn(0x7f1c7c108410 0x7f1c7c10a800 secure :-1 s=READY pgs=70 cs=0 l=1 rev1=1 crypto rx=0x7f1c6c009820 tx=0x7f1c6c02a270 comp rx=0 tx=0).stop
2024-09-11T23:13:05.654 INFO:teuthology.orchestra.run.smithi043.stdout:/usr/bin/ceph: stderr
2024-09-11T23:13:04.204+0000 7f1c82831640 1 -- 172.21.15.43:0/2541099944 shutdown_connections
2024-09-11T23:13:05.654 INFO:teuthology.orchestra.run.smithi043.stdout:/usr/bin/ceph: stderr
2024-09-11T23:13:04.204+0000 7f1c82831640 1 --2- 172.21.15.43:0/2541099944 >> [v2:172.21.15.43:3300/0,v1:172.21.15.43:6789/0] conn(0x7f1c7c108410 0x7f1c7c10a800 unknown :-1 s=CLOSED pgs=70 cs=0 l=1 rev1=1 crypto rx=0 tx=0 comp rx=0 tx=0).stop
2024-09-11T23:13:05.654 INFO:teuthology.orchestra.run.smithi043.stdout:/usr/bin/ceph: stderr
2024-09-11T23:13:04.204+0000 7f1c82831640 1 -- 172.21.15.43:0/2541099944 >> 172.21.15.43:0/2541099944 conn(0x7f1c7c102010 msgr2=0x7f1c7c104430 unknown :-1 s=STATE_NONE l=0).mark_down
2024-09-11T23:13:05.654 INFO:teuthology.orchestra.run.smithi043.stdout:/usr/bin/ceph: stderr
2024-09-11T23:13:04.204+0000 7f1c82831640 1 -- 172.21.15.43:0/2541099944 shutdown_connections
2024-09-11T23:13:05.654 INFO:teuthology.orchestra.run.smithi043.stdout:/usr/bin/ceph: stderr
2024-09-11T23:13:04.204+0000 7f1c82831640 1 -- 172.21.15.43:0/2541099944 wait complete.
2024-09-11T23:13:05.654 INFO:teuthology.orchestra.run.smithi043.stdout:/usr/bin/ceph: stderr
2024-09-11T23:13:04.205+0000 7f1c82831640 1 Processor -- start
2024-09-11T23:13:05.654 INFO:teuthology.orchestra.run.smithi043.stdout:/usr/bin/ceph: stderr
2024-09-11T23:13:04.205+0000 7f1c82831640 1 -- start start
2024-09-11T23:13:05.654 INFO:teuthology.orchestra.run.smithi043.stdout:/usr/bin/ceph: stderr
2024-09-11T23:13:04.205+0000 7f1c82831640 1 --2- >> [v2:172.21.15.43:3300/0,v1:172.21.15.43:6789/0] conn(0x7f1c7c108410 0x7f1c7c107c90 unknown :-1 s=NONE pgs=0 cs=0 l=1 rev1=0 crypto rx=0 tx=0 comp rx=0 tx=0).connect
2024-09-11T23:13:05.654 INFO:teuthology.orchestra.run.smithi043.stdout:/usr/bin/ceph: stderr
2024-09-11T23:13:04.205+0000 7f1c82831640 1 -- --> [v2:172.21.15.43:3300/0,v1:172.21.15.43:6789/0] -- mon_getmap magic: 0 -- 0x7f1c7c10bcf0 con 0x7f1c7c108410
2024-09-11T23:13:05.654 INFO:teuthology.orchestra.run.smithi043.stdout:/usr/bin/ceph: stderr
2024-09-11T23:13:04.205+0000 7f1c7bfff640 1 --2- >> [v2:172.21.15.43:3300/0,v1:172.21.15.43:6789/0] conn(0x7f1c7c108410 0x7f1c7c107c90 unknown :-1 s=BANNER_CONNECTING pgs=0 cs=0 l=1 rev1=0 crypto rx=0 tx=0 comp rx=0 tx=0)._handle_peer_banner_payload supported=3 required=0
2024-09-11T23:13:05.655 INFO:teuthology.orchestra.run.smithi043.stdout:/usr/bin/ceph: stderr
2024-09-11T23:13:04.205+0000 7f1c7bfff640 1 --2- >> [v2:172.21.15.43:3300/0,v1:172.21.15.43:6789/0] conn(0x7f1c7c108410 0x7f1c7c107c90 unknown :-1 s=HELLO_CONNECTING pgs=0 cs=0 l=1 rev1=1 crypto rx=0 tx=0 comp rx=0 tx=0).handle_hello peer v2:172.21.15.43:3300/0 says I am v2:172.21.15.43:40942/0 (socket says 172.21.15.43:40942)
2024-09-11T23:13:05.655 INFO:teuthology.orchestra.run.smithi043.stdout:/usr/bin/ceph: stderr
2024-09-11T23:13:04.205+0000 7f1c7bfff640 1 -- 172.21.15.43:0/1297600561 learned_addr learned my addr 172.21.15.43:0/1297600561 (peer_addr_for_me v2:172.21.15.43:0/0)
2024-09-11T23:13:05.655 INFO:teuthology.orchestra.run.smithi043.stdout:/usr/bin/ceph: stderr
2024-09-11T23:13:04.206+0000 7f1c7bfff640 1 -- 172.21.15.43:0/1297600561 --> [v2:172.21.15.43:3300/0,v1:172.21.15.43:6789/0] -- mon_subscribe({config=0+,monmap=0+}) -- 0x7f1c7c1081d0 con 0x7f1c7c108410
2024-09-11T23:13:05.655 INFO:teuthology.orchestra.run.smithi043.stdout:/usr/bin/ceph: stderr
2024-09-11T23:13:04.206+0000 7f1c7bfff640 1 --2- 172.21.15.43:0/1297600561 >> [v2:172.21.15.43:3300/0,v1:172.21.15.43:6789/0] conn(0x7f1c7c108410 0x7f1c7c107c90 secure :-1 s=READY pgs=71 cs=0 l=1 rev1=1 crypto rx=0x7f1c6c030380 tx=0x7f1c6c032670 comp rx=0 tx=0).ready entity=mon.0 client_cookie=0 server_cookie=0 in_seq=0 out_seq=0
2024-09-11T23:13:05.655 INFO:teuthology.orchestra.run.smithi043.stdout:/usr/bin/ceph: stderr
2024-09-11T23:13:04.206+0000 7f1c797fa640 1 -- 172.21.15.43:0/1297600561 <== mon.0 v2:172.21.15.43:3300/0 1 ==== mon_map magic: 0 ==== 205+0+0 (secure 0 0 0) 0x7f1c6c037040 con 0x7f1c7c108410
2024-09-11T23:13:05.655 INFO:teuthology.orchestra.run.smithi043.stdout:/usr/bin/ceph: stderr
2024-09-11T23:13:04.206+0000 7f1c82831640 1 -- 172.21.15.43:0/1297600561 --> [v2:172.21.15.43:3300/0,v1:172.21.15.43:6789/0] -- mon_subscribe({mgrmap=0+}) -- 0x7f1c7c1063c0 con 0x7f1c7c108410
2024-09-11T23:13:05.655 INFO:teuthology.orchestra.run.smithi043.stdout:/usr/bin/ceph: stderr
2024-09-11T23:13:04.206+0000 7f1c797fa640 1 -- 172.21.15.43:0/1297600561 <== mon.0 v2:172.21.15.43:3300/0 2 ==== config(27 keys) ==== 1140+0+0 (secure 0 0 0) 0x7f1c6c040070 con 0x7f1c7c108410
2024-09-11T23:13:05.655 INFO:teuthology.orchestra.run.smithi043.stdout:/usr/bin/ceph: stderr
2024-09-11T23:13:04.206+0000 7f1c797fa640 1 -- 172.21.15.43:0/1297600561 <== mon.0 v2:172.21.15.43:3300/0 3 ==== mon_map magic: 0 ==== 205+0+0 (secure 0 0 0) 0x7f1c6c03a7b0 con 0x7f1c7c108410
2024-09-11T23:13:05.655 INFO:teuthology.orchestra.run.smithi043.stdout:/usr/bin/ceph: stderr
2024-09-11T23:13:04.206+0000 7f1c82831640 1 -- 172.21.15.43:0/1297600561 --> [v2:172.21.15.43:3300/0,v1:172.21.15.43:6789/0] -- mon_subscribe({osdmap=0}) -- 0x7f1c7c106900 con 0x7f1c7c108410
2024-09-11T23:13:05.655 INFO:teuthology.orchestra.run.smithi043.stdout:/usr/bin/ceph: stderr
2024-09-11T23:13:04.207+0000 7f1c797fa640 1 -- 172.21.15.43:0/1297600561 <== mon.0 v2:172.21.15.43:3300/0 4 ==== mgrmap(e 12) ==== 46300+0+0 (secure 0 0 0) 0x7f1c6c03aa30 con 0x7f1c7c108410
2024-09-11T23:13:05.655 INFO:teuthology.orchestra.run.smithi043.stdout:/usr/bin/ceph: stderr
2024-09-11T23:13:04.207+0000 7f1c82831640 1 -- 172.21.15.43:0/1297600561 --> [v2:172.21.15.43:3300/0,v1:172.21.15.43:6789/0] -- mon_command({"prefix": "get_command_descriptions"} v 0) -- 0x7f1c7c108870 con 0x7f1c7c108410
2024-09-11T23:13:05.655 INFO:teuthology.orchestra.run.smithi043.stdout:/usr/bin/ceph: stderr
2024-09-11T23:13:04.207+0000 7f1c797fa640 1 --2- 172.21.15.43:0/1297600561 >> [v2:172.21.15.43:6800/2370495020,v1:172.21.15.43:6801/2370495020] conn(0x7f1c64038fc0 0x7f1c6403b480 unknown :-1 s=NONE pgs=0 cs=0 l=1 rev1=0 crypto rx=0 tx=0 comp rx=0 tx=0).connect
2024-09-11T23:13:05.655 INFO:teuthology.orchestra.run.smithi043.stdout:/usr/bin/ceph: stderr
2024-09-11T23:13:04.207+0000 7f1c797fa640 1 -- 172.21.15.43:0/1297600561 <== mon.0 v2:172.21.15.43:3300/0 5 ==== osd_map(3..3 src has 1..3) ==== 1155+0+0 (secure 0 0 0) 0x7f1c6c06c9f0 con 0x7f1c7c108410
2024-09-11T23:13:05.656 INFO:teuthology.orchestra.run.smithi043.stdout:/usr/bin/ceph: stderr
2024-09-11T23:13:04.207+0000 7f1c7b7fe640 1 --2- 172.21.15.43:0/1297600561 >> [v2:172.21.15.43:6800/2370495020,v1:172.21.15.43:6801/2370495020] conn(0x7f1c64038fc0 0x7f1c6403b480 unknown :-1 s=BANNER_CONNECTING pgs=0 cs=0 l=1 rev1=0 crypto rx=0 tx=0 comp rx=0 tx=0)._handle_peer_banner_payload supported=3 required=0
2024-09-11T23:13:05.656 INFO:teuthology.orchestra.run.smithi043.stdout:/usr/bin/ceph: stderr
2024-09-11T23:13:04.208+0000 7f1c7b7fe640 1 --2- 172.21.15.43:0/1297600561 >> [v2:172.21.15.43:6800/2370495020,v1:172.21.15.43:6801/2370495020] conn(0x7f1c64038fc0 0x7f1c6403b480 secure :-1 s=READY pgs=8 cs=0 l=1 rev1=1 crypto rx=0x7f1c700098c0 tx=0x7f1c70006db0 comp rx=0 tx=0).ready entity=mgr.14150 client_cookie=0 server_cookie=0 in_seq=0 out_seq=0
2024-09-11T23:13:05.656 INFO:teuthology.orchestra.run.smithi043.stdout:/usr/bin/ceph: stderr
2024-09-11T23:13:04.212+0000 7f1c797fa640 1 -- 172.21.15.43:0/1297600561 <== mon.0 v2:172.21.15.43:3300/0 6 ==== mon_command_ack([{"prefix": "get_command_descriptions"}]=0 v0) ==== 72+0+188821 (secure 0 0 0) 0x7f1c6c044c70 con 0x7f1c7c108410
2024-09-11T23:13:05.656 INFO:teuthology.orchestra.run.smithi043.stdout:/usr/bin/ceph: stderr
2024-09-11T23:13:04.403+0000 7f1c82831640 1 -- 172.21.15.43:0/1297600561 --> [v2:172.21.15.43:6800/2370495020,v1:172.21.15.43:6801/2370495020] -- mgr_command(tid 0: {"prefix": "dashboard ac-user-create", "username": "admin", "rolename": "administrator", "force_password": true, "pwd_update_required": true, "target": ["mon-mgr", ""]}) -- 0x7f1c7c1070a0 con 0x7f1c64038fc0
2024-09-11T23:13:05.656 INFO:teuthology.orchestra.run.smithi043.stdout:/usr/bin/ceph: stderr
2024-09-11T23:13:04.652+0000 7f1c797fa640 1 -- 172.21.15.43:0/1297600561 <== mgr.14150 v2:172.21.15.43:6800/2370495020 1 ==== mgr_command_reply(tid 0: 0 ) ==== 8+0+252 (secure 0 0 0) 0x7f1c7c1070a0 con 0x7f1c64038fc0
2024-09-11T23:13:05.656 INFO:teuthology.orchestra.run.smithi043.stdout:/usr/bin/ceph: stderr
2024-09-11T23:13:04.654+0000 7f1c82831640 1 -- 172.21.15.43:0/1297600561 >> [v2:172.21.15.43:6800/2370495020,v1:172.21.15.43:6801/2370495020] conn(0x7f1c64038fc0 msgr2=0x7f1c6403b480 secure :-1 s=STATE_CONNECTION_ESTABLISHED l=1).mark_down
2024-09-11T23:13:05.656 INFO:teuthology.orchestra.run.smithi043.stdout:/usr/bin/ceph: stderr
2024-09-11T23:13:04.654+0000 7f1c82831640 1 --2- 172.21.15.43:0/1297600561 >> [v2:172.21.15.43:6800/2370495020,v1:172.21.15.43:6801/2370495020] conn(0x7f1c64038fc0 0x7f1c6403b480 secure :-1 s=READY pgs=8 cs=0 l=1 rev1=1 crypto rx=0x7f1c700098c0 tx=0x7f1c70006db0 comp rx=0 tx=0).stop
2024-09-11T23:13:05.656 INFO:teuthology.orchestra.run.smithi043.stdout:/usr/bin/ceph: stderr
2024-09-11T23:13:04.654+0000 7f1c82831640 1 -- 172.21.15.43:0/1297600561 >> [v2:172.21.15.43:3300/0,v1:172.21.15.43:6789/0] conn(0x7f1c7c108410 msgr2=0x7f1c7c107c90 secure :-1 s=STATE_CONNECTION_ESTABLISHED l=1).mark_down
2024-09-11T23:13:05.656 INFO:teuthology.orchestra.run.smithi043.stdout:/usr/bin/ceph: stderr
2024-09-11T23:13:04.654+0000 7f1c82831640 1 --2- 172.21.15.43:0/1297600561 >> [v2:172.21.15.43:3300/0,v1:172.21.15.43:6789/0] conn(0x7f1c7c108410 0x7f1c7c107c90 secure :-1 s=READY pgs=71 cs=0 l=1 rev1=1 crypto rx=0x7f1c6c030380 tx=0x7f1c6c032670 comp rx=0 tx=0).stop
2024-09-11T23:13:05.656 INFO:teuthology.orchestra.run.smithi043.stdout:/usr/bin/ceph: stderr
2024-09-11T23:13:04.654+0000 7f1c82831640 1 -- 172.21.15.43:0/1297600561 shutdown_connections
2024-09-11T23:13:05.656 INFO:teuthology.orchestra.run.smithi043.stdout:/usr/bin/ceph: stderr
2024-09-11T23:13:04.654+0000 7f1c82831640 1 --2- 172.21.15.43:0/1297600561 >> [v2:172.21.15.43:6800/2370495020,v1:172.21.15.43:6801/2370495020] conn(0x7f1c64038fc0 0x7f1c6403b480 unknown :-1 s=CLOSED pgs=8 cs=0 l=1 rev1=1 crypto rx=0 tx=0 comp rx=0 tx=0).stop
2024-09-11T23:13:05.656 INFO:teuthology.orchestra.run.smithi043.stdout:/usr/bin/ceph: stderr
2024-09-11T23:13:04.654+0000 7f1c82831640 1 --2- 172.21.15.43:0/1297600561 >> [v2:172.21.15.43:3300/0,v1:172.21.15.43:6789/0] conn(0x7f1c7c108410 0x7f1c7c107c90 unknown :-1 s=CLOSED pgs=71 cs=0 l=1 rev1=1 crypto rx=0 tx=0 comp rx=0 tx=0).stop
2024-09-11T23:13:05.656 INFO:teuthology.orchestra.run.smithi043.stdout:/usr/bin/ceph: stderr
2024-09-11T23:13:04.654+0000 7f1c82831640 1 -- 172.21.15.43:0/1297600561 >> 172.21.15.43:0/1297600561 conn(0x7f1c7c102010 msgr2=0x7f1c7c102bc0 unknown :-1 s=STATE_NONE l=0).mark_down
2024-09-11T23:13:05.656 INFO:teuthology.orchestra.run.smithi043.stdout:/usr/bin/ceph: stderr
2024-09-11T23:13:04.654+0000 7f1c82831640 1 -- 172.21.15.43:0/1297600561 shutdown_connections
2024-09-11T23:13:05.657 INFO:teuthology.orchestra.run.smithi043.stdout:/usr/bin/ceph: stderr
2024-09-11T23:13:04.654+0000 7f1c82831640 1 -- 172.21.15.43:0/1297600561 wait complete.
2024-09-11T23:13:05.657 INFO:teuthology.orchestra.run.smithi043.stdout:Fetching dashboard port number...
2024-09-11T23:13:07.278 INFO:teuthology.orchestra.run.smithi043.stdout:/usr/bin/ceph: stdout 8443
2024-09-11T23:13:07.278 INFO:teuthology.orchestra.run.smithi043.stdout:/usr/bin/ceph: stderr
2024-09-11T23:13:06.488+0000 7f8b3c330640 1 Processor -- start
2024-09-11T23:13:07.278 INFO:teuthology.orchestra.run.smithi043.stdout:/usr/bin/ceph: stderr
2024-09-11T23:13:06.488+0000 7f8b3c330640 1 -- start start
2024-09-11T23:13:07.278 INFO:teuthology.orchestra.run.smithi043.stdout:/usr/bin/ceph: stderr
2024-09-11T23:13:06.488+0000 7f8b3c330640 1 --2- >> [v2:172.21.15.43:3300/0,v1:172.21.15.43:6789/0] conn(0x7f8b341067b0 0x7f8b34106bb0 unknown :-1 s=NONE pgs=0 cs=0 l=0 rev1=0 crypto rx=0 tx=0 comp rx=0 tx=0).connect
2024-09-11T23:13:07.278 INFO:teuthology.orchestra.run.smithi043.stdout:/usr/bin/ceph: stderr
2024-09-11T23:13:06.488+0000 7f8b3c330640 1 -- --> [v2:172.21.15.43:3300/0,v1:172.21.15.43:6789/0] -- mon_getmap magic: 0 -- 0x7f8b34107180 con 0x7f8b341067b0
2024-09-11T23:13:07.279 INFO:teuthology.orchestra.run.smithi043.stdout:/usr/bin/ceph: stderr
2024-09-11T23:13:06.489+0000 7f8b3a0cc640 1 --2- >> [v2:172.21.15.43:3300/0,v1:172.21.15.43:6789/0] conn(0x7f8b341067b0 0x7f8b34106bb0 unknown :-1 s=BANNER_CONNECTING pgs=0 cs=0 l=0 rev1=0 crypto rx=0 tx=0 comp rx=0 tx=0)._handle_peer_banner_payload supported=3 required=0
2024-09-11T23:13:07.279 INFO:teuthology.orchestra.run.smithi043.stdout:/usr/bin/ceph: stderr
2024-09-11T23:13:06.489+0000 7f8b3a0cc640 1 --2- >> [v2:172.21.15.43:3300/0,v1:172.21.15.43:6789/0] conn(0x7f8b341067b0 0x7f8b34106bb0 unknown :-1 s=HELLO_CONNECTING pgs=0 cs=0 l=0 rev1=1 crypto rx=0 tx=0 comp rx=0 tx=0).handle_hello peer v2:172.21.15.43:3300/0 says I am v2:172.21.15.43:40958/0 (socket says 172.21.15.43:40958)
2024-09-11T23:13:07.279 INFO:teuthology.orchestra.run.smithi043.stdout:/usr/bin/ceph: stderr
2024-09-11T23:13:06.489+0000 7f8b3a0cc640 1 -- 172.21.15.43:0/3839092394 learned_addr learned my addr 172.21.15.43:0/3839092394 (peer_addr_for_me v2:172.21.15.43:0/0)
2024-09-11T23:13:07.279 INFO:teuthology.orchestra.run.smithi043.stdout:/usr/bin/ceph: stderr
2024-09-11T23:13:06.489+0000 7f8b3a0cc640 1 -- 172.21.15.43:0/3839092394 --> [v2:172.21.15.43:3300/0,v1:172.21.15.43:6789/0] -- mon_subscribe({config=0+,monmap=0+}) -- 0x7f8b341079b0 con 0x7f8b341067b0
2024-09-11T23:13:07.279 INFO:teuthology.orchestra.run.smithi043.stdout:/usr/bin/ceph: stderr
2024-09-11T23:13:06.490+0000 7f8b3a0cc640 1 --2- 172.21.15.43:0/3839092394 >> [v2:172.21.15.43:3300/0,v1:172.21.15.43:6789/0] conn(0x7f8b341067b0 0x7f8b34106bb0 secure :-1 s=READY pgs=72 cs=0 l=1 rev1=1 crypto rx=0x7f8b24009e80 tx=0x7f8b2402a7a0 comp rx=0 tx=0).ready entity=mon.0 client_cookie=62903460c87e32bd server_cookie=0 in_seq=0 out_seq=0
2024-09-11T23:13:07.279 INFO:teuthology.orchestra.run.smithi043.stdout:/usr/bin/ceph: stderr
2024-09-11T23:13:06.490+0000 7f8b390ca640 1 -- 172.21.15.43:0/3839092394 <== mon.0 v2:172.21.15.43:3300/0 1 ==== mon_map magic: 0 ==== 205+0+0 (secure 0 0 0) 0x7f8b24036070 con 0x7f8b341067b0
2024-09-11T23:13:07.279 INFO:teuthology.orchestra.run.smithi043.stdout:/usr/bin/ceph: stderr
2024-09-11T23:13:06.490+0000 7f8b390ca640 1 -- 172.21.15.43:0/3839092394 <== mon.0 v2:172.21.15.43:3300/0 2 ==== config(27 keys) ==== 1140+0+0 (secure 0 0 0) 0x7f8b240318e0 con 0x7f8b341067b0
2024-09-11T23:13:07.279 INFO:teuthology.orchestra.run.smithi043.stdout:/usr/bin/ceph: stderr
2024-09-11T23:13:06.490+0000 7f8b390ca640 1 -- 172.21.15.43:0/3839092394 <== mon.0 v2:172.21.15.43:3300/0 3 ==== mon_map magic: 0 ==== 205+0+0 (secure 0 0 0) 0x7f8b24007a00 con 0x7f8b341067b0
2024-09-11T23:13:07.279 INFO:teuthology.orchestra.run.smithi043.stdout:/usr/bin/ceph: stderr
2024-09-11T23:13:06.490+0000 7f8b3c330640 1 -- 172.21.15.43:0/3839092394 >> [v2:172.21.15.43:3300/0,v1:172.21.15.43:6789/0] conn(0x7f8b341067b0 msgr2=0x7f8b34106bb0 secure :-1 s=STATE_CONNECTION_ESTABLISHED l=1).mark_down
2024-09-11T23:13:07.279 INFO:teuthology.orchestra.run.smithi043.stdout:/usr/bin/ceph: stderr
2024-09-11T23:13:06.490+0000 7f8b3c330640 1 --2- 172.21.15.43:0/3839092394 >> [v2:172.21.15.43:3300/0,v1:172.21.15.43:6789/0] conn(0x7f8b341067b0 0x7f8b34106bb0 secure :-1 s=READY pgs=72 cs=0 l=1 rev1=1 crypto rx=0x7f8b24009e80 tx=0x7f8b2402a7a0 comp rx=0 tx=0).stop
2024-09-11T23:13:07.279 INFO:teuthology.orchestra.run.smithi043.stdout:/usr/bin/ceph: stderr
2024-09-11T23:13:06.491+0000 7f8b3c330640 1 -- 172.21.15.43:0/3839092394 shutdown_connections
2024-09-11T23:13:07.279 INFO:teuthology.orchestra.run.smithi043.stdout:/usr/bin/ceph: stderr
2024-09-11T23:13:06.491+0000 7f8b3c330640 1 --2- 172.21.15.43:0/3839092394 >> [v2:172.21.15.43:3300/0,v1:172.21.15.43:6789/0] conn(0x7f8b341067b0 0x7f8b34106bb0 unknown :-1 s=CLOSED pgs=72 cs=0 l=1 rev1=1 crypto rx=0 tx=0 comp rx=0 tx=0).stop
2024-09-11T23:13:07.280 INFO:teuthology.orchestra.run.smithi043.stdout:/usr/bin/ceph: stderr
2024-09-11T23:13:06.491+0000 7f8b3c330640 1 -- 172.21.15.43:0/3839092394 >> 172.21.15.43:0/3839092394 conn(0x7f8b34101f20 msgr2=0x7f8b34104380 unknown :-1 s=STATE_NONE l=0).mark_down
2024-09-11T23:13:07.280 INFO:teuthology.orchestra.run.smithi043.stdout:/usr/bin/ceph: stderr
2024-09-11T23:13:06.491+0000 7f8b3c330640 1 -- 172.21.15.43:0/3839092394 shutdown_connections
2024-09-11T23:13:07.280 INFO:teuthology.orchestra.run.smithi043.stdout:/usr/bin/ceph: stderr
2024-09-11T23:13:06.491+0000 7f8b3c330640 1 -- 172.21.15.43:0/3839092394 wait complete.
2024-09-11T23:13:07.280 INFO:teuthology.orchestra.run.smithi043.stdout:/usr/bin/ceph: stderr
2024-09-11T23:13:06.491+0000 7f8b3c330640 1 Processor -- start
2024-09-11T23:13:07.280 INFO:teuthology.orchestra.run.smithi043.stdout:/usr/bin/ceph: stderr
2024-09-11T23:13:06.491+0000 7f8b3c330640 1 -- start start
2024-09-11T23:13:07.280 INFO:teuthology.orchestra.run.smithi043.stdout:/usr/bin/ceph: stderr
2024-09-11T23:13:06.491+0000 7f8b3c330640 1 --2- >> [v2:172.21.15.43:3300/0,v1:172.21.15.43:6789/0] conn(0x7f8b341067b0 0x7f8b3419a7e0 unknown :-1 s=NONE pgs=0 cs=0 l=1 rev1=0 crypto rx=0 tx=0 comp rx=0 tx=0).connect
2024-09-11T23:13:07.280 INFO:teuthology.orchestra.run.smithi043.stdout:/usr/bin/ceph: stderr
2024-09-11T23:13:06.491+0000 7f8b3c330640 1 -- --> [v2:172.21.15.43:3300/0,v1:172.21.15.43:6789/0] -- mon_getmap magic: 0 -- 0x7f8b3410ad60 con 0x7f8b341067b0
2024-09-11T23:13:07.280 INFO:teuthology.orchestra.run.smithi043.stdout:/usr/bin/ceph: stderr
2024-09-11T23:13:06.492+0000 7f8b3a0cc640 1 --2- >> [v2:172.21.15.43:3300/0,v1:172.21.15.43:6789/0] conn(0x7f8b341067b0 0x7f8b3419a7e0 unknown :-1 s=BANNER_CONNECTING pgs=0 cs=0 l=1 rev1=0 crypto rx=0 tx=0 comp rx=0 tx=0)._handle_peer_banner_payload supported=3 required=0
2024-09-11T23:13:07.280 INFO:teuthology.orchestra.run.smithi043.stdout:/usr/bin/ceph: stderr
2024-09-11T23:13:06.492+0000 7f8b3a0cc640 1 --2- >> [v2:172.21.15.43:3300/0,v1:172.21.15.43:6789/0] conn(0x7f8b341067b0 0x7f8b3419a7e0 unknown :-1 s=HELLO_CONNECTING pgs=0 cs=0 l=1 rev1=1 crypto rx=0 tx=0 comp rx=0 tx=0).handle_hello peer v2:172.21.15.43:3300/0 says I am v2:172.21.15.43:40960/0 (socket says 172.21.15.43:40960)
2024-09-11T23:13:07.280 INFO:teuthology.orchestra.run.smithi043.stdout:/usr/bin/ceph: stderr
2024-09-11T23:13:06.492+0000 7f8b3a0cc640 1 -- 172.21.15.43:0/3851857257 learned_addr learned my addr 172.21.15.43:0/3851857257 (peer_addr_for_me v2:172.21.15.43:0/0)
2024-09-11T23:13:07.280 INFO:teuthology.orchestra.run.smithi043.stdout:/usr/bin/ceph: stderr
2024-09-11T23:13:06.492+0000 7f8b3a0cc640 1 -- 172.21.15.43:0/3851857257 --> [v2:172.21.15.43:3300/0,v1:172.21.15.43:6789/0] -- mon_subscribe({config=0+,monmap=0+}) -- 0x7f8b3419ad20 con 0x7f8b341067b0
2024-09-11T23:13:07.280 INFO:teuthology.orchestra.run.smithi043.stdout:/usr/bin/ceph: stderr
2024-09-11T23:13:06.492+0000 7f8b3a0cc640 1 --2- 172.21.15.43:0/3851857257 >> [v2:172.21.15.43:3300/0,v1:172.21.15.43:6789/0] conn(0x7f8b341067b0 0x7f8b3419a7e0 secure :-1 s=READY pgs=73 cs=0 l=1 rev1=1 crypto rx=0x7f8b2402acc0 tx=0x7f8b24031cc0 comp rx=0 tx=0).ready entity=mon.0 client_cookie=0 server_cookie=0 in_seq=0 out_seq=0
2024-09-11T23:13:07.281 INFO:teuthology.orchestra.run.smithi043.stdout:/usr/bin/ceph: stderr
2024-09-11T23:13:06.492+0000 7f8b337fe640 1 -- 172.21.15.43:0/3851857257 <== mon.0 v2:172.21.15.43:3300/0 1 ==== mon_map magic: 0 ==== 205+0+0 (secure 0 0 0) 0x7f8b24036050 con 0x7f8b341067b0
2024-09-11T23:13:07.281 INFO:teuthology.orchestra.run.smithi043.stdout:/usr/bin/ceph: stderr
2024-09-11T23:13:06.492+0000 7f8b337fe640 1 -- 172.21.15.43:0/3851857257 <== mon.0 v2:172.21.15.43:3300/0 2 ==== config(27 keys) ==== 1140+0+0 (secure 0 0 0) 0x7f8b24037040 con 0x7f8b341067b0
2024-09-11T23:13:07.281 INFO:teuthology.orchestra.run.smithi043.stdout:/usr/bin/ceph: stderr
2024-09-11T23:13:06.492+0000 7f8b3c330640 1 -- 172.21.15.43:0/3851857257 --> [v2:172.21.15.43:3300/0,v1:172.21.15.43:6789/0] -- mon_subscribe({mgrmap=0+}) -- 0x7f8b3419afb0 con 0x7f8b341067b0
2024-09-11T23:13:07.281 INFO:teuthology.orchestra.run.smithi043.stdout:/usr/bin/ceph: stderr
2024-09-11T23:13:06.492+0000 7f8b337fe640 1 -- 172.21.15.43:0/3851857257 <== mon.0 v2:172.21.15.43:3300/0 3 ==== mon_map magic: 0 ==== 205+0+0 (secure 0 0 0) 0x7f8b2403b890 con 0x7f8b341067b0
2024-09-11T23:13:07.281 INFO:teuthology.orchestra.run.smithi043.stdout:/usr/bin/ceph: stderr
2024-09-11T23:13:06.492+0000 7f8b3c330640 1 -- 172.21.15.43:0/3851857257 --> [v2:172.21.15.43:3300/0,v1:172.21.15.43:6789/0] -- mon_subscribe({osdmap=0}) -- 0x7f8b3419dca0 con 0x7f8b341067b0
2024-09-11T23:13:07.281 INFO:teuthology.orchestra.run.smithi043.stdout:/usr/bin/ceph: stderr
2024-09-11T23:13:06.493+0000 7f8b337fe640 1 -- 172.21.15.43:0/3851857257 <== mon.0 v2:172.21.15.43:3300/0 4 ==== mgrmap(e 12) ==== 46300+0+0 (secure 0 0 0) 0x7f8b24044020 con 0x7f8b341067b0
2024-09-11T23:13:07.281 INFO:teuthology.orchestra.run.smithi043.stdout:/usr/bin/ceph: stderr
2024-09-11T23:13:06.493+0000 7f8b3c330640 1 -- 172.21.15.43:0/3851857257 --> [v2:172.21.15.43:3300/0,v1:172.21.15.43:6789/0] -- mon_command({"prefix": "get_command_descriptions"} v 0) -- 0x7f8b3410aee0 con 0x7f8b341067b0
2024-09-11T23:13:07.281 INFO:teuthology.orchestra.run.smithi043.stdout:/usr/bin/ceph: stderr
2024-09-11T23:13:06.493+0000 7f8b337fe640 1 --2- 172.21.15.43:0/3851857257 >> [v2:172.21.15.43:6800/2370495020,v1:172.21.15.43:6801/2370495020] conn(0x7f8b1c039020 0x7f8b1c03b4e0 unknown :-1 s=NONE pgs=0 cs=0 l=1 rev1=0 crypto rx=0 tx=0 comp rx=0 tx=0).connect
2024-09-11T23:13:07.281 INFO:teuthology.orchestra.run.smithi043.stdout:/usr/bin/ceph: stderr
2024-09-11T23:13:06.493+0000 7f8b337fe640 1 -- 172.21.15.43:0/3851857257 <== mon.0 v2:172.21.15.43:3300/0 5 ==== osd_map(3..3 src has 1..3) ==== 1155+0+0 (secure 0 0 0) 0x7f8b24042020 con 0x7f8b341067b0
2024-09-11T23:13:07.281 INFO:teuthology.orchestra.run.smithi043.stdout:/usr/bin/ceph: stderr
2024-09-11T23:13:06.494+0000 7f8b398cb640 1 --2- 172.21.15.43:0/3851857257 >> [v2:172.21.15.43:6800/2370495020,v1:172.21.15.43:6801/2370495020] conn(0x7f8b1c039020 0x7f8b1c03b4e0 unknown :-1 s=BANNER_CONNECTING pgs=0 cs=0 l=1 rev1=0 crypto rx=0 tx=0 comp rx=0 tx=0)._handle_peer_banner_payload supported=3 required=0
2024-09-11T23:13:07.281 INFO:teuthology.orchestra.run.smithi043.stdout:/usr/bin/ceph: stderr
2024-09-11T23:13:06.494+0000 7f8b398cb640 1 --2- 172.21.15.43:0/3851857257 >> [v2:172.21.15.43:6800/2370495020,v1:172.21.15.43:6801/2370495020] conn(0x7f8b1c039020 0x7f8b1c03b4e0 secure :-1 s=READY pgs=9 cs=0 l=1 rev1=1 crypto rx=0x7f8b280098c0 tx=0x7f8b28006db0 comp rx=0 tx=0).ready entity=mgr.14150 client_cookie=0 server_cookie=0 in_seq=0 out_seq=0
2024-09-11T23:13:07.281 INFO:teuthology.orchestra.run.smithi043.stdout:/usr/bin/ceph: stderr
2024-09-11T23:13:06.498+0000 7f8b337fe640 1 -- 172.21.15.43:0/3851857257 <== mon.0 v2:172.21.15.43:3300/0 6 ==== mon_command_ack([{"prefix": "get_command_descriptions"}]=0 v0) ==== 72+0+188821 (secure 0 0 0) 0x7f8b2404b020 con 0x7f8b341067b0
2024-09-11T23:13:07.282 INFO:teuthology.orchestra.run.smithi043.stdout:/usr/bin/ceph: stderr
2024-09-11T23:13:06.602+0000 7f8b337fe640 1 -- 172.21.15.43:0/3851857257 <== mon.0 v2:172.21.15.43:3300/0 7 ==== mgrmap(e 13) ==== 46343+0+0 (secure 0 0 0) 0x7f8b24037ce0 con 0x7f8b341067b0
2024-09-11T23:13:07.282 INFO:teuthology.orchestra.run.smithi043.stdout:/usr/bin/ceph: stderr
2024-09-11T23:13:06.674+0000 7f8b3c330640 1 -- 172.21.15.43:0/3851857257 --> [v2:172.21.15.43:3300/0,v1:172.21.15.43:6789/0] -- mon_command({"prefix": "config get", "who": "mgr", "key": "mgr/dashboard/ssl_server_port"} v 0) -- 0x7f8b3419de70 con 0x7f8b341067b0
2024-09-11T23:13:07.282 INFO:teuthology.orchestra.run.smithi043.stdout:/usr/bin/ceph: stderr
2024-09-11T23:13:06.674+0000 7f8b337fe640 1 -- 172.21.15.43:0/3851857257 <== mon.0 v2:172.21.15.43:3300/0 8 ==== mon_command_ack([{"prefix": "config get", "who": "mgr", "key": "mgr/dashboard/ssl_server_port"}]=0 v8) ==== 112+0+5 (secure 0 0 0) 0x7f8b240432c0 con 0x7f8b341067b0
2024-09-11T23:13:07.282 INFO:teuthology.orchestra.run.smithi043.stdout:/usr/bin/ceph: stderr
2024-09-11T23:13:06.676+0000 7f8b3c330640 1 -- 172.21.15.43:0/3851857257 >> [v2:172.21.15.43:6800/2370495020,v1:172.21.15.43:6801/2370495020] conn(0x7f8b1c039020 msgr2=0x7f8b1c03b4e0 secure :-1 s=STATE_CONNECTION_ESTABLISHED l=1).mark_down
2024-09-11T23:13:07.282 INFO:teuthology.orchestra.run.smithi043.stdout:/usr/bin/ceph: stderr
2024-09-11T23:13:06.676+0000 7f8b3c330640 1 --2- 172.21.15.43:0/3851857257 >> [v2:172.21.15.43:6800/2370495020,v1:172.21.15.43:6801/2370495020] conn(0x7f8b1c039020 0x7f8b1c03b4e0 secure :-1 s=READY pgs=9 cs=0 l=1 rev1=1 crypto rx=0x7f8b280098c0 tx=0x7f8b28006db0 comp rx=0 tx=0).stop
2024-09-11T23:13:07.282 INFO:teuthology.orchestra.run.smithi043.stdout:/usr/bin/ceph: stderr
2024-09-11T23:13:06.676+0000 7f8b3c330640 1 -- 172.21.15.43:0/3851857257 >> [v2:172.21.15.43:3300/0,v1:172.21.15.43:6789/0] conn(0x7f8b341067b0 msgr2=0x7f8b3419a7e0 secure :-1 s=STATE_CONNECTION_ESTABLISHED l=1).mark_down
2024-09-11T23:13:07.282 INFO:teuthology.orchestra.run.smithi043.stdout:/usr/bin/ceph: stderr
2024-09-11T23:13:06.676+0000 7f8b3c330640 1 --2- 172.21.15.43:0/3851857257 >> [v2:172.21.15.43:3300/0,v1:172.21.15.43:6789/0] conn(0x7f8b341067b0 0x7f8b3419a7e0 secure :-1 s=READY pgs=73 cs=0 l=1 rev1=1 crypto rx=0x7f8b2402acc0 tx=0x7f8b24031cc0 comp rx=0 tx=0).stop
2024-09-11T23:13:07.282 INFO:teuthology.orchestra.run.smithi043.stdout:/usr/bin/ceph: stderr
2024-09-11T23:13:06.676+0000 7f8b3c330640 1 -- 172.21.15.43:0/3851857257 shutdown_connections
2024-09-11T23:13:07.282 INFO:teuthology.orchestra.run.smithi043.stdout:/usr/bin/ceph: stderr
2024-09-11T23:13:06.676+0000 7f8b3c330640 1 --2- 172.21.15.43:0/3851857257 >> [v2:172.21.15.43:6800/2370495020,v1:172.21.15.43:6801/2370495020] conn(0x7f8b1c039020 0x7f8b1c03b4e0 unknown :-1 s=CLOSED pgs=9 cs=0 l=1 rev1=1 crypto rx=0 tx=0 comp rx=0 tx=0).stop
2024-09-11T23:13:07.282 INFO:teuthology.orchestra.run.smithi043.stdout:/usr/bin/ceph: stderr
2024-09-11T23:13:06.676+0000 7f8b3c330640 1 --2- 172.21.15.43:0/3851857257 >> [v2:172.21.15.43:3300/0,v1:172.21.15.43:6789/0] conn(0x7f8b341067b0 0x7f8b3419a7e0 unknown :-1 s=CLOSED pgs=73 cs=0 l=1 rev1=1 crypto rx=0 tx=0 comp rx=0 tx=0).stop
2024-09-11T23:13:07.282 INFO:teuthology.orchestra.run.smithi043.stdout:/usr/bin/ceph: stderr
2024-09-11T23:13:06.676+0000 7f8b3c330640 1 -- 172.21.15.43:0/3851857257 >> 172.21.15.43:0/3851857257 conn(0x7f8b34101f20 msgr2=0x7f8b34102aa0 unknown :-1 s=STATE_NONE l=0).mark_down
2024-09-11T23:13:07.282 INFO:teuthology.orchestra.run.smithi043.stdout:/usr/bin/ceph: stderr
2024-09-11T23:13:06.676+0000 7f8b3c330640 1 -- 172.21.15.43:0/3851857257 shutdown_connections
2024-09-11T23:13:07.282 INFO:teuthology.orchestra.run.smithi043.stdout:/usr/bin/ceph: stderr
2024-09-11T23:13:06.676+0000 7f8b3c330640 1 -- 172.21.15.43:0/3851857257 wait complete.
2024-09-11T23:13:07.287 INFO:teuthology.orchestra.run.smithi043.stdout:Non-zero exit code 1 from systemctl is-enabled firewalld.service
2024-09-11T23:13:07.288 INFO:teuthology.orchestra.run.smithi043.stdout:systemctl: stdout disabled
2024-09-11T23:13:07.296 INFO:teuthology.orchestra.run.smithi043.stdout:Non-zero exit code 3 from systemctl is-active firewalld.service
2024-09-11T23:13:07.296 INFO:teuthology.orchestra.run.smithi043.stdout:systemctl: stdout inactive
2024-09-11T23:13:07.296 INFO:teuthology.orchestra.run.smithi043.stdout:firewalld.service is not enabled
2024-09-11T23:13:07.296 INFO:teuthology.orchestra.run.smithi043.stdout:Not possible to open ports <[8443]>. firewalld.service is not available
2024-09-11T23:13:07.298 INFO:teuthology.orchestra.run.smithi043.stdout:Ceph Dashboard is now available at:
2024-09-11T23:13:07.298 INFO:teuthology.orchestra.run.smithi043.stdout:
2024-09-11T23:13:07.298 INFO:teuthology.orchestra.run.smithi043.stdout: URL: https://smithi043.front.sepia.ceph.com:8443/
2024-09-11T23:13:07.298 INFO:teuthology.orchestra.run.smithi043.stdout: User: admin
2024-09-11T23:13:07.298 INFO:teuthology.orchestra.run.smithi043.stdout: Password: kwznpqhzdr
2024-09-11T23:13:07.298 INFO:teuthology.orchestra.run.smithi043.stdout:
2024-09-11T23:13:07.299 INFO:teuthology.orchestra.run.smithi043.stdout:Saving cluster configuration to /var/lib/ceph/25c0cd84-7093-11ef-bcea-c7b262605968/config directory
2024-09-11T23:13:07.860 INFO:journalctl@ceph.mon.a.smithi043.stdout:Sep 11 23:13:07 smithi043 ceph-mon[30950]: mgrmap e13: x(active, since 6s)
2024-09-11T23:13:07.860 INFO:journalctl@ceph.mon.a.smithi043.stdout:Sep 11 23:13:07 smithi043 ceph-mon[30950]: from='client.? 172.21.15.43:0/3851857257' entity='client.admin' cmd=[{"prefix": "config get", "who": "mgr", "key": "mgr/dashboard/ssl_server_port"}]: dispatch
2024-09-11T23:13:08.567 INFO:teuthology.orchestra.run.smithi043.stdout:/usr/bin/ceph: stderr
2024-09-11T23:13:07.702+0000 7f107af46640 1 Processor -- start
2024-09-11T23:13:08.568 INFO:teuthology.orchestra.run.smithi043.stdout:/usr/bin/ceph: stderr
2024-09-11T23:13:07.703+0000 7f107af46640 1 -- start start
2024-09-11T23:13:08.568 INFO:teuthology.orchestra.run.smithi043.stdout:/usr/bin/ceph: stderr
2024-09-11T23:13:07.703+0000 7f107af46640 1 --2- >> [v2:172.21.15.43:3300/0,v1:172.21.15.43:6789/0] conn(0x7f10741067b0 0x7f1074106bb0 unknown :-1 s=NONE pgs=0 cs=0 l=0 rev1=0 crypto rx=0 tx=0 comp rx=0 tx=0).connect
2024-09-11T23:13:08.568 INFO:teuthology.orchestra.run.smithi043.stdout:/usr/bin/ceph: stderr
2024-09-11T23:13:07.703+0000 7f107af46640 1 -- --> [v2:172.21.15.43:3300/0,v1:172.21.15.43:6789/0] -- mon_getmap magic: 0 -- 0x7f1074107180 con 0x7f10741067b0
2024-09-11T23:13:08.568 INFO:teuthology.orchestra.run.smithi043.stdout:/usr/bin/ceph: stderr
2024-09-11T23:13:07.703+0000 7f1078ce2640 1 --2- >> [v2:172.21.15.43:3300/0,v1:172.21.15.43:6789/0] conn(0x7f10741067b0 0x7f1074106bb0 unknown :-1 s=BANNER_CONNECTING pgs=0 cs=0 l=0 rev1=0 crypto rx=0 tx=0 comp rx=0 tx=0)._handle_peer_banner_payload supported=3 required=0
2024-09-11T23:13:08.568 INFO:teuthology.orchestra.run.smithi043.stdout:/usr/bin/ceph: stderr
2024-09-11T23:13:07.703+0000 7f1078ce2640 1 --2- >> [v2:172.21.15.43:3300/0,v1:172.21.15.43:6789/0] conn(0x7f10741067b0 0x7f1074106bb0 unknown :-1 s=HELLO_CONNECTING pgs=0 cs=0 l=0 rev1=1 crypto rx=0 tx=0 comp rx=0 tx=0).handle_hello peer v2:172.21.15.43:3300/0 says I am v2:172.21.15.43:40964/0 (socket says 172.21.15.43:40964)
2024-09-11T23:13:08.568 INFO:teuthology.orchestra.run.smithi043.stdout:/usr/bin/ceph: stderr
2024-09-11T23:13:07.703+0000 7f1078ce2640 1 -- 172.21.15.43:0/481238195 learned_addr learned my addr 172.21.15.43:0/481238195 (peer_addr_for_me v2:172.21.15.43:0/0)
2024-09-11T23:13:08.568 INFO:teuthology.orchestra.run.smithi043.stdout:/usr/bin/ceph: stderr
2024-09-11T23:13:07.703+0000 7f1078ce2640 1 -- 172.21.15.43:0/481238195 --> [v2:172.21.15.43:3300/0,v1:172.21.15.43:6789/0] -- mon_subscribe({config=0+,monmap=0+}) -- 0x7f10741079b0 con 0x7f10741067b0
2024-09-11T23:13:08.568 INFO:teuthology.orchestra.run.smithi043.stdout:/usr/bin/ceph: stderr
2024-09-11T23:13:07.704+0000 7f1078ce2640 1 --2- 172.21.15.43:0/481238195 >> [v2:172.21.15.43:3300/0,v1:172.21.15.43:6789/0] conn(0x7f10741067b0 0x7f1074106bb0 secure :-1 s=READY pgs=74 cs=0 l=1 rev1=1 crypto rx=0x7f1064009820 tx=0x7f106402a270 comp rx=0 tx=0).ready entity=mon.0 client_cookie=4a8155dfb8558420 server_cookie=0 in_seq=0 out_seq=0
2024-09-11T23:13:08.568 INFO:teuthology.orchestra.run.smithi043.stdout:/usr/bin/ceph: stderr
2024-09-11T23:13:07.704+0000 7f10737fe640 1 -- 172.21.15.43:0/481238195 <== mon.0 v2:172.21.15.43:3300/0 1 ==== mon_map magic: 0 ==== 205+0+0 (secure 0 0 0) 0x7f1064037070 con 0x7f10741067b0
2024-09-11T23:13:08.568 INFO:teuthology.orchestra.run.smithi043.stdout:/usr/bin/ceph: stderr
2024-09-11T23:13:07.704+0000 7f10737fe640 1 -- 172.21.15.43:0/481238195 <== mon.0 v2:172.21.15.43:3300/0 2 ==== config(27 keys) ==== 1140+0+0 (secure 0 0 0) 0x7f1064032920 con 0x7f10741067b0
2024-09-11T23:13:08.569 INFO:teuthology.orchestra.run.smithi043.stdout:/usr/bin/ceph: stderr
2024-09-11T23:13:07.704+0000 7f10737fe640 1 -- 172.21.15.43:0/481238195 <== mon.0 v2:172.21.15.43:3300/0 3 ==== mon_map magic: 0 ==== 205+0+0 (secure 0 0 0) 0x7f1064030810 con 0x7f10741067b0
2024-09-11T23:13:08.569 INFO:teuthology.orchestra.run.smithi043.stdout:/usr/bin/ceph: stderr
2024-09-11T23:13:07.705+0000 7f107af46640 1 -- 172.21.15.43:0/481238195 >> [v2:172.21.15.43:3300/0,v1:172.21.15.43:6789/0] conn(0x7f10741067b0 msgr2=0x7f1074106bb0 secure :-1 s=STATE_CONNECTION_ESTABLISHED l=1).mark_down
2024-09-11T23:13:08.569 INFO:teuthology.orchestra.run.smithi043.stdout:/usr/bin/ceph: stderr
2024-09-11T23:13:07.705+0000 7f107af46640 1 --2- 172.21.15.43:0/481238195 >> [v2:172.21.15.43:3300/0,v1:172.21.15.43:6789/0] conn(0x7f10741067b0 0x7f1074106bb0 secure :-1 s=READY pgs=74 cs=0 l=1 rev1=1 crypto rx=0x7f1064009820 tx=0x7f106402a270 comp rx=0 tx=0).stop
2024-09-11T23:13:08.569 INFO:teuthology.orchestra.run.smithi043.stdout:/usr/bin/ceph: stderr
2024-09-11T23:13:07.705+0000 7f107af46640 1 -- 172.21.15.43:0/481238195 shutdown_connections
2024-09-11T23:13:08.569 INFO:teuthology.orchestra.run.smithi043.stdout:/usr/bin/ceph: stderr
2024-09-11T23:13:07.705+0000 7f107af46640 1 --2- 172.21.15.43:0/481238195 >> [v2:172.21.15.43:3300/0,v1:172.21.15.43:6789/0] conn(0x7f10741067b0 0x7f1074106bb0 unknown :-1 s=CLOSED pgs=74 cs=0 l=1 rev1=1 crypto rx=0 tx=0 comp rx=0 tx=0).stop
2024-09-11T23:13:08.569 INFO:teuthology.orchestra.run.smithi043.stdout:/usr/bin/ceph: stderr
2024-09-11T23:13:07.705+0000 7f107af46640 1 -- 172.21.15.43:0/481238195 >> 172.21.15.43:0/481238195 conn(0x7f1074101f20 msgr2=0x7f1074104380 unknown :-1 s=STATE_NONE l=0).mark_down
2024-09-11T23:13:08.569 INFO:teuthology.orchestra.run.smithi043.stdout:/usr/bin/ceph: stderr
2024-09-11T23:13:07.705+0000 7f107af46640 1 -- 172.21.15.43:0/481238195 shutdown_connections
2024-09-11T23:13:08.569 INFO:teuthology.orchestra.run.smithi043.stdout:/usr/bin/ceph: stderr
2024-09-11T23:13:07.705+0000 7f107af46640 1 -- 172.21.15.43:0/481238195 wait complete.
2024-09-11T23:13:08.569 INFO:teuthology.orchestra.run.smithi043.stdout:/usr/bin/ceph: stderr
2024-09-11T23:13:07.706+0000 7f107af46640 1 Processor -- start
2024-09-11T23:13:08.569 INFO:teuthology.orchestra.run.smithi043.stdout:/usr/bin/ceph: stderr
2024-09-11T23:13:07.706+0000 7f107af46640 1 -- start start
2024-09-11T23:13:08.569 INFO:teuthology.orchestra.run.smithi043.stdout:/usr/bin/ceph: stderr
2024-09-11T23:13:07.706+0000 7f107af46640 1 --2- >> [v2:172.21.15.43:3300/0,v1:172.21.15.43:6789/0] conn(0x7f10741067b0 0x7f10741919e0 unknown :-1 s=NONE pgs=0 cs=0 l=1 rev1=0 crypto rx=0 tx=0 comp rx=0 tx=0).connect
2024-09-11T23:13:08.569 INFO:teuthology.orchestra.run.smithi043.stdout:/usr/bin/ceph: stderr
2024-09-11T23:13:07.706+0000 7f107af46640 1 -- --> [v2:172.21.15.43:3300/0,v1:172.21.15.43:6789/0] -- mon_getmap magic: 0 -- 0x7f107410ad60 con 0x7f10741067b0
2024-09-11T23:13:08.569 INFO:teuthology.orchestra.run.smithi043.stdout:/usr/bin/ceph: stderr
2024-09-11T23:13:07.706+0000 7f1078ce2640 1 --2- >> [v2:172.21.15.43:3300/0,v1:172.21.15.43:6789/0] conn(0x7f10741067b0 0x7f10741919e0 unknown :-1 s=BANNER_CONNECTING pgs=0 cs=0 l=1 rev1=0 crypto rx=0 tx=0 comp rx=0 tx=0)._handle_peer_banner_payload supported=3 required=0
2024-09-11T23:13:08.570 INFO:teuthology.orchestra.run.smithi043.stdout:/usr/bin/ceph: stderr
2024-09-11T23:13:07.706+0000 7f1078ce2640 1 --2- >> [v2:172.21.15.43:3300/0,v1:172.21.15.43:6789/0] conn(0x7f10741067b0 0x7f10741919e0 unknown :-1 s=HELLO_CONNECTING pgs=0 cs=0 l=1 rev1=1 crypto rx=0 tx=0 comp rx=0 tx=0).handle_hello peer v2:172.21.15.43:3300/0 says I am v2:172.21.15.43:40972/0 (socket says 172.21.15.43:40972)
2024-09-11T23:13:08.570 INFO:teuthology.orchestra.run.smithi043.stdout:/usr/bin/ceph: stderr
2024-09-11T23:13:07.706+0000 7f1078ce2640 1 -- 172.21.15.43:0/1256456891 learned_addr learned my addr 172.21.15.43:0/1256456891 (peer_addr_for_me v2:172.21.15.43:0/0)
2024-09-11T23:13:08.570 INFO:teuthology.orchestra.run.smithi043.stdout:/usr/bin/ceph: stderr
2024-09-11T23:13:07.706+0000 7f1078ce2640 1 -- 172.21.15.43:0/1256456891 --> [v2:172.21.15.43:3300/0,v1:172.21.15.43:6789/0] -- mon_subscribe({config=0+,monmap=0+}) -- 0x7f1074191f20 con 0x7f10741067b0
2024-09-11T23:13:08.570 INFO:teuthology.orchestra.run.smithi043.stdout:/usr/bin/ceph: stderr
2024-09-11T23:13:07.706+0000 7f1078ce2640 1 --2- 172.21.15.43:0/1256456891 >> [v2:172.21.15.43:3300/0,v1:172.21.15.43:6789/0] conn(0x7f10741067b0 0x7f10741919e0 secure :-1 s=READY pgs=75 cs=0 l=1 rev1=1 crypto rx=0x7f10640097f0 tx=0x7f10640327b0 comp rx=0 tx=0).ready entity=mon.0 client_cookie=0 server_cookie=0 in_seq=0 out_seq=0
2024-09-11T23:13:08.570 INFO:teuthology.orchestra.run.smithi043.stdout:/usr/bin/ceph: stderr
2024-09-11T23:13:07.707+0000 7f1071ffb640 1 -- 172.21.15.43:0/1256456891 <== mon.0 v2:172.21.15.43:3300/0 1 ==== mon_map magic: 0 ==== 205+0+0 (secure 0 0 0) 0x7f1064037040 con 0x7f10741067b0
2024-09-11T23:13:08.570 INFO:teuthology.orchestra.run.smithi043.stdout:/usr/bin/ceph: stderr
2024-09-11T23:13:07.707+0000 7f1071ffb640 1 -- 172.21.15.43:0/1256456891 <== mon.0 v2:172.21.15.43:3300/0 2 ==== config(27 keys) ==== 1140+0+0 (secure 0 0 0) 0x7f1064030cc0 con 0x7f10741067b0
2024-09-11T23:13:08.570 INFO:teuthology.orchestra.run.smithi043.stdout:/usr/bin/ceph: stderr
2024-09-11T23:13:07.707+0000 7f107af46640 1 -- 172.21.15.43:0/1256456891 --> [v2:172.21.15.43:3300/0,v1:172.21.15.43:6789/0] -- mon_subscribe({mgrmap=0+}) -- 0x7f1074190110 con 0x7f10741067b0
2024-09-11T23:13:08.570 INFO:teuthology.orchestra.run.smithi043.stdout:/usr/bin/ceph: stderr
2024-09-11T23:13:07.707+0000 7f1071ffb640 1 -- 172.21.15.43:0/1256456891 <== mon.0 v2:172.21.15.43:3300/0 3 ==== mon_map magic: 0 ==== 205+0+0 (secure 0 0 0) 0x7f106403a640 con 0x7f10741067b0
2024-09-11T23:13:08.570 INFO:teuthology.orchestra.run.smithi043.stdout:/usr/bin/ceph: stderr
2024-09-11T23:13:07.707+0000 7f107af46640 1 -- 172.21.15.43:0/1256456891 --> [v2:172.21.15.43:3300/0,v1:172.21.15.43:6789/0] -- mon_subscribe({osdmap=0}) -- 0x7f1074190650 con 0x7f10741067b0
2024-09-11T23:13:08.570 INFO:teuthology.orchestra.run.smithi043.stdout:/usr/bin/ceph: stderr
2024-09-11T23:13:07.708+0000 7f1071ffb640 1 -- 172.21.15.43:0/1256456891 <== mon.0 v2:172.21.15.43:3300/0 4 ==== mgrmap(e 13) ==== 46343+0+0 (secure 0 0 0) 0x7f106403b3f0 con 0x7f10741067b0
2024-09-11T23:13:08.570 INFO:teuthology.orchestra.run.smithi043.stdout:/usr/bin/ceph: stderr
2024-09-11T23:13:07.708+0000 7f107af46640 1 -- 172.21.15.43:0/1256456891 --> [v2:172.21.15.43:3300/0,v1:172.21.15.43:6789/0] -- mon_command({"prefix": "get_command_descriptions"} v 0) -- 0x7f107410aee0 con 0x7f10741067b0
2024-09-11T23:13:08.570 INFO:teuthology.orchestra.run.smithi043.stdout:/usr/bin/ceph: stderr
2024-09-11T23:13:07.708+0000 7f1071ffb640 1 --2- 172.21.15.43:0/1256456891 >> [v2:172.21.15.43:6800/2370495020,v1:172.21.15.43:6801/2370495020] conn(0x7f105c0390c0 0x7f105c03b580 unknown :-1 s=NONE pgs=0 cs=0 l=1 rev1=0 crypto rx=0 tx=0 comp rx=0 tx=0).connect
2024-09-11T23:13:08.570 INFO:teuthology.orchestra.run.smithi043.stdout:/usr/bin/ceph: stderr
2024-09-11T23:13:07.708+0000 7f1071ffb640 1 -- 172.21.15.43:0/1256456891 <== mon.0 v2:172.21.15.43:3300/0 5 ==== osd_map(3..3 src has 1..3) ==== 1155+0+0 (secure 0 0 0) 0x7f106406c6a0 con 0x7f10741067b0
2024-09-11T23:13:08.571 INFO:teuthology.orchestra.run.smithi043.stdout:/usr/bin/ceph: stderr
2024-09-11T23:13:07.708+0000 7f1073fff640 1 --2- 172.21.15.43:0/1256456891 >> [v2:172.21.15.43:6800/2370495020,v1:172.21.15.43:6801/2370495020] conn(0x7f105c0390c0 0x7f105c03b580 unknown :-1 s=BANNER_CONNECTING pgs=0 cs=0 l=1 rev1=0 crypto rx=0 tx=0 comp rx=0 tx=0)._handle_peer_banner_payload supported=3 required=0
2024-09-11T23:13:08.571 INFO:teuthology.orchestra.run.smithi043.stdout:/usr/bin/ceph: stderr
2024-09-11T23:13:07.709+0000 7f1073fff640 1 --2- 172.21.15.43:0/1256456891 >> [v2:172.21.15.43:6800/2370495020,v1:172.21.15.43:6801/2370495020] conn(0x7f105c0390c0 0x7f105c03b580 secure :-1 s=READY pgs=10 cs=0 l=1 rev1=1 crypto rx=0x7f10680098c0 tx=0x7f1068006db0 comp rx=0 tx=0).ready entity=mgr.14150 client_cookie=0 server_cookie=0 in_seq=0 out_seq=0
2024-09-11T23:13:08.571 INFO:teuthology.orchestra.run.smithi043.stdout:/usr/bin/ceph: stderr
2024-09-11T23:13:07.713+0000 7f1071ffb640 1 -- 172.21.15.43:0/1256456891 <== mon.0 v2:172.21.15.43:3300/0 6 ==== mon_command_ack([{"prefix": "get_command_descriptions"}]=0 v0) ==== 72+0+188821 (secure 0 0 0) 0x7f1064041710 con 0x7f10741067b0
2024-09-11T23:13:08.571 INFO:teuthology.orchestra.run.smithi043.stdout:/usr/bin/ceph: stderr
2024-09-11T23:13:07.984+0000 7f107af46640 1 -- 172.21.15.43:0/1256456891 --> [v2:172.21.15.43:3300/0,v1:172.21.15.43:6789/0] -- mon_command([{prefix=config-key set, key=mgr/dashboard/cluster/status}] v 0) -- 0x7f1074106c30 con 0x7f10741067b0
