2024-09-11T23:12:56.764+0000 7f799644d640 1 --2- 172.21.15.43:0/2977814029 >> [v2:172.21.15.43:6800/3892590401,v1:172.21.15.43:6801/3892590401] conn(0x7f7978039020 0x7f797803b4e0 unknown :-1 s=CLOSED pgs=0 cs=0 l=1 rev1=0 crypto rx=0 tx=0 comp rx=0 tx=0).stop
2024-09-11T23:12:57.375 INFO:teuthology.orchestra.run.smithi043.stdout:/usr/bin/ceph: stderr
2024-09-11T23:12:56.764+0000 7f799644d640 1 --2- 172.21.15.43:0/2977814029 >> [v2:172.21.15.43:3300/0,v1:172.21.15.43:6789/0] conn(0x7f7990108320 0x7f7990107ba0 unknown :-1 s=CLOSED pgs=58 cs=0 l=1 rev1=1 crypto rx=0 tx=0 comp rx=0 tx=0).stop
2024-09-11T23:12:57.375 INFO:teuthology.orchestra.run.smithi043.stdout:/usr/bin/ceph: stderr
2024-09-11T23:12:56.764+0000 7f799644d640 1 -- 172.21.15.43:0/2977814029 >> 172.21.15.43:0/2977814029 conn(0x7f7990101f20 msgr2=0x7f7990102ad0 unknown :-1 s=STATE_NONE l=0).mark_down
2024-09-11T23:12:57.375 INFO:teuthology.orchestra.run.smithi043.stdout:/usr/bin/ceph: stderr
2024-09-11T23:12:56.764+0000 7f799644d640 1 -- 172.21.15.43:0/2977814029 shutdown_connections
2024-09-11T23:12:57.375 INFO:teuthology.orchestra.run.smithi043.stdout:/usr/bin/ceph: stderr
2024-09-11T23:12:56.764+0000 7f799644d640 1 -- 172.21.15.43:0/2977814029 wait complete.
2024-09-11T23:12:57.375 INFO:teuthology.orchestra.run.smithi043.stdout:Waiting for the mgr to restart...
2024-09-11T23:12:57.376 INFO:teuthology.orchestra.run.smithi043.stdout:Waiting for mgr epoch 9...
2024-09-11T23:12:57.688 INFO:journalctl@ceph.mon.a.smithi043.stdout:Sep 11 23:12:57 smithi043 ceph-mon[30950]: from='client.? 172.21.15.43:0/2977814029' entity='client.admin' cmd=[{"prefix": "mgr stat"}]: dispatch
2024-09-11T23:12:57.975 INFO:journalctl@ceph.mgr.x.smithi043.stdout:Sep 11 23:12:57 smithi043 ceph-25c0cd84-7093-11ef-bcea-c7b262605968-mgr-x[31178]:
2024-09-11T23:12:57.763+0000 7f5b9bbe8040 -1 mgr[py] Module telemetry has missing NOTIFY_TYPES member
2024-09-11T23:12:57.975 INFO:journalctl@ceph.mgr.x.smithi043.stdout:Sep 11 23:12:57 smithi043 ceph-25c0cd84-7093-11ef-bcea-c7b262605968-mgr-x[31178]:
2024-09-11T23:12:57.835+0000 7f5b9bbe8040 -1 mgr[py] Module balancer has missing NOTIFY_TYPES member
2024-09-11T23:12:58.703 INFO:journalctl@ceph.mgr.x.smithi043.stdout:Sep 11 23:12:58 smithi043 ceph-25c0cd84-7093-11ef-bcea-c7b262605968-mgr-x[31178]:
2024-09-11T23:12:58.582+0000 7f5b9bbe8040 -1 mgr[py] Module rook has missing NOTIFY_TYPES member
2024-09-11T23:12:58.703 INFO:journalctl@ceph.mgr.x.smithi043.stdout:Sep 11 23:12:58 smithi043 ceph-25c0cd84-7093-11ef-bcea-c7b262605968-mgr-x[31178]:
2024-09-11T23:12:58.703+0000 7f5b9bbe8040 -1 mgr[py] Module iostat has missing NOTIFY_TYPES member
2024-09-11T23:12:59.073 INFO:journalctl@ceph.mgr.x.smithi043.stdout:Sep 11 23:12:58 smithi043 ceph-25c0cd84-7093-11ef-bcea-c7b262605968-mgr-x[31178]:
2024-09-11T23:12:58.852+0000 7f5b9bbe8040 -1 mgr[py] Module orchestrator has missing NOTIFY_TYPES member
2024-09-11T23:12:59.073 INFO:journalctl@ceph.mgr.x.smithi043.stdout:Sep 11 23:12:58 smithi043 ceph-25c0cd84-7093-11ef-bcea-c7b262605968-mgr-x[31178]:
2024-09-11T23:12:58.916+0000 7f5b9bbe8040 -1 mgr[py] Module devicehealth has missing NOTIFY_TYPES member
2024-09-11T23:12:59.073 INFO:journalctl@ceph.mgr.x.smithi043.stdout:Sep 11 23:12:59 smithi043 ceph-25c0cd84-7093-11ef-bcea-c7b262605968-mgr-x[31178]:
2024-09-11T23:12:59.073+0000 7f5b9bbe8040 -1 mgr[py] Module rgw has missing NOTIFY_TYPES member
2024-09-11T23:12:59.360 INFO:journalctl@ceph.mgr.x.smithi043.stdout:Sep 11 23:12:59 smithi043 ceph-25c0cd84-7093-11ef-bcea-c7b262605968-mgr-x[31178]:
2024-09-11T23:12:59.144+0000 7f5b9bbe8040 -1 mgr[py] Module alerts has missing NOTIFY_TYPES member
2024-09-11T23:12:59.360 INFO:journalctl@ceph.mgr.x.smithi043.stdout:Sep 11 23:12:59 smithi043 ceph-25c0cd84-7093-11ef-bcea-c7b262605968-mgr-x[31178]:
2024-09-11T23:12:59.207+0000 7f5b9bbe8040 -1 mgr[py] Module progress has missing NOTIFY_TYPES member
2024-09-11T23:12:59.659 INFO:journalctl@ceph.mgr.x.smithi043.stdout:Sep 11 23:12:59 smithi043 ceph-25c0cd84-7093-11ef-bcea-c7b262605968-mgr-x[31178]:
2024-09-11T23:12:59.372+0000 7f5b9bbe8040 -1 mgr[py] Module nfs has missing NOTIFY_TYPES member
2024-09-11T23:12:59.659 INFO:journalctl@ceph.mgr.x.smithi043.stdout:Sep 11 23:12:59 smithi043 ceph-25c0cd84-7093-11ef-bcea-c7b262605968-mgr-x[31178]:
2024-09-11T23:12:59.441+0000 7f5b9bbe8040 -1 mgr[py] Module status has missing NOTIFY_TYPES member
2024-09-11T23:12:59.659 INFO:journalctl@ceph.mgr.x.smithi043.stdout:Sep 11 23:12:59 smithi043 ceph-25c0cd84-7093-11ef-bcea-c7b262605968-mgr-x[31178]:
2024-09-11T23:12:59.510+0000 7f5b9bbe8040 -1 mgr[py] Module pg_autoscaler has missing NOTIFY_TYPES member
2024-09-11T23:12:59.659 INFO:journalctl@ceph.mgr.x.smithi043.stdout:Sep 11 23:12:59 smithi043 ceph-25c0cd84-7093-11ef-bcea-c7b262605968-mgr-x[31178]:
2024-09-11T23:12:59.597+0000 7f5b9bbe8040 -1 mgr[py] Module rbd_support has missing NOTIFY_TYPES member
2024-09-11T23:12:59.660 INFO:journalctl@ceph.mgr.x.smithi043.stdout:Sep 11 23:12:59 smithi043 ceph-25c0cd84-7093-11ef-bcea-c7b262605968-mgr-x[31178]:
2024-09-11T23:12:59.659+0000 7f5b9bbe8040 -1 mgr[py] Module influx has missing NOTIFY_TYPES member
2024-09-11T23:13:00.110 INFO:journalctl@ceph.mgr.x.smithi043.stdout:Sep 11 23:12:59 smithi043 ceph-25c0cd84-7093-11ef-bcea-c7b262605968-mgr-x[31178]:
2024-09-11T23:12:59.720+0000 7f5b9bbe8040 -1 mgr[py] Module zabbix has missing NOTIFY_TYPES member
2024-09-11T23:13:00.798 INFO:journalctl@ceph.mgr.x.smithi043.stdout:Sep 11 23:13:00 smithi043 ceph-25c0cd84-7093-11ef-bcea-c7b262605968-mgr-x[31178]:
2024-09-11T23:13:00.546+0000 7f5b9bbe8040 -1 mgr[py] Module telegraf has missing NOTIFY_TYPES member
2024-09-11T23:13:00.798 INFO:journalctl@ceph.mon.a.smithi043.stdout:Sep 11 23:13:00 smithi043 ceph-mon[30950]: Active manager daemon x restarted
2024-09-11T23:13:00.798 INFO:journalctl@ceph.mon.a.smithi043.stdout:Sep 11 23:13:00 smithi043 ceph-mon[30950]: Activating manager daemon x
2024-09-11T23:13:00.798 INFO:journalctl@ceph.mon.a.smithi043.stdout:Sep 11 23:13:00 smithi043 ceph-mon[30950]: osdmap e3: 0 total, 0 up, 0 in
2024-09-11T23:13:00.798 INFO:journalctl@ceph.mon.a.smithi043.stdout:Sep 11 23:13:00 smithi043 ceph-mon[30950]: mgrmap e10: x(active, starting, since 0.00324139s)
2024-09-11T23:13:00.798 INFO:journalctl@ceph.mon.a.smithi043.stdout:Sep 11 23:13:00 smithi043 ceph-mon[30950]: from='mgr.14150 172.21.15.43:0/2041994966' entity='mgr.x' cmd=[{"prefix": "mon metadata", "id": "a"}]: dispatch
2024-09-11T23:13:00.798 INFO:journalctl@ceph.mon.a.smithi043.stdout:Sep 11 23:13:00 smithi043 ceph-mon[30950]: from='mgr.14150 172.21.15.43:0/2041994966' entity='mgr.x' cmd=[{"prefix": "mgr metadata", "who": "x", "id": "x"}]: dispatch
2024-09-11T23:13:00.798 INFO:journalctl@ceph.mon.a.smithi043.stdout:Sep 11 23:13:00 smithi043 ceph-mon[30950]: from='mgr.14150 172.21.15.43:0/2041994966' entity='mgr.x' cmd=[{"prefix": "mds metadata"}]: dispatch
2024-09-11T23:13:00.799 INFO:journalctl@ceph.mon.a.smithi043.stdout:Sep 11 23:13:00 smithi043 ceph-mon[30950]: from='mgr.14150 172.21.15.43:0/2041994966' entity='mgr.x' cmd=[{"prefix": "osd metadata"}]: dispatch
2024-09-11T23:13:00.799 INFO:journalctl@ceph.mon.a.smithi043.stdout:Sep 11 23:13:00 smithi043 ceph-mon[30950]: from='mgr.14150 172.21.15.43:0/2041994966' entity='mgr.x' cmd=[{"prefix": "mon metadata"}]: dispatch
2024-09-11T23:13:00.799 INFO:journalctl@ceph.mon.a.smithi043.stdout:Sep 11 23:13:00 smithi043 ceph-mon[30950]: Manager daemon x is now available
2024-09-11T23:13:00.799 INFO:journalctl@ceph.mon.a.smithi043.stdout:Sep 11 23:13:00 smithi043 ceph-mon[30950]: from='mgr.14150 172.21.15.43:0/2041994966' entity='mgr.x' cmd=[{"prefix": "config dump", "format": "json"}]: dispatch
2024-09-11T23:13:00.799 INFO:journalctl@ceph.mon.a.smithi043.stdout:Sep 11 23:13:00 smithi043 ceph-mon[30950]: from='mgr.14150 172.21.15.43:0/2041994966' entity='mgr.x' cmd=[{"prefix":"config rm","who":"mgr","name":"mgr/rbd_support/x/mirror_snapshot_schedule"}]: dispatch
2024-09-11T23:13:00.799 INFO:journalctl@ceph.mon.a.smithi043.stdout:Sep 11 23:13:00 smithi043 ceph-mon[30950]: from='mgr.14150 172.21.15.43:0/2041994966' entity='mgr.x' cmd=[{"prefix":"config rm","who":"mgr","name":"mgr/rbd_support/x/trash_purge_schedule"}]: dispatch
2024-09-11T23:13:02.473 INFO:teuthology.orchestra.run.smithi043.stdout:/usr/bin/ceph: stdout {
2024-09-11T23:13:02.474 INFO:teuthology.orchestra.run.smithi043.stdout:/usr/bin/ceph: stdout "mgrmap_epoch": 11,
2024-09-11T23:13:02.474 INFO:teuthology.orchestra.run.smithi043.stdout:/usr/bin/ceph: stdout "initialized": true
2024-09-11T23:13:02.474 INFO:teuthology.orchestra.run.smithi043.stdout:/usr/bin/ceph: stdout }
2024-09-11T23:13:02.474 INFO:teuthology.orchestra.run.smithi043.stdout:/usr/bin/ceph: stderr
2024-09-11T23:12:57.768+0000 7fed1f448640 1 Processor -- start
2024-09-11T23:13:02.474 INFO:teuthology.orchestra.run.smithi043.stdout:/usr/bin/ceph: stderr
2024-09-11T23:12:57.768+0000 7fed1f448640 1 -- start start
2024-09-11T23:13:02.474 INFO:teuthology.orchestra.run.smithi043.stdout:/usr/bin/ceph: stderr
2024-09-11T23:12:57.768+0000 7fed1f448640 1 --2- >> [v2:172.21.15.43:3300/0,v1:172.21.15.43:6789/0] conn(0x7fed18108320 0x7fed1810a710 unknown :-1 s=NONE pgs=0 cs=0 l=0 rev1=0 crypto rx=0 tx=0 comp rx=0 tx=0).connect
2024-09-11T23:13:02.474 INFO:teuthology.orchestra.run.smithi043.stdout:/usr/bin/ceph: stderr
2024-09-11T23:12:57.768+0000 7fed1f448640 1 -- --> [v2:172.21.15.43:3300/0,v1:172.21.15.43:6789/0] -- mon_getmap magic: 0 -- 0x7fed1807be80 con 0x7fed18108320
2024-09-11T23:13:02.474 INFO:teuthology.orchestra.run.smithi043.stdout:/usr/bin/ceph: stderr
2024-09-11T23:12:57.768+0000 7fed1d1e4640 1 --2- >> [v2:172.21.15.43:3300/0,v1:172.21.15.43:6789/0] conn(0x7fed18108320 0x7fed1810a710 unknown :-1 s=BANNER_CONNECTING pgs=0 cs=0 l=0 rev1=0 crypto rx=0 tx=0 comp rx=0 tx=0)._handle_peer_banner_payload supported=3 required=0
2024-09-11T23:13:02.474 INFO:teuthology.orchestra.run.smithi043.stdout:/usr/bin/ceph: stderr
2024-09-11T23:12:57.768+0000 7fed1d1e4640 1 --2- >> [v2:172.21.15.43:3300/0,v1:172.21.15.43:6789/0] conn(0x7fed18108320 0x7fed1810a710 unknown :-1 s=HELLO_CONNECTING pgs=0 cs=0 l=0 rev1=1 crypto rx=0 tx=0 comp rx=0 tx=0).handle_hello peer v2:172.21.15.43:3300/0 says I am v2:172.21.15.43:47238/0 (socket says 172.21.15.43:47238)
2024-09-11T23:13:02.474 INFO:teuthology.orchestra.run.smithi043.stdout:/usr/bin/ceph: stderr
2024-09-11T23:12:57.768+0000 7fed1d1e4640 1 -- 172.21.15.43:0/339228412 learned_addr learned my addr 172.21.15.43:0/339228412 (peer_addr_for_me v2:172.21.15.43:0/0)
2024-09-11T23:13:02.474 INFO:teuthology.orchestra.run.smithi043.stdout:/usr/bin/ceph: stderr
2024-09-11T23:12:57.769+0000 7fed1d1e4640 1 -- 172.21.15.43:0/339228412 --> [v2:172.21.15.43:3300/0,v1:172.21.15.43:6789/0] -- mon_subscribe({config=0+,monmap=0+}) -- 0x7fed1810ac50 con 0x7fed18108320
2024-09-11T23:13:02.475 INFO:teuthology.orchestra.run.smithi043.stdout:/usr/bin/ceph: stderr
2024-09-11T23:12:57.769+0000 7fed1d1e4640 1 --2- 172.21.15.43:0/339228412 >> [v2:172.21.15.43:3300/0,v1:172.21.15.43:6789/0] conn(0x7fed18108320 0x7fed1810a710 secure :-1 s=READY pgs=59 cs=0 l=1 rev1=1 crypto rx=0x7fed14009820 tx=0x7fed1402a270 comp rx=0 tx=0).ready entity=mon.0 client_cookie=bc0f902dd34a0564 server_cookie=0 in_seq=0 out_seq=0
2024-09-11T23:13:02.475 INFO:teuthology.orchestra.run.smithi043.stdout:/usr/bin/ceph: stderr
2024-09-11T23:12:57.770+0000 7fed0ffff640 1 -- 172.21.15.43:0/339228412 <== mon.0 v2:172.21.15.43:3300/0 1 ==== mon_map magic: 0 ==== 205+0+0 (secure 0 0 0) 0x7fed14037070 con 0x7fed18108320
2024-09-11T23:13:02.475 INFO:teuthology.orchestra.run.smithi043.stdout:/usr/bin/ceph: stderr
2024-09-11T23:12:57.770+0000 7fed0ffff640 1 -- 172.21.15.43:0/339228412 <== mon.0 v2:172.21.15.43:3300/0 2 ==== config(27 keys) ==== 1140+0+0 (secure 0 0 0) 0x7fed14032920 con 0x7fed18108320
2024-09-11T23:13:02.475 INFO:teuthology.orchestra.run.smithi043.stdout:/usr/bin/ceph: stderr
2024-09-11T23:12:57.770+0000 7fed0ffff640 1 -- 172.21.15.43:0/339228412 <== mon.0 v2:172.21.15.43:3300/0 3 ==== mon_map magic: 0 ==== 205+0+0 (secure 0 0 0) 0x7fed14030810 con 0x7fed18108320
2024-09-11T23:13:02.475 INFO:teuthology.orchestra.run.smithi043.stdout:/usr/bin/ceph: stderr
2024-09-11T23:12:57.771+0000 7fed1f448640 1 -- 172.21.15.43:0/339228412 >> [v2:172.21.15.43:3300/0,v1:172.21.15.43:6789/0] conn(0x7fed18108320 msgr2=0x7fed1810a710 secure :-1 s=STATE_CONNECTION_ESTABLISHED l=1).mark_down
2024-09-11T23:13:02.475 INFO:teuthology.orchestra.run.smithi043.stdout:/usr/bin/ceph: stderr
2024-09-11T23:12:57.771+0000 7fed1f448640 1 --2- 172.21.15.43:0/339228412 >> [v2:172.21.15.43:3300/0,v1:172.21.15.43:6789/0] conn(0x7fed18108320 0x7fed1810a710 secure :-1 s=READY pgs=59 cs=0 l=1 rev1=1 crypto rx=0x7fed14009820 tx=0x7fed1402a270 comp rx=0 tx=0).stop
2024-09-11T23:13:02.475 INFO:teuthology.orchestra.run.smithi043.stdout:/usr/bin/ceph: stderr
2024-09-11T23:12:57.771+0000 7fed1f448640 1 -- 172.21.15.43:0/339228412 shutdown_connections
2024-09-11T23:13:02.475 INFO:teuthology.orchestra.run.smithi043.stdout:/usr/bin/ceph: stderr
2024-09-11T23:12:57.771+0000 7fed1f448640 1 --2- 172.21.15.43:0/339228412 >> [v2:172.21.15.43:3300/0,v1:172.21.15.43:6789/0] conn(0x7fed18108320 0x7fed1810a710 unknown :-1 s=CLOSED pgs=59 cs=0 l=1 rev1=1 crypto rx=0 tx=0 comp rx=0 tx=0).stop
2024-09-11T23:13:02.475 INFO:teuthology.orchestra.run.smithi043.stdout:/usr/bin/ceph: stderr
2024-09-11T23:12:57.771+0000 7fed1f448640 1 -- 172.21.15.43:0/339228412 >> 172.21.15.43:0/339228412 conn(0x7fed18101f20 msgr2=0x7fed18104360 unknown :-1 s=STATE_NONE l=0).mark_down
2024-09-11T23:13:02.475 INFO:teuthology.orchestra.run.smithi043.stdout:/usr/bin/ceph: stderr
2024-09-11T23:12:57.771+0000 7fed1f448640 1 -- 172.21.15.43:0/339228412 shutdown_connections
2024-09-11T23:13:02.475 INFO:teuthology.orchestra.run.smithi043.stdout:/usr/bin/ceph: stderr
2024-09-11T23:12:57.771+0000 7fed1f448640 1 -- 172.21.15.43:0/339228412 wait complete.
2024-09-11T23:13:02.475 INFO:teuthology.orchestra.run.smithi043.stdout:/usr/bin/ceph: stderr
2024-09-11T23:12:57.771+0000 7fed1f448640 1 Processor -- start
2024-09-11T23:13:02.476 INFO:teuthology.orchestra.run.smithi043.stdout:/usr/bin/ceph: stderr
2024-09-11T23:12:57.772+0000 7fed1f448640 1 -- start start
2024-09-11T23:13:02.476 INFO:teuthology.orchestra.run.smithi043.stdout:/usr/bin/ceph: stderr
2024-09-11T23:12:57.772+0000 7fed1f448640 1 --2- >> [v2:172.21.15.43:3300/0,v1:172.21.15.43:6789/0] conn(0x7fed18108320 0x7fed18199630 unknown :-1 s=NONE pgs=0 cs=0 l=1 rev1=0 crypto rx=0 tx=0 comp rx=0 tx=0).connect
2024-09-11T23:13:02.476 INFO:teuthology.orchestra.run.smithi043.stdout:/usr/bin/ceph: stderr
2024-09-11T23:12:57.772+0000 7fed1f448640 1 -- --> [v2:172.21.15.43:3300/0,v1:172.21.15.43:6789/0] -- mon_getmap magic: 0 -- 0x7fed18106f50 con 0x7fed18108320
2024-09-11T23:13:02.476 INFO:teuthology.orchestra.run.smithi043.stdout:/usr/bin/ceph: stderr
2024-09-11T23:12:57.772+0000 7fed1d1e4640 1 --2- >> [v2:172.21.15.43:3300/0,v1:172.21.15.43:6789/0] conn(0x7fed18108320 0x7fed18199630 unknown :-1 s=BANNER_CONNECTING pgs=0 cs=0 l=1 rev1=0 crypto rx=0 tx=0 comp rx=0 tx=0)._handle_peer_banner_payload supported=3 required=0
2024-09-11T23:13:02.476 INFO:teuthology.orchestra.run.smithi043.stdout:/usr/bin/ceph: stderr
2024-09-11T23:12:57.772+0000 7fed1d1e4640 1 --2- >> [v2:172.21.15.43:3300/0,v1:172.21.15.43:6789/0] conn(0x7fed18108320 0x7fed18199630 unknown :-1 s=HELLO_CONNECTING pgs=0 cs=0 l=1 rev1=1 crypto rx=0 tx=0 comp rx=0 tx=0).handle_hello peer v2:172.21.15.43:3300/0 says I am v2:172.21.15.43:47250/0 (socket says 172.21.15.43:47250)
2024-09-11T23:13:02.476 INFO:teuthology.orchestra.run.smithi043.stdout:/usr/bin/ceph: stderr
2024-09-11T23:12:57.772+0000 7fed1d1e4640 1 -- 172.21.15.43:0/1554993528 learned_addr learned my addr 172.21.15.43:0/1554993528 (peer_addr_for_me v2:172.21.15.43:0/0)
2024-09-11T23:13:02.476 INFO:teuthology.orchestra.run.smithi043.stdout:/usr/bin/ceph: stderr
2024-09-11T23:12:57.772+0000 7fed1d1e4640 1 -- 172.21.15.43:0/1554993528 --> [v2:172.21.15.43:3300/0,v1:172.21.15.43:6789/0] -- mon_subscribe({config=0+,monmap=0+}) -- 0x7fed18199b70 con 0x7fed18108320
2024-09-11T23:13:02.476 INFO:teuthology.orchestra.run.smithi043.stdout:/usr/bin/ceph: stderr
2024-09-11T23:12:57.772+0000 7fed1d1e4640 1 --2- 172.21.15.43:0/1554993528 >> [v2:172.21.15.43:3300/0,v1:172.21.15.43:6789/0] conn(0x7fed18108320 0x7fed18199630 secure :-1 s=READY pgs=60 cs=0 l=1 rev1=1 crypto rx=0x7fed14030380 tx=0x7fed14032670 comp rx=0 tx=0).ready entity=mon.0 client_cookie=0 server_cookie=0 in_seq=0 out_seq=0
2024-09-11T23:13:02.476 INFO:teuthology.orchestra.run.smithi043.stdout:/usr/bin/ceph: stderr
2024-09-11T23:12:57.772+0000 7fed0e7fc640 1 -- 172.21.15.43:0/1554993528 <== mon.0 v2:172.21.15.43:3300/0 1 ==== mon_map magic: 0 ==== 205+0+0 (secure 0 0 0) 0x7fed14037040 con 0x7fed18108320
2024-09-11T23:13:02.476 INFO:teuthology.orchestra.run.smithi043.stdout:/usr/bin/ceph: stderr
2024-09-11T23:12:57.772+0000 7fed1f448640 1 -- 172.21.15.43:0/1554993528 --> [v2:172.21.15.43:3300/0,v1:172.21.15.43:6789/0] -- mon_subscribe({mgrmap=0+}) -- 0x7fed18199e00 con 0x7fed18108320
2024-09-11T23:13:02.476 INFO:teuthology.orchestra.run.smithi043.stdout:/usr/bin/ceph: stderr
2024-09-11T23:12:57.772+0000 7fed0e7fc640 1 -- 172.21.15.43:0/1554993528 <== mon.0 v2:172.21.15.43:3300/0 2 ==== config(27 keys) ==== 1140+0+0 (secure 0 0 0) 0x7fed14040070 con 0x7fed18108320
2024-09-11T23:13:02.476 INFO:teuthology.orchestra.run.smithi043.stdout:/usr/bin/ceph: stderr
2024-09-11T23:12:57.772+0000 7fed0e7fc640 1 -- 172.21.15.43:0/1554993528 <== mon.0 v2:172.21.15.43:3300/0 3 ==== mon_map magic: 0 ==== 205+0+0 (secure 0 0 0) 0x7fed1403a7b0 con 0x7fed18108320
2024-09-11T23:13:02.477 INFO:teuthology.orchestra.run.smithi043.stdout:/usr/bin/ceph: stderr
2024-09-11T23:12:57.773+0000 7fed1f448640 1 -- 172.21.15.43:0/1554993528 --> [v2:172.21.15.43:3300/0,v1:172.21.15.43:6789/0] -- mon_subscribe({osdmap=0}) -- 0x7fed1819caf0 con 0x7fed18108320
2024-09-11T23:13:02.477 INFO:teuthology.orchestra.run.smithi043.stdout:/usr/bin/ceph: stderr
2024-09-11T23:12:57.773+0000 7fed0e7fc640 1 -- 172.21.15.43:0/1554993528 <== mon.0 v2:172.21.15.43:3300/0 4 ==== mgrmap(e 9) ==== 46300+0+0 (secure 0 0 0) 0x7fed1403a9e0 con 0x7fed18108320
2024-09-11T23:13:02.477 INFO:teuthology.orchestra.run.smithi043.stdout:/usr/bin/ceph: stderr
2024-09-11T23:12:57.774+0000 7fed0e7fc640 1 --2- 172.21.15.43:0/1554993528 >> [v2:172.21.15.43:6800/3892590401,v1:172.21.15.43:6801/3892590401] conn(0x7fed0403d470 0x7fed0403f930 unknown :-1 s=NONE pgs=0 cs=0 l=1 rev1=0 crypto rx=0 tx=0 comp rx=0 tx=0).connect
2024-09-11T23:13:02.477 INFO:teuthology.orchestra.run.smithi043.stdout:/usr/bin/ceph: stderr
2024-09-11T23:12:57.774+0000 7fed0e7fc640 1 -- 172.21.15.43:0/1554993528 --> [v2:172.21.15.43:6800/3892590401,v1:172.21.15.43:6801/3892590401] -- command(tid 0: {"prefix": "get_command_descriptions"}) -- 0x7fed04040040 con 0x7fed0403d470
2024-09-11T23:13:02.477 INFO:teuthology.orchestra.run.smithi043.stdout:/usr/bin/ceph: stderr
2024-09-11T23:12:57.774+0000 7fed0e7fc640 1 -- 172.21.15.43:0/1554993528 <== mon.0 v2:172.21.15.43:3300/0 5 ==== osd_map(2..2 src has 1..2) ==== 940+0+0 (secure 0 0 0) 0x7fed1406c8b0 con 0x7fed18108320
2024-09-11T23:13:02.477 INFO:teuthology.orchestra.run.smithi043.stdout:/usr/bin/ceph: stderr
2024-09-11T23:12:57.774+0000 7fed1c9e3640 1 -- 172.21.15.43:0/1554993528 >> [v2:172.21.15.43:6800/3892590401,v1:172.21.15.43:6801/3892590401] conn(0x7fed0403d470 msgr2=0x7fed0403f930 unknown :-1 s=STATE_CONNECTING_RE l=1).process reconnect failed to v2:172.21.15.43:6800/3892590401
2024-09-11T23:13:02.477 INFO:teuthology.orchestra.run.smithi043.stdout:/usr/bin/ceph: stderr
2024-09-11T23:12:57.774+0000 7fed1c9e3640 1 --2- 172.21.15.43:0/1554993528 >> [v2:172.21.15.43:6800/3892590401,v1:172.21.15.43:6801/3892590401] conn(0x7fed0403d470 0x7fed0403f930 unknown :-1 s=START_CONNECT pgs=0 cs=0 l=1 rev1=0 crypto rx=0 tx=0 comp rx=0 tx=0)._fault waiting 0.200000
2024-09-11T23:13:02.477 INFO:teuthology.orchestra.run.smithi043.stdout:/usr/bin/ceph: stderr
2024-09-11T23:12:57.975+0000 7fed1c9e3640 1 -- 172.21.15.43:0/1554993528 >> [v2:172.21.15.43:6800/3892590401,v1:172.21.15.43:6801/3892590401] conn(0x7fed0403d470 msgr2=0x7fed0403f930 unknown :-1 s=STATE_CONNECTING_RE l=1).process reconnect failed to v2:172.21.15.43:6800/3892590401
2024-09-11T23:13:02.477 INFO:teuthology.orchestra.run.smithi043.stdout:/usr/bin/ceph: stderr
2024-09-11T23:12:57.975+0000 7fed1c9e3640 1 --2- 172.21.15.43:0/1554993528 >> [v2:172.21.15.43:6800/3892590401,v1:172.21.15.43:6801/3892590401] conn(0x7fed0403d470 0x7fed0403f930 unknown :-1 s=START_CONNECT pgs=0 cs=0 l=1 rev1=0 crypto rx=0 tx=0 comp rx=0 tx=0)._fault waiting 0.400000
2024-09-11T23:13:02.477 INFO:teuthology.orchestra.run.smithi043.stdout:/usr/bin/ceph: stderr
2024-09-11T23:12:58.376+0000 7fed1c9e3640 1 -- 172.21.15.43:0/1554993528 >> [v2:172.21.15.43:6800/3892590401,v1:172.21.15.43:6801/3892590401] conn(0x7fed0403d470 msgr2=0x7fed0403f930 unknown :-1 s=STATE_CONNECTING_RE l=1).process reconnect failed to v2:172.21.15.43:6800/3892590401
2024-09-11T23:13:02.477 INFO:teuthology.orchestra.run.smithi043.stdout:/usr/bin/ceph: stderr
2024-09-11T23:12:58.376+0000 7fed1c9e3640 1 --2- 172.21.15.43:0/1554993528 >> [v2:172.21.15.43:6800/3892590401,v1:172.21.15.43:6801/3892590401] conn(0x7fed0403d470 0x7fed0403f930 unknown :-1 s=START_CONNECT pgs=0 cs=0 l=1 rev1=0 crypto rx=0 tx=0 comp rx=0 tx=0)._fault waiting 0.800000
2024-09-11T23:13:02.477 INFO:teuthology.orchestra.run.smithi043.stdout:/usr/bin/ceph: stderr
2024-09-11T23:12:59.177+0000 7fed1c9e3640 1 -- 172.21.15.43:0/1554993528 >> [v2:172.21.15.43:6800/3892590401,v1:172.21.15.43:6801/3892590401] conn(0x7fed0403d470 msgr2=0x7fed0403f930 unknown :-1 s=STATE_CONNECTING_RE l=1).process reconnect failed to v2:172.21.15.43:6800/3892590401
2024-09-11T23:13:02.477 INFO:teuthology.orchestra.run.smithi043.stdout:/usr/bin/ceph: stderr
2024-09-11T23:12:59.177+0000 7fed1c9e3640 1 --2- 172.21.15.43:0/1554993528 >> [v2:172.21.15.43:6800/3892590401,v1:172.21.15.43:6801/3892590401] conn(0x7fed0403d470 0x7fed0403f930 unknown :-1 s=START_CONNECT pgs=0 cs=0 l=1 rev1=0 crypto rx=0 tx=0 comp rx=0 tx=0)._fault waiting 1.600000
2024-09-11T23:13:02.478 INFO:teuthology.orchestra.run.smithi043.stdout:/usr/bin/ceph: stderr
2024-09-11T23:13:00.549+0000 7fed0e7fc640 1 -- 172.21.15.43:0/1554993528 <== mon.0 v2:172.21.15.43:3300/0 6 ==== mgrmap(e 10) ==== 46067+0+0 (secure 0 0 0) 0x7fed1406b360 con 0x7fed18108320
2024-09-11T23:13:02.478 INFO:teuthology.orchestra.run.smithi043.stdout:/usr/bin/ceph: stderr
2024-09-11T23:13:00.549+0000 7fed0e7fc640 1 -- 172.21.15.43:0/1554993528 >> [v2:172.21.15.43:6800/3892590401,v1:172.21.15.43:6801/3892590401] conn(0x7fed0403d470 msgr2=0x7fed0403f930 unknown :-1 s=STATE_CONNECTING l=1).mark_down
2024-09-11T23:13:02.478 INFO:teuthology.orchestra.run.smithi043.stdout:/usr/bin/ceph: stderr
2024-09-11T23:13:00.549+0000 7fed0e7fc640 1 --2- 172.21.15.43:0/1554993528 >> [v2:172.21.15.43:6800/3892590401,v1:172.21.15.43:6801/3892590401] conn(0x7fed0403d470 0x7fed0403f930 unknown :-1 s=START_CONNECT pgs=0 cs=0 l=1 rev1=0 crypto rx=0 tx=0 comp rx=0 tx=0).stop
2024-09-11T23:13:02.478 INFO:teuthology.orchestra.run.smithi043.stdout:/usr/bin/ceph: stderr
2024-09-11T23:13:01.551+0000 7fed0e7fc640 1 -- 172.21.15.43:0/1554993528 <== mon.0 v2:172.21.15.43:3300/0 7 ==== mgrmap(e 11) ==== 46194+0+0 (secure 0 0 0) 0x7fed14045980 con 0x7fed18108320
2024-09-11T23:13:02.478 INFO:teuthology.orchestra.run.smithi043.stdout:/usr/bin/ceph: stderr
2024-09-11T23:13:01.551+0000 7fed0e7fc640 1 --2- 172.21.15.43:0/1554993528 >> [v2:172.21.15.43:6800/2370495020,v1:172.21.15.43:6801/2370495020] conn(0x7fed04040f30 0x7fed04043320 unknown :-1 s=NONE pgs=0 cs=0 l=1 rev1=0 crypto rx=0 tx=0 comp rx=0 tx=0).connect
2024-09-11T23:13:02.478 INFO:teuthology.orchestra.run.smithi043.stdout:/usr/bin/ceph: stderr
2024-09-11T23:13:01.551+0000 7fed0e7fc640 1 -- 172.21.15.43:0/1554993528 --> [v2:172.21.15.43:6800/2370495020,v1:172.21.15.43:6801/2370495020] -- command(tid 0: {"prefix": "get_command_descriptions"}) -- 0x7fed1402b9f0 con 0x7fed04040f30
2024-09-11T23:13:02.478 INFO:teuthology.orchestra.run.smithi043.stdout:/usr/bin/ceph: stderr
2024-09-11T23:13:01.552+0000 7fed1c9e3640 1 --2- 172.21.15.43:0/1554993528 >> [v2:172.21.15.43:6800/2370495020,v1:172.21.15.43:6801/2370495020] conn(0x7fed04040f30 0x7fed04043320 unknown :-1 s=BANNER_CONNECTING pgs=0 cs=0 l=1 rev1=0 crypto rx=0 tx=0 comp rx=0 tx=0)._handle_peer_banner_payload supported=3 required=0
2024-09-11T23:13:02.478 INFO:teuthology.orchestra.run.smithi043.stdout:/usr/bin/ceph: stderr
2024-09-11T23:13:01.552+0000 7fed1c9e3640 1 --2- 172.21.15.43:0/1554993528 >> [v2:172.21.15.43:6800/2370495020,v1:172.21.15.43:6801/2370495020] conn(0x7fed04040f30 0x7fed04043320 secure :-1 s=READY pgs=2 cs=0 l=1 rev1=1 crypto rx=0x7fed08003980 tx=0x7fed080092b0 comp rx=0 tx=0).ready entity=mgr.14150 client_cookie=0 server_cookie=0 in_seq=0 out_seq=0
2024-09-11T23:13:02.478 INFO:teuthology.orchestra.run.smithi043.stdout:/usr/bin/ceph: stderr
2024-09-11T23:13:01.553+0000 7fed0e7fc640 1 -- 172.21.15.43:0/1554993528 <== mgr.14150 v2:172.21.15.43:6800/2370495020 1 ==== command_reply(tid 0: 0 ) ==== 8+0+9564 (secure 0 0 0) 0x7fed1402b9f0 con 0x7fed04040f30
2024-09-11T23:13:02.478 INFO:teuthology.orchestra.run.smithi043.stdout:/usr/bin/ceph: stderr
2024-09-11T23:13:01.565+0000 7fed1f448640 1 -- 172.21.15.43:0/1554993528 --> [v2:172.21.15.43:6800/2370495020,v1:172.21.15.43:6801/2370495020] -- command(tid 1: {"prefix": "mgr_status"}) -- 0x7fed18107620 con 0x7fed04040f30
2024-09-11T23:13:02.478 INFO:teuthology.orchestra.run.smithi043.stdout:/usr/bin/ceph: stderr
2024-09-11T23:13:01.565+0000 7fed0e7fc640 1 -- 172.21.15.43:0/1554993528 <== mgr.14150 v2:172.21.15.43:6800/2370495020 2 ==== command_reply(tid 1: 0 ) ==== 8+0+52 (secure 0 0 0) 0x7fed18107620 con 0x7fed04040f30
2024-09-11T23:13:02.478 INFO:teuthology.orchestra.run.smithi043.stdout:/usr/bin/ceph: stderr
2024-09-11T23:13:01.566+0000 7fed1f448640 1 -- 172.21.15.43:0/1554993528 >> [v2:172.21.15.43:6800/2370495020,v1:172.21.15.43:6801/2370495020] conn(0x7fed04040f30 msgr2=0x7fed04043320 secure :-1 s=STATE_CONNECTION_ESTABLISHED l=1).mark_down
2024-09-11T23:13:02.479 INFO:teuthology.orchestra.run.smithi043.stdout:/usr/bin/ceph: stderr
2024-09-11T23:13:01.566+0000 7fed1f448640 1 --2- 172.21.15.43:0/1554993528 >> [v2:172.21.15.43:6800/2370495020,v1:172.21.15.43:6801/2370495020] conn(0x7fed04040f30 0x7fed04043320 secure :-1 s=READY pgs=2 cs=0 l=1 rev1=1 crypto rx=0x7fed08003980 tx=0x7fed080092b0 comp rx=0 tx=0).stop
2024-09-11T23:13:02.479 INFO:teuthology.orchestra.run.smithi043.stdout:/usr/bin/ceph: stderr
2024-09-11T23:13:01.566+0000 7fed1f448640 1 -- 172.21.15.43:0/1554993528 >> [v2:172.21.15.43:3300/0,v1:172.21.15.43:6789/0] conn(0x7fed18108320 msgr2=0x7fed18199630 secure :-1 s=STATE_CONNECTION_ESTABLISHED l=1).mark_down
2024-09-11T23:13:02.479 INFO:teuthology.orchestra.run.smithi043.stdout:/usr/bin/ceph: stderr
2024-09-11T23:13:01.566+0000 7fed1f448640 1 --2- 172.21.15.43:0/1554993528 >> [v2:172.21.15.43:3300/0,v1:172.21.15.43:6789/0] conn(0x7fed18108320 0x7fed18199630 secure :-1 s=READY pgs=60 cs=0 l=1 rev1=1 crypto rx=0x7fed14030380 tx=0x7fed14032670 comp rx=0 tx=0).stop
2024-09-11T23:13:02.479 INFO:teuthology.orchestra.run.smithi043.stdout:/usr/bin/ceph: stderr
2024-09-11T23:13:01.566+0000 7fed1f448640 1 -- 172.21.15.43:0/1554993528 shutdown_connections
2024-09-11T23:13:02.479 INFO:teuthology.orchestra.run.smithi043.stdout:/usr/bin/ceph: stderr
2024-09-11T23:13:01.566+0000 7fed1f448640 1 --2- 172.21.15.43:0/1554993528 >> [v2:172.21.15.43:6800/2370495020,v1:172.21.15.43:6801/2370495020] conn(0x7fed04040f30 0x7fed04043320 unknown :-1 s=CLOSED pgs=2 cs=0 l=1 rev1=1 crypto rx=0 tx=0 comp rx=0 tx=0).stop
2024-09-11T23:13:02.479 INFO:teuthology.orchestra.run.smithi043.stdout:/usr/bin/ceph: stderr
2024-09-11T23:13:01.566+0000 7fed1f448640 1 --2- 172.21.15.43:0/1554993528 >> [v2:172.21.15.43:6800/3892590401,v1:172.21.15.43:6801/3892590401] conn(0x7fed0403d470 0x7fed0403f930 unknown :-1 s=CLOSED pgs=0 cs=0 l=1 rev1=0 crypto rx=0 tx=0 comp rx=0 tx=0).stop
2024-09-11T23:13:02.479 INFO:teuthology.orchestra.run.smithi043.stdout:/usr/bin/ceph: stderr
2024-09-11T23:13:01.566+0000 7fed1f448640 1 --2- 172.21.15.43:0/1554993528 >> [v2:172.21.15.43:3300/0,v1:172.21.15.43:6789/0] conn(0x7fed18108320 0x7fed18199630 unknown :-1 s=CLOSED pgs=60 cs=0 l=1 rev1=1 crypto rx=0 tx=0 comp rx=0 tx=0).stop
2024-09-11T23:13:02.479 INFO:teuthology.orchestra.run.smithi043.stdout:/usr/bin/ceph: stderr
2024-09-11T23:13:01.566+0000 7fed1f448640 1 -- 172.21.15.43:0/1554993528 >> 172.21.15.43:0/1554993528 conn(0x7fed18101f20 msgr2=0x7fed18102990 unknown :-1 s=STATE_NONE l=0).mark_down
2024-09-11T23:13:02.479 INFO:teuthology.orchestra.run.smithi043.stdout:/usr/bin/ceph: stderr
2024-09-11T23:13:01.566+0000 7fed1f448640 1 -- 172.21.15.43:0/1554993528 shutdown_connections
2024-09-11T23:13:02.479 INFO:teuthology.orchestra.run.smithi043.stdout:/usr/bin/ceph: stderr
2024-09-11T23:13:01.566+0000 7fed1f448640 1 -- 172.21.15.43:0/1554993528 wait complete.
2024-09-11T23:13:02.479 INFO:teuthology.orchestra.run.smithi043.stdout:mgr epoch 9 is available
2024-09-11T23:13:02.479 INFO:teuthology.orchestra.run.smithi043.stdout:Generating a dashboard self-signed certificate...
2024-09-11T23:13:02.551 INFO:journalctl@ceph.mgr.x.smithi043.stdout:Sep 11 23:13:02 smithi043 ceph-25c0cd84-7093-11ef-bcea-c7b262605968-mgr-x[31178]:
2024-09-11T23:13:02.411+0000 7f5b06efc640 -1 log_channel(cephadm) log [ERR] : [11/Sep/2024:23:13:02] ENGINE Error in HTTPServer.serve
2024-09-11T23:13:02.551 INFO:journalctl@ceph.mgr.x.smithi043.stdout:Sep 11 23:13:02 smithi043 ceph-25c0cd84-7093-11ef-bcea-c7b262605968-mgr-x[31178]: Traceback (most recent call last):
2024-09-11T23:13:02.551 INFO:journalctl@ceph.mgr.x.smithi043.stdout:Sep 11 23:13:02 smithi043 ceph-25c0cd84-7093-11ef-bcea-c7b262605968-mgr-x[31178]: File "/lib/python3.9/site-packages/cheroot/server.py", line 1823, in serve
2024-09-11T23:13:02.552 INFO:journalctl@ceph.mgr.x.smithi043.stdout:Sep 11 23:13:02 smithi043 ceph-25c0cd84-7093-11ef-bcea-c7b262605968-mgr-x[31178]: self._connections.run(self.expiration_interval)
2024-09-11T23:13:02.552 INFO:journalctl@ceph.mgr.x.smithi043.stdout:Sep 11 23:13:02 smithi043 ceph-25c0cd84-7093-11ef-bcea-c7b262605968-mgr-x[31178]: File "/lib/python3.9/site-packages/cheroot/connections.py", line 203, in run
2024-09-11T23:13:02.552 INFO:journalctl@ceph.mgr.x.smithi043.stdout:Sep 11 23:13:02 smithi043 ceph-25c0cd84-7093-11ef-bcea-c7b262605968-mgr-x[31178]: self._run(expiration_interval)
2024-09-11T23:13:02.552 INFO:journalctl@ceph.mgr.x.smithi043.stdout:Sep 11 23:13:02 smithi043 ceph-25c0cd84-7093-11ef-bcea-c7b262605968-mgr-x[31178]: File "/lib/python3.9/site-packages/cheroot/connections.py", line 246, in _run
2024-09-11T23:13:02.552 INFO:journalctl@ceph.mgr.x.smithi043.stdout:Sep 11 23:13:02 smithi043 ceph-25c0cd84-7093-11ef-bcea-c7b262605968-mgr-x[31178]: new_conn = self._from_server_socket(self.server.socket)
2024-09-11T23:13:02.552 INFO:journalctl@ceph.mgr.x.smithi043.stdout:Sep 11 23:13:02 smithi043 ceph-25c0cd84-7093-11ef-bcea-c7b262605968-mgr-x[31178]: File "/lib/python3.9/site-packages/cheroot/connections.py", line 300, in _from_server_socket
2024-09-11T23:13:02.552 INFO:journalctl@ceph.mgr.x.smithi043.stdout:Sep 11 23:13:02 smithi043 ceph-25c0cd84-7093-11ef-bcea-c7b262605968-mgr-x[31178]: s, ssl_env = self.server.ssl_adapter.wrap(s)
2024-09-11T23:13:02.552 INFO:journalctl@ceph.mgr.x.smithi043.stdout:Sep 11 23:13:02 smithi043 ceph-25c0cd84-7093-11ef-bcea-c7b262605968-mgr-x[31178]: File "/lib/python3.9/site-packages/cheroot/ssl/builtin.py", line 277, in wrap
2024-09-11T23:13:02.552 INFO:journalctl@ceph.mgr.x.smithi043.stdout:Sep 11 23:13:02 smithi043 ceph-25c0cd84-7093-11ef-bcea-c7b262605968-mgr-x[31178]: s = self.context.wrap_socket(
2024-09-11T23:13:02.552 INFO:journalctl@ceph.mgr.x.smithi043.stdout:Sep 11 23:13:02 smithi043 ceph-25c0cd84-7093-11ef-bcea-c7b262605968-mgr-x[31178]: File "/lib64/python3.9/ssl.py", line 501, in wrap_socket
2024-09-11T23:13:02.552 INFO:journalctl@ceph.mgr.x.smithi043.stdout:Sep 11 23:13:02 smithi043 ceph-25c0cd84-7093-11ef-bcea-c7b262605968-mgr-x[31178]: return self.sslsocket_class._create(
2024-09-11T23:13:02.552 INFO:journalctl@ceph.mgr.x.smithi043.stdout:Sep 11 23:13:02 smithi043 ceph-25c0cd84-7093-11ef-bcea-c7b262605968-mgr-x[31178]: File "/lib64/python3.9/ssl.py", line 1074, in _create
2024-09-11T23:13:02.552 INFO:journalctl@ceph.mgr.x.smithi043.stdout:Sep 11 23:13:02 smithi043 ceph-25c0cd84-7093-11ef-bcea-c7b262605968-mgr-x[31178]: self.do_handshake()
2024-09-11T23:13:02.553 INFO:journalctl@ceph.mgr.x.smithi043.stdout:Sep 11 23:13:02 smithi043 ceph-25c0cd84-7093-11ef-bcea-c7b262605968-mgr-x[31178]: File "/lib64/python3.9/ssl.py", line 1343, in do_handshake
2024-09-11T23:13:02.553 INFO:journalctl@ceph.mgr.x.smithi043.stdout:Sep 11 23:13:02 smithi043 ceph-25c0cd84-7093-11ef-bcea-c7b262605968-mgr-x[31178]: self._sslobj.do_handshake()
2024-09-11T23:13:02.553 INFO:journalctl@ceph.mgr.x.smithi043.stdout:Sep 11 23:13:02 smithi043 ceph-25c0cd84-7093-11ef-bcea-c7b262605968-mgr-x[31178]: ssl.SSLZeroReturnError: TLS/SSL connection has been closed (EOF) (_ssl.c:1133)
2024-09-11T23:13:02.553 INFO:journalctl@ceph.mgr.x.smithi043.stdout:Sep 11 23:13:02 smithi043 ceph-25c0cd84-7093-11ef-bcea-c7b262605968-mgr-x[31178]:
2024-09-11T23:13:02.831 INFO:journalctl@ceph.mon.a.smithi043.stdout:Sep 11 23:13:02 smithi043 ceph-mon[30950]: mgrmap e11: x(active, since 1.00585s)
2024-09-11T23:13:02.832 INFO:journalctl@ceph.mon.a.smithi043.stdout:Sep 11 23:13:02 smithi043 ceph-mon[30950]: from='mgr.14150 172.21.15.43:0/2041994966' entity='mgr.x'
2024-09-11T23:13:02.832 INFO:journalctl@ceph.mon.a.smithi043.stdout:Sep 11 23:13:02 smithi043 ceph-mon[30950]: [11/Sep/2024:23:13:02] ENGINE Bus STARTING
2024-09-11T23:13:02.832 INFO:journalctl@ceph.mon.a.smithi043.stdout:Sep 11 23:13:02 smithi043 ceph-mon[30950]: [11/Sep/2024:23:13:02] ENGINE Serving on https://172.21.15.43:7150
2024-09-11T23:13:02.832 INFO:journalctl@ceph.mon.a.smithi043.stdout:Sep 11 23:13:02 smithi043 ceph-mon[30950]: [11/Sep/2024:23:13:02] ENGINE Error in HTTPServer.serve
2024-09-11T23:13:02.832 INFO:journalctl@ceph.mon.a.smithi043.stdout: Traceback (most recent call last):
2024-09-11T23:13:02.832 INFO:journalctl@ceph.mon.a.smithi043.stdout: File "/lib/python3.9/site-packages/cheroot/server.py", line 1823, in serve
2024-09-11T23:13:02.832 INFO:journalctl@ceph.mon.a.smithi043.stdout: self._connections.run(self.expiration_interval)
2024-09-11T23:13:02.832 INFO:journalctl@ceph.mon.a.smithi043.stdout: File "/lib/python3.9/site-packages/cheroot/connections.py", line 203, in run
2024-09-11T23:13:02.832 INFO:journalctl@ceph.mon.a.smithi043.stdout: self._run(expiration_interval)
2024-09-11T23:13:02.832 INFO:journalctl@ceph.mon.a.smithi043.stdout: File "/lib/python3.9/site-packages/cheroot/connections.py", line 246, in _run
2024-09-11T23:13:02.832 INFO:journalctl@ceph.mon.a.smithi043.stdout: new_conn = self._from_server_socket(self.server.socket)
2024-09-11T23:13:02.833 INFO:journalctl@ceph.mon.a.smithi043.stdout: File "/lib/python3.9/site-packages/cheroot/connections.py", line 300, in _from_server_socket
2024-09-11T23:13:02.833 INFO:journalctl@ceph.mon.a.smithi043.stdout: s, ssl_env = self.server.ssl_adapter.wrap(s)
2024-09-11T23:13:02.833 INFO:journalctl@ceph.mon.a.smithi043.stdout: File "/lib/python3.9/site-packages/cheroot/ssl/builtin.py", line 277, in wrap
2024-09-11T23:13:02.833 INFO:journalctl@ceph.mon.a.smithi043.stdout: s = self.context.wrap_socket(
2024-09-11T23:13:02.833 INFO:journalctl@ceph.mon.a.smithi043.stdout: File "/lib64/python3.9/ssl.py", line 501, in wrap_socket
2024-09-11T23:13:02.833 INFO:journalctl@ceph.mon.a.smithi043.stdout: return self.sslsocket_class._create(
2024-09-11T23:13:02.833 INFO:journalctl@ceph.mon.a.smithi043.stdout: File "/lib64/python3.9/ssl.py", line 1074, in _create
2024-09-11T23:13:02.833 INFO:journalctl@ceph.mon.a.smithi043.stdout: self.do_handshake()
2024-09-11T23:13:02.833 INFO:journalctl@ceph.mon.a.smithi043.stdout: File "/lib64/python3.9/ssl.py", line 1343, in do_handshake
2024-09-11T23:13:02.833 INFO:journalctl@ceph.mon.a.smithi043.stdout: self._sslobj.do_handshake()
2024-09-11T23:13:02.833 INFO:journalctl@ceph.mon.a.smithi043.stdout: ssl.SSLZeroReturnError: TLS/SSL connection has been closed (EOF) (_ssl.c:1133)
2024-09-11T23:13:02.833 INFO:journalctl@ceph.mon.a.smithi043.stdout:Sep 11 23:13:02 smithi043 ceph-mon[30950]: [11/Sep/2024:23:13:02] ENGINE Serving on http://172.21.15.43:8765
2024-09-11T23:13:02.833 INFO:journalctl@ceph.mon.a.smithi043.stdout:Sep 11 23:13:02 smithi043 ceph-mon[30950]: [11/Sep/2024:23:13:02] ENGINE Bus STARTED
2024-09-11T23:13:03.809 INFO:teuthology.orchestra.run.smithi043.stdout:/usr/bin/ceph: stdout Self-signed certificate created
2024-09-11T23:13:03.809 INFO:teuthology.orchestra.run.smithi043.stdout:/usr/bin/ceph: stderr
2024-09-11T23:13:02.913+0000 7f3ca979e640 1 Processor -- start
2024-09-11T23:13:03.809 INFO:teuthology.orchestra.run.smithi043.stdout:/usr/bin/ceph: stderr
2024-09-11T23:13:02.913+0000 7f3ca979e640 1 -- start start
2024-09-11T23:13:03.809 INFO:teuthology.orchestra.run.smithi043.stdout:/usr/bin/ceph: stderr
2024-09-11T23:13:02.913+0000 7f3ca979e640 1 --2- >> [v2:172.21.15.43:3300/0,v1:172.21.15.43:6789/0] conn(0x7f3ca41067b0 0x7f3ca4106bb0 unknown :-1 s=NONE pgs=0 cs=0 l=0 rev1=0 crypto rx=0 tx=0 comp rx=0 tx=0).connect
2024-09-11T23:13:03.809 INFO:teuthology.orchestra.run.smithi043.stdout:/usr/bin/ceph: stderr
2024-09-11T23:13:02.913+0000 7f3ca979e640 1 -- --> [v2:172.21.15.43:3300/0,v1:172.21.15.43:6789/0] -- mon_getmap magic: 0 -- 0x7f3ca4107180 con 0x7f3ca41067b0
2024-09-11T23:13:03.809 INFO:teuthology.orchestra.run.smithi043.stdout:/usr/bin/ceph: stderr
2024-09-11T23:13:02.913+0000 7f3ca2ffd640 1 --2- >> [v2:172.21.15.43:3300/0,v1:172.21.15.43:6789/0] conn(0x7f3ca41067b0 0x7f3ca4106bb0 unknown :-1 s=BANNER_CONNECTING pgs=0 cs=0 l=0 rev1=0 crypto rx=0 tx=0 comp rx=0 tx=0)._handle_peer_banner_payload supported=3 required=0
2024-09-11T23:13:03.809 INFO:teuthology.orchestra.run.smithi043.stdout:/usr/bin/ceph: stderr
2024-09-11T23:13:02.913+0000 7f3ca2ffd640 1 --2- >> [v2:172.21.15.43:3300/0,v1:172.21.15.43:6789/0] conn(0x7f3ca41067b0 0x7f3ca4106bb0 unknown :-1 s=HELLO_CONNECTING pgs=0 cs=0 l=0 rev1=1 crypto rx=0 tx=0 comp rx=0 tx=0).handle_hello peer v2:172.21.15.43:3300/0 says I am v2:172.21.15.43:40908/0 (socket says 172.21.15.43:40908)
2024-09-11T23:13:03.809 INFO:teuthology.orchestra.run.smithi043.stdout:/usr/bin/ceph: stderr
2024-09-11T23:13:02.913+0000 7f3ca2ffd640 1 -- 172.21.15.43:0/3991054353 learned_addr learned my addr 172.21.15.43:0/3991054353 (peer_addr_for_me v2:172.21.15.43:0/0)
2024-09-11T23:13:03.809 INFO:teuthology.orchestra.run.smithi043.stdout:/usr/bin/ceph: stderr
2024-09-11T23:13:02.914+0000 7f3ca2ffd640 1 -- 172.21.15.43:0/3991054353 --> [v2:172.21.15.43:3300/0,v1:172.21.15.43:6789/0] -- mon_subscribe({config=0+,monmap=0+}) -- 0x7f3ca41079b0 con 0x7f3ca41067b0
2024-09-11T23:13:03.809 INFO:teuthology.orchestra.run.smithi043.stdout:/usr/bin/ceph: stderr
2024-09-11T23:13:02.914+0000 7f3ca2ffd640 1 --2- 172.21.15.43:0/3991054353 >> [v2:172.21.15.43:3300/0,v1:172.21.15.43:6789/0] conn(0x7f3ca41067b0 0x7f3ca4106bb0 secure :-1 s=READY pgs=68 cs=0 l=1 rev1=1 crypto rx=0x7f3c94009e80 tx=0x7f3c9402a7a0 comp rx=0 tx=0).ready entity=mon.0 client_cookie=ab1ae280b7aff758 server_cookie=0 in_seq=0 out_seq=0
2024-09-11T23:13:03.810 INFO:teuthology.orchestra.run.smithi043.stdout:/usr/bin/ceph: stderr
2024-09-11T23:13:02.914+0000 7f3ca1ffb640 1 -- 172.21.15.43:0/3991054353 <== mon.0 v2:172.21.15.43:3300/0 1 ==== mon_map magic: 0 ==== 205+0+0 (secure 0 0 0) 0x7f3c94036070 con 0x7f3ca41067b0
2024-09-11T23:13:03.810 INFO:teuthology.orchestra.run.smithi043.stdout:/usr/bin/ceph: stderr
2024-09-11T23:13:02.914+0000 7f3ca1ffb640 1 -- 172.21.15.43:0/3991054353 <== mon.0 v2:172.21.15.43:3300/0 2 ==== config(27 keys) ==== 1140+0+0 (secure 0 0 0) 0x7f3c940318e0 con 0x7f3ca41067b0
2024-09-11T23:13:03.810 INFO:teuthology.orchestra.run.smithi043.stdout:/usr/bin/ceph: stderr
2024-09-11T23:13:02.914+0000 7f3ca1ffb640 1 -- 172.21.15.43:0/3991054353 <== mon.0 v2:172.21.15.43:3300/0 3 ==== mon_map magic: 0 ==== 205+0+0 (secure 0 0 0) 0x7f3c94007a00 con 0x7f3ca41067b0
2024-09-11T23:13:03.810 INFO:teuthology.orchestra.run.smithi043.stdout:/usr/bin/ceph: stderr
2024-09-11T23:13:02.915+0000 7f3ca979e640 1 -- 172.21.15.43:0/3991054353 >> [v2:172.21.15.43:3300/0,v1:172.21.15.43:6789/0] conn(0x7f3ca41067b0 msgr2=0x7f3ca4106bb0 secure :-1 s=STATE_CONNECTION_ESTABLISHED l=1).mark_down
2024-09-11T23:13:03.810 INFO:teuthology.orchestra.run.smithi043.stdout:/usr/bin/ceph: stderr
2024-09-11T23:13:02.915+0000 7f3ca979e640 1 --2- 172.21.15.43:0/3991054353 >> [v2:172.21.15.43:3300/0,v1:172.21.15.43:6789/0] conn(0x7f3ca41067b0 0x7f3ca4106bb0 secure :-1 s=READY pgs=68 cs=0 l=1 rev1=1 crypto rx=0x7f3c94009e80 tx=0x7f3c9402a7a0 comp rx=0 tx=0).stop
2024-09-11T23:13:03.810 INFO:teuthology.orchestra.run.smithi043.stdout:/usr/bin/ceph: stderr
2024-09-11T23:13:02.915+0000 7f3ca979e640 1 -- 172.21.15.43:0/3991054353 shutdown_connections
2024-09-11T23:13:03.810 INFO:teuthology.orchestra.run.smithi043.stdout:/usr/bin/ceph: stderr
2024-09-11T23:13:02.915+0000 7f3ca979e640 1 --2- 172.21.15.43:0/3991054353 >> [v2:172.21.15.43:3300/0,v1:172.21.15.43:6789/0] conn(0x7f3ca41067b0 0x7f3ca4106bb0 unknown :-1 s=CLOSED pgs=68 cs=0 l=1 rev1=1 crypto rx=0 tx=0 comp rx=0 tx=0).stop
2024-09-11T23:13:03.810 INFO:teuthology.orchestra.run.smithi043.stdout:/usr/bin/ceph: stderr
2024-09-11T23:13:02.915+0000 7f3ca979e640 1 -- 172.21.15.43:0/3991054353 >> 172.21.15.43:0/3991054353 conn(0x7f3ca4101f20 msgr2=0x7f3ca4104380 unknown :-1 s=STATE_NONE l=0).mark_down
2024-09-11T23:13:03.810 INFO:teuthology.orchestra.run.smithi043.stdout:/usr/bin/ceph: stderr
2024-09-11T23:13:02.915+0000 7f3ca979e640 1 -- 172.21.15.43:0/3991054353 shutdown_connections
2024-09-11T23:13:03.810 INFO:teuthology.orchestra.run.smithi043.stdout:/usr/bin/ceph: stderr
2024-09-11T23:13:02.915+0000 7f3ca979e640 1 -- 172.21.15.43:0/3991054353 wait complete.
2024-09-11T23:13:03.810 INFO:teuthology.orchestra.run.smithi043.stdout:/usr/bin/ceph: stderr
2024-09-11T23:13:02.916+0000 7f3ca979e640 1 Processor -- start
2024-09-11T23:13:03.810 INFO:teuthology.orchestra.run.smithi043.stdout:/usr/bin/ceph: stderr
2024-09-11T23:13:02.916+0000 7f3ca979e640 1 -- start start
2024-09-11T23:13:03.810 INFO:teuthology.orchestra.run.smithi043.stdout:/usr/bin/ceph: stderr
2024-09-11T23:13:02.916+0000 7f3ca979e640 1 --2- >> [v2:172.21.15.43:3300/0,v1:172.21.15.43:6789/0] conn(0x7f3ca41067b0 0x7f3ca419b8e0 unknown :-1 s=NONE pgs=0 cs=0 l=1 rev1=0 crypto rx=0 tx=0 comp rx=0 tx=0).connect
2024-09-11T23:13:03.811 INFO:teuthology.orchestra.run.smithi043.stdout:/usr/bin/ceph: stderr
2024-09-11T23:13:02.916+0000 7f3ca979e640 1 -- --> [v2:172.21.15.43:3300/0,v1:172.21.15.43:6789/0] -- mon_getmap magic: 0 -- 0x7f3ca410ad60 con 0x7f3ca41067b0
2024-09-11T23:13:03.811 INFO:teuthology.orchestra.run.smithi043.stdout:/usr/bin/ceph: stderr
2024-09-11T23:13:02.916+0000 7f3ca2ffd640 1 --2- >> [v2:172.21.15.43:3300/0,v1:172.21.15.43:6789/0] conn(0x7f3ca41067b0 0x7f3ca419b8e0 unknown :-1 s=BANNER_CONNECTING pgs=0 cs=0 l=1 rev1=0 crypto rx=0 tx=0 comp rx=0 tx=0)._handle_peer_banner_payload supported=3 required=0
2024-09-11T23:13:03.811 INFO:teuthology.orchestra.run.smithi043.stdout:/usr/bin/ceph: stderr
2024-09-11T23:13:02.916+0000 7f3ca2ffd640 1 --2- >> [v2:172.21.15.43:3300/0,v1:172.21.15.43:6789/0] conn(0x7f3ca41067b0 0x7f3ca419b8e0 unknown :-1 s=HELLO_CONNECTING pgs=0 cs=0 l=1 rev1=1 crypto rx=0 tx=0 comp rx=0 tx=0).handle_hello peer v2:172.21.15.43:3300/0 says I am v2:172.21.15.43:40922/0 (socket says 172.21.15.43:40922)
2024-09-11T23:13:03.811 INFO:teuthology.orchestra.run.smithi043.stdout:/usr/bin/ceph: stderr
2024-09-11T23:13:02.916+0000 7f3ca2ffd640 1 -- 172.21.15.43:0/320367654 learned_addr learned my addr 172.21.15.43:0/320367654 (peer_addr_for_me v2:172.21.15.43:0/0)
2024-09-11T23:13:03.811 INFO:teuthology.orchestra.run.smithi043.stdout:/usr/bin/ceph: stderr
2024-09-11T23:13:02.916+0000 7f3ca2ffd640 1 -- 172.21.15.43:0/320367654 --> [v2:172.21.15.43:3300/0,v1:172.21.15.43:6789/0] -- mon_subscribe({config=0+,monmap=0+}) -- 0x7f3ca419be20 con 0x7f3ca41067b0
2024-09-11T23:13:03.811 INFO:teuthology.orchestra.run.smithi043.stdout:/usr/bin/ceph: stderr
2024-09-11T23:13:02.917+0000 7f3ca2ffd640 1 --2- 172.21.15.43:0/320367654 >> [v2:172.21.15.43:3300/0,v1:172.21.15.43:6789/0] conn(0x7f3ca41067b0 0x7f3ca419b8e0 secure :-1 s=READY pgs=69 cs=0 l=1 rev1=1 crypto rx=0x7f3c9402acc0 tx=0x7f3c94031cc0 comp rx=0 tx=0).ready entity=mon.0 client_cookie=0 server_cookie=0 in_seq=0 out_seq=0
2024-09-11T23:13:03.811 INFO:teuthology.orchestra.run.smithi043.stdout:/usr/bin/ceph: stderr
2024-09-11T23:13:02.917+0000 7f3c8bfff640 1 -- 172.21.15.43:0/320367654 <== mon.0 v2:172.21.15.43:3300/0 1 ==== mon_map magic: 0 ==== 205+0+0 (secure 0 0 0) 0x7f3c94036050 con 0x7f3ca41067b0
2024-09-11T23:13:03.811 INFO:teuthology.orchestra.run.smithi043.stdout:/usr/bin/ceph: stderr
2024-09-11T23:13:02.917+0000 7f3c8bfff640 1 -- 172.21.15.43:0/320367654 <== mon.0 v2:172.21.15.43:3300/0 2 ==== config(27 keys) ==== 1140+0+0 (secure 0 0 0) 0x7f3c94037040 con 0x7f3ca41067b0
2024-09-11T23:13:03.811 INFO:teuthology.orchestra.run.smithi043.stdout:/usr/bin/ceph: stderr
2024-09-11T23:13:02.917+0000 7f3ca979e640 1 -- 172.21.15.43:0/320367654 --> [v2:172.21.15.43:3300/0,v1:172.21.15.43:6789/0] -- mon_subscribe({mgrmap=0+}) -- 0x7f3ca419c0b0 con 0x7f3ca41067b0
2024-09-11T23:13:03.811 INFO:teuthology.orchestra.run.smithi043.stdout:/usr/bin/ceph: stderr
2024-09-11T23:13:02.917+0000 7f3c8bfff640 1 -- 172.21.15.43:0/320367654 <== mon.0 v2:172.21.15.43:3300/0 3 ==== mon_map magic: 0 ==== 205+0+0 (secure 0 0 0) 0x7f3c9403b890 con 0x7f3ca41067b0
2024-09-11T23:13:03.811 INFO:teuthology.orchestra.run.smithi043.stdout:/usr/bin/ceph: stderr
2024-09-11T23:13:02.917+0000 7f3ca979e640 1 -- 172.21.15.43:0/320367654 --> [v2:172.21.15.43:3300/0,v1:172.21.15.43:6789/0] -- mon_subscribe({osdmap=0}) -- 0x7f3ca419eda0 con 0x7f3ca41067b0
2024-09-11T23:13:03.811 INFO:teuthology.orchestra.run.smithi043.stdout:/usr/bin/ceph: stderr
2024-09-11T23:13:02.918+0000 7f3c8bfff640 1 -- 172.21.15.43:0/320367654 <== mon.0 v2:172.21.15.43:3300/0 4 ==== mgrmap(e 12) ==== 46300+0+0 (secure 0 0 0) 0x7f3c94044020 con 0x7f3ca41067b0
2024-09-11T23:13:03.811 INFO:teuthology.orchestra.run.smithi043.stdout:/usr/bin/ceph: stderr
2024-09-11T23:13:02.918+0000 7f3c8bfff640 1 --2- 172.21.15.43:0/320367654 >> [v2:172.21.15.43:6800/2370495020,v1:172.21.15.43:6801/2370495020] conn(0x7f3c8c039020 0x7f3c8c03b4e0 unknown :-1 s=NONE pgs=0 cs=0 l=1 rev1=0 crypto rx=0 tx=0 comp rx=0 tx=0).connect
2024-09-11T23:13:03.811 INFO:teuthology.orchestra.run.smithi043.stdout:/usr/bin/ceph: stderr
2024-09-11T23:13:02.918+0000 7f3c8bfff640 1 -- 172.21.15.43:0/320367654 <== mon.0 v2:172.21.15.43:3300/0 5 ==== osd_map(3..3 src has 1..3) ==== 1155+0+0 (secure 0 0 0) 0x7f3c94042020 con 0x7f3ca41067b0
2024-09-11T23:13:03.812 INFO:teuthology.orchestra.run.smithi043.stdout:/usr/bin/ceph: stderr
2024-09-11T23:13:02.918+0000 7f3ca27fc640 1 --2- 172.21.15.43:0/320367654 >> [v2:172.21.15.43:6800/2370495020,v1:172.21.15.43:6801/2370495020] conn(0x7f3c8c039020 0x7f3c8c03b4e0 unknown :-1 s=BANNER_CONNECTING pgs=0 cs=0 l=1 rev1=0 crypto rx=0 tx=0 comp rx=0 tx=0)._handle_peer_banner_payload supported=3 required=0
2024-09-11T23:13:03.812 INFO:teuthology.orchestra.run.smithi043.stdout:/usr/bin/ceph: stderr
2024-09-11T23:13:02.918+0000 7f3ca979e640 1 -- 172.21.15.43:0/320367654 --> [v2:172.21.15.43:3300/0,v1:172.21.15.43:6789/0] -- mon_command({"prefix": "get_command_descriptions"} v 0) -- 0x7f3ca410aee0 con 0x7f3ca41067b0
2024-09-11T23:13:03.812 INFO:teuthology.orchestra.run.smithi043.stdout:/usr/bin/ceph: stderr
2024-09-11T23:13:02.918+0000 7f3ca27fc640 1 --2- 172.21.15.43:0/320367654 >> [v2:172.21.15.43:6800/2370495020,v1:172.21.15.43:6801/2370495020] conn(0x7f3c8c039020 0x7f3c8c03b4e0 secure :-1 s=READY pgs=7 cs=0 l=1 rev1=1 crypto rx=0x7f3c980098c0 tx=0x7f3c98006db0 comp rx=0 tx=0).ready entity=mgr.14150 client_cookie=0 server_cookie=0 in_seq=0 out_seq=0
2024-09-11T23:13:03.812 INFO:teuthology.orchestra.run.smithi043.stdout:/usr/bin/ceph: stderr
2024-09-11T23:13:02.923+0000 7f3c8bfff640 1 -- 172.21.15.43:0/320367654 <== mon.0 v2:172.21.15.43:3300/0 6 ==== mon_command_ack([{"prefix": "get_command_descriptions"}]=0 v0) ==== 72+0+188821 (secure 0 0 0) 0x7f3c9404b020 con 0x7f3ca41067b0
2024-09-11T23:13:03.812 INFO:teuthology.orchestra.run.smithi043.stdout:/usr/bin/ceph: stderr
2024-09-11T23:13:03.108+0000 7f3ca979e640 1 -- 172.21.15.43:0/320367654 --> [v2:172.21.15.43:6800/2370495020,v1:172.21.15.43:6801/2370495020] -- mgr_command(tid 0: {"prefix": "dashboard create-self-signed-cert", "target": ["mon-mgr", ""]}) -- 0x7f3ca41031b0 con 0x7f3c8c039020
2024-09-11T23:13:03.812 INFO:teuthology.orchestra.run.smithi043.stdout:/usr/bin/ceph: stderr
2024-09-11T23:13:03.221+0000 7f3c8bfff640 1 -- 172.21.15.43:0/320367654 <== mgr.14150 v2:172.21.15.43:6800/2370495020 1 ==== mgr_command_reply(tid 0: 0 ) ==== 8+0+32 (secure 0 0 0) 0x7f3ca41031b0 con 0x7f3c8c039020
2024-09-11T23:13:03.812 INFO:teuthology.orchestra.run.smithi043.stdout:/usr/bin/ceph: stderr
2024-09-11T23:13:03.223+0000 7f3ca979e640 1 -- 172.21.15.43:0/320367654 >> [v2:172.21.15.43:6800/2370495020,v1:172.21.15.43:6801/2370495020] conn(0x7f3c8c039020 msgr2=0x7f3c8c03b4e0 secure :-1 s=STATE_CONNECTION_ESTABLISHED l=1).mark_down
