2024-09-11T23:19:30.224 INFO:teuthology.orchestra.run.smithi005.stdout:/usr/bin/ceph: stderr
2024-09-11T23:19:29.404+0000 7f49f362b640 1 -- --> [v2:172.21.15.5:3300/0,v1:172.21.15.5:6789/0] -- mon_getmap magic: 0 -- 0x7f49ec10b9b0 con 0x7f49ec107400
2024-09-11T23:19:30.224 INFO:teuthology.orchestra.run.smithi005.stdout:/usr/bin/ceph: stderr
2024-09-11T23:19:29.404+0000 7f49f13c7640 1 --2- >> [v2:172.21.15.5:3300/0,v1:172.21.15.5:6789/0] conn(0x7f49ec107400 0x7f49ec19b370 unknown :-1 s=BANNER_CONNECTING pgs=0 cs=0 l=1 rev1=0 crypto rx=0 tx=0 comp rx=0 tx=0)._handle_peer_banner_payload supported=3 required=0
2024-09-11T23:19:30.224 INFO:teuthology.orchestra.run.smithi005.stdout:/usr/bin/ceph: stderr
2024-09-11T23:19:29.404+0000 7f49f13c7640 1 --2- >> [v2:172.21.15.5:3300/0,v1:172.21.15.5:6789/0] conn(0x7f49ec107400 0x7f49ec19b370 unknown :-1 s=HELLO_CONNECTING pgs=0 cs=0 l=1 rev1=1 crypto rx=0 tx=0 comp rx=0 tx=0).handle_hello peer v2:172.21.15.5:3300/0 says I am v2:172.21.15.5:53524/0 (socket says 172.21.15.5:53524)
2024-09-11T23:19:30.224 INFO:teuthology.orchestra.run.smithi005.stdout:/usr/bin/ceph: stderr
2024-09-11T23:19:29.405+0000 7f49f13c7640 1 -- 172.21.15.5:0/2359090685 learned_addr learned my addr 172.21.15.5:0/2359090685 (peer_addr_for_me v2:172.21.15.5:0/0)
2024-09-11T23:19:30.225 INFO:teuthology.orchestra.run.smithi005.stdout:/usr/bin/ceph: stderr
2024-09-11T23:19:29.405+0000 7f49f13c7640 1 -- 172.21.15.5:0/2359090685 --> [v2:172.21.15.5:3300/0,v1:172.21.15.5:6789/0] -- mon_subscribe({config=0+,monmap=0+}) -- 0x7f49ec19b8b0 con 0x7f49ec107400
2024-09-11T23:19:30.225 INFO:teuthology.orchestra.run.smithi005.stdout:/usr/bin/ceph: stderr
2024-09-11T23:19:29.405+0000 7f49f13c7640 1 --2- 172.21.15.5:0/2359090685 >> [v2:172.21.15.5:3300/0,v1:172.21.15.5:6789/0] conn(0x7f49ec107400 0x7f49ec19b370 secure :-1 s=READY pgs=36 cs=0 l=1 rev1=1 crypto rx=0x7f49e8009940 tx=0x7f49e8032e10 comp rx=0 tx=0).ready entity=mon.0 client_cookie=0 server_cookie=0 in_seq=0 out_seq=0
2024-09-11T23:19:30.225 INFO:teuthology.orchestra.run.smithi005.stdout:/usr/bin/ceph: stderr
2024-09-11T23:19:29.405+0000 7f49e27fc640 1 -- 172.21.15.5:0/2359090685 <== mon.0 v2:172.21.15.5:3300/0 1 ==== mon_map magic: 0 ==== 205+0+0 (secure 0 0 0) 0x7f49e8042070 con 0x7f49ec107400
2024-09-11T23:19:30.225 INFO:teuthology.orchestra.run.smithi005.stdout:/usr/bin/ceph: stderr
2024-09-11T23:19:29.405+0000 7f49e27fc640 1 -- 172.21.15.5:0/2359090685 <== mon.0 v2:172.21.15.5:3300/0 2 ==== config(26 keys) ==== 1071+0+0 (secure 0 0 0) 0x7f49e8030c80 con 0x7f49ec107400
2024-09-11T23:19:30.225 INFO:teuthology.orchestra.run.smithi005.stdout:/usr/bin/ceph: stderr
2024-09-11T23:19:29.405+0000 7f49f362b640 1 -- 172.21.15.5:0/2359090685 --> [v2:172.21.15.5:3300/0,v1:172.21.15.5:6789/0] -- mon_subscribe({mgrmap=0+}) -- 0x7f49ec19bb40 con 0x7f49ec107400
2024-09-11T23:19:30.226 INFO:teuthology.orchestra.run.smithi005.stdout:/usr/bin/ceph: stderr
2024-09-11T23:19:29.405+0000 7f49e27fc640 1 -- 172.21.15.5:0/2359090685 <== mon.0 v2:172.21.15.5:3300/0 3 ==== mon_map magic: 0 ==== 205+0+0 (secure 0 0 0) 0x7f49e8037040 con 0x7f49ec107400
2024-09-11T23:19:30.226 INFO:teuthology.orchestra.run.smithi005.stdout:/usr/bin/ceph: stderr
2024-09-11T23:19:29.405+0000 7f49f362b640 1 -- 172.21.15.5:0/2359090685 --> [v2:172.21.15.5:3300/0,v1:172.21.15.5:6789/0] -- mon_subscribe({osdmap=0}) -- 0x7f49ec19e830 con 0x7f49ec107400
2024-09-11T23:19:30.226 INFO:teuthology.orchestra.run.smithi005.stdout:/usr/bin/ceph: stderr
2024-09-11T23:19:29.406+0000 7f49e27fc640 1 -- 172.21.15.5:0/2359090685 <== mon.0 v2:172.21.15.5:3300/0 4 ==== mgrmap(e 8) ==== 46287+0+0 (secure 0 0 0) 0x7f49e8045070 con 0x7f49ec107400
2024-09-11T23:19:30.226 INFO:teuthology.orchestra.run.smithi005.stdout:/usr/bin/ceph: stderr
2024-09-11T23:19:29.406+0000 7f49f362b640 1 -- 172.21.15.5:0/2359090685 --> [v2:172.21.15.5:3300/0,v1:172.21.15.5:6789/0] -- mon_command({"prefix": "get_command_descriptions"} v 0) -- 0x7f49ec10bb30 con 0x7f49ec107400
2024-09-11T23:19:30.226 INFO:teuthology.orchestra.run.smithi005.stdout:/usr/bin/ceph: stderr
2024-09-11T23:19:29.407+0000 7f49e27fc640 1 --2- 172.21.15.5:0/2359090685 >> [v2:172.21.15.5:6800/1790126649,v1:172.21.15.5:6801/1790126649] conn(0x7f49d8038f70 0x7f49d803b430 unknown :-1 s=NONE pgs=0 cs=0 l=1 rev1=0 crypto rx=0 tx=0 comp rx=0 tx=0).connect
2024-09-11T23:19:30.227 INFO:teuthology.orchestra.run.smithi005.stdout:/usr/bin/ceph: stderr
2024-09-11T23:19:29.407+0000 7f49e27fc640 1 -- 172.21.15.5:0/2359090685 <== mon.0 v2:172.21.15.5:3300/0 5 ==== osd_map(2..2 src has 1..2) ==== 940+0+0 (secure 0 0 0) 0x7f49e806bf50 con 0x7f49ec107400
2024-09-11T23:19:30.227 INFO:teuthology.orchestra.run.smithi005.stdout:/usr/bin/ceph: stderr
2024-09-11T23:19:29.407+0000 7f49f0bc6640 1 --2- 172.21.15.5:0/2359090685 >> [v2:172.21.15.5:6800/1790126649,v1:172.21.15.5:6801/1790126649] conn(0x7f49d8038f70 0x7f49d803b430 unknown :-1 s=BANNER_CONNECTING pgs=0 cs=0 l=1 rev1=0 crypto rx=0 tx=0 comp rx=0 tx=0)._handle_peer_banner_payload supported=3 required=0
2024-09-11T23:19:30.227 INFO:teuthology.orchestra.run.smithi005.stdout:/usr/bin/ceph: stderr
2024-09-11T23:19:29.407+0000 7f49f0bc6640 1 --2- 172.21.15.5:0/2359090685 >> [v2:172.21.15.5:6800/1790126649,v1:172.21.15.5:6801/1790126649] conn(0x7f49d8038f70 0x7f49d803b430 secure :-1 s=READY pgs=8 cs=0 l=1 rev1=1 crypto rx=0x7f49dc0098c0 tx=0x7f49dc006db0 comp rx=0 tx=0).ready entity=mgr.14116 client_cookie=0 server_cookie=0 in_seq=0 out_seq=0
2024-09-11T23:19:30.227 INFO:teuthology.orchestra.run.smithi005.stdout:/usr/bin/ceph: stderr
2024-09-11T23:19:29.412+0000 7f49e27fc640 1 -- 172.21.15.5:0/2359090685 <== mon.0 v2:172.21.15.5:3300/0 6 ==== mon_command_ack([{"prefix": "get_command_descriptions"}]=0 v0) ==== 72+0+188821 (secure 0 0 0) 0x7f49e8045360 con 0x7f49ec107400
2024-09-11T23:19:30.227 INFO:teuthology.orchestra.run.smithi005.stdout:/usr/bin/ceph: stderr
2024-09-11T23:19:29.589+0000 7f49f362b640 1 -- 172.21.15.5:0/2359090685 --> [v2:172.21.15.5:6800/1790126649,v1:172.21.15.5:6801/1790126649] -- mgr_command(tid 0: {"prefix": "cephadm set-user", "user": "root", "target": ["mon-mgr", ""]}) -- 0x7f49ec103dd0 con 0x7f49d8038f70
2024-09-11T23:19:30.228 INFO:teuthology.orchestra.run.smithi005.stdout:/usr/bin/ceph: stderr
2024-09-11T23:19:29.590+0000 7f49e27fc640 1 -- 172.21.15.5:0/2359090685 <== mgr.14116 v2:172.21.15.5:6800/1790126649 1 ==== mgr_command_reply(tid 0: 0 ) ==== 8+0+16 (secure 0 0 0) 0x7f49ec103dd0 con 0x7f49d8038f70
2024-09-11T23:19:30.228 INFO:teuthology.orchestra.run.smithi005.stdout:/usr/bin/ceph: stderr
2024-09-11T23:19:29.592+0000 7f49f362b640 1 -- 172.21.15.5:0/2359090685 >> [v2:172.21.15.5:6800/1790126649,v1:172.21.15.5:6801/1790126649] conn(0x7f49d8038f70 msgr2=0x7f49d803b430 secure :-1 s=STATE_CONNECTION_ESTABLISHED l=1).mark_down
2024-09-11T23:19:30.228 INFO:teuthology.orchestra.run.smithi005.stdout:/usr/bin/ceph: stderr
2024-09-11T23:19:29.592+0000 7f49f362b640 1 --2- 172.21.15.5:0/2359090685 >> [v2:172.21.15.5:6800/1790126649,v1:172.21.15.5:6801/1790126649] conn(0x7f49d8038f70 0x7f49d803b430 secure :-1 s=READY pgs=8 cs=0 l=1 rev1=1 crypto rx=0x7f49dc0098c0 tx=0x7f49dc006db0 comp rx=0 tx=0).stop
2024-09-11T23:19:30.228 INFO:teuthology.orchestra.run.smithi005.stdout:/usr/bin/ceph: stderr
2024-09-11T23:19:29.592+0000 7f49f362b640 1 -- 172.21.15.5:0/2359090685 >> [v2:172.21.15.5:3300/0,v1:172.21.15.5:6789/0] conn(0x7f49ec107400 msgr2=0x7f49ec19b370 secure :-1 s=STATE_CONNECTION_ESTABLISHED l=1).mark_down
2024-09-11T23:19:30.228 INFO:teuthology.orchestra.run.smithi005.stdout:/usr/bin/ceph: stderr
2024-09-11T23:19:29.592+0000 7f49f362b640 1 --2- 172.21.15.5:0/2359090685 >> [v2:172.21.15.5:3300/0,v1:172.21.15.5:6789/0] conn(0x7f49ec107400 0x7f49ec19b370 secure :-1 s=READY pgs=36 cs=0 l=1 rev1=1 crypto rx=0x7f49e8009940 tx=0x7f49e8032e10 comp rx=0 tx=0).stop
2024-09-11T23:19:30.229 INFO:teuthology.orchestra.run.smithi005.stdout:/usr/bin/ceph: stderr
2024-09-11T23:19:29.592+0000 7f49f362b640 1 -- 172.21.15.5:0/2359090685 shutdown_connections
2024-09-11T23:19:30.229 INFO:teuthology.orchestra.run.smithi005.stdout:/usr/bin/ceph: stderr
2024-09-11T23:19:29.592+0000 7f49f362b640 1 --2- 172.21.15.5:0/2359090685 >> [v2:172.21.15.5:6800/1790126649,v1:172.21.15.5:6801/1790126649] conn(0x7f49d8038f70 0x7f49d803b430 unknown :-1 s=CLOSED pgs=8 cs=0 l=1 rev1=1 crypto rx=0 tx=0 comp rx=0 tx=0).stop
2024-09-11T23:19:30.229 INFO:teuthology.orchestra.run.smithi005.stdout:/usr/bin/ceph: stderr
2024-09-11T23:19:29.592+0000 7f49f362b640 1 --2- 172.21.15.5:0/2359090685 >> [v2:172.21.15.5:3300/0,v1:172.21.15.5:6789/0] conn(0x7f49ec107400 0x7f49ec19b370 unknown :-1 s=CLOSED pgs=36 cs=0 l=1 rev1=1 crypto rx=0 tx=0 comp rx=0 tx=0).stop
2024-09-11T23:19:30.229 INFO:teuthology.orchestra.run.smithi005.stdout:/usr/bin/ceph: stderr
2024-09-11T23:19:29.592+0000 7f49f362b640 1 -- 172.21.15.5:0/2359090685 >> 172.21.15.5:0/2359090685 conn(0x7f49ec102b70 msgr2=0x7f49ec1036c0 unknown :-1 s=STATE_NONE l=0).mark_down
2024-09-11T23:19:30.229 INFO:teuthology.orchestra.run.smithi005.stdout:/usr/bin/ceph: stderr
2024-09-11T23:19:29.592+0000 7f49f362b640 1 -- 172.21.15.5:0/2359090685 shutdown_connections
2024-09-11T23:19:30.230 INFO:teuthology.orchestra.run.smithi005.stdout:/usr/bin/ceph: stderr
2024-09-11T23:19:29.592+0000 7f49f362b640 1 -- 172.21.15.5:0/2359090685 wait complete.
2024-09-11T23:19:30.230 INFO:teuthology.orchestra.run.smithi005.stdout:Generating ssh key...
2024-09-11T23:19:30.464 INFO:journalctl@ceph.mon.a.smithi005.stdout:Sep 11 23:19:30 smithi005 ceph-mon[31201]: from='client.14130 -' entity='client.admin' cmd=[{"prefix": "cephadm set-user", "user": "root", "target": ["mon-mgr", ""]}]: dispatch
2024-09-11T23:19:31.224 INFO:journalctl@ceph.mgr.x.smithi005.stdout:Sep 11 23:19:30 smithi005 ceph-1f5284d2-7094-11ef-bcea-c7b262605968-mgr-x[31428]: Generating public/private rsa key pair.
2024-09-11T23:19:31.225 INFO:journalctl@ceph.mgr.x.smithi005.stdout:Sep 11 23:19:30 smithi005 ceph-1f5284d2-7094-11ef-bcea-c7b262605968-mgr-x[31428]: Your identification has been saved in /tmp/tmpnn8kp7xm/key
2024-09-11T23:19:31.225 INFO:journalctl@ceph.mgr.x.smithi005.stdout:Sep 11 23:19:30 smithi005 ceph-1f5284d2-7094-11ef-bcea-c7b262605968-mgr-x[31428]: Your public key has been saved in /tmp/tmpnn8kp7xm/key.pub
2024-09-11T23:19:31.225 INFO:journalctl@ceph.mgr.x.smithi005.stdout:Sep 11 23:19:30 smithi005 ceph-1f5284d2-7094-11ef-bcea-c7b262605968-mgr-x[31428]: The key fingerprint is:
2024-09-11T23:19:31.225 INFO:journalctl@ceph.mgr.x.smithi005.stdout:Sep 11 23:19:30 smithi005 ceph-1f5284d2-7094-11ef-bcea-c7b262605968-mgr-x[31428]: SHA256:WIJSlVzcpFLcWrBXhy6wRyXMRTYrZ9Uw1WOV994g6mY ceph-1f5284d2-7094-11ef-bcea-c7b262605968
2024-09-11T23:19:31.225 INFO:journalctl@ceph.mgr.x.smithi005.stdout:Sep 11 23:19:30 smithi005 ceph-1f5284d2-7094-11ef-bcea-c7b262605968-mgr-x[31428]: The key's randomart image is:
2024-09-11T23:19:31.225 INFO:journalctl@ceph.mgr.x.smithi005.stdout:Sep 11 23:19:30 smithi005 ceph-1f5284d2-7094-11ef-bcea-c7b262605968-mgr-x[31428]: +---[RSA 3072]----+
2024-09-11T23:19:31.225 INFO:journalctl@ceph.mgr.x.smithi005.stdout:Sep 11 23:19:30 smithi005 ceph-1f5284d2-7094-11ef-bcea-c7b262605968-mgr-x[31428]: | .o.=+Bo+B.=+*|
2024-09-11T23:19:31.225 INFO:journalctl@ceph.mgr.x.smithi005.stdout:Sep 11 23:19:30 smithi005 ceph-1f5284d2-7094-11ef-bcea-c7b262605968-mgr-x[31428]: | . .o.+oB+.= =+|
2024-09-11T23:19:31.226 INFO:journalctl@ceph.mgr.x.smithi005.stdout:Sep 11 23:19:30 smithi005 ceph-1f5284d2-7094-11ef-bcea-c7b262605968-mgr-x[31428]: | . . o +*o.+ . +|
2024-09-11T23:19:31.226 INFO:journalctl@ceph.mgr.x.smithi005.stdout:Sep 11 23:19:30 smithi005 ceph-1f5284d2-7094-11ef-bcea-c7b262605968-mgr-x[31428]: | . =o.o+o . .|
2024-09-11T23:19:31.226 INFO:journalctl@ceph.mgr.x.smithi005.stdout:Sep 11 23:19:30 smithi005 ceph-1f5284d2-7094-11ef-bcea-c7b262605968-mgr-x[31428]: | . S. o . o.|
2024-09-11T23:19:31.226 INFO:journalctl@ceph.mgr.x.smithi005.stdout:Sep 11 23:19:30 smithi005 ceph-1f5284d2-7094-11ef-bcea-c7b262605968-mgr-x[31428]: | . o|
2024-09-11T23:19:31.226 INFO:journalctl@ceph.mgr.x.smithi005.stdout:Sep 11 23:19:30 smithi005 ceph-1f5284d2-7094-11ef-bcea-c7b262605968-mgr-x[31428]: | . |
2024-09-11T23:19:31.227 INFO:journalctl@ceph.mgr.x.smithi005.stdout:Sep 11 23:19:30 smithi005 ceph-1f5284d2-7094-11ef-bcea-c7b262605968-mgr-x[31428]: | E |
2024-09-11T23:19:31.227 INFO:journalctl@ceph.mgr.x.smithi005.stdout:Sep 11 23:19:30 smithi005 ceph-1f5284d2-7094-11ef-bcea-c7b262605968-mgr-x[31428]: | o |
2024-09-11T23:19:31.227 INFO:journalctl@ceph.mgr.x.smithi005.stdout:Sep 11 23:19:30 smithi005 ceph-1f5284d2-7094-11ef-bcea-c7b262605968-mgr-x[31428]: +----[SHA256]-----+
2024-09-11T23:19:31.482 INFO:teuthology.orchestra.run.smithi005.stdout:/usr/bin/ceph: stderr
2024-09-11T23:19:30.651+0000 7fd102db1640 1 Processor -- start
2024-09-11T23:19:31.482 INFO:teuthology.orchestra.run.smithi005.stdout:/usr/bin/ceph: stderr
2024-09-11T23:19:30.651+0000 7fd102db1640 1 -- start start
2024-09-11T23:19:31.482 INFO:teuthology.orchestra.run.smithi005.stdout:/usr/bin/ceph: stderr
2024-09-11T23:19:30.651+0000 7fd102db1640 1 --2- >> [v2:172.21.15.5:3300/0,v1:172.21.15.5:6789/0] conn(0x7fd0fc107420 0x7fd0fc107820 unknown :-1 s=NONE pgs=0 cs=0 l=0 rev1=0 crypto rx=0 tx=0 comp rx=0 tx=0).connect
2024-09-11T23:19:31.482 INFO:teuthology.orchestra.run.smithi005.stdout:/usr/bin/ceph: stderr
2024-09-11T23:19:30.651+0000 7fd102db1640 1 -- --> [v2:172.21.15.5:3300/0,v1:172.21.15.5:6789/0] -- mon_getmap magic: 0 -- 0x7fd0fc107df0 con 0x7fd0fc107420
2024-09-11T23:19:31.482 INFO:teuthology.orchestra.run.smithi005.stdout:/usr/bin/ceph: stderr
2024-09-11T23:19:30.652+0000 7fd100b4d640 1 --2- >> [v2:172.21.15.5:3300/0,v1:172.21.15.5:6789/0] conn(0x7fd0fc107420 0x7fd0fc107820 unknown :-1 s=BANNER_CONNECTING pgs=0 cs=0 l=0 rev1=0 crypto rx=0 tx=0 comp rx=0 tx=0)._handle_peer_banner_payload supported=3 required=0
2024-09-11T23:19:31.482 INFO:teuthology.orchestra.run.smithi005.stdout:/usr/bin/ceph: stderr
2024-09-11T23:19:30.652+0000 7fd100b4d640 1 --2- >> [v2:172.21.15.5:3300/0,v1:172.21.15.5:6789/0] conn(0x7fd0fc107420 0x7fd0fc107820 unknown :-1 s=HELLO_CONNECTING pgs=0 cs=0 l=0 rev1=1 crypto rx=0 tx=0 comp rx=0 tx=0).handle_hello peer v2:172.21.15.5:3300/0 says I am v2:172.21.15.5:53540/0 (socket says 172.21.15.5:53540)
2024-09-11T23:19:31.482 INFO:teuthology.orchestra.run.smithi005.stdout:/usr/bin/ceph: stderr
2024-09-11T23:19:30.652+0000 7fd100b4d640 1 -- 172.21.15.5:0/502461895 learned_addr learned my addr 172.21.15.5:0/502461895 (peer_addr_for_me v2:172.21.15.5:0/0)
2024-09-11T23:19:31.482 INFO:teuthology.orchestra.run.smithi005.stdout:/usr/bin/ceph: stderr
2024-09-11T23:19:30.652+0000 7fd100b4d640 1 -- 172.21.15.5:0/502461895 --> [v2:172.21.15.5:3300/0,v1:172.21.15.5:6789/0] -- mon_subscribe({config=0+,monmap=0+}) -- 0x7fd0fc108620 con 0x7fd0fc107420
2024-09-11T23:19:31.483 INFO:teuthology.orchestra.run.smithi005.stdout:/usr/bin/ceph: stderr
2024-09-11T23:19:30.653+0000 7fd100b4d640 1 --2- 172.21.15.5:0/502461895 >> [v2:172.21.15.5:3300/0,v1:172.21.15.5:6789/0] conn(0x7fd0fc107420 0x7fd0fc107820 secure :-1 s=READY pgs=37 cs=0 l=1 rev1=1 crypto rx=0x7fd0ec009820 tx=0x7fd0ec02a270 comp rx=0 tx=0).ready entity=mon.0 client_cookie=a2df74fd6d77fc63 server_cookie=0 in_seq=0 out_seq=0
2024-09-11T23:19:31.483 INFO:teuthology.orchestra.run.smithi005.stdout:/usr/bin/ceph: stderr
2024-09-11T23:19:30.653+0000 7fd0fb7fe640 1 -- 172.21.15.5:0/502461895 <== mon.0 v2:172.21.15.5:3300/0 1 ==== mon_map magic: 0 ==== 205+0+0 (secure 0 0 0) 0x7fd0ec037070 con 0x7fd0fc107420
2024-09-11T23:19:31.483 INFO:teuthology.orchestra.run.smithi005.stdout:/usr/bin/ceph: stderr
2024-09-11T23:19:30.653+0000 7fd0fb7fe640 1 -- 172.21.15.5:0/502461895 <== mon.0 v2:172.21.15.5:3300/0 2 ==== config(26 keys) ==== 1071+0+0 (secure 0 0 0) 0x7fd0ec0328d0 con 0x7fd0fc107420
2024-09-11T23:19:31.483 INFO:teuthology.orchestra.run.smithi005.stdout:/usr/bin/ceph: stderr
2024-09-11T23:19:30.653+0000 7fd0fb7fe640 1 -- 172.21.15.5:0/502461895 <== mon.0 v2:172.21.15.5:3300/0 3 ==== mon_map magic: 0 ==== 205+0+0 (secure 0 0 0) 0x7fd0ec0307d0 con 0x7fd0fc107420
2024-09-11T23:19:31.483 INFO:teuthology.orchestra.run.smithi005.stdout:/usr/bin/ceph: stderr
2024-09-11T23:19:30.653+0000 7fd102db1640 1 -- 172.21.15.5:0/502461895 >> [v2:172.21.15.5:3300/0,v1:172.21.15.5:6789/0] conn(0x7fd0fc107420 msgr2=0x7fd0fc107820 secure :-1 s=STATE_CONNECTION_ESTABLISHED l=1).mark_down
2024-09-11T23:19:31.483 INFO:teuthology.orchestra.run.smithi005.stdout:/usr/bin/ceph: stderr
2024-09-11T23:19:30.653+0000 7fd102db1640 1 --2- 172.21.15.5:0/502461895 >> [v2:172.21.15.5:3300/0,v1:172.21.15.5:6789/0] conn(0x7fd0fc107420 0x7fd0fc107820 secure :-1 s=READY pgs=37 cs=0 l=1 rev1=1 crypto rx=0x7fd0ec009820 tx=0x7fd0ec02a270 comp rx=0 tx=0).stop
2024-09-11T23:19:31.483 INFO:teuthology.orchestra.run.smithi005.stdout:/usr/bin/ceph: stderr
2024-09-11T23:19:30.654+0000 7fd102db1640 1 -- 172.21.15.5:0/502461895 shutdown_connections
2024-09-11T23:19:31.483 INFO:teuthology.orchestra.run.smithi005.stdout:/usr/bin/ceph: stderr
2024-09-11T23:19:30.654+0000 7fd102db1640 1 --2- 172.21.15.5:0/502461895 >> [v2:172.21.15.5:3300/0,v1:172.21.15.5:6789/0] conn(0x7fd0fc107420 0x7fd0fc107820 unknown :-1 s=CLOSED pgs=37 cs=0 l=1 rev1=1 crypto rx=0 tx=0 comp rx=0 tx=0).stop
2024-09-11T23:19:31.483 INFO:teuthology.orchestra.run.smithi005.stdout:/usr/bin/ceph: stderr
2024-09-11T23:19:30.654+0000 7fd102db1640 1 -- 172.21.15.5:0/502461895 >> 172.21.15.5:0/502461895 conn(0x7fd0fc102bb0 msgr2=0x7fd0fc104ff0 unknown :-1 s=STATE_NONE l=0).mark_down
2024-09-11T23:19:31.483 INFO:teuthology.orchestra.run.smithi005.stdout:/usr/bin/ceph: stderr
2024-09-11T23:19:30.654+0000 7fd102db1640 1 -- 172.21.15.5:0/502461895 shutdown_connections
2024-09-11T23:19:31.483 INFO:teuthology.orchestra.run.smithi005.stdout:/usr/bin/ceph: stderr
2024-09-11T23:19:30.654+0000 7fd102db1640 1 -- 172.21.15.5:0/502461895 wait complete.
2024-09-11T23:19:31.483 INFO:teuthology.orchestra.run.smithi005.stdout:/usr/bin/ceph: stderr
2024-09-11T23:19:30.654+0000 7fd102db1640 1 Processor -- start
2024-09-11T23:19:31.483 INFO:teuthology.orchestra.run.smithi005.stdout:/usr/bin/ceph: stderr
2024-09-11T23:19:30.654+0000 7fd102db1640 1 -- start start
2024-09-11T23:19:31.484 INFO:teuthology.orchestra.run.smithi005.stdout:/usr/bin/ceph: stderr
2024-09-11T23:19:30.654+0000 7fd102db1640 1 --2- >> [v2:172.21.15.5:3300/0,v1:172.21.15.5:6789/0] conn(0x7fd0fc107420 0x7fd0fc07db10 unknown :-1 s=NONE pgs=0 cs=0 l=1 rev1=0 crypto rx=0 tx=0 comp rx=0 tx=0).connect
2024-09-11T23:19:31.484 INFO:teuthology.orchestra.run.smithi005.stdout:/usr/bin/ceph: stderr
2024-09-11T23:19:30.654+0000 7fd102db1640 1 -- --> [v2:172.21.15.5:3300/0,v1:172.21.15.5:6789/0] -- mon_getmap magic: 0 -- 0x7fd0fc10b9d0 con 0x7fd0fc107420
2024-09-11T23:19:31.484 INFO:teuthology.orchestra.run.smithi005.stdout:/usr/bin/ceph: stderr
2024-09-11T23:19:30.655+0000 7fd100b4d640 1 --2- >> [v2:172.21.15.5:3300/0,v1:172.21.15.5:6789/0] conn(0x7fd0fc107420 0x7fd0fc07db10 unknown :-1 s=BANNER_CONNECTING pgs=0 cs=0 l=1 rev1=0 crypto rx=0 tx=0 comp rx=0 tx=0)._handle_peer_banner_payload supported=3 required=0
2024-09-11T23:19:31.484 INFO:teuthology.orchestra.run.smithi005.stdout:/usr/bin/ceph: stderr
2024-09-11T23:19:30.655+0000 7fd100b4d640 1 --2- >> [v2:172.21.15.5:3300/0,v1:172.21.15.5:6789/0] conn(0x7fd0fc107420 0x7fd0fc07db10 unknown :-1 s=HELLO_CONNECTING pgs=0 cs=0 l=1 rev1=1 crypto rx=0 tx=0 comp rx=0 tx=0).handle_hello peer v2:172.21.15.5:3300/0 says I am v2:172.21.15.5:53556/0 (socket says 172.21.15.5:53556)
2024-09-11T23:19:31.484 INFO:teuthology.orchestra.run.smithi005.stdout:/usr/bin/ceph: stderr
2024-09-11T23:19:30.655+0000 7fd100b4d640 1 -- 172.21.15.5:0/3237181319 learned_addr learned my addr 172.21.15.5:0/3237181319 (peer_addr_for_me v2:172.21.15.5:0/0)
2024-09-11T23:19:31.484 INFO:teuthology.orchestra.run.smithi005.stdout:/usr/bin/ceph: stderr
2024-09-11T23:19:30.655+0000 7fd100b4d640 1 -- 172.21.15.5:0/3237181319 --> [v2:172.21.15.5:3300/0,v1:172.21.15.5:6789/0] -- mon_subscribe({config=0+,monmap=0+}) -- 0x7fd0fc07e050 con 0x7fd0fc107420
2024-09-11T23:19:31.484 INFO:teuthology.orchestra.run.smithi005.stdout:/usr/bin/ceph: stderr
2024-09-11T23:19:30.655+0000 7fd100b4d640 1 --2- 172.21.15.5:0/3237181319 >> [v2:172.21.15.5:3300/0,v1:172.21.15.5:6789/0] conn(0x7fd0fc107420 0x7fd0fc07db10 secure :-1 s=READY pgs=38 cs=0 l=1 rev1=1 crypto rx=0x7fd0ec0097f0 tx=0x7fd0ec030d00 comp rx=0 tx=0).ready entity=mon.0 client_cookie=0 server_cookie=0 in_seq=0 out_seq=0
2024-09-11T23:19:31.484 INFO:teuthology.orchestra.run.smithi005.stdout:/usr/bin/ceph: stderr
2024-09-11T23:19:30.655+0000 7fd0f9ffb640 1 -- 172.21.15.5:0/3237181319 <== mon.0 v2:172.21.15.5:3300/0 1 ==== mon_map magic: 0 ==== 205+0+0 (secure 0 0 0) 0x7fd0ec037040 con 0x7fd0fc107420
2024-09-11T23:19:31.484 INFO:teuthology.orchestra.run.smithi005.stdout:/usr/bin/ceph: stderr
2024-09-11T23:19:30.655+0000 7fd0f9ffb640 1 -- 172.21.15.5:0/3237181319 <== mon.0 v2:172.21.15.5:3300/0 2 ==== config(26 keys) ==== 1071+0+0 (secure 0 0 0) 0x7fd0ec032bb0 con 0x7fd0fc107420
2024-09-11T23:19:31.484 INFO:teuthology.orchestra.run.smithi005.stdout:/usr/bin/ceph: stderr
2024-09-11T23:19:30.655+0000 7fd102db1640 1 -- 172.21.15.5:0/3237181319 --> [v2:172.21.15.5:3300/0,v1:172.21.15.5:6789/0] -- mon_subscribe({mgrmap=0+}) -- 0x7fd0fc07c240 con 0x7fd0fc107420
2024-09-11T23:19:31.484 INFO:teuthology.orchestra.run.smithi005.stdout:/usr/bin/ceph: stderr
2024-09-11T23:19:30.655+0000 7fd0f9ffb640 1 -- 172.21.15.5:0/3237181319 <== mon.0 v2:172.21.15.5:3300/0 3 ==== mon_map magic: 0 ==== 205+0+0 (secure 0 0 0) 0x7fd0ec03a390 con 0x7fd0fc107420
2024-09-11T23:19:31.485 INFO:teuthology.orchestra.run.smithi005.stdout:/usr/bin/ceph: stderr
2024-09-11T23:19:30.656+0000 7fd102db1640 1 -- 172.21.15.5:0/3237181319 --> [v2:172.21.15.5:3300/0,v1:172.21.15.5:6789/0] -- mon_subscribe({osdmap=0}) -- 0x7fd0fc07c780 con 0x7fd0fc107420
2024-09-11T23:19:31.485 INFO:teuthology.orchestra.run.smithi005.stdout:/usr/bin/ceph: stderr
2024-09-11T23:19:30.657+0000 7fd0f9ffb640 1 -- 172.21.15.5:0/3237181319 <== mon.0 v2:172.21.15.5:3300/0 4 ==== mgrmap(e 8) ==== 46287+0+0 (secure 0 0 0) 0x7fd0ec03a580 con 0x7fd0fc107420
2024-09-11T23:19:31.485 INFO:teuthology.orchestra.run.smithi005.stdout:/usr/bin/ceph: stderr
2024-09-11T23:19:30.657+0000 7fd102db1640 1 -- 172.21.15.5:0/3237181319 --> [v2:172.21.15.5:3300/0,v1:172.21.15.5:6789/0] -- mon_command({"prefix": "get_command_descriptions"} v 0) -- 0x7fd0fc10bb50 con 0x7fd0fc107420
2024-09-11T23:19:31.485 INFO:teuthology.orchestra.run.smithi005.stdout:/usr/bin/ceph: stderr
2024-09-11T23:19:30.657+0000 7fd0f9ffb640 1 --2- 172.21.15.5:0/3237181319 >> [v2:172.21.15.5:6800/1790126649,v1:172.21.15.5:6801/1790126649] conn(0x7fd0e4038fc0 0x7fd0e403b480 unknown :-1 s=NONE pgs=0 cs=0 l=1 rev1=0 crypto rx=0 tx=0 comp rx=0 tx=0).connect
2024-09-11T23:19:31.485 INFO:teuthology.orchestra.run.smithi005.stdout:/usr/bin/ceph: stderr
2024-09-11T23:19:30.657+0000 7fd0f9ffb640 1 -- 172.21.15.5:0/3237181319 <== mon.0 v2:172.21.15.5:3300/0 5 ==== osd_map(2..2 src has 1..2) ==== 940+0+0 (secure 0 0 0) 0x7fd0ec06c3e0 con 0x7fd0fc107420
2024-09-11T23:19:31.485 INFO:teuthology.orchestra.run.smithi005.stdout:/usr/bin/ceph: stderr
2024-09-11T23:19:30.657+0000 7fd0fbfff640 1 --2- 172.21.15.5:0/3237181319 >> [v2:172.21.15.5:6800/1790126649,v1:172.21.15.5:6801/1790126649] conn(0x7fd0e4038fc0 0x7fd0e403b480 unknown :-1 s=BANNER_CONNECTING pgs=0 cs=0 l=1 rev1=0 crypto rx=0 tx=0 comp rx=0 tx=0)._handle_peer_banner_payload supported=3 required=0
2024-09-11T23:19:31.485 INFO:teuthology.orchestra.run.smithi005.stdout:/usr/bin/ceph: stderr
2024-09-11T23:19:30.658+0000 7fd0fbfff640 1 --2- 172.21.15.5:0/3237181319 >> [v2:172.21.15.5:6800/1790126649,v1:172.21.15.5:6801/1790126649] conn(0x7fd0e4038fc0 0x7fd0e403b480 secure :-1 s=READY pgs=9 cs=0 l=1 rev1=1 crypto rx=0x7fd0f00098c0 tx=0x7fd0f0006db0 comp rx=0 tx=0).ready entity=mgr.14116 client_cookie=0 server_cookie=0 in_seq=0 out_seq=0
2024-09-11T23:19:31.485 INFO:teuthology.orchestra.run.smithi005.stdout:/usr/bin/ceph: stderr
2024-09-11T23:19:30.662+0000 7fd0f9ffb640 1 -- 172.21.15.5:0/3237181319 <== mon.0 v2:172.21.15.5:3300/0 6 ==== mon_command_ack([{"prefix": "get_command_descriptions"}]=0 v0) ==== 72+0+188821 (secure 0 0 0) 0x7fd0ec031560 con 0x7fd0fc107420
2024-09-11T23:19:31.485 INFO:teuthology.orchestra.run.smithi005.stdout:/usr/bin/ceph: stderr
2024-09-11T23:19:30.840+0000 7fd102db1640 1 -- 172.21.15.5:0/3237181319 --> [v2:172.21.15.5:6800/1790126649,v1:172.21.15.5:6801/1790126649] -- mgr_command(tid 0: {"prefix": "cephadm generate-key", "target": ["mon-mgr", ""]}) -- 0x7fd0fc07d010 con 0x7fd0e4038fc0
2024-09-11T23:19:31.485 INFO:teuthology.orchestra.run.smithi005.stdout:/usr/bin/ceph: stderr
2024-09-11T23:19:30.950+0000 7fd0f9ffb640 1 -- 172.21.15.5:0/3237181319 <== mgr.14116 v2:172.21.15.5:6800/1790126649 1 ==== mgr_command_reply(tid 0: 0 ) ==== 8+0+0 (secure 0 0 0) 0x7fd0fc07d010 con 0x7fd0e4038fc0
2024-09-11T23:19:31.485 INFO:teuthology.orchestra.run.smithi005.stdout:/usr/bin/ceph: stderr
2024-09-11T23:19:30.952+0000 7fd102db1640 1 -- 172.21.15.5:0/3237181319 >> [v2:172.21.15.5:6800/1790126649,v1:172.21.15.5:6801/1790126649] conn(0x7fd0e4038fc0 msgr2=0x7fd0e403b480 secure :-1 s=STATE_CONNECTION_ESTABLISHED l=1).mark_down
2024-09-11T23:19:31.485 INFO:teuthology.orchestra.run.smithi005.stdout:/usr/bin/ceph: stderr
2024-09-11T23:19:30.952+0000 7fd102db1640 1 --2- 172.21.15.5:0/3237181319 >> [v2:172.21.15.5:6800/1790126649,v1:172.21.15.5:6801/1790126649] conn(0x7fd0e4038fc0 0x7fd0e403b480 secure :-1 s=READY pgs=9 cs=0 l=1 rev1=1 crypto rx=0x7fd0f00098c0 tx=0x7fd0f0006db0 comp rx=0 tx=0).stop
2024-09-11T23:19:31.486 INFO:teuthology.orchestra.run.smithi005.stdout:/usr/bin/ceph: stderr
2024-09-11T23:19:30.952+0000 7fd102db1640 1 -- 172.21.15.5:0/3237181319 >> [v2:172.21.15.5:3300/0,v1:172.21.15.5:6789/0] conn(0x7fd0fc107420 msgr2=0x7fd0fc07db10 secure :-1 s=STATE_CONNECTION_ESTABLISHED l=1).mark_down
2024-09-11T23:19:31.486 INFO:teuthology.orchestra.run.smithi005.stdout:/usr/bin/ceph: stderr
2024-09-11T23:19:30.952+0000 7fd102db1640 1 --2- 172.21.15.5:0/3237181319 >> [v2:172.21.15.5:3300/0,v1:172.21.15.5:6789/0] conn(0x7fd0fc107420 0x7fd0fc07db10 secure :-1 s=READY pgs=38 cs=0 l=1 rev1=1 crypto rx=0x7fd0ec0097f0 tx=0x7fd0ec030d00 comp rx=0 tx=0).stop
2024-09-11T23:19:31.486 INFO:teuthology.orchestra.run.smithi005.stdout:/usr/bin/ceph: stderr
2024-09-11T23:19:30.952+0000 7fd102db1640 1 -- 172.21.15.5:0/3237181319 shutdown_connections
2024-09-11T23:19:31.486 INFO:teuthology.orchestra.run.smithi005.stdout:/usr/bin/ceph: stderr
2024-09-11T23:19:30.952+0000 7fd102db1640 1 --2- 172.21.15.5:0/3237181319 >> [v2:172.21.15.5:6800/1790126649,v1:172.21.15.5:6801/1790126649] conn(0x7fd0e4038fc0 0x7fd0e403b480 unknown :-1 s=CLOSED pgs=9 cs=0 l=1 rev1=1 crypto rx=0 tx=0 comp rx=0 tx=0).stop
2024-09-11T23:19:31.486 INFO:teuthology.orchestra.run.smithi005.stdout:/usr/bin/ceph: stderr
2024-09-11T23:19:30.952+0000 7fd102db1640 1 --2- 172.21.15.5:0/3237181319 >> [v2:172.21.15.5:3300/0,v1:172.21.15.5:6789/0] conn(0x7fd0fc107420 0x7fd0fc07db10 unknown :-1 s=CLOSED pgs=38 cs=0 l=1 rev1=1 crypto rx=0 tx=0 comp rx=0 tx=0).stop
2024-09-11T23:19:31.486 INFO:teuthology.orchestra.run.smithi005.stdout:/usr/bin/ceph: stderr
2024-09-11T23:19:30.952+0000 7fd102db1640 1 -- 172.21.15.5:0/3237181319 >> 172.21.15.5:0/3237181319 conn(0x7fd0fc102bb0 msgr2=0x7fd0fc1036a0 unknown :-1 s=STATE_NONE l=0).mark_down
2024-09-11T23:19:31.486 INFO:teuthology.orchestra.run.smithi005.stdout:/usr/bin/ceph: stderr
2024-09-11T23:19:30.952+0000 7fd102db1640 1 -- 172.21.15.5:0/3237181319 shutdown_connections
2024-09-11T23:19:31.486 INFO:teuthology.orchestra.run.smithi005.stdout:/usr/bin/ceph: stderr
2024-09-11T23:19:30.952+0000 7fd102db1640 1 -- 172.21.15.5:0/3237181319 wait complete.
2024-09-11T23:19:32.020 INFO:journalctl@ceph.mon.a.smithi005.stdout:Sep 11 23:19:31 smithi005 ceph-mon[31201]: from='client.14132 -' entity='client.admin' cmd=[{"prefix": "cephadm generate-key", "target": ["mon-mgr", ""]}]: dispatch
2024-09-11T23:19:32.020 INFO:journalctl@ceph.mon.a.smithi005.stdout:Sep 11 23:19:31 smithi005 ceph-mon[31201]: Generating ssh key...
2024-09-11T23:19:32.020 INFO:journalctl@ceph.mon.a.smithi005.stdout:Sep 11 23:19:31 smithi005 ceph-mon[31201]: from='mgr.14116 172.21.15.5:0/2286605363' entity='mgr.x'
2024-09-11T23:19:32.020 INFO:journalctl@ceph.mon.a.smithi005.stdout:Sep 11 23:19:31 smithi005 ceph-mon[31201]: from='mgr.14116 172.21.15.5:0/2286605363' entity='mgr.x'
2024-09-11T23:19:32.538 INFO:teuthology.orchestra.run.smithi005.stdout:/usr/bin/ceph: stdout ssh-rsa AAAAB3NzaC1yc2EAAAADAQABAAABgQCtAHVVOdjEMBULa+HOO2sWwtJdW05tyfOVK01iiDTjp1r0JHgCbLAQQc79KPePtCP0BOYUJxJ0rp9RlEu5tJHv7b2vcU7CiuZv59BnfogBSUcNqIt2w6+9eSzSQSyXH8M+oz6rynAQn0VQvx9tbf/478JDQyyRvjdbEQdAdLoIwRTxh8SIIsqyKBYfgW6uc71IHlXfdNNnVbvuYtbOLbXXWw3+Yi82GLd0b8G7+SYJz+Qe5ZussXvq22vfZ7DmAnum53Pm/e4g0Otv6Y2+9OqUr19Y9YJREbsN+p2TB106WwI5aMu6/3fhcL/pPJ80w3sPsyndD+F4BYHNxty7xOkVpp0+IgfVPxapJX6H1zitLRDXnCrD2Wi/kt8SpRmuXATnueSbjqfWmM/zmo8jp5MAIHElAe/580K57oAbPSHJLanJU3B1Yd9tCb2dt9Qrx1htHhm9aZiCJvCQlM6CuZ8wln6Y8p8H/RRqkK7OaQ3Jp3lq8Zi/MPDrZVlHJo1hJA8= ceph-1f5284d2-7094-11ef-bcea-c7b262605968
2024-09-11T23:19:32.539 INFO:teuthology.orchestra.run.smithi005.stdout:/usr/bin/ceph: stderr
2024-09-11T23:19:31.833+0000 7fbf1f17e640 1 Processor -- start
2024-09-11T23:19:32.539 INFO:teuthology.orchestra.run.smithi005.stdout:/usr/bin/ceph: stderr
2024-09-11T23:19:31.833+0000 7fbf1f17e640 1 -- start start
2024-09-11T23:19:32.539 INFO:teuthology.orchestra.run.smithi005.stdout:/usr/bin/ceph: stderr
2024-09-11T23:19:31.833+0000 7fbf1f17e640 1 --2- >> [v2:172.21.15.5:3300/0,v1:172.21.15.5:6789/0] conn(0x7fbf18107e90 0x7fbf1810a280 unknown :-1 s=NONE pgs=0 cs=0 l=0 rev1=0 crypto rx=0 tx=0 comp rx=0 tx=0).connect
2024-09-11T23:19:32.539 INFO:teuthology.orchestra.run.smithi005.stdout:/usr/bin/ceph: stderr
2024-09-11T23:19:31.833+0000 7fbf1f17e640 1 -- --> [v2:172.21.15.5:3300/0,v1:172.21.15.5:6789/0] -- mon_getmap magic: 0 -- 0x7fbf18075880 con 0x7fbf18107e90
2024-09-11T23:19:32.539 INFO:teuthology.orchestra.run.smithi005.stdout:/usr/bin/ceph: stderr
2024-09-11T23:19:31.833+0000 7fbf1cf1a640 1 --2- >> [v2:172.21.15.5:3300/0,v1:172.21.15.5:6789/0] conn(0x7fbf18107e90 0x7fbf1810a280 unknown :-1 s=BANNER_CONNECTING pgs=0 cs=0 l=0 rev1=0 crypto rx=0 tx=0 comp rx=0 tx=0)._handle_peer_banner_payload supported=3 required=0
2024-09-11T23:19:32.539 INFO:teuthology.orchestra.run.smithi005.stdout:/usr/bin/ceph: stderr
2024-09-11T23:19:31.833+0000 7fbf1cf1a640 1 --2- >> [v2:172.21.15.5:3300/0,v1:172.21.15.5:6789/0] conn(0x7fbf18107e90 0x7fbf1810a280 unknown :-1 s=HELLO_CONNECTING pgs=0 cs=0 l=0 rev1=1 crypto rx=0 tx=0 comp rx=0 tx=0).handle_hello peer v2:172.21.15.5:3300/0 says I am v2:172.21.15.5:53570/0 (socket says 172.21.15.5:53570)
2024-09-11T23:19:32.539 INFO:teuthology.orchestra.run.smithi005.stdout:/usr/bin/ceph: stderr
2024-09-11T23:19:31.833+0000 7fbf1cf1a640 1 -- 172.21.15.5:0/1498652269 learned_addr learned my addr 172.21.15.5:0/1498652269 (peer_addr_for_me v2:172.21.15.5:0/0)
2024-09-11T23:19:32.539 INFO:teuthology.orchestra.run.smithi005.stdout:/usr/bin/ceph: stderr
2024-09-11T23:19:31.833+0000 7fbf1cf1a640 1 -- 172.21.15.5:0/1498652269 --> [v2:172.21.15.5:3300/0,v1:172.21.15.5:6789/0] -- mon_subscribe({config=0+,monmap=0+}) -- 0x7fbf1810a7c0 con 0x7fbf18107e90
2024-09-11T23:19:32.539 INFO:teuthology.orchestra.run.smithi005.stdout:/usr/bin/ceph: stderr
2024-09-11T23:19:31.835+0000 7fbf1cf1a640 1 --2- 172.21.15.5:0/1498652269 >> [v2:172.21.15.5:3300/0,v1:172.21.15.5:6789/0] conn(0x7fbf18107e90 0x7fbf1810a280 secure :-1 s=READY pgs=39 cs=0 l=1 rev1=1 crypto rx=0x7fbf0c009820 tx=0x7fbf0c02a270 comp rx=0 tx=0).ready entity=mon.0 client_cookie=e85237a03a3eb4b0 server_cookie=0 in_seq=0 out_seq=0
2024-09-11T23:19:32.539 INFO:teuthology.orchestra.run.smithi005.stdout:/usr/bin/ceph: stderr
2024-09-11T23:19:31.835+0000 7fbf177fe640 1 -- 172.21.15.5:0/1498652269 <== mon.0 v2:172.21.15.5:3300/0 1 ==== mon_map magic: 0 ==== 205+0+0 (secure 0 0 0) 0x7fbf0c037070 con 0x7fbf18107e90
2024-09-11T23:19:32.539 INFO:teuthology.orchestra.run.smithi005.stdout:/usr/bin/ceph: stderr
2024-09-11T23:19:31.835+0000 7fbf177fe640 1 -- 172.21.15.5:0/1498652269 <== mon.0 v2:172.21.15.5:3300/0 2 ==== config(26 keys) ==== 1071+0+0 (secure 0 0 0) 0x7fbf0c0328d0 con 0x7fbf18107e90
2024-09-11T23:19:32.539 INFO:teuthology.orchestra.run.smithi005.stdout:/usr/bin/ceph: stderr
2024-09-11T23:19:31.835+0000 7fbf177fe640 1 -- 172.21.15.5:0/1498652269 <== mon.0 v2:172.21.15.5:3300/0 3 ==== mon_map magic: 0 ==== 205+0+0 (secure 0 0 0) 0x7fbf0c0307d0 con 0x7fbf18107e90
2024-09-11T23:19:32.540 INFO:teuthology.orchestra.run.smithi005.stdout:/usr/bin/ceph: stderr
2024-09-11T23:19:31.835+0000 7fbf1f17e640 1 -- 172.21.15.5:0/1498652269 >> [v2:172.21.15.5:3300/0,v1:172.21.15.5:6789/0] conn(0x7fbf18107e90 msgr2=0x7fbf1810a280 secure :-1 s=STATE_CONNECTION_ESTABLISHED l=1).mark_down
2024-09-11T23:19:32.540 INFO:teuthology.orchestra.run.smithi005.stdout:/usr/bin/ceph: stderr
2024-09-11T23:19:31.835+0000 7fbf1f17e640 1 --2- 172.21.15.5:0/1498652269 >> [v2:172.21.15.5:3300/0,v1:172.21.15.5:6789/0] conn(0x7fbf18107e90 0x7fbf1810a280 secure :-1 s=READY pgs=39 cs=0 l=1 rev1=1 crypto rx=0x7fbf0c009820 tx=0x7fbf0c02a270 comp rx=0 tx=0).stop
2024-09-11T23:19:32.540 INFO:teuthology.orchestra.run.smithi005.stdout:/usr/bin/ceph: stderr
2024-09-11T23:19:31.835+0000 7fbf1f17e640 1 -- 172.21.15.5:0/1498652269 shutdown_connections
2024-09-11T23:19:32.540 INFO:teuthology.orchestra.run.smithi005.stdout:/usr/bin/ceph: stderr
2024-09-11T23:19:31.835+0000 7fbf1f17e640 1 --2- 172.21.15.5:0/1498652269 >> [v2:172.21.15.5:3300/0,v1:172.21.15.5:6789/0] conn(0x7fbf18107e90 0x7fbf1810a280 unknown :-1 s=CLOSED pgs=39 cs=0 l=1 rev1=1 crypto rx=0 tx=0 comp rx=0 tx=0).stop
2024-09-11T23:19:32.540 INFO:teuthology.orchestra.run.smithi005.stdout:/usr/bin/ceph: stderr
2024-09-11T23:19:31.835+0000 7fbf1f17e640 1 -- 172.21.15.5:0/1498652269 >> 172.21.15.5:0/1498652269 conn(0x7fbf18101a90 msgr2=0x7fbf18103ef0 unknown :-1 s=STATE_NONE l=0).mark_down
2024-09-11T23:19:32.540 INFO:teuthology.orchestra.run.smithi005.stdout:/usr/bin/ceph: stderr
2024-09-11T23:19:31.835+0000 7fbf1f17e640 1 -- 172.21.15.5:0/1498652269 shutdown_connections
2024-09-11T23:19:32.540 INFO:teuthology.orchestra.run.smithi005.stdout:/usr/bin/ceph: stderr
2024-09-11T23:19:31.835+0000 7fbf1f17e640 1 -- 172.21.15.5:0/1498652269 wait complete.
2024-09-11T23:19:32.540 INFO:teuthology.orchestra.run.smithi005.stdout:/usr/bin/ceph: stderr
2024-09-11T23:19:31.835+0000 7fbf1f17e640 1 Processor -- start
2024-09-11T23:19:32.540 INFO:teuthology.orchestra.run.smithi005.stdout:/usr/bin/ceph: stderr
2024-09-11T23:19:31.835+0000 7fbf1f17e640 1 -- start start
2024-09-11T23:19:32.540 INFO:teuthology.orchestra.run.smithi005.stdout:/usr/bin/ceph: stderr
2024-09-11T23:19:31.835+0000 7fbf1f17e640 1 --2- >> [v2:172.21.15.5:3300/0,v1:172.21.15.5:6789/0] conn(0x7fbf18107e90 0x7fbf1819b360 unknown :-1 s=NONE pgs=0 cs=0 l=1 rev1=0 crypto rx=0 tx=0 comp rx=0 tx=0).connect
2024-09-11T23:19:32.540 INFO:teuthology.orchestra.run.smithi005.stdout:/usr/bin/ceph: stderr
2024-09-11T23:19:31.835+0000 7fbf1f17e640 1 -- --> [v2:172.21.15.5:3300/0,v1:172.21.15.5:6789/0] -- mon_getmap magic: 0 -- 0x7fbf1810b800 con 0x7fbf18107e90
2024-09-11T23:19:32.540 INFO:teuthology.orchestra.run.smithi005.stdout:/usr/bin/ceph: stderr
2024-09-11T23:19:31.835+0000 7fbf1cf1a640 1 --2- >> [v2:172.21.15.5:3300/0,v1:172.21.15.5:6789/0] conn(0x7fbf18107e90 0x7fbf1819b360 unknown :-1 s=BANNER_CONNECTING pgs=0 cs=0 l=1 rev1=0 crypto rx=0 tx=0 comp rx=0 tx=0)._handle_peer_banner_payload supported=3 required=0
2024-09-11T23:19:32.540 INFO:teuthology.orchestra.run.smithi005.stdout:/usr/bin/ceph: stderr
2024-09-11T23:19:31.835+0000 7fbf1cf1a640 1 --2- >> [v2:172.21.15.5:3300/0,v1:172.21.15.5:6789/0] conn(0x7fbf18107e90 0x7fbf1819b360 unknown :-1 s=HELLO_CONNECTING pgs=0 cs=0 l=1 rev1=1 crypto rx=0 tx=0 comp rx=0 tx=0).handle_hello peer v2:172.21.15.5:3300/0 says I am v2:172.21.15.5:53576/0 (socket says 172.21.15.5:53576)
2024-09-11T23:19:32.541 INFO:teuthology.orchestra.run.smithi005.stdout:/usr/bin/ceph: stderr
2024-09-11T23:19:31.835+0000 7fbf1cf1a640 1 -- 172.21.15.5:0/2238602835 learned_addr learned my addr 172.21.15.5:0/2238602835 (peer_addr_for_me v2:172.21.15.5:0/0)
2024-09-11T23:19:32.541 INFO:teuthology.orchestra.run.smithi005.stdout:/usr/bin/ceph: stderr
2024-09-11T23:19:31.836+0000 7fbf1cf1a640 1 -- 172.21.15.5:0/2238602835 --> [v2:172.21.15.5:3300/0,v1:172.21.15.5:6789/0] -- mon_subscribe({config=0+,monmap=0+}) -- 0x7fbf1819b8a0 con 0x7fbf18107e90
2024-09-11T23:19:32.541 INFO:teuthology.orchestra.run.smithi005.stdout:/usr/bin/ceph: stderr
2024-09-11T23:19:31.836+0000 7fbf1cf1a640 1 --2- 172.21.15.5:0/2238602835 >> [v2:172.21.15.5:3300/0,v1:172.21.15.5:6789/0] conn(0x7fbf18107e90 0x7fbf1819b360 secure :-1 s=READY pgs=40 cs=0 l=1 rev1=1 crypto rx=0x7fbf0c032e10 tx=0x7fbf0c032e40 comp rx=0 tx=0).ready entity=mon.0 client_cookie=0 server_cookie=0 in_seq=0 out_seq=0
2024-09-11T23:19:32.541 INFO:teuthology.orchestra.run.smithi005.stdout:/usr/bin/ceph: stderr
2024-09-11T23:19:31.836+0000 7fbf15ffb640 1 -- 172.21.15.5:0/2238602835 <== mon.0 v2:172.21.15.5:3300/0 1 ==== mon_map magic: 0 ==== 205+0+0 (secure 0 0 0) 0x7fbf0c042070 con 0x7fbf18107e90
2024-09-11T23:19:32.541 INFO:teuthology.orchestra.run.smithi005.stdout:/usr/bin/ceph: stderr
2024-09-11T23:19:31.836+0000 7fbf15ffb640 1 -- 172.21.15.5:0/2238602835 <== mon.0 v2:172.21.15.5:3300/0 2 ==== config(26 keys) ==== 1071+0+0 (secure 0 0 0) 0x7fbf0c030c80 con 0x7fbf18107e90
2024-09-11T23:19:32.541 INFO:teuthology.orchestra.run.smithi005.stdout:/usr/bin/ceph: stderr
2024-09-11T23:19:31.836+0000 7fbf1f17e640 1 -- 172.21.15.5:0/2238602835 --> [v2:172.21.15.5:3300/0,v1:172.21.15.5:6789/0] -- mon_subscribe({mgrmap=0+}) -- 0x7fbf1819bb30 con 0x7fbf18107e90
2024-09-11T23:19:32.541 INFO:teuthology.orchestra.run.smithi005.stdout:/usr/bin/ceph: stderr
2024-09-11T23:19:31.836+0000 7fbf15ffb640 1 -- 172.21.15.5:0/2238602835 <== mon.0 v2:172.21.15.5:3300/0 3 ==== mon_map magic: 0 ==== 205+0+0 (secure 0 0 0) 0x7fbf0c037040 con 0x7fbf18107e90
2024-09-11T23:19:32.541 INFO:teuthology.orchestra.run.smithi005.stdout:/usr/bin/ceph: stderr
2024-09-11T23:19:31.836+0000 7fbf1f17e640 1 -- 172.21.15.5:0/2238602835 --> [v2:172.21.15.5:3300/0,v1:172.21.15.5:6789/0] -- mon_subscribe({osdmap=0}) -- 0x7fbf1819e820 con 0x7fbf18107e90
2024-09-11T23:19:32.541 INFO:teuthology.orchestra.run.smithi005.stdout:/usr/bin/ceph: stderr
2024-09-11T23:19:31.837+0000 7fbf15ffb640 1 -- 172.21.15.5:0/2238602835 <== mon.0 v2:172.21.15.5:3300/0 4 ==== mgrmap(e 8) ==== 46287+0+0 (secure 0 0 0) 0x7fbf0c045070 con 0x7fbf18107e90
2024-09-11T23:19:32.541 INFO:teuthology.orchestra.run.smithi005.stdout:/usr/bin/ceph: stderr
2024-09-11T23:19:31.837+0000 7fbf15ffb640 1 --2- 172.21.15.5:0/2238602835 >> [v2:172.21.15.5:6800/1790126649,v1:172.21.15.5:6801/1790126649] conn(0x7fbf08038fc0 0x7fbf0803b480 unknown :-1 s=NONE pgs=0 cs=0 l=1 rev1=0 crypto rx=0 tx=0 comp rx=0 tx=0).connect
2024-09-11T23:19:32.541 INFO:teuthology.orchestra.run.smithi005.stdout:/usr/bin/ceph: stderr
2024-09-11T23:19:31.837+0000 7fbf15ffb640 1 -- 172.21.15.5:0/2238602835 <== mon.0 v2:172.21.15.5:3300/0 5 ==== osd_map(2..2 src has 1..2) ==== 940+0+0 (secure 0 0 0) 0x7fbf0c06bf10 con 0x7fbf18107e90
2024-09-11T23:19:32.541 INFO:teuthology.orchestra.run.smithi005.stdout:/usr/bin/ceph: stderr
2024-09-11T23:19:31.837+0000 7fbf17fff640 1 --2- 172.21.15.5:0/2238602835 >> [v2:172.21.15.5:6800/1790126649,v1:172.21.15.5:6801/1790126649] conn(0x7fbf08038fc0 0x7fbf0803b480 unknown :-1 s=BANNER_CONNECTING pgs=0 cs=0 l=1 rev1=0 crypto rx=0 tx=0 comp rx=0 tx=0)._handle_peer_banner_payload supported=3 required=0
2024-09-11T23:19:32.542 INFO:teuthology.orchestra.run.smithi005.stdout:/usr/bin/ceph: stderr
2024-09-11T23:19:31.837+0000 7fbf1f17e640 1 -- 172.21.15.5:0/2238602835 --> [v2:172.21.15.5:3300/0,v1:172.21.15.5:6789/0] -- mon_command({"prefix": "get_command_descriptions"} v 0) -- 0x7fbf181082f0 con 0x7fbf18107e90
2024-09-11T23:19:32.542 INFO:teuthology.orchestra.run.smithi005.stdout:/usr/bin/ceph: stderr
2024-09-11T23:19:31.838+0000 7fbf17fff640 1 --2- 172.21.15.5:0/2238602835 >> [v2:172.21.15.5:6800/1790126649,v1:172.21.15.5:6801/1790126649] conn(0x7fbf08038fc0 0x7fbf0803b480 secure :-1 s=READY pgs=10 cs=0 l=1 rev1=1 crypto rx=0x7fbf040098c0 tx=0x7fbf04006db0 comp rx=0 tx=0).ready entity=mgr.14116 client_cookie=0 server_cookie=0 in_seq=0 out_seq=0
2024-09-11T23:19:32.542 INFO:teuthology.orchestra.run.smithi005.stdout:/usr/bin/ceph: stderr
2024-09-11T23:19:31.842+0000 7fbf15ffb640 1 -- 172.21.15.5:0/2238602835 <== mon.0 v2:172.21.15.5:3300/0 6 ==== mon_command_ack([{"prefix": "get_command_descriptions"}]=0 v0) ==== 72+0+188821 (secure 0 0 0) 0x7fbf0c045360 con 0x7fbf18107e90
2024-09-11T23:19:32.542 INFO:teuthology.orchestra.run.smithi005.stdout:/usr/bin/ceph: stderr
2024-09-11T23:19:32.019+0000 7fbf1f17e640 1 -- 172.21.15.5:0/2238602835 --> [v2:172.21.15.5:6800/1790126649,v1:172.21.15.5:6801/1790126649] -- mgr_command(tid 0: {"prefix": "cephadm get-pub-key", "target": ["mon-mgr", ""]}) -- 0x7fbf18102cd0 con 0x7fbf08038fc0
2024-09-11T23:19:32.542 INFO:teuthology.orchestra.run.smithi005.stdout:/usr/bin/ceph: stderr
2024-09-11T23:19:32.019+0000 7fbf15ffb640 1 -- 172.21.15.5:0/2238602835 <== mgr.14116 v2:172.21.15.5:6800/1790126649 1 ==== mgr_command_reply(tid 0: 0 ) ==== 8+0+595 (secure 0 0 0) 0x7fbf18102cd0 con 0x7fbf08038fc0
2024-09-11T23:19:32.542 INFO:teuthology.orchestra.run.smithi005.stdout:/usr/bin/ceph: stderr
2024-09-11T23:19:32.021+0000 7fbf1f17e640 1 -- 172.21.15.5:0/2238602835 >> [v2:172.21.15.5:6800/1790126649,v1:172.21.15.5:6801/1790126649] conn(0x7fbf08038fc0 msgr2=0x7fbf0803b480 secure :-1 s=STATE_CONNECTION_ESTABLISHED l=1).mark_down
2024-09-11T23:19:32.542 INFO:teuthology.orchestra.run.smithi005.stdout:/usr/bin/ceph: stderr
2024-09-11T23:19:32.021+0000 7fbf1f17e640 1 --2- 172.21.15.5:0/2238602835 >> [v2:172.21.15.5:6800/1790126649,v1:172.21.15.5:6801/1790126649] conn(0x7fbf08038fc0 0x7fbf0803b480 secure :-1 s=READY pgs=10 cs=0 l=1 rev1=1 crypto rx=0x7fbf040098c0 tx=0x7fbf04006db0 comp rx=0 tx=0).stop
2024-09-11T23:19:32.542 INFO:teuthology.orchestra.run.smithi005.stdout:/usr/bin/ceph: stderr
2024-09-11T23:19:32.021+0000 7fbf1f17e640 1 -- 172.21.15.5:0/2238602835 >> [v2:172.21.15.5:3300/0,v1:172.21.15.5:6789/0] conn(0x7fbf18107e90 msgr2=0x7fbf1819b360 secure :-1 s=STATE_CONNECTION_ESTABLISHED l=1).mark_down
2024-09-11T23:19:32.542 INFO:teuthology.orchestra.run.smithi005.stdout:/usr/bin/ceph: stderr
2024-09-11T23:19:32.021+0000 7fbf1f17e640 1 --2- 172.21.15.5:0/2238602835 >> [v2:172.21.15.5:3300/0,v1:172.21.15.5:6789/0] conn(0x7fbf18107e90 0x7fbf1819b360 secure :-1 s=READY pgs=40 cs=0 l=1 rev1=1 crypto rx=0x7fbf0c032e10 tx=0x7fbf0c032e40 comp rx=0 tx=0).stop
2024-09-11T23:19:32.542 INFO:teuthology.orchestra.run.smithi005.stdout:/usr/bin/ceph: stderr
2024-09-11T23:19:32.022+0000 7fbf1f17e640 1 -- 172.21.15.5:0/2238602835 shutdown_connections
2024-09-11T23:19:32.542 INFO:teuthology.orchestra.run.smithi005.stdout:/usr/bin/ceph: stderr
2024-09-11T23:19:32.022+0000 7fbf1f17e640 1 --2- 172.21.15.5:0/2238602835 >> [v2:172.21.15.5:6800/1790126649,v1:172.21.15.5:6801/1790126649] conn(0x7fbf08038fc0 0x7fbf0803b480 unknown :-1 s=CLOSED pgs=10 cs=0 l=1 rev1=1 crypto rx=0 tx=0 comp rx=0 tx=0).stop
2024-09-11T23:19:32.542 INFO:teuthology.orchestra.run.smithi005.stdout:/usr/bin/ceph: stderr
2024-09-11T23:19:32.022+0000 7fbf1f17e640 1 --2- 172.21.15.5:0/2238602835 >> [v2:172.21.15.5:3300/0,v1:172.21.15.5:6789/0] conn(0x7fbf18107e90 0x7fbf1819b360 unknown :-1 s=CLOSED pgs=40 cs=0 l=1 rev1=1 crypto rx=0 tx=0 comp rx=0 tx=0).stop
2024-09-11T23:19:32.542 INFO:teuthology.orchestra.run.smithi005.stdout:/usr/bin/ceph: stderr
2024-09-11T23:19:32.022+0000 7fbf1f17e640 1 -- 172.21.15.5:0/2238602835 >> 172.21.15.5:0/2238602835 conn(0x7fbf18101a90 msgr2=0x7fbf181025c0 unknown :-1 s=STATE_NONE l=0).mark_down
2024-09-11T23:19:32.543 INFO:teuthology.orchestra.run.smithi005.stdout:/usr/bin/ceph: stderr
2024-09-11T23:19:32.022+0000 7fbf1f17e640 1 -- 172.21.15.5:0/2238602835 shutdown_connections
2024-09-11T23:19:32.543 INFO:teuthology.orchestra.run.smithi005.stdout:/usr/bin/ceph: stderr
2024-09-11T23:19:32.022+0000 7fbf1f17e640 1 -- 172.21.15.5:0/2238602835 wait complete.
2024-09-11T23:19:32.543 INFO:teuthology.orchestra.run.smithi005.stdout:Wrote public SSH key to /home/ubuntu/cephtest/ceph.pub
2024-09-11T23:19:32.543 INFO:teuthology.orchestra.run.smithi005.stdout:Adding key to root@localhost authorized_keys...
2024-09-11T23:19:32.543 INFO:teuthology.orchestra.run.smithi005.stdout:Adding host smithi005...
2024-09-11T23:19:33.224 INFO:journalctl@ceph.mon.a.smithi005.stdout:Sep 11 23:19:32 smithi005 ceph-mon[31201]: from='client.14134 -' entity='client.admin' cmd=[{"prefix": "cephadm get-pub-key", "target": ["mon-mgr", ""]}]: dispatch
2024-09-11T23:19:34.150 INFO:journalctl@ceph.mon.a.smithi005.stdout:Sep 11 23:19:33 smithi005 ceph-mon[31201]: from='client.14136 -' entity='client.admin' cmd=[{"prefix": "orch host add", "hostname": "smithi005", "addr": "172.21.15.5", "target": ["mon-mgr", ""]}]: dispatch
2024-09-11T23:19:35.373 INFO:journalctl@ceph.mon.a.smithi005.stdout:Sep 11 23:19:35 smithi005 ceph-mon[31201]: Deploying cephadm binary to smithi005
2024-09-11T23:19:37.679 INFO:teuthology.orchestra.run.smithi005.stdout:/usr/bin/ceph: stdout Added host 'smithi005' with addr '172.21.15.5'
2024-09-11T23:19:37.680 INFO:teuthology.orchestra.run.smithi005.stdout:/usr/bin/ceph: stderr
2024-09-11T23:19:32.896+0000 7f396c5e3640 1 Processor -- start
2024-09-11T23:19:37.680 INFO:teuthology.orchestra.run.smithi005.stdout:/usr/bin/ceph: stderr
2024-09-11T23:19:32.896+0000 7f396c5e3640 1 -- start start
2024-09-11T23:19:37.680 INFO:teuthology.orchestra.run.smithi005.stdout:/usr/bin/ceph: stderr
2024-09-11T23:19:32.897+0000 7f396c5e3640 1 --2- >> [v2:172.21.15.5:3300/0,v1:172.21.15.5:6789/0] conn(0x7f396407de60 0x7f396407c2c0 unknown :-1 s=NONE pgs=0 cs=0 l=0 rev1=0 crypto rx=0 tx=0 comp rx=0 tx=0).connect
2024-09-11T23:19:37.680 INFO:teuthology.orchestra.run.smithi005.stdout:/usr/bin/ceph: stderr
2024-09-11T23:19:32.897+0000 7f396c5e3640 1 -- --> [v2:172.21.15.5:3300/0,v1:172.21.15.5:6789/0] -- mon_getmap magic: 0 -- 0x7f396407c890 con 0x7f396407de60
2024-09-11T23:19:37.680 INFO:teuthology.orchestra.run.smithi005.stdout:/usr/bin/ceph: stderr
2024-09-11T23:19:32.897+0000 7f396a37f640 1 --2- >> [v2:172.21.15.5:3300/0,v1:172.21.15.5:6789/0] conn(0x7f396407de60 0x7f396407c2c0 unknown :-1 s=BANNER_CONNECTING pgs=0 cs=0 l=0 rev1=0 crypto rx=0 tx=0 comp rx=0 tx=0)._handle_peer_banner_payload supported=3 required=0
2024-09-11T23:19:37.680 INFO:teuthology.orchestra.run.smithi005.stdout:/usr/bin/ceph: stderr
2024-09-11T23:19:32.897+0000 7f396a37f640 1 --2- >> [v2:172.21.15.5:3300/0,v1:172.21.15.5:6789/0] conn(0x7f396407de60 0x7f396407c2c0 unknown :-1 s=HELLO_CONNECTING pgs=0 cs=0 l=0 rev1=1 crypto rx=0 tx=0 comp rx=0 tx=0).handle_hello peer v2:172.21.15.5:3300/0 says I am v2:172.21.15.5:53580/0 (socket says 172.21.15.5:53580)
2024-09-11T23:19:37.680 INFO:teuthology.orchestra.run.smithi005.stdout:/usr/bin/ceph: stderr
2024-09-11T23:19:32.897+0000 7f396a37f640 1 -- 172.21.15.5:0/3651890296 learned_addr learned my addr 172.21.15.5:0/3651890296 (peer_addr_for_me v2:172.21.15.5:0/0)
2024-09-11T23:19:37.680 INFO:teuthology.orchestra.run.smithi005.stdout:/usr/bin/ceph: stderr
2024-09-11T23:19:32.897+0000 7f396a37f640 1 -- 172.21.15.5:0/3651890296 --> [v2:172.21.15.5:3300/0,v1:172.21.15.5:6789/0] -- mon_subscribe({config=0+,monmap=0+}) -- 0x7f396407ca10 con 0x7f396407de60
2024-09-11T23:19:37.680 INFO:teuthology.orchestra.run.smithi005.stdout:/usr/bin/ceph: stderr
2024-09-11T23:19:32.898+0000 7f396a37f640 1 --2- 172.21.15.5:0/3651890296 >> [v2:172.21.15.5:3300/0,v1:172.21.15.5:6789/0] conn(0x7f396407de60 0x7f396407c2c0 secure :-1 s=READY pgs=41 cs=0 l=1 rev1=1 crypto rx=0x7f3960009820 tx=0x7f396002a270 comp rx=0 tx=0).ready entity=mon.0 client_cookie=8b2bddbfad297227 server_cookie=0 in_seq=0 out_seq=0
2024-09-11T23:19:37.680 INFO:teuthology.orchestra.run.smithi005.stdout:/usr/bin/ceph: stderr
2024-09-11T23:19:32.898+0000 7f396937d640 1 -- 172.21.15.5:0/3651890296 <== mon.0 v2:172.21.15.5:3300/0 1 ==== mon_map magic: 0 ==== 205+0+0 (secure 0 0 0) 0x7f3960037070 con 0x7f396407de60
2024-09-11T23:19:37.681 INFO:teuthology.orchestra.run.smithi005.stdout:/usr/bin/ceph: stderr
2024-09-11T23:19:32.898+0000 7f396937d640 1 -- 172.21.15.5:0/3651890296 <== mon.0 v2:172.21.15.5:3300/0 2 ==== config(26 keys) ==== 1071+0+0 (secure 0 0 0) 0x7f39600328d0 con 0x7f396407de60
2024-09-11T23:19:37.681 INFO:teuthology.orchestra.run.smithi005.stdout:/usr/bin/ceph: stderr
2024-09-11T23:19:32.898+0000 7f396937d640 1 -- 172.21.15.5:0/3651890296 <== mon.0 v2:172.21.15.5:3300/0 3 ==== mon_map magic: 0 ==== 205+0+0 (secure 0 0 0) 0x7f39600307d0 con 0x7f396407de60
2024-09-11T23:19:37.681 INFO:teuthology.orchestra.run.smithi005.stdout:/usr/bin/ceph: stderr
2024-09-11T23:19:32.899+0000 7f396c5e3640 1 -- 172.21.15.5:0/3651890296 >> [v2:172.21.15.5:3300/0,v1:172.21.15.5:6789/0] conn(0x7f396407de60 msgr2=0x7f396407c2c0 secure :-1 s=STATE_CONNECTION_ESTABLISHED l=1).mark_down
2024-09-11T23:19:37.681 INFO:teuthology.orchestra.run.smithi005.stdout:/usr/bin/ceph: stderr
2024-09-11T23:19:32.899+0000 7f396c5e3640 1 --2- 172.21.15.5:0/3651890296 >> [v2:172.21.15.5:3300/0,v1:172.21.15.5:6789/0] conn(0x7f396407de60 0x7f396407c2c0 secure :-1 s=READY pgs=41 cs=0 l=1 rev1=1 crypto rx=0x7f3960009820 tx=0x7f396002a270 comp rx=0 tx=0).stop
