2024-09-11T23:27:42.821+0000 7f94f8ab0640 1 --2- 172.21.15.133:0/386229153 >> [v2:172.21.15.133:6800/2855546700,v1:172.21.15.133:6801/2855546700] conn(0x7f94e0038fc0 0x7f94e003b480 unknown :-1 s=START_CONNECT pgs=0 cs=0 l=1 rev1=0 crypto rx=0 tx=0 comp rx=0 tx=0)._fault waiting 0.400000
2024-09-11T23:27:46.686 INFO:teuthology.orchestra.run.smithi133.stdout:/usr/bin/ceph: stderr
2024-09-11T23:27:43.222+0000 7f94f8ab0640 1 -- 172.21.15.133:0/386229153 >> [v2:172.21.15.133:6800/2855546700,v1:172.21.15.133:6801/2855546700] conn(0x7f94e0038fc0 msgr2=0x7f94e003b480 unknown :-1 s=STATE_CONNECTING_RE l=1).process reconnect failed to v2:172.21.15.133:6800/2855546700
2024-09-11T23:27:46.686 INFO:teuthology.orchestra.run.smithi133.stdout:/usr/bin/ceph: stderr
2024-09-11T23:27:43.222+0000 7f94f8ab0640 1 --2- 172.21.15.133:0/386229153 >> [v2:172.21.15.133:6800/2855546700,v1:172.21.15.133:6801/2855546700] conn(0x7f94e0038fc0 0x7f94e003b480 unknown :-1 s=START_CONNECT pgs=0 cs=0 l=1 rev1=0 crypto rx=0 tx=0 comp rx=0 tx=0)._fault waiting 0.800000
2024-09-11T23:27:46.686 INFO:teuthology.orchestra.run.smithi133.stdout:/usr/bin/ceph: stderr
2024-09-11T23:27:44.023+0000 7f94f8ab0640 1 -- 172.21.15.133:0/386229153 >> [v2:172.21.15.133:6800/2855546700,v1:172.21.15.133:6801/2855546700] conn(0x7f94e0038fc0 msgr2=0x7f94e003b480 unknown :-1 s=STATE_CONNECTING_RE l=1).process reconnect failed to v2:172.21.15.133:6800/2855546700
2024-09-11T23:27:46.686 INFO:teuthology.orchestra.run.smithi133.stdout:/usr/bin/ceph: stderr
2024-09-11T23:27:44.023+0000 7f94f8ab0640 1 --2- 172.21.15.133:0/386229153 >> [v2:172.21.15.133:6800/2855546700,v1:172.21.15.133:6801/2855546700] conn(0x7f94e0038fc0 0x7f94e003b480 unknown :-1 s=START_CONNECT pgs=0 cs=0 l=1 rev1=0 crypto rx=0 tx=0 comp rx=0 tx=0)._fault waiting 1.600000
2024-09-11T23:27:46.686 INFO:teuthology.orchestra.run.smithi133.stdout:/usr/bin/ceph: stderr
2024-09-11T23:27:45.047+0000 7f94ea7fc640 1 -- 172.21.15.133:0/386229153 <== mon.0 v2:172.21.15.133:3300/0 6 ==== mgrmap(e 6) ==== 46054+0+0 (secure 0 0 0) 0x7f94f006aa40 con 0x7f94f41083b0
2024-09-11T23:27:46.686 INFO:teuthology.orchestra.run.smithi133.stdout:/usr/bin/ceph: stderr
2024-09-11T23:27:45.047+0000 7f94ea7fc640 1 -- 172.21.15.133:0/386229153 >> [v2:172.21.15.133:6800/2855546700,v1:172.21.15.133:6801/2855546700] conn(0x7f94e0038fc0 msgr2=0x7f94e003b480 unknown :-1 s=STATE_CONNECTING l=1).mark_down
2024-09-11T23:27:46.686 INFO:teuthology.orchestra.run.smithi133.stdout:/usr/bin/ceph: stderr
2024-09-11T23:27:45.047+0000 7f94ea7fc640 1 --2- 172.21.15.133:0/386229153 >> [v2:172.21.15.133:6800/2855546700,v1:172.21.15.133:6801/2855546700] conn(0x7f94e0038fc0 0x7f94e003b480 unknown :-1 s=START_CONNECT pgs=0 cs=0 l=1 rev1=0 crypto rx=0 tx=0 comp rx=0 tx=0).stop
2024-09-11T23:27:46.686 INFO:teuthology.orchestra.run.smithi133.stdout:/usr/bin/ceph: stderr
2024-09-11T23:27:46.048+0000 7f94ea7fc640 1 -- 172.21.15.133:0/386229153 <== mon.0 v2:172.21.15.133:3300/0 7 ==== mgrmap(e 7) ==== 46181+0+0 (secure 0 0 0) 0x7f94f003d900 con 0x7f94f41083b0
2024-09-11T23:27:46.686 INFO:teuthology.orchestra.run.smithi133.stdout:/usr/bin/ceph: stderr
2024-09-11T23:27:46.048+0000 7f94ea7fc640 1 --2- 172.21.15.133:0/386229153 >> [v2:172.21.15.133:6800/2152407978,v1:172.21.15.133:6801/2152407978] conn(0x7f94e003c8f0 0x7f94e003ece0 unknown :-1 s=NONE pgs=0 cs=0 l=1 rev1=0 crypto rx=0 tx=0 comp rx=0 tx=0).connect
2024-09-11T23:27:46.686 INFO:teuthology.orchestra.run.smithi133.stdout:/usr/bin/ceph: stderr
2024-09-11T23:27:46.048+0000 7f94ea7fc640 1 -- 172.21.15.133:0/386229153 --> [v2:172.21.15.133:6800/2152407978,v1:172.21.15.133:6801/2152407978] -- command(tid 0: {"prefix": "get_command_descriptions"}) -- 0x7f94e003bb90 con 0x7f94e003c8f0
2024-09-11T23:27:46.686 INFO:teuthology.orchestra.run.smithi133.stdout:/usr/bin/ceph: stderr
2024-09-11T23:27:46.049+0000 7f94f8ab0640 1 --2- 172.21.15.133:0/386229153 >> [v2:172.21.15.133:6800/2152407978,v1:172.21.15.133:6801/2152407978] conn(0x7f94e003c8f0 0x7f94e003ece0 unknown :-1 s=BANNER_CONNECTING pgs=0 cs=0 l=1 rev1=0 crypto rx=0 tx=0 comp rx=0 tx=0)._handle_peer_banner_payload supported=3 required=0
2024-09-11T23:27:46.687 INFO:teuthology.orchestra.run.smithi133.stdout:/usr/bin/ceph: stderr
2024-09-11T23:27:46.049+0000 7f94f8ab0640 1 --2- 172.21.15.133:0/386229153 >> [v2:172.21.15.133:6800/2152407978,v1:172.21.15.133:6801/2152407978] conn(0x7f94e003c8f0 0x7f94e003ece0 secure :-1 s=READY pgs=1 cs=0 l=1 rev1=1 crypto rx=0x7f94e4003980 tx=0x7f94e40092b0 comp rx=0 tx=0).ready entity=mgr.14118 client_cookie=0 server_cookie=0 in_seq=0 out_seq=0
2024-09-11T23:27:46.687 INFO:teuthology.orchestra.run.smithi133.stdout:/usr/bin/ceph: stderr
2024-09-11T23:27:46.050+0000 7f94ea7fc640 1 -- 172.21.15.133:0/386229153 <== mgr.14118 v2:172.21.15.133:6800/2152407978 1 ==== command_reply(tid 0: 0 ) ==== 8+0+9564 (secure 0 0 0) 0x7f94e003bb90 con 0x7f94e003c8f0
2024-09-11T23:27:46.687 INFO:teuthology.orchestra.run.smithi133.stdout:/usr/bin/ceph: stderr
2024-09-11T23:27:46.056+0000 7f94fb515640 1 -- 172.21.15.133:0/386229153 --> [v2:172.21.15.133:6800/2152407978,v1:172.21.15.133:6801/2152407978] -- command(tid 1: {"prefix": "mgr_status"}) -- 0x7f94f419c5a0 con 0x7f94e003c8f0
2024-09-11T23:27:46.687 INFO:teuthology.orchestra.run.smithi133.stdout:/usr/bin/ceph: stderr
2024-09-11T23:27:46.057+0000 7f94ea7fc640 1 -- 172.21.15.133:0/386229153 <== mgr.14118 v2:172.21.15.133:6800/2152407978 2 ==== command_reply(tid 1: 0 ) ==== 8+0+51 (secure 0 0 0) 0x7f94f419c5a0 con 0x7f94e003c8f0
2024-09-11T23:27:46.687 INFO:teuthology.orchestra.run.smithi133.stdout:/usr/bin/ceph: stderr
2024-09-11T23:27:46.057+0000 7f94fb515640 1 -- 172.21.15.133:0/386229153 >> [v2:172.21.15.133:6800/2152407978,v1:172.21.15.133:6801/2152407978] conn(0x7f94e003c8f0 msgr2=0x7f94e003ece0 secure :-1 s=STATE_CONNECTION_ESTABLISHED l=1).mark_down
2024-09-11T23:27:46.687 INFO:teuthology.orchestra.run.smithi133.stdout:/usr/bin/ceph: stderr
2024-09-11T23:27:46.057+0000 7f94fb515640 1 --2- 172.21.15.133:0/386229153 >> [v2:172.21.15.133:6800/2152407978,v1:172.21.15.133:6801/2152407978] conn(0x7f94e003c8f0 0x7f94e003ece0 secure :-1 s=READY pgs=1 cs=0 l=1 rev1=1 crypto rx=0x7f94e4003980 tx=0x7f94e40092b0 comp rx=0 tx=0).stop
2024-09-11T23:27:46.687 INFO:teuthology.orchestra.run.smithi133.stdout:/usr/bin/ceph: stderr
2024-09-11T23:27:46.057+0000 7f94fb515640 1 -- 172.21.15.133:0/386229153 >> [v2:172.21.15.133:3300/0,v1:172.21.15.133:6789/0] conn(0x7f94f41083b0 msgr2=0x7f94f419b8f0 secure :-1 s=STATE_CONNECTION_ESTABLISHED l=1).mark_down
2024-09-11T23:27:46.687 INFO:teuthology.orchestra.run.smithi133.stdout:/usr/bin/ceph: stderr
2024-09-11T23:27:46.057+0000 7f94fb515640 1 --2- 172.21.15.133:0/386229153 >> [v2:172.21.15.133:3300/0,v1:172.21.15.133:6789/0] conn(0x7f94f41083b0 0x7f94f419b8f0 secure :-1 s=READY pgs=27 cs=0 l=1 rev1=1 crypto rx=0x7f94f0031000 tx=0x7f94f00326e0 comp rx=0 tx=0).stop
2024-09-11T23:27:46.687 INFO:teuthology.orchestra.run.smithi133.stdout:/usr/bin/ceph: stderr
2024-09-11T23:27:46.057+0000 7f94fb515640 1 -- 172.21.15.133:0/386229153 shutdown_connections
2024-09-11T23:27:46.687 INFO:teuthology.orchestra.run.smithi133.stdout:/usr/bin/ceph: stderr
2024-09-11T23:27:46.057+0000 7f94fb515640 1 --2- 172.21.15.133:0/386229153 >> [v2:172.21.15.133:6800/2152407978,v1:172.21.15.133:6801/2152407978] conn(0x7f94e003c8f0 0x7f94e003ece0 unknown :-1 s=CLOSED pgs=1 cs=0 l=1 rev1=1 crypto rx=0 tx=0 comp rx=0 tx=0).stop
2024-09-11T23:27:46.687 INFO:teuthology.orchestra.run.smithi133.stdout:/usr/bin/ceph: stderr
2024-09-11T23:27:46.057+0000 7f94fb515640 1 --2- 172.21.15.133:0/386229153 >> [v2:172.21.15.133:6800/2855546700,v1:172.21.15.133:6801/2855546700] conn(0x7f94e0038fc0 0x7f94e003b480 unknown :-1 s=CLOSED pgs=0 cs=0 l=1 rev1=0 crypto rx=0 tx=0 comp rx=0 tx=0).stop
2024-09-11T23:27:46.687 INFO:teuthology.orchestra.run.smithi133.stdout:/usr/bin/ceph: stderr
2024-09-11T23:27:46.057+0000 7f94fb515640 1 --2- 172.21.15.133:0/386229153 >> [v2:172.21.15.133:3300/0,v1:172.21.15.133:6789/0] conn(0x7f94f41083b0 0x7f94f419b8f0 unknown :-1 s=CLOSED pgs=27 cs=0 l=1 rev1=1 crypto rx=0 tx=0 comp rx=0 tx=0).stop
2024-09-11T23:27:46.687 INFO:teuthology.orchestra.run.smithi133.stdout:/usr/bin/ceph: stderr
2024-09-11T23:27:46.057+0000 7f94fb515640 1 -- 172.21.15.133:0/386229153 >> 172.21.15.133:0/386229153 conn(0x7f94f4101f10 msgr2=0x7f94f4102ad0 unknown :-1 s=STATE_NONE l=0).mark_down
2024-09-11T23:27:46.687 INFO:teuthology.orchestra.run.smithi133.stdout:/usr/bin/ceph: stderr
2024-09-11T23:27:46.057+0000 7f94fb515640 1 -- 172.21.15.133:0/386229153 shutdown_connections
2024-09-11T23:27:46.687 INFO:teuthology.orchestra.run.smithi133.stdout:/usr/bin/ceph: stderr
2024-09-11T23:27:46.057+0000 7f94fb515640 1 -- 172.21.15.133:0/386229153 wait complete.
2024-09-11T23:27:46.688 INFO:teuthology.orchestra.run.smithi133.stdout:mgr epoch 5 is available
2024-09-11T23:27:46.688 INFO:teuthology.orchestra.run.smithi133.stdout:Setting orchestrator backend to cephadm...
2024-09-11T23:27:47.209 INFO:journalctl@ceph.mon.a.smithi133.stdout:Sep 11 23:27:47 smithi133 ceph-mon[31430]: from='client.14122 -' entity='client.admin' cmd=[{"prefix": "get_command_descriptions"}]: dispatch
2024-09-11T23:27:47.209 INFO:journalctl@ceph.mon.a.smithi133.stdout:Sep 11 23:27:47 smithi133 ceph-mon[31430]: from='client.14122 -' entity='client.admin' cmd=[{"prefix": "mgr_status"}]: dispatch
2024-09-11T23:27:47.209 INFO:journalctl@ceph.mon.a.smithi133.stdout:Sep 11 23:27:47 smithi133 ceph-mon[31430]: from='mgr.14118 172.21.15.133:0/390552447' entity='mgr.x'
2024-09-11T23:27:47.209 INFO:journalctl@ceph.mon.a.smithi133.stdout:Sep 11 23:27:47 smithi133 ceph-mon[31430]: from='mgr.14118 172.21.15.133:0/390552447' entity='mgr.x'
2024-09-11T23:27:47.210 INFO:journalctl@ceph.mgr.x.smithi133.stdout:Sep 11 23:27:47 smithi133 ceph-42321b88-7095-11ef-bcea-c7b262605968-mgr-x[31659]:
2024-09-11T23:27:47.129+0000 7f447811c640 -1 log_channel(cephadm) log [ERR] : [11/Sep/2024:23:27:47] ENGINE Error in HTTPServer.serve
2024-09-11T23:27:47.210 INFO:journalctl@ceph.mgr.x.smithi133.stdout:Sep 11 23:27:47 smithi133 ceph-42321b88-7095-11ef-bcea-c7b262605968-mgr-x[31659]: Traceback (most recent call last):
2024-09-11T23:27:47.210 INFO:journalctl@ceph.mgr.x.smithi133.stdout:Sep 11 23:27:47 smithi133 ceph-42321b88-7095-11ef-bcea-c7b262605968-mgr-x[31659]: File "/lib/python3.9/site-packages/cheroot/server.py", line 1823, in serve
2024-09-11T23:27:47.210 INFO:journalctl@ceph.mgr.x.smithi133.stdout:Sep 11 23:27:47 smithi133 ceph-42321b88-7095-11ef-bcea-c7b262605968-mgr-x[31659]: self._connections.run(self.expiration_interval)
2024-09-11T23:27:47.210 INFO:journalctl@ceph.mgr.x.smithi133.stdout:Sep 11 23:27:47 smithi133 ceph-42321b88-7095-11ef-bcea-c7b262605968-mgr-x[31659]: File "/lib/python3.9/site-packages/cheroot/connections.py", line 203, in run
2024-09-11T23:27:47.210 INFO:journalctl@ceph.mgr.x.smithi133.stdout:Sep 11 23:27:47 smithi133 ceph-42321b88-7095-11ef-bcea-c7b262605968-mgr-x[31659]: self._run(expiration_interval)
2024-09-11T23:27:47.210 INFO:journalctl@ceph.mgr.x.smithi133.stdout:Sep 11 23:27:47 smithi133 ceph-42321b88-7095-11ef-bcea-c7b262605968-mgr-x[31659]: File "/lib/python3.9/site-packages/cheroot/connections.py", line 246, in _run
2024-09-11T23:27:47.210 INFO:journalctl@ceph.mgr.x.smithi133.stdout:Sep 11 23:27:47 smithi133 ceph-42321b88-7095-11ef-bcea-c7b262605968-mgr-x[31659]: new_conn = self._from_server_socket(self.server.socket)
2024-09-11T23:27:47.210 INFO:journalctl@ceph.mgr.x.smithi133.stdout:Sep 11 23:27:47 smithi133 ceph-42321b88-7095-11ef-bcea-c7b262605968-mgr-x[31659]: File "/lib/python3.9/site-packages/cheroot/connections.py", line 300, in _from_server_socket
2024-09-11T23:27:47.210 INFO:journalctl@ceph.mgr.x.smithi133.stdout:Sep 11 23:27:47 smithi133 ceph-42321b88-7095-11ef-bcea-c7b262605968-mgr-x[31659]: s, ssl_env = self.server.ssl_adapter.wrap(s)
2024-09-11T23:27:47.210 INFO:journalctl@ceph.mgr.x.smithi133.stdout:Sep 11 23:27:47 smithi133 ceph-42321b88-7095-11ef-bcea-c7b262605968-mgr-x[31659]: File "/lib/python3.9/site-packages/cheroot/ssl/builtin.py", line 277, in wrap
2024-09-11T23:27:47.210 INFO:journalctl@ceph.mgr.x.smithi133.stdout:Sep 11 23:27:47 smithi133 ceph-42321b88-7095-11ef-bcea-c7b262605968-mgr-x[31659]: s = self.context.wrap_socket(
2024-09-11T23:27:47.211 INFO:journalctl@ceph.mgr.x.smithi133.stdout:Sep 11 23:27:47 smithi133 ceph-42321b88-7095-11ef-bcea-c7b262605968-mgr-x[31659]: File "/lib64/python3.9/ssl.py", line 501, in wrap_socket
2024-09-11T23:27:47.211 INFO:journalctl@ceph.mgr.x.smithi133.stdout:Sep 11 23:27:47 smithi133 ceph-42321b88-7095-11ef-bcea-c7b262605968-mgr-x[31659]: return self.sslsocket_class._create(
2024-09-11T23:27:47.211 INFO:journalctl@ceph.mgr.x.smithi133.stdout:Sep 11 23:27:47 smithi133 ceph-42321b88-7095-11ef-bcea-c7b262605968-mgr-x[31659]: File "/lib64/python3.9/ssl.py", line 1074, in _create
2024-09-11T23:27:47.211 INFO:journalctl@ceph.mgr.x.smithi133.stdout:Sep 11 23:27:47 smithi133 ceph-42321b88-7095-11ef-bcea-c7b262605968-mgr-x[31659]: self.do_handshake()
2024-09-11T23:27:47.211 INFO:journalctl@ceph.mgr.x.smithi133.stdout:Sep 11 23:27:47 smithi133 ceph-42321b88-7095-11ef-bcea-c7b262605968-mgr-x[31659]: File "/lib64/python3.9/ssl.py", line 1343, in do_handshake
2024-09-11T23:27:47.211 INFO:journalctl@ceph.mgr.x.smithi133.stdout:Sep 11 23:27:47 smithi133 ceph-42321b88-7095-11ef-bcea-c7b262605968-mgr-x[31659]: self._sslobj.do_handshake()
2024-09-11T23:27:47.211 INFO:journalctl@ceph.mgr.x.smithi133.stdout:Sep 11 23:27:47 smithi133 ceph-42321b88-7095-11ef-bcea-c7b262605968-mgr-x[31659]: ssl.SSLZeroReturnError: TLS/SSL connection has been closed (EOF) (_ssl.c:1133)
2024-09-11T23:27:47.211 INFO:journalctl@ceph.mgr.x.smithi133.stdout:Sep 11 23:27:47 smithi133 ceph-42321b88-7095-11ef-bcea-c7b262605968-mgr-x[31659]:
2024-09-11T23:27:47.861 INFO:teuthology.orchestra.run.smithi133.stdout:/usr/bin/ceph: stderr
2024-09-11T23:27:47.112+0000 7f40b3e6f640 1 Processor -- start
2024-09-11T23:27:47.861 INFO:teuthology.orchestra.run.smithi133.stdout:/usr/bin/ceph: stderr
2024-09-11T23:27:47.112+0000 7f40b3e6f640 1 -- start start
2024-09-11T23:27:47.861 INFO:teuthology.orchestra.run.smithi133.stdout:/usr/bin/ceph: stderr
2024-09-11T23:27:47.113+0000 7f40b3e6f640 1 --2- >> [v2:172.21.15.133:3300/0,v1:172.21.15.133:6789/0] conn(0x7f40ac107d20 0x7f40ac108120 unknown :-1 s=NONE pgs=0 cs=0 l=0 rev1=0 crypto rx=0 tx=0 comp rx=0 tx=0).connect
2024-09-11T23:27:47.861 INFO:teuthology.orchestra.run.smithi133.stdout:/usr/bin/ceph: stderr
2024-09-11T23:27:47.113+0000 7f40b3e6f640 1 -- --> [v2:172.21.15.133:3300/0,v1:172.21.15.133:6789/0] -- mon_getmap magic: 0 -- 0x7f40ac1086f0 con 0x7f40ac107d20
2024-09-11T23:27:47.861 INFO:teuthology.orchestra.run.smithi133.stdout:/usr/bin/ceph: stderr
2024-09-11T23:27:47.113+0000 7f40b1c0b640 1 --2- >> [v2:172.21.15.133:3300/0,v1:172.21.15.133:6789/0] conn(0x7f40ac107d20 0x7f40ac108120 unknown :-1 s=BANNER_CONNECTING pgs=0 cs=0 l=0 rev1=0 crypto rx=0 tx=0 comp rx=0 tx=0)._handle_peer_banner_payload supported=3 required=0
2024-09-11T23:27:47.861 INFO:teuthology.orchestra.run.smithi133.stdout:/usr/bin/ceph: stderr
2024-09-11T23:27:47.113+0000 7f40b1c0b640 1 --2- >> [v2:172.21.15.133:3300/0,v1:172.21.15.133:6789/0] conn(0x7f40ac107d20 0x7f40ac108120 unknown :-1 s=HELLO_CONNECTING pgs=0 cs=0 l=0 rev1=1 crypto rx=0 tx=0 comp rx=0 tx=0).handle_hello peer v2:172.21.15.133:3300/0 says I am v2:172.21.15.133:35788/0 (socket says 172.21.15.133:35788)
2024-09-11T23:27:47.861 INFO:teuthology.orchestra.run.smithi133.stdout:/usr/bin/ceph: stderr
2024-09-11T23:27:47.113+0000 7f40b1c0b640 1 -- 172.21.15.133:0/3595351166 learned_addr learned my addr 172.21.15.133:0/3595351166 (peer_addr_for_me v2:172.21.15.133:0/0)
2024-09-11T23:27:47.861 INFO:teuthology.orchestra.run.smithi133.stdout:/usr/bin/ceph: stderr
2024-09-11T23:27:47.113+0000 7f40b1c0b640 1 -- 172.21.15.133:0/3595351166 --> [v2:172.21.15.133:3300/0,v1:172.21.15.133:6789/0] -- mon_subscribe({config=0+,monmap=0+}) -- 0x7f40ac106980 con 0x7f40ac107d20
2024-09-11T23:27:47.862 INFO:teuthology.orchestra.run.smithi133.stdout:/usr/bin/ceph: stderr
2024-09-11T23:27:47.114+0000 7f40b1c0b640 1 --2- 172.21.15.133:0/3595351166 >> [v2:172.21.15.133:3300/0,v1:172.21.15.133:6789/0] conn(0x7f40ac107d20 0x7f40ac108120 secure :-1 s=READY pgs=35 cs=0 l=1 rev1=1 crypto rx=0x7f40a0009820 tx=0x7f40a002a270 comp rx=0 tx=0).ready entity=mon.0 client_cookie=a4700da2df60ce55 server_cookie=0 in_seq=0 out_seq=0
2024-09-11T23:27:47.862 INFO:teuthology.orchestra.run.smithi133.stdout:/usr/bin/ceph: stderr
2024-09-11T23:27:47.114+0000 7f40b0c09640 1 -- 172.21.15.133:0/3595351166 <== mon.0 v2:172.21.15.133:3300/0 1 ==== mon_map magic: 0 ==== 205+0+0 (secure 0 0 0) 0x7f40a0037070 con 0x7f40ac107d20
2024-09-11T23:27:47.862 INFO:teuthology.orchestra.run.smithi133.stdout:/usr/bin/ceph: stderr
2024-09-11T23:27:47.114+0000 7f40b0c09640 1 -- 172.21.15.133:0/3595351166 <== mon.0 v2:172.21.15.133:3300/0 2 ==== config(27 keys) ==== 1109+0+0 (secure 0 0 0) 0x7f40a0032900 con 0x7f40ac107d20
2024-09-11T23:27:47.862 INFO:teuthology.orchestra.run.smithi133.stdout:/usr/bin/ceph: stderr
2024-09-11T23:27:47.114+0000 7f40b0c09640 1 -- 172.21.15.133:0/3595351166 <== mon.0 v2:172.21.15.133:3300/0 3 ==== mon_map magic: 0 ==== 205+0+0 (secure 0 0 0) 0x7f40a0030850 con 0x7f40ac107d20
2024-09-11T23:27:47.862 INFO:teuthology.orchestra.run.smithi133.stdout:/usr/bin/ceph: stderr
2024-09-11T23:27:47.114+0000 7f40b3e6f640 1 -- 172.21.15.133:0/3595351166 >> [v2:172.21.15.133:3300/0,v1:172.21.15.133:6789/0] conn(0x7f40ac107d20 msgr2=0x7f40ac108120 secure :-1 s=STATE_CONNECTION_ESTABLISHED l=1).mark_down
2024-09-11T23:27:47.862 INFO:teuthology.orchestra.run.smithi133.stdout:/usr/bin/ceph: stderr
2024-09-11T23:27:47.114+0000 7f40b3e6f640 1 --2- 172.21.15.133:0/3595351166 >> [v2:172.21.15.133:3300/0,v1:172.21.15.133:6789/0] conn(0x7f40ac107d20 0x7f40ac108120 secure :-1 s=READY pgs=35 cs=0 l=1 rev1=1 crypto rx=0x7f40a0009820 tx=0x7f40a002a270 comp rx=0 tx=0).stop
2024-09-11T23:27:47.862 INFO:teuthology.orchestra.run.smithi133.stdout:/usr/bin/ceph: stderr
2024-09-11T23:27:47.114+0000 7f40b3e6f640 1 -- 172.21.15.133:0/3595351166 shutdown_connections
2024-09-11T23:27:47.862 INFO:teuthology.orchestra.run.smithi133.stdout:/usr/bin/ceph: stderr
2024-09-11T23:27:47.114+0000 7f40b3e6f640 1 --2- 172.21.15.133:0/3595351166 >> [v2:172.21.15.133:3300/0,v1:172.21.15.133:6789/0] conn(0x7f40ac107d20 0x7f40ac108120 unknown :-1 s=CLOSED pgs=35 cs=0 l=1 rev1=1 crypto rx=0 tx=0 comp rx=0 tx=0).stop
2024-09-11T23:27:47.862 INFO:teuthology.orchestra.run.smithi133.stdout:/usr/bin/ceph: stderr
2024-09-11T23:27:47.114+0000 7f40b3e6f640 1 -- 172.21.15.133:0/3595351166 >> 172.21.15.133:0/3595351166 conn(0x7f40ac1016e0 msgr2=0x7f40ac103b00 unknown :-1 s=STATE_NONE l=0).mark_down
2024-09-11T23:27:47.862 INFO:teuthology.orchestra.run.smithi133.stdout:/usr/bin/ceph: stderr
2024-09-11T23:27:47.115+0000 7f40b3e6f640 1 -- 172.21.15.133:0/3595351166 shutdown_connections
2024-09-11T23:27:47.862 INFO:teuthology.orchestra.run.smithi133.stdout:/usr/bin/ceph: stderr
2024-09-11T23:27:47.115+0000 7f40b3e6f640 1 -- 172.21.15.133:0/3595351166 wait complete.
2024-09-11T23:27:47.862 INFO:teuthology.orchestra.run.smithi133.stdout:/usr/bin/ceph: stderr
2024-09-11T23:27:47.115+0000 7f40b3e6f640 1 Processor -- start
2024-09-11T23:27:47.862 INFO:teuthology.orchestra.run.smithi133.stdout:/usr/bin/ceph: stderr
2024-09-11T23:27:47.115+0000 7f40b3e6f640 1 -- start start
2024-09-11T23:27:47.863 INFO:teuthology.orchestra.run.smithi133.stdout:/usr/bin/ceph: stderr
2024-09-11T23:27:47.115+0000 7f40b3e6f640 1 --2- >> [v2:172.21.15.133:3300/0,v1:172.21.15.133:6789/0] conn(0x7f40ac107d20 0x7f40ac19a7e0 unknown :-1 s=NONE pgs=0 cs=0 l=1 rev1=0 crypto rx=0 tx=0 comp rx=0 tx=0).connect
2024-09-11T23:27:47.863 INFO:teuthology.orchestra.run.smithi133.stdout:/usr/bin/ceph: stderr
2024-09-11T23:27:47.115+0000 7f40b3e6f640 1 -- --> [v2:172.21.15.133:3300/0,v1:172.21.15.133:6789/0] -- mon_getmap magic: 0 -- 0x7f40ac10ad40 con 0x7f40ac107d20
2024-09-11T23:27:47.863 INFO:teuthology.orchestra.run.smithi133.stdout:/usr/bin/ceph: stderr
2024-09-11T23:27:47.115+0000 7f40b1c0b640 1 --2- >> [v2:172.21.15.133:3300/0,v1:172.21.15.133:6789/0] conn(0x7f40ac107d20 0x7f40ac19a7e0 unknown :-1 s=BANNER_CONNECTING pgs=0 cs=0 l=1 rev1=0 crypto rx=0 tx=0 comp rx=0 tx=0)._handle_peer_banner_payload supported=3 required=0
2024-09-11T23:27:47.863 INFO:teuthology.orchestra.run.smithi133.stdout:/usr/bin/ceph: stderr
2024-09-11T23:27:47.115+0000 7f40b1c0b640 1 --2- >> [v2:172.21.15.133:3300/0,v1:172.21.15.133:6789/0] conn(0x7f40ac107d20 0x7f40ac19a7e0 unknown :-1 s=HELLO_CONNECTING pgs=0 cs=0 l=1 rev1=1 crypto rx=0 tx=0 comp rx=0 tx=0).handle_hello peer v2:172.21.15.133:3300/0 says I am v2:172.21.15.133:35790/0 (socket says 172.21.15.133:35790)
2024-09-11T23:27:47.863 INFO:teuthology.orchestra.run.smithi133.stdout:/usr/bin/ceph: stderr
2024-09-11T23:27:47.115+0000 7f40b1c0b640 1 -- 172.21.15.133:0/1933768519 learned_addr learned my addr 172.21.15.133:0/1933768519 (peer_addr_for_me v2:172.21.15.133:0/0)
2024-09-11T23:27:47.863 INFO:teuthology.orchestra.run.smithi133.stdout:/usr/bin/ceph: stderr
2024-09-11T23:27:47.116+0000 7f40b1c0b640 1 -- 172.21.15.133:0/1933768519 --> [v2:172.21.15.133:3300/0,v1:172.21.15.133:6789/0] -- mon_subscribe({config=0+,monmap=0+}) -- 0x7f40ac19ad20 con 0x7f40ac107d20
2024-09-11T23:27:47.863 INFO:teuthology.orchestra.run.smithi133.stdout:/usr/bin/ceph: stderr
2024-09-11T23:27:47.116+0000 7f40b1c0b640 1 --2- 172.21.15.133:0/1933768519 >> [v2:172.21.15.133:3300/0,v1:172.21.15.133:6789/0] conn(0x7f40ac107d20 0x7f40ac19a7e0 secure :-1 s=READY pgs=36 cs=0 l=1 rev1=1 crypto rx=0x7f40a0030460 tx=0x7f40a0030d80 comp rx=0 tx=0).ready entity=mon.0 client_cookie=0 server_cookie=0 in_seq=0 out_seq=0
2024-09-11T23:27:47.863 INFO:teuthology.orchestra.run.smithi133.stdout:/usr/bin/ceph: stderr
2024-09-11T23:27:47.116+0000 7f409effd640 1 -- 172.21.15.133:0/1933768519 <== mon.0 v2:172.21.15.133:3300/0 1 ==== mon_map magic: 0 ==== 205+0+0 (secure 0 0 0) 0x7f40a0042070 con 0x7f40ac107d20
2024-09-11T23:27:47.863 INFO:teuthology.orchestra.run.smithi133.stdout:/usr/bin/ceph: stderr
2024-09-11T23:27:47.116+0000 7f40b3e6f640 1 -- 172.21.15.133:0/1933768519 --> [v2:172.21.15.133:3300/0,v1:172.21.15.133:6789/0] -- mon_subscribe({mgrmap=0+}) -- 0x7f40ac19afb0 con 0x7f40ac107d20
2024-09-11T23:27:47.863 INFO:teuthology.orchestra.run.smithi133.stdout:/usr/bin/ceph: stderr
2024-09-11T23:27:47.116+0000 7f409effd640 1 -- 172.21.15.133:0/1933768519 <== mon.0 v2:172.21.15.133:3300/0 2 ==== config(27 keys) ==== 1109+0+0 (secure 0 0 0) 0x7f40a0032be0 con 0x7f40ac107d20
2024-09-11T23:27:47.863 INFO:teuthology.orchestra.run.smithi133.stdout:/usr/bin/ceph: stderr
2024-09-11T23:27:47.116+0000 7f409effd640 1 -- 172.21.15.133:0/1933768519 <== mon.0 v2:172.21.15.133:3300/0 3 ==== mon_map magic: 0 ==== 205+0+0 (secure 0 0 0) 0x7f40a0037040 con 0x7f40ac107d20
2024-09-11T23:27:47.863 INFO:teuthology.orchestra.run.smithi133.stdout:/usr/bin/ceph: stderr
2024-09-11T23:27:47.116+0000 7f40b3e6f640 1 -- 172.21.15.133:0/1933768519 --> [v2:172.21.15.133:3300/0,v1:172.21.15.133:6789/0] -- mon_subscribe({osdmap=0}) -- 0x7f40ac19dca0 con 0x7f40ac107d20
2024-09-11T23:27:47.863 INFO:teuthology.orchestra.run.smithi133.stdout:/usr/bin/ceph: stderr
2024-09-11T23:27:47.117+0000 7f409effd640 1 -- 172.21.15.133:0/1933768519 <== mon.0 v2:172.21.15.133:3300/0 4 ==== mgrmap(e 7) ==== 46181+0+0 (secure 0 0 0) 0x7f40a0045070 con 0x7f40ac107d20
2024-09-11T23:27:47.863 INFO:teuthology.orchestra.run.smithi133.stdout:/usr/bin/ceph: stderr
2024-09-11T23:27:47.117+0000 7f409effd640 1 --2- 172.21.15.133:0/1933768519 >> [v2:172.21.15.133:6800/2152407978,v1:172.21.15.133:6801/2152407978] conn(0x7f4098038e60 0x7f409803b320 unknown :-1 s=NONE pgs=0 cs=0 l=1 rev1=0 crypto rx=0 tx=0 comp rx=0 tx=0).connect
2024-09-11T23:27:47.864 INFO:teuthology.orchestra.run.smithi133.stdout:/usr/bin/ceph: stderr
2024-09-11T23:27:47.117+0000 7f409effd640 1 -- 172.21.15.133:0/1933768519 <== mon.0 v2:172.21.15.133:3300/0 5 ==== osd_map(2..2 src has 1..2) ==== 940+0+0 (secure 0 0 0) 0x7f40a006bcf0 con 0x7f40ac107d20
2024-09-11T23:27:47.864 INFO:teuthology.orchestra.run.smithi133.stdout:/usr/bin/ceph: stderr
2024-09-11T23:27:47.117+0000 7f40b3e6f640 1 -- 172.21.15.133:0/1933768519 --> [v2:172.21.15.133:3300/0,v1:172.21.15.133:6789/0] -- mon_command({"prefix": "get_command_descriptions"} v 0) -- 0x7f40ac108120 con 0x7f40ac107d20
2024-09-11T23:27:47.864 INFO:teuthology.orchestra.run.smithi133.stdout:/usr/bin/ceph: stderr
2024-09-11T23:27:47.117+0000 7f40b140a640 1 --2- 172.21.15.133:0/1933768519 >> [v2:172.21.15.133:6800/2152407978,v1:172.21.15.133:6801/2152407978] conn(0x7f4098038e60 0x7f409803b320 unknown :-1 s=BANNER_CONNECTING pgs=0 cs=0 l=1 rev1=0 crypto rx=0 tx=0 comp rx=0 tx=0)._handle_peer_banner_payload supported=3 required=0
2024-09-11T23:27:47.864 INFO:teuthology.orchestra.run.smithi133.stdout:/usr/bin/ceph: stderr
2024-09-11T23:27:47.117+0000 7f40b140a640 1 --2- 172.21.15.133:0/1933768519 >> [v2:172.21.15.133:6800/2152407978,v1:172.21.15.133:6801/2152407978] conn(0x7f4098038e60 0x7f409803b320 secure :-1 s=READY pgs=7 cs=0 l=1 rev1=1 crypto rx=0x7f40a80098c0 tx=0x7f40a8006db0 comp rx=0 tx=0).ready entity=mgr.14118 client_cookie=0 server_cookie=0 in_seq=0 out_seq=0
2024-09-11T23:27:47.864 INFO:teuthology.orchestra.run.smithi133.stdout:/usr/bin/ceph: stderr
2024-09-11T23:27:47.122+0000 7f409effd640 1 -- 172.21.15.133:0/1933768519 <== mon.0 v2:172.21.15.133:3300/0 6 ==== mon_command_ack([{"prefix": "get_command_descriptions"}]=0 v0) ==== 72+0+188821 (secure 0 0 0) 0x7f40a0045360 con 0x7f40ac107d20
2024-09-11T23:27:47.864 INFO:teuthology.orchestra.run.smithi133.stdout:/usr/bin/ceph: stderr
2024-09-11T23:27:47.306+0000 7f40b3e6f640 1 -- 172.21.15.133:0/1933768519 --> [v2:172.21.15.133:6800/2152407978,v1:172.21.15.133:6801/2152407978] -- mgr_command(tid 0: {"prefix": "orch set backend", "module_name": "cephadm", "target": ["mon-mgr", ""]}) -- 0x7f40ac102960 con 0x7f4098038e60
2024-09-11T23:27:47.864 INFO:teuthology.orchestra.run.smithi133.stdout:/usr/bin/ceph: stderr
2024-09-11T23:27:47.311+0000 7f409effd640 1 -- 172.21.15.133:0/1933768519 <== mgr.14118 v2:172.21.15.133:6800/2152407978 1 ==== mgr_command_reply(tid 0: 0 ) ==== 8+0+0 (secure 0 0 0) 0x7f40ac102960 con 0x7f4098038e60
2024-09-11T23:27:47.864 INFO:teuthology.orchestra.run.smithi133.stdout:/usr/bin/ceph: stderr
2024-09-11T23:27:47.313+0000 7f40b3e6f640 1 -- 172.21.15.133:0/1933768519 >> [v2:172.21.15.133:6800/2152407978,v1:172.21.15.133:6801/2152407978] conn(0x7f4098038e60 msgr2=0x7f409803b320 secure :-1 s=STATE_CONNECTION_ESTABLISHED l=1).mark_down
2024-09-11T23:27:47.864 INFO:teuthology.orchestra.run.smithi133.stdout:/usr/bin/ceph: stderr
2024-09-11T23:27:47.313+0000 7f40b3e6f640 1 --2- 172.21.15.133:0/1933768519 >> [v2:172.21.15.133:6800/2152407978,v1:172.21.15.133:6801/2152407978] conn(0x7f4098038e60 0x7f409803b320 secure :-1 s=READY pgs=7 cs=0 l=1 rev1=1 crypto rx=0x7f40a80098c0 tx=0x7f40a8006db0 comp rx=0 tx=0).stop
2024-09-11T23:27:47.864 INFO:teuthology.orchestra.run.smithi133.stdout:/usr/bin/ceph: stderr
2024-09-11T23:27:47.313+0000 7f40b3e6f640 1 -- 172.21.15.133:0/1933768519 >> [v2:172.21.15.133:3300/0,v1:172.21.15.133:6789/0] conn(0x7f40ac107d20 msgr2=0x7f40ac19a7e0 secure :-1 s=STATE_CONNECTION_ESTABLISHED l=1).mark_down
2024-09-11T23:27:47.864 INFO:teuthology.orchestra.run.smithi133.stdout:/usr/bin/ceph: stderr
2024-09-11T23:27:47.313+0000 7f40b3e6f640 1 --2- 172.21.15.133:0/1933768519 >> [v2:172.21.15.133:3300/0,v1:172.21.15.133:6789/0] conn(0x7f40ac107d20 0x7f40ac19a7e0 secure :-1 s=READY pgs=36 cs=0 l=1 rev1=1 crypto rx=0x7f40a0030460 tx=0x7f40a0030d80 comp rx=0 tx=0).stop
2024-09-11T23:27:47.864 INFO:teuthology.orchestra.run.smithi133.stdout:/usr/bin/ceph: stderr
2024-09-11T23:27:47.313+0000 7f40b3e6f640 1 -- 172.21.15.133:0/1933768519 shutdown_connections
2024-09-11T23:27:47.865 INFO:teuthology.orchestra.run.smithi133.stdout:/usr/bin/ceph: stderr
2024-09-11T23:27:47.313+0000 7f40b3e6f640 1 --2- 172.21.15.133:0/1933768519 >> [v2:172.21.15.133:6800/2152407978,v1:172.21.15.133:6801/2152407978] conn(0x7f4098038e60 0x7f409803b320 unknown :-1 s=CLOSED pgs=7 cs=0 l=1 rev1=1 crypto rx=0 tx=0 comp rx=0 tx=0).stop
2024-09-11T23:27:47.865 INFO:teuthology.orchestra.run.smithi133.stdout:/usr/bin/ceph: stderr
2024-09-11T23:27:47.313+0000 7f40b3e6f640 1 --2- 172.21.15.133:0/1933768519 >> [v2:172.21.15.133:3300/0,v1:172.21.15.133:6789/0] conn(0x7f40ac107d20 0x7f40ac19a7e0 unknown :-1 s=CLOSED pgs=36 cs=0 l=1 rev1=1 crypto rx=0 tx=0 comp rx=0 tx=0).stop
2024-09-11T23:27:47.865 INFO:teuthology.orchestra.run.smithi133.stdout:/usr/bin/ceph: stderr
2024-09-11T23:27:47.313+0000 7f40b3e6f640 1 -- 172.21.15.133:0/1933768519 >> 172.21.15.133:0/1933768519 conn(0x7f40ac1016e0 msgr2=0x7f40ac102250 unknown :-1 s=STATE_NONE l=0).mark_down
2024-09-11T23:27:47.865 INFO:teuthology.orchestra.run.smithi133.stdout:/usr/bin/ceph: stderr
2024-09-11T23:27:47.314+0000 7f40b3e6f640 1 -- 172.21.15.133:0/1933768519 shutdown_connections
2024-09-11T23:27:47.865 INFO:teuthology.orchestra.run.smithi133.stdout:/usr/bin/ceph: stderr
2024-09-11T23:27:47.314+0000 7f40b3e6f640 1 -- 172.21.15.133:0/1933768519 wait complete.
2024-09-11T23:27:48.198 INFO:journalctl@ceph.mon.a.smithi133.stdout:Sep 11 23:27:48 smithi133 ceph-mon[31430]: [11/Sep/2024:23:27:46] ENGINE Bus STARTING
2024-09-11T23:27:48.198 INFO:journalctl@ceph.mon.a.smithi133.stdout:Sep 11 23:27:48 smithi133 ceph-mon[31430]: [11/Sep/2024:23:27:47] ENGINE Serving on http://172.21.15.133:8765
2024-09-11T23:27:48.198 INFO:journalctl@ceph.mon.a.smithi133.stdout:Sep 11 23:27:48 smithi133 ceph-mon[31430]: [11/Sep/2024:23:27:47] ENGINE Serving on https://172.21.15.133:7150
2024-09-11T23:27:48.198 INFO:journalctl@ceph.mon.a.smithi133.stdout:Sep 11 23:27:48 smithi133 ceph-mon[31430]: [11/Sep/2024:23:27:47] ENGINE Bus STARTED
2024-09-11T23:27:48.198 INFO:journalctl@ceph.mon.a.smithi133.stdout:Sep 11 23:27:48 smithi133 ceph-mon[31430]: from='mgr.14118 172.21.15.133:0/390552447' entity='mgr.x' cmd=[{"prefix": "config dump", "format": "json"}]: dispatch
2024-09-11T23:27:48.198 INFO:journalctl@ceph.mon.a.smithi133.stdout:Sep 11 23:27:48 smithi133 ceph-mon[31430]: [11/Sep/2024:23:27:47] ENGINE Error in HTTPServer.serve
2024-09-11T23:27:48.198 INFO:journalctl@ceph.mon.a.smithi133.stdout: Traceback (most recent call last):
2024-09-11T23:27:48.198 INFO:journalctl@ceph.mon.a.smithi133.stdout: File "/lib/python3.9/site-packages/cheroot/server.py", line 1823, in serve
2024-09-11T23:27:48.198 INFO:journalctl@ceph.mon.a.smithi133.stdout: self._connections.run(self.expiration_interval)
2024-09-11T23:27:48.199 INFO:journalctl@ceph.mon.a.smithi133.stdout: File "/lib/python3.9/site-packages/cheroot/connections.py", line 203, in run
2024-09-11T23:27:48.199 INFO:journalctl@ceph.mon.a.smithi133.stdout: self._run(expiration_interval)
2024-09-11T23:27:48.199 INFO:journalctl@ceph.mon.a.smithi133.stdout: File "/lib/python3.9/site-packages/cheroot/connections.py", line 246, in _run
2024-09-11T23:27:48.199 INFO:journalctl@ceph.mon.a.smithi133.stdout: new_conn = self._from_server_socket(self.server.socket)
2024-09-11T23:27:48.199 INFO:journalctl@ceph.mon.a.smithi133.stdout: File "/lib/python3.9/site-packages/cheroot/connections.py", line 300, in _from_server_socket
2024-09-11T23:27:48.199 INFO:journalctl@ceph.mon.a.smithi133.stdout: s, ssl_env = self.server.ssl_adapter.wrap(s)
2024-09-11T23:27:48.199 INFO:journalctl@ceph.mon.a.smithi133.stdout: File "/lib/python3.9/site-packages/cheroot/ssl/builtin.py", line 277, in wrap
2024-09-11T23:27:48.199 INFO:journalctl@ceph.mon.a.smithi133.stdout: s = self.context.wrap_socket(
2024-09-11T23:27:48.199 INFO:journalctl@ceph.mon.a.smithi133.stdout: File "/lib64/python3.9/ssl.py", line 501, in wrap_socket
2024-09-11T23:27:48.199 INFO:journalctl@ceph.mon.a.smithi133.stdout: return self.sslsocket_class._create(
2024-09-11T23:27:48.199 INFO:journalctl@ceph.mon.a.smithi133.stdout: File "/lib64/python3.9/ssl.py", line 1074, in _create
2024-09-11T23:27:48.199 INFO:journalctl@ceph.mon.a.smithi133.stdout: self.do_handshake()
2024-09-11T23:27:48.199 INFO:journalctl@ceph.mon.a.smithi133.stdout: File "/lib64/python3.9/ssl.py", line 1343, in do_handshake
2024-09-11T23:27:48.199 INFO:journalctl@ceph.mon.a.smithi133.stdout: self._sslobj.do_handshake()
2024-09-11T23:27:48.199 INFO:journalctl@ceph.mon.a.smithi133.stdout: ssl.SSLZeroReturnError: TLS/SSL connection has been closed (EOF) (_ssl.c:1133)
2024-09-11T23:27:48.200 INFO:journalctl@ceph.mon.a.smithi133.stdout:Sep 11 23:27:48 smithi133 ceph-mon[31430]: from='mgr.14118 172.21.15.133:0/390552447' entity='mgr.x'
2024-09-11T23:27:48.200 INFO:journalctl@ceph.mon.a.smithi133.stdout:Sep 11 23:27:48 smithi133 ceph-mon[31430]: from='mgr.14118 172.21.15.133:0/390552447' entity='mgr.x' cmd=[{"prefix": "config dump", "format": "json"}]: dispatch
2024-09-11T23:27:48.200 INFO:journalctl@ceph.mon.a.smithi133.stdout:Sep 11 23:27:48 smithi133 ceph-mon[31430]: mgrmap e8: x(active, since 2s)
2024-09-11T23:27:49.075 INFO:teuthology.orchestra.run.smithi133.stdout:/usr/bin/ceph: stdout value unchanged
2024-09-11T23:27:49.075 INFO:teuthology.orchestra.run.smithi133.stdout:/usr/bin/ceph: stderr
2024-09-11T23:27:48.275+0000 7f1b03d8a640 1 Processor -- start
2024-09-11T23:27:49.075 INFO:teuthology.orchestra.run.smithi133.stdout:/usr/bin/ceph: stderr
2024-09-11T23:27:48.275+0000 7f1b03d8a640 1 -- start start
2024-09-11T23:27:49.075 INFO:teuthology.orchestra.run.smithi133.stdout:/usr/bin/ceph: stderr
2024-09-11T23:27:48.275+0000 7f1b03d8a640 1 --2- >> [v2:172.21.15.133:3300/0,v1:172.21.15.133:6789/0] conn(0x7f1afc105f10 0x7f1afc106310 unknown :-1 s=NONE pgs=0 cs=0 l=0 rev1=0 crypto rx=0 tx=0 comp rx=0 tx=0).connect
2024-09-11T23:27:49.075 INFO:teuthology.orchestra.run.smithi133.stdout:/usr/bin/ceph: stderr
2024-09-11T23:27:48.275+0000 7f1b03d8a640 1 -- --> [v2:172.21.15.133:3300/0,v1:172.21.15.133:6789/0] -- mon_getmap magic: 0 -- 0x7f1afc106850 con 0x7f1afc105f10
2024-09-11T23:27:49.075 INFO:teuthology.orchestra.run.smithi133.stdout:/usr/bin/ceph: stderr
2024-09-11T23:27:48.275+0000 7f1b01b26640 1 --2- >> [v2:172.21.15.133:3300/0,v1:172.21.15.133:6789/0] conn(0x7f1afc105f10 0x7f1afc106310 unknown :-1 s=BANNER_CONNECTING pgs=0 cs=0 l=0 rev1=0 crypto rx=0 tx=0 comp rx=0 tx=0)._handle_peer_banner_payload supported=3 required=0
2024-09-11T23:27:49.076 INFO:teuthology.orchestra.run.smithi133.stdout:/usr/bin/ceph: stderr
2024-09-11T23:27:48.275+0000 7f1b01b26640 1 --2- >> [v2:172.21.15.133:3300/0,v1:172.21.15.133:6789/0] conn(0x7f1afc105f10 0x7f1afc106310 unknown :-1 s=HELLO_CONNECTING pgs=0 cs=0 l=0 rev1=1 crypto rx=0 tx=0 comp rx=0 tx=0).handle_hello peer v2:172.21.15.133:3300/0 says I am v2:172.21.15.133:35794/0 (socket says 172.21.15.133:35794)
2024-09-11T23:27:49.076 INFO:teuthology.orchestra.run.smithi133.stdout:/usr/bin/ceph: stderr
2024-09-11T23:27:48.275+0000 7f1b01b26640 1 -- 172.21.15.133:0/3348716943 learned_addr learned my addr 172.21.15.133:0/3348716943 (peer_addr_for_me v2:172.21.15.133:0/0)
2024-09-11T23:27:49.076 INFO:teuthology.orchestra.run.smithi133.stdout:/usr/bin/ceph: stderr
2024-09-11T23:27:48.276+0000 7f1b01b26640 1 -- 172.21.15.133:0/3348716943 --> [v2:172.21.15.133:3300/0,v1:172.21.15.133:6789/0] -- mon_subscribe({config=0+,monmap=0+}) -- 0x7f1afc107070 con 0x7f1afc105f10
2024-09-11T23:27:49.076 INFO:teuthology.orchestra.run.smithi133.stdout:/usr/bin/ceph: stderr
2024-09-11T23:27:48.276+0000 7f1b01b26640 1 --2- 172.21.15.133:0/3348716943 >> [v2:172.21.15.133:3300/0,v1:172.21.15.133:6789/0] conn(0x7f1afc105f10 0x7f1afc106310 secure :-1 s=READY pgs=37 cs=0 l=1 rev1=1 crypto rx=0x7f1af800a9c0 tx=0x7f1af802b610 comp rx=0 tx=0).ready entity=mon.0 client_cookie=451288ca735c777c server_cookie=0 in_seq=0 out_seq=0
2024-09-11T23:27:49.076 INFO:teuthology.orchestra.run.smithi133.stdout:/usr/bin/ceph: stderr
2024-09-11T23:27:48.277+0000 7f1b00b24640 1 -- 172.21.15.133:0/3348716943 <== mon.0 v2:172.21.15.133:3300/0 1 ==== mon_map magic: 0 ==== 205+0+0 (secure 0 0 0) 0x7f1af800b040 con 0x7f1afc105f10
2024-09-11T23:27:49.076 INFO:teuthology.orchestra.run.smithi133.stdout:/usr/bin/ceph: stderr
2024-09-11T23:27:48.277+0000 7f1b00b24640 1 -- 172.21.15.133:0/3348716943 <== mon.0 v2:172.21.15.133:3300/0 2 ==== config(27 keys) ==== 1109+0+0 (secure 0 0 0) 0x7f1af8030b00 con 0x7f1afc105f10
2024-09-11T23:27:49.076 INFO:teuthology.orchestra.run.smithi133.stdout:/usr/bin/ceph: stderr
2024-09-11T23:27:48.277+0000 7f1b00b24640 1 -- 172.21.15.133:0/3348716943 <== mon.0 v2:172.21.15.133:3300/0 3 ==== mon_map magic: 0 ==== 205+0+0 (secure 0 0 0) 0x7f1af8032cb0 con 0x7f1afc105f10
2024-09-11T23:27:49.076 INFO:teuthology.orchestra.run.smithi133.stdout:/usr/bin/ceph: stderr
2024-09-11T23:27:48.277+0000 7f1b03d8a640 1 -- 172.21.15.133:0/3348716943 >> [v2:172.21.15.133:3300/0,v1:172.21.15.133:6789/0] conn(0x7f1afc105f10 msgr2=0x7f1afc106310 secure :-1 s=STATE_CONNECTION_ESTABLISHED l=1).mark_down
2024-09-11T23:27:49.076 INFO:teuthology.orchestra.run.smithi133.stdout:/usr/bin/ceph: stderr
2024-09-11T23:27:48.277+0000 7f1b03d8a640 1 --2- 172.21.15.133:0/3348716943 >> [v2:172.21.15.133:3300/0,v1:172.21.15.133:6789/0] conn(0x7f1afc105f10 0x7f1afc106310 secure :-1 s=READY pgs=37 cs=0 l=1 rev1=1 crypto rx=0x7f1af800a9c0 tx=0x7f1af802b610 comp rx=0 tx=0).stop
2024-09-11T23:27:49.076 INFO:teuthology.orchestra.run.smithi133.stdout:/usr/bin/ceph: stderr
2024-09-11T23:27:48.277+0000 7f1b03d8a640 1 -- 172.21.15.133:0/3348716943 shutdown_connections
2024-09-11T23:27:49.076 INFO:teuthology.orchestra.run.smithi133.stdout:/usr/bin/ceph: stderr
2024-09-11T23:27:48.277+0000 7f1b03d8a640 1 --2- 172.21.15.133:0/3348716943 >> [v2:172.21.15.133:3300/0,v1:172.21.15.133:6789/0] conn(0x7f1afc105f10 0x7f1afc106310 unknown :-1 s=CLOSED pgs=37 cs=0 l=1 rev1=1 crypto rx=0 tx=0 comp rx=0 tx=0).stop
2024-09-11T23:27:49.076 INFO:teuthology.orchestra.run.smithi133.stdout:/usr/bin/ceph: stderr
2024-09-11T23:27:48.277+0000 7f1b03d8a640 1 -- 172.21.15.133:0/3348716943 >> 172.21.15.133:0/3348716943 conn(0x7f1afc101700 msgr2=0x7f1afc103b20 unknown :-1 s=STATE_NONE l=0).mark_down
2024-09-11T23:27:49.076 INFO:teuthology.orchestra.run.smithi133.stdout:/usr/bin/ceph: stderr
2024-09-11T23:27:48.277+0000 7f1b03d8a640 1 -- 172.21.15.133:0/3348716943 shutdown_connections
2024-09-11T23:27:49.076 INFO:teuthology.orchestra.run.smithi133.stdout:/usr/bin/ceph: stderr
2024-09-11T23:27:48.277+0000 7f1b03d8a640 1 -- 172.21.15.133:0/3348716943 wait complete.
2024-09-11T23:27:49.077 INFO:teuthology.orchestra.run.smithi133.stdout:/usr/bin/ceph: stderr
2024-09-11T23:27:48.278+0000 7f1b03d8a640 1 Processor -- start
2024-09-11T23:27:49.077 INFO:teuthology.orchestra.run.smithi133.stdout:/usr/bin/ceph: stderr
2024-09-11T23:27:48.278+0000 7f1b03d8a640 1 -- start start
2024-09-11T23:27:49.077 INFO:teuthology.orchestra.run.smithi133.stdout:/usr/bin/ceph: stderr
2024-09-11T23:27:48.278+0000 7f1b03d8a640 1 --2- >> [v2:172.21.15.133:3300/0,v1:172.21.15.133:6789/0] conn(0x7f1afc105f10 0x7f1afc19bb50 unknown :-1 s=NONE pgs=0 cs=0 l=1 rev1=0 crypto rx=0 tx=0 comp rx=0 tx=0).connect
2024-09-11T23:27:49.077 INFO:teuthology.orchestra.run.smithi133.stdout:/usr/bin/ceph: stderr
2024-09-11T23:27:48.278+0000 7f1b03d8a640 1 -- --> [v2:172.21.15.133:3300/0,v1:172.21.15.133:6789/0] -- mon_getmap magic: 0 -- 0x7f1afc1077e0 con 0x7f1afc105f10
2024-09-11T23:27:49.077 INFO:teuthology.orchestra.run.smithi133.stdout:/usr/bin/ceph: stderr
2024-09-11T23:27:48.278+0000 7f1b01b26640 1 --2- >> [v2:172.21.15.133:3300/0,v1:172.21.15.133:6789/0] conn(0x7f1afc105f10 0x7f1afc19bb50 unknown :-1 s=BANNER_CONNECTING pgs=0 cs=0 l=1 rev1=0 crypto rx=0 tx=0 comp rx=0 tx=0)._handle_peer_banner_payload supported=3 required=0
2024-09-11T23:27:49.077 INFO:teuthology.orchestra.run.smithi133.stdout:/usr/bin/ceph: stderr
2024-09-11T23:27:48.278+0000 7f1b01b26640 1 --2- >> [v2:172.21.15.133:3300/0,v1:172.21.15.133:6789/0] conn(0x7f1afc105f10 0x7f1afc19bb50 unknown :-1 s=HELLO_CONNECTING pgs=0 cs=0 l=1 rev1=1 crypto rx=0 tx=0 comp rx=0 tx=0).handle_hello peer v2:172.21.15.133:3300/0 says I am v2:172.21.15.133:35800/0 (socket says 172.21.15.133:35800)
2024-09-11T23:27:49.077 INFO:teuthology.orchestra.run.smithi133.stdout:/usr/bin/ceph: stderr
2024-09-11T23:27:48.278+0000 7f1b01b26640 1 -- 172.21.15.133:0/2933987656 learned_addr learned my addr 172.21.15.133:0/2933987656 (peer_addr_for_me v2:172.21.15.133:0/0)
2024-09-11T23:27:49.077 INFO:teuthology.orchestra.run.smithi133.stdout:/usr/bin/ceph: stderr
2024-09-11T23:27:48.278+0000 7f1b01b26640 1 -- 172.21.15.133:0/2933987656 --> [v2:172.21.15.133:3300/0,v1:172.21.15.133:6789/0] -- mon_subscribe({config=0+,monmap=0+}) -- 0x7f1afc19c090 con 0x7f1afc105f10
2024-09-11T23:27:49.077 INFO:teuthology.orchestra.run.smithi133.stdout:/usr/bin/ceph: stderr
2024-09-11T23:27:48.279+0000 7f1b01b26640 1 --2- 172.21.15.133:0/2933987656 >> [v2:172.21.15.133:3300/0,v1:172.21.15.133:6789/0] conn(0x7f1afc105f10 0x7f1afc19bb50 secure :-1 s=READY pgs=38 cs=0 l=1 rev1=1 crypto rx=0x7f1af80329c0 tx=0x7f1af8032e10 comp rx=0 tx=0).ready entity=mon.0 client_cookie=0 server_cookie=0 in_seq=0 out_seq=0
2024-09-11T23:27:49.077 INFO:teuthology.orchestra.run.smithi133.stdout:/usr/bin/ceph: stderr
2024-09-11T23:27:48.279+0000 7f1af2ffd640 1 -- 172.21.15.133:0/2933987656 <== mon.0 v2:172.21.15.133:3300/0 1 ==== mon_map magic: 0 ==== 205+0+0 (secure 0 0 0) 0x7f1af803f070 con 0x7f1afc105f10
2024-09-11T23:27:49.077 INFO:teuthology.orchestra.run.smithi133.stdout:/usr/bin/ceph: stderr
2024-09-11T23:27:48.279+0000 7f1af2ffd640 1 -- 172.21.15.133:0/2933987656 <== mon.0 v2:172.21.15.133:3300/0 2 ==== config(27 keys) ==== 1109+0+0 (secure 0 0 0) 0x7f1af803b8f0 con 0x7f1afc105f10
2024-09-11T23:27:49.077 INFO:teuthology.orchestra.run.smithi133.stdout:/usr/bin/ceph: stderr
2024-09-11T23:27:48.279+0000 7f1b03d8a640 1 -- 172.21.15.133:0/2933987656 --> [v2:172.21.15.133:3300/0,v1:172.21.15.133:6789/0] -- mon_subscribe({mgrmap=0+}) -- 0x7f1afc19c320 con 0x7f1afc105f10
2024-09-11T23:27:49.077 INFO:teuthology.orchestra.run.smithi133.stdout:/usr/bin/ceph: stderr
2024-09-11T23:27:48.279+0000 7f1af2ffd640 1 -- 172.21.15.133:0/2933987656 <== mon.0 v2:172.21.15.133:3300/0 3 ==== mon_map magic: 0 ==== 205+0+0 (secure 0 0 0) 0x7f1af803a890 con 0x7f1afc105f10
2024-09-11T23:27:49.077 INFO:teuthology.orchestra.run.smithi133.stdout:/usr/bin/ceph: stderr
2024-09-11T23:27:48.279+0000 7f1b03d8a640 1 -- 172.21.15.133:0/2933987656 --> [v2:172.21.15.133:3300/0,v1:172.21.15.133:6789/0] -- mon_subscribe({osdmap=0}) -- 0x7f1afc19f010 con 0x7f1afc105f10
2024-09-11T23:27:49.078 INFO:teuthology.orchestra.run.smithi133.stdout:/usr/bin/ceph: stderr
2024-09-11T23:27:48.279+0000 7f1af2ffd640 1 -- 172.21.15.133:0/2933987656 <== mon.0 v2:172.21.15.133:3300/0 4 ==== mgrmap(e 8) ==== 46287+0+0 (secure 0 0 0) 0x7f1af8042070 con 0x7f1afc105f10
2024-09-11T23:27:49.078 INFO:teuthology.orchestra.run.smithi133.stdout:/usr/bin/ceph: stderr
2024-09-11T23:27:48.280+0000 7f1b03d8a640 1 -- 172.21.15.133:0/2933987656 --> [v2:172.21.15.133:3300/0,v1:172.21.15.133:6789/0] -- mon_command({"prefix": "get_command_descriptions"} v 0) -- 0x7f1afc04ffb0 con 0x7f1afc105f10
2024-09-11T23:27:49.078 INFO:teuthology.orchestra.run.smithi133.stdout:/usr/bin/ceph: stderr
2024-09-11T23:27:48.280+0000 7f1af2ffd640 1 --2- 172.21.15.133:0/2933987656 >> [v2:172.21.15.133:6800/2152407978,v1:172.21.15.133:6801/2152407978] conn(0x7f1ae8038fc0 0x7f1ae803b480 unknown :-1 s=NONE pgs=0 cs=0 l=1 rev1=0 crypto rx=0 tx=0 comp rx=0 tx=0).connect
2024-09-11T23:27:49.078 INFO:teuthology.orchestra.run.smithi133.stdout:/usr/bin/ceph: stderr
2024-09-11T23:27:48.280+0000 7f1af2ffd640 1 -- 172.21.15.133:0/2933987656 <== mon.0 v2:172.21.15.133:3300/0 5 ==== osd_map(2..2 src has 1..2) ==== 940+0+0 (secure 0 0 0) 0x7f1af806ccb0 con 0x7f1afc105f10
2024-09-11T23:27:49.078 INFO:teuthology.orchestra.run.smithi133.stdout:/usr/bin/ceph: stderr
2024-09-11T23:27:48.280+0000 7f1b01325640 1 --2- 172.21.15.133:0/2933987656 >> [v2:172.21.15.133:6800/2152407978,v1:172.21.15.133:6801/2152407978] conn(0x7f1ae8038fc0 0x7f1ae803b480 unknown :-1 s=BANNER_CONNECTING pgs=0 cs=0 l=1 rev1=0 crypto rx=0 tx=0 comp rx=0 tx=0)._handle_peer_banner_payload supported=3 required=0
2024-09-11T23:27:49.078 INFO:teuthology.orchestra.run.smithi133.stdout:/usr/bin/ceph: stderr
2024-09-11T23:27:48.280+0000 7f1b01325640 1 --2- 172.21.15.133:0/2933987656 >> [v2:172.21.15.133:6800/2152407978,v1:172.21.15.133:6801/2152407978] conn(0x7f1ae8038fc0 0x7f1ae803b480 secure :-1 s=READY pgs=8 cs=0 l=1 rev1=1 crypto rx=0x7f1aec0098c0 tx=0x7f1aec006db0 comp rx=0 tx=0).ready entity=mgr.14118 client_cookie=0 server_cookie=0 in_seq=0 out_seq=0
2024-09-11T23:27:49.078 INFO:teuthology.orchestra.run.smithi133.stdout:/usr/bin/ceph: stderr
2024-09-11T23:27:48.284+0000 7f1af2ffd640 1 -- 172.21.15.133:0/2933987656 <== mon.0 v2:172.21.15.133:3300/0 6 ==== mon_command_ack([{"prefix": "get_command_descriptions"}]=0 v0) ==== 72+0+188821 (secure 0 0 0) 0x7f1af80313a0 con 0x7f1afc105f10
2024-09-11T23:27:49.078 INFO:teuthology.orchestra.run.smithi133.stdout:/usr/bin/ceph: stderr
2024-09-11T23:27:48.451+0000 7f1b03d8a640 1 -- 172.21.15.133:0/2933987656 --> [v2:172.21.15.133:6800/2152407978,v1:172.21.15.133:6801/2152407978] -- mgr_command(tid 0: {"prefix": "cephadm set-user", "user": "root", "target": ["mon-mgr", ""]}) -- 0x7f1afc074c70 con 0x7f1ae8038fc0
2024-09-11T23:27:49.078 INFO:teuthology.orchestra.run.smithi133.stdout:/usr/bin/ceph: stderr
2024-09-11T23:27:48.452+0000 7f1af2ffd640 1 -- 172.21.15.133:0/2933987656 <== mgr.14118 v2:172.21.15.133:6800/2152407978 1 ==== mgr_command_reply(tid 0: 0 ) ==== 8+0+16 (secure 0 0 0) 0x7f1afc074c70 con 0x7f1ae8038fc0
2024-09-11T23:27:49.078 INFO:teuthology.orchestra.run.smithi133.stdout:/usr/bin/ceph: stderr
2024-09-11T23:27:48.454+0000 7f1b03d8a640 1 -- 172.21.15.133:0/2933987656 >> [v2:172.21.15.133:6800/2152407978,v1:172.21.15.133:6801/2152407978] conn(0x7f1ae8038fc0 msgr2=0x7f1ae803b480 secure :-1 s=STATE_CONNECTION_ESTABLISHED l=1).mark_down
2024-09-11T23:27:49.078 INFO:teuthology.orchestra.run.smithi133.stdout:/usr/bin/ceph: stderr
2024-09-11T23:27:48.454+0000 7f1b03d8a640 1 --2- 172.21.15.133:0/2933987656 >> [v2:172.21.15.133:6800/2152407978,v1:172.21.15.133:6801/2152407978] conn(0x7f1ae8038fc0 0x7f1ae803b480 secure :-1 s=READY pgs=8 cs=0 l=1 rev1=1 crypto rx=0x7f1aec0098c0 tx=0x7f1aec006db0 comp rx=0 tx=0).stop
2024-09-11T23:27:49.078 INFO:teuthology.orchestra.run.smithi133.stdout:/usr/bin/ceph: stderr
2024-09-11T23:27:48.454+0000 7f1b03d8a640 1 -- 172.21.15.133:0/2933987656 >> [v2:172.21.15.133:3300/0,v1:172.21.15.133:6789/0] conn(0x7f1afc105f10 msgr2=0x7f1afc19bb50 secure :-1 s=STATE_CONNECTION_ESTABLISHED l=1).mark_down
2024-09-11T23:27:49.078 INFO:teuthology.orchestra.run.smithi133.stdout:/usr/bin/ceph: stderr
2024-09-11T23:27:48.454+0000 7f1b03d8a640 1 --2- 172.21.15.133:0/2933987656 >> [v2:172.21.15.133:3300/0,v1:172.21.15.133:6789/0] conn(0x7f1afc105f10 0x7f1afc19bb50 secure :-1 s=READY pgs=38 cs=0 l=1 rev1=1 crypto rx=0x7f1af80329c0 tx=0x7f1af8032e10 comp rx=0 tx=0).stop
2024-09-11T23:27:49.078 INFO:teuthology.orchestra.run.smithi133.stdout:/usr/bin/ceph: stderr
2024-09-11T23:27:48.454+0000 7f1b03d8a640 1 -- 172.21.15.133:0/2933987656 shutdown_connections
2024-09-11T23:27:49.079 INFO:teuthology.orchestra.run.smithi133.stdout:/usr/bin/ceph: stderr
2024-09-11T23:27:48.454+0000 7f1b03d8a640 1 --2- 172.21.15.133:0/2933987656 >> [v2:172.21.15.133:6800/2152407978,v1:172.21.15.133:6801/2152407978] conn(0x7f1ae8038fc0 0x7f1ae803b480 unknown :-1 s=CLOSED pgs=8 cs=0 l=1 rev1=1 crypto rx=0 tx=0 comp rx=0 tx=0).stop
2024-09-11T23:27:49.079 INFO:teuthology.orchestra.run.smithi133.stdout:/usr/bin/ceph: stderr
2024-09-11T23:27:48.454+0000 7f1b03d8a640 1 --2- 172.21.15.133:0/2933987656 >> [v2:172.21.15.133:3300/0,v1:172.21.15.133:6789/0] conn(0x7f1afc105f10 0x7f1afc19bb50 unknown :-1 s=CLOSED pgs=38 cs=0 l=1 rev1=1 crypto rx=0 tx=0 comp rx=0 tx=0).stop
2024-09-11T23:27:49.079 INFO:teuthology.orchestra.run.smithi133.stdout:/usr/bin/ceph: stderr
2024-09-11T23:27:48.454+0000 7f1b03d8a640 1 -- 172.21.15.133:0/2933987656 >> 172.21.15.133:0/2933987656 conn(0x7f1afc101700 msgr2=0x7f1afc18d980 unknown :-1 s=STATE_NONE l=0).mark_down
2024-09-11T23:27:49.079 INFO:teuthology.orchestra.run.smithi133.stdout:/usr/bin/ceph: stderr
2024-09-11T23:27:48.454+0000 7f1b03d8a640 1 -- 172.21.15.133:0/2933987656 shutdown_connections
2024-09-11T23:27:49.079 INFO:teuthology.orchestra.run.smithi133.stdout:/usr/bin/ceph: stderr
2024-09-11T23:27:48.454+0000 7f1b03d8a640 1 -- 172.21.15.133:0/2933987656 wait complete.
2024-09-11T23:27:49.079 INFO:teuthology.orchestra.run.smithi133.stdout:Generating ssh key...
2024-09-11T23:27:49.395 INFO:journalctl@ceph.mon.a.smithi133.stdout:Sep 11 23:27:49 smithi133 ceph-mon[31430]: from='client.14130 -' entity='client.admin' cmd=[{"prefix": "orch set backend", "module_name": "cephadm", "target": ["mon-mgr", ""]}]: dispatch
2024-09-11T23:27:49.960 INFO:journalctl@ceph.mgr.x.smithi133.stdout:Sep 11 23:27:49 smithi133 ceph-42321b88-7095-11ef-bcea-c7b262605968-mgr-x[31659]: Generating public/private rsa key pair.
2024-09-11T23:27:49.960 INFO:journalctl@ceph.mgr.x.smithi133.stdout:Sep 11 23:27:49 smithi133 ceph-42321b88-7095-11ef-bcea-c7b262605968-mgr-x[31659]: Your identification has been saved in /tmp/tmpcu0xb4__/key
2024-09-11T23:27:49.960 INFO:journalctl@ceph.mgr.x.smithi133.stdout:Sep 11 23:27:49 smithi133 ceph-42321b88-7095-11ef-bcea-c7b262605968-mgr-x[31659]: Your public key has been saved in /tmp/tmpcu0xb4__/key.pub
