2024-09-11T23:27:35.460 INFO:journalctl@ceph.mon.a.smithi133.stdout:Sep 11 23:27:35 smithi133 ceph-mon[31430]: from='mgr.14100 172.21.15.133:0/2811284156' entity='mgr.x' cmd=[{"prefix": "mds metadata"}]: dispatch
2024-09-11T23:27:35.460 INFO:journalctl@ceph.mon.a.smithi133.stdout:Sep 11 23:27:35 smithi133 ceph-mon[31430]: from='mgr.14100 172.21.15.133:0/2811284156' entity='mgr.x' cmd=[{"prefix": "osd metadata"}]: dispatch
2024-09-11T23:27:35.460 INFO:journalctl@ceph.mon.a.smithi133.stdout:Sep 11 23:27:35 smithi133 ceph-mon[31430]: from='mgr.14100 172.21.15.133:0/2811284156' entity='mgr.x' cmd=[{"prefix": "mon metadata"}]: dispatch
2024-09-11T23:27:35.460 INFO:journalctl@ceph.mon.a.smithi133.stdout:Sep 11 23:27:35 smithi133 ceph-mon[31430]: from='mgr.14100 172.21.15.133:0/2811284156' entity='mgr.x' cmd=[{"prefix": "mon metadata", "id": "a"}]: dispatch
2024-09-11T23:27:35.460 INFO:journalctl@ceph.mon.a.smithi133.stdout:Sep 11 23:27:35 smithi133 ceph-mon[31430]: from='mgr.14100 172.21.15.133:0/2811284156' entity='mgr.x' cmd=[{"prefix": "mgr metadata", "who": "x", "id": "x"}]: dispatch
2024-09-11T23:27:35.460 INFO:journalctl@ceph.mon.a.smithi133.stdout:Sep 11 23:27:35 smithi133 ceph-mon[31430]: Manager daemon x is now available
2024-09-11T23:27:35.460 INFO:journalctl@ceph.mon.a.smithi133.stdout:Sep 11 23:27:35 smithi133 ceph-mon[31430]: from='mgr.14100 172.21.15.133:0/2811284156' entity='mgr.x' cmd=[{"prefix":"config rm","who":"mgr","name":"mgr/rbd_support/x/mirror_snapshot_schedule"}]: dispatch
2024-09-11T23:27:35.460 INFO:journalctl@ceph.mon.a.smithi133.stdout:Sep 11 23:27:35 smithi133 ceph-mon[31430]: from='mgr.14100 172.21.15.133:0/2811284156' entity='mgr.x' cmd=[{"prefix":"config rm","who":"mgr","name":"mgr/rbd_support/x/trash_purge_schedule"}]: dispatch
2024-09-11T23:27:36.709 INFO:journalctl@ceph.mon.a.smithi133.stdout:Sep 11 23:27:36 smithi133 ceph-mon[31430]: from='mgr.14100 172.21.15.133:0/2811284156' entity='mgr.x'
2024-09-11T23:27:36.709 INFO:journalctl@ceph.mon.a.smithi133.stdout:Sep 11 23:27:36 smithi133 ceph-mon[31430]: from='mgr.14100 172.21.15.133:0/2811284156' entity='mgr.x'
2024-09-11T23:27:36.709 INFO:journalctl@ceph.mon.a.smithi133.stdout:Sep 11 23:27:36 smithi133 ceph-mon[31430]: from='mgr.14100 172.21.15.133:0/2811284156' entity='mgr.x'
2024-09-11T23:27:36.710 INFO:journalctl@ceph.mon.a.smithi133.stdout:Sep 11 23:27:36 smithi133 ceph-mon[31430]: mgrmap e3: x(active, since 1.00646s)
2024-09-11T23:27:38.044 INFO:teuthology.orchestra.run.smithi133.stdout:/usr/bin/ceph: stdout
2024-09-11T23:27:38.044 INFO:teuthology.orchestra.run.smithi133.stdout:/usr/bin/ceph: stdout {
2024-09-11T23:27:38.044 INFO:teuthology.orchestra.run.smithi133.stdout:/usr/bin/ceph: stdout "fsid": "42321b88-7095-11ef-bcea-c7b262605968",
2024-09-11T23:27:38.044 INFO:teuthology.orchestra.run.smithi133.stdout:/usr/bin/ceph: stdout "health": {
2024-09-11T23:27:38.044 INFO:teuthology.orchestra.run.smithi133.stdout:/usr/bin/ceph: stdout "status": "HEALTH_OK",
2024-09-11T23:27:38.045 INFO:teuthology.orchestra.run.smithi133.stdout:/usr/bin/ceph: stdout "checks": {},
2024-09-11T23:27:38.045 INFO:teuthology.orchestra.run.smithi133.stdout:/usr/bin/ceph: stdout "mutes": []
2024-09-11T23:27:38.045 INFO:teuthology.orchestra.run.smithi133.stdout:/usr/bin/ceph: stdout },
2024-09-11T23:27:38.045 INFO:teuthology.orchestra.run.smithi133.stdout:/usr/bin/ceph: stdout "election_epoch": 5,
2024-09-11T23:27:38.045 INFO:teuthology.orchestra.run.smithi133.stdout:/usr/bin/ceph: stdout "quorum": [
2024-09-11T23:27:38.045 INFO:teuthology.orchestra.run.smithi133.stdout:/usr/bin/ceph: stdout 0
2024-09-11T23:27:38.045 INFO:teuthology.orchestra.run.smithi133.stdout:/usr/bin/ceph: stdout ],
2024-09-11T23:27:38.045 INFO:teuthology.orchestra.run.smithi133.stdout:/usr/bin/ceph: stdout "quorum_names": [
2024-09-11T23:27:38.045 INFO:teuthology.orchestra.run.smithi133.stdout:/usr/bin/ceph: stdout "a"
2024-09-11T23:27:38.045 INFO:teuthology.orchestra.run.smithi133.stdout:/usr/bin/ceph: stdout ],
2024-09-11T23:27:38.045 INFO:teuthology.orchestra.run.smithi133.stdout:/usr/bin/ceph: stdout "quorum_age": 9,
2024-09-11T23:27:38.045 INFO:teuthology.orchestra.run.smithi133.stdout:/usr/bin/ceph: stdout "monmap": {
2024-09-11T23:27:38.045 INFO:teuthology.orchestra.run.smithi133.stdout:/usr/bin/ceph: stdout "epoch": 1,
2024-09-11T23:27:38.045 INFO:teuthology.orchestra.run.smithi133.stdout:/usr/bin/ceph: stdout "min_mon_release_name": "squid",
2024-09-11T23:27:38.045 INFO:teuthology.orchestra.run.smithi133.stdout:/usr/bin/ceph: stdout "num_mons": 1
2024-09-11T23:27:38.046 INFO:teuthology.orchestra.run.smithi133.stdout:/usr/bin/ceph: stdout },
2024-09-11T23:27:38.046 INFO:teuthology.orchestra.run.smithi133.stdout:/usr/bin/ceph: stdout "osdmap": {
2024-09-11T23:27:38.046 INFO:teuthology.orchestra.run.smithi133.stdout:/usr/bin/ceph: stdout "epoch": 1,
2024-09-11T23:27:38.046 INFO:teuthology.orchestra.run.smithi133.stdout:/usr/bin/ceph: stdout "num_osds": 0,
2024-09-11T23:27:38.046 INFO:teuthology.orchestra.run.smithi133.stdout:/usr/bin/ceph: stdout "num_up_osds": 0,
2024-09-11T23:27:38.046 INFO:teuthology.orchestra.run.smithi133.stdout:/usr/bin/ceph: stdout "osd_up_since": 0,
2024-09-11T23:27:38.054 INFO:teuthology.orchestra.run.smithi133.stdout:/usr/bin/ceph: stdout "num_in_osds": 0,
2024-09-11T23:27:38.054 INFO:teuthology.orchestra.run.smithi133.stdout:/usr/bin/ceph: stdout "osd_in_since": 0,
2024-09-11T23:27:38.054 INFO:teuthology.orchestra.run.smithi133.stdout:/usr/bin/ceph: stdout "num_remapped_pgs": 0
2024-09-11T23:27:38.054 INFO:teuthology.orchestra.run.smithi133.stdout:/usr/bin/ceph: stdout },
2024-09-11T23:27:38.055 INFO:teuthology.orchestra.run.smithi133.stdout:/usr/bin/ceph: stdout "pgmap": {
2024-09-11T23:27:38.055 INFO:teuthology.orchestra.run.smithi133.stdout:/usr/bin/ceph: stdout "pgs_by_state": [],
2024-09-11T23:27:38.055 INFO:teuthology.orchestra.run.smithi133.stdout:/usr/bin/ceph: stdout "num_pgs": 0,
2024-09-11T23:27:38.055 INFO:teuthology.orchestra.run.smithi133.stdout:/usr/bin/ceph: stdout "num_pools": 0,
2024-09-11T23:27:38.055 INFO:teuthology.orchestra.run.smithi133.stdout:/usr/bin/ceph: stdout "num_objects": 0,
2024-09-11T23:27:38.055 INFO:teuthology.orchestra.run.smithi133.stdout:/usr/bin/ceph: stdout "data_bytes": 0,
2024-09-11T23:27:38.055 INFO:teuthology.orchestra.run.smithi133.stdout:/usr/bin/ceph: stdout "bytes_used": 0,
2024-09-11T23:27:38.055 INFO:teuthology.orchestra.run.smithi133.stdout:/usr/bin/ceph: stdout "bytes_avail": 0,
2024-09-11T23:27:38.055 INFO:teuthology.orchestra.run.smithi133.stdout:/usr/bin/ceph: stdout "bytes_total": 0
2024-09-11T23:27:38.055 INFO:teuthology.orchestra.run.smithi133.stdout:/usr/bin/ceph: stdout },
2024-09-11T23:27:38.055 INFO:teuthology.orchestra.run.smithi133.stdout:/usr/bin/ceph: stdout "fsmap": {
2024-09-11T23:27:38.055 INFO:teuthology.orchestra.run.smithi133.stdout:/usr/bin/ceph: stdout "epoch": 1,
2024-09-11T23:27:38.055 INFO:teuthology.orchestra.run.smithi133.stdout:/usr/bin/ceph: stdout "btime": "2024-09-11T23:27:21:703865+0000",
2024-09-11T23:27:38.055 INFO:teuthology.orchestra.run.smithi133.stdout:/usr/bin/ceph: stdout "by_rank": [],
2024-09-11T23:27:38.055 INFO:teuthology.orchestra.run.smithi133.stdout:/usr/bin/ceph: stdout "up:standby": 0
2024-09-11T23:27:38.056 INFO:teuthology.orchestra.run.smithi133.stdout:/usr/bin/ceph: stdout },
2024-09-11T23:27:38.056 INFO:teuthology.orchestra.run.smithi133.stdout:/usr/bin/ceph: stdout "mgrmap": {
2024-09-11T23:27:38.056 INFO:teuthology.orchestra.run.smithi133.stdout:/usr/bin/ceph: stdout "available": true,
2024-09-11T23:27:38.056 INFO:teuthology.orchestra.run.smithi133.stdout:/usr/bin/ceph: stdout "num_standbys": 0,
2024-09-11T23:27:38.056 INFO:teuthology.orchestra.run.smithi133.stdout:/usr/bin/ceph: stdout "modules": [
2024-09-11T23:27:38.056 INFO:teuthology.orchestra.run.smithi133.stdout:/usr/bin/ceph: stdout "iostat",
2024-09-11T23:27:38.056 INFO:teuthology.orchestra.run.smithi133.stdout:/usr/bin/ceph: stdout "nfs",
2024-09-11T23:27:38.056 INFO:teuthology.orchestra.run.smithi133.stdout:/usr/bin/ceph: stdout "restful"
2024-09-11T23:27:38.056 INFO:teuthology.orchestra.run.smithi133.stdout:/usr/bin/ceph: stdout ],
2024-09-11T23:27:38.056 INFO:teuthology.orchestra.run.smithi133.stdout:/usr/bin/ceph: stdout "services": {}
2024-09-11T23:27:38.056 INFO:teuthology.orchestra.run.smithi133.stdout:/usr/bin/ceph: stdout },
2024-09-11T23:27:38.056 INFO:teuthology.orchestra.run.smithi133.stdout:/usr/bin/ceph: stdout "servicemap": {
2024-09-11T23:27:38.056 INFO:teuthology.orchestra.run.smithi133.stdout:/usr/bin/ceph: stdout "epoch": 1,
2024-09-11T23:27:38.056 INFO:teuthology.orchestra.run.smithi133.stdout:/usr/bin/ceph: stdout "modified": "2024-09-11T23:27:21.704517+0000",
2024-09-11T23:27:38.057 INFO:teuthology.orchestra.run.smithi133.stdout:/usr/bin/ceph: stdout "services": {}
2024-09-11T23:27:38.057 INFO:teuthology.orchestra.run.smithi133.stdout:/usr/bin/ceph: stdout },
2024-09-11T23:27:38.057 INFO:teuthology.orchestra.run.smithi133.stdout:/usr/bin/ceph: stdout "progress_events": {}
2024-09-11T23:27:38.057 INFO:teuthology.orchestra.run.smithi133.stdout:/usr/bin/ceph: stdout }
2024-09-11T23:27:38.057 INFO:teuthology.orchestra.run.smithi133.stdout:/usr/bin/ceph: stderr
2024-09-11T23:27:37.216+0000 7fbe821cd640 1 Processor -- start
2024-09-11T23:27:38.057 INFO:teuthology.orchestra.run.smithi133.stdout:/usr/bin/ceph: stderr
2024-09-11T23:27:37.216+0000 7fbe821cd640 1 -- start start
2024-09-11T23:27:38.057 INFO:teuthology.orchestra.run.smithi133.stdout:/usr/bin/ceph: stderr
2024-09-11T23:27:37.216+0000 7fbe821cd640 1 --2- >> [v2:172.21.15.133:3300/0,v1:172.21.15.133:6789/0] conn(0x7fbe7c108300 0x7fbe7c10a6f0 unknown :-1 s=NONE pgs=0 cs=0 l=0 rev1=0 crypto rx=0 tx=0 comp rx=0 tx=0).connect
2024-09-11T23:27:38.057 INFO:teuthology.orchestra.run.smithi133.stdout:/usr/bin/ceph: stderr
2024-09-11T23:27:37.216+0000 7fbe821cd640 1 -- --> [v2:172.21.15.133:3300/0,v1:172.21.15.133:6789/0] -- mon_getmap magic: 0 -- 0x7fbe7c07be00 con 0x7fbe7c108300
2024-09-11T23:27:38.057 INFO:teuthology.orchestra.run.smithi133.stdout:/usr/bin/ceph: stderr
2024-09-11T23:27:37.216+0000 7fbe7b7fe640 1 --2- >> [v2:172.21.15.133:3300/0,v1:172.21.15.133:6789/0] conn(0x7fbe7c108300 0x7fbe7c10a6f0 unknown :-1 s=BANNER_CONNECTING pgs=0 cs=0 l=0 rev1=0 crypto rx=0 tx=0 comp rx=0 tx=0)._handle_peer_banner_payload supported=3 required=0
2024-09-11T23:27:38.057 INFO:teuthology.orchestra.run.smithi133.stdout:/usr/bin/ceph: stderr
2024-09-11T23:27:37.216+0000 7fbe7b7fe640 1 --2- >> [v2:172.21.15.133:3300/0,v1:172.21.15.133:6789/0] conn(0x7fbe7c108300 0x7fbe7c10a6f0 unknown :-1 s=HELLO_CONNECTING pgs=0 cs=0 l=0 rev1=1 crypto rx=0 tx=0 comp rx=0 tx=0).handle_hello peer v2:172.21.15.133:3300/0 says I am v2:172.21.15.133:47962/0 (socket says 172.21.15.133:47962)
2024-09-11T23:27:38.057 INFO:teuthology.orchestra.run.smithi133.stdout:/usr/bin/ceph: stderr
2024-09-11T23:27:37.216+0000 7fbe7b7fe640 1 -- 172.21.15.133:0/1186363784 learned_addr learned my addr 172.21.15.133:0/1186363784 (peer_addr_for_me v2:172.21.15.133:0/0)
2024-09-11T23:27:38.057 INFO:teuthology.orchestra.run.smithi133.stdout:/usr/bin/ceph: stderr
2024-09-11T23:27:37.216+0000 7fbe7b7fe640 1 -- 172.21.15.133:0/1186363784 --> [v2:172.21.15.133:3300/0,v1:172.21.15.133:6789/0] -- mon_subscribe({config=0+,monmap=0+}) -- 0x7fbe7c10ac30 con 0x7fbe7c108300
2024-09-11T23:27:38.057 INFO:teuthology.orchestra.run.smithi133.stdout:/usr/bin/ceph: stderr
2024-09-11T23:27:37.217+0000 7fbe7b7fe640 1 --2- 172.21.15.133:0/1186363784 >> [v2:172.21.15.133:3300/0,v1:172.21.15.133:6789/0] conn(0x7fbe7c108300 0x7fbe7c10a6f0 secure :-1 s=READY pgs=16 cs=0 l=1 rev1=1 crypto rx=0x7fbe6c009820 tx=0x7fbe6c02a270 comp rx=0 tx=0).ready entity=mon.0 client_cookie=6294ae12940f7636 server_cookie=0 in_seq=0 out_seq=0
2024-09-11T23:27:38.057 INFO:teuthology.orchestra.run.smithi133.stdout:/usr/bin/ceph: stderr
2024-09-11T23:27:37.217+0000 7fbe7a7fc640 1 -- 172.21.15.133:0/1186363784 <== mon.0 v2:172.21.15.133:3300/0 1 ==== mon_map magic: 0 ==== 205+0+0 (secure 0 0 0) 0x7fbe6c037070 con 0x7fbe7c108300
2024-09-11T23:27:38.058 INFO:teuthology.orchestra.run.smithi133.stdout:/usr/bin/ceph: stderr
2024-09-11T23:27:37.217+0000 7fbe7a7fc640 1 -- 172.21.15.133:0/1186363784 <== mon.0 v2:172.21.15.133:3300/0 2 ==== config(27 keys) ==== 1109+0+0 (secure 0 0 0) 0x7fbe6c032900 con 0x7fbe7c108300
2024-09-11T23:27:38.058 INFO:teuthology.orchestra.run.smithi133.stdout:/usr/bin/ceph: stderr
2024-09-11T23:27:37.217+0000 7fbe7a7fc640 1 -- 172.21.15.133:0/1186363784 <== mon.0 v2:172.21.15.133:3300/0 3 ==== mon_map magic: 0 ==== 205+0+0 (secure 0 0 0) 0x7fbe6c030850 con 0x7fbe7c108300
2024-09-11T23:27:38.058 INFO:teuthology.orchestra.run.smithi133.stdout:/usr/bin/ceph: stderr
2024-09-11T23:27:37.218+0000 7fbe821cd640 1 -- 172.21.15.133:0/1186363784 >> [v2:172.21.15.133:3300/0,v1:172.21.15.133:6789/0] conn(0x7fbe7c108300 msgr2=0x7fbe7c10a6f0 secure :-1 s=STATE_CONNECTION_ESTABLISHED l=1).mark_down
2024-09-11T23:27:38.058 INFO:teuthology.orchestra.run.smithi133.stdout:/usr/bin/ceph: stderr
2024-09-11T23:27:37.218+0000 7fbe821cd640 1 --2- 172.21.15.133:0/1186363784 >> [v2:172.21.15.133:3300/0,v1:172.21.15.133:6789/0] conn(0x7fbe7c108300 0x7fbe7c10a6f0 secure :-1 s=READY pgs=16 cs=0 l=1 rev1=1 crypto rx=0x7fbe6c009820 tx=0x7fbe6c02a270 comp rx=0 tx=0).stop
2024-09-11T23:27:38.058 INFO:teuthology.orchestra.run.smithi133.stdout:/usr/bin/ceph: stderr
2024-09-11T23:27:37.218+0000 7fbe821cd640 1 -- 172.21.15.133:0/1186363784 shutdown_connections
2024-09-11T23:27:38.058 INFO:teuthology.orchestra.run.smithi133.stdout:/usr/bin/ceph: stderr
2024-09-11T23:27:37.218+0000 7fbe821cd640 1 --2- 172.21.15.133:0/1186363784 >> [v2:172.21.15.133:3300/0,v1:172.21.15.133:6789/0] conn(0x7fbe7c108300 0x7fbe7c10a6f0 unknown :-1 s=CLOSED pgs=16 cs=0 l=1 rev1=1 crypto rx=0 tx=0 comp rx=0 tx=0).stop
2024-09-11T23:27:38.058 INFO:teuthology.orchestra.run.smithi133.stdout:/usr/bin/ceph: stderr
2024-09-11T23:27:37.218+0000 7fbe821cd640 1 -- 172.21.15.133:0/1186363784 >> 172.21.15.133:0/1186363784 conn(0x7fbe7c101ee0 msgr2=0x7fbe7c104320 unknown :-1 s=STATE_NONE l=0).mark_down
2024-09-11T23:27:38.058 INFO:teuthology.orchestra.run.smithi133.stdout:/usr/bin/ceph: stderr
2024-09-11T23:27:37.218+0000 7fbe821cd640 1 -- 172.21.15.133:0/1186363784 shutdown_connections
2024-09-11T23:27:38.058 INFO:teuthology.orchestra.run.smithi133.stdout:/usr/bin/ceph: stderr
2024-09-11T23:27:37.218+0000 7fbe821cd640 1 -- 172.21.15.133:0/1186363784 wait complete.
2024-09-11T23:27:38.058 INFO:teuthology.orchestra.run.smithi133.stdout:/usr/bin/ceph: stderr
2024-09-11T23:27:37.218+0000 7fbe821cd640 1 Processor -- start
2024-09-11T23:27:38.058 INFO:teuthology.orchestra.run.smithi133.stdout:/usr/bin/ceph: stderr
2024-09-11T23:27:37.219+0000 7fbe821cd640 1 -- start start
2024-09-11T23:27:38.058 INFO:teuthology.orchestra.run.smithi133.stdout:/usr/bin/ceph: stderr
2024-09-11T23:27:37.219+0000 7fbe821cd640 1 --2- >> [v2:172.21.15.133:3300/0,v1:172.21.15.133:6789/0] conn(0x7fbe7c108300 0x7fbe7c19b840 unknown :-1 s=NONE pgs=0 cs=0 l=1 rev1=0 crypto rx=0 tx=0 comp rx=0 tx=0).connect
2024-09-11T23:27:38.059 INFO:teuthology.orchestra.run.smithi133.stdout:/usr/bin/ceph: stderr
2024-09-11T23:27:37.219+0000 7fbe821cd640 1 -- --> [v2:172.21.15.133:3300/0,v1:172.21.15.133:6789/0] -- mon_getmap magic: 0 -- 0x7fbe7c10bc70 con 0x7fbe7c108300
2024-09-11T23:27:38.059 INFO:teuthology.orchestra.run.smithi133.stdout:/usr/bin/ceph: stderr
2024-09-11T23:27:37.219+0000 7fbe7b7fe640 1 --2- >> [v2:172.21.15.133:3300/0,v1:172.21.15.133:6789/0] conn(0x7fbe7c108300 0x7fbe7c19b840 unknown :-1 s=BANNER_CONNECTING pgs=0 cs=0 l=1 rev1=0 crypto rx=0 tx=0 comp rx=0 tx=0)._handle_peer_banner_payload supported=3 required=0
2024-09-11T23:27:38.059 INFO:teuthology.orchestra.run.smithi133.stdout:/usr/bin/ceph: stderr
2024-09-11T23:27:37.219+0000 7fbe7b7fe640 1 --2- >> [v2:172.21.15.133:3300/0,v1:172.21.15.133:6789/0] conn(0x7fbe7c108300 0x7fbe7c19b840 unknown :-1 s=HELLO_CONNECTING pgs=0 cs=0 l=1 rev1=1 crypto rx=0 tx=0 comp rx=0 tx=0).handle_hello peer v2:172.21.15.133:3300/0 says I am v2:172.21.15.133:47976/0 (socket says 172.21.15.133:47976)
2024-09-11T23:27:38.059 INFO:teuthology.orchestra.run.smithi133.stdout:/usr/bin/ceph: stderr
2024-09-11T23:27:37.219+0000 7fbe7b7fe640 1 -- 172.21.15.133:0/1966577432 learned_addr learned my addr 172.21.15.133:0/1966577432 (peer_addr_for_me v2:172.21.15.133:0/0)
2024-09-11T23:27:38.059 INFO:teuthology.orchestra.run.smithi133.stdout:/usr/bin/ceph: stderr
2024-09-11T23:27:37.219+0000 7fbe7b7fe640 1 -- 172.21.15.133:0/1966577432 --> [v2:172.21.15.133:3300/0,v1:172.21.15.133:6789/0] -- mon_subscribe({config=0+,monmap=0+}) -- 0x7fbe7c19bd80 con 0x7fbe7c108300
2024-09-11T23:27:38.059 INFO:teuthology.orchestra.run.smithi133.stdout:/usr/bin/ceph: stderr
2024-09-11T23:27:37.219+0000 7fbe7b7fe640 1 --2- 172.21.15.133:0/1966577432 >> [v2:172.21.15.133:3300/0,v1:172.21.15.133:6789/0] conn(0x7fbe7c108300 0x7fbe7c19b840 secure :-1 s=READY pgs=17 cs=0 l=1 rev1=1 crypto rx=0x7fbe6c032ce0 tx=0x7fbe6c032d10 comp rx=0 tx=0).ready entity=mon.0 client_cookie=0 server_cookie=0 in_seq=0 out_seq=0
2024-09-11T23:27:38.059 INFO:teuthology.orchestra.run.smithi133.stdout:/usr/bin/ceph: stderr
2024-09-11T23:27:37.220+0000 7fbe78ff9640 1 -- 172.21.15.133:0/1966577432 <== mon.0 v2:172.21.15.133:3300/0 1 ==== mon_map magic: 0 ==== 205+0+0 (secure 0 0 0) 0x7fbe6c042070 con 0x7fbe7c108300
2024-09-11T23:27:38.059 INFO:teuthology.orchestra.run.smithi133.stdout:/usr/bin/ceph: stderr
2024-09-11T23:27:37.220+0000 7fbe78ff9640 1 -- 172.21.15.133:0/1966577432 <== mon.0 v2:172.21.15.133:3300/0 2 ==== config(27 keys) ==== 1109+0+0 (secure 0 0 0) 0x7fbe6c0308c0 con 0x7fbe7c108300
2024-09-11T23:27:38.059 INFO:teuthology.orchestra.run.smithi133.stdout:/usr/bin/ceph: stderr
2024-09-11T23:27:37.220+0000 7fbe821cd640 1 -- 172.21.15.133:0/1966577432 --> [v2:172.21.15.133:3300/0,v1:172.21.15.133:6789/0] -- mon_subscribe({mgrmap=0+}) -- 0x7fbe7c19c010 con 0x7fbe7c108300
2024-09-11T23:27:38.059 INFO:teuthology.orchestra.run.smithi133.stdout:/usr/bin/ceph: stderr
2024-09-11T23:27:37.220+0000 7fbe78ff9640 1 -- 172.21.15.133:0/1966577432 <== mon.0 v2:172.21.15.133:3300/0 3 ==== mon_map magic: 0 ==== 205+0+0 (secure 0 0 0) 0x7fbe6c037040 con 0x7fbe7c108300
2024-09-11T23:27:38.059 INFO:teuthology.orchestra.run.smithi133.stdout:/usr/bin/ceph: stderr
2024-09-11T23:27:37.220+0000 7fbe821cd640 1 -- 172.21.15.133:0/1966577432 --> [v2:172.21.15.133:3300/0,v1:172.21.15.133:6789/0] -- mon_subscribe({osdmap=0}) -- 0x7fbe7c19ed00 con 0x7fbe7c108300
2024-09-11T23:27:38.059 INFO:teuthology.orchestra.run.smithi133.stdout:/usr/bin/ceph: stderr
2024-09-11T23:27:37.220+0000 7fbe78ff9640 1 -- 172.21.15.133:0/1966577432 <== mon.0 v2:172.21.15.133:3300/0 4 ==== mgrmap(e 3) ==== 46170+0+0 (secure 0 0 0) 0x7fbe6c045070 con 0x7fbe7c108300
2024-09-11T23:27:38.059 INFO:teuthology.orchestra.run.smithi133.stdout:/usr/bin/ceph: stderr
2024-09-11T23:27:37.221+0000 7fbe78ff9640 1 --2- 172.21.15.133:0/1966577432 >> [v2:172.21.15.133:6800/2855546700,v1:172.21.15.133:6801/2855546700] conn(0x7fbe68038e60 0x7fbe6803b320 unknown :-1 s=NONE pgs=0 cs=0 l=1 rev1=0 crypto rx=0 tx=0 comp rx=0 tx=0).connect
2024-09-11T23:27:38.059 INFO:teuthology.orchestra.run.smithi133.stdout:/usr/bin/ceph: stderr
2024-09-11T23:27:37.221+0000 7fbe821cd640 1 -- 172.21.15.133:0/1966577432 --> [v2:172.21.15.133:3300/0,v1:172.21.15.133:6789/0] -- mon_command({"prefix": "get_command_descriptions"} v 0) -- 0x7fbe7c108760 con 0x7fbe7c108300
2024-09-11T23:27:38.059 INFO:teuthology.orchestra.run.smithi133.stdout:/usr/bin/ceph: stderr
2024-09-11T23:27:37.221+0000 7fbe78ff9640 1 -- 172.21.15.133:0/1966577432 <== mon.0 v2:172.21.15.133:3300/0 5 ==== osd_map(1..1 src has 1..1) ==== 725+0+0 (secure 0 0 0) 0x7fbe6c06bd80 con 0x7fbe7c108300
2024-09-11T23:27:38.060 INFO:teuthology.orchestra.run.smithi133.stdout:/usr/bin/ceph: stderr
2024-09-11T23:27:37.221+0000 7fbe7affd640 1 --2- 172.21.15.133:0/1966577432 >> [v2:172.21.15.133:6800/2855546700,v1:172.21.15.133:6801/2855546700] conn(0x7fbe68038e60 0x7fbe6803b320 unknown :-1 s=BANNER_CONNECTING pgs=0 cs=0 l=1 rev1=0 crypto rx=0 tx=0 comp rx=0 tx=0)._handle_peer_banner_payload supported=3 required=0
2024-09-11T23:27:38.060 INFO:teuthology.orchestra.run.smithi133.stdout:/usr/bin/ceph: stderr
2024-09-11T23:27:37.221+0000 7fbe7affd640 1 --2- 172.21.15.133:0/1966577432 >> [v2:172.21.15.133:6800/2855546700,v1:172.21.15.133:6801/2855546700] conn(0x7fbe68038e60 0x7fbe6803b320 secure :-1 s=READY pgs=6 cs=0 l=1 rev1=1 crypto rx=0x7fbe640098c0 tx=0x7fbe64006db0 comp rx=0 tx=0).ready entity=mgr.14100 client_cookie=0 server_cookie=0 in_seq=0 out_seq=0
2024-09-11T23:27:38.060 INFO:teuthology.orchestra.run.smithi133.stdout:/usr/bin/ceph: stderr
2024-09-11T23:27:37.226+0000 7fbe78ff9640 1 -- 172.21.15.133:0/1966577432 <== mon.0 v2:172.21.15.133:3300/0 6 ==== mon_command_ack([{"prefix": "get_command_descriptions"}]=0 v0) ==== 72+0+188821 (secure 0 0 0) 0x7fbe6c045360 con 0x7fbe7c108300
2024-09-11T23:27:38.060 INFO:teuthology.orchestra.run.smithi133.stdout:/usr/bin/ceph: stderr
2024-09-11T23:27:37.234+0000 7fbe78ff9640 1 -- 172.21.15.133:0/1966577432 <== mon.0 v2:172.21.15.133:3300/0 7 ==== mgrmap(e 4) ==== 46276+0+0 (secure 0 0 0) 0x7fbe6c03c760 con 0x7fbe7c108300
2024-09-11T23:27:38.060 INFO:teuthology.orchestra.run.smithi133.stdout:/usr/bin/ceph: stderr
2024-09-11T23:27:37.457+0000 7fbe821cd640 1 -- 172.21.15.133:0/1966577432 --> [v2:172.21.15.133:3300/0,v1:172.21.15.133:6789/0] -- mon_command({"prefix": "status", "format": "json-pretty"} v 0) -- 0x7fbe7c19eed0 con 0x7fbe7c108300
2024-09-11T23:27:38.060 INFO:teuthology.orchestra.run.smithi133.stdout:/usr/bin/ceph: stderr
2024-09-11T23:27:37.457+0000 7fbe78ff9640 1 -- 172.21.15.133:0/1966577432 <== mon.0 v2:172.21.15.133:3300/0 8 ==== mon_command_ack([{"prefix": "status", "format": "json-pretty"}]=0 v0) ==== 79+0+1290 (secure 0 0 0) 0x7fbe6c02ed90 con 0x7fbe7c108300
2024-09-11T23:27:38.060 INFO:teuthology.orchestra.run.smithi133.stdout:/usr/bin/ceph: stderr
2024-09-11T23:27:37.459+0000 7fbe821cd640 1 -- 172.21.15.133:0/1966577432 >> [v2:172.21.15.133:6800/2855546700,v1:172.21.15.133:6801/2855546700] conn(0x7fbe68038e60 msgr2=0x7fbe6803b320 secure :-1 s=STATE_CONNECTION_ESTABLISHED l=1).mark_down
2024-09-11T23:27:38.060 INFO:teuthology.orchestra.run.smithi133.stdout:/usr/bin/ceph: stderr
2024-09-11T23:27:37.459+0000 7fbe821cd640 1 --2- 172.21.15.133:0/1966577432 >> [v2:172.21.15.133:6800/2855546700,v1:172.21.15.133:6801/2855546700] conn(0x7fbe68038e60 0x7fbe6803b320 secure :-1 s=READY pgs=6 cs=0 l=1 rev1=1 crypto rx=0x7fbe640098c0 tx=0x7fbe64006db0 comp rx=0 tx=0).stop
2024-09-11T23:27:38.060 INFO:teuthology.orchestra.run.smithi133.stdout:/usr/bin/ceph: stderr
2024-09-11T23:27:37.459+0000 7fbe821cd640 1 -- 172.21.15.133:0/1966577432 >> [v2:172.21.15.133:3300/0,v1:172.21.15.133:6789/0] conn(0x7fbe7c108300 msgr2=0x7fbe7c19b840 secure :-1 s=STATE_CONNECTION_ESTABLISHED l=1).mark_down
2024-09-11T23:27:38.060 INFO:teuthology.orchestra.run.smithi133.stdout:/usr/bin/ceph: stderr
2024-09-11T23:27:37.459+0000 7fbe821cd640 1 --2- 172.21.15.133:0/1966577432 >> [v2:172.21.15.133:3300/0,v1:172.21.15.133:6789/0] conn(0x7fbe7c108300 0x7fbe7c19b840 secure :-1 s=READY pgs=17 cs=0 l=1 rev1=1 crypto rx=0x7fbe6c032ce0 tx=0x7fbe6c032d10 comp rx=0 tx=0).stop
2024-09-11T23:27:38.060 INFO:teuthology.orchestra.run.smithi133.stdout:/usr/bin/ceph: stderr
2024-09-11T23:27:37.459+0000 7fbe821cd640 1 -- 172.21.15.133:0/1966577432 shutdown_connections
2024-09-11T23:27:38.060 INFO:teuthology.orchestra.run.smithi133.stdout:/usr/bin/ceph: stderr
2024-09-11T23:27:37.459+0000 7fbe821cd640 1 --2- 172.21.15.133:0/1966577432 >> [v2:172.21.15.133:6800/2855546700,v1:172.21.15.133:6801/2855546700] conn(0x7fbe68038e60 0x7fbe6803b320 unknown :-1 s=CLOSED pgs=6 cs=0 l=1 rev1=1 crypto rx=0 tx=0 comp rx=0 tx=0).stop
2024-09-11T23:27:38.060 INFO:teuthology.orchestra.run.smithi133.stdout:/usr/bin/ceph: stderr
2024-09-11T23:27:37.459+0000 7fbe821cd640 1 --2- 172.21.15.133:0/1966577432 >> [v2:172.21.15.133:3300/0,v1:172.21.15.133:6789/0] conn(0x7fbe7c108300 0x7fbe7c19b840 unknown :-1 s=CLOSED pgs=17 cs=0 l=1 rev1=1 crypto rx=0 tx=0 comp rx=0 tx=0).stop
2024-09-11T23:27:38.060 INFO:teuthology.orchestra.run.smithi133.stdout:/usr/bin/ceph: stderr
2024-09-11T23:27:37.459+0000 7fbe821cd640 1 -- 172.21.15.133:0/1966577432 >> 172.21.15.133:0/1966577432 conn(0x7fbe7c101ee0 msgr2=0x7fbe7c102b40 unknown :-1 s=STATE_NONE l=0).mark_down
2024-09-11T23:27:38.061 INFO:teuthology.orchestra.run.smithi133.stdout:/usr/bin/ceph: stderr
2024-09-11T23:27:37.460+0000 7fbe821cd640 1 -- 172.21.15.133:0/1966577432 shutdown_connections
2024-09-11T23:27:38.061 INFO:teuthology.orchestra.run.smithi133.stdout:/usr/bin/ceph: stderr
2024-09-11T23:27:37.460+0000 7fbe821cd640 1 -- 172.21.15.133:0/1966577432 wait complete.
2024-09-11T23:27:38.061 INFO:teuthology.orchestra.run.smithi133.stdout:mgr is available
2024-09-11T23:27:38.450 INFO:journalctl@ceph.mon.a.smithi133.stdout:Sep 11 23:27:38 smithi133 ceph-mon[31430]: mgrmap e4: x(active, since 2s)
2024-09-11T23:27:38.451 INFO:journalctl@ceph.mon.a.smithi133.stdout:Sep 11 23:27:38 smithi133 ceph-mon[31430]: from='client.? 172.21.15.133:0/1966577432' entity='client.admin' cmd=[{"prefix": "status", "format": "json-pretty"}]: dispatch
2024-09-11T23:27:39.330 INFO:teuthology.orchestra.run.smithi133.stdout:/usr/bin/ceph: stdout
2024-09-11T23:27:39.384 INFO:teuthology.orchestra.run.smithi133.stdout:/usr/bin/ceph: stdout [global]
2024-09-11T23:27:39.384 INFO:teuthology.orchestra.run.smithi133.stdout:/usr/bin/ceph: stdout fsid = 42321b88-7095-11ef-bcea-c7b262605968
2024-09-11T23:27:39.384 INFO:teuthology.orchestra.run.smithi133.stdout:/usr/bin/ceph: stdout mon_host = [v2:172.21.15.133:3300,v1:172.21.15.133:6789]
2024-09-11T23:27:39.384 INFO:teuthology.orchestra.run.smithi133.stdout:/usr/bin/ceph: stdout mon_osd_allow_pg_remap = true
2024-09-11T23:27:39.384 INFO:teuthology.orchestra.run.smithi133.stdout:/usr/bin/ceph: stdout mon_osd_allow_primary_affinity = true
2024-09-11T23:27:39.385 INFO:teuthology.orchestra.run.smithi133.stdout:/usr/bin/ceph: stdout mon_warn_on_no_sortbitwise = false
2024-09-11T23:27:39.385 INFO:teuthology.orchestra.run.smithi133.stdout:/usr/bin/ceph: stdout osd_crush_chooseleaf_type = 0
2024-09-11T23:27:39.385 INFO:teuthology.orchestra.run.smithi133.stdout:/usr/bin/ceph: stdout
2024-09-11T23:27:39.385 INFO:teuthology.orchestra.run.smithi133.stdout:/usr/bin/ceph: stdout [mgr]
2024-09-11T23:27:39.385 INFO:teuthology.orchestra.run.smithi133.stdout:/usr/bin/ceph: stdout mgr/telemetry/nag = false
2024-09-11T23:27:39.385 INFO:teuthology.orchestra.run.smithi133.stdout:/usr/bin/ceph: stdout
2024-09-11T23:27:39.385 INFO:teuthology.orchestra.run.smithi133.stdout:/usr/bin/ceph: stdout [osd]
2024-09-11T23:27:39.385 INFO:teuthology.orchestra.run.smithi133.stdout:/usr/bin/ceph: stdout mon_osd_backfillfull_ratio = 0.85
2024-09-11T23:27:39.385 INFO:teuthology.orchestra.run.smithi133.stdout:/usr/bin/ceph: stdout mon_osd_full_ratio = 0.9
2024-09-11T23:27:39.385 INFO:teuthology.orchestra.run.smithi133.stdout:/usr/bin/ceph: stdout mon_osd_nearfull_ratio = 0.8
2024-09-11T23:27:39.385 INFO:teuthology.orchestra.run.smithi133.stdout:/usr/bin/ceph: stdout osd_map_max_advance = 10
2024-09-11T23:27:39.386 INFO:teuthology.orchestra.run.smithi133.stdout:/usr/bin/ceph: stdout osd_sloppy_crc = true
2024-09-11T23:27:39.386 INFO:teuthology.orchestra.run.smithi133.stdout:/usr/bin/ceph: stderr
2024-09-11T23:27:38.527+0000 7f3a46e1b640 1 Processor -- start
2024-09-11T23:27:39.386 INFO:teuthology.orchestra.run.smithi133.stdout:/usr/bin/ceph: stderr
2024-09-11T23:27:38.527+0000 7f3a46e1b640 1 -- start start
2024-09-11T23:27:39.386 INFO:teuthology.orchestra.run.smithi133.stdout:/usr/bin/ceph: stderr
2024-09-11T23:27:38.527+0000 7f3a46e1b640 1 --2- >> [v2:172.21.15.133:3300/0,v1:172.21.15.133:6789/0] conn(0x7f3a401078d0 0x7f3a40107cd0 unknown :-1 s=NONE pgs=0 cs=0 l=0 rev1=0 crypto rx=0 tx=0 comp rx=0 tx=0).connect
2024-09-11T23:27:39.386 INFO:teuthology.orchestra.run.smithi133.stdout:/usr/bin/ceph: stderr
2024-09-11T23:27:38.527+0000 7f3a46e1b640 1 -- --> [v2:172.21.15.133:3300/0,v1:172.21.15.133:6789/0] -- mon_getmap magic: 0 -- 0x7f3a401082a0 con 0x7f3a401078d0
2024-09-11T23:27:39.386 INFO:teuthology.orchestra.run.smithi133.stdout:/usr/bin/ceph: stderr
2024-09-11T23:27:38.527+0000 7f3a44bb7640 1 --2- >> [v2:172.21.15.133:3300/0,v1:172.21.15.133:6789/0] conn(0x7f3a401078d0 0x7f3a40107cd0 unknown :-1 s=BANNER_CONNECTING pgs=0 cs=0 l=0 rev1=0 crypto rx=0 tx=0 comp rx=0 tx=0)._handle_peer_banner_payload supported=3 required=0
2024-09-11T23:27:39.386 INFO:teuthology.orchestra.run.smithi133.stdout:/usr/bin/ceph: stderr
2024-09-11T23:27:38.527+0000 7f3a44bb7640 1 --2- >> [v2:172.21.15.133:3300/0,v1:172.21.15.133:6789/0] conn(0x7f3a401078d0 0x7f3a40107cd0 unknown :-1 s=HELLO_CONNECTING pgs=0 cs=0 l=0 rev1=1 crypto rx=0 tx=0 comp rx=0 tx=0).handle_hello peer v2:172.21.15.133:3300/0 says I am v2:172.21.15.133:47978/0 (socket says 172.21.15.133:47978)
2024-09-11T23:27:39.386 INFO:teuthology.orchestra.run.smithi133.stdout:/usr/bin/ceph: stderr
2024-09-11T23:27:38.527+0000 7f3a44bb7640 1 -- 172.21.15.133:0/2283143365 learned_addr learned my addr 172.21.15.133:0/2283143365 (peer_addr_for_me v2:172.21.15.133:0/0)
2024-09-11T23:27:39.386 INFO:teuthology.orchestra.run.smithi133.stdout:/usr/bin/ceph: stderr
2024-09-11T23:27:38.527+0000 7f3a44bb7640 1 -- 172.21.15.133:0/2283143365 --> [v2:172.21.15.133:3300/0,v1:172.21.15.133:6789/0] -- mon_subscribe({config=0+,monmap=0+}) -- 0x7f3a40108a80 con 0x7f3a401078d0
2024-09-11T23:27:39.387 INFO:teuthology.orchestra.run.smithi133.stdout:/usr/bin/ceph: stderr
2024-09-11T23:27:38.528+0000 7f3a44bb7640 1 --2- 172.21.15.133:0/2283143365 >> [v2:172.21.15.133:3300/0,v1:172.21.15.133:6789/0] conn(0x7f3a401078d0 0x7f3a40107cd0 secure :-1 s=READY pgs=18 cs=0 l=1 rev1=1 crypto rx=0x7f3a34009820 tx=0x7f3a3402a270 comp rx=0 tx=0).ready entity=mon.0 client_cookie=1e74aa6e80f0b3b server_cookie=0 in_seq=0 out_seq=0
2024-09-11T23:27:39.387 INFO:teuthology.orchestra.run.smithi133.stdout:/usr/bin/ceph: stderr
2024-09-11T23:27:38.528+0000 7f3a3f7fe640 1 -- 172.21.15.133:0/2283143365 <== mon.0 v2:172.21.15.133:3300/0 1 ==== mon_map magic: 0 ==== 205+0+0 (secure 0 0 0) 0x7f3a34037070 con 0x7f3a401078d0
2024-09-11T23:27:39.387 INFO:teuthology.orchestra.run.smithi133.stdout:/usr/bin/ceph: stderr
2024-09-11T23:27:38.528+0000 7f3a3f7fe640 1 -- 172.21.15.133:0/2283143365 <== mon.0 v2:172.21.15.133:3300/0 2 ==== config(27 keys) ==== 1109+0+0 (secure 0 0 0) 0x7f3a34032900 con 0x7f3a401078d0
2024-09-11T23:27:39.387 INFO:teuthology.orchestra.run.smithi133.stdout:/usr/bin/ceph: stderr
2024-09-11T23:27:38.528+0000 7f3a3f7fe640 1 -- 172.21.15.133:0/2283143365 <== mon.0 v2:172.21.15.133:3300/0 3 ==== mon_map magic: 0 ==== 205+0+0 (secure 0 0 0) 0x7f3a34030850 con 0x7f3a401078d0
2024-09-11T23:27:39.387 INFO:teuthology.orchestra.run.smithi133.stdout:/usr/bin/ceph: stderr
2024-09-11T23:27:38.529+0000 7f3a46e1b640 1 -- 172.21.15.133:0/2283143365 >> [v2:172.21.15.133:3300/0,v1:172.21.15.133:6789/0] conn(0x7f3a401078d0 msgr2=0x7f3a40107cd0 secure :-1 s=STATE_CONNECTION_ESTABLISHED l=1).mark_down
2024-09-11T23:27:39.387 INFO:teuthology.orchestra.run.smithi133.stdout:/usr/bin/ceph: stderr
2024-09-11T23:27:38.529+0000 7f3a46e1b640 1 --2- 172.21.15.133:0/2283143365 >> [v2:172.21.15.133:3300/0,v1:172.21.15.133:6789/0] conn(0x7f3a401078d0 0x7f3a40107cd0 secure :-1 s=READY pgs=18 cs=0 l=1 rev1=1 crypto rx=0x7f3a34009820 tx=0x7f3a3402a270 comp rx=0 tx=0).stop
2024-09-11T23:27:39.387 INFO:teuthology.orchestra.run.smithi133.stdout:/usr/bin/ceph: stderr
2024-09-11T23:27:38.529+0000 7f3a46e1b640 1 -- 172.21.15.133:0/2283143365 shutdown_connections
2024-09-11T23:27:39.387 INFO:teuthology.orchestra.run.smithi133.stdout:/usr/bin/ceph: stderr
2024-09-11T23:27:38.529+0000 7f3a46e1b640 1 --2- 172.21.15.133:0/2283143365 >> [v2:172.21.15.133:3300/0,v1:172.21.15.133:6789/0] conn(0x7f3a401078d0 0x7f3a40107cd0 unknown :-1 s=CLOSED pgs=18 cs=0 l=1 rev1=1 crypto rx=0 tx=0 comp rx=0 tx=0).stop
2024-09-11T23:27:39.387 INFO:teuthology.orchestra.run.smithi133.stdout:/usr/bin/ceph: stderr
2024-09-11T23:27:38.529+0000 7f3a46e1b640 1 -- 172.21.15.133:0/2283143365 >> 172.21.15.133:0/2283143365 conn(0x7f3a40103080 msgr2=0x7f3a401054a0 unknown :-1 s=STATE_NONE l=0).mark_down
2024-09-11T23:27:39.387 INFO:teuthology.orchestra.run.smithi133.stdout:/usr/bin/ceph: stderr
2024-09-11T23:27:38.529+0000 7f3a46e1b640 1 -- 172.21.15.133:0/2283143365 shutdown_connections
2024-09-11T23:27:39.387 INFO:teuthology.orchestra.run.smithi133.stdout:/usr/bin/ceph: stderr
2024-09-11T23:27:38.529+0000 7f3a46e1b640 1 -- 172.21.15.133:0/2283143365 wait complete.
2024-09-11T23:27:39.387 INFO:teuthology.orchestra.run.smithi133.stdout:/usr/bin/ceph: stderr
2024-09-11T23:27:38.529+0000 7f3a46e1b640 1 Processor -- start
2024-09-11T23:27:39.387 INFO:teuthology.orchestra.run.smithi133.stdout:/usr/bin/ceph: stderr
2024-09-11T23:27:38.529+0000 7f3a46e1b640 1 -- start start
2024-09-11T23:27:39.388 INFO:teuthology.orchestra.run.smithi133.stdout:/usr/bin/ceph: stderr
2024-09-11T23:27:38.529+0000 7f3a46e1b640 1 --2- >> [v2:172.21.15.133:3300/0,v1:172.21.15.133:6789/0] conn(0x7f3a401078d0 0x7f3a4019b8f0 unknown :-1 s=NONE pgs=0 cs=0 l=1 rev1=0 crypto rx=0 tx=0 comp rx=0 tx=0).connect
2024-09-11T23:27:39.388 INFO:teuthology.orchestra.run.smithi133.stdout:/usr/bin/ceph: stderr
2024-09-11T23:27:38.529+0000 7f3a46e1b640 1 -- --> [v2:172.21.15.133:3300/0,v1:172.21.15.133:6789/0] -- mon_getmap magic: 0 -- 0x7f3a4010be30 con 0x7f3a401078d0
2024-09-11T23:27:39.388 INFO:teuthology.orchestra.run.smithi133.stdout:/usr/bin/ceph: stderr
2024-09-11T23:27:38.530+0000 7f3a44bb7640 1 --2- >> [v2:172.21.15.133:3300/0,v1:172.21.15.133:6789/0] conn(0x7f3a401078d0 0x7f3a4019b8f0 unknown :-1 s=BANNER_CONNECTING pgs=0 cs=0 l=1 rev1=0 crypto rx=0 tx=0 comp rx=0 tx=0)._handle_peer_banner_payload supported=3 required=0
2024-09-11T23:27:39.388 INFO:teuthology.orchestra.run.smithi133.stdout:/usr/bin/ceph: stderr
2024-09-11T23:27:38.530+0000 7f3a44bb7640 1 --2- >> [v2:172.21.15.133:3300/0,v1:172.21.15.133:6789/0] conn(0x7f3a401078d0 0x7f3a4019b8f0 unknown :-1 s=HELLO_CONNECTING pgs=0 cs=0 l=1 rev1=1 crypto rx=0 tx=0 comp rx=0 tx=0).handle_hello peer v2:172.21.15.133:3300/0 says I am v2:172.21.15.133:47986/0 (socket says 172.21.15.133:47986)
2024-09-11T23:27:39.388 INFO:teuthology.orchestra.run.smithi133.stdout:/usr/bin/ceph: stderr
2024-09-11T23:27:38.530+0000 7f3a44bb7640 1 -- 172.21.15.133:0/3519811813 learned_addr learned my addr 172.21.15.133:0/3519811813 (peer_addr_for_me v2:172.21.15.133:0/0)
2024-09-11T23:27:39.388 INFO:teuthology.orchestra.run.smithi133.stdout:/usr/bin/ceph: stderr
2024-09-11T23:27:38.530+0000 7f3a44bb7640 1 -- 172.21.15.133:0/3519811813 --> [v2:172.21.15.133:3300/0,v1:172.21.15.133:6789/0] -- mon_subscribe({config=0+,monmap=0+}) -- 0x7f3a4019be30 con 0x7f3a401078d0
2024-09-11T23:27:39.388 INFO:teuthology.orchestra.run.smithi133.stdout:/usr/bin/ceph: stderr
2024-09-11T23:27:38.530+0000 7f3a44bb7640 1 --2- 172.21.15.133:0/3519811813 >> [v2:172.21.15.133:3300/0,v1:172.21.15.133:6789/0] conn(0x7f3a401078d0 0x7f3a4019b8f0 secure :-1 s=READY pgs=19 cs=0 l=1 rev1=1 crypto rx=0x7f3a34009940 tx=0x7f3a340326e0 comp rx=0 tx=0).ready entity=mon.0 client_cookie=0 server_cookie=0 in_seq=0 out_seq=0
2024-09-11T23:27:39.388 INFO:teuthology.orchestra.run.smithi133.stdout:/usr/bin/ceph: stderr
2024-09-11T23:27:38.530+0000 7f3a3dffb640 1 -- 172.21.15.133:0/3519811813 <== mon.0 v2:172.21.15.133:3300/0 1 ==== mon_map magic: 0 ==== 205+0+0 (secure 0 0 0) 0x7f3a34042070 con 0x7f3a401078d0
2024-09-11T23:27:39.388 INFO:teuthology.orchestra.run.smithi133.stdout:/usr/bin/ceph: stderr
2024-09-11T23:27:38.530+0000 7f3a3dffb640 1 -- 172.21.15.133:0/3519811813 <== mon.0 v2:172.21.15.133:3300/0 2 ==== config(27 keys) ==== 1109+0+0 (secure 0 0 0) 0x7f3a34032be0 con 0x7f3a401078d0
2024-09-11T23:27:39.388 INFO:teuthology.orchestra.run.smithi133.stdout:/usr/bin/ceph: stderr
2024-09-11T23:27:38.530+0000 7f3a46e1b640 1 -- 172.21.15.133:0/3519811813 --> [v2:172.21.15.133:3300/0,v1:172.21.15.133:6789/0] -- mon_subscribe({mgrmap=0+}) -- 0x7f3a4019c0c0 con 0x7f3a401078d0
2024-09-11T23:27:39.388 INFO:teuthology.orchestra.run.smithi133.stdout:/usr/bin/ceph: stderr
2024-09-11T23:27:38.530+0000 7f3a3dffb640 1 -- 172.21.15.133:0/3519811813 <== mon.0 v2:172.21.15.133:3300/0 3 ==== mon_map magic: 0 ==== 205+0+0 (secure 0 0 0) 0x7f3a34037040 con 0x7f3a401078d0
2024-09-11T23:27:39.388 INFO:teuthology.orchestra.run.smithi133.stdout:/usr/bin/ceph: stderr
2024-09-11T23:27:38.530+0000 7f3a46e1b640 1 -- 172.21.15.133:0/3519811813 --> [v2:172.21.15.133:3300/0,v1:172.21.15.133:6789/0] -- mon_subscribe({osdmap=0}) -- 0x7f3a4019edb0 con 0x7f3a401078d0
2024-09-11T23:27:39.389 INFO:teuthology.orchestra.run.smithi133.stdout:/usr/bin/ceph: stderr
2024-09-11T23:27:38.531+0000 7f3a3dffb640 1 -- 172.21.15.133:0/3519811813 <== mon.0 v2:172.21.15.133:3300/0 4 ==== mgrmap(e 4) ==== 46276+0+0 (secure 0 0 0) 0x7f3a34045070 con 0x7f3a401078d0
2024-09-11T23:27:39.389 INFO:teuthology.orchestra.run.smithi133.stdout:/usr/bin/ceph: stderr
2024-09-11T23:27:38.531+0000 7f3a46e1b640 1 -- 172.21.15.133:0/3519811813 --> [v2:172.21.15.133:3300/0,v1:172.21.15.133:6789/0] -- mon_command({"prefix": "get_command_descriptions"} v 0) -- 0x7f3a4010bfb0 con 0x7f3a401078d0
2024-09-11T23:27:39.389 INFO:teuthology.orchestra.run.smithi133.stdout:/usr/bin/ceph: stderr
2024-09-11T23:27:38.531+0000 7f3a3dffb640 1 --2- 172.21.15.133:0/3519811813 >> [v2:172.21.15.133:6800/2855546700,v1:172.21.15.133:6801/2855546700] conn(0x7f3a30038f70 0x7f3a3003b430 unknown :-1 s=NONE pgs=0 cs=0 l=1 rev1=0 crypto rx=0 tx=0 comp rx=0 tx=0).connect
2024-09-11T23:27:39.389 INFO:teuthology.orchestra.run.smithi133.stdout:/usr/bin/ceph: stderr
2024-09-11T23:27:38.532+0000 7f3a3dffb640 1 -- 172.21.15.133:0/3519811813 <== mon.0 v2:172.21.15.133:3300/0 5 ==== osd_map(1..1 src has 1..1) ==== 725+0+0 (secure 0 0 0) 0x7f3a3406be50 con 0x7f3a401078d0
2024-09-11T23:27:39.389 INFO:teuthology.orchestra.run.smithi133.stdout:/usr/bin/ceph: stderr
2024-09-11T23:27:38.532+0000 7f3a3ffff640 1 --2- 172.21.15.133:0/3519811813 >> [v2:172.21.15.133:6800/2855546700,v1:172.21.15.133:6801/2855546700] conn(0x7f3a30038f70 0x7f3a3003b430 unknown :-1 s=BANNER_CONNECTING pgs=0 cs=0 l=1 rev1=0 crypto rx=0 tx=0 comp rx=0 tx=0)._handle_peer_banner_payload supported=3 required=0
2024-09-11T23:27:39.389 INFO:teuthology.orchestra.run.smithi133.stdout:/usr/bin/ceph: stderr
2024-09-11T23:27:38.532+0000 7f3a3ffff640 1 --2- 172.21.15.133:0/3519811813 >> [v2:172.21.15.133:6800/2855546700,v1:172.21.15.133:6801/2855546700] conn(0x7f3a30038f70 0x7f3a3003b430 secure :-1 s=READY pgs=7 cs=0 l=1 rev1=1 crypto rx=0x7f3a2c0098c0 tx=0x7f3a2c006db0 comp rx=0 tx=0).ready entity=mgr.14100 client_cookie=0 server_cookie=0 in_seq=0 out_seq=0
2024-09-11T23:27:39.389 INFO:teuthology.orchestra.run.smithi133.stdout:/usr/bin/ceph: stderr
2024-09-11T23:27:38.536+0000 7f3a3dffb640 1 -- 172.21.15.133:0/3519811813 <== mon.0 v2:172.21.15.133:3300/0 6 ==== mon_command_ack([{"prefix": "get_command_descriptions"}]=0 v0) ==== 72+0+188821 (secure 0 0 0) 0x7f3a3404b170 con 0x7f3a401078d0
2024-09-11T23:27:39.389 INFO:teuthology.orchestra.run.smithi133.stdout:/usr/bin/ceph: stderr
2024-09-11T23:27:38.699+0000 7f3a46e1b640 1 -- 172.21.15.133:0/3519811813 --> [v2:172.21.15.133:3300/0,v1:172.21.15.133:6789/0] -- mon_command({"prefix": "config assimilate-conf"} v 0) -- 0x7f3a40107d50 con 0x7f3a401078d0
2024-09-11T23:27:39.389 INFO:teuthology.orchestra.run.smithi133.stdout:/usr/bin/ceph: stderr
2024-09-11T23:27:38.700+0000 7f3a3dffb640 1 -- 172.21.15.133:0/3519811813 <== mon.0 v2:172.21.15.133:3300/0 7 ==== mon_command_ack([{"prefix": "config assimilate-conf"}]=0 v3) ==== 70+0+431 (secure 0 0 0) 0x7f3a34032d90 con 0x7f3a401078d0
2024-09-11T23:27:39.389 INFO:teuthology.orchestra.run.smithi133.stdout:/usr/bin/ceph: stderr
2024-09-11T23:27:38.703+0000 7f3a46e1b640 1 -- 172.21.15.133:0/3519811813 >> [v2:172.21.15.133:6800/2855546700,v1:172.21.15.133:6801/2855546700] conn(0x7f3a30038f70 msgr2=0x7f3a3003b430 secure :-1 s=STATE_CONNECTION_ESTABLISHED l=1).mark_down
2024-09-11T23:27:39.389 INFO:teuthology.orchestra.run.smithi133.stdout:/usr/bin/ceph: stderr
2024-09-11T23:27:38.703+0000 7f3a46e1b640 1 --2- 172.21.15.133:0/3519811813 >> [v2:172.21.15.133:6800/2855546700,v1:172.21.15.133:6801/2855546700] conn(0x7f3a30038f70 0x7f3a3003b430 secure :-1 s=READY pgs=7 cs=0 l=1 rev1=1 crypto rx=0x7f3a2c0098c0 tx=0x7f3a2c006db0 comp rx=0 tx=0).stop
2024-09-11T23:27:39.389 INFO:teuthology.orchestra.run.smithi133.stdout:/usr/bin/ceph: stderr
2024-09-11T23:27:38.703+0000 7f3a46e1b640 1 -- 172.21.15.133:0/3519811813 >> [v2:172.21.15.133:3300/0,v1:172.21.15.133:6789/0] conn(0x7f3a401078d0 msgr2=0x7f3a4019b8f0 secure :-1 s=STATE_CONNECTION_ESTABLISHED l=1).mark_down
2024-09-11T23:27:39.389 INFO:teuthology.orchestra.run.smithi133.stdout:/usr/bin/ceph: stderr
2024-09-11T23:27:38.703+0000 7f3a46e1b640 1 --2- 172.21.15.133:0/3519811813 >> [v2:172.21.15.133:3300/0,v1:172.21.15.133:6789/0] conn(0x7f3a401078d0 0x7f3a4019b8f0 secure :-1 s=READY pgs=19 cs=0 l=1 rev1=1 crypto rx=0x7f3a34009940 tx=0x7f3a340326e0 comp rx=0 tx=0).stop
2024-09-11T23:27:39.390 INFO:teuthology.orchestra.run.smithi133.stdout:/usr/bin/ceph: stderr
2024-09-11T23:27:38.703+0000 7f3a46e1b640 1 -- 172.21.15.133:0/3519811813 shutdown_connections
2024-09-11T23:27:39.390 INFO:teuthology.orchestra.run.smithi133.stdout:/usr/bin/ceph: stderr
2024-09-11T23:27:38.703+0000 7f3a46e1b640 1 --2- 172.21.15.133:0/3519811813 >> [v2:172.21.15.133:6800/2855546700,v1:172.21.15.133:6801/2855546700] conn(0x7f3a30038f70 0x7f3a3003b430 unknown :-1 s=CLOSED pgs=7 cs=0 l=1 rev1=1 crypto rx=0 tx=0 comp rx=0 tx=0).stop
2024-09-11T23:27:39.390 INFO:teuthology.orchestra.run.smithi133.stdout:/usr/bin/ceph: stderr
2024-09-11T23:27:38.703+0000 7f3a46e1b640 1 --2- 172.21.15.133:0/3519811813 >> [v2:172.21.15.133:3300/0,v1:172.21.15.133:6789/0] conn(0x7f3a401078d0 0x7f3a4019b8f0 unknown :-1 s=CLOSED pgs=19 cs=0 l=1 rev1=1 crypto rx=0 tx=0 comp rx=0 tx=0).stop
2024-09-11T23:27:39.390 INFO:teuthology.orchestra.run.smithi133.stdout:/usr/bin/ceph: stderr
2024-09-11T23:27:38.703+0000 7f3a46e1b640 1 -- 172.21.15.133:0/3519811813 >> 172.21.15.133:0/3519811813 conn(0x7f3a40103080 msgr2=0x7f3a40103cb0 unknown :-1 s=STATE_NONE l=0).mark_down
2024-09-11T23:27:39.390 INFO:teuthology.orchestra.run.smithi133.stdout:/usr/bin/ceph: stderr
2024-09-11T23:27:38.703+0000 7f3a46e1b640 1 -- 172.21.15.133:0/3519811813 shutdown_connections
2024-09-11T23:27:39.390 INFO:teuthology.orchestra.run.smithi133.stdout:/usr/bin/ceph: stderr
2024-09-11T23:27:38.703+0000 7f3a46e1b640 1 -- 172.21.15.133:0/3519811813 wait complete.
2024-09-11T23:27:39.390 INFO:teuthology.orchestra.run.smithi133.stdout:Enabling cephadm module...
2024-09-11T23:27:39.557 INFO:journalctl@ceph.mon.a.smithi133.stdout:Sep 11 23:27:39 smithi133 ceph-mon[31430]: from='client.? 172.21.15.133:0/3519811813' entity='client.admin' cmd=[{"prefix": "config assimilate-conf"}]: dispatch
2024-09-11T23:27:40.578 INFO:journalctl@ceph.mon.a.smithi133.stdout:Sep 11 23:27:40 smithi133 ceph-mon[31430]: from='client.? 172.21.15.133:0/1970665918' entity='client.admin' cmd=[{"prefix": "mgr module enable", "module": "cephadm"}]: dispatch
2024-09-11T23:27:40.578 INFO:journalctl@ceph.mgr.x.smithi133.stdout:Sep 11 23:27:40 smithi133 ceph-42321b88-7095-11ef-bcea-c7b262605968-mgr-x[31659]: ignoring --setuser ceph since I am not root
2024-09-11T23:27:40.578 INFO:journalctl@ceph.mgr.x.smithi133.stdout:Sep 11 23:27:40 smithi133 ceph-42321b88-7095-11ef-bcea-c7b262605968-mgr-x[31659]: ignoring --setgroup ceph since I am not root
2024-09-11T23:27:40.578 INFO:journalctl@ceph.mgr.x.smithi133.stdout:Sep 11 23:27:40 smithi133 ceph-42321b88-7095-11ef-bcea-c7b262605968-mgr-x[31659]:
2024-09-11T23:27:40.373+0000 7f4510dc2040 -1 mgr[py] Module osd_perf_query has missing NOTIFY_TYPES member
2024-09-11T23:27:40.579 INFO:journalctl@ceph.mgr.x.smithi133.stdout:Sep 11 23:27:40 smithi133 ceph-42321b88-7095-11ef-bcea-c7b262605968-mgr-x[31659]:
2024-09-11T23:27:40.429+0000 7f4510dc2040 -1 mgr[py] Module osd_support has missing NOTIFY_TYPES member
2024-09-11T23:27:40.579 INFO:journalctl@ceph.mgr.x.smithi133.stdout:Sep 11 23:27:40 smithi133 ceph-42321b88-7095-11ef-bcea-c7b262605968-mgr-x[31659]:
2024-09-11T23:27:40.578+0000 7f4510dc2040 -1 mgr[py] Module diskprediction_local has missing NOTIFY_TYPES member
2024-09-11T23:27:40.877 INFO:journalctl@ceph.mgr.x.smithi133.stdout:Sep 11 23:27:40 smithi133 ceph-42321b88-7095-11ef-bcea-c7b262605968-mgr-x[31659]:
2024-09-11T23:27:40.645+0000 7f4510dc2040 -1 mgr[py] Module crash has missing NOTIFY_TYPES member
2024-09-11T23:27:40.877 INFO:journalctl@ceph.mgr.x.smithi133.stdout:Sep 11 23:27:40 smithi133 ceph-42321b88-7095-11ef-bcea-c7b262605968-mgr-x[31659]:
2024-09-11T23:27:40.794+0000 7f4510dc2040 -1 mgr[py] Module test_orchestrator has missing NOTIFY_TYPES member
2024-09-11T23:27:40.884 INFO:teuthology.orchestra.run.smithi133.stdout:/usr/bin/ceph: stderr
2024-09-11T23:27:39.734+0000 7fcdf17df640 1 Processor -- start
2024-09-11T23:27:40.884 INFO:teuthology.orchestra.run.smithi133.stdout:/usr/bin/ceph: stderr
2024-09-11T23:27:39.734+0000 7fcdf17df640 1 -- start start
2024-09-11T23:27:40.884 INFO:teuthology.orchestra.run.smithi133.stdout:/usr/bin/ceph: stderr
2024-09-11T23:27:39.734+0000 7fcdf17df640 1 --2- >> [v2:172.21.15.133:3300/0,v1:172.21.15.133:6789/0] conn(0x7fcdec07ddc0 0x7fcdec07c270 unknown :-1 s=NONE pgs=0 cs=0 l=0 rev1=0 crypto rx=0 tx=0 comp rx=0 tx=0).connect
2024-09-11T23:27:40.884 INFO:teuthology.orchestra.run.smithi133.stdout:/usr/bin/ceph: stderr
2024-09-11T23:27:39.734+0000 7fcdf17df640 1 -- --> [v2:172.21.15.133:3300/0,v1:172.21.15.133:6789/0] -- mon_getmap magic: 0 -- 0x7fcdec07c7b0 con 0x7fcdec07ddc0
2024-09-11T23:27:40.884 INFO:teuthology.orchestra.run.smithi133.stdout:/usr/bin/ceph: stderr
2024-09-11T23:27:39.734+0000 7fcdeaffd640 1 --2- >> [v2:172.21.15.133:3300/0,v1:172.21.15.133:6789/0] conn(0x7fcdec07ddc0 0x7fcdec07c270 unknown :-1 s=BANNER_CONNECTING pgs=0 cs=0 l=0 rev1=0 crypto rx=0 tx=0 comp rx=0 tx=0)._handle_peer_banner_payload supported=3 required=0
2024-09-11T23:27:40.884 INFO:teuthology.orchestra.run.smithi133.stdout:/usr/bin/ceph: stderr
2024-09-11T23:27:39.734+0000 7fcdeaffd640 1 --2- >> [v2:172.21.15.133:3300/0,v1:172.21.15.133:6789/0] conn(0x7fcdec07ddc0 0x7fcdec07c270 unknown :-1 s=HELLO_CONNECTING pgs=0 cs=0 l=0 rev1=1 crypto rx=0 tx=0 comp rx=0 tx=0).handle_hello peer v2:172.21.15.133:3300/0 says I am v2:172.21.15.133:47994/0 (socket says 172.21.15.133:47994)
2024-09-11T23:27:40.884 INFO:teuthology.orchestra.run.smithi133.stdout:/usr/bin/ceph: stderr
2024-09-11T23:27:39.734+0000 7fcdeaffd640 1 -- 172.21.15.133:0/3623499771 learned_addr learned my addr 172.21.15.133:0/3623499771 (peer_addr_for_me v2:172.21.15.133:0/0)
2024-09-11T23:27:40.885 INFO:teuthology.orchestra.run.smithi133.stdout:/usr/bin/ceph: stderr
2024-09-11T23:27:39.734+0000 7fcdeaffd640 1 -- 172.21.15.133:0/3623499771 --> [v2:172.21.15.133:3300/0,v1:172.21.15.133:6789/0] -- mon_subscribe({config=0+,monmap=0+}) -- 0x7fcdec07c930 con 0x7fcdec07ddc0
2024-09-11T23:27:40.885 INFO:teuthology.orchestra.run.smithi133.stdout:/usr/bin/ceph: stderr
2024-09-11T23:27:39.735+0000 7fcdeaffd640 1 --2- 172.21.15.133:0/3623499771 >> [v2:172.21.15.133:3300/0,v1:172.21.15.133:6789/0] conn(0x7fcdec07ddc0 0x7fcdec07c270 secure :-1 s=READY pgs=20 cs=0 l=1 rev1=1 crypto rx=0x7fcddc009820 tx=0x7fcddc02a270 comp rx=0 tx=0).ready entity=mon.0 client_cookie=71625aa81ad3e91c server_cookie=0 in_seq=0 out_seq=0
2024-09-11T23:27:40.885 INFO:teuthology.orchestra.run.smithi133.stdout:/usr/bin/ceph: stderr
2024-09-11T23:27:39.735+0000 7fcde9ffb640 1 -- 172.21.15.133:0/3623499771 <== mon.0 v2:172.21.15.133:3300/0 1 ==== mon_map magic: 0 ==== 205+0+0 (secure 0 0 0) 0x7fcddc037070 con 0x7fcdec07ddc0
2024-09-11T23:27:40.885 INFO:teuthology.orchestra.run.smithi133.stdout:/usr/bin/ceph: stderr
2024-09-11T23:27:39.735+0000 7fcde9ffb640 1 -- 172.21.15.133:0/3623499771 <== mon.0 v2:172.21.15.133:3300/0 2 ==== config(27 keys) ==== 1109+0+0 (secure 0 0 0) 0x7fcddc032900 con 0x7fcdec07ddc0
2024-09-11T23:27:40.885 INFO:teuthology.orchestra.run.smithi133.stdout:/usr/bin/ceph: stderr
2024-09-11T23:27:39.735+0000 7fcde9ffb640 1 -- 172.21.15.133:0/3623499771 <== mon.0 v2:172.21.15.133:3300/0 3 ==== mon_map magic: 0 ==== 205+0+0 (secure 0 0 0) 0x7fcddc030850 con 0x7fcdec07ddc0
2024-09-11T23:27:40.885 INFO:teuthology.orchestra.run.smithi133.stdout:/usr/bin/ceph: stderr
2024-09-11T23:27:39.736+0000 7fcdf17df640 1 -- 172.21.15.133:0/3623499771 >> [v2:172.21.15.133:3300/0,v1:172.21.15.133:6789/0] conn(0x7fcdec07ddc0 msgr2=0x7fcdec07c270 secure :-1 s=STATE_CONNECTION_ESTABLISHED l=1).mark_down
2024-09-11T23:27:40.885 INFO:teuthology.orchestra.run.smithi133.stdout:/usr/bin/ceph: stderr
2024-09-11T23:27:39.736+0000 7fcdf17df640 1 --2- 172.21.15.133:0/3623499771 >> [v2:172.21.15.133:3300/0,v1:172.21.15.133:6789/0] conn(0x7fcdec07ddc0 0x7fcdec07c270 secure :-1 s=READY pgs=20 cs=0 l=1 rev1=1 crypto rx=0x7fcddc009820 tx=0x7fcddc02a270 comp rx=0 tx=0).stop
2024-09-11T23:27:40.885 INFO:teuthology.orchestra.run.smithi133.stdout:/usr/bin/ceph: stderr
2024-09-11T23:27:39.736+0000 7fcdf17df640 1 -- 172.21.15.133:0/3623499771 shutdown_connections
2024-09-11T23:27:40.885 INFO:teuthology.orchestra.run.smithi133.stdout:/usr/bin/ceph: stderr
