2024-09-11T23:27:59.726+0000 7f42b848d640 1 --2- 172.21.15.133:0/1116072809 >> [v2:172.21.15.133:3300/0,v1:172.21.15.133:6789/0] conn(0x7f42b01078d0 0x7f42b019b8d0 unknown :-1 s=CLOSED pgs=50 cs=0 l=1 rev1=1 crypto rx=0 tx=0 comp rx=0 tx=0).stop
2024-09-11T23:28:00.332 INFO:teuthology.orchestra.run.smithi133.stdout:/usr/bin/ceph: stderr
2024-09-11T23:27:59.726+0000 7f42b848d640 1 -- 172.21.15.133:0/1116072809 >> 172.21.15.133:0/1116072809 conn(0x7f42b0103080 msgr2=0x7f42b0103c50 unknown :-1 s=STATE_NONE l=0).mark_down
2024-09-11T23:28:00.333 INFO:teuthology.orchestra.run.smithi133.stdout:/usr/bin/ceph: stderr
2024-09-11T23:27:59.726+0000 7f42b848d640 1 -- 172.21.15.133:0/1116072809 shutdown_connections
2024-09-11T23:28:00.333 INFO:teuthology.orchestra.run.smithi133.stdout:/usr/bin/ceph: stderr
2024-09-11T23:27:59.726+0000 7f42b848d640 1 -- 172.21.15.133:0/1116072809 wait complete.
2024-09-11T23:28:00.901 INFO:journalctl@ceph.mon.a.smithi133.stdout:Sep 11 23:28:00 smithi133 ceph-mon[31430]: from='client.? 172.21.15.133:0/1116072809' entity='client.admin'
2024-09-11T23:28:01.912 INFO:teuthology.orchestra.run.smithi133.stdout:/usr/bin/ceph: stderr
2024-09-11T23:28:00.720+0000 7fea3d89c640 1 Processor -- start
2024-09-11T23:28:01.912 INFO:teuthology.orchestra.run.smithi133.stdout:/usr/bin/ceph: stderr
2024-09-11T23:28:00.720+0000 7fea3d89c640 1 -- start start
2024-09-11T23:28:01.913 INFO:teuthology.orchestra.run.smithi133.stdout:/usr/bin/ceph: stderr
2024-09-11T23:28:00.720+0000 7fea3d89c640 1 --2- >> [v2:172.21.15.133:3300/0,v1:172.21.15.133:6789/0] conn(0x7fea38106770 0x7fea38106b70 unknown :-1 s=NONE pgs=0 cs=0 l=0 rev1=0 crypto rx=0 tx=0 comp rx=0 tx=0).connect
2024-09-11T23:28:01.913 INFO:teuthology.orchestra.run.smithi133.stdout:/usr/bin/ceph: stderr
2024-09-11T23:28:00.720+0000 7fea3d89c640 1 -- --> [v2:172.21.15.133:3300/0,v1:172.21.15.133:6789/0] -- mon_getmap magic: 0 -- 0x7fea38107140 con 0x7fea38106770
2024-09-11T23:28:01.913 INFO:teuthology.orchestra.run.smithi133.stdout:/usr/bin/ceph: stderr
2024-09-11T23:28:00.721+0000 7fea36ffd640 1 --2- >> [v2:172.21.15.133:3300/0,v1:172.21.15.133:6789/0] conn(0x7fea38106770 0x7fea38106b70 unknown :-1 s=BANNER_CONNECTING pgs=0 cs=0 l=0 rev1=0 crypto rx=0 tx=0 comp rx=0 tx=0)._handle_peer_banner_payload supported=3 required=0
2024-09-11T23:28:01.913 INFO:teuthology.orchestra.run.smithi133.stdout:/usr/bin/ceph: stderr
2024-09-11T23:28:00.721+0000 7fea36ffd640 1 --2- >> [v2:172.21.15.133:3300/0,v1:172.21.15.133:6789/0] conn(0x7fea38106770 0x7fea38106b70 unknown :-1 s=HELLO_CONNECTING pgs=0 cs=0 l=0 rev1=1 crypto rx=0 tx=0 comp rx=0 tx=0).handle_hello peer v2:172.21.15.133:3300/0 says I am v2:172.21.15.133:50350/0 (socket says 172.21.15.133:50350)
2024-09-11T23:28:01.913 INFO:teuthology.orchestra.run.smithi133.stdout:/usr/bin/ceph: stderr
2024-09-11T23:28:00.721+0000 7fea36ffd640 1 -- 172.21.15.133:0/2124695816 learned_addr learned my addr 172.21.15.133:0/2124695816 (peer_addr_for_me v2:172.21.15.133:0/0)
2024-09-11T23:28:01.913 INFO:teuthology.orchestra.run.smithi133.stdout:/usr/bin/ceph: stderr
2024-09-11T23:28:00.721+0000 7fea36ffd640 1 -- 172.21.15.133:0/2124695816 --> [v2:172.21.15.133:3300/0,v1:172.21.15.133:6789/0] -- mon_subscribe({config=0+,monmap=0+}) -- 0x7fea38107970 con 0x7fea38106770
2024-09-11T23:28:01.913 INFO:teuthology.orchestra.run.smithi133.stdout:/usr/bin/ceph: stderr
2024-09-11T23:28:00.721+0000 7fea36ffd640 1 --2- 172.21.15.133:0/2124695816 >> [v2:172.21.15.133:3300/0,v1:172.21.15.133:6789/0] conn(0x7fea38106770 0x7fea38106b70 secure :-1 s=READY pgs=51 cs=0 l=1 rev1=1 crypto rx=0x7fea28009e80 tx=0x7fea2802a7a0 comp rx=0 tx=0).ready entity=mon.0 client_cookie=32aef0cf2bcc401f server_cookie=0 in_seq=0 out_seq=0
2024-09-11T23:28:01.913 INFO:teuthology.orchestra.run.smithi133.stdout:/usr/bin/ceph: stderr
2024-09-11T23:28:00.722+0000 7fea35ffb640 1 -- 172.21.15.133:0/2124695816 <== mon.0 v2:172.21.15.133:3300/0 1 ==== mon_map magic: 0 ==== 205+0+0 (secure 0 0 0) 0x7fea28036070 con 0x7fea38106770
2024-09-11T23:28:01.913 INFO:teuthology.orchestra.run.smithi133.stdout:/usr/bin/ceph: stderr
2024-09-11T23:28:00.722+0000 7fea35ffb640 1 -- 172.21.15.133:0/2124695816 <== mon.0 v2:172.21.15.133:3300/0 2 ==== config(27 keys) ==== 1109+0+0 (secure 0 0 0) 0x7fea280318c0 con 0x7fea38106770
2024-09-11T23:28:01.913 INFO:teuthology.orchestra.run.smithi133.stdout:/usr/bin/ceph: stderr
2024-09-11T23:28:00.722+0000 7fea35ffb640 1 -- 172.21.15.133:0/2124695816 <== mon.0 v2:172.21.15.133:3300/0 3 ==== mon_map magic: 0 ==== 205+0+0 (secure 0 0 0) 0x7fea28007ab0 con 0x7fea38106770
2024-09-11T23:28:01.913 INFO:teuthology.orchestra.run.smithi133.stdout:/usr/bin/ceph: stderr
2024-09-11T23:28:00.722+0000 7fea3d89c640 1 -- 172.21.15.133:0/2124695816 >> [v2:172.21.15.133:3300/0,v1:172.21.15.133:6789/0] conn(0x7fea38106770 msgr2=0x7fea38106b70 secure :-1 s=STATE_CONNECTION_ESTABLISHED l=1).mark_down
2024-09-11T23:28:01.913 INFO:teuthology.orchestra.run.smithi133.stdout:/usr/bin/ceph: stderr
2024-09-11T23:28:00.722+0000 7fea3d89c640 1 --2- 172.21.15.133:0/2124695816 >> [v2:172.21.15.133:3300/0,v1:172.21.15.133:6789/0] conn(0x7fea38106770 0x7fea38106b70 secure :-1 s=READY pgs=51 cs=0 l=1 rev1=1 crypto rx=0x7fea28009e80 tx=0x7fea2802a7a0 comp rx=0 tx=0).stop
2024-09-11T23:28:01.913 INFO:teuthology.orchestra.run.smithi133.stdout:/usr/bin/ceph: stderr
2024-09-11T23:28:00.722+0000 7fea3d89c640 1 -- 172.21.15.133:0/2124695816 shutdown_connections
2024-09-11T23:28:01.913 INFO:teuthology.orchestra.run.smithi133.stdout:/usr/bin/ceph: stderr
2024-09-11T23:28:00.722+0000 7fea3d89c640 1 --2- 172.21.15.133:0/2124695816 >> [v2:172.21.15.133:3300/0,v1:172.21.15.133:6789/0] conn(0x7fea38106770 0x7fea38106b70 unknown :-1 s=CLOSED pgs=51 cs=0 l=1 rev1=1 crypto rx=0 tx=0 comp rx=0 tx=0).stop
2024-09-11T23:28:01.914 INFO:teuthology.orchestra.run.smithi133.stdout:/usr/bin/ceph: stderr
2024-09-11T23:28:00.722+0000 7fea3d89c640 1 -- 172.21.15.133:0/2124695816 >> 172.21.15.133:0/2124695816 conn(0x7fea38101f40 msgr2=0x7fea38104360 unknown :-1 s=STATE_NONE l=0).mark_down
2024-09-11T23:28:01.914 INFO:teuthology.orchestra.run.smithi133.stdout:/usr/bin/ceph: stderr
2024-09-11T23:28:00.722+0000 7fea3d89c640 1 -- 172.21.15.133:0/2124695816 shutdown_connections
2024-09-11T23:28:01.914 INFO:teuthology.orchestra.run.smithi133.stdout:/usr/bin/ceph: stderr
2024-09-11T23:28:00.722+0000 7fea3d89c640 1 -- 172.21.15.133:0/2124695816 wait complete.
2024-09-11T23:28:01.914 INFO:teuthology.orchestra.run.smithi133.stdout:/usr/bin/ceph: stderr
2024-09-11T23:28:00.723+0000 7fea3d89c640 1 Processor -- start
2024-09-11T23:28:01.914 INFO:teuthology.orchestra.run.smithi133.stdout:/usr/bin/ceph: stderr
2024-09-11T23:28:00.723+0000 7fea3d89c640 1 -- start start
2024-09-11T23:28:01.914 INFO:teuthology.orchestra.run.smithi133.stdout:/usr/bin/ceph: stderr
2024-09-11T23:28:00.723+0000 7fea3d89c640 1 --2- >> [v2:172.21.15.133:3300/0,v1:172.21.15.133:6789/0] conn(0x7fea38106770 0x7fea3819a800 unknown :-1 s=NONE pgs=0 cs=0 l=1 rev1=0 crypto rx=0 tx=0 comp rx=0 tx=0).connect
2024-09-11T23:28:01.914 INFO:teuthology.orchestra.run.smithi133.stdout:/usr/bin/ceph: stderr
2024-09-11T23:28:00.723+0000 7fea3d89c640 1 -- --> [v2:172.21.15.133:3300/0,v1:172.21.15.133:6789/0] -- mon_getmap magic: 0 -- 0x7fea3810ad20 con 0x7fea38106770
2024-09-11T23:28:01.914 INFO:teuthology.orchestra.run.smithi133.stdout:/usr/bin/ceph: stderr
2024-09-11T23:28:00.724+0000 7fea36ffd640 1 --2- >> [v2:172.21.15.133:3300/0,v1:172.21.15.133:6789/0] conn(0x7fea38106770 0x7fea3819a800 unknown :-1 s=BANNER_CONNECTING pgs=0 cs=0 l=1 rev1=0 crypto rx=0 tx=0 comp rx=0 tx=0)._handle_peer_banner_payload supported=3 required=0
2024-09-11T23:28:01.914 INFO:teuthology.orchestra.run.smithi133.stdout:/usr/bin/ceph: stderr
2024-09-11T23:28:00.724+0000 7fea36ffd640 1 --2- >> [v2:172.21.15.133:3300/0,v1:172.21.15.133:6789/0] conn(0x7fea38106770 0x7fea3819a800 unknown :-1 s=HELLO_CONNECTING pgs=0 cs=0 l=1 rev1=1 crypto rx=0 tx=0 comp rx=0 tx=0).handle_hello peer v2:172.21.15.133:3300/0 says I am v2:172.21.15.133:50356/0 (socket says 172.21.15.133:50356)
2024-09-11T23:28:01.914 INFO:teuthology.orchestra.run.smithi133.stdout:/usr/bin/ceph: stderr
2024-09-11T23:28:00.724+0000 7fea36ffd640 1 -- 172.21.15.133:0/2895458802 learned_addr learned my addr 172.21.15.133:0/2895458802 (peer_addr_for_me v2:172.21.15.133:0/0)
2024-09-11T23:28:01.914 INFO:teuthology.orchestra.run.smithi133.stdout:/usr/bin/ceph: stderr
2024-09-11T23:28:00.724+0000 7fea36ffd640 1 -- 172.21.15.133:0/2895458802 --> [v2:172.21.15.133:3300/0,v1:172.21.15.133:6789/0] -- mon_subscribe({config=0+,monmap=0+}) -- 0x7fea3819ad40 con 0x7fea38106770
2024-09-11T23:28:01.914 INFO:teuthology.orchestra.run.smithi133.stdout:/usr/bin/ceph: stderr
2024-09-11T23:28:00.724+0000 7fea36ffd640 1 --2- 172.21.15.133:0/2895458802 >> [v2:172.21.15.133:3300/0,v1:172.21.15.133:6789/0] conn(0x7fea38106770 0x7fea3819a800 secure :-1 s=READY pgs=52 cs=0 l=1 rev1=1 crypto rx=0x7fea28007ce0 tx=0x7fea28031ca0 comp rx=0 tx=0).ready entity=mon.0 client_cookie=0 server_cookie=0 in_seq=0 out_seq=0
2024-09-11T23:28:01.914 INFO:teuthology.orchestra.run.smithi133.stdout:/usr/bin/ceph: stderr
2024-09-11T23:28:00.727+0000 7fea3c89a640 1 -- 172.21.15.133:0/2895458802 <== mon.0 v2:172.21.15.133:3300/0 1 ==== mon_map magic: 0 ==== 205+0+0 (secure 0 0 0) 0x7fea28036050 con 0x7fea38106770
2024-09-11T23:28:01.914 INFO:teuthology.orchestra.run.smithi133.stdout:/usr/bin/ceph: stderr
2024-09-11T23:28:00.727+0000 7fea3c89a640 1 -- 172.21.15.133:0/2895458802 <== mon.0 v2:172.21.15.133:3300/0 2 ==== config(27 keys) ==== 1109+0+0 (secure 0 0 0) 0x7fea28042070 con 0x7fea38106770
2024-09-11T23:28:01.915 INFO:teuthology.orchestra.run.smithi133.stdout:/usr/bin/ceph: stderr
2024-09-11T23:28:00.727+0000 7fea3c89a640 1 -- 172.21.15.133:0/2895458802 <== mon.0 v2:172.21.15.133:3300/0 3 ==== mon_map magic: 0 ==== 205+0+0 (secure 0 0 0) 0x7fea2803d8a0 con 0x7fea38106770
2024-09-11T23:28:01.915 INFO:teuthology.orchestra.run.smithi133.stdout:/usr/bin/ceph: stderr
2024-09-11T23:28:00.727+0000 7fea3d89c640 1 -- 172.21.15.133:0/2895458802 --> [v2:172.21.15.133:3300/0,v1:172.21.15.133:6789/0] -- mon_subscribe({mgrmap=0+}) -- 0x7fea3819afd0 con 0x7fea38106770
2024-09-11T23:28:01.915 INFO:teuthology.orchestra.run.smithi133.stdout:/usr/bin/ceph: stderr
2024-09-11T23:28:00.727+0000 7fea3d89c640 1 -- 172.21.15.133:0/2895458802 --> [v2:172.21.15.133:3300/0,v1:172.21.15.133:6789/0] -- mon_subscribe({osdmap=0}) -- 0x7fea3819dcc0 con 0x7fea38106770
2024-09-11T23:28:01.915 INFO:teuthology.orchestra.run.smithi133.stdout:/usr/bin/ceph: stderr
2024-09-11T23:28:00.728+0000 7fea3c89a640 1 -- 172.21.15.133:0/2895458802 <== mon.0 v2:172.21.15.133:3300/0 4 ==== mgrmap(e 8) ==== 46287+0+0 (secure 0 0 0) 0x7fea2803db50 con 0x7fea38106770
2024-09-11T23:28:01.915 INFO:teuthology.orchestra.run.smithi133.stdout:/usr/bin/ceph: stderr
2024-09-11T23:28:00.728+0000 7fea3c89a640 1 --2- 172.21.15.133:0/2895458802 >> [v2:172.21.15.133:6800/2152407978,v1:172.21.15.133:6801/2152407978] conn(0x7fea24038fc0 0x7fea2403b480 unknown :-1 s=NONE pgs=0 cs=0 l=1 rev1=0 crypto rx=0 tx=0 comp rx=0 tx=0).connect
2024-09-11T23:28:01.915 INFO:teuthology.orchestra.run.smithi133.stdout:/usr/bin/ceph: stderr
2024-09-11T23:28:00.728+0000 7fea3c89a640 1 -- 172.21.15.133:0/2895458802 <== mon.0 v2:172.21.15.133:3300/0 5 ==== osd_map(2..2 src has 1..2) ==== 940+0+0 (secure 0 0 0) 0x7fea28007e00 con 0x7fea38106770
2024-09-11T23:28:01.915 INFO:teuthology.orchestra.run.smithi133.stdout:/usr/bin/ceph: stderr
2024-09-11T23:28:00.728+0000 7fea3d89c640 1 -- 172.21.15.133:0/2895458802 --> [v2:172.21.15.133:3300/0,v1:172.21.15.133:6789/0] -- mon_command({"prefix": "get_command_descriptions"} v 0) -- 0x7fea3810aea0 con 0x7fea38106770
2024-09-11T23:28:01.915 INFO:teuthology.orchestra.run.smithi133.stdout:/usr/bin/ceph: stderr
2024-09-11T23:28:00.728+0000 7fea367fc640 1 --2- 172.21.15.133:0/2895458802 >> [v2:172.21.15.133:6800/2152407978,v1:172.21.15.133:6801/2152407978] conn(0x7fea24038fc0 0x7fea2403b480 unknown :-1 s=BANNER_CONNECTING pgs=0 cs=0 l=1 rev1=0 crypto rx=0 tx=0 comp rx=0 tx=0)._handle_peer_banner_payload supported=3 required=0
2024-09-11T23:28:01.915 INFO:teuthology.orchestra.run.smithi133.stdout:/usr/bin/ceph: stderr
2024-09-11T23:28:00.729+0000 7fea367fc640 1 --2- 172.21.15.133:0/2895458802 >> [v2:172.21.15.133:6800/2152407978,v1:172.21.15.133:6801/2152407978] conn(0x7fea24038fc0 0x7fea2403b480 secure :-1 s=READY pgs=15 cs=0 l=1 rev1=1 crypto rx=0x7fea200098c0 tx=0x7fea20006db0 comp rx=0 tx=0).ready entity=mgr.14118 client_cookie=0 server_cookie=0 in_seq=0 out_seq=0
2024-09-11T23:28:01.915 INFO:teuthology.orchestra.run.smithi133.stdout:/usr/bin/ceph: stderr
2024-09-11T23:28:00.733+0000 7fea3c89a640 1 -- 172.21.15.133:0/2895458802 <== mon.0 v2:172.21.15.133:3300/0 6 ==== mon_command_ack([{"prefix": "get_command_descriptions"}]=0 v0) ==== 72+0+188821 (secure 0 0 0) 0x7fea28044310 con 0x7fea38106770
2024-09-11T23:28:01.915 INFO:teuthology.orchestra.run.smithi133.stdout:/usr/bin/ceph: stderr
2024-09-11T23:28:00.901+0000 7fea3d89c640 1 -- 172.21.15.133:0/2895458802 --> [v2:172.21.15.133:3300/0,v1:172.21.15.133:6789/0] -- mon_command([{prefix=config set, name=mgr/dashboard/ssl_server_port}] v 0) -- 0x7fea38106bf0 con 0x7fea38106770
2024-09-11T23:28:01.915 INFO:teuthology.orchestra.run.smithi133.stdout:/usr/bin/ceph: stderr
2024-09-11T23:28:00.906+0000 7fea3c89a640 1 -- 172.21.15.133:0/2895458802 <== mon.0 v2:172.21.15.133:3300/0 7 ==== mon_command_ack([{prefix=config set, name=mgr/dashboard/ssl_server_port}]=0 v7)=0 v7) ==== 130+0+0 (secure 0 0 0) 0x7fea28045520 con 0x7fea38106770
2024-09-11T23:28:01.915 INFO:teuthology.orchestra.run.smithi133.stdout:/usr/bin/ceph: stderr
2024-09-11T23:28:00.909+0000 7fea3d89c640 1 -- 172.21.15.133:0/2895458802 >> [v2:172.21.15.133:6800/2152407978,v1:172.21.15.133:6801/2152407978] conn(0x7fea24038fc0 msgr2=0x7fea2403b480 secure :-1 s=STATE_CONNECTION_ESTABLISHED l=1).mark_down
2024-09-11T23:28:01.915 INFO:teuthology.orchestra.run.smithi133.stdout:/usr/bin/ceph: stderr
2024-09-11T23:28:00.909+0000 7fea3d89c640 1 --2- 172.21.15.133:0/2895458802 >> [v2:172.21.15.133:6800/2152407978,v1:172.21.15.133:6801/2152407978] conn(0x7fea24038fc0 0x7fea2403b480 secure :-1 s=READY pgs=15 cs=0 l=1 rev1=1 crypto rx=0x7fea200098c0 tx=0x7fea20006db0 comp rx=0 tx=0).stop
2024-09-11T23:28:01.915 INFO:teuthology.orchestra.run.smithi133.stdout:/usr/bin/ceph: stderr
2024-09-11T23:28:00.909+0000 7fea3d89c640 1 -- 172.21.15.133:0/2895458802 >> [v2:172.21.15.133:3300/0,v1:172.21.15.133:6789/0] conn(0x7fea38106770 msgr2=0x7fea3819a800 secure :-1 s=STATE_CONNECTION_ESTABLISHED l=1).mark_down
2024-09-11T23:28:01.916 INFO:teuthology.orchestra.run.smithi133.stdout:/usr/bin/ceph: stderr
2024-09-11T23:28:00.909+0000 7fea3d89c640 1 --2- 172.21.15.133:0/2895458802 >> [v2:172.21.15.133:3300/0,v1:172.21.15.133:6789/0] conn(0x7fea38106770 0x7fea3819a800 secure :-1 s=READY pgs=52 cs=0 l=1 rev1=1 crypto rx=0x7fea28007ce0 tx=0x7fea28031ca0 comp rx=0 tx=0).stop
2024-09-11T23:28:01.916 INFO:teuthology.orchestra.run.smithi133.stdout:/usr/bin/ceph: stderr
2024-09-11T23:28:00.909+0000 7fea3d89c640 1 -- 172.21.15.133:0/2895458802 shutdown_connections
2024-09-11T23:28:01.916 INFO:teuthology.orchestra.run.smithi133.stdout:/usr/bin/ceph: stderr
2024-09-11T23:28:00.909+0000 7fea3d89c640 1 --2- 172.21.15.133:0/2895458802 >> [v2:172.21.15.133:6800/2152407978,v1:172.21.15.133:6801/2152407978] conn(0x7fea24038fc0 0x7fea2403b480 unknown :-1 s=CLOSED pgs=15 cs=0 l=1 rev1=1 crypto rx=0 tx=0 comp rx=0 tx=0).stop
2024-09-11T23:28:01.916 INFO:teuthology.orchestra.run.smithi133.stdout:/usr/bin/ceph: stderr
2024-09-11T23:28:00.909+0000 7fea3d89c640 1 --2- 172.21.15.133:0/2895458802 >> [v2:172.21.15.133:3300/0,v1:172.21.15.133:6789/0] conn(0x7fea38106770 0x7fea3819a800 unknown :-1 s=CLOSED pgs=52 cs=0 l=1 rev1=1 crypto rx=0 tx=0 comp rx=0 tx=0).stop
2024-09-11T23:28:01.916 INFO:teuthology.orchestra.run.smithi133.stdout:/usr/bin/ceph: stderr
2024-09-11T23:28:00.909+0000 7fea3d89c640 1 -- 172.21.15.133:0/2895458802 >> 172.21.15.133:0/2895458802 conn(0x7fea38101f40 msgr2=0x7fea38102ae0 unknown :-1 s=STATE_NONE l=0).mark_down
2024-09-11T23:28:01.916 INFO:teuthology.orchestra.run.smithi133.stdout:/usr/bin/ceph: stderr
2024-09-11T23:28:00.909+0000 7fea3d89c640 1 -- 172.21.15.133:0/2895458802 shutdown_connections
2024-09-11T23:28:01.916 INFO:teuthology.orchestra.run.smithi133.stdout:/usr/bin/ceph: stderr
2024-09-11T23:28:00.909+0000 7fea3d89c640 1 -- 172.21.15.133:0/2895458802 wait complete.
2024-09-11T23:28:01.916 INFO:teuthology.orchestra.run.smithi133.stdout:Enabling the dashboard module...
2024-09-11T23:28:02.209 INFO:journalctl@ceph.mon.a.smithi133.stdout:Sep 11 23:28:01 smithi133 ceph-mon[31430]: from='client.? 172.21.15.133:0/2895458802' entity='client.admin'
2024-09-11T23:28:02.209 INFO:journalctl@ceph.mon.a.smithi133.stdout:Sep 11 23:28:01 smithi133 ceph-mon[31430]: from='mgr.14118 172.21.15.133:0/390552447' entity='mgr.x'
2024-09-11T23:28:02.209 INFO:journalctl@ceph.mon.a.smithi133.stdout:Sep 11 23:28:01 smithi133 ceph-mon[31430]: from='mgr.14118 172.21.15.133:0/390552447' entity='mgr.x'
2024-09-11T23:28:03.123 INFO:journalctl@ceph.mon.a.smithi133.stdout:Sep 11 23:28:02 smithi133 ceph-mon[31430]: from='client.? 172.21.15.133:0/2983914370' entity='client.admin' cmd=[{"prefix": "mgr module enable", "module": "dashboard"}]: dispatch
2024-09-11T23:28:03.123 INFO:journalctl@ceph.mgr.x.smithi133.stdout:Sep 11 23:28:02 smithi133 ceph-42321b88-7095-11ef-bcea-c7b262605968-mgr-x[31659]: ignoring --setuser ceph since I am not root
2024-09-11T23:28:03.123 INFO:journalctl@ceph.mgr.x.smithi133.stdout:Sep 11 23:28:02 smithi133 ceph-42321b88-7095-11ef-bcea-c7b262605968-mgr-x[31659]: ignoring --setgroup ceph since I am not root
2024-09-11T23:28:03.123 INFO:journalctl@ceph.mgr.x.smithi133.stdout:Sep 11 23:28:03 smithi133 ceph-42321b88-7095-11ef-bcea-c7b262605968-mgr-x[31659]:
2024-09-11T23:28:03.063+0000 7f628e416040 -1 mgr[py] Module osd_perf_query has missing NOTIFY_TYPES member
2024-09-11T23:28:03.123 INFO:journalctl@ceph.mgr.x.smithi133.stdout:Sep 11 23:28:03 smithi133 ceph-42321b88-7095-11ef-bcea-c7b262605968-mgr-x[31659]:
2024-09-11T23:28:03.122+0000 7f628e416040 -1 mgr[py] Module osd_support has missing NOTIFY_TYPES member
2024-09-11T23:28:03.435 INFO:journalctl@ceph.mgr.x.smithi133.stdout:Sep 11 23:28:03 smithi133 ceph-42321b88-7095-11ef-bcea-c7b262605968-mgr-x[31659]:
2024-09-11T23:28:03.278+0000 7f628e416040 -1 mgr[py] Module diskprediction_local has missing NOTIFY_TYPES member
2024-09-11T23:28:03.436 INFO:journalctl@ceph.mgr.x.smithi133.stdout:Sep 11 23:28:03 smithi133 ceph-42321b88-7095-11ef-bcea-c7b262605968-mgr-x[31659]:
2024-09-11T23:28:03.346+0000 7f628e416040 -1 mgr[py] Module crash has missing NOTIFY_TYPES member
2024-09-11T23:28:03.709 INFO:journalctl@ceph.mgr.x.smithi133.stdout:Sep 11 23:28:03 smithi133 ceph-42321b88-7095-11ef-bcea-c7b262605968-mgr-x[31659]:
2024-09-11T23:28:03.503+0000 7f628e416040 -1 mgr[py] Module test_orchestrator has missing NOTIFY_TYPES member
2024-09-11T23:28:03.709 INFO:journalctl@ceph.mgr.x.smithi133.stdout:Sep 11 23:28:03 smithi133 ceph-42321b88-7095-11ef-bcea-c7b262605968-mgr-x[31659]:
2024-09-11T23:28:03.646+0000 7f628e416040 -1 mgr[py] Module snap_schedule has missing NOTIFY_TYPES member
2024-09-11T23:28:03.833 INFO:teuthology.orchestra.run.smithi133.stdout:/usr/bin/ceph: stderr
2024-09-11T23:28:02.330+0000 7f05fa79c640 1 Processor -- start
2024-09-11T23:28:03.833 INFO:teuthology.orchestra.run.smithi133.stdout:/usr/bin/ceph: stderr
2024-09-11T23:28:02.331+0000 7f05fa79c640 1 -- start start
2024-09-11T23:28:03.834 INFO:teuthology.orchestra.run.smithi133.stdout:/usr/bin/ceph: stderr
2024-09-11T23:28:02.331+0000 7f05fa79c640 1 --2- >> [v2:172.21.15.133:3300/0,v1:172.21.15.133:6789/0] conn(0x7f05f4106780 0x7f05f4106b80 unknown :-1 s=NONE pgs=0 cs=0 l=0 rev1=0 crypto rx=0 tx=0 comp rx=0 tx=0).connect
2024-09-11T23:28:03.834 INFO:teuthology.orchestra.run.smithi133.stdout:/usr/bin/ceph: stderr
2024-09-11T23:28:02.331+0000 7f05fa79c640 1 -- --> [v2:172.21.15.133:3300/0,v1:172.21.15.133:6789/0] -- mon_getmap magic: 0 -- 0x7f05f4107150 con 0x7f05f4106780
2024-09-11T23:28:03.834 INFO:teuthology.orchestra.run.smithi133.stdout:/usr/bin/ceph: stderr
2024-09-11T23:28:02.331+0000 7f05f3fff640 1 --2- >> [v2:172.21.15.133:3300/0,v1:172.21.15.133:6789/0] conn(0x7f05f4106780 0x7f05f4106b80 unknown :-1 s=BANNER_CONNECTING pgs=0 cs=0 l=0 rev1=0 crypto rx=0 tx=0 comp rx=0 tx=0)._handle_peer_banner_payload supported=3 required=0
2024-09-11T23:28:03.834 INFO:teuthology.orchestra.run.smithi133.stdout:/usr/bin/ceph: stderr
2024-09-11T23:28:02.331+0000 7f05f3fff640 1 --2- >> [v2:172.21.15.133:3300/0,v1:172.21.15.133:6789/0] conn(0x7f05f4106780 0x7f05f4106b80 unknown :-1 s=HELLO_CONNECTING pgs=0 cs=0 l=0 rev1=1 crypto rx=0 tx=0 comp rx=0 tx=0).handle_hello peer v2:172.21.15.133:3300/0 says I am v2:172.21.15.133:48938/0 (socket says 172.21.15.133:48938)
2024-09-11T23:28:03.834 INFO:teuthology.orchestra.run.smithi133.stdout:/usr/bin/ceph: stderr
2024-09-11T23:28:02.331+0000 7f05f3fff640 1 -- 172.21.15.133:0/1701031186 learned_addr learned my addr 172.21.15.133:0/1701031186 (peer_addr_for_me v2:172.21.15.133:0/0)
2024-09-11T23:28:03.834 INFO:teuthology.orchestra.run.smithi133.stdout:/usr/bin/ceph: stderr
2024-09-11T23:28:02.331+0000 7f05f3fff640 1 -- 172.21.15.133:0/1701031186 --> [v2:172.21.15.133:3300/0,v1:172.21.15.133:6789/0] -- mon_subscribe({config=0+,monmap=0+}) -- 0x7f05f4107980 con 0x7f05f4106780
2024-09-11T23:28:03.834 INFO:teuthology.orchestra.run.smithi133.stdout:/usr/bin/ceph: stderr
2024-09-11T23:28:02.332+0000 7f05f3fff640 1 --2- 172.21.15.133:0/1701031186 >> [v2:172.21.15.133:3300/0,v1:172.21.15.133:6789/0] conn(0x7f05f4106780 0x7f05f4106b80 secure :-1 s=READY pgs=53 cs=0 l=1 rev1=1 crypto rx=0x7f05e4009820 tx=0x7f05e402a270 comp rx=0 tx=0).ready entity=mon.0 client_cookie=1a7228a30fcb84e5 server_cookie=0 in_seq=0 out_seq=0
2024-09-11T23:28:03.834 INFO:teuthology.orchestra.run.smithi133.stdout:/usr/bin/ceph: stderr
2024-09-11T23:28:02.332+0000 7f05f37fe640 1 -- 172.21.15.133:0/1701031186 <== mon.0 v2:172.21.15.133:3300/0 1 ==== mon_map magic: 0 ==== 205+0+0 (secure 0 0 0) 0x7f05e4037070 con 0x7f05f4106780
2024-09-11T23:28:03.834 INFO:teuthology.orchestra.run.smithi133.stdout:/usr/bin/ceph: stderr
2024-09-11T23:28:02.332+0000 7f05f37fe640 1 -- 172.21.15.133:0/1701031186 <== mon.0 v2:172.21.15.133:3300/0 2 ==== config(27 keys) ==== 1140+0+0 (secure 0 0 0) 0x7f05e4032920 con 0x7f05f4106780
2024-09-11T23:28:03.834 INFO:teuthology.orchestra.run.smithi133.stdout:/usr/bin/ceph: stderr
2024-09-11T23:28:02.332+0000 7f05f37fe640 1 -- 172.21.15.133:0/1701031186 <== mon.0 v2:172.21.15.133:3300/0 3 ==== mon_map magic: 0 ==== 205+0+0 (secure 0 0 0) 0x7f05e4030810 con 0x7f05f4106780
2024-09-11T23:28:03.834 INFO:teuthology.orchestra.run.smithi133.stdout:/usr/bin/ceph: stderr
2024-09-11T23:28:02.333+0000 7f05fa79c640 1 -- 172.21.15.133:0/1701031186 >> [v2:172.21.15.133:3300/0,v1:172.21.15.133:6789/0] conn(0x7f05f4106780 msgr2=0x7f05f4106b80 secure :-1 s=STATE_CONNECTION_ESTABLISHED l=1).mark_down
2024-09-11T23:28:03.834 INFO:teuthology.orchestra.run.smithi133.stdout:/usr/bin/ceph: stderr
2024-09-11T23:28:02.333+0000 7f05fa79c640 1 --2- 172.21.15.133:0/1701031186 >> [v2:172.21.15.133:3300/0,v1:172.21.15.133:6789/0] conn(0x7f05f4106780 0x7f05f4106b80 secure :-1 s=READY pgs=53 cs=0 l=1 rev1=1 crypto rx=0x7f05e4009820 tx=0x7f05e402a270 comp rx=0 tx=0).stop
2024-09-11T23:28:03.835 INFO:teuthology.orchestra.run.smithi133.stdout:/usr/bin/ceph: stderr
2024-09-11T23:28:02.333+0000 7f05fa79c640 1 -- 172.21.15.133:0/1701031186 shutdown_connections
2024-09-11T23:28:03.835 INFO:teuthology.orchestra.run.smithi133.stdout:/usr/bin/ceph: stderr
2024-09-11T23:28:02.333+0000 7f05fa79c640 1 --2- 172.21.15.133:0/1701031186 >> [v2:172.21.15.133:3300/0,v1:172.21.15.133:6789/0] conn(0x7f05f4106780 0x7f05f4106b80 unknown :-1 s=CLOSED pgs=53 cs=0 l=1 rev1=1 crypto rx=0 tx=0 comp rx=0 tx=0).stop
2024-09-11T23:28:03.835 INFO:teuthology.orchestra.run.smithi133.stdout:/usr/bin/ceph: stderr
2024-09-11T23:28:02.333+0000 7f05fa79c640 1 -- 172.21.15.133:0/1701031186 >> 172.21.15.133:0/1701031186 conn(0x7f05f4101f10 msgr2=0x7f05f4104350 unknown :-1 s=STATE_NONE l=0).mark_down
2024-09-11T23:28:03.835 INFO:teuthology.orchestra.run.smithi133.stdout:/usr/bin/ceph: stderr
2024-09-11T23:28:02.333+0000 7f05fa79c640 1 -- 172.21.15.133:0/1701031186 shutdown_connections
2024-09-11T23:28:03.835 INFO:teuthology.orchestra.run.smithi133.stdout:/usr/bin/ceph: stderr
2024-09-11T23:28:02.333+0000 7f05fa79c640 1 -- 172.21.15.133:0/1701031186 wait complete.
2024-09-11T23:28:03.835 INFO:teuthology.orchestra.run.smithi133.stdout:/usr/bin/ceph: stderr
2024-09-11T23:28:02.333+0000 7f05fa79c640 1 Processor -- start
2024-09-11T23:28:03.835 INFO:teuthology.orchestra.run.smithi133.stdout:/usr/bin/ceph: stderr
2024-09-11T23:28:02.334+0000 7f05fa79c640 1 -- start start
2024-09-11T23:28:03.835 INFO:teuthology.orchestra.run.smithi133.stdout:/usr/bin/ceph: stderr
2024-09-11T23:28:02.334+0000 7f05fa79c640 1 --2- >> [v2:172.21.15.133:3300/0,v1:172.21.15.133:6789/0] conn(0x7f05f4106780 0x7f05f41919b0 unknown :-1 s=NONE pgs=0 cs=0 l=1 rev1=0 crypto rx=0 tx=0 comp rx=0 tx=0).connect
2024-09-11T23:28:03.835 INFO:teuthology.orchestra.run.smithi133.stdout:/usr/bin/ceph: stderr
2024-09-11T23:28:02.334+0000 7f05fa79c640 1 -- --> [v2:172.21.15.133:3300/0,v1:172.21.15.133:6789/0] -- mon_getmap magic: 0 -- 0x7f05f410ad30 con 0x7f05f4106780
2024-09-11T23:28:03.835 INFO:teuthology.orchestra.run.smithi133.stdout:/usr/bin/ceph: stderr
2024-09-11T23:28:02.334+0000 7f05f3fff640 1 --2- >> [v2:172.21.15.133:3300/0,v1:172.21.15.133:6789/0] conn(0x7f05f4106780 0x7f05f41919b0 unknown :-1 s=BANNER_CONNECTING pgs=0 cs=0 l=1 rev1=0 crypto rx=0 tx=0 comp rx=0 tx=0)._handle_peer_banner_payload supported=3 required=0
2024-09-11T23:28:03.835 INFO:teuthology.orchestra.run.smithi133.stdout:/usr/bin/ceph: stderr
2024-09-11T23:28:02.334+0000 7f05f3fff640 1 --2- >> [v2:172.21.15.133:3300/0,v1:172.21.15.133:6789/0] conn(0x7f05f4106780 0x7f05f41919b0 unknown :-1 s=HELLO_CONNECTING pgs=0 cs=0 l=1 rev1=1 crypto rx=0 tx=0 comp rx=0 tx=0).handle_hello peer v2:172.21.15.133:3300/0 says I am v2:172.21.15.133:48944/0 (socket says 172.21.15.133:48944)
2024-09-11T23:28:03.835 INFO:teuthology.orchestra.run.smithi133.stdout:/usr/bin/ceph: stderr
2024-09-11T23:28:02.334+0000 7f05f3fff640 1 -- 172.21.15.133:0/2983914370 learned_addr learned my addr 172.21.15.133:0/2983914370 (peer_addr_for_me v2:172.21.15.133:0/0)
2024-09-11T23:28:03.835 INFO:teuthology.orchestra.run.smithi133.stdout:/usr/bin/ceph: stderr
2024-09-11T23:28:02.334+0000 7f05f3fff640 1 -- 172.21.15.133:0/2983914370 --> [v2:172.21.15.133:3300/0,v1:172.21.15.133:6789/0] -- mon_subscribe({config=0+,monmap=0+}) -- 0x7f05f4191ef0 con 0x7f05f4106780
2024-09-11T23:28:03.835 INFO:teuthology.orchestra.run.smithi133.stdout:/usr/bin/ceph: stderr
2024-09-11T23:28:02.334+0000 7f05f3fff640 1 --2- 172.21.15.133:0/2983914370 >> [v2:172.21.15.133:3300/0,v1:172.21.15.133:6789/0] conn(0x7f05f4106780 0x7f05f41919b0 secure :-1 s=READY pgs=54 cs=0 l=1 rev1=1 crypto rx=0x7f05e40097f0 tx=0x7f05e40327b0 comp rx=0 tx=0).ready entity=mon.0 client_cookie=0 server_cookie=0 in_seq=0 out_seq=0
2024-09-11T23:28:03.835 INFO:teuthology.orchestra.run.smithi133.stdout:/usr/bin/ceph: stderr
2024-09-11T23:28:02.334+0000 7f05f1ffb640 1 -- 172.21.15.133:0/2983914370 <== mon.0 v2:172.21.15.133:3300/0 1 ==== mon_map magic: 0 ==== 205+0+0 (secure 0 0 0) 0x7f05e4037040 con 0x7f05f4106780
2024-09-11T23:28:03.836 INFO:teuthology.orchestra.run.smithi133.stdout:/usr/bin/ceph: stderr
2024-09-11T23:28:02.334+0000 7f05f1ffb640 1 -- 172.21.15.133:0/2983914370 <== mon.0 v2:172.21.15.133:3300/0 2 ==== config(27 keys) ==== 1140+0+0 (secure 0 0 0) 0x7f05e4030c40 con 0x7f05f4106780
2024-09-11T23:28:03.836 INFO:teuthology.orchestra.run.smithi133.stdout:/usr/bin/ceph: stderr
2024-09-11T23:28:02.334+0000 7f05fa79c640 1 -- 172.21.15.133:0/2983914370 --> [v2:172.21.15.133:3300/0,v1:172.21.15.133:6789/0] -- mon_subscribe({mgrmap=0+}) -- 0x7f05f41900e0 con 0x7f05f4106780
2024-09-11T23:28:03.836 INFO:teuthology.orchestra.run.smithi133.stdout:/usr/bin/ceph: stderr
2024-09-11T23:28:02.334+0000 7f05f1ffb640 1 -- 172.21.15.133:0/2983914370 <== mon.0 v2:172.21.15.133:3300/0 3 ==== mon_map magic: 0 ==== 205+0+0 (secure 0 0 0) 0x7f05e403a5b0 con 0x7f05f4106780
2024-09-11T23:28:03.836 INFO:teuthology.orchestra.run.smithi133.stdout:/usr/bin/ceph: stderr
2024-09-11T23:28:02.334+0000 7f05fa79c640 1 -- 172.21.15.133:0/2983914370 --> [v2:172.21.15.133:3300/0,v1:172.21.15.133:6789/0] -- mon_subscribe({osdmap=0}) -- 0x7f05f4190620 con 0x7f05f4106780
2024-09-11T23:28:03.836 INFO:teuthology.orchestra.run.smithi133.stdout:/usr/bin/ceph: stderr
2024-09-11T23:28:02.335+0000 7f05f1ffb640 1 -- 172.21.15.133:0/2983914370 <== mon.0 v2:172.21.15.133:3300/0 4 ==== mgrmap(e 8) ==== 46287+0+0 (secure 0 0 0) 0x7f05e403a7f0 con 0x7f05f4106780
2024-09-11T23:28:03.836 INFO:teuthology.orchestra.run.smithi133.stdout:/usr/bin/ceph: stderr
2024-09-11T23:28:02.336+0000 7f05fa79c640 1 -- 172.21.15.133:0/2983914370 --> [v2:172.21.15.133:3300/0,v1:172.21.15.133:6789/0] -- mon_command({"prefix": "get_command_descriptions"} v 0) -- 0x7f05f410aeb0 con 0x7f05f4106780
2024-09-11T23:28:03.836 INFO:teuthology.orchestra.run.smithi133.stdout:/usr/bin/ceph: stderr
2024-09-11T23:28:02.336+0000 7f05f1ffb640 1 --2- 172.21.15.133:0/2983914370 >> [v2:172.21.15.133:6800/2152407978,v1:172.21.15.133:6801/2152407978] conn(0x7f05e0038f70 0x7f05e003b430 unknown :-1 s=NONE pgs=0 cs=0 l=1 rev1=0 crypto rx=0 tx=0 comp rx=0 tx=0).connect
2024-09-11T23:28:03.836 INFO:teuthology.orchestra.run.smithi133.stdout:/usr/bin/ceph: stderr
2024-09-11T23:28:02.336+0000 7f05f1ffb640 1 -- 172.21.15.133:0/2983914370 <== mon.0 v2:172.21.15.133:3300/0 5 ==== osd_map(2..2 src has 1..2) ==== 940+0+0 (secure 0 0 0) 0x7f05e406c540 con 0x7f05f4106780
2024-09-11T23:28:03.836 INFO:teuthology.orchestra.run.smithi133.stdout:/usr/bin/ceph: stderr
2024-09-11T23:28:02.336+0000 7f05ebfff640 1 --2- 172.21.15.133:0/2983914370 >> [v2:172.21.15.133:6800/2152407978,v1:172.21.15.133:6801/2152407978] conn(0x7f05e0038f70 0x7f05e003b430 unknown :-1 s=BANNER_CONNECTING pgs=0 cs=0 l=1 rev1=0 crypto rx=0 tx=0 comp rx=0 tx=0)._handle_peer_banner_payload supported=3 required=0
2024-09-11T23:28:03.837 INFO:teuthology.orchestra.run.smithi133.stdout:/usr/bin/ceph: stderr
2024-09-11T23:28:02.336+0000 7f05ebfff640 1 --2- 172.21.15.133:0/2983914370 >> [v2:172.21.15.133:6800/2152407978,v1:172.21.15.133:6801/2152407978] conn(0x7f05e0038f70 0x7f05e003b430 secure :-1 s=READY pgs=16 cs=0 l=1 rev1=1 crypto rx=0x7f05dc0098c0 tx=0x7f05dc006db0 comp rx=0 tx=0).ready entity=mgr.14118 client_cookie=0 server_cookie=0 in_seq=0 out_seq=0
2024-09-11T23:28:03.837 INFO:teuthology.orchestra.run.smithi133.stdout:/usr/bin/ceph: stderr
2024-09-11T23:28:02.340+0000 7f05f1ffb640 1 -- 172.21.15.133:0/2983914370 <== mon.0 v2:172.21.15.133:3300/0 6 ==== mon_command_ack([{"prefix": "get_command_descriptions"}]=0 v0) ==== 72+0+188821 (secure 0 0 0) 0x7f05e4031c00 con 0x7f05f4106780
2024-09-11T23:28:03.838 INFO:teuthology.orchestra.run.smithi133.stdout:/usr/bin/ceph: stderr
2024-09-11T23:28:02.570+0000 7f05fa79c640 1 -- 172.21.15.133:0/2983914370 --> [v2:172.21.15.133:3300/0,v1:172.21.15.133:6789/0] -- mon_command({"prefix": "mgr module enable", "module": "dashboard"} v 0) -- 0x7f05f4195630 con 0x7f05f4106780
2024-09-11T23:28:03.838 INFO:teuthology.orchestra.run.smithi133.stdout:/usr/bin/ceph: stderr
2024-09-11T23:28:02.910+0000 7f05f1ffb640 1 -- 172.21.15.133:0/2983914370 <== mon.0 v2:172.21.15.133:3300/0 7 ==== mon_command_ack([{"prefix": "mgr module enable", "module": "dashboard"}]=0 v9) ==== 88+0+0 (secure 0 0 0) 0x7f05e4044920 con 0x7f05f4106780
2024-09-11T23:28:03.838 INFO:teuthology.orchestra.run.smithi133.stdout:/usr/bin/ceph: stderr
2024-09-11T23:28:02.912+0000 7f05f1ffb640 1 -- 172.21.15.133:0/2983914370 <== mon.0 v2:172.21.15.133:3300/0 8 ==== mgrmap(e 9) ==== 46300+0+0 (secure 0 0 0) 0x7f05e4044400 con 0x7f05f4106780
2024-09-11T23:28:03.838 INFO:teuthology.orchestra.run.smithi133.stdout:/usr/bin/ceph: stderr
2024-09-11T23:28:02.913+0000 7f05fa79c640 1 -- 172.21.15.133:0/2983914370 >> [v2:172.21.15.133:6800/2152407978,v1:172.21.15.133:6801/2152407978] conn(0x7f05e0038f70 msgr2=0x7f05e003b430 secure :-1 s=STATE_CONNECTION_ESTABLISHED l=1).mark_down
2024-09-11T23:28:03.838 INFO:teuthology.orchestra.run.smithi133.stdout:/usr/bin/ceph: stderr
2024-09-11T23:28:02.913+0000 7f05fa79c640 1 --2- 172.21.15.133:0/2983914370 >> [v2:172.21.15.133:6800/2152407978,v1:172.21.15.133:6801/2152407978] conn(0x7f05e0038f70 0x7f05e003b430 secure :-1 s=READY pgs=16 cs=0 l=1 rev1=1 crypto rx=0x7f05dc0098c0 tx=0x7f05dc006db0 comp rx=0 tx=0).stop
2024-09-11T23:28:03.838 INFO:teuthology.orchestra.run.smithi133.stdout:/usr/bin/ceph: stderr
2024-09-11T23:28:02.913+0000 7f05fa79c640 1 -- 172.21.15.133:0/2983914370 >> [v2:172.21.15.133:3300/0,v1:172.21.15.133:6789/0] conn(0x7f05f4106780 msgr2=0x7f05f41919b0 secure :-1 s=STATE_CONNECTION_ESTABLISHED l=1).mark_down
2024-09-11T23:28:03.838 INFO:teuthology.orchestra.run.smithi133.stdout:/usr/bin/ceph: stderr
2024-09-11T23:28:02.913+0000 7f05fa79c640 1 --2- 172.21.15.133:0/2983914370 >> [v2:172.21.15.133:3300/0,v1:172.21.15.133:6789/0] conn(0x7f05f4106780 0x7f05f41919b0 secure :-1 s=READY pgs=54 cs=0 l=1 rev1=1 crypto rx=0x7f05e40097f0 tx=0x7f05e40327b0 comp rx=0 tx=0).stop
2024-09-11T23:28:03.838 INFO:teuthology.orchestra.run.smithi133.stdout:/usr/bin/ceph: stderr
2024-09-11T23:28:02.913+0000 7f05fa79c640 1 -- 172.21.15.133:0/2983914370 shutdown_connections
2024-09-11T23:28:03.838 INFO:teuthology.orchestra.run.smithi133.stdout:/usr/bin/ceph: stderr
2024-09-11T23:28:02.913+0000 7f05fa79c640 1 --2- 172.21.15.133:0/2983914370 >> [v2:172.21.15.133:6800/2152407978,v1:172.21.15.133:6801/2152407978] conn(0x7f05e0038f70 0x7f05e003b430 unknown :-1 s=CLOSED pgs=16 cs=0 l=1 rev1=1 crypto rx=0 tx=0 comp rx=0 tx=0).stop
2024-09-11T23:28:03.838 INFO:teuthology.orchestra.run.smithi133.stdout:/usr/bin/ceph: stderr
2024-09-11T23:28:02.913+0000 7f05fa79c640 1 --2- 172.21.15.133:0/2983914370 >> [v2:172.21.15.133:3300/0,v1:172.21.15.133:6789/0] conn(0x7f05f4106780 0x7f05f41919b0 unknown :-1 s=CLOSED pgs=54 cs=0 l=1 rev1=1 crypto rx=0 tx=0 comp rx=0 tx=0).stop
2024-09-11T23:28:03.838 INFO:teuthology.orchestra.run.smithi133.stdout:/usr/bin/ceph: stderr
2024-09-11T23:28:02.913+0000 7f05fa79c640 1 -- 172.21.15.133:0/2983914370 >> 172.21.15.133:0/2983914370 conn(0x7f05f4101f10 msgr2=0x7f05f4102eb0 unknown :-1 s=STATE_NONE l=0).mark_down
2024-09-11T23:28:03.838 INFO:teuthology.orchestra.run.smithi133.stdout:/usr/bin/ceph: stderr
2024-09-11T23:28:02.914+0000 7f05fa79c640 1 -- 172.21.15.133:0/2983914370 shutdown_connections
2024-09-11T23:28:03.838 INFO:teuthology.orchestra.run.smithi133.stdout:/usr/bin/ceph: stderr
2024-09-11T23:28:02.914+0000 7f05fa79c640 1 -- 172.21.15.133:0/2983914370 wait complete.
2024-09-11T23:28:04.161 INFO:journalctl@ceph.mon.a.smithi133.stdout:Sep 11 23:28:03 smithi133 ceph-mon[31430]: from='client.? 172.21.15.133:0/2983914370' entity='client.admin' cmd='[{"prefix": "mgr module enable", "module": "dashboard"}]': finished
2024-09-11T23:28:04.162 INFO:journalctl@ceph.mon.a.smithi133.stdout:Sep 11 23:28:03 smithi133 ceph-mon[31430]: mgrmap e9: x(active, since 17s)
2024-09-11T23:28:04.162 INFO:journalctl@ceph.mgr.x.smithi133.stdout:Sep 11 23:28:03 smithi133 ceph-42321b88-7095-11ef-bcea-c7b262605968-mgr-x[31659]:
2024-09-11T23:28:03.972+0000 7f628e416040 -1 mgr[py] Module prometheus has missing NOTIFY_TYPES member
2024-09-11T23:28:04.162 INFO:journalctl@ceph.mgr.x.smithi133.stdout:Sep 11 23:28:04 smithi133 ceph-42321b88-7095-11ef-bcea-c7b262605968-mgr-x[31659]:
2024-09-11T23:28:04.034+0000 7f628e416040 -1 mgr[py] Module selftest has missing NOTIFY_TYPES member
2024-09-11T23:28:04.447 INFO:journalctl@ceph.mgr.x.smithi133.stdout:Sep 11 23:28:04 smithi133 ceph-42321b88-7095-11ef-bcea-c7b262605968-mgr-x[31659]:
2024-09-11T23:28:04.227+0000 7f628e416040 -1 mgr[py] Module volumes has missing NOTIFY_TYPES member
2024-09-11T23:28:05.065 INFO:journalctl@ceph.mon.a.smithi133.stdout:Sep 11 23:28:04 smithi133 ceph-mon[31430]: from='client.? 172.21.15.133:0/2290067110' entity='client.admin' cmd=[{"prefix": "mgr stat"}]: dispatch
2024-09-11T23:28:05.073 INFO:teuthology.orchestra.run.smithi133.stdout:/usr/bin/ceph: stdout {
2024-09-11T23:28:05.074 INFO:teuthology.orchestra.run.smithi133.stdout:/usr/bin/ceph: stdout "epoch": 9,
2024-09-11T23:28:05.074 INFO:teuthology.orchestra.run.smithi133.stdout:/usr/bin/ceph: stdout "available": true,
2024-09-11T23:28:05.074 INFO:teuthology.orchestra.run.smithi133.stdout:/usr/bin/ceph: stdout "active_name": "x",
2024-09-11T23:28:05.074 INFO:teuthology.orchestra.run.smithi133.stdout:/usr/bin/ceph: stdout "num_standby": 0
2024-09-11T23:28:05.074 INFO:teuthology.orchestra.run.smithi133.stdout:/usr/bin/ceph: stdout }
2024-09-11T23:28:05.074 INFO:teuthology.orchestra.run.smithi133.stdout:/usr/bin/ceph: stderr
2024-09-11T23:28:04.241+0000 7fb14a994640 1 Processor -- start
2024-09-11T23:28:05.074 INFO:teuthology.orchestra.run.smithi133.stdout:/usr/bin/ceph: stderr
2024-09-11T23:28:04.242+0000 7fb14a994640 1 -- start start
2024-09-11T23:28:05.074 INFO:teuthology.orchestra.run.smithi133.stdout:/usr/bin/ceph: stderr
2024-09-11T23:28:04.242+0000 7fb14a994640 1 --2- >> [v2:172.21.15.133:3300/0,v1:172.21.15.133:6789/0] conn(0x7fb144106780 0x7fb144106b80 unknown :-1 s=NONE pgs=0 cs=0 l=0 rev1=0 crypto rx=0 tx=0 comp rx=0 tx=0).connect
2024-09-11T23:28:05.074 INFO:teuthology.orchestra.run.smithi133.stdout:/usr/bin/ceph: stderr
2024-09-11T23:28:04.242+0000 7fb14a994640 1 -- --> [v2:172.21.15.133:3300/0,v1:172.21.15.133:6789/0] -- mon_getmap magic: 0 -- 0x7fb144107150 con 0x7fb144106780
2024-09-11T23:28:05.074 INFO:teuthology.orchestra.run.smithi133.stdout:/usr/bin/ceph: stderr
2024-09-11T23:28:04.242+0000 7fb143fff640 1 --2- >> [v2:172.21.15.133:3300/0,v1:172.21.15.133:6789/0] conn(0x7fb144106780 0x7fb144106b80 unknown :-1 s=BANNER_CONNECTING pgs=0 cs=0 l=0 rev1=0 crypto rx=0 tx=0 comp rx=0 tx=0)._handle_peer_banner_payload supported=3 required=0
2024-09-11T23:28:05.074 INFO:teuthology.orchestra.run.smithi133.stdout:/usr/bin/ceph: stderr
2024-09-11T23:28:04.242+0000 7fb143fff640 1 --2- >> [v2:172.21.15.133:3300/0,v1:172.21.15.133:6789/0] conn(0x7fb144106780 0x7fb144106b80 unknown :-1 s=HELLO_CONNECTING pgs=0 cs=0 l=0 rev1=1 crypto rx=0 tx=0 comp rx=0 tx=0).handle_hello peer v2:172.21.15.133:3300/0 says I am v2:172.21.15.133:48962/0 (socket says 172.21.15.133:48962)
2024-09-11T23:28:05.074 INFO:teuthology.orchestra.run.smithi133.stdout:/usr/bin/ceph: stderr
2024-09-11T23:28:04.242+0000 7fb143fff640 1 -- 172.21.15.133:0/2354524627 learned_addr learned my addr 172.21.15.133:0/2354524627 (peer_addr_for_me v2:172.21.15.133:0/0)
2024-09-11T23:28:05.074 INFO:teuthology.orchestra.run.smithi133.stdout:/usr/bin/ceph: stderr
2024-09-11T23:28:04.242+0000 7fb143fff640 1 -- 172.21.15.133:0/2354524627 --> [v2:172.21.15.133:3300/0,v1:172.21.15.133:6789/0] -- mon_subscribe({config=0+,monmap=0+}) -- 0x7fb144107980 con 0x7fb144106780
2024-09-11T23:28:05.074 INFO:teuthology.orchestra.run.smithi133.stdout:/usr/bin/ceph: stderr
2024-09-11T23:28:04.243+0000 7fb143fff640 1 --2- 172.21.15.133:0/2354524627 >> [v2:172.21.15.133:3300/0,v1:172.21.15.133:6789/0] conn(0x7fb144106780 0x7fb144106b80 secure :-1 s=READY pgs=57 cs=0 l=1 rev1=1 crypto rx=0x7fb134009820 tx=0x7fb13402a270 comp rx=0 tx=0).ready entity=mon.0 client_cookie=f316ef55811dbab3 server_cookie=0 in_seq=0 out_seq=0
2024-09-11T23:28:05.075 INFO:teuthology.orchestra.run.smithi133.stdout:/usr/bin/ceph: stderr
2024-09-11T23:28:04.243+0000 7fb142ffd640 1 -- 172.21.15.133:0/2354524627 <== mon.0 v2:172.21.15.133:3300/0 1 ==== mon_map magic: 0 ==== 205+0+0 (secure 0 0 0) 0x7fb134037070 con 0x7fb144106780
2024-09-11T23:28:05.075 INFO:teuthology.orchestra.run.smithi133.stdout:/usr/bin/ceph: stderr
2024-09-11T23:28:04.243+0000 7fb142ffd640 1 -- 172.21.15.133:0/2354524627 <== mon.0 v2:172.21.15.133:3300/0 2 ==== config(27 keys) ==== 1140+0+0 (secure 0 0 0) 0x7fb134032920 con 0x7fb144106780
2024-09-11T23:28:05.075 INFO:teuthology.orchestra.run.smithi133.stdout:/usr/bin/ceph: stderr
2024-09-11T23:28:04.243+0000 7fb142ffd640 1 -- 172.21.15.133:0/2354524627 <== mon.0 v2:172.21.15.133:3300/0 3 ==== mon_map magic: 0 ==== 205+0+0 (secure 0 0 0) 0x7fb134030810 con 0x7fb144106780
2024-09-11T23:28:05.075 INFO:teuthology.orchestra.run.smithi133.stdout:/usr/bin/ceph: stderr
2024-09-11T23:28:04.244+0000 7fb14a994640 1 -- 172.21.15.133:0/2354524627 >> [v2:172.21.15.133:3300/0,v1:172.21.15.133:6789/0] conn(0x7fb144106780 msgr2=0x7fb144106b80 secure :-1 s=STATE_CONNECTION_ESTABLISHED l=1).mark_down
2024-09-11T23:28:05.075 INFO:teuthology.orchestra.run.smithi133.stdout:/usr/bin/ceph: stderr
2024-09-11T23:28:04.244+0000 7fb14a994640 1 --2- 172.21.15.133:0/2354524627 >> [v2:172.21.15.133:3300/0,v1:172.21.15.133:6789/0] conn(0x7fb144106780 0x7fb144106b80 secure :-1 s=READY pgs=57 cs=0 l=1 rev1=1 crypto rx=0x7fb134009820 tx=0x7fb13402a270 comp rx=0 tx=0).stop
2024-09-11T23:28:05.075 INFO:teuthology.orchestra.run.smithi133.stdout:/usr/bin/ceph: stderr
2024-09-11T23:28:04.244+0000 7fb14a994640 1 -- 172.21.15.133:0/2354524627 shutdown_connections
2024-09-11T23:28:05.075 INFO:teuthology.orchestra.run.smithi133.stdout:/usr/bin/ceph: stderr
2024-09-11T23:28:04.244+0000 7fb14a994640 1 --2- 172.21.15.133:0/2354524627 >> [v2:172.21.15.133:3300/0,v1:172.21.15.133:6789/0] conn(0x7fb144106780 0x7fb144106b80 unknown :-1 s=CLOSED pgs=57 cs=0 l=1 rev1=1 crypto rx=0 tx=0 comp rx=0 tx=0).stop
2024-09-11T23:28:05.075 INFO:teuthology.orchestra.run.smithi133.stdout:/usr/bin/ceph: stderr
2024-09-11T23:28:04.244+0000 7fb14a994640 1 -- 172.21.15.133:0/2354524627 >> 172.21.15.133:0/2354524627 conn(0x7fb144101f10 msgr2=0x7fb144104350 unknown :-1 s=STATE_NONE l=0).mark_down
2024-09-11T23:28:05.075 INFO:teuthology.orchestra.run.smithi133.stdout:/usr/bin/ceph: stderr
2024-09-11T23:28:04.244+0000 7fb14a994640 1 -- 172.21.15.133:0/2354524627 shutdown_connections
2024-09-11T23:28:05.075 INFO:teuthology.orchestra.run.smithi133.stdout:/usr/bin/ceph: stderr
2024-09-11T23:28:04.244+0000 7fb14a994640 1 -- 172.21.15.133:0/2354524627 wait complete.
2024-09-11T23:28:05.075 INFO:teuthology.orchestra.run.smithi133.stdout:/usr/bin/ceph: stderr
2024-09-11T23:28:04.244+0000 7fb14a994640 1 Processor -- start
2024-09-11T23:28:05.075 INFO:teuthology.orchestra.run.smithi133.stdout:/usr/bin/ceph: stderr
2024-09-11T23:28:04.245+0000 7fb14a994640 1 -- start start
2024-09-11T23:28:05.075 INFO:teuthology.orchestra.run.smithi133.stdout:/usr/bin/ceph: stderr
2024-09-11T23:28:04.245+0000 7fb14a994640 1 --2- >> [v2:172.21.15.133:3300/0,v1:172.21.15.133:6789/0] conn(0x7fb144106780 0x7fb14419b940 unknown :-1 s=NONE pgs=0 cs=0 l=1 rev1=0 crypto rx=0 tx=0 comp rx=0 tx=0).connect
2024-09-11T23:28:05.076 INFO:teuthology.orchestra.run.smithi133.stdout:/usr/bin/ceph: stderr
2024-09-11T23:28:04.245+0000 7fb14a994640 1 -- --> [v2:172.21.15.133:3300/0,v1:172.21.15.133:6789/0] -- mon_getmap magic: 0 -- 0x7fb14410ad30 con 0x7fb144106780
2024-09-11T23:28:05.076 INFO:teuthology.orchestra.run.smithi133.stdout:/usr/bin/ceph: stderr
2024-09-11T23:28:04.245+0000 7fb143fff640 1 --2- >> [v2:172.21.15.133:3300/0,v1:172.21.15.133:6789/0] conn(0x7fb144106780 0x7fb14419b940 unknown :-1 s=BANNER_CONNECTING pgs=0 cs=0 l=1 rev1=0 crypto rx=0 tx=0 comp rx=0 tx=0)._handle_peer_banner_payload supported=3 required=0
2024-09-11T23:28:05.076 INFO:teuthology.orchestra.run.smithi133.stdout:/usr/bin/ceph: stderr
2024-09-11T23:28:04.245+0000 7fb143fff640 1 --2- >> [v2:172.21.15.133:3300/0,v1:172.21.15.133:6789/0] conn(0x7fb144106780 0x7fb14419b940 unknown :-1 s=HELLO_CONNECTING pgs=0 cs=0 l=1 rev1=1 crypto rx=0 tx=0 comp rx=0 tx=0).handle_hello peer v2:172.21.15.133:3300/0 says I am v2:172.21.15.133:48974/0 (socket says 172.21.15.133:48974)
2024-09-11T23:28:05.076 INFO:teuthology.orchestra.run.smithi133.stdout:/usr/bin/ceph: stderr
2024-09-11T23:28:04.245+0000 7fb143fff640 1 -- 172.21.15.133:0/2290067110 learned_addr learned my addr 172.21.15.133:0/2290067110 (peer_addr_for_me v2:172.21.15.133:0/0)
2024-09-11T23:28:05.076 INFO:teuthology.orchestra.run.smithi133.stdout:/usr/bin/ceph: stderr
2024-09-11T23:28:04.245+0000 7fb143fff640 1 -- 172.21.15.133:0/2290067110 --> [v2:172.21.15.133:3300/0,v1:172.21.15.133:6789/0] -- mon_subscribe({config=0+,monmap=0+}) -- 0x7fb14419be80 con 0x7fb144106780
2024-09-11T23:28:05.076 INFO:teuthology.orchestra.run.smithi133.stdout:/usr/bin/ceph: stderr
2024-09-11T23:28:04.245+0000 7fb143fff640 1 --2- 172.21.15.133:0/2290067110 >> [v2:172.21.15.133:3300/0,v1:172.21.15.133:6789/0] conn(0x7fb144106780 0x7fb14419b940 secure :-1 s=READY pgs=58 cs=0 l=1 rev1=1 crypto rx=0x7fb134030560 tx=0x7fb134032670 comp rx=0 tx=0).ready entity=mon.0 client_cookie=0 server_cookie=0 in_seq=0 out_seq=0
2024-09-11T23:28:05.076 INFO:teuthology.orchestra.run.smithi133.stdout:/usr/bin/ceph: stderr
2024-09-11T23:28:04.245+0000 7fb1417fa640 1 -- 172.21.15.133:0/2290067110 <== mon.0 v2:172.21.15.133:3300/0 1 ==== mon_map magic: 0 ==== 205+0+0 (secure 0 0 0) 0x7fb134037040 con 0x7fb144106780
2024-09-11T23:28:05.076 INFO:teuthology.orchestra.run.smithi133.stdout:/usr/bin/ceph: stderr
2024-09-11T23:28:04.246+0000 7fb14a994640 1 -- 172.21.15.133:0/2290067110 --> [v2:172.21.15.133:3300/0,v1:172.21.15.133:6789/0] -- mon_subscribe({mgrmap=0+}) -- 0x7fb14419c110 con 0x7fb144106780
2024-09-11T23:28:05.076 INFO:teuthology.orchestra.run.smithi133.stdout:/usr/bin/ceph: stderr
2024-09-11T23:28:04.246+0000 7fb1417fa640 1 -- 172.21.15.133:0/2290067110 <== mon.0 v2:172.21.15.133:3300/0 2 ==== config(27 keys) ==== 1140+0+0 (secure 0 0 0) 0x7fb134040070 con 0x7fb144106780
2024-09-11T23:28:05.076 INFO:teuthology.orchestra.run.smithi133.stdout:/usr/bin/ceph: stderr
2024-09-11T23:28:04.246+0000 7fb1417fa640 1 -- 172.21.15.133:0/2290067110 <== mon.0 v2:172.21.15.133:3300/0 3 ==== mon_map magic: 0 ==== 205+0+0 (secure 0 0 0) 0x7fb13403a6d0 con 0x7fb144106780
2024-09-11T23:28:05.076 INFO:teuthology.orchestra.run.smithi133.stdout:/usr/bin/ceph: stderr
2024-09-11T23:28:04.246+0000 7fb14a994640 1 -- 172.21.15.133:0/2290067110 --> [v2:172.21.15.133:3300/0,v1:172.21.15.133:6789/0] -- mon_subscribe({osdmap=0}) -- 0x7fb14419ee00 con 0x7fb144106780
2024-09-11T23:28:05.076 INFO:teuthology.orchestra.run.smithi133.stdout:/usr/bin/ceph: stderr
2024-09-11T23:28:04.246+0000 7fb1417fa640 1 -- 172.21.15.133:0/2290067110 <== mon.0 v2:172.21.15.133:3300/0 4 ==== mgrmap(e 9) ==== 46300+0+0 (secure 0 0 0) 0x7fb13403a940 con 0x7fb144106780
2024-09-11T23:28:05.076 INFO:teuthology.orchestra.run.smithi133.stdout:/usr/bin/ceph: stderr
2024-09-11T23:28:04.247+0000 7fb14a994640 1 -- 172.21.15.133:0/2290067110 --> [v2:172.21.15.133:3300/0,v1:172.21.15.133:6789/0] -- mon_command({"prefix": "get_command_descriptions"} v 0) -- 0x7fb14410aeb0 con 0x7fb144106780
2024-09-11T23:28:05.076 INFO:teuthology.orchestra.run.smithi133.stdout:/usr/bin/ceph: stderr
2024-09-11T23:28:04.247+0000 7fb1417fa640 1 --2- 172.21.15.133:0/2290067110 >> [v2:172.21.15.133:6800/2152407978,v1:172.21.15.133:6801/2152407978] conn(0x7fb12c038fc0 0x7fb12c03b480 unknown :-1 s=NONE pgs=0 cs=0 l=1 rev1=0 crypto rx=0 tx=0 comp rx=0 tx=0).connect
2024-09-11T23:28:05.077 INFO:teuthology.orchestra.run.smithi133.stdout:/usr/bin/ceph: stderr
2024-09-11T23:28:04.247+0000 7fb1437fe640 1 -- 172.21.15.133:0/2290067110 >> [v2:172.21.15.133:6800/2152407978,v1:172.21.15.133:6801/2152407978] conn(0x7fb12c038fc0 msgr2=0x7fb12c03b480 unknown :-1 s=STATE_CONNECTING_RE l=1).process reconnect failed to v2:172.21.15.133:6800/2152407978
2024-09-11T23:28:05.077 INFO:teuthology.orchestra.run.smithi133.stdout:/usr/bin/ceph: stderr
2024-09-11T23:28:04.247+0000 7fb1417fa640 1 -- 172.21.15.133:0/2290067110 <== mon.0 v2:172.21.15.133:3300/0 5 ==== osd_map(2..2 src has 1..2) ==== 940+0+0 (secure 0 0 0) 0x7fb13406c5a0 con 0x7fb144106780
2024-09-11T23:28:05.077 INFO:teuthology.orchestra.run.smithi133.stdout:/usr/bin/ceph: stderr
2024-09-11T23:28:04.247+0000 7fb1437fe640 1 --2- 172.21.15.133:0/2290067110 >> [v2:172.21.15.133:6800/2152407978,v1:172.21.15.133:6801/2152407978] conn(0x7fb12c038fc0 0x7fb12c03b480 unknown :-1 s=START_CONNECT pgs=0 cs=0 l=1 rev1=0 crypto rx=0 tx=0 comp rx=0 tx=0)._fault waiting 0.200000
2024-09-11T23:28:05.077 INFO:teuthology.orchestra.run.smithi133.stdout:/usr/bin/ceph: stderr
2024-09-11T23:28:04.251+0000 7fb1417fa640 1 -- 172.21.15.133:0/2290067110 <== mon.0 v2:172.21.15.133:3300/0 6 ==== mon_command_ack([{"prefix": "get_command_descriptions"}]=0 v0) ==== 72+0+188821 (secure 0 0 0) 0x7fb134044c70 con 0x7fb144106780
2024-09-11T23:28:05.077 INFO:teuthology.orchestra.run.smithi133.stdout:/usr/bin/ceph: stderr
2024-09-11T23:28:04.448+0000 7fb1437fe640 1 -- 172.21.15.133:0/2290067110 >> [v2:172.21.15.133:6800/2152407978,v1:172.21.15.133:6801/2152407978] conn(0x7fb12c038fc0 msgr2=0x7fb12c03b480 unknown :-1 s=STATE_CONNECTING_RE l=1).process reconnect failed to v2:172.21.15.133:6800/2152407978
2024-09-11T23:28:05.077 INFO:teuthology.orchestra.run.smithi133.stdout:/usr/bin/ceph: stderr
2024-09-11T23:28:04.448+0000 7fb1437fe640 1 --2- 172.21.15.133:0/2290067110 >> [v2:172.21.15.133:6800/2152407978,v1:172.21.15.133:6801/2152407978] conn(0x7fb12c038fc0 0x7fb12c03b480 unknown :-1 s=START_CONNECT pgs=0 cs=0 l=1 rev1=0 crypto rx=0 tx=0 comp rx=0 tx=0)._fault waiting 0.400000
2024-09-11T23:28:05.077 INFO:teuthology.orchestra.run.smithi133.stdout:/usr/bin/ceph: stderr
