2024-09-11T23:43:09.506+0000 7fc45ca49640 1 --2- 172.21.15.62:0/1684669430 >> [v2:172.21.15.62:6800/3180930925,v1:172.21.15.62:6801/3180930925] conn(0x7fc444038fc0 0x7fc44403b480 unknown :-1 s=NONE pgs=0 cs=0 l=1 rev1=0 crypto rx=0 tx=0 comp rx=0 tx=0).connect
2024-09-11T23:43:10.326 INFO:teuthology.orchestra.run.smithi062.stdout:/usr/bin/ceph: stderr
2024-09-11T23:43:09.506+0000 7fc45ca49640 1 -- 172.21.15.62:0/1684669430 <== mon.0 v2:172.21.15.62:3300/0 5 ==== osd_map(2..2 src has 1..2) ==== 940+0+0 (secure 0 0 0) 0x7fc44806c510 con 0x7fc458108040
2024-09-11T23:43:10.326 INFO:teuthology.orchestra.run.smithi062.stdout:/usr/bin/ceph: stderr
2024-09-11T23:43:09.506+0000 7fc44ffff640 1 -- 172.21.15.62:0/1684669430 >> [v2:172.21.15.62:6800/3180930925,v1:172.21.15.62:6801/3180930925] conn(0x7fc444038fc0 msgr2=0x7fc44403b480 unknown :-1 s=STATE_CONNECTING_RE l=1).process reconnect failed to v2:172.21.15.62:6800/3180930925
2024-09-11T23:43:10.326 INFO:teuthology.orchestra.run.smithi062.stdout:/usr/bin/ceph: stderr
2024-09-11T23:43:09.506+0000 7fc44ffff640 1 --2- 172.21.15.62:0/1684669430 >> [v2:172.21.15.62:6800/3180930925,v1:172.21.15.62:6801/3180930925] conn(0x7fc444038fc0 0x7fc44403b480 unknown :-1 s=START_CONNECT pgs=0 cs=0 l=1 rev1=0 crypto rx=0 tx=0 comp rx=0 tx=0)._fault waiting 0.200000
2024-09-11T23:43:10.327 INFO:teuthology.orchestra.run.smithi062.stdout:/usr/bin/ceph: stderr
2024-09-11T23:43:09.506+0000 7fc45da4b640 1 -- 172.21.15.62:0/1684669430 --> [v2:172.21.15.62:3300/0,v1:172.21.15.62:6789/0] -- mon_command({"prefix": "get_command_descriptions"} v 0) -- 0x7fc4581084a0 con 0x7fc458108040
2024-09-11T23:43:10.327 INFO:teuthology.orchestra.run.smithi062.stdout:/usr/bin/ceph: stderr
2024-09-11T23:43:09.511+0000 7fc45ca49640 1 -- 172.21.15.62:0/1684669430 <== mon.0 v2:172.21.15.62:3300/0 6 ==== mon_command_ack([{"prefix": "get_command_descriptions"}]=0 v0) ==== 72+0+188821 (secure 0 0 0) 0x7fc44802fd40 con 0x7fc458108040
2024-09-11T23:43:10.327 INFO:teuthology.orchestra.run.smithi062.stdout:/usr/bin/ceph: stderr
2024-09-11T23:43:09.707+0000 7fc44ffff640 1 -- 172.21.15.62:0/1684669430 >> [v2:172.21.15.62:6800/3180930925,v1:172.21.15.62:6801/3180930925] conn(0x7fc444038fc0 msgr2=0x7fc44403b480 unknown :-1 s=STATE_CONNECTING_RE l=1).process reconnect failed to v2:172.21.15.62:6800/3180930925
2024-09-11T23:43:10.327 INFO:teuthology.orchestra.run.smithi062.stdout:/usr/bin/ceph: stderr
2024-09-11T23:43:09.707+0000 7fc44ffff640 1 --2- 172.21.15.62:0/1684669430 >> [v2:172.21.15.62:6800/3180930925,v1:172.21.15.62:6801/3180930925] conn(0x7fc444038fc0 0x7fc44403b480 unknown :-1 s=START_CONNECT pgs=0 cs=0 l=1 rev1=0 crypto rx=0 tx=0 comp rx=0 tx=0)._fault waiting 0.400000
2024-09-11T23:43:10.327 INFO:teuthology.orchestra.run.smithi062.stdout:/usr/bin/ceph: stderr
2024-09-11T23:43:09.735+0000 7fc45da4b640 1 -- 172.21.15.62:0/1684669430 --> [v2:172.21.15.62:3300/0,v1:172.21.15.62:6789/0] -- mon_command({"prefix": "mgr stat"} v 0) -- 0x7fc45819ef90 con 0x7fc458108040
2024-09-11T23:43:10.327 INFO:teuthology.orchestra.run.smithi062.stdout:/usr/bin/ceph: stderr
2024-09-11T23:43:09.736+0000 7fc45ca49640 1 -- 172.21.15.62:0/1684669430 <== mon.0 v2:172.21.15.62:3300/0 7 ==== mon_command_ack([{"prefix": "mgr stat"}]=0 v9) ==== 56+0+88 (secure 0 0 0) 0x7fc4480448d0 con 0x7fc458108040
2024-09-11T23:43:10.327 INFO:teuthology.orchestra.run.smithi062.stdout:/usr/bin/ceph: stderr
2024-09-11T23:43:09.738+0000 7fc45da4b640 1 -- 172.21.15.62:0/1684669430 >> [v2:172.21.15.62:6800/3180930925,v1:172.21.15.62:6801/3180930925] conn(0x7fc444038fc0 msgr2=0x7fc44403b480 unknown :-1 s=STATE_CONNECTING l=1).mark_down
2024-09-11T23:43:10.327 INFO:teuthology.orchestra.run.smithi062.stdout:/usr/bin/ceph: stderr
2024-09-11T23:43:09.738+0000 7fc45da4b640 1 --2- 172.21.15.62:0/1684669430 >> [v2:172.21.15.62:6800/3180930925,v1:172.21.15.62:6801/3180930925] conn(0x7fc444038fc0 0x7fc44403b480 unknown :-1 s=START_CONNECT pgs=0 cs=0 l=1 rev1=0 crypto rx=0 tx=0 comp rx=0 tx=0).stop
2024-09-11T23:43:10.327 INFO:teuthology.orchestra.run.smithi062.stdout:/usr/bin/ceph: stderr
2024-09-11T23:43:09.738+0000 7fc45da4b640 1 -- 172.21.15.62:0/1684669430 >> [v2:172.21.15.62:3300/0,v1:172.21.15.62:6789/0] conn(0x7fc458108040 msgr2=0x7fc45819b5f0 secure :-1 s=STATE_CONNECTION_ESTABLISHED l=1).mark_down
2024-09-11T23:43:10.327 INFO:teuthology.orchestra.run.smithi062.stdout:/usr/bin/ceph: stderr
2024-09-11T23:43:09.738+0000 7fc45da4b640 1 --2- 172.21.15.62:0/1684669430 >> [v2:172.21.15.62:3300/0,v1:172.21.15.62:6789/0] conn(0x7fc458108040 0x7fc45819b5f0 secure :-1 s=READY pgs=58 cs=0 l=1 rev1=1 crypto rx=0x7fc4480097f0 tx=0x7fc4480327b0 comp rx=0 tx=0).stop
2024-09-11T23:43:10.327 INFO:teuthology.orchestra.run.smithi062.stdout:/usr/bin/ceph: stderr
2024-09-11T23:43:09.738+0000 7fc45da4b640 1 -- 172.21.15.62:0/1684669430 shutdown_connections
2024-09-11T23:43:10.327 INFO:teuthology.orchestra.run.smithi062.stdout:/usr/bin/ceph: stderr
2024-09-11T23:43:09.738+0000 7fc45da4b640 1 --2- 172.21.15.62:0/1684669430 >> [v2:172.21.15.62:6800/3180930925,v1:172.21.15.62:6801/3180930925] conn(0x7fc444038fc0 0x7fc44403b480 unknown :-1 s=CLOSED pgs=0 cs=0 l=1 rev1=0 crypto rx=0 tx=0 comp rx=0 tx=0).stop
2024-09-11T23:43:10.327 INFO:teuthology.orchestra.run.smithi062.stdout:/usr/bin/ceph: stderr
2024-09-11T23:43:09.738+0000 7fc45da4b640 1 --2- 172.21.15.62:0/1684669430 >> [v2:172.21.15.62:3300/0,v1:172.21.15.62:6789/0] conn(0x7fc458108040 0x7fc45819b5f0 unknown :-1 s=CLOSED pgs=58 cs=0 l=1 rev1=1 crypto rx=0 tx=0 comp rx=0 tx=0).stop
2024-09-11T23:43:10.328 INFO:teuthology.orchestra.run.smithi062.stdout:/usr/bin/ceph: stderr
2024-09-11T23:43:09.738+0000 7fc45da4b640 1 -- 172.21.15.62:0/1684669430 >> 172.21.15.62:0/1684669430 conn(0x7fc458101d00 msgr2=0x7fc4581028e0 unknown :-1 s=STATE_NONE l=0).mark_down
2024-09-11T23:43:10.328 INFO:teuthology.orchestra.run.smithi062.stdout:/usr/bin/ceph: stderr
2024-09-11T23:43:09.738+0000 7fc45da4b640 1 -- 172.21.15.62:0/1684669430 shutdown_connections
2024-09-11T23:43:10.328 INFO:teuthology.orchestra.run.smithi062.stdout:/usr/bin/ceph: stderr
2024-09-11T23:43:09.738+0000 7fc45da4b640 1 -- 172.21.15.62:0/1684669430 wait complete.
2024-09-11T23:43:10.328 INFO:teuthology.orchestra.run.smithi062.stdout:Waiting for the mgr to restart...
2024-09-11T23:43:10.328 INFO:teuthology.orchestra.run.smithi062.stdout:Waiting for mgr epoch 9...
2024-09-11T23:43:10.939 INFO:journalctl@ceph.mgr.x.smithi062.stdout:Sep 11 23:43:10 smithi062 ceph-56675698-7097-11ef-bcea-c7b262605968-mgr-x[31184]:
2024-09-11T23:43:10.760+0000 7f9fc5c5c040 -1 mgr[py] Module rook has missing NOTIFY_TYPES member
2024-09-11T23:43:10.939 INFO:journalctl@ceph.mgr.x.smithi062.stdout:Sep 11 23:43:10 smithi062 ceph-56675698-7097-11ef-bcea-c7b262605968-mgr-x[31184]:
2024-09-11T23:43:10.880+0000 7f9fc5c5c040 -1 mgr[py] Module iostat has missing NOTIFY_TYPES member
2024-09-11T23:43:11.215 INFO:journalctl@ceph.mgr.x.smithi062.stdout:Sep 11 23:43:11 smithi062 ceph-56675698-7097-11ef-bcea-c7b262605968-mgr-x[31184]:
2024-09-11T23:43:11.029+0000 7f9fc5c5c040 -1 mgr[py] Module orchestrator has missing NOTIFY_TYPES member
2024-09-11T23:43:11.215 INFO:journalctl@ceph.mgr.x.smithi062.stdout:Sep 11 23:43:11 smithi062 ceph-56675698-7097-11ef-bcea-c7b262605968-mgr-x[31184]:
2024-09-11T23:43:11.092+0000 7f9fc5c5c040 -1 mgr[py] Module devicehealth has missing NOTIFY_TYPES member
2024-09-11T23:43:11.547 INFO:journalctl@ceph.mgr.x.smithi062.stdout:Sep 11 23:43:11 smithi062 ceph-56675698-7097-11ef-bcea-c7b262605968-mgr-x[31184]:
2024-09-11T23:43:11.248+0000 7f9fc5c5c040 -1 mgr[py] Module rgw has missing NOTIFY_TYPES member
2024-09-11T23:43:11.547 INFO:journalctl@ceph.mgr.x.smithi062.stdout:Sep 11 23:43:11 smithi062 ceph-56675698-7097-11ef-bcea-c7b262605968-mgr-x[31184]:
2024-09-11T23:43:11.319+0000 7f9fc5c5c040 -1 mgr[py] Module alerts has missing NOTIFY_TYPES member
2024-09-11T23:43:11.547 INFO:journalctl@ceph.mgr.x.smithi062.stdout:Sep 11 23:43:11 smithi062 ceph-56675698-7097-11ef-bcea-c7b262605968-mgr-x[31184]:
2024-09-11T23:43:11.381+0000 7f9fc5c5c040 -1 mgr[py] Module progress has missing NOTIFY_TYPES member
2024-09-11T23:43:11.547 INFO:journalctl@ceph.mgr.x.smithi062.stdout:Sep 11 23:43:11 smithi062 ceph-56675698-7097-11ef-bcea-c7b262605968-mgr-x[31184]:
2024-09-11T23:43:11.547+0000 7f9fc5c5c040 -1 mgr[py] Module nfs has missing NOTIFY_TYPES member
2024-09-11T23:43:11.831 INFO:journalctl@ceph.mgr.x.smithi062.stdout:Sep 11 23:43:11 smithi062 ceph-56675698-7097-11ef-bcea-c7b262605968-mgr-x[31184]:
2024-09-11T23:43:11.615+0000 7f9fc5c5c040 -1 mgr[py] Module status has missing NOTIFY_TYPES member
2024-09-11T23:43:11.832 INFO:journalctl@ceph.mgr.x.smithi062.stdout:Sep 11 23:43:11 smithi062 ceph-56675698-7097-11ef-bcea-c7b262605968-mgr-x[31184]:
2024-09-11T23:43:11.684+0000 7f9fc5c5c040 -1 mgr[py] Module pg_autoscaler has missing NOTIFY_TYPES member
2024-09-11T23:43:11.832 INFO:journalctl@ceph.mgr.x.smithi062.stdout:Sep 11 23:43:11 smithi062 ceph-56675698-7097-11ef-bcea-c7b262605968-mgr-x[31184]:
2024-09-11T23:43:11.770+0000 7f9fc5c5c040 -1 mgr[py] Module rbd_support has missing NOTIFY_TYPES member
2024-09-11T23:43:11.832 INFO:journalctl@ceph.mgr.x.smithi062.stdout:Sep 11 23:43:11 smithi062 ceph-56675698-7097-11ef-bcea-c7b262605968-mgr-x[31184]:
2024-09-11T23:43:11.831+0000 7f9fc5c5c040 -1 mgr[py] Module influx has missing NOTIFY_TYPES member
2024-09-11T23:43:12.141 INFO:journalctl@ceph.mgr.x.smithi062.stdout:Sep 11 23:43:11 smithi062 ceph-56675698-7097-11ef-bcea-c7b262605968-mgr-x[31184]:
2024-09-11T23:43:11.893+0000 7f9fc5c5c040 -1 mgr[py] Module zabbix has missing NOTIFY_TYPES member
2024-09-11T23:43:12.972 INFO:journalctl@ceph.mgr.x.smithi062.stdout:Sep 11 23:43:12 smithi062 ceph-56675698-7097-11ef-bcea-c7b262605968-mgr-x[31184]:
2024-09-11T23:43:12.717+0000 7f9fc5c5c040 -1 mgr[py] Module telegraf has missing NOTIFY_TYPES member
2024-09-11T23:43:12.972 INFO:journalctl@ceph.mon.a.smithi062.stdout:Sep 11 23:43:12 smithi062 ceph-mon[30958]: Active manager daemon x restarted
2024-09-11T23:43:12.973 INFO:journalctl@ceph.mon.a.smithi062.stdout:Sep 11 23:43:12 smithi062 ceph-mon[30958]: Activating manager daemon x
2024-09-11T23:43:12.973 INFO:journalctl@ceph.mon.a.smithi062.stdout:Sep 11 23:43:12 smithi062 ceph-mon[30958]: osdmap e3: 0 total, 0 up, 0 in
2024-09-11T23:43:12.973 INFO:journalctl@ceph.mon.a.smithi062.stdout:Sep 11 23:43:12 smithi062 ceph-mon[30958]: mgrmap e10: x(active, starting, since 0.00346859s)
2024-09-11T23:43:12.973 INFO:journalctl@ceph.mon.a.smithi062.stdout:Sep 11 23:43:12 smithi062 ceph-mon[30958]: from='mgr.14150 172.21.15.62:0/672488100' entity='mgr.x' cmd=[{"prefix": "mon metadata", "id": "a"}]: dispatch
2024-09-11T23:43:12.973 INFO:journalctl@ceph.mon.a.smithi062.stdout:Sep 11 23:43:12 smithi062 ceph-mon[30958]: from='mgr.14150 172.21.15.62:0/672488100' entity='mgr.x' cmd=[{"prefix": "mgr metadata", "who": "x", "id": "x"}]: dispatch
2024-09-11T23:43:12.973 INFO:journalctl@ceph.mon.a.smithi062.stdout:Sep 11 23:43:12 smithi062 ceph-mon[30958]: from='mgr.14150 172.21.15.62:0/672488100' entity='mgr.x' cmd=[{"prefix": "mds metadata"}]: dispatch
2024-09-11T23:43:12.973 INFO:journalctl@ceph.mon.a.smithi062.stdout:Sep 11 23:43:12 smithi062 ceph-mon[30958]: from='mgr.14150 172.21.15.62:0/672488100' entity='mgr.x' cmd=[{"prefix": "osd metadata"}]: dispatch
2024-09-11T23:43:12.973 INFO:journalctl@ceph.mon.a.smithi062.stdout:Sep 11 23:43:12 smithi062 ceph-mon[30958]: from='mgr.14150 172.21.15.62:0/672488100' entity='mgr.x' cmd=[{"prefix": "mon metadata"}]: dispatch
2024-09-11T23:43:12.973 INFO:journalctl@ceph.mon.a.smithi062.stdout:Sep 11 23:43:12 smithi062 ceph-mon[30958]: Manager daemon x is now available
2024-09-11T23:43:12.973 INFO:journalctl@ceph.mon.a.smithi062.stdout:Sep 11 23:43:12 smithi062 ceph-mon[30958]: from='mgr.14150 172.21.15.62:0/672488100' entity='mgr.x' cmd=[{"prefix": "config dump", "format": "json"}]: dispatch
2024-09-11T23:43:12.974 INFO:journalctl@ceph.mon.a.smithi062.stdout:Sep 11 23:43:12 smithi062 ceph-mon[30958]: from='mgr.14150 172.21.15.62:0/672488100' entity='mgr.x' cmd=[{"prefix":"config rm","who":"mgr","name":"mgr/rbd_support/x/mirror_snapshot_schedule"}]: dispatch
2024-09-11T23:43:12.974 INFO:journalctl@ceph.mon.a.smithi062.stdout:Sep 11 23:43:12 smithi062 ceph-mon[30958]: from='mgr.14150 172.21.15.62:0/672488100' entity='mgr.x' cmd=[{"prefix":"config rm","who":"mgr","name":"mgr/rbd_support/x/trash_purge_schedule"}]: dispatch
2024-09-11T23:43:14.742 INFO:teuthology.orchestra.run.smithi062.stdout:/usr/bin/ceph: stdout {
2024-09-11T23:43:14.742 INFO:teuthology.orchestra.run.smithi062.stdout:/usr/bin/ceph: stdout "mgrmap_epoch": 11,
2024-09-11T23:43:14.742 INFO:teuthology.orchestra.run.smithi062.stdout:/usr/bin/ceph: stdout "initialized": true
2024-09-11T23:43:14.742 INFO:teuthology.orchestra.run.smithi062.stdout:/usr/bin/ceph: stdout }
2024-09-11T23:43:14.742 INFO:teuthology.orchestra.run.smithi062.stdout:/usr/bin/ceph: stderr
2024-09-11T23:43:10.732+0000 7f78e98c6640 1 Processor -- start
2024-09-11T23:43:14.742 INFO:teuthology.orchestra.run.smithi062.stdout:/usr/bin/ceph: stderr
2024-09-11T23:43:10.732+0000 7f78e98c6640 1 -- start start
2024-09-11T23:43:14.742 INFO:teuthology.orchestra.run.smithi062.stdout:/usr/bin/ceph: stderr
2024-09-11T23:43:10.732+0000 7f78e98c6640 1 --2- >> [v2:172.21.15.62:3300/0,v1:172.21.15.62:6789/0] conn(0x7f78e41076c0 0x7f78e4107ac0 unknown :-1 s=NONE pgs=0 cs=0 l=0 rev1=0 crypto rx=0 tx=0 comp rx=0 tx=0).connect
2024-09-11T23:43:14.742 INFO:teuthology.orchestra.run.smithi062.stdout:/usr/bin/ceph: stderr
2024-09-11T23:43:10.732+0000 7f78e98c6640 1 -- --> [v2:172.21.15.62:3300/0,v1:172.21.15.62:6789/0] -- mon_getmap magic: 0 -- 0x7f78e4108090 con 0x7f78e41076c0
2024-09-11T23:43:14.742 INFO:teuthology.orchestra.run.smithi062.stdout:/usr/bin/ceph: stderr
2024-09-11T23:43:10.732+0000 7f78e2ffd640 1 --2- >> [v2:172.21.15.62:3300/0,v1:172.21.15.62:6789/0] conn(0x7f78e41076c0 0x7f78e4107ac0 unknown :-1 s=BANNER_CONNECTING pgs=0 cs=0 l=0 rev1=0 crypto rx=0 tx=0 comp rx=0 tx=0)._handle_peer_banner_payload supported=3 required=0
2024-09-11T23:43:14.743 INFO:teuthology.orchestra.run.smithi062.stdout:/usr/bin/ceph: stderr
2024-09-11T23:43:10.732+0000 7f78e2ffd640 1 --2- >> [v2:172.21.15.62:3300/0,v1:172.21.15.62:6789/0] conn(0x7f78e41076c0 0x7f78e4107ac0 unknown :-1 s=HELLO_CONNECTING pgs=0 cs=0 l=0 rev1=1 crypto rx=0 tx=0 comp rx=0 tx=0).handle_hello peer v2:172.21.15.62:3300/0 says I am v2:172.21.15.62:47716/0 (socket says 172.21.15.62:47716)
2024-09-11T23:43:14.743 INFO:teuthology.orchestra.run.smithi062.stdout:/usr/bin/ceph: stderr
2024-09-11T23:43:10.732+0000 7f78e2ffd640 1 -- 172.21.15.62:0/3506144822 learned_addr learned my addr 172.21.15.62:0/3506144822 (peer_addr_for_me v2:172.21.15.62:0/0)
2024-09-11T23:43:14.743 INFO:teuthology.orchestra.run.smithi062.stdout:/usr/bin/ceph: stderr
2024-09-11T23:43:10.733+0000 7f78e2ffd640 1 -- 172.21.15.62:0/3506144822 --> [v2:172.21.15.62:3300/0,v1:172.21.15.62:6789/0] -- mon_subscribe({config=0+,monmap=0+}) -- 0x7f78e4108820 con 0x7f78e41076c0
2024-09-11T23:43:14.743 INFO:teuthology.orchestra.run.smithi062.stdout:/usr/bin/ceph: stderr
2024-09-11T23:43:10.733+0000 7f78e2ffd640 1 --2- 172.21.15.62:0/3506144822 >> [v2:172.21.15.62:3300/0,v1:172.21.15.62:6789/0] conn(0x7f78e41076c0 0x7f78e4107ac0 secure :-1 s=READY pgs=59 cs=0 l=1 rev1=1 crypto rx=0x7f78d4009820 tx=0x7f78d402a270 comp rx=0 tx=0).ready entity=mon.0 client_cookie=64423b05df5a8f2c server_cookie=0 in_seq=0 out_seq=0
2024-09-11T23:43:14.743 INFO:teuthology.orchestra.run.smithi062.stdout:/usr/bin/ceph: stderr
2024-09-11T23:43:10.734+0000 7f78e27fc640 1 -- 172.21.15.62:0/3506144822 <== mon.0 v2:172.21.15.62:3300/0 1 ==== mon_map magic: 0 ==== 205+0+0 (secure 0 0 0) 0x7f78d4037070 con 0x7f78e41076c0
2024-09-11T23:43:14.743 INFO:teuthology.orchestra.run.smithi062.stdout:/usr/bin/ceph: stderr
2024-09-11T23:43:10.734+0000 7f78e27fc640 1 -- 172.21.15.62:0/3506144822 <== mon.0 v2:172.21.15.62:3300/0 2 ==== config(27 keys) ==== 1140+0+0 (secure 0 0 0) 0x7f78d4032920 con 0x7f78e41076c0
2024-09-11T23:43:14.743 INFO:teuthology.orchestra.run.smithi062.stdout:/usr/bin/ceph: stderr
2024-09-11T23:43:10.734+0000 7f78e27fc640 1 -- 172.21.15.62:0/3506144822 <== mon.0 v2:172.21.15.62:3300/0 3 ==== mon_map magic: 0 ==== 205+0+0 (secure 0 0 0) 0x7f78d4030810 con 0x7f78e41076c0
2024-09-11T23:43:14.743 INFO:teuthology.orchestra.run.smithi062.stdout:/usr/bin/ceph: stderr
2024-09-11T23:43:10.735+0000 7f78e98c6640 1 -- 172.21.15.62:0/3506144822 >> [v2:172.21.15.62:3300/0,v1:172.21.15.62:6789/0] conn(0x7f78e41076c0 msgr2=0x7f78e4107ac0 secure :-1 s=STATE_CONNECTION_ESTABLISHED l=1).mark_down
2024-09-11T23:43:14.743 INFO:teuthology.orchestra.run.smithi062.stdout:/usr/bin/ceph: stderr
2024-09-11T23:43:10.735+0000 7f78e98c6640 1 --2- 172.21.15.62:0/3506144822 >> [v2:172.21.15.62:3300/0,v1:172.21.15.62:6789/0] conn(0x7f78e41076c0 0x7f78e4107ac0 secure :-1 s=READY pgs=59 cs=0 l=1 rev1=1 crypto rx=0x7f78d4009820 tx=0x7f78d402a270 comp rx=0 tx=0).stop
2024-09-11T23:43:14.743 INFO:teuthology.orchestra.run.smithi062.stdout:/usr/bin/ceph: stderr
2024-09-11T23:43:10.735+0000 7f78e98c6640 1 -- 172.21.15.62:0/3506144822 shutdown_connections
2024-09-11T23:43:14.743 INFO:teuthology.orchestra.run.smithi062.stdout:/usr/bin/ceph: stderr
2024-09-11T23:43:10.735+0000 7f78e98c6640 1 --2- 172.21.15.62:0/3506144822 >> [v2:172.21.15.62:3300/0,v1:172.21.15.62:6789/0] conn(0x7f78e41076c0 0x7f78e4107ac0 unknown :-1 s=CLOSED pgs=59 cs=0 l=1 rev1=1 crypto rx=0 tx=0 comp rx=0 tx=0).stop
2024-09-11T23:43:14.744 INFO:teuthology.orchestra.run.smithi062.stdout:/usr/bin/ceph: stderr
2024-09-11T23:43:10.735+0000 7f78e98c6640 1 -- 172.21.15.62:0/3506144822 >> 172.21.15.62:0/3506144822 conn(0x7f78e4102e50 msgr2=0x7f78e4105290 unknown :-1 s=STATE_NONE l=0).mark_down
2024-09-11T23:43:14.744 INFO:teuthology.orchestra.run.smithi062.stdout:/usr/bin/ceph: stderr
2024-09-11T23:43:10.735+0000 7f78e98c6640 1 -- 172.21.15.62:0/3506144822 shutdown_connections
2024-09-11T23:43:14.744 INFO:teuthology.orchestra.run.smithi062.stdout:/usr/bin/ceph: stderr
2024-09-11T23:43:10.735+0000 7f78e98c6640 1 -- 172.21.15.62:0/3506144822 wait complete.
2024-09-11T23:43:14.744 INFO:teuthology.orchestra.run.smithi062.stdout:/usr/bin/ceph: stderr
2024-09-11T23:43:10.735+0000 7f78e98c6640 1 Processor -- start
2024-09-11T23:43:14.744 INFO:teuthology.orchestra.run.smithi062.stdout:/usr/bin/ceph: stderr
2024-09-11T23:43:10.735+0000 7f78e98c6640 1 -- start start
2024-09-11T23:43:14.744 INFO:teuthology.orchestra.run.smithi062.stdout:/usr/bin/ceph: stderr
2024-09-11T23:43:10.736+0000 7f78e98c6640 1 --2- >> [v2:172.21.15.62:3300/0,v1:172.21.15.62:6789/0] conn(0x7f78e41076c0 0x7f78e419d850 unknown :-1 s=NONE pgs=0 cs=0 l=1 rev1=0 crypto rx=0 tx=0 comp rx=0 tx=0).connect
2024-09-11T23:43:14.744 INFO:teuthology.orchestra.run.smithi062.stdout:/usr/bin/ceph: stderr
2024-09-11T23:43:10.736+0000 7f78e98c6640 1 -- --> [v2:172.21.15.62:3300/0,v1:172.21.15.62:6789/0] -- mon_getmap magic: 0 -- 0x7f78e410bbd0 con 0x7f78e41076c0
2024-09-11T23:43:14.744 INFO:teuthology.orchestra.run.smithi062.stdout:/usr/bin/ceph: stderr
2024-09-11T23:43:10.736+0000 7f78e2ffd640 1 --2- >> [v2:172.21.15.62:3300/0,v1:172.21.15.62:6789/0] conn(0x7f78e41076c0 0x7f78e419d850 unknown :-1 s=BANNER_CONNECTING pgs=0 cs=0 l=1 rev1=0 crypto rx=0 tx=0 comp rx=0 tx=0)._handle_peer_banner_payload supported=3 required=0
2024-09-11T23:43:14.744 INFO:teuthology.orchestra.run.smithi062.stdout:/usr/bin/ceph: stderr
2024-09-11T23:43:10.736+0000 7f78e2ffd640 1 --2- >> [v2:172.21.15.62:3300/0,v1:172.21.15.62:6789/0] conn(0x7f78e41076c0 0x7f78e419d850 unknown :-1 s=HELLO_CONNECTING pgs=0 cs=0 l=1 rev1=1 crypto rx=0 tx=0 comp rx=0 tx=0).handle_hello peer v2:172.21.15.62:3300/0 says I am v2:172.21.15.62:47728/0 (socket says 172.21.15.62:47728)
2024-09-11T23:43:14.744 INFO:teuthology.orchestra.run.smithi062.stdout:/usr/bin/ceph: stderr
2024-09-11T23:43:10.736+0000 7f78e2ffd640 1 -- 172.21.15.62:0/4130646537 learned_addr learned my addr 172.21.15.62:0/4130646537 (peer_addr_for_me v2:172.21.15.62:0/0)
2024-09-11T23:43:14.745 INFO:teuthology.orchestra.run.smithi062.stdout:/usr/bin/ceph: stderr
2024-09-11T23:43:10.736+0000 7f78e2ffd640 1 -- 172.21.15.62:0/4130646537 --> [v2:172.21.15.62:3300/0,v1:172.21.15.62:6789/0] -- mon_subscribe({config=0+,monmap=0+}) -- 0x7f78e419dd90 con 0x7f78e41076c0
2024-09-11T23:43:14.745 INFO:teuthology.orchestra.run.smithi062.stdout:/usr/bin/ceph: stderr
2024-09-11T23:43:10.736+0000 7f78e2ffd640 1 --2- 172.21.15.62:0/4130646537 >> [v2:172.21.15.62:3300/0,v1:172.21.15.62:6789/0] conn(0x7f78e41076c0 0x7f78e419d850 secure :-1 s=READY pgs=60 cs=0 l=1 rev1=1 crypto rx=0x7f78d40097f0 tx=0x7f78d40327b0 comp rx=0 tx=0).ready entity=mon.0 client_cookie=0 server_cookie=0 in_seq=0 out_seq=0
2024-09-11T23:43:14.745 INFO:teuthology.orchestra.run.smithi062.stdout:/usr/bin/ceph: stderr
2024-09-11T23:43:10.736+0000 7f78e88c4640 1 -- 172.21.15.62:0/4130646537 <== mon.0 v2:172.21.15.62:3300/0 1 ==== mon_map magic: 0 ==== 205+0+0 (secure 0 0 0) 0x7f78d4037040 con 0x7f78e41076c0
2024-09-11T23:43:14.745 INFO:teuthology.orchestra.run.smithi062.stdout:/usr/bin/ceph: stderr
2024-09-11T23:43:10.736+0000 7f78e98c6640 1 -- 172.21.15.62:0/4130646537 --> [v2:172.21.15.62:3300/0,v1:172.21.15.62:6789/0] -- mon_subscribe({mgrmap=0+}) -- 0x7f78e419e020 con 0x7f78e41076c0
2024-09-11T23:43:14.745 INFO:teuthology.orchestra.run.smithi062.stdout:/usr/bin/ceph: stderr
2024-09-11T23:43:10.736+0000 7f78e88c4640 1 -- 172.21.15.62:0/4130646537 <== mon.0 v2:172.21.15.62:3300/0 2 ==== config(27 keys) ==== 1140+0+0 (secure 0 0 0) 0x7f78d4030cc0 con 0x7f78e41076c0
2024-09-11T23:43:14.745 INFO:teuthology.orchestra.run.smithi062.stdout:/usr/bin/ceph: stderr
2024-09-11T23:43:10.736+0000 7f78e88c4640 1 -- 172.21.15.62:0/4130646537 <== mon.0 v2:172.21.15.62:3300/0 3 ==== mon_map magic: 0 ==== 205+0+0 (secure 0 0 0) 0x7f78d403a640 con 0x7f78e41076c0
2024-09-11T23:43:14.745 INFO:teuthology.orchestra.run.smithi062.stdout:/usr/bin/ceph: stderr
2024-09-11T23:43:10.737+0000 7f78e98c6640 1 -- 172.21.15.62:0/4130646537 --> [v2:172.21.15.62:3300/0,v1:172.21.15.62:6789/0] -- mon_subscribe({osdmap=0}) -- 0x7f78e41a0d10 con 0x7f78e41076c0
2024-09-11T23:43:14.745 INFO:teuthology.orchestra.run.smithi062.stdout:/usr/bin/ceph: stderr
2024-09-11T23:43:10.737+0000 7f78e88c4640 1 -- 172.21.15.62:0/4130646537 <== mon.0 v2:172.21.15.62:3300/0 4 ==== mgrmap(e 9) ==== 46300+0+0 (secure 0 0 0) 0x7f78d403a940 con 0x7f78e41076c0
2024-09-11T23:43:14.745 INFO:teuthology.orchestra.run.smithi062.stdout:/usr/bin/ceph: stderr
2024-09-11T23:43:10.738+0000 7f78e88c4640 1 --2- 172.21.15.62:0/4130646537 >> [v2:172.21.15.62:6800/3180930925,v1:172.21.15.62:6801/3180930925] conn(0x7f78d0038fc0 0x7f78d003b480 unknown :-1 s=NONE pgs=0 cs=0 l=1 rev1=0 crypto rx=0 tx=0 comp rx=0 tx=0).connect
2024-09-11T23:43:14.745 INFO:teuthology.orchestra.run.smithi062.stdout:/usr/bin/ceph: stderr
2024-09-11T23:43:10.738+0000 7f78e88c4640 1 -- 172.21.15.62:0/4130646537 --> [v2:172.21.15.62:6800/3180930925,v1:172.21.15.62:6801/3180930925] -- command(tid 0: {"prefix": "get_command_descriptions"}) -- 0x7f78d003bb90 con 0x7f78d0038fc0
2024-09-11T23:43:14.745 INFO:teuthology.orchestra.run.smithi062.stdout:/usr/bin/ceph: stderr
2024-09-11T23:43:10.738+0000 7f78e88c4640 1 -- 172.21.15.62:0/4130646537 <== mon.0 v2:172.21.15.62:3300/0 5 ==== osd_map(2..2 src has 1..2) ==== 940+0+0 (secure 0 0 0) 0x7f78d406c590 con 0x7f78e41076c0
2024-09-11T23:43:14.745 INFO:teuthology.orchestra.run.smithi062.stdout:/usr/bin/ceph: stderr
2024-09-11T23:43:10.738+0000 7f78dbfff640 1 -- 172.21.15.62:0/4130646537 >> [v2:172.21.15.62:6800/3180930925,v1:172.21.15.62:6801/3180930925] conn(0x7f78d0038fc0 msgr2=0x7f78d003b480 unknown :-1 s=STATE_CONNECTING_RE l=1).process reconnect failed to v2:172.21.15.62:6800/3180930925
2024-09-11T23:43:14.745 INFO:teuthology.orchestra.run.smithi062.stdout:/usr/bin/ceph: stderr
2024-09-11T23:43:10.738+0000 7f78dbfff640 1 --2- 172.21.15.62:0/4130646537 >> [v2:172.21.15.62:6800/3180930925,v1:172.21.15.62:6801/3180930925] conn(0x7f78d0038fc0 0x7f78d003b480 unknown :-1 s=START_CONNECT pgs=0 cs=0 l=1 rev1=0 crypto rx=0 tx=0 comp rx=0 tx=0)._fault waiting 0.200000
2024-09-11T23:43:14.746 INFO:teuthology.orchestra.run.smithi062.stdout:/usr/bin/ceph: stderr
2024-09-11T23:43:10.939+0000 7f78dbfff640 1 -- 172.21.15.62:0/4130646537 >> [v2:172.21.15.62:6800/3180930925,v1:172.21.15.62:6801/3180930925] conn(0x7f78d0038fc0 msgr2=0x7f78d003b480 unknown :-1 s=STATE_CONNECTING_RE l=1).process reconnect failed to v2:172.21.15.62:6800/3180930925
2024-09-11T23:43:14.746 INFO:teuthology.orchestra.run.smithi062.stdout:/usr/bin/ceph: stderr
2024-09-11T23:43:10.939+0000 7f78dbfff640 1 --2- 172.21.15.62:0/4130646537 >> [v2:172.21.15.62:6800/3180930925,v1:172.21.15.62:6801/3180930925] conn(0x7f78d0038fc0 0x7f78d003b480 unknown :-1 s=START_CONNECT pgs=0 cs=0 l=1 rev1=0 crypto rx=0 tx=0 comp rx=0 tx=0)._fault waiting 0.400000
2024-09-11T23:43:14.746 INFO:teuthology.orchestra.run.smithi062.stdout:/usr/bin/ceph: stderr
2024-09-11T23:43:11.340+0000 7f78dbfff640 1 -- 172.21.15.62:0/4130646537 >> [v2:172.21.15.62:6800/3180930925,v1:172.21.15.62:6801/3180930925] conn(0x7f78d0038fc0 msgr2=0x7f78d003b480 unknown :-1 s=STATE_CONNECTING_RE l=1).process reconnect failed to v2:172.21.15.62:6800/3180930925
2024-09-11T23:43:14.746 INFO:teuthology.orchestra.run.smithi062.stdout:/usr/bin/ceph: stderr
2024-09-11T23:43:11.340+0000 7f78dbfff640 1 --2- 172.21.15.62:0/4130646537 >> [v2:172.21.15.62:6800/3180930925,v1:172.21.15.62:6801/3180930925] conn(0x7f78d0038fc0 0x7f78d003b480 unknown :-1 s=START_CONNECT pgs=0 cs=0 l=1 rev1=0 crypto rx=0 tx=0 comp rx=0 tx=0)._fault waiting 0.800000
2024-09-11T23:43:14.746 INFO:teuthology.orchestra.run.smithi062.stdout:/usr/bin/ceph: stderr
2024-09-11T23:43:12.141+0000 7f78dbfff640 1 -- 172.21.15.62:0/4130646537 >> [v2:172.21.15.62:6800/3180930925,v1:172.21.15.62:6801/3180930925] conn(0x7f78d0038fc0 msgr2=0x7f78d003b480 unknown :-1 s=STATE_CONNECTING_RE l=1).process reconnect failed to v2:172.21.15.62:6800/3180930925
2024-09-11T23:43:14.746 INFO:teuthology.orchestra.run.smithi062.stdout:/usr/bin/ceph: stderr
2024-09-11T23:43:12.141+0000 7f78dbfff640 1 --2- 172.21.15.62:0/4130646537 >> [v2:172.21.15.62:6800/3180930925,v1:172.21.15.62:6801/3180930925] conn(0x7f78d0038fc0 0x7f78d003b480 unknown :-1 s=START_CONNECT pgs=0 cs=0 l=1 rev1=0 crypto rx=0 tx=0 comp rx=0 tx=0)._fault waiting 1.600000
2024-09-11T23:43:14.746 INFO:teuthology.orchestra.run.smithi062.stdout:/usr/bin/ceph: stderr
2024-09-11T23:43:12.721+0000 7f78e88c4640 1 -- 172.21.15.62:0/4130646537 <== mon.0 v2:172.21.15.62:3300/0 6 ==== mgrmap(e 10) ==== 46067+0+0 (secure 0 0 0) 0x7f78d406b040 con 0x7f78e41076c0
2024-09-11T23:43:14.746 INFO:teuthology.orchestra.run.smithi062.stdout:/usr/bin/ceph: stderr
2024-09-11T23:43:12.721+0000 7f78e88c4640 1 -- 172.21.15.62:0/4130646537 >> [v2:172.21.15.62:6800/3180930925,v1:172.21.15.62:6801/3180930925] conn(0x7f78d0038fc0 msgr2=0x7f78d003b480 unknown :-1 s=STATE_CONNECTING l=1).mark_down
2024-09-11T23:43:14.746 INFO:teuthology.orchestra.run.smithi062.stdout:/usr/bin/ceph: stderr
2024-09-11T23:43:12.721+0000 7f78e88c4640 1 --2- 172.21.15.62:0/4130646537 >> [v2:172.21.15.62:6800/3180930925,v1:172.21.15.62:6801/3180930925] conn(0x7f78d0038fc0 0x7f78d003b480 unknown :-1 s=START_CONNECT pgs=0 cs=0 l=1 rev1=0 crypto rx=0 tx=0 comp rx=0 tx=0).stop
2024-09-11T23:43:14.746 INFO:teuthology.orchestra.run.smithi062.stdout:/usr/bin/ceph: stderr
2024-09-11T23:43:13.722+0000 7f78e88c4640 1 -- 172.21.15.62:0/4130646537 <== mon.0 v2:172.21.15.62:3300/0 7 ==== mgrmap(e 11) ==== 46194+0+0 (secure 0 0 0) 0x7f78d4044920 con 0x7f78e41076c0
2024-09-11T23:43:14.746 INFO:teuthology.orchestra.run.smithi062.stdout:/usr/bin/ceph: stderr
2024-09-11T23:43:13.722+0000 7f78e88c4640 1 --2- 172.21.15.62:0/4130646537 >> [v2:172.21.15.62:6800/3106394779,v1:172.21.15.62:6801/3106394779] conn(0x7f78d003ca80 0x7f78d003ee70 unknown :-1 s=NONE pgs=0 cs=0 l=1 rev1=0 crypto rx=0 tx=0 comp rx=0 tx=0).connect
2024-09-11T23:43:14.746 INFO:teuthology.orchestra.run.smithi062.stdout:/usr/bin/ceph: stderr
2024-09-11T23:43:13.723+0000 7f78e88c4640 1 -- 172.21.15.62:0/4130646537 --> [v2:172.21.15.62:6800/3106394779,v1:172.21.15.62:6801/3106394779] -- command(tid 0: {"prefix": "get_command_descriptions"}) -- 0x7f78d402dec0 con 0x7f78d003ca80
2024-09-11T23:43:14.747 INFO:teuthology.orchestra.run.smithi062.stdout:/usr/bin/ceph: stderr
2024-09-11T23:43:13.723+0000 7f78dbfff640 1 --2- 172.21.15.62:0/4130646537 >> [v2:172.21.15.62:6800/3106394779,v1:172.21.15.62:6801/3106394779] conn(0x7f78d003ca80 0x7f78d003ee70 unknown :-1 s=BANNER_CONNECTING pgs=0 cs=0 l=1 rev1=0 crypto rx=0 tx=0 comp rx=0 tx=0)._handle_peer_banner_payload supported=3 required=0
2024-09-11T23:43:14.747 INFO:teuthology.orchestra.run.smithi062.stdout:/usr/bin/ceph: stderr
2024-09-11T23:43:13.723+0000 7f78dbfff640 1 --2- 172.21.15.62:0/4130646537 >> [v2:172.21.15.62:6800/3106394779,v1:172.21.15.62:6801/3106394779] conn(0x7f78d003ca80 0x7f78d003ee70 secure :-1 s=READY pgs=1 cs=0 l=1 rev1=1 crypto rx=0x7f78cc003980 tx=0x7f78cc006e10 comp rx=0 tx=0).ready entity=mgr.14150 client_cookie=0 server_cookie=0 in_seq=0 out_seq=0
2024-09-11T23:43:14.747 INFO:teuthology.orchestra.run.smithi062.stdout:/usr/bin/ceph: stderr
2024-09-11T23:43:13.724+0000 7f78e88c4640 1 -- 172.21.15.62:0/4130646537 <== mgr.14150 v2:172.21.15.62:6800/3106394779 1 ==== command_reply(tid 0: 0 ) ==== 8+0+9564 (secure 0 0 0) 0x7f78d402dec0 con 0x7f78d003ca80
2024-09-11T23:43:14.747 INFO:teuthology.orchestra.run.smithi062.stdout:/usr/bin/ceph: stderr
2024-09-11T23:43:13.731+0000 7f78e98c6640 1 -- 172.21.15.62:0/4130646537 --> [v2:172.21.15.62:6800/3106394779,v1:172.21.15.62:6801/3106394779] -- command(tid 1: {"prefix": "mgr_status"}) -- 0x7f78e410bd50 con 0x7f78d003ca80
2024-09-11T23:43:14.747 INFO:teuthology.orchestra.run.smithi062.stdout:/usr/bin/ceph: stderr
2024-09-11T23:43:13.731+0000 7f78e88c4640 1 -- 172.21.15.62:0/4130646537 <== mgr.14150 v2:172.21.15.62:6800/3106394779 2 ==== command_reply(tid 1: 0 ) ==== 8+0+52 (secure 0 0 0) 0x7f78e410bd50 con 0x7f78d003ca80
2024-09-11T23:43:14.747 INFO:teuthology.orchestra.run.smithi062.stdout:/usr/bin/ceph: stderr
2024-09-11T23:43:13.732+0000 7f78e98c6640 1 -- 172.21.15.62:0/4130646537 >> [v2:172.21.15.62:6800/3106394779,v1:172.21.15.62:6801/3106394779] conn(0x7f78d003ca80 msgr2=0x7f78d003ee70 secure :-1 s=STATE_CONNECTION_ESTABLISHED l=1).mark_down
2024-09-11T23:43:14.747 INFO:teuthology.orchestra.run.smithi062.stdout:/usr/bin/ceph: stderr
2024-09-11T23:43:13.732+0000 7f78e98c6640 1 --2- 172.21.15.62:0/4130646537 >> [v2:172.21.15.62:6800/3106394779,v1:172.21.15.62:6801/3106394779] conn(0x7f78d003ca80 0x7f78d003ee70 secure :-1 s=READY pgs=1 cs=0 l=1 rev1=1 crypto rx=0x7f78cc003980 tx=0x7f78cc006e10 comp rx=0 tx=0).stop
2024-09-11T23:43:14.747 INFO:teuthology.orchestra.run.smithi062.stdout:/usr/bin/ceph: stderr
2024-09-11T23:43:13.732+0000 7f78e98c6640 1 -- 172.21.15.62:0/4130646537 >> [v2:172.21.15.62:3300/0,v1:172.21.15.62:6789/0] conn(0x7f78e41076c0 msgr2=0x7f78e419d850 secure :-1 s=STATE_CONNECTION_ESTABLISHED l=1).mark_down
2024-09-11T23:43:14.747 INFO:teuthology.orchestra.run.smithi062.stdout:/usr/bin/ceph: stderr
2024-09-11T23:43:13.732+0000 7f78e98c6640 1 --2- 172.21.15.62:0/4130646537 >> [v2:172.21.15.62:3300/0,v1:172.21.15.62:6789/0] conn(0x7f78e41076c0 0x7f78e419d850 secure :-1 s=READY pgs=60 cs=0 l=1 rev1=1 crypto rx=0x7f78d40097f0 tx=0x7f78d40327b0 comp rx=0 tx=0).stop
2024-09-11T23:43:14.747 INFO:teuthology.orchestra.run.smithi062.stdout:/usr/bin/ceph: stderr
2024-09-11T23:43:13.732+0000 7f78e98c6640 1 -- 172.21.15.62:0/4130646537 shutdown_connections
2024-09-11T23:43:14.747 INFO:teuthology.orchestra.run.smithi062.stdout:/usr/bin/ceph: stderr
2024-09-11T23:43:13.732+0000 7f78e98c6640 1 --2- 172.21.15.62:0/4130646537 >> [v2:172.21.15.62:6800/3106394779,v1:172.21.15.62:6801/3106394779] conn(0x7f78d003ca80 0x7f78d003ee70 unknown :-1 s=CLOSED pgs=1 cs=0 l=1 rev1=1 crypto rx=0 tx=0 comp rx=0 tx=0).stop
2024-09-11T23:43:14.747 INFO:teuthology.orchestra.run.smithi062.stdout:/usr/bin/ceph: stderr
2024-09-11T23:43:13.732+0000 7f78e98c6640 1 --2- 172.21.15.62:0/4130646537 >> [v2:172.21.15.62:6800/3180930925,v1:172.21.15.62:6801/3180930925] conn(0x7f78d0038fc0 0x7f78d003b480 unknown :-1 s=CLOSED pgs=0 cs=0 l=1 rev1=0 crypto rx=0 tx=0 comp rx=0 tx=0).stop
2024-09-11T23:43:14.747 INFO:teuthology.orchestra.run.smithi062.stdout:/usr/bin/ceph: stderr
2024-09-11T23:43:13.732+0000 7f78e98c6640 1 --2- 172.21.15.62:0/4130646537 >> [v2:172.21.15.62:3300/0,v1:172.21.15.62:6789/0] conn(0x7f78e41076c0 0x7f78e419d850 unknown :-1 s=CLOSED pgs=60 cs=0 l=1 rev1=1 crypto rx=0 tx=0 comp rx=0 tx=0).stop
2024-09-11T23:43:14.747 INFO:teuthology.orchestra.run.smithi062.stdout:/usr/bin/ceph: stderr
2024-09-11T23:43:13.732+0000 7f78e98c6640 1 -- 172.21.15.62:0/4130646537 >> 172.21.15.62:0/4130646537 conn(0x7f78e4102e50 msgr2=0x7f78e41039b0 unknown :-1 s=STATE_NONE l=0).mark_down
2024-09-11T23:43:14.748 INFO:teuthology.orchestra.run.smithi062.stdout:/usr/bin/ceph: stderr
2024-09-11T23:43:13.732+0000 7f78e98c6640 1 -- 172.21.15.62:0/4130646537 shutdown_connections
2024-09-11T23:43:14.748 INFO:teuthology.orchestra.run.smithi062.stdout:/usr/bin/ceph: stderr
2024-09-11T23:43:13.732+0000 7f78e98c6640 1 -- 172.21.15.62:0/4130646537 wait complete.
2024-09-11T23:43:14.748 INFO:teuthology.orchestra.run.smithi062.stdout:mgr epoch 9 is available
2024-09-11T23:43:14.748 INFO:teuthology.orchestra.run.smithi062.stdout:Generating a dashboard self-signed certificate...
2024-09-11T23:43:14.978 INFO:journalctl@ceph.mon.a.smithi062.stdout:Sep 11 23:43:14 smithi062 ceph-mon[30958]: from='client.14154 -' entity='client.admin' cmd=[{"prefix": "get_command_descriptions"}]: dispatch
2024-09-11T23:43:14.978 INFO:journalctl@ceph.mon.a.smithi062.stdout:Sep 11 23:43:14 smithi062 ceph-mon[30958]: mgrmap e11: x(active, since 1.00576s)
2024-09-11T23:43:14.978 INFO:journalctl@ceph.mon.a.smithi062.stdout:Sep 11 23:43:14 smithi062 ceph-mon[30958]: from='client.14154 -' entity='client.admin' cmd=[{"prefix": "mgr_status"}]: dispatch
2024-09-11T23:43:14.978 INFO:journalctl@ceph.mon.a.smithi062.stdout:Sep 11 23:43:14 smithi062 ceph-mon[30958]: from='mgr.14150 172.21.15.62:0/672488100' entity='mgr.x'
2024-09-11T23:43:15.281 INFO:journalctl@ceph.mgr.x.smithi062.stdout:Sep 11 23:43:15 smithi062 ceph-56675698-7097-11ef-bcea-c7b262605968-mgr-x[31184]:
2024-09-11T23:43:15.100+0000 7f9f2b725640 -1 log_channel(cephadm) log [ERR] : [11/Sep/2024:23:43:15] ENGINE Error in HTTPServer.serve
2024-09-11T23:43:15.281 INFO:journalctl@ceph.mgr.x.smithi062.stdout:Sep 11 23:43:15 smithi062 ceph-56675698-7097-11ef-bcea-c7b262605968-mgr-x[31184]: Traceback (most recent call last):
2024-09-11T23:43:15.281 INFO:journalctl@ceph.mgr.x.smithi062.stdout:Sep 11 23:43:15 smithi062 ceph-56675698-7097-11ef-bcea-c7b262605968-mgr-x[31184]: File "/lib/python3.9/site-packages/cheroot/server.py", line 1823, in serve
2024-09-11T23:43:15.281 INFO:journalctl@ceph.mgr.x.smithi062.stdout:Sep 11 23:43:15 smithi062 ceph-56675698-7097-11ef-bcea-c7b262605968-mgr-x[31184]: self._connections.run(self.expiration_interval)
2024-09-11T23:43:15.281 INFO:journalctl@ceph.mgr.x.smithi062.stdout:Sep 11 23:43:15 smithi062 ceph-56675698-7097-11ef-bcea-c7b262605968-mgr-x[31184]: File "/lib/python3.9/site-packages/cheroot/connections.py", line 203, in run
2024-09-11T23:43:15.281 INFO:journalctl@ceph.mgr.x.smithi062.stdout:Sep 11 23:43:15 smithi062 ceph-56675698-7097-11ef-bcea-c7b262605968-mgr-x[31184]: self._run(expiration_interval)
2024-09-11T23:43:15.282 INFO:journalctl@ceph.mgr.x.smithi062.stdout:Sep 11 23:43:15 smithi062 ceph-56675698-7097-11ef-bcea-c7b262605968-mgr-x[31184]: File "/lib/python3.9/site-packages/cheroot/connections.py", line 246, in _run
2024-09-11T23:43:15.282 INFO:journalctl@ceph.mgr.x.smithi062.stdout:Sep 11 23:43:15 smithi062 ceph-56675698-7097-11ef-bcea-c7b262605968-mgr-x[31184]: new_conn = self._from_server_socket(self.server.socket)
2024-09-11T23:43:15.282 INFO:journalctl@ceph.mgr.x.smithi062.stdout:Sep 11 23:43:15 smithi062 ceph-56675698-7097-11ef-bcea-c7b262605968-mgr-x[31184]: File "/lib/python3.9/site-packages/cheroot/connections.py", line 300, in _from_server_socket
2024-09-11T23:43:15.282 INFO:journalctl@ceph.mgr.x.smithi062.stdout:Sep 11 23:43:15 smithi062 ceph-56675698-7097-11ef-bcea-c7b262605968-mgr-x[31184]: s, ssl_env = self.server.ssl_adapter.wrap(s)
2024-09-11T23:43:15.282 INFO:journalctl@ceph.mgr.x.smithi062.stdout:Sep 11 23:43:15 smithi062 ceph-56675698-7097-11ef-bcea-c7b262605968-mgr-x[31184]: File "/lib/python3.9/site-packages/cheroot/ssl/builtin.py", line 277, in wrap
2024-09-11T23:43:15.282 INFO:journalctl@ceph.mgr.x.smithi062.stdout:Sep 11 23:43:15 smithi062 ceph-56675698-7097-11ef-bcea-c7b262605968-mgr-x[31184]: s = self.context.wrap_socket(
2024-09-11T23:43:15.282 INFO:journalctl@ceph.mgr.x.smithi062.stdout:Sep 11 23:43:15 smithi062 ceph-56675698-7097-11ef-bcea-c7b262605968-mgr-x[31184]: File "/lib64/python3.9/ssl.py", line 501, in wrap_socket
2024-09-11T23:43:15.282 INFO:journalctl@ceph.mgr.x.smithi062.stdout:Sep 11 23:43:15 smithi062 ceph-56675698-7097-11ef-bcea-c7b262605968-mgr-x[31184]: return self.sslsocket_class._create(
2024-09-11T23:43:15.282 INFO:journalctl@ceph.mgr.x.smithi062.stdout:Sep 11 23:43:15 smithi062 ceph-56675698-7097-11ef-bcea-c7b262605968-mgr-x[31184]: File "/lib64/python3.9/ssl.py", line 1074, in _create
2024-09-11T23:43:15.282 INFO:journalctl@ceph.mgr.x.smithi062.stdout:Sep 11 23:43:15 smithi062 ceph-56675698-7097-11ef-bcea-c7b262605968-mgr-x[31184]: self.do_handshake()
2024-09-11T23:43:15.283 INFO:journalctl@ceph.mgr.x.smithi062.stdout:Sep 11 23:43:15 smithi062 ceph-56675698-7097-11ef-bcea-c7b262605968-mgr-x[31184]: File "/lib64/python3.9/ssl.py", line 1343, in do_handshake
2024-09-11T23:43:15.283 INFO:journalctl@ceph.mgr.x.smithi062.stdout:Sep 11 23:43:15 smithi062 ceph-56675698-7097-11ef-bcea-c7b262605968-mgr-x[31184]: self._sslobj.do_handshake()
2024-09-11T23:43:15.283 INFO:journalctl@ceph.mgr.x.smithi062.stdout:Sep 11 23:43:15 smithi062 ceph-56675698-7097-11ef-bcea-c7b262605968-mgr-x[31184]: ssl.SSLZeroReturnError: TLS/SSL connection has been closed (EOF) (_ssl.c:1133)
2024-09-11T23:43:15.283 INFO:journalctl@ceph.mgr.x.smithi062.stdout:Sep 11 23:43:15 smithi062 ceph-56675698-7097-11ef-bcea-c7b262605968-mgr-x[31184]:
2024-09-11T23:43:15.997 INFO:teuthology.orchestra.run.smithi062.stdout:/usr/bin/ceph: stdout Self-signed certificate created
2024-09-11T23:43:15.997 INFO:teuthology.orchestra.run.smithi062.stdout:/usr/bin/ceph: stderr
2024-09-11T23:43:15.171+0000 7fe5ce206640 1 Processor -- start
2024-09-11T23:43:15.997 INFO:teuthology.orchestra.run.smithi062.stdout:/usr/bin/ceph: stderr
2024-09-11T23:43:15.171+0000 7fe5ce206640 1 -- start start
2024-09-11T23:43:15.997 INFO:teuthology.orchestra.run.smithi062.stdout:/usr/bin/ceph: stderr
2024-09-11T23:43:15.171+0000 7fe5ce206640 1 --2- >> [v2:172.21.15.62:3300/0,v1:172.21.15.62:6789/0] conn(0x7fe5c8108100 0x7fe5c810a4f0 unknown :-1 s=NONE pgs=0 cs=0 l=0 rev1=0 crypto rx=0 tx=0 comp rx=0 tx=0).connect
2024-09-11T23:43:15.997 INFO:teuthology.orchestra.run.smithi062.stdout:/usr/bin/ceph: stderr
2024-09-11T23:43:15.171+0000 7fe5ce206640 1 -- --> [v2:172.21.15.62:3300/0,v1:172.21.15.62:6789/0] -- mon_getmap magic: 0 -- 0x7fe5c807bdb0 con 0x7fe5c8108100
2024-09-11T23:43:15.997 INFO:teuthology.orchestra.run.smithi062.stdout:/usr/bin/ceph: stderr
2024-09-11T23:43:15.171+0000 7fe5c77fe640 1 --2- >> [v2:172.21.15.62:3300/0,v1:172.21.15.62:6789/0] conn(0x7fe5c8108100 0x7fe5c810a4f0 unknown :-1 s=BANNER_CONNECTING pgs=0 cs=0 l=0 rev1=0 crypto rx=0 tx=0 comp rx=0 tx=0)._handle_peer_banner_payload supported=3 required=0
2024-09-11T23:43:15.997 INFO:teuthology.orchestra.run.smithi062.stdout:/usr/bin/ceph: stderr
2024-09-11T23:43:15.171+0000 7fe5c77fe640 1 --2- >> [v2:172.21.15.62:3300/0,v1:172.21.15.62:6789/0] conn(0x7fe5c8108100 0x7fe5c810a4f0 unknown :-1 s=HELLO_CONNECTING pgs=0 cs=0 l=0 rev1=1 crypto rx=0 tx=0 comp rx=0 tx=0).handle_hello peer v2:172.21.15.62:3300/0 says I am v2:172.21.15.62:51212/0 (socket says 172.21.15.62:51212)
2024-09-11T23:43:15.998 INFO:teuthology.orchestra.run.smithi062.stdout:/usr/bin/ceph: stderr
2024-09-11T23:43:15.171+0000 7fe5c77fe640 1 -- 172.21.15.62:0/2319638679 learned_addr learned my addr 172.21.15.62:0/2319638679 (peer_addr_for_me v2:172.21.15.62:0/0)
2024-09-11T23:43:15.998 INFO:teuthology.orchestra.run.smithi062.stdout:/usr/bin/ceph: stderr
2024-09-11T23:43:15.172+0000 7fe5c77fe640 1 -- 172.21.15.62:0/2319638679 --> [v2:172.21.15.62:3300/0,v1:172.21.15.62:6789/0] -- mon_subscribe({config=0+,monmap=0+}) -- 0x7fe5c810aa30 con 0x7fe5c8108100
2024-09-11T23:43:15.998 INFO:teuthology.orchestra.run.smithi062.stdout:/usr/bin/ceph: stderr
2024-09-11T23:43:15.172+0000 7fe5c77fe640 1 --2- 172.21.15.62:0/2319638679 >> [v2:172.21.15.62:3300/0,v1:172.21.15.62:6789/0] conn(0x7fe5c8108100 0x7fe5c810a4f0 secure :-1 s=READY pgs=68 cs=0 l=1 rev1=1 crypto rx=0x7fe5b8009820 tx=0x7fe5b802a270 comp rx=0 tx=0).ready entity=mon.0 client_cookie=ecaac86fcdf30546 server_cookie=0 in_seq=0 out_seq=0
2024-09-11T23:43:15.998 INFO:teuthology.orchestra.run.smithi062.stdout:/usr/bin/ceph: stderr
2024-09-11T23:43:15.172+0000 7fe5c67fc640 1 -- 172.21.15.62:0/2319638679 <== mon.0 v2:172.21.15.62:3300/0 1 ==== mon_map magic: 0 ==== 205+0+0 (secure 0 0 0) 0x7fe5b8037070 con 0x7fe5c8108100
2024-09-11T23:43:15.998 INFO:teuthology.orchestra.run.smithi062.stdout:/usr/bin/ceph: stderr
2024-09-11T23:43:15.172+0000 7fe5c67fc640 1 -- 172.21.15.62:0/2319638679 <== mon.0 v2:172.21.15.62:3300/0 2 ==== config(27 keys) ==== 1140+0+0 (secure 0 0 0) 0x7fe5b8032920 con 0x7fe5c8108100
2024-09-11T23:43:15.998 INFO:teuthology.orchestra.run.smithi062.stdout:/usr/bin/ceph: stderr
2024-09-11T23:43:15.172+0000 7fe5c67fc640 1 -- 172.21.15.62:0/2319638679 <== mon.0 v2:172.21.15.62:3300/0 3 ==== mon_map magic: 0 ==== 205+0+0 (secure 0 0 0) 0x7fe5b8030810 con 0x7fe5c8108100
2024-09-11T23:43:15.998 INFO:teuthology.orchestra.run.smithi062.stdout:/usr/bin/ceph: stderr
2024-09-11T23:43:15.173+0000 7fe5ce206640 1 -- 172.21.15.62:0/2319638679 >> [v2:172.21.15.62:3300/0,v1:172.21.15.62:6789/0] conn(0x7fe5c8108100 msgr2=0x7fe5c810a4f0 secure :-1 s=STATE_CONNECTION_ESTABLISHED l=1).mark_down
2024-09-11T23:43:15.998 INFO:teuthology.orchestra.run.smithi062.stdout:/usr/bin/ceph: stderr
2024-09-11T23:43:15.173+0000 7fe5ce206640 1 --2- 172.21.15.62:0/2319638679 >> [v2:172.21.15.62:3300/0,v1:172.21.15.62:6789/0] conn(0x7fe5c8108100 0x7fe5c810a4f0 secure :-1 s=READY pgs=68 cs=0 l=1 rev1=1 crypto rx=0x7fe5b8009820 tx=0x7fe5b802a270 comp rx=0 tx=0).stop
2024-09-11T23:43:15.998 INFO:teuthology.orchestra.run.smithi062.stdout:/usr/bin/ceph: stderr
2024-09-11T23:43:15.173+0000 7fe5ce206640 1 -- 172.21.15.62:0/2319638679 shutdown_connections
2024-09-11T23:43:15.998 INFO:teuthology.orchestra.run.smithi062.stdout:/usr/bin/ceph: stderr
2024-09-11T23:43:15.173+0000 7fe5ce206640 1 --2- 172.21.15.62:0/2319638679 >> [v2:172.21.15.62:3300/0,v1:172.21.15.62:6789/0] conn(0x7fe5c8108100 0x7fe5c810a4f0 unknown :-1 s=CLOSED pgs=68 cs=0 l=1 rev1=1 crypto rx=0 tx=0 comp rx=0 tx=0).stop
2024-09-11T23:43:15.998 INFO:teuthology.orchestra.run.smithi062.stdout:/usr/bin/ceph: stderr
2024-09-11T23:43:15.173+0000 7fe5ce206640 1 -- 172.21.15.62:0/2319638679 >> 172.21.15.62:0/2319638679 conn(0x7fe5c8101ca0 msgr2=0x7fe5c81040e0 unknown :-1 s=STATE_NONE l=0).mark_down
2024-09-11T23:43:15.998 INFO:teuthology.orchestra.run.smithi062.stdout:/usr/bin/ceph: stderr
2024-09-11T23:43:15.173+0000 7fe5ce206640 1 -- 172.21.15.62:0/2319638679 shutdown_connections
2024-09-11T23:43:15.998 INFO:teuthology.orchestra.run.smithi062.stdout:/usr/bin/ceph: stderr
2024-09-11T23:43:15.173+0000 7fe5ce206640 1 -- 172.21.15.62:0/2319638679 wait complete.
2024-09-11T23:43:15.999 INFO:teuthology.orchestra.run.smithi062.stdout:/usr/bin/ceph: stderr
2024-09-11T23:43:15.174+0000 7fe5ce206640 1 Processor -- start
2024-09-11T23:43:15.999 INFO:teuthology.orchestra.run.smithi062.stdout:/usr/bin/ceph: stderr
2024-09-11T23:43:15.174+0000 7fe5ce206640 1 -- start start
2024-09-11T23:43:15.999 INFO:teuthology.orchestra.run.smithi062.stdout:/usr/bin/ceph: stderr
2024-09-11T23:43:15.174+0000 7fe5ce206640 1 --2- >> [v2:172.21.15.62:3300/0,v1:172.21.15.62:6789/0] conn(0x7fe5c8108100 0x7fe5c819b650 unknown :-1 s=NONE pgs=0 cs=0 l=1 rev1=0 crypto rx=0 tx=0 comp rx=0 tx=0).connect
2024-09-11T23:43:15.999 INFO:teuthology.orchestra.run.smithi062.stdout:/usr/bin/ceph: stderr
2024-09-11T23:43:15.174+0000 7fe5ce206640 1 -- --> [v2:172.21.15.62:3300/0,v1:172.21.15.62:6789/0] -- mon_getmap magic: 0 -- 0x7fe5c810b9f0 con 0x7fe5c8108100
2024-09-11T23:43:15.999 INFO:teuthology.orchestra.run.smithi062.stdout:/usr/bin/ceph: stderr
2024-09-11T23:43:15.174+0000 7fe5c77fe640 1 --2- >> [v2:172.21.15.62:3300/0,v1:172.21.15.62:6789/0] conn(0x7fe5c8108100 0x7fe5c819b650 unknown :-1 s=BANNER_CONNECTING pgs=0 cs=0 l=1 rev1=0 crypto rx=0 tx=0 comp rx=0 tx=0)._handle_peer_banner_payload supported=3 required=0
2024-09-11T23:43:15.999 INFO:teuthology.orchestra.run.smithi062.stdout:/usr/bin/ceph: stderr
2024-09-11T23:43:15.174+0000 7fe5c77fe640 1 --2- >> [v2:172.21.15.62:3300/0,v1:172.21.15.62:6789/0] conn(0x7fe5c8108100 0x7fe5c819b650 unknown :-1 s=HELLO_CONNECTING pgs=0 cs=0 l=1 rev1=1 crypto rx=0 tx=0 comp rx=0 tx=0).handle_hello peer v2:172.21.15.62:3300/0 says I am v2:172.21.15.62:51218/0 (socket says 172.21.15.62:51218)
2024-09-11T23:43:15.999 INFO:teuthology.orchestra.run.smithi062.stdout:/usr/bin/ceph: stderr
2024-09-11T23:43:15.174+0000 7fe5c77fe640 1 -- 172.21.15.62:0/2480430143 learned_addr learned my addr 172.21.15.62:0/2480430143 (peer_addr_for_me v2:172.21.15.62:0/0)
2024-09-11T23:43:15.999 INFO:teuthology.orchestra.run.smithi062.stdout:/usr/bin/ceph: stderr
2024-09-11T23:43:15.174+0000 7fe5c77fe640 1 -- 172.21.15.62:0/2480430143 --> [v2:172.21.15.62:3300/0,v1:172.21.15.62:6789/0] -- mon_subscribe({config=0+,monmap=0+}) -- 0x7fe5c819bb90 con 0x7fe5c8108100
2024-09-11T23:43:15.999 INFO:teuthology.orchestra.run.smithi062.stdout:/usr/bin/ceph: stderr
2024-09-11T23:43:15.175+0000 7fe5c77fe640 1 --2- 172.21.15.62:0/2480430143 >> [v2:172.21.15.62:3300/0,v1:172.21.15.62:6789/0] conn(0x7fe5c8108100 0x7fe5c819b650 secure :-1 s=READY pgs=69 cs=0 l=1 rev1=1 crypto rx=0x7fe5b8030420 tx=0x7fe5b8032670 comp rx=0 tx=0).ready entity=mon.0 client_cookie=0 server_cookie=0 in_seq=0 out_seq=0
2024-09-11T23:43:15.999 INFO:teuthology.orchestra.run.smithi062.stdout:/usr/bin/ceph: stderr
2024-09-11T23:43:15.175+0000 7fe5c4ff9640 1 -- 172.21.15.62:0/2480430143 <== mon.0 v2:172.21.15.62:3300/0 1 ==== mon_map magic: 0 ==== 205+0+0 (secure 0 0 0) 0x7fe5b8037040 con 0x7fe5c8108100
2024-09-11T23:43:15.999 INFO:teuthology.orchestra.run.smithi062.stdout:/usr/bin/ceph: stderr
2024-09-11T23:43:15.175+0000 7fe5ce206640 1 -- 172.21.15.62:0/2480430143 --> [v2:172.21.15.62:3300/0,v1:172.21.15.62:6789/0] -- mon_subscribe({mgrmap=0+}) -- 0x7fe5c819be20 con 0x7fe5c8108100
2024-09-11T23:43:15.999 INFO:teuthology.orchestra.run.smithi062.stdout:/usr/bin/ceph: stderr
2024-09-11T23:43:15.175+0000 7fe5c4ff9640 1 -- 172.21.15.62:0/2480430143 <== mon.0 v2:172.21.15.62:3300/0 2 ==== config(27 keys) ==== 1140+0+0 (secure 0 0 0) 0x7fe5b8040070 con 0x7fe5c8108100
2024-09-11T23:43:15.999 INFO:teuthology.orchestra.run.smithi062.stdout:/usr/bin/ceph: stderr
2024-09-11T23:43:15.175+0000 7fe5c4ff9640 1 -- 172.21.15.62:0/2480430143 <== mon.0 v2:172.21.15.62:3300/0 3 ==== mon_map magic: 0 ==== 205+0+0 (secure 0 0 0) 0x7fe5b803a6e0 con 0x7fe5c8108100
2024-09-11T23:43:16.000 INFO:teuthology.orchestra.run.smithi062.stdout:/usr/bin/ceph: stderr
2024-09-11T23:43:15.175+0000 7fe5ce206640 1 -- 172.21.15.62:0/2480430143 --> [v2:172.21.15.62:3300/0,v1:172.21.15.62:6789/0] -- mon_subscribe({osdmap=0}) -- 0x7fe5c819eb10 con 0x7fe5c8108100
2024-09-11T23:43:16.000 INFO:teuthology.orchestra.run.smithi062.stdout:/usr/bin/ceph: stderr
2024-09-11T23:43:15.176+0000 7fe5c4ff9640 1 -- 172.21.15.62:0/2480430143 <== mon.0 v2:172.21.15.62:3300/0 4 ==== mgrmap(e 11) ==== 46194+0+0 (secure 0 0 0) 0x7fe5b803a9e0 con 0x7fe5c8108100
2024-09-11T23:43:16.000 INFO:teuthology.orchestra.run.smithi062.stdout:/usr/bin/ceph: stderr
2024-09-11T23:43:15.176+0000 7fe5c4ff9640 1 --2- 172.21.15.62:0/2480430143 >> [v2:172.21.15.62:6800/3106394779,v1:172.21.15.62:6801/3106394779] conn(0x7fe5b0038eb0 0x7fe5b003b370 unknown :-1 s=NONE pgs=0 cs=0 l=1 rev1=0 crypto rx=0 tx=0 comp rx=0 tx=0).connect
2024-09-11T23:43:16.000 INFO:teuthology.orchestra.run.smithi062.stdout:/usr/bin/ceph: stderr
2024-09-11T23:43:15.176+0000 7fe5c4ff9640 1 -- 172.21.15.62:0/2480430143 <== mon.0 v2:172.21.15.62:3300/0 5 ==== osd_map(3..3 src has 1..3) ==== 1155+0+0 (secure 0 0 0) 0x7fe5b806c640 con 0x7fe5c8108100
2024-09-11T23:43:16.000 INFO:teuthology.orchestra.run.smithi062.stdout:/usr/bin/ceph: stderr
2024-09-11T23:43:15.176+0000 7fe5ce206640 1 -- 172.21.15.62:0/2480430143 --> [v2:172.21.15.62:3300/0,v1:172.21.15.62:6789/0] -- mon_command({"prefix": "get_command_descriptions"} v 0) -- 0x7fe5c8108560 con 0x7fe5c8108100
2024-09-11T23:43:16.000 INFO:teuthology.orchestra.run.smithi062.stdout:/usr/bin/ceph: stderr
2024-09-11T23:43:15.176+0000 7fe5c6ffd640 1 --2- 172.21.15.62:0/2480430143 >> [v2:172.21.15.62:6800/3106394779,v1:172.21.15.62:6801/3106394779] conn(0x7fe5b0038eb0 0x7fe5b003b370 unknown :-1 s=BANNER_CONNECTING pgs=0 cs=0 l=1 rev1=0 crypto rx=0 tx=0 comp rx=0 tx=0)._handle_peer_banner_payload supported=3 required=0
2024-09-11T23:43:16.000 INFO:teuthology.orchestra.run.smithi062.stdout:/usr/bin/ceph: stderr
