2024-09-11T23:42:37.125+0000 7f0e9effd640 1 -- 172.21.15.62:0/1901732066 <== mon.0 v2:172.21.15.62:3300/0 4 ==== mgrmap(e 1) ==== 807+0+0 (secure 0 0 0) 0x7f0ea4045070 con 0x7f0ea8108080
2024-09-11T23:42:37.872 INFO:teuthology.orchestra.run.smithi062.stdout:/usr/bin/ceph: stderr
2024-09-11T23:42:37.125+0000 7f0e9effd640 1 -- 172.21.15.62:0/1901732066 <== mon.0 v2:172.21.15.62:3300/0 5 ==== osd_map(1..1 src has 1..1) ==== 725+0+0 (secure 0 0 0) 0x7f0ea4047ad0 con 0x7f0ea8108080
2024-09-11T23:42:37.872 INFO:teuthology.orchestra.run.smithi062.stdout:/usr/bin/ceph: stderr
2024-09-11T23:42:37.126+0000 7f0eafbde640 1 -- 172.21.15.62:0/1901732066 --> [v2:172.21.15.62:3300/0,v1:172.21.15.62:6789/0] -- mon_command({"prefix": "get_command_descriptions"} v 0) -- 0x7f0ea81084e0 con 0x7f0ea8108080
2024-09-11T23:42:37.872 INFO:teuthology.orchestra.run.smithi062.stdout:/usr/bin/ceph: stderr
2024-09-11T23:42:37.129+0000 7f0e9effd640 1 -- 172.21.15.62:0/1901732066 <== mon.0 v2:172.21.15.62:3300/0 6 ==== mon_command_ack([{"prefix": "get_command_descriptions"}]=0 v0) ==== 72+0+74432 (secure 0 0 0) 0x7f0ea403db10 con 0x7f0ea8108080
2024-09-11T23:42:37.872 INFO:teuthology.orchestra.run.smithi062.stdout:/usr/bin/ceph: stderr
2024-09-11T23:42:37.192+0000 7f0eafbde640 1 -- 172.21.15.62:0/1901732066 --> [v2:172.21.15.62:3300/0,v1:172.21.15.62:6789/0] -- mon_command({"prefix": "status", "format": "json-pretty"} v 0) -- 0x7f0ea819eff0 con 0x7f0ea8108080
2024-09-11T23:42:37.872 INFO:teuthology.orchestra.run.smithi062.stdout:/usr/bin/ceph: stderr
2024-09-11T23:42:37.192+0000 7f0e9effd640 1 -- 172.21.15.62:0/1901732066 <== mon.0 v2:172.21.15.62:3300/0 7 ==== mon_command_ack([{"prefix": "status", "format": "json-pretty"}]=0 v0) ==== 79+0+1291 (secure 0 0 0) 0x7f0ea403d430 con 0x7f0ea8108080
2024-09-11T23:42:37.872 INFO:teuthology.orchestra.run.smithi062.stdout:/usr/bin/ceph: stderr
2024-09-11T23:42:37.193+0000 7f0eafbde640 1 -- 172.21.15.62:0/1901732066 >> [v2:172.21.15.62:3300/0,v1:172.21.15.62:6789/0] conn(0x7f0ea8108080 msgr2=0x7f0ea819b630 secure :-1 s=STATE_CONNECTION_ESTABLISHED l=1).mark_down
2024-09-11T23:42:37.872 INFO:teuthology.orchestra.run.smithi062.stdout:/usr/bin/ceph: stderr
2024-09-11T23:42:37.193+0000 7f0eafbde640 1 --2- 172.21.15.62:0/1901732066 >> [v2:172.21.15.62:3300/0,v1:172.21.15.62:6789/0] conn(0x7f0ea8108080 0x7f0ea819b630 secure :-1 s=READY pgs=8 cs=0 l=1 rev1=1 crypto rx=0x7f0ea40097f0 tx=0x7f0ea4030ec0 comp rx=0 tx=0).stop
2024-09-11T23:42:37.872 INFO:teuthology.orchestra.run.smithi062.stdout:/usr/bin/ceph: stderr
2024-09-11T23:42:37.193+0000 7f0eafbde640 1 -- 172.21.15.62:0/1901732066 shutdown_connections
2024-09-11T23:42:37.873 INFO:teuthology.orchestra.run.smithi062.stdout:/usr/bin/ceph: stderr
2024-09-11T23:42:37.193+0000 7f0eafbde640 1 --2- 172.21.15.62:0/1901732066 >> [v2:172.21.15.62:3300/0,v1:172.21.15.62:6789/0] conn(0x7f0ea8108080 0x7f0ea819b630 unknown :-1 s=CLOSED pgs=8 cs=0 l=1 rev1=1 crypto rx=0 tx=0 comp rx=0 tx=0).stop
2024-09-11T23:42:37.873 INFO:teuthology.orchestra.run.smithi062.stdout:/usr/bin/ceph: stderr
2024-09-11T23:42:37.193+0000 7f0eafbde640 1 -- 172.21.15.62:0/1901732066 >> 172.21.15.62:0/1901732066 conn(0x7f0ea8101ca0 msgr2=0x7f0ea8102870 unknown :-1 s=STATE_NONE l=0).mark_down
2024-09-11T23:42:37.873 INFO:teuthology.orchestra.run.smithi062.stdout:/usr/bin/ceph: stderr
2024-09-11T23:42:37.193+0000 7f0eafbde640 1 -- 172.21.15.62:0/1901732066 shutdown_connections
2024-09-11T23:42:37.873 INFO:teuthology.orchestra.run.smithi062.stdout:/usr/bin/ceph: stderr
2024-09-11T23:42:37.193+0000 7f0eafbde640 1 -- 172.21.15.62:0/1901732066 wait complete.
2024-09-11T23:42:37.873 INFO:teuthology.orchestra.run.smithi062.stdout:mgr not available, waiting (2/15)...
2024-09-11T23:42:37.965 INFO:journalctl@ceph.mgr.x.smithi062.stdout:Sep 11 23:42:37 smithi062 ceph-56675698-7097-11ef-bcea-c7b262605968-mgr-x[31184]:
2024-09-11T23:42:37.759+0000 7fba8cb52040 -1 mgr[py] Module zabbix has missing NOTIFY_TYPES member
2024-09-11T23:42:38.965 INFO:journalctl@ceph.mgr.x.smithi062.stdout:Sep 11 23:42:38 smithi062 ceph-56675698-7097-11ef-bcea-c7b262605968-mgr-x[31184]:
2024-09-11T23:42:38.590+0000 7fba8cb52040 -1 mgr[py] Module telegraf has missing NOTIFY_TYPES member
2024-09-11T23:42:38.966 INFO:journalctl@ceph.mon.a.smithi062.stdout:Sep 11 23:42:38 smithi062 ceph-mon[30958]: Activating manager daemon x
2024-09-11T23:42:38.966 INFO:journalctl@ceph.mon.a.smithi062.stdout:Sep 11 23:42:38 smithi062 ceph-mon[30958]: mgrmap e2: x(active, starting, since 0.00311995s)
2024-09-11T23:42:38.966 INFO:journalctl@ceph.mon.a.smithi062.stdout:Sep 11 23:42:38 smithi062 ceph-mon[30958]: from='mgr.14100 172.21.15.62:0/2005117982' entity='mgr.x' cmd=[{"prefix": "mds metadata"}]: dispatch
2024-09-11T23:42:38.966 INFO:journalctl@ceph.mon.a.smithi062.stdout:Sep 11 23:42:38 smithi062 ceph-mon[30958]: from='mgr.14100 172.21.15.62:0/2005117982' entity='mgr.x' cmd=[{"prefix": "osd metadata"}]: dispatch
2024-09-11T23:42:38.966 INFO:journalctl@ceph.mon.a.smithi062.stdout:Sep 11 23:42:38 smithi062 ceph-mon[30958]: from='mgr.14100 172.21.15.62:0/2005117982' entity='mgr.x' cmd=[{"prefix": "mon metadata"}]: dispatch
2024-09-11T23:42:38.966 INFO:journalctl@ceph.mon.a.smithi062.stdout:Sep 11 23:42:38 smithi062 ceph-mon[30958]: from='mgr.14100 172.21.15.62:0/2005117982' entity='mgr.x' cmd=[{"prefix": "mon metadata", "id": "a"}]: dispatch
2024-09-11T23:42:38.966 INFO:journalctl@ceph.mon.a.smithi062.stdout:Sep 11 23:42:38 smithi062 ceph-mon[30958]: from='mgr.14100 172.21.15.62:0/2005117982' entity='mgr.x' cmd=[{"prefix": "mgr metadata", "who": "x", "id": "x"}]: dispatch
2024-09-11T23:42:38.966 INFO:journalctl@ceph.mon.a.smithi062.stdout:Sep 11 23:42:38 smithi062 ceph-mon[30958]: Manager daemon x is now available
2024-09-11T23:42:38.966 INFO:journalctl@ceph.mon.a.smithi062.stdout:Sep 11 23:42:38 smithi062 ceph-mon[30958]: from='mgr.14100 172.21.15.62:0/2005117982' entity='mgr.x' cmd=[{"prefix":"config rm","who":"mgr","name":"mgr/rbd_support/x/mirror_snapshot_schedule"}]: dispatch
2024-09-11T23:42:38.966 INFO:journalctl@ceph.mon.a.smithi062.stdout:Sep 11 23:42:38 smithi062 ceph-mon[30958]: from='mgr.14100 172.21.15.62:0/2005117982' entity='mgr.x' cmd=[{"prefix":"config rm","who":"mgr","name":"mgr/rbd_support/x/trash_purge_schedule"}]: dispatch
2024-09-11T23:42:38.967 INFO:journalctl@ceph.mon.a.smithi062.stdout:Sep 11 23:42:38 smithi062 ceph-mon[30958]: from='mgr.14100 172.21.15.62:0/2005117982' entity='mgr.x'
2024-09-11T23:42:38.967 INFO:journalctl@ceph.mon.a.smithi062.stdout:Sep 11 23:42:38 smithi062 ceph-mon[30958]: from='mgr.14100 172.21.15.62:0/2005117982' entity='mgr.x'
2024-09-11T23:42:38.967 INFO:journalctl@ceph.mon.a.smithi062.stdout:Sep 11 23:42:38 smithi062 ceph-mon[30958]: from='mgr.14100 172.21.15.62:0/2005117982' entity='mgr.x'
2024-09-11T23:42:40.965 INFO:journalctl@ceph.mon.a.smithi062.stdout:Sep 11 23:42:40 smithi062 ceph-mon[30958]: mgrmap e3: x(active, since 1.00723s)
2024-09-11T23:42:40.965 INFO:journalctl@ceph.mon.a.smithi062.stdout:Sep 11 23:42:40 smithi062 ceph-mon[30958]: from='client.? 172.21.15.62:0/1768887084' entity='client.admin' cmd=[{"prefix": "status", "format": "json-pretty"}]: dispatch
2024-09-11T23:42:41.079 INFO:teuthology.orchestra.run.smithi062.stdout:/usr/bin/ceph: stdout
2024-09-11T23:42:41.080 INFO:teuthology.orchestra.run.smithi062.stdout:/usr/bin/ceph: stdout {
2024-09-11T23:42:41.080 INFO:teuthology.orchestra.run.smithi062.stdout:/usr/bin/ceph: stdout "fsid": "56675698-7097-11ef-bcea-c7b262605968",
2024-09-11T23:42:41.080 INFO:teuthology.orchestra.run.smithi062.stdout:/usr/bin/ceph: stdout "health": {
2024-09-11T23:42:41.080 INFO:teuthology.orchestra.run.smithi062.stdout:/usr/bin/ceph: stdout "status": "HEALTH_OK",
2024-09-11T23:42:41.080 INFO:teuthology.orchestra.run.smithi062.stdout:/usr/bin/ceph: stdout "checks": {},
2024-09-11T23:42:41.080 INFO:teuthology.orchestra.run.smithi062.stdout:/usr/bin/ceph: stdout "mutes": []
2024-09-11T23:42:41.080 INFO:teuthology.orchestra.run.smithi062.stdout:/usr/bin/ceph: stdout },
2024-09-11T23:42:41.080 INFO:teuthology.orchestra.run.smithi062.stdout:/usr/bin/ceph: stdout "election_epoch": 5,
2024-09-11T23:42:41.080 INFO:teuthology.orchestra.run.smithi062.stdout:/usr/bin/ceph: stdout "quorum": [
2024-09-11T23:42:41.080 INFO:teuthology.orchestra.run.smithi062.stdout:/usr/bin/ceph: stdout 0
2024-09-11T23:42:41.080 INFO:teuthology.orchestra.run.smithi062.stdout:/usr/bin/ceph: stdout ],
2024-09-11T23:42:41.080 INFO:teuthology.orchestra.run.smithi062.stdout:/usr/bin/ceph: stdout "quorum_names": [
2024-09-11T23:42:41.081 INFO:teuthology.orchestra.run.smithi062.stdout:/usr/bin/ceph: stdout "a"
2024-09-11T23:42:41.081 INFO:teuthology.orchestra.run.smithi062.stdout:/usr/bin/ceph: stdout ],
2024-09-11T23:42:41.081 INFO:teuthology.orchestra.run.smithi062.stdout:/usr/bin/ceph: stdout "quorum_age": 9,
2024-09-11T23:42:41.081 INFO:teuthology.orchestra.run.smithi062.stdout:/usr/bin/ceph: stdout "monmap": {
2024-09-11T23:42:41.081 INFO:teuthology.orchestra.run.smithi062.stdout:/usr/bin/ceph: stdout "epoch": 1,
2024-09-11T23:42:41.081 INFO:teuthology.orchestra.run.smithi062.stdout:/usr/bin/ceph: stdout "min_mon_release_name": "squid",
2024-09-11T23:42:41.081 INFO:teuthology.orchestra.run.smithi062.stdout:/usr/bin/ceph: stdout "num_mons": 1
2024-09-11T23:42:41.081 INFO:teuthology.orchestra.run.smithi062.stdout:/usr/bin/ceph: stdout },
2024-09-11T23:42:41.081 INFO:teuthology.orchestra.run.smithi062.stdout:/usr/bin/ceph: stdout "osdmap": {
2024-09-11T23:42:41.081 INFO:teuthology.orchestra.run.smithi062.stdout:/usr/bin/ceph: stdout "epoch": 1,
2024-09-11T23:42:41.081 INFO:teuthology.orchestra.run.smithi062.stdout:/usr/bin/ceph: stdout "num_osds": 0,
2024-09-11T23:42:41.081 INFO:teuthology.orchestra.run.smithi062.stdout:/usr/bin/ceph: stdout "num_up_osds": 0,
2024-09-11T23:42:41.081 INFO:teuthology.orchestra.run.smithi062.stdout:/usr/bin/ceph: stdout "osd_up_since": 0,
2024-09-11T23:42:41.082 INFO:teuthology.orchestra.run.smithi062.stdout:/usr/bin/ceph: stdout "num_in_osds": 0,
2024-09-11T23:42:41.082 INFO:teuthology.orchestra.run.smithi062.stdout:/usr/bin/ceph: stdout "osd_in_since": 0,
2024-09-11T23:42:41.082 INFO:teuthology.orchestra.run.smithi062.stdout:/usr/bin/ceph: stdout "num_remapped_pgs": 0
2024-09-11T23:42:41.082 INFO:teuthology.orchestra.run.smithi062.stdout:/usr/bin/ceph: stdout },
2024-09-11T23:42:41.082 INFO:teuthology.orchestra.run.smithi062.stdout:/usr/bin/ceph: stdout "pgmap": {
2024-09-11T23:42:41.082 INFO:teuthology.orchestra.run.smithi062.stdout:/usr/bin/ceph: stdout "pgs_by_state": [],
2024-09-11T23:42:41.082 INFO:teuthology.orchestra.run.smithi062.stdout:/usr/bin/ceph: stdout "num_pgs": 0,
2024-09-11T23:42:41.082 INFO:teuthology.orchestra.run.smithi062.stdout:/usr/bin/ceph: stdout "num_pools": 0,
2024-09-11T23:42:41.082 INFO:teuthology.orchestra.run.smithi062.stdout:/usr/bin/ceph: stdout "num_objects": 0,
2024-09-11T23:42:41.082 INFO:teuthology.orchestra.run.smithi062.stdout:/usr/bin/ceph: stdout "data_bytes": 0,
2024-09-11T23:42:41.082 INFO:teuthology.orchestra.run.smithi062.stdout:/usr/bin/ceph: stdout "bytes_used": 0,
2024-09-11T23:42:41.082 INFO:teuthology.orchestra.run.smithi062.stdout:/usr/bin/ceph: stdout "bytes_avail": 0,
2024-09-11T23:42:41.082 INFO:teuthology.orchestra.run.smithi062.stdout:/usr/bin/ceph: stdout "bytes_total": 0
2024-09-11T23:42:41.082 INFO:teuthology.orchestra.run.smithi062.stdout:/usr/bin/ceph: stdout },
2024-09-11T23:42:41.083 INFO:teuthology.orchestra.run.smithi062.stdout:/usr/bin/ceph: stdout "fsmap": {
2024-09-11T23:42:41.083 INFO:teuthology.orchestra.run.smithi062.stdout:/usr/bin/ceph: stdout "epoch": 1,
2024-09-11T23:42:41.083 INFO:teuthology.orchestra.run.smithi062.stdout:/usr/bin/ceph: stdout "btime": "2024-09-11T23:42:20:574216+0000",
2024-09-11T23:42:41.083 INFO:teuthology.orchestra.run.smithi062.stdout:/usr/bin/ceph: stdout "by_rank": [],
2024-09-11T23:42:41.083 INFO:teuthology.orchestra.run.smithi062.stdout:/usr/bin/ceph: stdout "up:standby": 0
2024-09-11T23:42:41.083 INFO:teuthology.orchestra.run.smithi062.stdout:/usr/bin/ceph: stdout },
2024-09-11T23:42:41.083 INFO:teuthology.orchestra.run.smithi062.stdout:/usr/bin/ceph: stdout "mgrmap": {
2024-09-11T23:42:41.083 INFO:teuthology.orchestra.run.smithi062.stdout:/usr/bin/ceph: stdout "available": true,
2024-09-11T23:42:41.083 INFO:teuthology.orchestra.run.smithi062.stdout:/usr/bin/ceph: stdout "num_standbys": 0,
2024-09-11T23:42:41.083 INFO:teuthology.orchestra.run.smithi062.stdout:/usr/bin/ceph: stdout "modules": [
2024-09-11T23:42:41.083 INFO:teuthology.orchestra.run.smithi062.stdout:/usr/bin/ceph: stdout "iostat",
2024-09-11T23:42:41.083 INFO:teuthology.orchestra.run.smithi062.stdout:/usr/bin/ceph: stdout "nfs",
2024-09-11T23:42:41.083 INFO:teuthology.orchestra.run.smithi062.stdout:/usr/bin/ceph: stdout "restful"
2024-09-11T23:42:41.084 INFO:teuthology.orchestra.run.smithi062.stdout:/usr/bin/ceph: stdout ],
2024-09-11T23:42:41.084 INFO:teuthology.orchestra.run.smithi062.stdout:/usr/bin/ceph: stdout "services": {}
2024-09-11T23:42:41.084 INFO:teuthology.orchestra.run.smithi062.stdout:/usr/bin/ceph: stdout },
2024-09-11T23:42:41.084 INFO:teuthology.orchestra.run.smithi062.stdout:/usr/bin/ceph: stdout "servicemap": {
2024-09-11T23:42:41.084 INFO:teuthology.orchestra.run.smithi062.stdout:/usr/bin/ceph: stdout "epoch": 1,
2024-09-11T23:42:41.084 INFO:teuthology.orchestra.run.smithi062.stdout:/usr/bin/ceph: stdout "modified": "2024-09-11T23:42:20.575005+0000",
2024-09-11T23:42:41.084 INFO:teuthology.orchestra.run.smithi062.stdout:/usr/bin/ceph: stdout "services": {}
2024-09-11T23:42:41.084 INFO:teuthology.orchestra.run.smithi062.stdout:/usr/bin/ceph: stdout },
2024-09-11T23:42:41.084 INFO:teuthology.orchestra.run.smithi062.stdout:/usr/bin/ceph: stdout "progress_events": {}
2024-09-11T23:42:41.084 INFO:teuthology.orchestra.run.smithi062.stdout:/usr/bin/ceph: stdout }
2024-09-11T23:42:41.084 INFO:teuthology.orchestra.run.smithi062.stdout:/usr/bin/ceph: stderr
2024-09-11T23:42:40.284+0000 7f5781dec640 1 Processor -- start
2024-09-11T23:42:41.084 INFO:teuthology.orchestra.run.smithi062.stdout:/usr/bin/ceph: stderr
2024-09-11T23:42:40.284+0000 7f5781dec640 1 -- start start
2024-09-11T23:42:41.084 INFO:teuthology.orchestra.run.smithi062.stdout:/usr/bin/ceph: stderr
2024-09-11T23:42:40.284+0000 7f5781dec640 1 --2- >> [v2:172.21.15.62:3300/0,v1:172.21.15.62:6789/0] conn(0x7f577c07de00 0x7f577c07c2b0 unknown :-1 s=NONE pgs=0 cs=0 l=0 rev1=0 crypto rx=0 tx=0 comp rx=0 tx=0).connect
2024-09-11T23:42:41.085 INFO:teuthology.orchestra.run.smithi062.stdout:/usr/bin/ceph: stderr
2024-09-11T23:42:40.284+0000 7f5781dec640 1 -- --> [v2:172.21.15.62:3300/0,v1:172.21.15.62:6789/0] -- mon_getmap magic: 0 -- 0x7f577c07c7f0 con 0x7f577c07de00
2024-09-11T23:42:41.085 INFO:teuthology.orchestra.run.smithi062.stdout:/usr/bin/ceph: stderr
2024-09-11T23:42:40.284+0000 7f577b7fe640 1 --2- >> [v2:172.21.15.62:3300/0,v1:172.21.15.62:6789/0] conn(0x7f577c07de00 0x7f577c07c2b0 unknown :-1 s=BANNER_CONNECTING pgs=0 cs=0 l=0 rev1=0 crypto rx=0 tx=0 comp rx=0 tx=0)._handle_peer_banner_payload supported=3 required=0
2024-09-11T23:42:41.085 INFO:teuthology.orchestra.run.smithi062.stdout:/usr/bin/ceph: stderr
2024-09-11T23:42:40.284+0000 7f577b7fe640 1 --2- >> [v2:172.21.15.62:3300/0,v1:172.21.15.62:6789/0] conn(0x7f577c07de00 0x7f577c07c2b0 unknown :-1 s=HELLO_CONNECTING pgs=0 cs=0 l=0 rev1=1 crypto rx=0 tx=0 comp rx=0 tx=0).handle_hello peer v2:172.21.15.62:3300/0 says I am v2:172.21.15.62:32966/0 (socket says 172.21.15.62:32966)
2024-09-11T23:42:41.085 INFO:teuthology.orchestra.run.smithi062.stdout:/usr/bin/ceph: stderr
2024-09-11T23:42:40.284+0000 7f577b7fe640 1 -- 172.21.15.62:0/3156974296 learned_addr learned my addr 172.21.15.62:0/3156974296 (peer_addr_for_me v2:172.21.15.62:0/0)
2024-09-11T23:42:41.085 INFO:teuthology.orchestra.run.smithi062.stdout:/usr/bin/ceph: stderr
2024-09-11T23:42:40.285+0000 7f577b7fe640 1 -- 172.21.15.62:0/3156974296 --> [v2:172.21.15.62:3300/0,v1:172.21.15.62:6789/0] -- mon_subscribe({config=0+,monmap=0+}) -- 0x7f577c07c970 con 0x7f577c07de00
2024-09-11T23:42:41.085 INFO:teuthology.orchestra.run.smithi062.stdout:/usr/bin/ceph: stderr
2024-09-11T23:42:40.285+0000 7f577b7fe640 1 --2- 172.21.15.62:0/3156974296 >> [v2:172.21.15.62:3300/0,v1:172.21.15.62:6789/0] conn(0x7f577c07de00 0x7f577c07c2b0 secure :-1 s=READY pgs=16 cs=0 l=1 rev1=1 crypto rx=0x7f576c009820 tx=0x7f576c02a270 comp rx=0 tx=0).ready entity=mon.0 client_cookie=23504c214c2b8c0f server_cookie=0 in_seq=0 out_seq=0
2024-09-11T23:42:41.085 INFO:teuthology.orchestra.run.smithi062.stdout:/usr/bin/ceph: stderr
2024-09-11T23:42:40.285+0000 7f577a7fc640 1 -- 172.21.15.62:0/3156974296 <== mon.0 v2:172.21.15.62:3300/0 1 ==== mon_map magic: 0 ==== 205+0+0 (secure 0 0 0) 0x7f576c037070 con 0x7f577c07de00
2024-09-11T23:42:41.085 INFO:teuthology.orchestra.run.smithi062.stdout:/usr/bin/ceph: stderr
2024-09-11T23:42:40.286+0000 7f577a7fc640 1 -- 172.21.15.62:0/3156974296 <== mon.0 v2:172.21.15.62:3300/0 2 ==== config(27 keys) ==== 1109+0+0 (secure 0 0 0) 0x7f576c032900 con 0x7f577c07de00
2024-09-11T23:42:41.085 INFO:teuthology.orchestra.run.smithi062.stdout:/usr/bin/ceph: stderr
2024-09-11T23:42:40.286+0000 7f577a7fc640 1 -- 172.21.15.62:0/3156974296 <== mon.0 v2:172.21.15.62:3300/0 3 ==== mon_map magic: 0 ==== 205+0+0 (secure 0 0 0) 0x7f576c030850 con 0x7f577c07de00
2024-09-11T23:42:41.085 INFO:teuthology.orchestra.run.smithi062.stdout:/usr/bin/ceph: stderr
2024-09-11T23:42:40.286+0000 7f5781dec640 1 -- 172.21.15.62:0/3156974296 >> [v2:172.21.15.62:3300/0,v1:172.21.15.62:6789/0] conn(0x7f577c07de00 msgr2=0x7f577c07c2b0 secure :-1 s=STATE_CONNECTION_ESTABLISHED l=1).mark_down
2024-09-11T23:42:41.085 INFO:teuthology.orchestra.run.smithi062.stdout:/usr/bin/ceph: stderr
2024-09-11T23:42:40.286+0000 7f5781dec640 1 --2- 172.21.15.62:0/3156974296 >> [v2:172.21.15.62:3300/0,v1:172.21.15.62:6789/0] conn(0x7f577c07de00 0x7f577c07c2b0 secure :-1 s=READY pgs=16 cs=0 l=1 rev1=1 crypto rx=0x7f576c009820 tx=0x7f576c02a270 comp rx=0 tx=0).stop
2024-09-11T23:42:41.085 INFO:teuthology.orchestra.run.smithi062.stdout:/usr/bin/ceph: stderr
2024-09-11T23:42:40.286+0000 7f5781dec640 1 -- 172.21.15.62:0/3156974296 shutdown_connections
2024-09-11T23:42:41.086 INFO:teuthology.orchestra.run.smithi062.stdout:/usr/bin/ceph: stderr
2024-09-11T23:42:40.286+0000 7f5781dec640 1 --2- 172.21.15.62:0/3156974296 >> [v2:172.21.15.62:3300/0,v1:172.21.15.62:6789/0] conn(0x7f577c07de00 0x7f577c07c2b0 unknown :-1 s=CLOSED pgs=16 cs=0 l=1 rev1=1 crypto rx=0 tx=0 comp rx=0 tx=0).stop
2024-09-11T23:42:41.086 INFO:teuthology.orchestra.run.smithi062.stdout:/usr/bin/ceph: stderr
2024-09-11T23:42:40.286+0000 7f5781dec640 1 -- 172.21.15.62:0/3156974296 >> 172.21.15.62:0/3156974296 conn(0x7f577c102da0 msgr2=0x7f577c105200 unknown :-1 s=STATE_NONE l=0).mark_down
2024-09-11T23:42:41.086 INFO:teuthology.orchestra.run.smithi062.stdout:/usr/bin/ceph: stderr
2024-09-11T23:42:40.286+0000 7f5781dec640 1 -- 172.21.15.62:0/3156974296 shutdown_connections
2024-09-11T23:42:41.086 INFO:teuthology.orchestra.run.smithi062.stdout:/usr/bin/ceph: stderr
2024-09-11T23:42:40.286+0000 7f5781dec640 1 -- 172.21.15.62:0/3156974296 wait complete.
2024-09-11T23:42:41.086 INFO:teuthology.orchestra.run.smithi062.stdout:/usr/bin/ceph: stderr
2024-09-11T23:42:40.287+0000 7f5781dec640 1 Processor -- start
2024-09-11T23:42:41.086 INFO:teuthology.orchestra.run.smithi062.stdout:/usr/bin/ceph: stderr
2024-09-11T23:42:40.287+0000 7f5781dec640 1 -- start start
2024-09-11T23:42:41.086 INFO:teuthology.orchestra.run.smithi062.stdout:/usr/bin/ceph: stderr
2024-09-11T23:42:40.287+0000 7f5781dec640 1 --2- >> [v2:172.21.15.62:3300/0,v1:172.21.15.62:6789/0] conn(0x7f577c07de00 0x7f577c19d820 unknown :-1 s=NONE pgs=0 cs=0 l=1 rev1=0 crypto rx=0 tx=0 comp rx=0 tx=0).connect
2024-09-11T23:42:41.086 INFO:teuthology.orchestra.run.smithi062.stdout:/usr/bin/ceph: stderr
2024-09-11T23:42:40.287+0000 7f5781dec640 1 -- --> [v2:172.21.15.62:3300/0,v1:172.21.15.62:6789/0] -- mon_getmap magic: 0 -- 0x7f577c10dc60 con 0x7f577c07de00
2024-09-11T23:42:41.086 INFO:teuthology.orchestra.run.smithi062.stdout:/usr/bin/ceph: stderr
2024-09-11T23:42:40.287+0000 7f577b7fe640 1 --2- >> [v2:172.21.15.62:3300/0,v1:172.21.15.62:6789/0] conn(0x7f577c07de00 0x7f577c19d820 unknown :-1 s=BANNER_CONNECTING pgs=0 cs=0 l=1 rev1=0 crypto rx=0 tx=0 comp rx=0 tx=0)._handle_peer_banner_payload supported=3 required=0
2024-09-11T23:42:41.086 INFO:teuthology.orchestra.run.smithi062.stdout:/usr/bin/ceph: stderr
2024-09-11T23:42:40.287+0000 7f577b7fe640 1 --2- >> [v2:172.21.15.62:3300/0,v1:172.21.15.62:6789/0] conn(0x7f577c07de00 0x7f577c19d820 unknown :-1 s=HELLO_CONNECTING pgs=0 cs=0 l=1 rev1=1 crypto rx=0 tx=0 comp rx=0 tx=0).handle_hello peer v2:172.21.15.62:3300/0 says I am v2:172.21.15.62:32978/0 (socket says 172.21.15.62:32978)
2024-09-11T23:42:41.086 INFO:teuthology.orchestra.run.smithi062.stdout:/usr/bin/ceph: stderr
2024-09-11T23:42:40.287+0000 7f577b7fe640 1 -- 172.21.15.62:0/1768887084 learned_addr learned my addr 172.21.15.62:0/1768887084 (peer_addr_for_me v2:172.21.15.62:0/0)
2024-09-11T23:42:41.086 INFO:teuthology.orchestra.run.smithi062.stdout:/usr/bin/ceph: stderr
2024-09-11T23:42:40.288+0000 7f577b7fe640 1 -- 172.21.15.62:0/1768887084 --> [v2:172.21.15.62:3300/0,v1:172.21.15.62:6789/0] -- mon_subscribe({config=0+,monmap=0+}) -- 0x7f577c19dd60 con 0x7f577c07de00
2024-09-11T23:42:41.086 INFO:teuthology.orchestra.run.smithi062.stdout:/usr/bin/ceph: stderr
2024-09-11T23:42:40.288+0000 7f577b7fe640 1 --2- 172.21.15.62:0/1768887084 >> [v2:172.21.15.62:3300/0,v1:172.21.15.62:6789/0] conn(0x7f577c07de00 0x7f577c19d820 secure :-1 s=READY pgs=17 cs=0 l=1 rev1=1 crypto rx=0x7f576c0097f0 tx=0x7f576c030ec0 comp rx=0 tx=0).ready entity=mon.0 client_cookie=0 server_cookie=0 in_seq=0 out_seq=0
2024-09-11T23:42:41.086 INFO:teuthology.orchestra.run.smithi062.stdout:/usr/bin/ceph: stderr
2024-09-11T23:42:40.288+0000 7f5778ff9640 1 -- 172.21.15.62:0/1768887084 <== mon.0 v2:172.21.15.62:3300/0 1 ==== mon_map magic: 0 ==== 205+0+0 (secure 0 0 0) 0x7f576c042070 con 0x7f577c07de00
2024-09-11T23:42:41.087 INFO:teuthology.orchestra.run.smithi062.stdout:/usr/bin/ceph: stderr
2024-09-11T23:42:40.288+0000 7f5781dec640 1 -- 172.21.15.62:0/1768887084 --> [v2:172.21.15.62:3300/0,v1:172.21.15.62:6789/0] -- mon_subscribe({mgrmap=0+}) -- 0x7f577c19dff0 con 0x7f577c07de00
2024-09-11T23:42:41.087 INFO:teuthology.orchestra.run.smithi062.stdout:/usr/bin/ceph: stderr
2024-09-11T23:42:40.288+0000 7f5778ff9640 1 -- 172.21.15.62:0/1768887084 <== mon.0 v2:172.21.15.62:3300/0 2 ==== config(27 keys) ==== 1109+0+0 (secure 0 0 0) 0x7f576c032ca0 con 0x7f577c07de00
2024-09-11T23:42:41.087 INFO:teuthology.orchestra.run.smithi062.stdout:/usr/bin/ceph: stderr
2024-09-11T23:42:40.288+0000 7f5778ff9640 1 -- 172.21.15.62:0/1768887084 <== mon.0 v2:172.21.15.62:3300/0 3 ==== mon_map magic: 0 ==== 205+0+0 (secure 0 0 0) 0x7f576c037040 con 0x7f577c07de00
2024-09-11T23:42:41.087 INFO:teuthology.orchestra.run.smithi062.stdout:/usr/bin/ceph: stderr
2024-09-11T23:42:40.288+0000 7f5781dec640 1 -- 172.21.15.62:0/1768887084 --> [v2:172.21.15.62:3300/0,v1:172.21.15.62:6789/0] -- mon_subscribe({osdmap=0}) -- 0x7f577c1a0ce0 con 0x7f577c07de00
2024-09-11T23:42:41.087 INFO:teuthology.orchestra.run.smithi062.stdout:/usr/bin/ceph: stderr
2024-09-11T23:42:40.289+0000 7f5778ff9640 1 -- 172.21.15.62:0/1768887084 <== mon.0 v2:172.21.15.62:3300/0 4 ==== mgrmap(e 3) ==== 46170+0+0 (secure 0 0 0) 0x7f576c045070 con 0x7f577c07de00
2024-09-11T23:42:41.087 INFO:teuthology.orchestra.run.smithi062.stdout:/usr/bin/ceph: stderr
2024-09-11T23:42:40.289+0000 7f5781dec640 1 -- 172.21.15.62:0/1768887084 --> [v2:172.21.15.62:3300/0,v1:172.21.15.62:6789/0] -- mon_command({"prefix": "get_command_descriptions"} v 0) -- 0x7f577c07c330 con 0x7f577c07de00
2024-09-11T23:42:41.087 INFO:teuthology.orchestra.run.smithi062.stdout:/usr/bin/ceph: stderr
2024-09-11T23:42:40.289+0000 7f5778ff9640 1 --2- 172.21.15.62:0/1768887084 >> [v2:172.21.15.62:6800/1330539138,v1:172.21.15.62:6801/1330539138] conn(0x7f5764038e10 0x7f576403b2d0 unknown :-1 s=NONE pgs=0 cs=0 l=1 rev1=0 crypto rx=0 tx=0 comp rx=0 tx=0).connect
2024-09-11T23:42:41.087 INFO:teuthology.orchestra.run.smithi062.stdout:/usr/bin/ceph: stderr
2024-09-11T23:42:40.289+0000 7f5778ff9640 1 -- 172.21.15.62:0/1768887084 <== mon.0 v2:172.21.15.62:3300/0 5 ==== osd_map(1..1 src has 1..1) ==== 725+0+0 (secure 0 0 0) 0x7f576c06bec0 con 0x7f577c07de00
2024-09-11T23:42:41.087 INFO:teuthology.orchestra.run.smithi062.stdout:/usr/bin/ceph: stderr
2024-09-11T23:42:40.289+0000 7f577affd640 1 --2- 172.21.15.62:0/1768887084 >> [v2:172.21.15.62:6800/1330539138,v1:172.21.15.62:6801/1330539138] conn(0x7f5764038e10 0x7f576403b2d0 unknown :-1 s=BANNER_CONNECTING pgs=0 cs=0 l=1 rev1=0 crypto rx=0 tx=0 comp rx=0 tx=0)._handle_peer_banner_payload supported=3 required=0
2024-09-11T23:42:41.087 INFO:teuthology.orchestra.run.smithi062.stdout:/usr/bin/ceph: stderr
2024-09-11T23:42:40.290+0000 7f577affd640 1 --2- 172.21.15.62:0/1768887084 >> [v2:172.21.15.62:6800/1330539138,v1:172.21.15.62:6801/1330539138] conn(0x7f5764038e10 0x7f576403b2d0 secure :-1 s=READY pgs=6 cs=0 l=1 rev1=1 crypto rx=0x7f57700098c0 tx=0x7f5770006db0 comp rx=0 tx=0).ready entity=mgr.14100 client_cookie=0 server_cookie=0 in_seq=0 out_seq=0
2024-09-11T23:42:41.087 INFO:teuthology.orchestra.run.smithi062.stdout:/usr/bin/ceph: stderr
2024-09-11T23:42:40.294+0000 7f5778ff9640 1 -- 172.21.15.62:0/1768887084 <== mon.0 v2:172.21.15.62:3300/0 6 ==== mon_command_ack([{"prefix": "get_command_descriptions"}]=0 v0) ==== 72+0+188821 (secure 0 0 0) 0x7f576c03d8f0 con 0x7f577c07de00
2024-09-11T23:42:41.087 INFO:teuthology.orchestra.run.smithi062.stdout:/usr/bin/ceph: stderr
2024-09-11T23:42:40.537+0000 7f5781dec640 1 -- 172.21.15.62:0/1768887084 --> [v2:172.21.15.62:3300/0,v1:172.21.15.62:6789/0] -- mon_command({"prefix": "status", "format": "json-pretty"} v 0) -- 0x7f577c1a1360 con 0x7f577c07de00
2024-09-11T23:42:41.087 INFO:teuthology.orchestra.run.smithi062.stdout:/usr/bin/ceph: stderr
2024-09-11T23:42:40.538+0000 7f5778ff9640 1 -- 172.21.15.62:0/1768887084 <== mon.0 v2:172.21.15.62:3300/0 7 ==== mon_command_ack([{"prefix": "status", "format": "json-pretty"}]=0 v0) ==== 79+0+1290 (secure 0 0 0) 0x7f576c045520 con 0x7f577c07de00
2024-09-11T23:42:41.088 INFO:teuthology.orchestra.run.smithi062.stdout:/usr/bin/ceph: stderr
2024-09-11T23:42:40.540+0000 7f5781dec640 1 -- 172.21.15.62:0/1768887084 >> [v2:172.21.15.62:6800/1330539138,v1:172.21.15.62:6801/1330539138] conn(0x7f5764038e10 msgr2=0x7f576403b2d0 secure :-1 s=STATE_CONNECTION_ESTABLISHED l=1).mark_down
2024-09-11T23:42:41.088 INFO:teuthology.orchestra.run.smithi062.stdout:/usr/bin/ceph: stderr
2024-09-11T23:42:40.540+0000 7f5781dec640 1 --2- 172.21.15.62:0/1768887084 >> [v2:172.21.15.62:6800/1330539138,v1:172.21.15.62:6801/1330539138] conn(0x7f5764038e10 0x7f576403b2d0 secure :-1 s=READY pgs=6 cs=0 l=1 rev1=1 crypto rx=0x7f57700098c0 tx=0x7f5770006db0 comp rx=0 tx=0).stop
2024-09-11T23:42:41.088 INFO:teuthology.orchestra.run.smithi062.stdout:/usr/bin/ceph: stderr
2024-09-11T23:42:40.540+0000 7f5781dec640 1 -- 172.21.15.62:0/1768887084 >> [v2:172.21.15.62:3300/0,v1:172.21.15.62:6789/0] conn(0x7f577c07de00 msgr2=0x7f577c19d820 secure :-1 s=STATE_CONNECTION_ESTABLISHED l=1).mark_down
2024-09-11T23:42:41.088 INFO:teuthology.orchestra.run.smithi062.stdout:/usr/bin/ceph: stderr
2024-09-11T23:42:40.540+0000 7f5781dec640 1 --2- 172.21.15.62:0/1768887084 >> [v2:172.21.15.62:3300/0,v1:172.21.15.62:6789/0] conn(0x7f577c07de00 0x7f577c19d820 secure :-1 s=READY pgs=17 cs=0 l=1 rev1=1 crypto rx=0x7f576c0097f0 tx=0x7f576c030ec0 comp rx=0 tx=0).stop
2024-09-11T23:42:41.088 INFO:teuthology.orchestra.run.smithi062.stdout:/usr/bin/ceph: stderr
2024-09-11T23:42:40.540+0000 7f5781dec640 1 -- 172.21.15.62:0/1768887084 shutdown_connections
2024-09-11T23:42:41.088 INFO:teuthology.orchestra.run.smithi062.stdout:/usr/bin/ceph: stderr
2024-09-11T23:42:40.540+0000 7f5781dec640 1 --2- 172.21.15.62:0/1768887084 >> [v2:172.21.15.62:6800/1330539138,v1:172.21.15.62:6801/1330539138] conn(0x7f5764038e10 0x7f576403b2d0 unknown :-1 s=CLOSED pgs=6 cs=0 l=1 rev1=1 crypto rx=0 tx=0 comp rx=0 tx=0).stop
2024-09-11T23:42:41.088 INFO:teuthology.orchestra.run.smithi062.stdout:/usr/bin/ceph: stderr
2024-09-11T23:42:40.540+0000 7f5781dec640 1 --2- 172.21.15.62:0/1768887084 >> [v2:172.21.15.62:3300/0,v1:172.21.15.62:6789/0] conn(0x7f577c07de00 0x7f577c19d820 unknown :-1 s=CLOSED pgs=17 cs=0 l=1 rev1=1 crypto rx=0 tx=0 comp rx=0 tx=0).stop
2024-09-11T23:42:41.088 INFO:teuthology.orchestra.run.smithi062.stdout:/usr/bin/ceph: stderr
2024-09-11T23:42:40.540+0000 7f5781dec640 1 -- 172.21.15.62:0/1768887084 >> 172.21.15.62:0/1768887084 conn(0x7f577c102da0 msgr2=0x7f577c1039c0 unknown :-1 s=STATE_NONE l=0).mark_down
2024-09-11T23:42:41.088 INFO:teuthology.orchestra.run.smithi062.stdout:/usr/bin/ceph: stderr
2024-09-11T23:42:40.540+0000 7f5781dec640 1 -- 172.21.15.62:0/1768887084 shutdown_connections
2024-09-11T23:42:41.088 INFO:teuthology.orchestra.run.smithi062.stdout:/usr/bin/ceph: stderr
2024-09-11T23:42:40.540+0000 7f5781dec640 1 -- 172.21.15.62:0/1768887084 wait complete.
2024-09-11T23:42:41.088 INFO:teuthology.orchestra.run.smithi062.stdout:mgr is available
2024-09-11T23:42:41.965 INFO:journalctl@ceph.mon.a.smithi062.stdout:Sep 11 23:42:41 smithi062 ceph-mon[30958]: mgrmap e4: x(active, since 2s)
2024-09-11T23:42:42.241 INFO:teuthology.orchestra.run.smithi062.stdout:/usr/bin/ceph: stdout
2024-09-11T23:42:42.241 INFO:teuthology.orchestra.run.smithi062.stdout:/usr/bin/ceph: stdout [global]
2024-09-11T23:42:42.241 INFO:teuthology.orchestra.run.smithi062.stdout:/usr/bin/ceph: stdout fsid = 56675698-7097-11ef-bcea-c7b262605968
2024-09-11T23:42:42.241 INFO:teuthology.orchestra.run.smithi062.stdout:/usr/bin/ceph: stdout mon_host = [v2:172.21.15.62:3300,v1:172.21.15.62:6789]
2024-09-11T23:42:42.241 INFO:teuthology.orchestra.run.smithi062.stdout:/usr/bin/ceph: stdout mon_osd_allow_pg_remap = true
2024-09-11T23:42:42.242 INFO:teuthology.orchestra.run.smithi062.stdout:/usr/bin/ceph: stdout mon_osd_allow_primary_affinity = true
2024-09-11T23:42:42.242 INFO:teuthology.orchestra.run.smithi062.stdout:/usr/bin/ceph: stdout mon_warn_on_no_sortbitwise = false
2024-09-11T23:42:42.242 INFO:teuthology.orchestra.run.smithi062.stdout:/usr/bin/ceph: stdout osd_crush_chooseleaf_type = 0
2024-09-11T23:42:42.242 INFO:teuthology.orchestra.run.smithi062.stdout:/usr/bin/ceph: stdout
2024-09-11T23:42:42.242 INFO:teuthology.orchestra.run.smithi062.stdout:/usr/bin/ceph: stdout [mgr]
2024-09-11T23:42:42.242 INFO:teuthology.orchestra.run.smithi062.stdout:/usr/bin/ceph: stdout mgr/telemetry/nag = false
2024-09-11T23:42:42.242 INFO:teuthology.orchestra.run.smithi062.stdout:/usr/bin/ceph: stdout
2024-09-11T23:42:42.242 INFO:teuthology.orchestra.run.smithi062.stdout:/usr/bin/ceph: stdout [osd]
2024-09-11T23:42:42.242 INFO:teuthology.orchestra.run.smithi062.stdout:/usr/bin/ceph: stdout mon_osd_backfillfull_ratio = 0.85
2024-09-11T23:42:42.242 INFO:teuthology.orchestra.run.smithi062.stdout:/usr/bin/ceph: stdout mon_osd_full_ratio = 0.9
2024-09-11T23:42:42.242 INFO:teuthology.orchestra.run.smithi062.stdout:/usr/bin/ceph: stdout mon_osd_nearfull_ratio = 0.8
2024-09-11T23:42:42.242 INFO:teuthology.orchestra.run.smithi062.stdout:/usr/bin/ceph: stdout osd_map_max_advance = 10
2024-09-11T23:42:42.243 INFO:teuthology.orchestra.run.smithi062.stdout:/usr/bin/ceph: stdout osd_sloppy_crc = true
2024-09-11T23:42:42.243 INFO:teuthology.orchestra.run.smithi062.stdout:/usr/bin/ceph: stderr
2024-09-11T23:42:41.442+0000 7fe42b5b7640 1 Processor -- start
2024-09-11T23:42:42.243 INFO:teuthology.orchestra.run.smithi062.stdout:/usr/bin/ceph: stderr
2024-09-11T23:42:41.442+0000 7fe42b5b7640 1 -- start start
2024-09-11T23:42:42.243 INFO:teuthology.orchestra.run.smithi062.stdout:/usr/bin/ceph: stderr
2024-09-11T23:42:41.442+0000 7fe42b5b7640 1 --2- >> [v2:172.21.15.62:3300/0,v1:172.21.15.62:6789/0] conn(0x7fe4241080c0 0x7fe42410a4b0 unknown :-1 s=NONE pgs=0 cs=0 l=0 rev1=0 crypto rx=0 tx=0 comp rx=0 tx=0).connect
2024-09-11T23:42:42.243 INFO:teuthology.orchestra.run.smithi062.stdout:/usr/bin/ceph: stderr
2024-09-11T23:42:41.442+0000 7fe42b5b7640 1 -- --> [v2:172.21.15.62:3300/0,v1:172.21.15.62:6789/0] -- mon_getmap magic: 0 -- 0x7fe42407be40 con 0x7fe4241080c0
2024-09-11T23:42:42.243 INFO:teuthology.orchestra.run.smithi062.stdout:/usr/bin/ceph: stderr
2024-09-11T23:42:41.443+0000 7fe429353640 1 --2- >> [v2:172.21.15.62:3300/0,v1:172.21.15.62:6789/0] conn(0x7fe4241080c0 0x7fe42410a4b0 unknown :-1 s=BANNER_CONNECTING pgs=0 cs=0 l=0 rev1=0 crypto rx=0 tx=0 comp rx=0 tx=0)._handle_peer_banner_payload supported=3 required=0
2024-09-11T23:42:42.243 INFO:teuthology.orchestra.run.smithi062.stdout:/usr/bin/ceph: stderr
2024-09-11T23:42:41.443+0000 7fe429353640 1 --2- >> [v2:172.21.15.62:3300/0,v1:172.21.15.62:6789/0] conn(0x7fe4241080c0 0x7fe42410a4b0 unknown :-1 s=HELLO_CONNECTING pgs=0 cs=0 l=0 rev1=1 crypto rx=0 tx=0 comp rx=0 tx=0).handle_hello peer v2:172.21.15.62:3300/0 says I am v2:172.21.15.62:42244/0 (socket says 172.21.15.62:42244)
2024-09-11T23:42:42.243 INFO:teuthology.orchestra.run.smithi062.stdout:/usr/bin/ceph: stderr
2024-09-11T23:42:41.443+0000 7fe429353640 1 -- 172.21.15.62:0/272732154 learned_addr learned my addr 172.21.15.62:0/272732154 (peer_addr_for_me v2:172.21.15.62:0/0)
2024-09-11T23:42:42.243 INFO:teuthology.orchestra.run.smithi062.stdout:/usr/bin/ceph: stderr
2024-09-11T23:42:41.443+0000 7fe429353640 1 -- 172.21.15.62:0/272732154 --> [v2:172.21.15.62:3300/0,v1:172.21.15.62:6789/0] -- mon_subscribe({config=0+,monmap=0+}) -- 0x7fe42410a9f0 con 0x7fe4241080c0
2024-09-11T23:42:42.243 INFO:teuthology.orchestra.run.smithi062.stdout:/usr/bin/ceph: stderr
2024-09-11T23:42:41.444+0000 7fe429353640 1 --2- 172.21.15.62:0/272732154 >> [v2:172.21.15.62:3300/0,v1:172.21.15.62:6789/0] conn(0x7fe4241080c0 0x7fe42410a4b0 secure :-1 s=READY pgs=18 cs=0 l=1 rev1=1 crypto rx=0x7fe420009820 tx=0x7fe42002a270 comp rx=0 tx=0).ready entity=mon.0 client_cookie=6db56cd78d257592 server_cookie=0 in_seq=0 out_seq=0
2024-09-11T23:42:42.243 INFO:teuthology.orchestra.run.smithi062.stdout:/usr/bin/ceph: stderr
2024-09-11T23:42:41.444+0000 7fe41bfff640 1 -- 172.21.15.62:0/272732154 <== mon.0 v2:172.21.15.62:3300/0 1 ==== mon_map magic: 0 ==== 205+0+0 (secure 0 0 0) 0x7fe420037070 con 0x7fe4241080c0
2024-09-11T23:42:42.243 INFO:teuthology.orchestra.run.smithi062.stdout:/usr/bin/ceph: stderr
2024-09-11T23:42:41.444+0000 7fe41bfff640 1 -- 172.21.15.62:0/272732154 <== mon.0 v2:172.21.15.62:3300/0 2 ==== config(27 keys) ==== 1109+0+0 (secure 0 0 0) 0x7fe420032900 con 0x7fe4241080c0
2024-09-11T23:42:42.244 INFO:teuthology.orchestra.run.smithi062.stdout:/usr/bin/ceph: stderr
2024-09-11T23:42:41.444+0000 7fe41bfff640 1 -- 172.21.15.62:0/272732154 <== mon.0 v2:172.21.15.62:3300/0 3 ==== mon_map magic: 0 ==== 205+0+0 (secure 0 0 0) 0x7fe420030850 con 0x7fe4241080c0
2024-09-11T23:42:42.244 INFO:teuthology.orchestra.run.smithi062.stdout:/usr/bin/ceph: stderr
2024-09-11T23:42:41.444+0000 7fe42b5b7640 1 -- 172.21.15.62:0/272732154 >> [v2:172.21.15.62:3300/0,v1:172.21.15.62:6789/0] conn(0x7fe4241080c0 msgr2=0x7fe42410a4b0 secure :-1 s=STATE_CONNECTION_ESTABLISHED l=1).mark_down
2024-09-11T23:42:42.244 INFO:teuthology.orchestra.run.smithi062.stdout:/usr/bin/ceph: stderr
2024-09-11T23:42:41.444+0000 7fe42b5b7640 1 --2- 172.21.15.62:0/272732154 >> [v2:172.21.15.62:3300/0,v1:172.21.15.62:6789/0] conn(0x7fe4241080c0 0x7fe42410a4b0 secure :-1 s=READY pgs=18 cs=0 l=1 rev1=1 crypto rx=0x7fe420009820 tx=0x7fe42002a270 comp rx=0 tx=0).stop
2024-09-11T23:42:42.244 INFO:teuthology.orchestra.run.smithi062.stdout:/usr/bin/ceph: stderr
2024-09-11T23:42:41.444+0000 7fe42b5b7640 1 -- 172.21.15.62:0/272732154 shutdown_connections
2024-09-11T23:42:42.244 INFO:teuthology.orchestra.run.smithi062.stdout:/usr/bin/ceph: stderr
2024-09-11T23:42:41.444+0000 7fe42b5b7640 1 --2- 172.21.15.62:0/272732154 >> [v2:172.21.15.62:3300/0,v1:172.21.15.62:6789/0] conn(0x7fe4241080c0 0x7fe42410a4b0 unknown :-1 s=CLOSED pgs=18 cs=0 l=1 rev1=1 crypto rx=0 tx=0 comp rx=0 tx=0).stop
2024-09-11T23:42:42.244 INFO:teuthology.orchestra.run.smithi062.stdout:/usr/bin/ceph: stderr
2024-09-11T23:42:41.444+0000 7fe42b5b7640 1 -- 172.21.15.62:0/272732154 >> 172.21.15.62:0/272732154 conn(0x7fe424101c80 msgr2=0x7fe4241040e0 unknown :-1 s=STATE_NONE l=0).mark_down
2024-09-11T23:42:42.244 INFO:teuthology.orchestra.run.smithi062.stdout:/usr/bin/ceph: stderr
2024-09-11T23:42:41.445+0000 7fe42b5b7640 1 -- 172.21.15.62:0/272732154 shutdown_connections
2024-09-11T23:42:42.244 INFO:teuthology.orchestra.run.smithi062.stdout:/usr/bin/ceph: stderr
2024-09-11T23:42:41.445+0000 7fe42b5b7640 1 -- 172.21.15.62:0/272732154 wait complete.
2024-09-11T23:42:42.244 INFO:teuthology.orchestra.run.smithi062.stdout:/usr/bin/ceph: stderr
2024-09-11T23:42:41.445+0000 7fe42b5b7640 1 Processor -- start
2024-09-11T23:42:42.244 INFO:teuthology.orchestra.run.smithi062.stdout:/usr/bin/ceph: stderr
2024-09-11T23:42:41.445+0000 7fe42b5b7640 1 -- start start
2024-09-11T23:42:42.244 INFO:teuthology.orchestra.run.smithi062.stdout:/usr/bin/ceph: stderr
2024-09-11T23:42:41.445+0000 7fe42b5b7640 1 --2- >> [v2:172.21.15.62:3300/0,v1:172.21.15.62:6789/0] conn(0x7fe4241080c0 0x7fe42419b630 unknown :-1 s=NONE pgs=0 cs=0 l=1 rev1=0 crypto rx=0 tx=0 comp rx=0 tx=0).connect
2024-09-11T23:42:42.244 INFO:teuthology.orchestra.run.smithi062.stdout:/usr/bin/ceph: stderr
2024-09-11T23:42:41.445+0000 7fe42b5b7640 1 -- --> [v2:172.21.15.62:3300/0,v1:172.21.15.62:6789/0] -- mon_getmap magic: 0 -- 0x7fe42410ba30 con 0x7fe4241080c0
2024-09-11T23:42:42.245 INFO:teuthology.orchestra.run.smithi062.stdout:/usr/bin/ceph: stderr
2024-09-11T23:42:41.445+0000 7fe429353640 1 --2- >> [v2:172.21.15.62:3300/0,v1:172.21.15.62:6789/0] conn(0x7fe4241080c0 0x7fe42419b630 unknown :-1 s=BANNER_CONNECTING pgs=0 cs=0 l=1 rev1=0 crypto rx=0 tx=0 comp rx=0 tx=0)._handle_peer_banner_payload supported=3 required=0
2024-09-11T23:42:42.245 INFO:teuthology.orchestra.run.smithi062.stdout:/usr/bin/ceph: stderr
2024-09-11T23:42:41.445+0000 7fe429353640 1 --2- >> [v2:172.21.15.62:3300/0,v1:172.21.15.62:6789/0] conn(0x7fe4241080c0 0x7fe42419b630 unknown :-1 s=HELLO_CONNECTING pgs=0 cs=0 l=1 rev1=1 crypto rx=0 tx=0 comp rx=0 tx=0).handle_hello peer v2:172.21.15.62:3300/0 says I am v2:172.21.15.62:42250/0 (socket says 172.21.15.62:42250)
2024-09-11T23:42:42.245 INFO:teuthology.orchestra.run.smithi062.stdout:/usr/bin/ceph: stderr
2024-09-11T23:42:41.445+0000 7fe429353640 1 -- 172.21.15.62:0/1256073443 learned_addr learned my addr 172.21.15.62:0/1256073443 (peer_addr_for_me v2:172.21.15.62:0/0)
2024-09-11T23:42:42.245 INFO:teuthology.orchestra.run.smithi062.stdout:/usr/bin/ceph: stderr
2024-09-11T23:42:41.446+0000 7fe429353640 1 -- 172.21.15.62:0/1256073443 --> [v2:172.21.15.62:3300/0,v1:172.21.15.62:6789/0] -- mon_subscribe({config=0+,monmap=0+}) -- 0x7fe42419bb70 con 0x7fe4241080c0
2024-09-11T23:42:42.245 INFO:teuthology.orchestra.run.smithi062.stdout:/usr/bin/ceph: stderr
2024-09-11T23:42:41.446+0000 7fe429353640 1 --2- 172.21.15.62:0/1256073443 >> [v2:172.21.15.62:3300/0,v1:172.21.15.62:6789/0] conn(0x7fe4241080c0 0x7fe42419b630 secure :-1 s=READY pgs=19 cs=0 l=1 rev1=1 crypto rx=0x7fe420031000 tx=0x7fe4200326e0 comp rx=0 tx=0).ready entity=mon.0 client_cookie=0 server_cookie=0 in_seq=0 out_seq=0
2024-09-11T23:42:42.245 INFO:teuthology.orchestra.run.smithi062.stdout:/usr/bin/ceph: stderr
2024-09-11T23:42:41.446+0000 7fe41a7fc640 1 -- 172.21.15.62:0/1256073443 <== mon.0 v2:172.21.15.62:3300/0 1 ==== mon_map magic: 0 ==== 205+0+0 (secure 0 0 0) 0x7fe420042070 con 0x7fe4241080c0
2024-09-11T23:42:42.245 INFO:teuthology.orchestra.run.smithi062.stdout:/usr/bin/ceph: stderr
2024-09-11T23:42:41.446+0000 7fe42b5b7640 1 -- 172.21.15.62:0/1256073443 --> [v2:172.21.15.62:3300/0,v1:172.21.15.62:6789/0] -- mon_subscribe({mgrmap=0+}) -- 0x7fe42419be00 con 0x7fe4241080c0
2024-09-11T23:42:42.245 INFO:teuthology.orchestra.run.smithi062.stdout:/usr/bin/ceph: stderr
2024-09-11T23:42:41.446+0000 7fe41a7fc640 1 -- 172.21.15.62:0/1256073443 <== mon.0 v2:172.21.15.62:3300/0 2 ==== config(27 keys) ==== 1109+0+0 (secure 0 0 0) 0x7fe420032be0 con 0x7fe4241080c0
2024-09-11T23:42:42.245 INFO:teuthology.orchestra.run.smithi062.stdout:/usr/bin/ceph: stderr
2024-09-11T23:42:41.446+0000 7fe41a7fc640 1 -- 172.21.15.62:0/1256073443 <== mon.0 v2:172.21.15.62:3300/0 3 ==== mon_map magic: 0 ==== 205+0+0 (secure 0 0 0) 0x7fe420037040 con 0x7fe4241080c0
2024-09-11T23:42:42.245 INFO:teuthology.orchestra.run.smithi062.stdout:/usr/bin/ceph: stderr
2024-09-11T23:42:41.446+0000 7fe42b5b7640 1 -- 172.21.15.62:0/1256073443 --> [v2:172.21.15.62:3300/0,v1:172.21.15.62:6789/0] -- mon_subscribe({osdmap=0}) -- 0x7fe42419eaf0 con 0x7fe4241080c0
2024-09-11T23:42:42.245 INFO:teuthology.orchestra.run.smithi062.stdout:/usr/bin/ceph: stderr
2024-09-11T23:42:41.447+0000 7fe41a7fc640 1 -- 172.21.15.62:0/1256073443 <== mon.0 v2:172.21.15.62:3300/0 4 ==== mgrmap(e 4) ==== 46276+0+0 (secure 0 0 0) 0x7fe420045070 con 0x7fe4241080c0
2024-09-11T23:42:42.245 INFO:teuthology.orchestra.run.smithi062.stdout:/usr/bin/ceph: stderr
2024-09-11T23:42:41.447+0000 7fe41a7fc640 1 --2- 172.21.15.62:0/1256073443 >> [v2:172.21.15.62:6800/1330539138,v1:172.21.15.62:6801/1330539138] conn(0x7fe410038f20 0x7fe41003b3e0 unknown :-1 s=NONE pgs=0 cs=0 l=1 rev1=0 crypto rx=0 tx=0 comp rx=0 tx=0).connect
2024-09-11T23:42:42.246 INFO:teuthology.orchestra.run.smithi062.stdout:/usr/bin/ceph: stderr
2024-09-11T23:42:41.447+0000 7fe41a7fc640 1 -- 172.21.15.62:0/1256073443 <== mon.0 v2:172.21.15.62:3300/0 5 ==== osd_map(1..1 src has 1..1) ==== 725+0+0 (secure 0 0 0) 0x7fe42006bf50 con 0x7fe4241080c0
2024-09-11T23:42:42.246 INFO:teuthology.orchestra.run.smithi062.stdout:/usr/bin/ceph: stderr
2024-09-11T23:42:41.447+0000 7fe42b5b7640 1 -- 172.21.15.62:0/1256073443 --> [v2:172.21.15.62:3300/0,v1:172.21.15.62:6789/0] -- mon_command({"prefix": "get_command_descriptions"} v 0) -- 0x7fe424108520 con 0x7fe4241080c0
2024-09-11T23:42:42.246 INFO:teuthology.orchestra.run.smithi062.stdout:/usr/bin/ceph: stderr
2024-09-11T23:42:41.447+0000 7fe428b52640 1 --2- 172.21.15.62:0/1256073443 >> [v2:172.21.15.62:6800/1330539138,v1:172.21.15.62:6801/1330539138] conn(0x7fe410038f20 0x7fe41003b3e0 unknown :-1 s=BANNER_CONNECTING pgs=0 cs=0 l=1 rev1=0 crypto rx=0 tx=0 comp rx=0 tx=0)._handle_peer_banner_payload supported=3 required=0
2024-09-11T23:42:42.246 INFO:teuthology.orchestra.run.smithi062.stdout:/usr/bin/ceph: stderr
2024-09-11T23:42:41.448+0000 7fe428b52640 1 --2- 172.21.15.62:0/1256073443 >> [v2:172.21.15.62:6800/1330539138,v1:172.21.15.62:6801/1330539138] conn(0x7fe410038f20 0x7fe41003b3e0 secure :-1 s=READY pgs=7 cs=0 l=1 rev1=1 crypto rx=0x7fe4140098c0 tx=0x7fe414006db0 comp rx=0 tx=0).ready entity=mgr.14100 client_cookie=0 server_cookie=0 in_seq=0 out_seq=0
2024-09-11T23:42:42.246 INFO:teuthology.orchestra.run.smithi062.stdout:/usr/bin/ceph: stderr
2024-09-11T23:42:41.452+0000 7fe41a7fc640 1 -- 172.21.15.62:0/1256073443 <== mon.0 v2:172.21.15.62:3300/0 6 ==== mon_command_ack([{"prefix": "get_command_descriptions"}]=0 v0) ==== 72+0+188821 (secure 0 0 0) 0x7fe420042210 con 0x7fe4241080c0
2024-09-11T23:42:42.246 INFO:teuthology.orchestra.run.smithi062.stdout:/usr/bin/ceph: stderr
2024-09-11T23:42:41.628+0000 7fe42b5b7640 1 -- 172.21.15.62:0/1256073443 --> [v2:172.21.15.62:3300/0,v1:172.21.15.62:6789/0] -- mon_command({"prefix": "config assimilate-conf"} v 0) -- 0x7fe4241a0260 con 0x7fe4241080c0
2024-09-11T23:42:42.246 INFO:teuthology.orchestra.run.smithi062.stdout:/usr/bin/ceph: stderr
2024-09-11T23:42:41.629+0000 7fe41a7fc640 1 -- 172.21.15.62:0/1256073443 <== mon.0 v2:172.21.15.62:3300/0 7 ==== mon_command_ack([{"prefix": "config assimilate-conf"}]=0 v3) ==== 70+0+429 (secure 0 0 0) 0x7fe420032d90 con 0x7fe4241080c0
2024-09-11T23:42:42.246 INFO:teuthology.orchestra.run.smithi062.stdout:/usr/bin/ceph: stderr
2024-09-11T23:42:41.631+0000 7fe42b5b7640 1 -- 172.21.15.62:0/1256073443 >> [v2:172.21.15.62:6800/1330539138,v1:172.21.15.62:6801/1330539138] conn(0x7fe410038f20 msgr2=0x7fe41003b3e0 secure :-1 s=STATE_CONNECTION_ESTABLISHED l=1).mark_down
2024-09-11T23:42:42.246 INFO:teuthology.orchestra.run.smithi062.stdout:/usr/bin/ceph: stderr
2024-09-11T23:42:41.631+0000 7fe42b5b7640 1 --2- 172.21.15.62:0/1256073443 >> [v2:172.21.15.62:6800/1330539138,v1:172.21.15.62:6801/1330539138] conn(0x7fe410038f20 0x7fe41003b3e0 secure :-1 s=READY pgs=7 cs=0 l=1 rev1=1 crypto rx=0x7fe4140098c0 tx=0x7fe414006db0 comp rx=0 tx=0).stop
2024-09-11T23:42:42.246 INFO:teuthology.orchestra.run.smithi062.stdout:/usr/bin/ceph: stderr
2024-09-11T23:42:41.631+0000 7fe42b5b7640 1 -- 172.21.15.62:0/1256073443 >> [v2:172.21.15.62:3300/0,v1:172.21.15.62:6789/0] conn(0x7fe4241080c0 msgr2=0x7fe42419b630 secure :-1 s=STATE_CONNECTION_ESTABLISHED l=1).mark_down
2024-09-11T23:42:42.246 INFO:teuthology.orchestra.run.smithi062.stdout:/usr/bin/ceph: stderr
2024-09-11T23:42:41.631+0000 7fe42b5b7640 1 --2- 172.21.15.62:0/1256073443 >> [v2:172.21.15.62:3300/0,v1:172.21.15.62:6789/0] conn(0x7fe4241080c0 0x7fe42419b630 secure :-1 s=READY pgs=19 cs=0 l=1 rev1=1 crypto rx=0x7fe420031000 tx=0x7fe4200326e0 comp rx=0 tx=0).stop
2024-09-11T23:42:42.246 INFO:teuthology.orchestra.run.smithi062.stdout:/usr/bin/ceph: stderr
2024-09-11T23:42:41.631+0000 7fe42b5b7640 1 -- 172.21.15.62:0/1256073443 shutdown_connections
2024-09-11T23:42:42.247 INFO:teuthology.orchestra.run.smithi062.stdout:/usr/bin/ceph: stderr
2024-09-11T23:42:41.631+0000 7fe42b5b7640 1 --2- 172.21.15.62:0/1256073443 >> [v2:172.21.15.62:6800/1330539138,v1:172.21.15.62:6801/1330539138] conn(0x7fe410038f20 0x7fe41003b3e0 unknown :-1 s=CLOSED pgs=7 cs=0 l=1 rev1=1 crypto rx=0 tx=0 comp rx=0 tx=0).stop
2024-09-11T23:42:42.247 INFO:teuthology.orchestra.run.smithi062.stdout:/usr/bin/ceph: stderr
2024-09-11T23:42:41.631+0000 7fe42b5b7640 1 --2- 172.21.15.62:0/1256073443 >> [v2:172.21.15.62:3300/0,v1:172.21.15.62:6789/0] conn(0x7fe4241080c0 0x7fe42419b630 unknown :-1 s=CLOSED pgs=19 cs=0 l=1 rev1=1 crypto rx=0 tx=0 comp rx=0 tx=0).stop
2024-09-11T23:42:42.247 INFO:teuthology.orchestra.run.smithi062.stdout:/usr/bin/ceph: stderr
2024-09-11T23:42:41.631+0000 7fe42b5b7640 1 -- 172.21.15.62:0/1256073443 >> 172.21.15.62:0/1256073443 conn(0x7fe424101c80 msgr2=0x7fe424102910 unknown :-1 s=STATE_NONE l=0).mark_down
2024-09-11T23:42:42.247 INFO:teuthology.orchestra.run.smithi062.stdout:/usr/bin/ceph: stderr
2024-09-11T23:42:41.631+0000 7fe42b5b7640 1 -- 172.21.15.62:0/1256073443 shutdown_connections
2024-09-11T23:42:42.247 INFO:teuthology.orchestra.run.smithi062.stdout:/usr/bin/ceph: stderr
2024-09-11T23:42:41.631+0000 7fe42b5b7640 1 -- 172.21.15.62:0/1256073443 wait complete.
2024-09-11T23:42:42.247 INFO:teuthology.orchestra.run.smithi062.stdout:Enabling cephadm module...
2024-09-11T23:42:42.619 INFO:journalctl@ceph.mon.a.smithi062.stdout:Sep 11 23:42:42 smithi062 ceph-mon[30958]: from='client.? 172.21.15.62:0/1256073443' entity='client.admin' cmd=[{"prefix": "config assimilate-conf"}]: dispatch
2024-09-11T23:42:43.863 INFO:journalctl@ceph.mon.a.smithi062.stdout:Sep 11 23:42:43 smithi062 ceph-mon[30958]: from='client.? 172.21.15.62:0/925899247' entity='client.admin' cmd=[{"prefix": "mgr module enable", "module": "cephadm"}]: dispatch
2024-09-11T23:42:43.864 INFO:journalctl@ceph.mgr.x.smithi062.stdout:Sep 11 23:42:43 smithi062 ceph-56675698-7097-11ef-bcea-c7b262605968-mgr-x[31184]: ignoring --setuser ceph since I am not root
2024-09-11T23:42:43.864 INFO:journalctl@ceph.mgr.x.smithi062.stdout:Sep 11 23:42:43 smithi062 ceph-56675698-7097-11ef-bcea-c7b262605968-mgr-x[31184]: ignoring --setgroup ceph since I am not root
2024-09-11T23:42:43.864 INFO:journalctl@ceph.mgr.x.smithi062.stdout:Sep 11 23:42:43 smithi062 ceph-56675698-7097-11ef-bcea-c7b262605968-mgr-x[31184]:
2024-09-11T23:42:43.753+0000 7f1dfe8db040 -1 mgr[py] Module osd_perf_query has missing NOTIFY_TYPES member
2024-09-11T23:42:43.864 INFO:journalctl@ceph.mgr.x.smithi062.stdout:Sep 11 23:42:43 smithi062 ceph-56675698-7097-11ef-bcea-c7b262605968-mgr-x[31184]:
2024-09-11T23:42:43.813+0000 7f1dfe8db040 -1 mgr[py] Module osd_support has missing NOTIFY_TYPES member
2024-09-11T23:42:44.181 INFO:journalctl@ceph.mgr.x.smithi062.stdout:Sep 11 23:42:43 smithi062 ceph-56675698-7097-11ef-bcea-c7b262605968-mgr-x[31184]:
2024-09-11T23:42:43.968+0000 7f1dfe8db040 -1 mgr[py] Module diskprediction_local has missing NOTIFY_TYPES member
2024-09-11T23:42:44.181 INFO:journalctl@ceph.mgr.x.smithi062.stdout:Sep 11 23:42:44 smithi062 ceph-56675698-7097-11ef-bcea-c7b262605968-mgr-x[31184]:
2024-09-11T23:42:44.038+0000 7f1dfe8db040 -1 mgr[py] Module crash has missing NOTIFY_TYPES member
2024-09-11T23:42:44.188 INFO:teuthology.orchestra.run.smithi062.stdout:/usr/bin/ceph: stderr
2024-09-11T23:42:42.628+0000 7f51ce240640 1 Processor -- start
2024-09-11T23:42:44.188 INFO:teuthology.orchestra.run.smithi062.stdout:/usr/bin/ceph: stderr
2024-09-11T23:42:42.628+0000 7f51ce240640 1 -- start start
2024-09-11T23:42:44.188 INFO:teuthology.orchestra.run.smithi062.stdout:/usr/bin/ceph: stderr
2024-09-11T23:42:42.629+0000 7f51ce240640 1 --2- >> [v2:172.21.15.62:3300/0,v1:172.21.15.62:6789/0] conn(0x7f51c807de50 0x7f51c807c2b0 unknown :-1 s=NONE pgs=0 cs=0 l=0 rev1=0 crypto rx=0 tx=0 comp rx=0 tx=0).connect
2024-09-11T23:42:44.188 INFO:teuthology.orchestra.run.smithi062.stdout:/usr/bin/ceph: stderr
2024-09-11T23:42:42.629+0000 7f51ce240640 1 -- --> [v2:172.21.15.62:3300/0,v1:172.21.15.62:6789/0] -- mon_getmap magic: 0 -- 0x7f51c807c880 con 0x7f51c807de50
