2024-09-11T23:50:02.815 INFO:teuthology.orchestra.run.smithi006.stdout:/usr/bin/ceph: stderr
2024-09-11T23:50:01.858+0000 7f1551ffb640 1 -- 172.21.15.6:0/949872970 <== mgr.14150 v2:172.21.15.6:6800/306795778 2 ==== command_reply(tid 1: 0 ) ==== 8+0+52 (secure 0 0 0) 0x7f15541084c0 con 0x7f154003cae0
2024-09-11T23:50:02.815 INFO:teuthology.orchestra.run.smithi006.stdout:/usr/bin/ceph: stderr
2024-09-11T23:50:01.859+0000 7f155af8e640 1 -- 172.21.15.6:0/949872970 >> [v2:172.21.15.6:6800/306795778,v1:172.21.15.6:6801/306795778] conn(0x7f154003cae0 msgr2=0x7f154003eed0 secure :-1 s=STATE_CONNECTION_ESTABLISHED l=1).mark_down
2024-09-11T23:50:02.815 INFO:teuthology.orchestra.run.smithi006.stdout:/usr/bin/ceph: stderr
2024-09-11T23:50:01.859+0000 7f155af8e640 1 --2- 172.21.15.6:0/949872970 >> [v2:172.21.15.6:6800/306795778,v1:172.21.15.6:6801/306795778] conn(0x7f154003cae0 0x7f154003eed0 secure :-1 s=READY pgs=2 cs=0 l=1 rev1=1 crypto rx=0x7f1544003d00 tx=0x7f1544009290 comp rx=0 tx=0).stop
2024-09-11T23:50:02.816 INFO:teuthology.orchestra.run.smithi006.stdout:/usr/bin/ceph: stderr
2024-09-11T23:50:01.859+0000 7f155af8e640 1 -- 172.21.15.6:0/949872970 >> [v2:172.21.15.6:3300/0,v1:172.21.15.6:6789/0] conn(0x7f1554108060 msgr2=0x7f155419d770 secure :-1 s=STATE_CONNECTION_ESTABLISHED l=1).mark_down
2024-09-11T23:50:02.816 INFO:teuthology.orchestra.run.smithi006.stdout:/usr/bin/ceph: stderr
2024-09-11T23:50:01.859+0000 7f155af8e640 1 --2- 172.21.15.6:0/949872970 >> [v2:172.21.15.6:3300/0,v1:172.21.15.6:6789/0] conn(0x7f1554108060 0x7f155419d770 secure :-1 s=READY pgs=60 cs=0 l=1 rev1=1 crypto rx=0x7f153c030cc0 tx=0x7f153c030cf0 comp rx=0 tx=0).stop
2024-09-11T23:50:02.816 INFO:teuthology.orchestra.run.smithi006.stdout:/usr/bin/ceph: stderr
2024-09-11T23:50:01.859+0000 7f155af8e640 1 -- 172.21.15.6:0/949872970 shutdown_connections
2024-09-11T23:50:02.816 INFO:teuthology.orchestra.run.smithi006.stdout:/usr/bin/ceph: stderr
2024-09-11T23:50:01.859+0000 7f155af8e640 1 --2- 172.21.15.6:0/949872970 >> [v2:172.21.15.6:6800/306795778,v1:172.21.15.6:6801/306795778] conn(0x7f154003cae0 0x7f154003eed0 unknown :-1 s=CLOSED pgs=2 cs=0 l=1 rev1=1 crypto rx=0 tx=0 comp rx=0 tx=0).stop
2024-09-11T23:50:02.816 INFO:teuthology.orchestra.run.smithi006.stdout:/usr/bin/ceph: stderr
2024-09-11T23:50:01.859+0000 7f155af8e640 1 --2- 172.21.15.6:0/949872970 >> [v2:172.21.15.6:6800/2279576750,v1:172.21.15.6:6801/2279576750] conn(0x7f1540039020 0x7f154003b4e0 unknown :-1 s=CLOSED pgs=0 cs=0 l=1 rev1=0 crypto rx=0 tx=0 comp rx=0 tx=0).stop
2024-09-11T23:50:02.816 INFO:teuthology.orchestra.run.smithi006.stdout:/usr/bin/ceph: stderr
2024-09-11T23:50:01.859+0000 7f155af8e640 1 --2- 172.21.15.6:0/949872970 >> [v2:172.21.15.6:3300/0,v1:172.21.15.6:6789/0] conn(0x7f1554108060 0x7f155419d770 unknown :-1 s=CLOSED pgs=60 cs=0 l=1 rev1=1 crypto rx=0 tx=0 comp rx=0 tx=0).stop
2024-09-11T23:50:02.816 INFO:teuthology.orchestra.run.smithi006.stdout:/usr/bin/ceph: stderr
2024-09-11T23:50:01.859+0000 7f155af8e640 1 -- 172.21.15.6:0/949872970 >> 172.21.15.6:0/949872970 conn(0x7f1554101c80 msgr2=0x7f1554102770 unknown :-1 s=STATE_NONE l=0).mark_down
2024-09-11T23:50:02.816 INFO:teuthology.orchestra.run.smithi006.stdout:/usr/bin/ceph: stderr
2024-09-11T23:50:01.859+0000 7f155af8e640 1 -- 172.21.15.6:0/949872970 shutdown_connections
2024-09-11T23:50:02.816 INFO:teuthology.orchestra.run.smithi006.stdout:/usr/bin/ceph: stderr
2024-09-11T23:50:01.859+0000 7f155af8e640 1 -- 172.21.15.6:0/949872970 wait complete.
2024-09-11T23:50:02.816 INFO:teuthology.orchestra.run.smithi006.stdout:mgr epoch 9 is available
2024-09-11T23:50:02.816 INFO:teuthology.orchestra.run.smithi006.stdout:Generating a dashboard self-signed certificate...
2024-09-11T23:50:03.063 INFO:journalctl@ceph.mon.a.smithi006.stdout:Sep 11 23:50:02 smithi006 ceph-mon[30947]: from='client.14154 -' entity='client.admin' cmd=[{"prefix": "get_command_descriptions"}]: dispatch
2024-09-11T23:50:03.063 INFO:journalctl@ceph.mon.a.smithi006.stdout:Sep 11 23:50:02 smithi006 ceph-mon[30947]: mgrmap e11: x(active, since 1.00589s)
2024-09-11T23:50:03.063 INFO:journalctl@ceph.mon.a.smithi006.stdout:Sep 11 23:50:02 smithi006 ceph-mon[30947]: from='client.14154 -' entity='client.admin' cmd=[{"prefix": "mgr_status"}]: dispatch
2024-09-11T23:50:03.063 INFO:journalctl@ceph.mon.a.smithi006.stdout:Sep 11 23:50:02 smithi006 ceph-mon[30947]: from='mgr.14150 172.21.15.6:0/4107490381' entity='mgr.x'
2024-09-11T23:50:03.063 INFO:journalctl@ceph.mgr.x.smithi006.stdout:Sep 11 23:50:03 smithi006 ceph-4901345a-7098-11ef-bcea-c7b262605968-mgr-x[31173]:
2024-09-11T23:50:03.027+0000 7fa4d8a18640 -1 log_channel(cephadm) log [ERR] : [11/Sep/2024:23:50:03] ENGINE Error in HTTPServer.serve
2024-09-11T23:50:03.064 INFO:journalctl@ceph.mgr.x.smithi006.stdout:Sep 11 23:50:03 smithi006 ceph-4901345a-7098-11ef-bcea-c7b262605968-mgr-x[31173]: Traceback (most recent call last):
2024-09-11T23:50:03.064 INFO:journalctl@ceph.mgr.x.smithi006.stdout:Sep 11 23:50:03 smithi006 ceph-4901345a-7098-11ef-bcea-c7b262605968-mgr-x[31173]: File "/lib/python3.9/site-packages/cheroot/server.py", line 1823, in serve
2024-09-11T23:50:03.064 INFO:journalctl@ceph.mgr.x.smithi006.stdout:Sep 11 23:50:03 smithi006 ceph-4901345a-7098-11ef-bcea-c7b262605968-mgr-x[31173]: self._connections.run(self.expiration_interval)
2024-09-11T23:50:03.064 INFO:journalctl@ceph.mgr.x.smithi006.stdout:Sep 11 23:50:03 smithi006 ceph-4901345a-7098-11ef-bcea-c7b262605968-mgr-x[31173]: File "/lib/python3.9/site-packages/cheroot/connections.py", line 203, in run
2024-09-11T23:50:03.064 INFO:journalctl@ceph.mgr.x.smithi006.stdout:Sep 11 23:50:03 smithi006 ceph-4901345a-7098-11ef-bcea-c7b262605968-mgr-x[31173]: self._run(expiration_interval)
2024-09-11T23:50:03.064 INFO:journalctl@ceph.mgr.x.smithi006.stdout:Sep 11 23:50:03 smithi006 ceph-4901345a-7098-11ef-bcea-c7b262605968-mgr-x[31173]: File "/lib/python3.9/site-packages/cheroot/connections.py", line 246, in _run
2024-09-11T23:50:03.064 INFO:journalctl@ceph.mgr.x.smithi006.stdout:Sep 11 23:50:03 smithi006 ceph-4901345a-7098-11ef-bcea-c7b262605968-mgr-x[31173]: new_conn = self._from_server_socket(self.server.socket)
2024-09-11T23:50:03.064 INFO:journalctl@ceph.mgr.x.smithi006.stdout:Sep 11 23:50:03 smithi006 ceph-4901345a-7098-11ef-bcea-c7b262605968-mgr-x[31173]: File "/lib/python3.9/site-packages/cheroot/connections.py", line 300, in _from_server_socket
2024-09-11T23:50:03.064 INFO:journalctl@ceph.mgr.x.smithi006.stdout:Sep 11 23:50:03 smithi006 ceph-4901345a-7098-11ef-bcea-c7b262605968-mgr-x[31173]: s, ssl_env = self.server.ssl_adapter.wrap(s)
2024-09-11T23:50:03.064 INFO:journalctl@ceph.mgr.x.smithi006.stdout:Sep 11 23:50:03 smithi006 ceph-4901345a-7098-11ef-bcea-c7b262605968-mgr-x[31173]: File "/lib/python3.9/site-packages/cheroot/ssl/builtin.py", line 277, in wrap
2024-09-11T23:50:03.064 INFO:journalctl@ceph.mgr.x.smithi006.stdout:Sep 11 23:50:03 smithi006 ceph-4901345a-7098-11ef-bcea-c7b262605968-mgr-x[31173]: s = self.context.wrap_socket(
2024-09-11T23:50:03.064 INFO:journalctl@ceph.mgr.x.smithi006.stdout:Sep 11 23:50:03 smithi006 ceph-4901345a-7098-11ef-bcea-c7b262605968-mgr-x[31173]: File "/lib64/python3.9/ssl.py", line 501, in wrap_socket
2024-09-11T23:50:03.064 INFO:journalctl@ceph.mgr.x.smithi006.stdout:Sep 11 23:50:03 smithi006 ceph-4901345a-7098-11ef-bcea-c7b262605968-mgr-x[31173]: return self.sslsocket_class._create(
2024-09-11T23:50:03.064 INFO:journalctl@ceph.mgr.x.smithi006.stdout:Sep 11 23:50:03 smithi006 ceph-4901345a-7098-11ef-bcea-c7b262605968-mgr-x[31173]: File "/lib64/python3.9/ssl.py", line 1074, in _create
2024-09-11T23:50:03.065 INFO:journalctl@ceph.mgr.x.smithi006.stdout:Sep 11 23:50:03 smithi006 ceph-4901345a-7098-11ef-bcea-c7b262605968-mgr-x[31173]: self.do_handshake()
2024-09-11T23:50:03.065 INFO:journalctl@ceph.mgr.x.smithi006.stdout:Sep 11 23:50:03 smithi006 ceph-4901345a-7098-11ef-bcea-c7b262605968-mgr-x[31173]: File "/lib64/python3.9/ssl.py", line 1343, in do_handshake
2024-09-11T23:50:03.065 INFO:journalctl@ceph.mgr.x.smithi006.stdout:Sep 11 23:50:03 smithi006 ceph-4901345a-7098-11ef-bcea-c7b262605968-mgr-x[31173]: self._sslobj.do_handshake()
2024-09-11T23:50:03.065 INFO:journalctl@ceph.mgr.x.smithi006.stdout:Sep 11 23:50:03 smithi006 ceph-4901345a-7098-11ef-bcea-c7b262605968-mgr-x[31173]: ssl.SSLZeroReturnError: TLS/SSL connection has been closed (EOF) (_ssl.c:1133)
2024-09-11T23:50:03.065 INFO:journalctl@ceph.mgr.x.smithi006.stdout:Sep 11 23:50:03 smithi006 ceph-4901345a-7098-11ef-bcea-c7b262605968-mgr-x[31173]:
2024-09-11T23:50:04.192 INFO:teuthology.orchestra.run.smithi006.stdout:/usr/bin/ceph: stdout Self-signed certificate created
2024-09-11T23:50:04.193 INFO:teuthology.orchestra.run.smithi006.stdout:/usr/bin/ceph: stderr
2024-09-11T23:50:03.255+0000 7fcb76969640 1 Processor -- start
2024-09-11T23:50:04.193 INFO:teuthology.orchestra.run.smithi006.stdout:/usr/bin/ceph: stderr
2024-09-11T23:50:03.255+0000 7fcb76969640 1 -- start start
2024-09-11T23:50:04.193 INFO:teuthology.orchestra.run.smithi006.stdout:/usr/bin/ceph: stderr
2024-09-11T23:50:03.256+0000 7fcb76969640 1 --2- >> [v2:172.21.15.6:3300/0,v1:172.21.15.6:6789/0] conn(0x7fcb70106470 0x7fcb70106870 unknown :-1 s=NONE pgs=0 cs=0 l=0 rev1=0 crypto rx=0 tx=0 comp rx=0 tx=0).connect
2024-09-11T23:50:04.193 INFO:teuthology.orchestra.run.smithi006.stdout:/usr/bin/ceph: stderr
2024-09-11T23:50:03.256+0000 7fcb76969640 1 -- --> [v2:172.21.15.6:3300/0,v1:172.21.15.6:6789/0] -- mon_getmap magic: 0 -- 0x7fcb70106e40 con 0x7fcb70106470
2024-09-11T23:50:04.193 INFO:teuthology.orchestra.run.smithi006.stdout:/usr/bin/ceph: stderr
2024-09-11T23:50:03.256+0000 7fcb6ffff640 1 --2- >> [v2:172.21.15.6:3300/0,v1:172.21.15.6:6789/0] conn(0x7fcb70106470 0x7fcb70106870 unknown :-1 s=BANNER_CONNECTING pgs=0 cs=0 l=0 rev1=0 crypto rx=0 tx=0 comp rx=0 tx=0)._handle_peer_banner_payload supported=3 required=0
2024-09-11T23:50:04.193 INFO:teuthology.orchestra.run.smithi006.stdout:/usr/bin/ceph: stderr
2024-09-11T23:50:03.256+0000 7fcb6ffff640 1 --2- >> [v2:172.21.15.6:3300/0,v1:172.21.15.6:6789/0] conn(0x7fcb70106470 0x7fcb70106870 unknown :-1 s=HELLO_CONNECTING pgs=0 cs=0 l=0 rev1=1 crypto rx=0 tx=0 comp rx=0 tx=0).handle_hello peer v2:172.21.15.6:3300/0 says I am v2:172.21.15.6:34490/0 (socket says 172.21.15.6:34490)
2024-09-11T23:50:04.193 INFO:teuthology.orchestra.run.smithi006.stdout:/usr/bin/ceph: stderr
2024-09-11T23:50:03.256+0000 7fcb6ffff640 1 -- 172.21.15.6:0/1777700448 learned_addr learned my addr 172.21.15.6:0/1777700448 (peer_addr_for_me v2:172.21.15.6:0/0)
2024-09-11T23:50:04.193 INFO:teuthology.orchestra.run.smithi006.stdout:/usr/bin/ceph: stderr
2024-09-11T23:50:03.256+0000 7fcb6ffff640 1 -- 172.21.15.6:0/1777700448 --> [v2:172.21.15.6:3300/0,v1:172.21.15.6:6789/0] -- mon_subscribe({config=0+,monmap=0+}) -- 0x7fcb70107670 con 0x7fcb70106470
2024-09-11T23:50:04.193 INFO:teuthology.orchestra.run.smithi006.stdout:/usr/bin/ceph: stderr
2024-09-11T23:50:03.257+0000 7fcb6ffff640 1 --2- 172.21.15.6:0/1777700448 >> [v2:172.21.15.6:3300/0,v1:172.21.15.6:6789/0] conn(0x7fcb70106470 0x7fcb70106870 secure :-1 s=READY pgs=68 cs=0 l=1 rev1=1 crypto rx=0x7fcb60009820 tx=0x7fcb6002a270 comp rx=0 tx=0).ready entity=mon.0 client_cookie=6ba05259a67d5103 server_cookie=0 in_seq=0 out_seq=0
2024-09-11T23:50:04.193 INFO:teuthology.orchestra.run.smithi006.stdout:/usr/bin/ceph: stderr
2024-09-11T23:50:03.257+0000 7fcb6f7fe640 1 -- 172.21.15.6:0/1777700448 <== mon.0 v2:172.21.15.6:3300/0 1 ==== mon_map magic: 0 ==== 205+0+0 (secure 0 0 0) 0x7fcb60037070 con 0x7fcb70106470
2024-09-11T23:50:04.193 INFO:teuthology.orchestra.run.smithi006.stdout:/usr/bin/ceph: stderr
2024-09-11T23:50:03.257+0000 7fcb6f7fe640 1 -- 172.21.15.6:0/1777700448 <== mon.0 v2:172.21.15.6:3300/0 2 ==== config(26 keys) ==== 1102+0+0 (secure 0 0 0) 0x7fcb600328f0 con 0x7fcb70106470
2024-09-11T23:50:04.193 INFO:teuthology.orchestra.run.smithi006.stdout:/usr/bin/ceph: stderr
2024-09-11T23:50:03.257+0000 7fcb6f7fe640 1 -- 172.21.15.6:0/1777700448 <== mon.0 v2:172.21.15.6:3300/0 3 ==== mon_map magic: 0 ==== 205+0+0 (secure 0 0 0) 0x7fcb60030740 con 0x7fcb70106470
2024-09-11T23:50:04.194 INFO:teuthology.orchestra.run.smithi006.stdout:/usr/bin/ceph: stderr
2024-09-11T23:50:03.258+0000 7fcb76969640 1 -- 172.21.15.6:0/1777700448 >> [v2:172.21.15.6:3300/0,v1:172.21.15.6:6789/0] conn(0x7fcb70106470 msgr2=0x7fcb70106870 secure :-1 s=STATE_CONNECTION_ESTABLISHED l=1).mark_down
2024-09-11T23:50:04.194 INFO:teuthology.orchestra.run.smithi006.stdout:/usr/bin/ceph: stderr
2024-09-11T23:50:03.258+0000 7fcb76969640 1 --2- 172.21.15.6:0/1777700448 >> [v2:172.21.15.6:3300/0,v1:172.21.15.6:6789/0] conn(0x7fcb70106470 0x7fcb70106870 secure :-1 s=READY pgs=68 cs=0 l=1 rev1=1 crypto rx=0x7fcb60009820 tx=0x7fcb6002a270 comp rx=0 tx=0).stop
2024-09-11T23:50:04.194 INFO:teuthology.orchestra.run.smithi006.stdout:/usr/bin/ceph: stderr
2024-09-11T23:50:03.258+0000 7fcb76969640 1 -- 172.21.15.6:0/1777700448 shutdown_connections
2024-09-11T23:50:04.194 INFO:teuthology.orchestra.run.smithi006.stdout:/usr/bin/ceph: stderr
2024-09-11T23:50:03.258+0000 7fcb76969640 1 --2- 172.21.15.6:0/1777700448 >> [v2:172.21.15.6:3300/0,v1:172.21.15.6:6789/0] conn(0x7fcb70106470 0x7fcb70106870 unknown :-1 s=CLOSED pgs=68 cs=0 l=1 rev1=1 crypto rx=0 tx=0 comp rx=0 tx=0).stop
2024-09-11T23:50:04.194 INFO:teuthology.orchestra.run.smithi006.stdout:/usr/bin/ceph: stderr
2024-09-11T23:50:03.258+0000 7fcb76969640 1 -- 172.21.15.6:0/1777700448 >> 172.21.15.6:0/1777700448 conn(0x7fcb70101c40 msgr2=0x7fcb70104060 unknown :-1 s=STATE_NONE l=0).mark_down
2024-09-11T23:50:04.194 INFO:teuthology.orchestra.run.smithi006.stdout:/usr/bin/ceph: stderr
2024-09-11T23:50:03.258+0000 7fcb76969640 1 -- 172.21.15.6:0/1777700448 shutdown_connections
2024-09-11T23:50:04.194 INFO:teuthology.orchestra.run.smithi006.stdout:/usr/bin/ceph: stderr
2024-09-11T23:50:03.258+0000 7fcb76969640 1 -- 172.21.15.6:0/1777700448 wait complete.
2024-09-11T23:50:04.194 INFO:teuthology.orchestra.run.smithi006.stdout:/usr/bin/ceph: stderr
2024-09-11T23:50:03.259+0000 7fcb76969640 1 Processor -- start
2024-09-11T23:50:04.194 INFO:teuthology.orchestra.run.smithi006.stdout:/usr/bin/ceph: stderr
2024-09-11T23:50:03.259+0000 7fcb76969640 1 -- start start
2024-09-11T23:50:04.194 INFO:teuthology.orchestra.run.smithi006.stdout:/usr/bin/ceph: stderr
2024-09-11T23:50:03.259+0000 7fcb76969640 1 --2- >> [v2:172.21.15.6:3300/0,v1:172.21.15.6:6789/0] conn(0x7fcb70106470 0x7fcb7019b600 unknown :-1 s=NONE pgs=0 cs=0 l=1 rev1=0 crypto rx=0 tx=0 comp rx=0 tx=0).connect
2024-09-11T23:50:04.194 INFO:teuthology.orchestra.run.smithi006.stdout:/usr/bin/ceph: stderr
2024-09-11T23:50:03.259+0000 7fcb76969640 1 -- --> [v2:172.21.15.6:3300/0,v1:172.21.15.6:6789/0] -- mon_getmap magic: 0 -- 0x7fcb7010aa20 con 0x7fcb70106470
2024-09-11T23:50:04.194 INFO:teuthology.orchestra.run.smithi006.stdout:/usr/bin/ceph: stderr
2024-09-11T23:50:03.260+0000 7fcb6ffff640 1 --2- >> [v2:172.21.15.6:3300/0,v1:172.21.15.6:6789/0] conn(0x7fcb70106470 0x7fcb7019b600 unknown :-1 s=BANNER_CONNECTING pgs=0 cs=0 l=1 rev1=0 crypto rx=0 tx=0 comp rx=0 tx=0)._handle_peer_banner_payload supported=3 required=0
2024-09-11T23:50:04.194 INFO:teuthology.orchestra.run.smithi006.stdout:/usr/bin/ceph: stderr
2024-09-11T23:50:03.260+0000 7fcb6ffff640 1 --2- >> [v2:172.21.15.6:3300/0,v1:172.21.15.6:6789/0] conn(0x7fcb70106470 0x7fcb7019b600 unknown :-1 s=HELLO_CONNECTING pgs=0 cs=0 l=1 rev1=1 crypto rx=0 tx=0 comp rx=0 tx=0).handle_hello peer v2:172.21.15.6:3300/0 says I am v2:172.21.15.6:34506/0 (socket says 172.21.15.6:34506)
2024-09-11T23:50:04.194 INFO:teuthology.orchestra.run.smithi006.stdout:/usr/bin/ceph: stderr
2024-09-11T23:50:03.260+0000 7fcb6ffff640 1 -- 172.21.15.6:0/2622596560 learned_addr learned my addr 172.21.15.6:0/2622596560 (peer_addr_for_me v2:172.21.15.6:0/0)
2024-09-11T23:50:04.195 INFO:teuthology.orchestra.run.smithi006.stdout:/usr/bin/ceph: stderr
2024-09-11T23:50:03.260+0000 7fcb6ffff640 1 -- 172.21.15.6:0/2622596560 --> [v2:172.21.15.6:3300/0,v1:172.21.15.6:6789/0] -- mon_subscribe({config=0+,monmap=0+}) -- 0x7fcb7019bb40 con 0x7fcb70106470
2024-09-11T23:50:04.195 INFO:teuthology.orchestra.run.smithi006.stdout:/usr/bin/ceph: stderr
2024-09-11T23:50:03.260+0000 7fcb6ffff640 1 --2- 172.21.15.6:0/2622596560 >> [v2:172.21.15.6:3300/0,v1:172.21.15.6:6789/0] conn(0x7fcb70106470 0x7fcb7019b600 secure :-1 s=READY pgs=69 cs=0 l=1 rev1=1 crypto rx=0x7fcb60009940 tx=0x7fcb600327b0 comp rx=0 tx=0).ready entity=mon.0 client_cookie=0 server_cookie=0 in_seq=0 out_seq=0
2024-09-11T23:50:04.195 INFO:teuthology.orchestra.run.smithi006.stdout:/usr/bin/ceph: stderr
2024-09-11T23:50:03.260+0000 7fcb6dffb640 1 -- 172.21.15.6:0/2622596560 <== mon.0 v2:172.21.15.6:3300/0 1 ==== mon_map magic: 0 ==== 205+0+0 (secure 0 0 0) 0x7fcb60042070 con 0x7fcb70106470
2024-09-11T23:50:04.195 INFO:teuthology.orchestra.run.smithi006.stdout:/usr/bin/ceph: stderr
2024-09-11T23:50:03.260+0000 7fcb6dffb640 1 -- 172.21.15.6:0/2622596560 <== mon.0 v2:172.21.15.6:3300/0 2 ==== config(26 keys) ==== 1102+0+0 (secure 0 0 0) 0x7fcb60030d00 con 0x7fcb70106470
2024-09-11T23:50:04.195 INFO:teuthology.orchestra.run.smithi006.stdout:/usr/bin/ceph: stderr
2024-09-11T23:50:03.260+0000 7fcb6dffb640 1 -- 172.21.15.6:0/2622596560 <== mon.0 v2:172.21.15.6:3300/0 3 ==== mon_map magic: 0 ==== 205+0+0 (secure 0 0 0) 0x7fcb60037040 con 0x7fcb70106470
2024-09-11T23:50:04.195 INFO:teuthology.orchestra.run.smithi006.stdout:/usr/bin/ceph: stderr
2024-09-11T23:50:03.260+0000 7fcb76969640 1 -- 172.21.15.6:0/2622596560 --> [v2:172.21.15.6:3300/0,v1:172.21.15.6:6789/0] -- mon_subscribe({mgrmap=0+}) -- 0x7fcb7019bdd0 con 0x7fcb70106470
2024-09-11T23:50:04.195 INFO:teuthology.orchestra.run.smithi006.stdout:/usr/bin/ceph: stderr
2024-09-11T23:50:03.260+0000 7fcb76969640 1 -- 172.21.15.6:0/2622596560 --> [v2:172.21.15.6:3300/0,v1:172.21.15.6:6789/0] -- mon_subscribe({osdmap=0}) -- 0x7fcb7019eac0 con 0x7fcb70106470
2024-09-11T23:50:04.195 INFO:teuthology.orchestra.run.smithi006.stdout:/usr/bin/ceph: stderr
2024-09-11T23:50:03.261+0000 7fcb6dffb640 1 -- 172.21.15.6:0/2622596560 <== mon.0 v2:172.21.15.6:3300/0 4 ==== mgrmap(e 12) ==== 46300+0+0 (secure 0 0 0) 0x7fcb60045070 con 0x7fcb70106470
2024-09-11T23:50:04.195 INFO:teuthology.orchestra.run.smithi006.stdout:/usr/bin/ceph: stderr
2024-09-11T23:50:03.261+0000 7fcb76969640 1 -- 172.21.15.6:0/2622596560 --> [v2:172.21.15.6:3300/0,v1:172.21.15.6:6789/0] -- mon_command({"prefix": "get_command_descriptions"} v 0) -- 0x7fcb7010aba0 con 0x7fcb70106470
2024-09-11T23:50:04.195 INFO:teuthology.orchestra.run.smithi006.stdout:/usr/bin/ceph: stderr
2024-09-11T23:50:03.261+0000 7fcb6dffb640 1 --2- 172.21.15.6:0/2622596560 >> [v2:172.21.15.6:6800/306795778,v1:172.21.15.6:6801/306795778] conn(0x7fcb5c039020 0x7fcb5c03b4e0 unknown :-1 s=NONE pgs=0 cs=0 l=1 rev1=0 crypto rx=0 tx=0 comp rx=0 tx=0).connect
2024-09-11T23:50:04.195 INFO:teuthology.orchestra.run.smithi006.stdout:/usr/bin/ceph: stderr
2024-09-11T23:50:03.262+0000 7fcb6dffb640 1 -- 172.21.15.6:0/2622596560 <== mon.0 v2:172.21.15.6:3300/0 5 ==== osd_map(3..3 src has 1..3) ==== 1155+0+0 (secure 0 0 0) 0x7fcb6006c2a0 con 0x7fcb70106470
2024-09-11T23:50:04.195 INFO:teuthology.orchestra.run.smithi006.stdout:/usr/bin/ceph: stderr
2024-09-11T23:50:03.262+0000 7fcb67fff640 1 --2- 172.21.15.6:0/2622596560 >> [v2:172.21.15.6:6800/306795778,v1:172.21.15.6:6801/306795778] conn(0x7fcb5c039020 0x7fcb5c03b4e0 unknown :-1 s=BANNER_CONNECTING pgs=0 cs=0 l=1 rev1=0 crypto rx=0 tx=0 comp rx=0 tx=0)._handle_peer_banner_payload supported=3 required=0
2024-09-11T23:50:04.195 INFO:teuthology.orchestra.run.smithi006.stdout:/usr/bin/ceph: stderr
2024-09-11T23:50:03.262+0000 7fcb67fff640 1 --2- 172.21.15.6:0/2622596560 >> [v2:172.21.15.6:6800/306795778,v1:172.21.15.6:6801/306795778] conn(0x7fcb5c039020 0x7fcb5c03b4e0 secure :-1 s=READY pgs=7 cs=0 l=1 rev1=1 crypto rx=0x7fcb580098c0 tx=0x7fcb58006db0 comp rx=0 tx=0).ready entity=mgr.14150 client_cookie=0 server_cookie=0 in_seq=0 out_seq=0
2024-09-11T23:50:04.196 INFO:teuthology.orchestra.run.smithi006.stdout:/usr/bin/ceph: stderr
2024-09-11T23:50:03.266+0000 7fcb6dffb640 1 -- 172.21.15.6:0/2622596560 <== mon.0 v2:172.21.15.6:3300/0 6 ==== mon_command_ack([{"prefix": "get_command_descriptions"}]=0 v0) ==== 72+0+188821 (secure 0 0 0) 0x7fcb60045360 con 0x7fcb70106470
2024-09-11T23:50:04.196 INFO:teuthology.orchestra.run.smithi006.stdout:/usr/bin/ceph: stderr
2024-09-11T23:50:03.449+0000 7fcb76969640 1 -- 172.21.15.6:0/2622596560 --> [v2:172.21.15.6:6800/306795778,v1:172.21.15.6:6801/306795778] -- mgr_command(tid 0: {"prefix": "dashboard create-self-signed-cert", "target": ["mon-mgr", ""]}) -- 0x7fcb7002da60 con 0x7fcb5c039020
2024-09-11T23:50:04.196 INFO:teuthology.orchestra.run.smithi006.stdout:/usr/bin/ceph: stderr
2024-09-11T23:50:03.548+0000 7fcb6dffb640 1 -- 172.21.15.6:0/2622596560 <== mgr.14150 v2:172.21.15.6:6800/306795778 1 ==== mgr_command_reply(tid 0: 0 ) ==== 8+0+32 (secure 0 0 0) 0x7fcb7002da60 con 0x7fcb5c039020
2024-09-11T23:50:04.196 INFO:teuthology.orchestra.run.smithi006.stdout:/usr/bin/ceph: stderr
2024-09-11T23:50:03.551+0000 7fcb76969640 1 -- 172.21.15.6:0/2622596560 >> [v2:172.21.15.6:6800/306795778,v1:172.21.15.6:6801/306795778] conn(0x7fcb5c039020 msgr2=0x7fcb5c03b4e0 secure :-1 s=STATE_CONNECTION_ESTABLISHED l=1).mark_down
2024-09-11T23:50:04.196 INFO:teuthology.orchestra.run.smithi006.stdout:/usr/bin/ceph: stderr
2024-09-11T23:50:03.552+0000 7fcb76969640 1 --2- 172.21.15.6:0/2622596560 >> [v2:172.21.15.6:6800/306795778,v1:172.21.15.6:6801/306795778] conn(0x7fcb5c039020 0x7fcb5c03b4e0 secure :-1 s=READY pgs=7 cs=0 l=1 rev1=1 crypto rx=0x7fcb580098c0 tx=0x7fcb58006db0 comp rx=0 tx=0).stop
2024-09-11T23:50:04.196 INFO:teuthology.orchestra.run.smithi006.stdout:/usr/bin/ceph: stderr
2024-09-11T23:50:03.552+0000 7fcb76969640 1 -- 172.21.15.6:0/2622596560 >> [v2:172.21.15.6:3300/0,v1:172.21.15.6:6789/0] conn(0x7fcb70106470 msgr2=0x7fcb7019b600 secure :-1 s=STATE_CONNECTION_ESTABLISHED l=1).mark_down
2024-09-11T23:50:04.196 INFO:teuthology.orchestra.run.smithi006.stdout:/usr/bin/ceph: stderr
2024-09-11T23:50:03.552+0000 7fcb76969640 1 --2- 172.21.15.6:0/2622596560 >> [v2:172.21.15.6:3300/0,v1:172.21.15.6:6789/0] conn(0x7fcb70106470 0x7fcb7019b600 secure :-1 s=READY pgs=69 cs=0 l=1 rev1=1 crypto rx=0x7fcb60009940 tx=0x7fcb600327b0 comp rx=0 tx=0).stop
2024-09-11T23:50:04.196 INFO:teuthology.orchestra.run.smithi006.stdout:/usr/bin/ceph: stderr
2024-09-11T23:50:03.552+0000 7fcb76969640 1 -- 172.21.15.6:0/2622596560 shutdown_connections
2024-09-11T23:50:04.196 INFO:teuthology.orchestra.run.smithi006.stdout:/usr/bin/ceph: stderr
2024-09-11T23:50:03.552+0000 7fcb76969640 1 --2- 172.21.15.6:0/2622596560 >> [v2:172.21.15.6:6800/306795778,v1:172.21.15.6:6801/306795778] conn(0x7fcb5c039020 0x7fcb5c03b4e0 unknown :-1 s=CLOSED pgs=7 cs=0 l=1 rev1=1 crypto rx=0 tx=0 comp rx=0 tx=0).stop
2024-09-11T23:50:04.196 INFO:teuthology.orchestra.run.smithi006.stdout:/usr/bin/ceph: stderr
2024-09-11T23:50:03.552+0000 7fcb76969640 1 --2- 172.21.15.6:0/2622596560 >> [v2:172.21.15.6:3300/0,v1:172.21.15.6:6789/0] conn(0x7fcb70106470 0x7fcb7019b600 unknown :-1 s=CLOSED pgs=69 cs=0 l=1 rev1=1 crypto rx=0 tx=0 comp rx=0 tx=0).stop
2024-09-11T23:50:04.196 INFO:teuthology.orchestra.run.smithi006.stdout:/usr/bin/ceph: stderr
2024-09-11T23:50:03.552+0000 7fcb76969640 1 -- 172.21.15.6:0/2622596560 >> 172.21.15.6:0/2622596560 conn(0x7fcb70101c40 msgr2=0x7fcb70102bc0 unknown :-1 s=STATE_NONE l=0).mark_down
2024-09-11T23:50:04.197 INFO:teuthology.orchestra.run.smithi006.stdout:/usr/bin/ceph: stderr
2024-09-11T23:50:03.552+0000 7fcb76969640 1 -- 172.21.15.6:0/2622596560 shutdown_connections
2024-09-11T23:50:04.197 INFO:teuthology.orchestra.run.smithi006.stdout:/usr/bin/ceph: stderr
2024-09-11T23:50:03.552+0000 7fcb76969640 1 -- 172.21.15.6:0/2622596560 wait complete.
2024-09-11T23:50:04.197 INFO:teuthology.orchestra.run.smithi006.stdout:Creating initial admin user...
2024-09-11T23:50:04.444 INFO:journalctl@ceph.mon.a.smithi006.stdout:Sep 11 23:50:04 smithi006 ceph-mon[30947]: [11/Sep/2024:23:50:02] ENGINE Bus STARTING
2024-09-11T23:50:04.444 INFO:journalctl@ceph.mon.a.smithi006.stdout:Sep 11 23:50:04 smithi006 ceph-mon[30947]: [11/Sep/2024:23:50:03] ENGINE Serving on https://172.21.15.6:7150
2024-09-11T23:50:04.444 INFO:journalctl@ceph.mon.a.smithi006.stdout:Sep 11 23:50:04 smithi006 ceph-mon[30947]: [11/Sep/2024:23:50:03] ENGINE Error in HTTPServer.serve
2024-09-11T23:50:04.444 INFO:journalctl@ceph.mon.a.smithi006.stdout: Traceback (most recent call last):
2024-09-11T23:50:04.444 INFO:journalctl@ceph.mon.a.smithi006.stdout: File "/lib/python3.9/site-packages/cheroot/server.py", line 1823, in serve
2024-09-11T23:50:04.444 INFO:journalctl@ceph.mon.a.smithi006.stdout: self._connections.run(self.expiration_interval)
2024-09-11T23:50:04.445 INFO:journalctl@ceph.mon.a.smithi006.stdout: File "/lib/python3.9/site-packages/cheroot/connections.py", line 203, in run
2024-09-11T23:50:04.445 INFO:journalctl@ceph.mon.a.smithi006.stdout: self._run(expiration_interval)
2024-09-11T23:50:04.445 INFO:journalctl@ceph.mon.a.smithi006.stdout: File "/lib/python3.9/site-packages/cheroot/connections.py", line 246, in _run
2024-09-11T23:50:04.445 INFO:journalctl@ceph.mon.a.smithi006.stdout: new_conn = self._from_server_socket(self.server.socket)
2024-09-11T23:50:04.445 INFO:journalctl@ceph.mon.a.smithi006.stdout: File "/lib/python3.9/site-packages/cheroot/connections.py", line 300, in _from_server_socket
2024-09-11T23:50:04.445 INFO:journalctl@ceph.mon.a.smithi006.stdout: s, ssl_env = self.server.ssl_adapter.wrap(s)
2024-09-11T23:50:04.445 INFO:journalctl@ceph.mon.a.smithi006.stdout: File "/lib/python3.9/site-packages/cheroot/ssl/builtin.py", line 277, in wrap
2024-09-11T23:50:04.445 INFO:journalctl@ceph.mon.a.smithi006.stdout: s = self.context.wrap_socket(
2024-09-11T23:50:04.445 INFO:journalctl@ceph.mon.a.smithi006.stdout: File "/lib64/python3.9/ssl.py", line 501, in wrap_socket
2024-09-11T23:50:04.445 INFO:journalctl@ceph.mon.a.smithi006.stdout: return self.sslsocket_class._create(
2024-09-11T23:50:04.445 INFO:journalctl@ceph.mon.a.smithi006.stdout: File "/lib64/python3.9/ssl.py", line 1074, in _create
2024-09-11T23:50:04.445 INFO:journalctl@ceph.mon.a.smithi006.stdout: self.do_handshake()
2024-09-11T23:50:04.445 INFO:journalctl@ceph.mon.a.smithi006.stdout: File "/lib64/python3.9/ssl.py", line 1343, in do_handshake
2024-09-11T23:50:04.445 INFO:journalctl@ceph.mon.a.smithi006.stdout: self._sslobj.do_handshake()
2024-09-11T23:50:04.445 INFO:journalctl@ceph.mon.a.smithi006.stdout: ssl.SSLZeroReturnError: TLS/SSL connection has been closed (EOF) (_ssl.c:1133)
2024-09-11T23:50:04.446 INFO:journalctl@ceph.mon.a.smithi006.stdout:Sep 11 23:50:04 smithi006 ceph-mon[30947]: [11/Sep/2024:23:50:03] ENGINE Serving on http://172.21.15.6:8765
2024-09-11T23:50:04.446 INFO:journalctl@ceph.mon.a.smithi006.stdout:Sep 11 23:50:04 smithi006 ceph-mon[30947]: [11/Sep/2024:23:50:03] ENGINE Bus STARTED
2024-09-11T23:50:04.446 INFO:journalctl@ceph.mon.a.smithi006.stdout:Sep 11 23:50:04 smithi006 ceph-mon[30947]: mgrmap e12: x(active, since 2s)
2024-09-11T23:50:04.446 INFO:journalctl@ceph.mon.a.smithi006.stdout:Sep 11 23:50:04 smithi006 ceph-mon[30947]: from='client.14162 -' entity='client.admin' cmd=[{"prefix": "dashboard create-self-signed-cert", "target": ["mon-mgr", ""]}]: dispatch
2024-09-11T23:50:04.446 INFO:journalctl@ceph.mon.a.smithi006.stdout:Sep 11 23:50:04 smithi006 ceph-mon[30947]: from='mgr.14150 172.21.15.6:0/4107490381' entity='mgr.x'
2024-09-11T23:50:04.446 INFO:journalctl@ceph.mon.a.smithi006.stdout:Sep 11 23:50:04 smithi006 ceph-mon[30947]: from='mgr.14150 172.21.15.6:0/4107490381' entity='mgr.x'
2024-09-11T23:50:04.446 INFO:journalctl@ceph.mon.a.smithi006.stdout:Sep 11 23:50:04 smithi006 ceph-mon[30947]: from='mgr.14150 172.21.15.6:0/4107490381' entity='mgr.x'
2024-09-11T23:50:06.347 INFO:journalctl@ceph.mon.a.smithi006.stdout:Sep 11 23:50:06 smithi006 ceph-mon[30947]: from='client.14164 -' entity='client.admin' cmd=[{"prefix": "dashboard ac-user-create", "username": "admin", "rolename": "administrator", "force_password": true, "pwd_update_required": true, "target": ["mon-mgr", ""]}]: dispatch
2024-09-11T23:50:06.348 INFO:journalctl@ceph.mon.a.smithi006.stdout:Sep 11 23:50:06 smithi006 ceph-mon[30947]: from='mgr.14150 172.21.15.6:0/4107490381' entity='mgr.x'
2024-09-11T23:50:06.355 INFO:teuthology.orchestra.run.smithi006.stdout:/usr/bin/ceph: stdout {"username": "admin", "password": "$2b$12$EruUFftGtJxTR.LKoofj5epPpAkIa1AoH3MVXabPFS/i2zVoze3fW", "roles": ["administrator"], "name": null, "email": null, "lastUpdate": 1726098605, "enabled": true, "pwdExpirationDate": null, "pwdUpdateRequired": true}
2024-09-11T23:50:06.355 INFO:teuthology.orchestra.run.smithi006.stdout:/usr/bin/ceph: stderr
2024-09-11T23:50:04.638+0000 7fd07ead4640 1 Processor -- start
2024-09-11T23:50:06.355 INFO:teuthology.orchestra.run.smithi006.stdout:/usr/bin/ceph: stderr
2024-09-11T23:50:04.638+0000 7fd07ead4640 1 -- start start
2024-09-11T23:50:06.355 INFO:teuthology.orchestra.run.smithi006.stdout:/usr/bin/ceph: stderr
2024-09-11T23:50:04.638+0000 7fd07ead4640 1 --2- >> [v2:172.21.15.6:3300/0,v1:172.21.15.6:6789/0] conn(0x7fd078108080 0x7fd07810a470 unknown :-1 s=NONE pgs=0 cs=0 l=0 rev1=0 crypto rx=0 tx=0 comp rx=0 tx=0).connect
2024-09-11T23:50:06.355 INFO:teuthology.orchestra.run.smithi006.stdout:/usr/bin/ceph: stderr
2024-09-11T23:50:04.638+0000 7fd07ead4640 1 -- --> [v2:172.21.15.6:3300/0,v1:172.21.15.6:6789/0] -- mon_getmap magic: 0 -- 0x7fd07807be20 con 0x7fd078108080
2024-09-11T23:50:06.355 INFO:teuthology.orchestra.run.smithi006.stdout:/usr/bin/ceph: stderr
2024-09-11T23:50:04.638+0000 7fd07c870640 1 --2- >> [v2:172.21.15.6:3300/0,v1:172.21.15.6:6789/0] conn(0x7fd078108080 0x7fd07810a470 unknown :-1 s=BANNER_CONNECTING pgs=0 cs=0 l=0 rev1=0 crypto rx=0 tx=0 comp rx=0 tx=0)._handle_peer_banner_payload supported=3 required=0
2024-09-11T23:50:06.355 INFO:teuthology.orchestra.run.smithi006.stdout:/usr/bin/ceph: stderr
2024-09-11T23:50:04.638+0000 7fd07c870640 1 --2- >> [v2:172.21.15.6:3300/0,v1:172.21.15.6:6789/0] conn(0x7fd078108080 0x7fd07810a470 unknown :-1 s=HELLO_CONNECTING pgs=0 cs=0 l=0 rev1=1 crypto rx=0 tx=0 comp rx=0 tx=0).handle_hello peer v2:172.21.15.6:3300/0 says I am v2:172.21.15.6:34512/0 (socket says 172.21.15.6:34512)
2024-09-11T23:50:06.355 INFO:teuthology.orchestra.run.smithi006.stdout:/usr/bin/ceph: stderr
2024-09-11T23:50:04.638+0000 7fd07c870640 1 -- 172.21.15.6:0/2375477339 learned_addr learned my addr 172.21.15.6:0/2375477339 (peer_addr_for_me v2:172.21.15.6:0/0)
2024-09-11T23:50:06.356 INFO:teuthology.orchestra.run.smithi006.stdout:/usr/bin/ceph: stderr
2024-09-11T23:50:04.638+0000 7fd07c870640 1 -- 172.21.15.6:0/2375477339 --> [v2:172.21.15.6:3300/0,v1:172.21.15.6:6789/0] -- mon_subscribe({config=0+,monmap=0+}) -- 0x7fd07810a9b0 con 0x7fd078108080
2024-09-11T23:50:06.356 INFO:teuthology.orchestra.run.smithi006.stdout:/usr/bin/ceph: stderr
2024-09-11T23:50:04.639+0000 7fd07c870640 1 --2- 172.21.15.6:0/2375477339 >> [v2:172.21.15.6:3300/0,v1:172.21.15.6:6789/0] conn(0x7fd078108080 0x7fd07810a470 secure :-1 s=READY pgs=70 cs=0 l=1 rev1=1 crypto rx=0x7fd06c009820 tx=0x7fd06c02a270 comp rx=0 tx=0).ready entity=mon.0 client_cookie=9cda87b1aa9dbbe4 server_cookie=0 in_seq=0 out_seq=0
2024-09-11T23:50:06.356 INFO:teuthology.orchestra.run.smithi006.stdout:/usr/bin/ceph: stderr
2024-09-11T23:50:04.639+0000 7fd0777fe640 1 -- 172.21.15.6:0/2375477339 <== mon.0 v2:172.21.15.6:3300/0 1 ==== mon_map magic: 0 ==== 205+0+0 (secure 0 0 0) 0x7fd06c037070 con 0x7fd078108080
2024-09-11T23:50:06.356 INFO:teuthology.orchestra.run.smithi006.stdout:/usr/bin/ceph: stderr
2024-09-11T23:50:04.640+0000 7fd0777fe640 1 -- 172.21.15.6:0/2375477339 <== mon.0 v2:172.21.15.6:3300/0 2 ==== config(26 keys) ==== 1102+0+0 (secure 0 0 0) 0x7fd06c0328f0 con 0x7fd078108080
2024-09-11T23:50:06.356 INFO:teuthology.orchestra.run.smithi006.stdout:/usr/bin/ceph: stderr
2024-09-11T23:50:04.640+0000 7fd0777fe640 1 -- 172.21.15.6:0/2375477339 <== mon.0 v2:172.21.15.6:3300/0 3 ==== mon_map magic: 0 ==== 205+0+0 (secure 0 0 0) 0x7fd06c030740 con 0x7fd078108080
2024-09-11T23:50:06.356 INFO:teuthology.orchestra.run.smithi006.stdout:/usr/bin/ceph: stderr
2024-09-11T23:50:04.640+0000 7fd07ead4640 1 -- 172.21.15.6:0/2375477339 >> [v2:172.21.15.6:3300/0,v1:172.21.15.6:6789/0] conn(0x7fd078108080 msgr2=0x7fd07810a470 secure :-1 s=STATE_CONNECTION_ESTABLISHED l=1).mark_down
2024-09-11T23:50:06.356 INFO:teuthology.orchestra.run.smithi006.stdout:/usr/bin/ceph: stderr
2024-09-11T23:50:04.640+0000 7fd07ead4640 1 --2- 172.21.15.6:0/2375477339 >> [v2:172.21.15.6:3300/0,v1:172.21.15.6:6789/0] conn(0x7fd078108080 0x7fd07810a470 secure :-1 s=READY pgs=70 cs=0 l=1 rev1=1 crypto rx=0x7fd06c009820 tx=0x7fd06c02a270 comp rx=0 tx=0).stop
2024-09-11T23:50:06.356 INFO:teuthology.orchestra.run.smithi006.stdout:/usr/bin/ceph: stderr
2024-09-11T23:50:04.640+0000 7fd07ead4640 1 -- 172.21.15.6:0/2375477339 shutdown_connections
2024-09-11T23:50:06.356 INFO:teuthology.orchestra.run.smithi006.stdout:/usr/bin/ceph: stderr
2024-09-11T23:50:04.640+0000 7fd07ead4640 1 --2- 172.21.15.6:0/2375477339 >> [v2:172.21.15.6:3300/0,v1:172.21.15.6:6789/0] conn(0x7fd078108080 0x7fd07810a470 unknown :-1 s=CLOSED pgs=70 cs=0 l=1 rev1=1 crypto rx=0 tx=0 comp rx=0 tx=0).stop
2024-09-11T23:50:06.356 INFO:teuthology.orchestra.run.smithi006.stdout:/usr/bin/ceph: stderr
2024-09-11T23:50:04.640+0000 7fd07ead4640 1 -- 172.21.15.6:0/2375477339 >> 172.21.15.6:0/2375477339 conn(0x7fd078101c60 msgr2=0x7fd078104080 unknown :-1 s=STATE_NONE l=0).mark_down
2024-09-11T23:50:06.356 INFO:teuthology.orchestra.run.smithi006.stdout:/usr/bin/ceph: stderr
2024-09-11T23:50:04.640+0000 7fd07ead4640 1 -- 172.21.15.6:0/2375477339 shutdown_connections
2024-09-11T23:50:06.356 INFO:teuthology.orchestra.run.smithi006.stdout:/usr/bin/ceph: stderr
2024-09-11T23:50:04.640+0000 7fd07ead4640 1 -- 172.21.15.6:0/2375477339 wait complete.
2024-09-11T23:50:06.357 INFO:teuthology.orchestra.run.smithi006.stdout:/usr/bin/ceph: stderr
2024-09-11T23:50:04.641+0000 7fd07ead4640 1 Processor -- start
2024-09-11T23:50:06.357 INFO:teuthology.orchestra.run.smithi006.stdout:/usr/bin/ceph: stderr
2024-09-11T23:50:04.641+0000 7fd07ead4640 1 -- start start
2024-09-11T23:50:06.357 INFO:teuthology.orchestra.run.smithi006.stdout:/usr/bin/ceph: stderr
2024-09-11T23:50:04.641+0000 7fd07ead4640 1 --2- >> [v2:172.21.15.6:3300/0,v1:172.21.15.6:6789/0] conn(0x7fd078108080 0x7fd07819b540 unknown :-1 s=NONE pgs=0 cs=0 l=1 rev1=0 crypto rx=0 tx=0 comp rx=0 tx=0).connect
2024-09-11T23:50:06.357 INFO:teuthology.orchestra.run.smithi006.stdout:/usr/bin/ceph: stderr
2024-09-11T23:50:04.641+0000 7fd07ead4640 1 -- --> [v2:172.21.15.6:3300/0,v1:172.21.15.6:6789/0] -- mon_getmap magic: 0 -- 0x7fd07810b9d0 con 0x7fd078108080
2024-09-11T23:50:06.357 INFO:teuthology.orchestra.run.smithi006.stdout:/usr/bin/ceph: stderr
2024-09-11T23:50:04.641+0000 7fd07c870640 1 --2- >> [v2:172.21.15.6:3300/0,v1:172.21.15.6:6789/0] conn(0x7fd078108080 0x7fd07819b540 unknown :-1 s=BANNER_CONNECTING pgs=0 cs=0 l=1 rev1=0 crypto rx=0 tx=0 comp rx=0 tx=0)._handle_peer_banner_payload supported=3 required=0
2024-09-11T23:50:06.357 INFO:teuthology.orchestra.run.smithi006.stdout:/usr/bin/ceph: stderr
2024-09-11T23:50:04.641+0000 7fd07c870640 1 --2- >> [v2:172.21.15.6:3300/0,v1:172.21.15.6:6789/0] conn(0x7fd078108080 0x7fd07819b540 unknown :-1 s=HELLO_CONNECTING pgs=0 cs=0 l=1 rev1=1 crypto rx=0 tx=0 comp rx=0 tx=0).handle_hello peer v2:172.21.15.6:3300/0 says I am v2:172.21.15.6:34522/0 (socket says 172.21.15.6:34522)
2024-09-11T23:50:06.357 INFO:teuthology.orchestra.run.smithi006.stdout:/usr/bin/ceph: stderr
2024-09-11T23:50:04.641+0000 7fd07c870640 1 -- 172.21.15.6:0/1793748440 learned_addr learned my addr 172.21.15.6:0/1793748440 (peer_addr_for_me v2:172.21.15.6:0/0)
2024-09-11T23:50:06.357 INFO:teuthology.orchestra.run.smithi006.stdout:/usr/bin/ceph: stderr
2024-09-11T23:50:04.642+0000 7fd07c870640 1 -- 172.21.15.6:0/1793748440 --> [v2:172.21.15.6:3300/0,v1:172.21.15.6:6789/0] -- mon_subscribe({config=0+,monmap=0+}) -- 0x7fd07819ba80 con 0x7fd078108080
2024-09-11T23:50:06.357 INFO:teuthology.orchestra.run.smithi006.stdout:/usr/bin/ceph: stderr
2024-09-11T23:50:04.642+0000 7fd07c870640 1 --2- 172.21.15.6:0/1793748440 >> [v2:172.21.15.6:3300/0,v1:172.21.15.6:6789/0] conn(0x7fd078108080 0x7fd07819b540 secure :-1 s=READY pgs=71 cs=0 l=1 rev1=1 crypto rx=0x7fd06c030cc0 tx=0x7fd06c030cf0 comp rx=0 tx=0).ready entity=mon.0 client_cookie=0 server_cookie=0 in_seq=0 out_seq=0
2024-09-11T23:50:06.357 INFO:teuthology.orchestra.run.smithi006.stdout:/usr/bin/ceph: stderr
2024-09-11T23:50:04.642+0000 7fd075ffb640 1 -- 172.21.15.6:0/1793748440 <== mon.0 v2:172.21.15.6:3300/0 1 ==== mon_map magic: 0 ==== 205+0+0 (secure 0 0 0) 0x7fd06c042070 con 0x7fd078108080
2024-09-11T23:50:06.357 INFO:teuthology.orchestra.run.smithi006.stdout:/usr/bin/ceph: stderr
2024-09-11T23:50:04.642+0000 7fd07ead4640 1 -- 172.21.15.6:0/1793748440 --> [v2:172.21.15.6:3300/0,v1:172.21.15.6:6789/0] -- mon_subscribe({mgrmap=0+}) -- 0x7fd07819bd10 con 0x7fd078108080
2024-09-11T23:50:06.357 INFO:teuthology.orchestra.run.smithi006.stdout:/usr/bin/ceph: stderr
2024-09-11T23:50:04.642+0000 7fd075ffb640 1 -- 172.21.15.6:0/1793748440 <== mon.0 v2:172.21.15.6:3300/0 2 ==== config(26 keys) ==== 1102+0+0 (secure 0 0 0) 0x7fd06c030e60 con 0x7fd078108080
2024-09-11T23:50:06.357 INFO:teuthology.orchestra.run.smithi006.stdout:/usr/bin/ceph: stderr
2024-09-11T23:50:04.642+0000 7fd075ffb640 1 -- 172.21.15.6:0/1793748440 <== mon.0 v2:172.21.15.6:3300/0 3 ==== mon_map magic: 0 ==== 205+0+0 (secure 0 0 0) 0x7fd06c037040 con 0x7fd078108080
2024-09-11T23:50:06.357 INFO:teuthology.orchestra.run.smithi006.stdout:/usr/bin/ceph: stderr
2024-09-11T23:50:04.642+0000 7fd07ead4640 1 -- 172.21.15.6:0/1793748440 --> [v2:172.21.15.6:3300/0,v1:172.21.15.6:6789/0] -- mon_subscribe({osdmap=0}) -- 0x7fd07819ea00 con 0x7fd078108080
2024-09-11T23:50:06.358 INFO:teuthology.orchestra.run.smithi006.stdout:/usr/bin/ceph: stderr
2024-09-11T23:50:04.643+0000 7fd075ffb640 1 -- 172.21.15.6:0/1793748440 <== mon.0 v2:172.21.15.6:3300/0 4 ==== mgrmap(e 12) ==== 46300+0+0 (secure 0 0 0) 0x7fd06c045070 con 0x7fd078108080
2024-09-11T23:50:06.358 INFO:teuthology.orchestra.run.smithi006.stdout:/usr/bin/ceph: stderr
2024-09-11T23:50:04.643+0000 7fd075ffb640 1 --2- 172.21.15.6:0/1793748440 >> [v2:172.21.15.6:6800/306795778,v1:172.21.15.6:6801/306795778] conn(0x7fd068038fc0 0x7fd06803b480 unknown :-1 s=NONE pgs=0 cs=0 l=1 rev1=0 crypto rx=0 tx=0 comp rx=0 tx=0).connect
2024-09-11T23:50:06.358 INFO:teuthology.orchestra.run.smithi006.stdout:/usr/bin/ceph: stderr
2024-09-11T23:50:04.644+0000 7fd075ffb640 1 -- 172.21.15.6:0/1793748440 <== mon.0 v2:172.21.15.6:3300/0 5 ==== osd_map(3..3 src has 1..3) ==== 1155+0+0 (secure 0 0 0) 0x7fd06c06c1a0 con 0x7fd078108080
2024-09-11T23:50:06.358 INFO:teuthology.orchestra.run.smithi006.stdout:/usr/bin/ceph: stderr
2024-09-11T23:50:04.644+0000 7fd077fff640 1 --2- 172.21.15.6:0/1793748440 >> [v2:172.21.15.6:6800/306795778,v1:172.21.15.6:6801/306795778] conn(0x7fd068038fc0 0x7fd06803b480 unknown :-1 s=BANNER_CONNECTING pgs=0 cs=0 l=1 rev1=0 crypto rx=0 tx=0 comp rx=0 tx=0)._handle_peer_banner_payload supported=3 required=0
2024-09-11T23:50:06.358 INFO:teuthology.orchestra.run.smithi006.stdout:/usr/bin/ceph: stderr
2024-09-11T23:50:04.644+0000 7fd07ead4640 1 -- 172.21.15.6:0/1793748440 --> [v2:172.21.15.6:3300/0,v1:172.21.15.6:6789/0] -- mon_command({"prefix": "get_command_descriptions"} v 0) -- 0x7fd0781084e0 con 0x7fd078108080
2024-09-11T23:50:06.358 INFO:teuthology.orchestra.run.smithi006.stdout:/usr/bin/ceph: stderr
2024-09-11T23:50:04.644+0000 7fd077fff640 1 --2- 172.21.15.6:0/1793748440 >> [v2:172.21.15.6:6800/306795778,v1:172.21.15.6:6801/306795778] conn(0x7fd068038fc0 0x7fd06803b480 secure :-1 s=READY pgs=8 cs=0 l=1 rev1=1 crypto rx=0x7fd0640098c0 tx=0x7fd064006db0 comp rx=0 tx=0).ready entity=mgr.14150 client_cookie=0 server_cookie=0 in_seq=0 out_seq=0
2024-09-11T23:50:06.358 INFO:teuthology.orchestra.run.smithi006.stdout:/usr/bin/ceph: stderr
2024-09-11T23:50:04.649+0000 7fd075ffb640 1 -- 172.21.15.6:0/1793748440 <== mon.0 v2:172.21.15.6:3300/0 6 ==== mon_command_ack([{"prefix": "get_command_descriptions"}]=0 v0) ==== 72+0+188821 (secure 0 0 0) 0x7fd06c045360 con 0x7fd078108080
2024-09-11T23:50:06.358 INFO:teuthology.orchestra.run.smithi006.stdout:/usr/bin/ceph: stderr
2024-09-11T23:50:04.841+0000 7fd07ead4640 1 -- 172.21.15.6:0/1793748440 --> [v2:172.21.15.6:6800/306795778,v1:172.21.15.6:6801/306795778] -- mgr_command(tid 0: {"prefix": "dashboard ac-user-create", "username": "admin", "rolename": "administrator", "force_password": true, "pwd_update_required": true, "target": ["mon-mgr", ""]}) -- 0x7fd078102f20 con 0x7fd068038fc0
2024-09-11T23:50:06.358 INFO:teuthology.orchestra.run.smithi006.stdout:/usr/bin/ceph: stderr
2024-09-11T23:50:05.090+0000 7fd075ffb640 1 -- 172.21.15.6:0/1793748440 <== mgr.14150 v2:172.21.15.6:6800/306795778 1 ==== mgr_command_reply(tid 0: 0 ) ==== 8+0+252 (secure 0 0 0) 0x7fd078102f20 con 0x7fd068038fc0
2024-09-11T23:50:06.358 INFO:teuthology.orchestra.run.smithi006.stdout:/usr/bin/ceph: stderr
2024-09-11T23:50:05.092+0000 7fd07ead4640 1 -- 172.21.15.6:0/1793748440 >> [v2:172.21.15.6:6800/306795778,v1:172.21.15.6:6801/306795778] conn(0x7fd068038fc0 msgr2=0x7fd06803b480 secure :-1 s=STATE_CONNECTION_ESTABLISHED l=1).mark_down
2024-09-11T23:50:06.358 INFO:teuthology.orchestra.run.smithi006.stdout:/usr/bin/ceph: stderr
2024-09-11T23:50:05.092+0000 7fd07ead4640 1 --2- 172.21.15.6:0/1793748440 >> [v2:172.21.15.6:6800/306795778,v1:172.21.15.6:6801/306795778] conn(0x7fd068038fc0 0x7fd06803b480 secure :-1 s=READY pgs=8 cs=0 l=1 rev1=1 crypto rx=0x7fd0640098c0 tx=0x7fd064006db0 comp rx=0 tx=0).stop
2024-09-11T23:50:06.359 INFO:teuthology.orchestra.run.smithi006.stdout:/usr/bin/ceph: stderr
2024-09-11T23:50:05.092+0000 7fd07ead4640 1 -- 172.21.15.6:0/1793748440 >> [v2:172.21.15.6:3300/0,v1:172.21.15.6:6789/0] conn(0x7fd078108080 msgr2=0x7fd07819b540 secure :-1 s=STATE_CONNECTION_ESTABLISHED l=1).mark_down
2024-09-11T23:50:06.359 INFO:teuthology.orchestra.run.smithi006.stdout:/usr/bin/ceph: stderr
2024-09-11T23:50:05.092+0000 7fd07ead4640 1 --2- 172.21.15.6:0/1793748440 >> [v2:172.21.15.6:3300/0,v1:172.21.15.6:6789/0] conn(0x7fd078108080 0x7fd07819b540 secure :-1 s=READY pgs=71 cs=0 l=1 rev1=1 crypto rx=0x7fd06c030cc0 tx=0x7fd06c030cf0 comp rx=0 tx=0).stop
2024-09-11T23:50:06.359 INFO:teuthology.orchestra.run.smithi006.stdout:/usr/bin/ceph: stderr
2024-09-11T23:50:05.092+0000 7fd07ead4640 1 -- 172.21.15.6:0/1793748440 shutdown_connections
2024-09-11T23:50:06.359 INFO:teuthology.orchestra.run.smithi006.stdout:/usr/bin/ceph: stderr
2024-09-11T23:50:05.092+0000 7fd07ead4640 1 --2- 172.21.15.6:0/1793748440 >> [v2:172.21.15.6:6800/306795778,v1:172.21.15.6:6801/306795778] conn(0x7fd068038fc0 0x7fd06803b480 unknown :-1 s=CLOSED pgs=8 cs=0 l=1 rev1=1 crypto rx=0 tx=0 comp rx=0 tx=0).stop
2024-09-11T23:50:06.359 INFO:teuthology.orchestra.run.smithi006.stdout:/usr/bin/ceph: stderr
2024-09-11T23:50:05.092+0000 7fd07ead4640 1 --2- 172.21.15.6:0/1793748440 >> [v2:172.21.15.6:3300/0,v1:172.21.15.6:6789/0] conn(0x7fd078108080 0x7fd07819b540 unknown :-1 s=CLOSED pgs=71 cs=0 l=1 rev1=1 crypto rx=0 tx=0 comp rx=0 tx=0).stop
2024-09-11T23:50:06.359 INFO:teuthology.orchestra.run.smithi006.stdout:/usr/bin/ceph: stderr
2024-09-11T23:50:05.092+0000 7fd07ead4640 1 -- 172.21.15.6:0/1793748440 >> 172.21.15.6:0/1793748440 conn(0x7fd078101c60 msgr2=0x7fd078102810 unknown :-1 s=STATE_NONE l=0).mark_down
2024-09-11T23:50:06.359 INFO:teuthology.orchestra.run.smithi006.stdout:/usr/bin/ceph: stderr
2024-09-11T23:50:05.092+0000 7fd07ead4640 1 -- 172.21.15.6:0/1793748440 shutdown_connections
2024-09-11T23:50:06.359 INFO:teuthology.orchestra.run.smithi006.stdout:/usr/bin/ceph: stderr
2024-09-11T23:50:05.092+0000 7fd07ead4640 1 -- 172.21.15.6:0/1793748440 wait complete.
2024-09-11T23:50:06.359 INFO:teuthology.orchestra.run.smithi006.stdout:Fetching dashboard port number...
2024-09-11T23:50:07.236 INFO:journalctl@ceph.mon.a.smithi006.stdout:Sep 11 23:50:07 smithi006 ceph-mon[30947]: from='client.? 172.21.15.6:0/3131842805' entity='client.admin' cmd=[{"prefix": "config get", "who": "mgr", "key": "mgr/dashboard/ssl_server_port"}]: dispatch
2024-09-11T23:50:07.529 INFO:teuthology.orchestra.run.smithi006.stdout:/usr/bin/ceph: stdout 8443
2024-09-11T23:50:07.529 INFO:teuthology.orchestra.run.smithi006.stdout:/usr/bin/ceph: stderr
2024-09-11T23:50:06.745+0000 7ff7ce373640 1 Processor -- start
2024-09-11T23:50:07.529 INFO:teuthology.orchestra.run.smithi006.stdout:/usr/bin/ceph: stderr
2024-09-11T23:50:06.745+0000 7ff7ce373640 1 -- start start
2024-09-11T23:50:07.529 INFO:teuthology.orchestra.run.smithi006.stdout:/usr/bin/ceph: stderr
2024-09-11T23:50:06.745+0000 7ff7ce373640 1 --2- >> [v2:172.21.15.6:3300/0,v1:172.21.15.6:6789/0] conn(0x7ff7c807de50 0x7ff7c807c2b0 unknown :-1 s=NONE pgs=0 cs=0 l=0 rev1=0 crypto rx=0 tx=0 comp rx=0 tx=0).connect
2024-09-11T23:50:07.529 INFO:teuthology.orchestra.run.smithi006.stdout:/usr/bin/ceph: stderr
2024-09-11T23:50:06.745+0000 7ff7ce373640 1 -- --> [v2:172.21.15.6:3300/0,v1:172.21.15.6:6789/0] -- mon_getmap magic: 0 -- 0x7ff7c807c880 con 0x7ff7c807de50
2024-09-11T23:50:07.529 INFO:teuthology.orchestra.run.smithi006.stdout:/usr/bin/ceph: stderr
2024-09-11T23:50:06.746+0000 7ff7c7fff640 1 --2- >> [v2:172.21.15.6:3300/0,v1:172.21.15.6:6789/0] conn(0x7ff7c807de50 0x7ff7c807c2b0 unknown :-1 s=BANNER_CONNECTING pgs=0 cs=0 l=0 rev1=0 crypto rx=0 tx=0 comp rx=0 tx=0)._handle_peer_banner_payload supported=3 required=0
2024-09-11T23:50:07.530 INFO:teuthology.orchestra.run.smithi006.stdout:/usr/bin/ceph: stderr
2024-09-11T23:50:06.746+0000 7ff7c7fff640 1 --2- >> [v2:172.21.15.6:3300/0,v1:172.21.15.6:6789/0] conn(0x7ff7c807de50 0x7ff7c807c2b0 unknown :-1 s=HELLO_CONNECTING pgs=0 cs=0 l=0 rev1=1 crypto rx=0 tx=0 comp rx=0 tx=0).handle_hello peer v2:172.21.15.6:3300/0 says I am v2:172.21.15.6:34534/0 (socket says 172.21.15.6:34534)
2024-09-11T23:50:07.530 INFO:teuthology.orchestra.run.smithi006.stdout:/usr/bin/ceph: stderr
2024-09-11T23:50:06.746+0000 7ff7c7fff640 1 -- 172.21.15.6:0/1368371648 learned_addr learned my addr 172.21.15.6:0/1368371648 (peer_addr_for_me v2:172.21.15.6:0/0)
2024-09-11T23:50:07.530 INFO:teuthology.orchestra.run.smithi006.stdout:/usr/bin/ceph: stderr
2024-09-11T23:50:06.746+0000 7ff7c7fff640 1 -- 172.21.15.6:0/1368371648 --> [v2:172.21.15.6:3300/0,v1:172.21.15.6:6789/0] -- mon_subscribe({config=0+,monmap=0+}) -- 0x7ff7c807ca00 con 0x7ff7c807de50
2024-09-11T23:50:07.530 INFO:teuthology.orchestra.run.smithi006.stdout:/usr/bin/ceph: stderr
2024-09-11T23:50:06.746+0000 7ff7c7fff640 1 --2- 172.21.15.6:0/1368371648 >> [v2:172.21.15.6:3300/0,v1:172.21.15.6:6789/0] conn(0x7ff7c807de50 0x7ff7c807c2b0 secure :-1 s=READY pgs=72 cs=0 l=1 rev1=1 crypto rx=0x7ff7b8009820 tx=0x7ff7b802a270 comp rx=0 tx=0).ready entity=mon.0 client_cookie=8877df6ac9fc6bcf server_cookie=0 in_seq=0 out_seq=0
2024-09-11T23:50:07.530 INFO:teuthology.orchestra.run.smithi006.stdout:/usr/bin/ceph: stderr
2024-09-11T23:50:06.747+0000 7ff7c6ffd640 1 -- 172.21.15.6:0/1368371648 <== mon.0 v2:172.21.15.6:3300/0 1 ==== mon_map magic: 0 ==== 205+0+0 (secure 0 0 0) 0x7ff7b8037070 con 0x7ff7c807de50
2024-09-11T23:50:07.530 INFO:teuthology.orchestra.run.smithi006.stdout:/usr/bin/ceph: stderr
2024-09-11T23:50:06.747+0000 7ff7c6ffd640 1 -- 172.21.15.6:0/1368371648 <== mon.0 v2:172.21.15.6:3300/0 2 ==== config(26 keys) ==== 1102+0+0 (secure 0 0 0) 0x7ff7b80328f0 con 0x7ff7c807de50
2024-09-11T23:50:07.530 INFO:teuthology.orchestra.run.smithi006.stdout:/usr/bin/ceph: stderr
2024-09-11T23:50:06.747+0000 7ff7c6ffd640 1 -- 172.21.15.6:0/1368371648 <== mon.0 v2:172.21.15.6:3300/0 3 ==== mon_map magic: 0 ==== 205+0+0 (secure 0 0 0) 0x7ff7b8030740 con 0x7ff7c807de50
2024-09-11T23:50:07.530 INFO:teuthology.orchestra.run.smithi006.stdout:/usr/bin/ceph: stderr
2024-09-11T23:50:06.747+0000 7ff7ce373640 1 -- 172.21.15.6:0/1368371648 >> [v2:172.21.15.6:3300/0,v1:172.21.15.6:6789/0] conn(0x7ff7c807de50 msgr2=0x7ff7c807c2b0 secure :-1 s=STATE_CONNECTION_ESTABLISHED l=1).mark_down
2024-09-11T23:50:07.530 INFO:teuthology.orchestra.run.smithi006.stdout:/usr/bin/ceph: stderr
2024-09-11T23:50:06.747+0000 7ff7ce373640 1 --2- 172.21.15.6:0/1368371648 >> [v2:172.21.15.6:3300/0,v1:172.21.15.6:6789/0] conn(0x7ff7c807de50 0x7ff7c807c2b0 secure :-1 s=READY pgs=72 cs=0 l=1 rev1=1 crypto rx=0x7ff7b8009820 tx=0x7ff7b802a270 comp rx=0 tx=0).stop
2024-09-11T23:50:07.530 INFO:teuthology.orchestra.run.smithi006.stdout:/usr/bin/ceph: stderr
2024-09-11T23:50:06.747+0000 7ff7ce373640 1 -- 172.21.15.6:0/1368371648 shutdown_connections
2024-09-11T23:50:07.530 INFO:teuthology.orchestra.run.smithi006.stdout:/usr/bin/ceph: stderr
2024-09-11T23:50:06.747+0000 7ff7ce373640 1 --2- 172.21.15.6:0/1368371648 >> [v2:172.21.15.6:3300/0,v1:172.21.15.6:6789/0] conn(0x7ff7c807de50 0x7ff7c807c2b0 unknown :-1 s=CLOSED pgs=72 cs=0 l=1 rev1=1 crypto rx=0 tx=0 comp rx=0 tx=0).stop
2024-09-11T23:50:07.530 INFO:teuthology.orchestra.run.smithi006.stdout:/usr/bin/ceph: stderr
2024-09-11T23:50:06.747+0000 7ff7ce373640 1 -- 172.21.15.6:0/1368371648 >> 172.21.15.6:0/1368371648 conn(0x7ff7c8102dd0 msgr2=0x7ff7c81051f0 unknown :-1 s=STATE_NONE l=0).mark_down
2024-09-11T23:50:07.530 INFO:teuthology.orchestra.run.smithi006.stdout:/usr/bin/ceph: stderr
2024-09-11T23:50:06.747+0000 7ff7ce373640 1 -- 172.21.15.6:0/1368371648 shutdown_connections
2024-09-11T23:50:07.531 INFO:teuthology.orchestra.run.smithi006.stdout:/usr/bin/ceph: stderr
