2024-09-12T00:44:23.320+0000 7fb3dd60c640 1 --2- 172.21.15.2:0/983299928 >> [v2:172.21.15.2:6800/288268916,v1:172.21.15.2:6801/288268916] conn(0x7fb3c0038eb0 0x7fb3c003b370 secure :-1 s=READY pgs=7 cs=0 l=1 rev1=1 crypto rx=0x7fb3cc0098c0 tx=0x7fb3cc006db0 comp rx=0 tx=0).stop
2024-09-12T00:44:23.858 INFO:teuthology.orchestra.run.smithi002.stdout:/usr/bin/ceph: stderr
2024-09-12T00:44:23.320+0000 7fb3dd60c640 1 -- 172.21.15.2:0/983299928 >> [v2:172.21.15.2:3300/0,v1:172.21.15.2:6789/0] conn(0x7fb3d807de40 msgr2=0x7fb3d819da70 secure :-1 s=STATE_CONNECTION_ESTABLISHED l=1).mark_down
2024-09-12T00:44:23.858 INFO:teuthology.orchestra.run.smithi002.stdout:/usr/bin/ceph: stderr
2024-09-12T00:44:23.320+0000 7fb3dd60c640 1 --2- 172.21.15.2:0/983299928 >> [v2:172.21.15.2:3300/0,v1:172.21.15.2:6789/0] conn(0x7fb3d807de40 0x7fb3d819da70 secure :-1 s=READY pgs=69 cs=0 l=1 rev1=1 crypto rx=0x7fb3c8030380 tx=0x7fb3c8032670 comp rx=0 tx=0).stop
2024-09-12T00:44:23.858 INFO:teuthology.orchestra.run.smithi002.stdout:/usr/bin/ceph: stderr
2024-09-12T00:44:23.321+0000 7fb3dd60c640 1 -- 172.21.15.2:0/983299928 shutdown_connections
2024-09-12T00:44:23.858 INFO:teuthology.orchestra.run.smithi002.stdout:/usr/bin/ceph: stderr
2024-09-12T00:44:23.321+0000 7fb3dd60c640 1 --2- 172.21.15.2:0/983299928 >> [v2:172.21.15.2:6800/288268916,v1:172.21.15.2:6801/288268916] conn(0x7fb3c0038eb0 0x7fb3c003b370 unknown :-1 s=CLOSED pgs=7 cs=0 l=1 rev1=1 crypto rx=0 tx=0 comp rx=0 tx=0).stop
2024-09-12T00:44:23.858 INFO:teuthology.orchestra.run.smithi002.stdout:/usr/bin/ceph: stderr
2024-09-12T00:44:23.321+0000 7fb3dd60c640 1 --2- 172.21.15.2:0/983299928 >> [v2:172.21.15.2:3300/0,v1:172.21.15.2:6789/0] conn(0x7fb3d807de40 0x7fb3d819da70 unknown :-1 s=CLOSED pgs=69 cs=0 l=1 rev1=1 crypto rx=0 tx=0 comp rx=0 tx=0).stop
2024-09-12T00:44:23.858 INFO:teuthology.orchestra.run.smithi002.stdout:/usr/bin/ceph: stderr
2024-09-12T00:44:23.321+0000 7fb3dd60c640 1 -- 172.21.15.2:0/983299928 >> 172.21.15.2:0/983299928 conn(0x7fb3d8102fd0 msgr2=0x7fb3d8103c10 unknown :-1 s=STATE_NONE l=0).mark_down
2024-09-12T00:44:23.858 INFO:teuthology.orchestra.run.smithi002.stdout:/usr/bin/ceph: stderr
2024-09-12T00:44:23.321+0000 7fb3dd60c640 1 -- 172.21.15.2:0/983299928 shutdown_connections
2024-09-12T00:44:23.858 INFO:teuthology.orchestra.run.smithi002.stdout:/usr/bin/ceph: stderr
2024-09-12T00:44:23.321+0000 7fb3dd60c640 1 -- 172.21.15.2:0/983299928 wait complete.
2024-09-12T00:44:23.858 INFO:teuthology.orchestra.run.smithi002.stdout:Creating initial admin user...
2024-09-12T00:44:24.244 INFO:journalctl@ceph.mon.a.smithi002.stdout:Sep 12 00:44:24 smithi002 ceph-mon[31210]: from='mgr.14150 172.21.15.2:0/3181682375' entity='mgr.x'
2024-09-12T00:44:24.245 INFO:journalctl@ceph.mon.a.smithi002.stdout:Sep 12 00:44:24 smithi002 ceph-mon[31210]: from='client.14162 -' entity='client.admin' cmd=[{"prefix": "dashboard create-self-signed-cert", "target": ["mon-mgr", ""]}]: dispatch
2024-09-12T00:44:24.245 INFO:journalctl@ceph.mon.a.smithi002.stdout:Sep 12 00:44:24 smithi002 ceph-mon[31210]: mgrmap e12: x(active, since 2s)
2024-09-12T00:44:24.245 INFO:journalctl@ceph.mon.a.smithi002.stdout:Sep 12 00:44:24 smithi002 ceph-mon[31210]: from='mgr.14150 172.21.15.2:0/3181682375' entity='mgr.x'
2024-09-12T00:44:24.245 INFO:journalctl@ceph.mon.a.smithi002.stdout:Sep 12 00:44:24 smithi002 ceph-mon[31210]: from='mgr.14150 172.21.15.2:0/3181682375' entity='mgr.x'
2024-09-12T00:44:25.439 INFO:teuthology.orchestra.run.smithi002.stdout:/usr/bin/ceph: stdout {"username": "admin", "password": "$2b$12$7qBiY8DvqvRPDBxBCbXKSuCnARNNcB7IWmnp76dQlPDrQfEz4CBf6", "roles": ["administrator"], "name": null, "email": null, "lastUpdate": 1726101864, "enabled": true, "pwdExpirationDate": null, "pwdUpdateRequired": true}
2024-09-12T00:44:25.439 INFO:teuthology.orchestra.run.smithi002.stdout:/usr/bin/ceph: stderr
2024-09-12T00:44:24.266+0000 7f8597474640 1 Processor -- start
2024-09-12T00:44:25.439 INFO:teuthology.orchestra.run.smithi002.stdout:/usr/bin/ceph: stderr
2024-09-12T00:44:24.266+0000 7f8597474640 1 -- start start
2024-09-12T00:44:25.439 INFO:teuthology.orchestra.run.smithi002.stdout:/usr/bin/ceph: stderr
2024-09-12T00:44:24.266+0000 7f8597474640 1 --2- >> [v2:172.21.15.2:3300/0,v1:172.21.15.2:6789/0] conn(0x7f8590107900 0x7f8590107d00 unknown :-1 s=NONE pgs=0 cs=0 l=0 rev1=0 crypto rx=0 tx=0 comp rx=0 tx=0).connect
2024-09-12T00:44:25.439 INFO:teuthology.orchestra.run.smithi002.stdout:/usr/bin/ceph: stderr
2024-09-12T00:44:24.267+0000 7f8597474640 1 -- --> [v2:172.21.15.2:3300/0,v1:172.21.15.2:6789/0] -- mon_getmap magic: 0 -- 0x7f85901082d0 con 0x7f8590107900
2024-09-12T00:44:25.439 INFO:teuthology.orchestra.run.smithi002.stdout:/usr/bin/ceph: stderr
2024-09-12T00:44:24.267+0000 7f8595210640 1 --2- >> [v2:172.21.15.2:3300/0,v1:172.21.15.2:6789/0] conn(0x7f8590107900 0x7f8590107d00 unknown :-1 s=BANNER_CONNECTING pgs=0 cs=0 l=0 rev1=0 crypto rx=0 tx=0 comp rx=0 tx=0)._handle_peer_banner_payload supported=3 required=0
2024-09-12T00:44:25.439 INFO:teuthology.orchestra.run.smithi002.stdout:/usr/bin/ceph: stderr
2024-09-12T00:44:24.267+0000 7f8595210640 1 --2- >> [v2:172.21.15.2:3300/0,v1:172.21.15.2:6789/0] conn(0x7f8590107900 0x7f8590107d00 unknown :-1 s=HELLO_CONNECTING pgs=0 cs=0 l=0 rev1=1 crypto rx=0 tx=0 comp rx=0 tx=0).handle_hello peer v2:172.21.15.2:3300/0 says I am v2:172.21.15.2:48448/0 (socket says 172.21.15.2:48448)
2024-09-12T00:44:25.439 INFO:teuthology.orchestra.run.smithi002.stdout:/usr/bin/ceph: stderr
2024-09-12T00:44:24.267+0000 7f8595210640 1 -- 172.21.15.2:0/1699020515 learned_addr learned my addr 172.21.15.2:0/1699020515 (peer_addr_for_me v2:172.21.15.2:0/0)
2024-09-12T00:44:25.439 INFO:teuthology.orchestra.run.smithi002.stdout:/usr/bin/ceph: stderr
2024-09-12T00:44:24.267+0000 7f8595210640 1 -- 172.21.15.2:0/1699020515 --> [v2:172.21.15.2:3300/0,v1:172.21.15.2:6789/0] -- mon_subscribe({config=0+,monmap=0+}) -- 0x7f8590108b00 con 0x7f8590107900
2024-09-12T00:44:25.440 INFO:teuthology.orchestra.run.smithi002.stdout:/usr/bin/ceph: stderr
2024-09-12T00:44:24.268+0000 7f8595210640 1 --2- 172.21.15.2:0/1699020515 >> [v2:172.21.15.2:3300/0,v1:172.21.15.2:6789/0] conn(0x7f8590107900 0x7f8590107d00 secure :-1 s=READY pgs=70 cs=0 l=1 rev1=1 crypto rx=0x7f858c009820 tx=0x7f858c02a270 comp rx=0 tx=0).ready entity=mon.0 client_cookie=bd99e8d410a4da9a server_cookie=0 in_seq=0 out_seq=0
2024-09-12T00:44:25.440 INFO:teuthology.orchestra.run.smithi002.stdout:/usr/bin/ceph: stderr
2024-09-12T00:44:24.268+0000 7f8587fff640 1 -- 172.21.15.2:0/1699020515 <== mon.0 v2:172.21.15.2:3300/0 1 ==== mon_map magic: 0 ==== 205+0+0 (secure 0 0 0) 0x7f858c037070 con 0x7f8590107900
2024-09-12T00:44:25.440 INFO:teuthology.orchestra.run.smithi002.stdout:/usr/bin/ceph: stderr
2024-09-12T00:44:24.268+0000 7f8587fff640 1 -- 172.21.15.2:0/1699020515 <== mon.0 v2:172.21.15.2:3300/0 2 ==== config(27 keys) ==== 1140+0+0 (secure 0 0 0) 0x7f858c032920 con 0x7f8590107900
2024-09-12T00:44:25.440 INFO:teuthology.orchestra.run.smithi002.stdout:/usr/bin/ceph: stderr
2024-09-12T00:44:24.268+0000 7f8587fff640 1 -- 172.21.15.2:0/1699020515 <== mon.0 v2:172.21.15.2:3300/0 3 ==== mon_map magic: 0 ==== 205+0+0 (secure 0 0 0) 0x7f858c030810 con 0x7f8590107900
2024-09-12T00:44:25.440 INFO:teuthology.orchestra.run.smithi002.stdout:/usr/bin/ceph: stderr
2024-09-12T00:44:24.269+0000 7f8597474640 1 -- 172.21.15.2:0/1699020515 >> [v2:172.21.15.2:3300/0,v1:172.21.15.2:6789/0] conn(0x7f8590107900 msgr2=0x7f8590107d00 secure :-1 s=STATE_CONNECTION_ESTABLISHED l=1).mark_down
2024-09-12T00:44:25.440 INFO:teuthology.orchestra.run.smithi002.stdout:/usr/bin/ceph: stderr
2024-09-12T00:44:24.269+0000 7f8597474640 1 --2- 172.21.15.2:0/1699020515 >> [v2:172.21.15.2:3300/0,v1:172.21.15.2:6789/0] conn(0x7f8590107900 0x7f8590107d00 secure :-1 s=READY pgs=70 cs=0 l=1 rev1=1 crypto rx=0x7f858c009820 tx=0x7f858c02a270 comp rx=0 tx=0).stop
2024-09-12T00:44:25.440 INFO:teuthology.orchestra.run.smithi002.stdout:/usr/bin/ceph: stderr
2024-09-12T00:44:24.269+0000 7f8597474640 1 -- 172.21.15.2:0/1699020515 shutdown_connections
2024-09-12T00:44:25.440 INFO:teuthology.orchestra.run.smithi002.stdout:/usr/bin/ceph: stderr
2024-09-12T00:44:24.269+0000 7f8597474640 1 --2- 172.21.15.2:0/1699020515 >> [v2:172.21.15.2:3300/0,v1:172.21.15.2:6789/0] conn(0x7f8590107900 0x7f8590107d00 unknown :-1 s=CLOSED pgs=70 cs=0 l=1 rev1=1 crypto rx=0 tx=0 comp rx=0 tx=0).stop
2024-09-12T00:44:25.440 INFO:teuthology.orchestra.run.smithi002.stdout:/usr/bin/ceph: stderr
2024-09-12T00:44:24.269+0000 7f8597474640 1 -- 172.21.15.2:0/1699020515 >> 172.21.15.2:0/1699020515 conn(0x7f85901030b0 msgr2=0x7f85901054d0 unknown :-1 s=STATE_NONE l=0).mark_down
2024-09-12T00:44:25.440 INFO:teuthology.orchestra.run.smithi002.stdout:/usr/bin/ceph: stderr
2024-09-12T00:44:24.269+0000 7f8597474640 1 -- 172.21.15.2:0/1699020515 shutdown_connections
2024-09-12T00:44:25.440 INFO:teuthology.orchestra.run.smithi002.stdout:/usr/bin/ceph: stderr
2024-09-12T00:44:24.269+0000 7f8597474640 1 -- 172.21.15.2:0/1699020515 wait complete.
2024-09-12T00:44:25.440 INFO:teuthology.orchestra.run.smithi002.stdout:/usr/bin/ceph: stderr
2024-09-12T00:44:24.270+0000 7f8597474640 1 Processor -- start
2024-09-12T00:44:25.441 INFO:teuthology.orchestra.run.smithi002.stdout:/usr/bin/ceph: stderr
2024-09-12T00:44:24.270+0000 7f8597474640 1 -- start start
2024-09-12T00:44:25.441 INFO:teuthology.orchestra.run.smithi002.stdout:/usr/bin/ceph: stderr
2024-09-12T00:44:24.270+0000 7f8597474640 1 --2- >> [v2:172.21.15.2:3300/0,v1:172.21.15.2:6789/0] conn(0x7f8590107900 0x7f859019b8c0 unknown :-1 s=NONE pgs=0 cs=0 l=1 rev1=0 crypto rx=0 tx=0 comp rx=0 tx=0).connect
2024-09-12T00:44:25.441 INFO:teuthology.orchestra.run.smithi002.stdout:/usr/bin/ceph: stderr
2024-09-12T00:44:24.270+0000 7f8597474640 1 -- --> [v2:172.21.15.2:3300/0,v1:172.21.15.2:6789/0] -- mon_getmap magic: 0 -- 0x7f859010beb0 con 0x7f8590107900
2024-09-12T00:44:25.441 INFO:teuthology.orchestra.run.smithi002.stdout:/usr/bin/ceph: stderr
2024-09-12T00:44:24.270+0000 7f8595210640 1 --2- >> [v2:172.21.15.2:3300/0,v1:172.21.15.2:6789/0] conn(0x7f8590107900 0x7f859019b8c0 unknown :-1 s=BANNER_CONNECTING pgs=0 cs=0 l=1 rev1=0 crypto rx=0 tx=0 comp rx=0 tx=0)._handle_peer_banner_payload supported=3 required=0
2024-09-12T00:44:25.441 INFO:teuthology.orchestra.run.smithi002.stdout:/usr/bin/ceph: stderr
2024-09-12T00:44:24.270+0000 7f8595210640 1 --2- >> [v2:172.21.15.2:3300/0,v1:172.21.15.2:6789/0] conn(0x7f8590107900 0x7f859019b8c0 unknown :-1 s=HELLO_CONNECTING pgs=0 cs=0 l=1 rev1=1 crypto rx=0 tx=0 comp rx=0 tx=0).handle_hello peer v2:172.21.15.2:3300/0 says I am v2:172.21.15.2:48454/0 (socket says 172.21.15.2:48454)
2024-09-12T00:44:25.441 INFO:teuthology.orchestra.run.smithi002.stdout:/usr/bin/ceph: stderr
2024-09-12T00:44:24.270+0000 7f8595210640 1 -- 172.21.15.2:0/683901511 learned_addr learned my addr 172.21.15.2:0/683901511 (peer_addr_for_me v2:172.21.15.2:0/0)
2024-09-12T00:44:25.441 INFO:teuthology.orchestra.run.smithi002.stdout:/usr/bin/ceph: stderr
2024-09-12T00:44:24.271+0000 7f8595210640 1 -- 172.21.15.2:0/683901511 --> [v2:172.21.15.2:3300/0,v1:172.21.15.2:6789/0] -- mon_subscribe({config=0+,monmap=0+}) -- 0x7f859019be00 con 0x7f8590107900
2024-09-12T00:44:25.441 INFO:teuthology.orchestra.run.smithi002.stdout:/usr/bin/ceph: stderr
2024-09-12T00:44:24.271+0000 7f8595210640 1 --2- 172.21.15.2:0/683901511 >> [v2:172.21.15.2:3300/0,v1:172.21.15.2:6789/0] conn(0x7f8590107900 0x7f859019b8c0 secure :-1 s=READY pgs=71 cs=0 l=1 rev1=1 crypto rx=0x7f858c030560 tx=0x7f858c032670 comp rx=0 tx=0).ready entity=mon.0 client_cookie=0 server_cookie=0 in_seq=0 out_seq=0
2024-09-12T00:44:25.441 INFO:teuthology.orchestra.run.smithi002.stdout:/usr/bin/ceph: stderr
2024-09-12T00:44:24.271+0000 7f85867fc640 1 -- 172.21.15.2:0/683901511 <== mon.0 v2:172.21.15.2:3300/0 1 ==== mon_map magic: 0 ==== 205+0+0 (secure 0 0 0) 0x7f858c037040 con 0x7f8590107900
2024-09-12T00:44:25.441 INFO:teuthology.orchestra.run.smithi002.stdout:/usr/bin/ceph: stderr
2024-09-12T00:44:24.271+0000 7f85867fc640 1 -- 172.21.15.2:0/683901511 <== mon.0 v2:172.21.15.2:3300/0 2 ==== config(27 keys) ==== 1140+0+0 (secure 0 0 0) 0x7f858c040070 con 0x7f8590107900
2024-09-12T00:44:25.441 INFO:teuthology.orchestra.run.smithi002.stdout:/usr/bin/ceph: stderr
2024-09-12T00:44:24.271+0000 7f8597474640 1 -- 172.21.15.2:0/683901511 --> [v2:172.21.15.2:3300/0,v1:172.21.15.2:6789/0] -- mon_subscribe({mgrmap=0+}) -- 0x7f859019c090 con 0x7f8590107900
2024-09-12T00:44:25.441 INFO:teuthology.orchestra.run.smithi002.stdout:/usr/bin/ceph: stderr
2024-09-12T00:44:24.271+0000 7f85867fc640 1 -- 172.21.15.2:0/683901511 <== mon.0 v2:172.21.15.2:3300/0 3 ==== mon_map magic: 0 ==== 205+0+0 (secure 0 0 0) 0x7f858c03a6d0 con 0x7f8590107900
2024-09-12T00:44:25.441 INFO:teuthology.orchestra.run.smithi002.stdout:/usr/bin/ceph: stderr
2024-09-12T00:44:24.271+0000 7f8597474640 1 -- 172.21.15.2:0/683901511 --> [v2:172.21.15.2:3300/0,v1:172.21.15.2:6789/0] -- mon_subscribe({osdmap=0}) -- 0x7f859019ed80 con 0x7f8590107900
2024-09-12T00:44:25.442 INFO:teuthology.orchestra.run.smithi002.stdout:/usr/bin/ceph: stderr
2024-09-12T00:44:24.272+0000 7f85867fc640 1 -- 172.21.15.2:0/683901511 <== mon.0 v2:172.21.15.2:3300/0 4 ==== mgrmap(e 12) ==== 46300+0+0 (secure 0 0 0) 0x7f858c03a940 con 0x7f8590107900
2024-09-12T00:44:25.442 INFO:teuthology.orchestra.run.smithi002.stdout:/usr/bin/ceph: stderr
2024-09-12T00:44:24.272+0000 7f85867fc640 1 --2- 172.21.15.2:0/683901511 >> [v2:172.21.15.2:6800/288268916,v1:172.21.15.2:6801/288268916] conn(0x7f857c038fc0 0x7f857c03b480 unknown :-1 s=NONE pgs=0 cs=0 l=1 rev1=0 crypto rx=0 tx=0 comp rx=0 tx=0).connect
2024-09-12T00:44:25.442 INFO:teuthology.orchestra.run.smithi002.stdout:/usr/bin/ceph: stderr
2024-09-12T00:44:24.272+0000 7f85867fc640 1 -- 172.21.15.2:0/683901511 <== mon.0 v2:172.21.15.2:3300/0 5 ==== osd_map(3..3 src has 1..3) ==== 1155+0+0 (secure 0 0 0) 0x7f858c06c9d0 con 0x7f8590107900
2024-09-12T00:44:25.442 INFO:teuthology.orchestra.run.smithi002.stdout:/usr/bin/ceph: stderr
2024-09-12T00:44:24.272+0000 7f8594a0f640 1 --2- 172.21.15.2:0/683901511 >> [v2:172.21.15.2:6800/288268916,v1:172.21.15.2:6801/288268916] conn(0x7f857c038fc0 0x7f857c03b480 unknown :-1 s=BANNER_CONNECTING pgs=0 cs=0 l=1 rev1=0 crypto rx=0 tx=0 comp rx=0 tx=0)._handle_peer_banner_payload supported=3 required=0
2024-09-12T00:44:25.442 INFO:teuthology.orchestra.run.smithi002.stdout:/usr/bin/ceph: stderr
2024-09-12T00:44:24.272+0000 7f8597474640 1 -- 172.21.15.2:0/683901511 --> [v2:172.21.15.2:3300/0,v1:172.21.15.2:6789/0] -- mon_command({"prefix": "get_command_descriptions"} v 0) -- 0x7f8590107d80 con 0x7f8590107900
2024-09-12T00:44:25.442 INFO:teuthology.orchestra.run.smithi002.stdout:/usr/bin/ceph: stderr
2024-09-12T00:44:24.273+0000 7f8594a0f640 1 --2- 172.21.15.2:0/683901511 >> [v2:172.21.15.2:6800/288268916,v1:172.21.15.2:6801/288268916] conn(0x7f857c038fc0 0x7f857c03b480 secure :-1 s=READY pgs=8 cs=0 l=1 rev1=1 crypto rx=0x7f85800098c0 tx=0x7f8580006db0 comp rx=0 tx=0).ready entity=mgr.14150 client_cookie=0 server_cookie=0 in_seq=0 out_seq=0
2024-09-12T00:44:25.442 INFO:teuthology.orchestra.run.smithi002.stdout:/usr/bin/ceph: stderr
2024-09-12T00:44:24.277+0000 7f85867fc640 1 -- 172.21.15.2:0/683901511 <== mon.0 v2:172.21.15.2:3300/0 6 ==== mon_command_ack([{"prefix": "get_command_descriptions"}]=0 v0) ==== 72+0+188821 (secure 0 0 0) 0x7f858c041270 con 0x7f8590107900
2024-09-12T00:44:25.442 INFO:teuthology.orchestra.run.smithi002.stdout:/usr/bin/ceph: stderr
2024-09-12T00:44:24.477+0000 7f8597474640 1 -- 172.21.15.2:0/683901511 --> [v2:172.21.15.2:6800/288268916,v1:172.21.15.2:6801/288268916] -- mgr_command(tid 0: {"prefix": "dashboard ac-user-create", "username": "admin", "rolename": "administrator", "force_password": true, "pwd_update_required": true, "target": ["mon-mgr", ""]}) -- 0x7f859019c570 con 0x7f857c038fc0
2024-09-12T00:44:25.442 INFO:teuthology.orchestra.run.smithi002.stdout:/usr/bin/ceph: stderr
2024-09-12T00:44:24.726+0000 7f85867fc640 1 -- 172.21.15.2:0/683901511 <== mgr.14150 v2:172.21.15.2:6800/288268916 1 ==== mgr_command_reply(tid 0: 0 ) ==== 8+0+252 (secure 0 0 0) 0x7f859019c570 con 0x7f857c038fc0
2024-09-12T00:44:25.442 INFO:teuthology.orchestra.run.smithi002.stdout:/usr/bin/ceph: stderr
2024-09-12T00:44:24.728+0000 7f8597474640 1 -- 172.21.15.2:0/683901511 >> [v2:172.21.15.2:6800/288268916,v1:172.21.15.2:6801/288268916] conn(0x7f857c038fc0 msgr2=0x7f857c03b480 secure :-1 s=STATE_CONNECTION_ESTABLISHED l=1).mark_down
2024-09-12T00:44:25.442 INFO:teuthology.orchestra.run.smithi002.stdout:/usr/bin/ceph: stderr
2024-09-12T00:44:24.728+0000 7f8597474640 1 --2- 172.21.15.2:0/683901511 >> [v2:172.21.15.2:6800/288268916,v1:172.21.15.2:6801/288268916] conn(0x7f857c038fc0 0x7f857c03b480 secure :-1 s=READY pgs=8 cs=0 l=1 rev1=1 crypto rx=0x7f85800098c0 tx=0x7f8580006db0 comp rx=0 tx=0).stop
2024-09-12T00:44:25.442 INFO:teuthology.orchestra.run.smithi002.stdout:/usr/bin/ceph: stderr
2024-09-12T00:44:24.728+0000 7f8597474640 1 -- 172.21.15.2:0/683901511 >> [v2:172.21.15.2:3300/0,v1:172.21.15.2:6789/0] conn(0x7f8590107900 msgr2=0x7f859019b8c0 secure :-1 s=STATE_CONNECTION_ESTABLISHED l=1).mark_down
2024-09-12T00:44:25.443 INFO:teuthology.orchestra.run.smithi002.stdout:/usr/bin/ceph: stderr
2024-09-12T00:44:24.729+0000 7f8597474640 1 --2- 172.21.15.2:0/683901511 >> [v2:172.21.15.2:3300/0,v1:172.21.15.2:6789/0] conn(0x7f8590107900 0x7f859019b8c0 secure :-1 s=READY pgs=71 cs=0 l=1 rev1=1 crypto rx=0x7f858c030560 tx=0x7f858c032670 comp rx=0 tx=0).stop
2024-09-12T00:44:25.443 INFO:teuthology.orchestra.run.smithi002.stdout:/usr/bin/ceph: stderr
2024-09-12T00:44:24.729+0000 7f8597474640 1 -- 172.21.15.2:0/683901511 shutdown_connections
2024-09-12T00:44:25.443 INFO:teuthology.orchestra.run.smithi002.stdout:/usr/bin/ceph: stderr
2024-09-12T00:44:24.729+0000 7f8597474640 1 --2- 172.21.15.2:0/683901511 >> [v2:172.21.15.2:6800/288268916,v1:172.21.15.2:6801/288268916] conn(0x7f857c038fc0 0x7f857c03b480 unknown :-1 s=CLOSED pgs=8 cs=0 l=1 rev1=1 crypto rx=0 tx=0 comp rx=0 tx=0).stop
2024-09-12T00:44:25.443 INFO:teuthology.orchestra.run.smithi002.stdout:/usr/bin/ceph: stderr
2024-09-12T00:44:24.729+0000 7f8597474640 1 --2- 172.21.15.2:0/683901511 >> [v2:172.21.15.2:3300/0,v1:172.21.15.2:6789/0] conn(0x7f8590107900 0x7f859019b8c0 unknown :-1 s=CLOSED pgs=71 cs=0 l=1 rev1=1 crypto rx=0 tx=0 comp rx=0 tx=0).stop
2024-09-12T00:44:25.443 INFO:teuthology.orchestra.run.smithi002.stdout:/usr/bin/ceph: stderr
2024-09-12T00:44:24.729+0000 7f8597474640 1 -- 172.21.15.2:0/683901511 >> 172.21.15.2:0/683901511 conn(0x7f85901030b0 msgr2=0x7f8590103c60 unknown :-1 s=STATE_NONE l=0).mark_down
2024-09-12T00:44:25.443 INFO:teuthology.orchestra.run.smithi002.stdout:/usr/bin/ceph: stderr
2024-09-12T00:44:24.729+0000 7f8597474640 1 -- 172.21.15.2:0/683901511 shutdown_connections
2024-09-12T00:44:25.443 INFO:teuthology.orchestra.run.smithi002.stdout:/usr/bin/ceph: stderr
2024-09-12T00:44:24.729+0000 7f8597474640 1 -- 172.21.15.2:0/683901511 wait complete.
2024-09-12T00:44:25.443 INFO:teuthology.orchestra.run.smithi002.stdout:Fetching dashboard port number...
2024-09-12T00:44:25.991 INFO:journalctl@ceph.mon.a.smithi002.stdout:Sep 12 00:44:25 smithi002 ceph-mon[31210]: from='client.14164 -' entity='client.admin' cmd=[{"prefix": "dashboard ac-user-create", "username": "admin", "rolename": "administrator", "force_password": true, "pwd_update_required": true, "target": ["mon-mgr", ""]}]: dispatch
2024-09-12T00:44:25.991 INFO:journalctl@ceph.mon.a.smithi002.stdout:Sep 12 00:44:25 smithi002 ceph-mon[31210]: from='mgr.14150 172.21.15.2:0/3181682375' entity='mgr.x'
2024-09-12T00:44:26.995 INFO:journalctl@ceph.mon.a.smithi002.stdout:Sep 12 00:44:26 smithi002 ceph-mon[31210]: from='client.? 172.21.15.2:0/1694850832' entity='client.admin' cmd=[{"prefix": "config get", "who": "mgr", "key": "mgr/dashboard/ssl_server_port"}]: dispatch
2024-09-12T00:44:27.088 INFO:teuthology.orchestra.run.smithi002.stdout:/usr/bin/ceph: stdout 8443
2024-09-12T00:44:27.088 INFO:teuthology.orchestra.run.smithi002.stdout:/usr/bin/ceph: stderr
2024-09-12T00:44:26.286+0000 7f229dccf640 1 Processor -- start
2024-09-12T00:44:27.088 INFO:teuthology.orchestra.run.smithi002.stdout:/usr/bin/ceph: stderr
2024-09-12T00:44:26.286+0000 7f229dccf640 1 -- start start
2024-09-12T00:44:27.088 INFO:teuthology.orchestra.run.smithi002.stdout:/usr/bin/ceph: stderr
2024-09-12T00:44:26.286+0000 7f229dccf640 1 --2- >> [v2:172.21.15.2:3300/0,v1:172.21.15.2:6789/0] conn(0x7f2298106780 0x7f2298106b80 unknown :-1 s=NONE pgs=0 cs=0 l=0 rev1=0 crypto rx=0 tx=0 comp rx=0 tx=0).connect
2024-09-12T00:44:27.088 INFO:teuthology.orchestra.run.smithi002.stdout:/usr/bin/ceph: stderr
2024-09-12T00:44:26.286+0000 7f229dccf640 1 -- --> [v2:172.21.15.2:3300/0,v1:172.21.15.2:6789/0] -- mon_getmap magic: 0 -- 0x7f2298107150 con 0x7f2298106780
2024-09-12T00:44:27.088 INFO:teuthology.orchestra.run.smithi002.stdout:/usr/bin/ceph: stderr
2024-09-12T00:44:26.286+0000 7f22977fe640 1 --2- >> [v2:172.21.15.2:3300/0,v1:172.21.15.2:6789/0] conn(0x7f2298106780 0x7f2298106b80 unknown :-1 s=BANNER_CONNECTING pgs=0 cs=0 l=0 rev1=0 crypto rx=0 tx=0 comp rx=0 tx=0)._handle_peer_banner_payload supported=3 required=0
2024-09-12T00:44:27.088 INFO:teuthology.orchestra.run.smithi002.stdout:/usr/bin/ceph: stderr
2024-09-12T00:44:26.286+0000 7f22977fe640 1 --2- >> [v2:172.21.15.2:3300/0,v1:172.21.15.2:6789/0] conn(0x7f2298106780 0x7f2298106b80 unknown :-1 s=HELLO_CONNECTING pgs=0 cs=0 l=0 rev1=1 crypto rx=0 tx=0 comp rx=0 tx=0).handle_hello peer v2:172.21.15.2:3300/0 says I am v2:172.21.15.2:36228/0 (socket says 172.21.15.2:36228)
2024-09-12T00:44:27.088 INFO:teuthology.orchestra.run.smithi002.stdout:/usr/bin/ceph: stderr
2024-09-12T00:44:26.286+0000 7f22977fe640 1 -- 172.21.15.2:0/2600926413 learned_addr learned my addr 172.21.15.2:0/2600926413 (peer_addr_for_me v2:172.21.15.2:0/0)
2024-09-12T00:44:27.088 INFO:teuthology.orchestra.run.smithi002.stdout:/usr/bin/ceph: stderr
2024-09-12T00:44:26.287+0000 7f22977fe640 1 -- 172.21.15.2:0/2600926413 --> [v2:172.21.15.2:3300/0,v1:172.21.15.2:6789/0] -- mon_subscribe({config=0+,monmap=0+}) -- 0x7f2298107980 con 0x7f2298106780
2024-09-12T00:44:27.088 INFO:teuthology.orchestra.run.smithi002.stdout:/usr/bin/ceph: stderr
2024-09-12T00:44:26.287+0000 7f22977fe640 1 --2- 172.21.15.2:0/2600926413 >> [v2:172.21.15.2:3300/0,v1:172.21.15.2:6789/0] conn(0x7f2298106780 0x7f2298106b80 secure :-1 s=READY pgs=72 cs=0 l=1 rev1=1 crypto rx=0x7f2288009820 tx=0x7f228802a270 comp rx=0 tx=0).ready entity=mon.0 client_cookie=e682d2e713c0ea5b server_cookie=0 in_seq=0 out_seq=0
2024-09-12T00:44:27.089 INFO:teuthology.orchestra.run.smithi002.stdout:/usr/bin/ceph: stderr
2024-09-12T00:44:26.287+0000 7f22967fc640 1 -- 172.21.15.2:0/2600926413 <== mon.0 v2:172.21.15.2:3300/0 1 ==== mon_map magic: 0 ==== 205+0+0 (secure 0 0 0) 0x7f2288037070 con 0x7f2298106780
2024-09-12T00:44:27.089 INFO:teuthology.orchestra.run.smithi002.stdout:/usr/bin/ceph: stderr
2024-09-12T00:44:26.288+0000 7f22967fc640 1 -- 172.21.15.2:0/2600926413 <== mon.0 v2:172.21.15.2:3300/0 2 ==== config(27 keys) ==== 1140+0+0 (secure 0 0 0) 0x7f2288032920 con 0x7f2298106780
2024-09-12T00:44:27.089 INFO:teuthology.orchestra.run.smithi002.stdout:/usr/bin/ceph: stderr
2024-09-12T00:44:26.288+0000 7f22967fc640 1 -- 172.21.15.2:0/2600926413 <== mon.0 v2:172.21.15.2:3300/0 3 ==== mon_map magic: 0 ==== 205+0+0 (secure 0 0 0) 0x7f2288030810 con 0x7f2298106780
2024-09-12T00:44:27.089 INFO:teuthology.orchestra.run.smithi002.stdout:/usr/bin/ceph: stderr
2024-09-12T00:44:26.288+0000 7f229dccf640 1 -- 172.21.15.2:0/2600926413 >> [v2:172.21.15.2:3300/0,v1:172.21.15.2:6789/0] conn(0x7f2298106780 msgr2=0x7f2298106b80 secure :-1 s=STATE_CONNECTION_ESTABLISHED l=1).mark_down
2024-09-12T00:44:27.089 INFO:teuthology.orchestra.run.smithi002.stdout:/usr/bin/ceph: stderr
2024-09-12T00:44:26.288+0000 7f229dccf640 1 --2- 172.21.15.2:0/2600926413 >> [v2:172.21.15.2:3300/0,v1:172.21.15.2:6789/0] conn(0x7f2298106780 0x7f2298106b80 secure :-1 s=READY pgs=72 cs=0 l=1 rev1=1 crypto rx=0x7f2288009820 tx=0x7f228802a270 comp rx=0 tx=0).stop
2024-09-12T00:44:27.089 INFO:teuthology.orchestra.run.smithi002.stdout:/usr/bin/ceph: stderr
2024-09-12T00:44:26.288+0000 7f229dccf640 1 -- 172.21.15.2:0/2600926413 shutdown_connections
2024-09-12T00:44:27.089 INFO:teuthology.orchestra.run.smithi002.stdout:/usr/bin/ceph: stderr
2024-09-12T00:44:26.288+0000 7f229dccf640 1 --2- 172.21.15.2:0/2600926413 >> [v2:172.21.15.2:3300/0,v1:172.21.15.2:6789/0] conn(0x7f2298106780 0x7f2298106b80 unknown :-1 s=CLOSED pgs=72 cs=0 l=1 rev1=1 crypto rx=0 tx=0 comp rx=0 tx=0).stop
2024-09-12T00:44:27.089 INFO:teuthology.orchestra.run.smithi002.stdout:/usr/bin/ceph: stderr
2024-09-12T00:44:26.288+0000 7f229dccf640 1 -- 172.21.15.2:0/2600926413 >> 172.21.15.2:0/2600926413 conn(0x7f2298101f10 msgr2=0x7f2298104350 unknown :-1 s=STATE_NONE l=0).mark_down
2024-09-12T00:44:27.089 INFO:teuthology.orchestra.run.smithi002.stdout:/usr/bin/ceph: stderr
2024-09-12T00:44:26.288+0000 7f229dccf640 1 -- 172.21.15.2:0/2600926413 shutdown_connections
2024-09-12T00:44:27.089 INFO:teuthology.orchestra.run.smithi002.stdout:/usr/bin/ceph: stderr
2024-09-12T00:44:26.288+0000 7f229dccf640 1 -- 172.21.15.2:0/2600926413 wait complete.
2024-09-12T00:44:27.089 INFO:teuthology.orchestra.run.smithi002.stdout:/usr/bin/ceph: stderr
2024-09-12T00:44:26.289+0000 7f229dccf640 1 Processor -- start
2024-09-12T00:44:27.089 INFO:teuthology.orchestra.run.smithi002.stdout:/usr/bin/ceph: stderr
2024-09-12T00:44:26.289+0000 7f229dccf640 1 -- start start
2024-09-12T00:44:27.089 INFO:teuthology.orchestra.run.smithi002.stdout:/usr/bin/ceph: stderr
2024-09-12T00:44:26.289+0000 7f229dccf640 1 --2- >> [v2:172.21.15.2:3300/0,v1:172.21.15.2:6789/0] conn(0x7f2298106780 0x7f229819b8e0 unknown :-1 s=NONE pgs=0 cs=0 l=1 rev1=0 crypto rx=0 tx=0 comp rx=0 tx=0).connect
2024-09-12T00:44:27.090 INFO:teuthology.orchestra.run.smithi002.stdout:/usr/bin/ceph: stderr
2024-09-12T00:44:26.289+0000 7f229dccf640 1 -- --> [v2:172.21.15.2:3300/0,v1:172.21.15.2:6789/0] -- mon_getmap magic: 0 -- 0x7f229810ad30 con 0x7f2298106780
2024-09-12T00:44:27.090 INFO:teuthology.orchestra.run.smithi002.stdout:/usr/bin/ceph: stderr
2024-09-12T00:44:26.289+0000 7f22977fe640 1 --2- >> [v2:172.21.15.2:3300/0,v1:172.21.15.2:6789/0] conn(0x7f2298106780 0x7f229819b8e0 unknown :-1 s=BANNER_CONNECTING pgs=0 cs=0 l=1 rev1=0 crypto rx=0 tx=0 comp rx=0 tx=0)._handle_peer_banner_payload supported=3 required=0
2024-09-12T00:44:27.090 INFO:teuthology.orchestra.run.smithi002.stdout:/usr/bin/ceph: stderr
2024-09-12T00:44:26.289+0000 7f22977fe640 1 --2- >> [v2:172.21.15.2:3300/0,v1:172.21.15.2:6789/0] conn(0x7f2298106780 0x7f229819b8e0 unknown :-1 s=HELLO_CONNECTING pgs=0 cs=0 l=1 rev1=1 crypto rx=0 tx=0 comp rx=0 tx=0).handle_hello peer v2:172.21.15.2:3300/0 says I am v2:172.21.15.2:36240/0 (socket says 172.21.15.2:36240)
2024-09-12T00:44:27.090 INFO:teuthology.orchestra.run.smithi002.stdout:/usr/bin/ceph: stderr
2024-09-12T00:44:26.289+0000 7f22977fe640 1 -- 172.21.15.2:0/1694850832 learned_addr learned my addr 172.21.15.2:0/1694850832 (peer_addr_for_me v2:172.21.15.2:0/0)
2024-09-12T00:44:27.090 INFO:teuthology.orchestra.run.smithi002.stdout:/usr/bin/ceph: stderr
2024-09-12T00:44:26.290+0000 7f22977fe640 1 -- 172.21.15.2:0/1694850832 --> [v2:172.21.15.2:3300/0,v1:172.21.15.2:6789/0] -- mon_subscribe({config=0+,monmap=0+}) -- 0x7f229819be20 con 0x7f2298106780
2024-09-12T00:44:27.090 INFO:teuthology.orchestra.run.smithi002.stdout:/usr/bin/ceph: stderr
2024-09-12T00:44:26.290+0000 7f22977fe640 1 --2- 172.21.15.2:0/1694850832 >> [v2:172.21.15.2:3300/0,v1:172.21.15.2:6789/0] conn(0x7f2298106780 0x7f229819b8e0 secure :-1 s=READY pgs=73 cs=0 l=1 rev1=1 crypto rx=0x7f2288030560 tx=0x7f2288032670 comp rx=0 tx=0).ready entity=mon.0 client_cookie=0 server_cookie=0 in_seq=0 out_seq=0
2024-09-12T00:44:27.090 INFO:teuthology.orchestra.run.smithi002.stdout:/usr/bin/ceph: stderr
2024-09-12T00:44:26.290+0000 7f2294ff9640 1 -- 172.21.15.2:0/1694850832 <== mon.0 v2:172.21.15.2:3300/0 1 ==== mon_map magic: 0 ==== 205+0+0 (secure 0 0 0) 0x7f2288037040 con 0x7f2298106780
2024-09-12T00:44:27.090 INFO:teuthology.orchestra.run.smithi002.stdout:/usr/bin/ceph: stderr
2024-09-12T00:44:26.290+0000 7f2294ff9640 1 -- 172.21.15.2:0/1694850832 <== mon.0 v2:172.21.15.2:3300/0 2 ==== config(27 keys) ==== 1140+0+0 (secure 0 0 0) 0x7f2288040070 con 0x7f2298106780
2024-09-12T00:44:27.090 INFO:teuthology.orchestra.run.smithi002.stdout:/usr/bin/ceph: stderr
2024-09-12T00:44:26.290+0000 7f229dccf640 1 -- 172.21.15.2:0/1694850832 --> [v2:172.21.15.2:3300/0,v1:172.21.15.2:6789/0] -- mon_subscribe({mgrmap=0+}) -- 0x7f229819c0b0 con 0x7f2298106780
2024-09-12T00:44:27.090 INFO:teuthology.orchestra.run.smithi002.stdout:/usr/bin/ceph: stderr
2024-09-12T00:44:26.290+0000 7f2294ff9640 1 -- 172.21.15.2:0/1694850832 <== mon.0 v2:172.21.15.2:3300/0 3 ==== mon_map magic: 0 ==== 205+0+0 (secure 0 0 0) 0x7f228803a740 con 0x7f2298106780
2024-09-12T00:44:27.090 INFO:teuthology.orchestra.run.smithi002.stdout:/usr/bin/ceph: stderr
2024-09-12T00:44:26.290+0000 7f229dccf640 1 -- 172.21.15.2:0/1694850832 --> [v2:172.21.15.2:3300/0,v1:172.21.15.2:6789/0] -- mon_subscribe({osdmap=0}) -- 0x7f229819eda0 con 0x7f2298106780
2024-09-12T00:44:27.090 INFO:teuthology.orchestra.run.smithi002.stdout:/usr/bin/ceph: stderr
2024-09-12T00:44:26.291+0000 7f2294ff9640 1 -- 172.21.15.2:0/1694850832 <== mon.0 v2:172.21.15.2:3300/0 4 ==== mgrmap(e 12) ==== 46300+0+0 (secure 0 0 0) 0x7f228803a9b0 con 0x7f2298106780
2024-09-12T00:44:27.090 INFO:teuthology.orchestra.run.smithi002.stdout:/usr/bin/ceph: stderr
2024-09-12T00:44:26.291+0000 7f229dccf640 1 -- 172.21.15.2:0/1694850832 --> [v2:172.21.15.2:3300/0,v1:172.21.15.2:6789/0] -- mon_command({"prefix": "get_command_descriptions"} v 0) -- 0x7f2298106c00 con 0x7f2298106780
2024-09-12T00:44:27.090 INFO:teuthology.orchestra.run.smithi002.stdout:/usr/bin/ceph: stderr
2024-09-12T00:44:26.291+0000 7f2294ff9640 1 --2- 172.21.15.2:0/1694850832 >> [v2:172.21.15.2:6800/288268916,v1:172.21.15.2:6801/288268916] conn(0x7f2280038fc0 0x7f228003b480 unknown :-1 s=NONE pgs=0 cs=0 l=1 rev1=0 crypto rx=0 tx=0 comp rx=0 tx=0).connect
2024-09-12T00:44:27.091 INFO:teuthology.orchestra.run.smithi002.stdout:/usr/bin/ceph: stderr
2024-09-12T00:44:26.291+0000 7f2294ff9640 1 -- 172.21.15.2:0/1694850832 <== mon.0 v2:172.21.15.2:3300/0 5 ==== osd_map(3..3 src has 1..3) ==== 1155+0+0 (secure 0 0 0) 0x7f228806c6e0 con 0x7f2298106780
2024-09-12T00:44:27.091 INFO:teuthology.orchestra.run.smithi002.stdout:/usr/bin/ceph: stderr
2024-09-12T00:44:26.292+0000 7f2296ffd640 1 --2- 172.21.15.2:0/1694850832 >> [v2:172.21.15.2:6800/288268916,v1:172.21.15.2:6801/288268916] conn(0x7f2280038fc0 0x7f228003b480 unknown :-1 s=BANNER_CONNECTING pgs=0 cs=0 l=1 rev1=0 crypto rx=0 tx=0 comp rx=0 tx=0)._handle_peer_banner_payload supported=3 required=0
2024-09-12T00:44:27.091 INFO:teuthology.orchestra.run.smithi002.stdout:/usr/bin/ceph: stderr
2024-09-12T00:44:26.292+0000 7f2296ffd640 1 --2- 172.21.15.2:0/1694850832 >> [v2:172.21.15.2:6800/288268916,v1:172.21.15.2:6801/288268916] conn(0x7f2280038fc0 0x7f228003b480 secure :-1 s=READY pgs=9 cs=0 l=1 rev1=1 crypto rx=0x7f228c0098c0 tx=0x7f228c006db0 comp rx=0 tx=0).ready entity=mgr.14150 client_cookie=0 server_cookie=0 in_seq=0 out_seq=0
2024-09-12T00:44:27.091 INFO:teuthology.orchestra.run.smithi002.stdout:/usr/bin/ceph: stderr
2024-09-12T00:44:26.296+0000 7f2294ff9640 1 -- 172.21.15.2:0/1694850832 <== mon.0 v2:172.21.15.2:3300/0 6 ==== mon_command_ack([{"prefix": "get_command_descriptions"}]=0 v0) ==== 72+0+188821 (secure 0 0 0) 0x7f228803adf0 con 0x7f2298106780
2024-09-12T00:44:27.091 INFO:teuthology.orchestra.run.smithi002.stdout:/usr/bin/ceph: stderr
2024-09-12T00:44:26.472+0000 7f229dccf640 1 -- 172.21.15.2:0/1694850832 --> [v2:172.21.15.2:3300/0,v1:172.21.15.2:6789/0] -- mon_command({"prefix": "config get", "who": "mgr", "key": "mgr/dashboard/ssl_server_port"} v 0) -- 0x7f229802d9b0 con 0x7f2298106780
2024-09-12T00:44:27.091 INFO:teuthology.orchestra.run.smithi002.stdout:/usr/bin/ceph: stderr
2024-09-12T00:44:26.472+0000 7f2294ff9640 1 -- 172.21.15.2:0/1694850832 <== mon.0 v2:172.21.15.2:3300/0 7 ==== mon_command_ack([{"prefix": "config get", "who": "mgr", "key": "mgr/dashboard/ssl_server_port"}]=0 v8) ==== 112+0+5 (secure 0 0 0) 0x7f2288042e30 con 0x7f2298106780
2024-09-12T00:44:27.091 INFO:teuthology.orchestra.run.smithi002.stdout:/usr/bin/ceph: stderr
2024-09-12T00:44:26.474+0000 7f229dccf640 1 -- 172.21.15.2:0/1694850832 >> [v2:172.21.15.2:6800/288268916,v1:172.21.15.2:6801/288268916] conn(0x7f2280038fc0 msgr2=0x7f228003b480 secure :-1 s=STATE_CONNECTION_ESTABLISHED l=1).mark_down
2024-09-12T00:44:27.091 INFO:teuthology.orchestra.run.smithi002.stdout:/usr/bin/ceph: stderr
2024-09-12T00:44:26.474+0000 7f229dccf640 1 --2- 172.21.15.2:0/1694850832 >> [v2:172.21.15.2:6800/288268916,v1:172.21.15.2:6801/288268916] conn(0x7f2280038fc0 0x7f228003b480 secure :-1 s=READY pgs=9 cs=0 l=1 rev1=1 crypto rx=0x7f228c0098c0 tx=0x7f228c006db0 comp rx=0 tx=0).stop
2024-09-12T00:44:27.091 INFO:teuthology.orchestra.run.smithi002.stdout:/usr/bin/ceph: stderr
2024-09-12T00:44:26.474+0000 7f229dccf640 1 -- 172.21.15.2:0/1694850832 >> [v2:172.21.15.2:3300/0,v1:172.21.15.2:6789/0] conn(0x7f2298106780 msgr2=0x7f229819b8e0 secure :-1 s=STATE_CONNECTION_ESTABLISHED l=1).mark_down
2024-09-12T00:44:27.091 INFO:teuthology.orchestra.run.smithi002.stdout:/usr/bin/ceph: stderr
2024-09-12T00:44:26.474+0000 7f229dccf640 1 --2- 172.21.15.2:0/1694850832 >> [v2:172.21.15.2:3300/0,v1:172.21.15.2:6789/0] conn(0x7f2298106780 0x7f229819b8e0 secure :-1 s=READY pgs=73 cs=0 l=1 rev1=1 crypto rx=0x7f2288030560 tx=0x7f2288032670 comp rx=0 tx=0).stop
2024-09-12T00:44:27.091 INFO:teuthology.orchestra.run.smithi002.stdout:/usr/bin/ceph: stderr
2024-09-12T00:44:26.474+0000 7f229dccf640 1 -- 172.21.15.2:0/1694850832 shutdown_connections
2024-09-12T00:44:27.091 INFO:teuthology.orchestra.run.smithi002.stdout:/usr/bin/ceph: stderr
2024-09-12T00:44:26.474+0000 7f229dccf640 1 --2- 172.21.15.2:0/1694850832 >> [v2:172.21.15.2:6800/288268916,v1:172.21.15.2:6801/288268916] conn(0x7f2280038fc0 0x7f228003b480 unknown :-1 s=CLOSED pgs=9 cs=0 l=1 rev1=1 crypto rx=0 tx=0 comp rx=0 tx=0).stop
2024-09-12T00:44:27.091 INFO:teuthology.orchestra.run.smithi002.stdout:/usr/bin/ceph: stderr
2024-09-12T00:44:26.474+0000 7f229dccf640 1 --2- 172.21.15.2:0/1694850832 >> [v2:172.21.15.2:3300/0,v1:172.21.15.2:6789/0] conn(0x7f2298106780 0x7f229819b8e0 unknown :-1 s=CLOSED pgs=73 cs=0 l=1 rev1=1 crypto rx=0 tx=0 comp rx=0 tx=0).stop
2024-09-12T00:44:27.091 INFO:teuthology.orchestra.run.smithi002.stdout:/usr/bin/ceph: stderr
2024-09-12T00:44:26.474+0000 7f229dccf640 1 -- 172.21.15.2:0/1694850832 >> 172.21.15.2:0/1694850832 conn(0x7f2298101f10 msgr2=0x7f2298102ec0 unknown :-1 s=STATE_NONE l=0).mark_down
2024-09-12T00:44:27.092 INFO:teuthology.orchestra.run.smithi002.stdout:/usr/bin/ceph: stderr
2024-09-12T00:44:26.475+0000 7f229dccf640 1 -- 172.21.15.2:0/1694850832 shutdown_connections
2024-09-12T00:44:27.092 INFO:teuthology.orchestra.run.smithi002.stdout:/usr/bin/ceph: stderr
2024-09-12T00:44:26.475+0000 7f229dccf640 1 -- 172.21.15.2:0/1694850832 wait complete.
2024-09-12T00:44:27.098 INFO:teuthology.orchestra.run.smithi002.stdout:Non-zero exit code 1 from systemctl is-enabled firewalld.service
2024-09-12T00:44:27.098 INFO:teuthology.orchestra.run.smithi002.stdout:systemctl: stdout disabled
2024-09-12T00:44:27.106 INFO:teuthology.orchestra.run.smithi002.stdout:Non-zero exit code 3 from systemctl is-active firewalld.service
2024-09-12T00:44:27.106 INFO:teuthology.orchestra.run.smithi002.stdout:systemctl: stdout inactive
2024-09-12T00:44:27.106 INFO:teuthology.orchestra.run.smithi002.stdout:firewalld.service is not enabled
2024-09-12T00:44:27.106 INFO:teuthology.orchestra.run.smithi002.stdout:Not possible to open ports <[8443]>. firewalld.service is not available
2024-09-12T00:44:27.109 INFO:teuthology.orchestra.run.smithi002.stdout:Ceph Dashboard is now available at:
2024-09-12T00:44:27.109 INFO:teuthology.orchestra.run.smithi002.stdout:
2024-09-12T00:44:27.110 INFO:teuthology.orchestra.run.smithi002.stdout: URL: https://smithi002.front.sepia.ceph.com:8443/
2024-09-12T00:44:27.110 INFO:teuthology.orchestra.run.smithi002.stdout: User: admin
2024-09-12T00:44:27.110 INFO:teuthology.orchestra.run.smithi002.stdout: Password: vetprg523w
2024-09-12T00:44:27.110 INFO:teuthology.orchestra.run.smithi002.stdout:
2024-09-12T00:44:27.110 INFO:teuthology.orchestra.run.smithi002.stdout:Saving cluster configuration to /var/lib/ceph/c8315cee-709f-11ef-bcea-c7b262605968/config directory
2024-09-12T00:44:28.431 INFO:teuthology.orchestra.run.smithi002.stdout:/usr/bin/ceph: stderr
2024-09-12T00:44:27.533+0000 7fcb5ccdd640 1 Processor -- start
2024-09-12T00:44:28.439 INFO:teuthology.orchestra.run.smithi002.stdout:/usr/bin/ceph: stderr
2024-09-12T00:44:27.533+0000 7fcb5ccdd640 1 -- start start
2024-09-12T00:44:28.439 INFO:teuthology.orchestra.run.smithi002.stdout:/usr/bin/ceph: stderr
2024-09-12T00:44:27.533+0000 7fcb5ccdd640 1 --2- >> [v2:172.21.15.2:3300/0,v1:172.21.15.2:6789/0] conn(0x7fcb58108310 0x7fcb5810a700 unknown :-1 s=NONE pgs=0 cs=0 l=0 rev1=0 crypto rx=0 tx=0 comp rx=0 tx=0).connect
2024-09-12T00:44:28.439 INFO:teuthology.orchestra.run.smithi002.stdout:/usr/bin/ceph: stderr
2024-09-12T00:44:27.533+0000 7fcb5ccdd640 1 -- --> [v2:172.21.15.2:3300/0,v1:172.21.15.2:6789/0] -- mon_getmap magic: 0 -- 0x7fcb5807be70 con 0x7fcb58108310
2024-09-12T00:44:28.439 INFO:teuthology.orchestra.run.smithi002.stdout:/usr/bin/ceph: stderr
2024-09-12T00:44:27.534+0000 7fcb5659c640 1 --2- >> [v2:172.21.15.2:3300/0,v1:172.21.15.2:6789/0] conn(0x7fcb58108310 0x7fcb5810a700 unknown :-1 s=BANNER_CONNECTING pgs=0 cs=0 l=0 rev1=0 crypto rx=0 tx=0 comp rx=0 tx=0)._handle_peer_banner_payload supported=3 required=0
2024-09-12T00:44:28.440 INFO:teuthology.orchestra.run.smithi002.stdout:/usr/bin/ceph: stderr
2024-09-12T00:44:27.534+0000 7fcb5659c640 1 --2- >> [v2:172.21.15.2:3300/0,v1:172.21.15.2:6789/0] conn(0x7fcb58108310 0x7fcb5810a700 unknown :-1 s=HELLO_CONNECTING pgs=0 cs=0 l=0 rev1=1 crypto rx=0 tx=0 comp rx=0 tx=0).handle_hello peer v2:172.21.15.2:3300/0 says I am v2:172.21.15.2:36256/0 (socket says 172.21.15.2:36256)
2024-09-12T00:44:28.440 INFO:teuthology.orchestra.run.smithi002.stdout:/usr/bin/ceph: stderr
2024-09-12T00:44:27.534+0000 7fcb5659c640 1 -- 172.21.15.2:0/2283716518 learned_addr learned my addr 172.21.15.2:0/2283716518 (peer_addr_for_me v2:172.21.15.2:0/0)
2024-09-12T00:44:28.440 INFO:teuthology.orchestra.run.smithi002.stdout:/usr/bin/ceph: stderr
2024-09-12T00:44:27.534+0000 7fcb5659c640 1 -- 172.21.15.2:0/2283716518 --> [v2:172.21.15.2:3300/0,v1:172.21.15.2:6789/0] -- mon_subscribe({config=0+,monmap=0+}) -- 0x7fcb5810ac40 con 0x7fcb58108310
2024-09-12T00:44:28.440 INFO:teuthology.orchestra.run.smithi002.stdout:/usr/bin/ceph: stderr
2024-09-12T00:44:27.535+0000 7fcb5659c640 1 --2- 172.21.15.2:0/2283716518 >> [v2:172.21.15.2:3300/0,v1:172.21.15.2:6789/0] conn(0x7fcb58108310 0x7fcb5810a700 secure :-1 s=READY pgs=74 cs=0 l=1 rev1=1 crypto rx=0x7fcb48009820 tx=0x7fcb4802a270 comp rx=0 tx=0).ready entity=mon.0 client_cookie=6b1444abd3015227 server_cookie=0 in_seq=0 out_seq=0
2024-09-12T00:44:28.440 INFO:teuthology.orchestra.run.smithi002.stdout:/usr/bin/ceph: stderr
2024-09-12T00:44:27.535+0000 7fcb5559a640 1 -- 172.21.15.2:0/2283716518 <== mon.0 v2:172.21.15.2:3300/0 1 ==== mon_map magic: 0 ==== 205+0+0 (secure 0 0 0) 0x7fcb48037070 con 0x7fcb58108310
2024-09-12T00:44:28.440 INFO:teuthology.orchestra.run.smithi002.stdout:/usr/bin/ceph: stderr
2024-09-12T00:44:27.535+0000 7fcb5559a640 1 -- 172.21.15.2:0/2283716518 <== mon.0 v2:172.21.15.2:3300/0 2 ==== config(27 keys) ==== 1140+0+0 (secure 0 0 0) 0x7fcb48032920 con 0x7fcb58108310
2024-09-12T00:44:28.440 INFO:teuthology.orchestra.run.smithi002.stdout:/usr/bin/ceph: stderr
2024-09-12T00:44:27.535+0000 7fcb5559a640 1 -- 172.21.15.2:0/2283716518 <== mon.0 v2:172.21.15.2:3300/0 3 ==== mon_map magic: 0 ==== 205+0+0 (secure 0 0 0) 0x7fcb48030810 con 0x7fcb58108310
2024-09-12T00:44:28.440 INFO:teuthology.orchestra.run.smithi002.stdout:/usr/bin/ceph: stderr
2024-09-12T00:44:27.536+0000 7fcb5ccdd640 1 -- 172.21.15.2:0/2283716518 >> [v2:172.21.15.2:3300/0,v1:172.21.15.2:6789/0] conn(0x7fcb58108310 msgr2=0x7fcb5810a700 secure :-1 s=STATE_CONNECTION_ESTABLISHED l=1).mark_down
2024-09-12T00:44:28.440 INFO:teuthology.orchestra.run.smithi002.stdout:/usr/bin/ceph: stderr
2024-09-12T00:44:27.536+0000 7fcb5ccdd640 1 --2- 172.21.15.2:0/2283716518 >> [v2:172.21.15.2:3300/0,v1:172.21.15.2:6789/0] conn(0x7fcb58108310 0x7fcb5810a700 secure :-1 s=READY pgs=74 cs=0 l=1 rev1=1 crypto rx=0x7fcb48009820 tx=0x7fcb4802a270 comp rx=0 tx=0).stop
2024-09-12T00:44:28.440 INFO:teuthology.orchestra.run.smithi002.stdout:/usr/bin/ceph: stderr
2024-09-12T00:44:27.536+0000 7fcb5ccdd640 1 -- 172.21.15.2:0/2283716518 shutdown_connections
2024-09-12T00:44:28.440 INFO:teuthology.orchestra.run.smithi002.stdout:/usr/bin/ceph: stderr
2024-09-12T00:44:27.536+0000 7fcb5ccdd640 1 --2- 172.21.15.2:0/2283716518 >> [v2:172.21.15.2:3300/0,v1:172.21.15.2:6789/0] conn(0x7fcb58108310 0x7fcb5810a700 unknown :-1 s=CLOSED pgs=74 cs=0 l=1 rev1=1 crypto rx=0 tx=0 comp rx=0 tx=0).stop
2024-09-12T00:44:28.440 INFO:teuthology.orchestra.run.smithi002.stdout:/usr/bin/ceph: stderr
2024-09-12T00:44:27.536+0000 7fcb5ccdd640 1 -- 172.21.15.2:0/2283716518 >> 172.21.15.2:0/2283716518 conn(0x7fcb58101f10 msgr2=0x7fcb58104350 unknown :-1 s=STATE_NONE l=0).mark_down
2024-09-12T00:44:28.441 INFO:teuthology.orchestra.run.smithi002.stdout:/usr/bin/ceph: stderr
2024-09-12T00:44:27.536+0000 7fcb5ccdd640 1 -- 172.21.15.2:0/2283716518 shutdown_connections
2024-09-12T00:44:28.441 INFO:teuthology.orchestra.run.smithi002.stdout:/usr/bin/ceph: stderr
2024-09-12T00:44:27.536+0000 7fcb5ccdd640 1 -- 172.21.15.2:0/2283716518 wait complete.
2024-09-12T00:44:28.441 INFO:teuthology.orchestra.run.smithi002.stdout:/usr/bin/ceph: stderr
2024-09-12T00:44:27.537+0000 7fcb5ccdd640 1 Processor -- start
2024-09-12T00:44:28.441 INFO:teuthology.orchestra.run.smithi002.stdout:/usr/bin/ceph: stderr
2024-09-12T00:44:27.537+0000 7fcb5ccdd640 1 -- start start
2024-09-12T00:44:28.441 INFO:teuthology.orchestra.run.smithi002.stdout:/usr/bin/ceph: stderr
2024-09-12T00:44:27.537+0000 7fcb5ccdd640 1 --2- >> [v2:172.21.15.2:3300/0,v1:172.21.15.2:6789/0] conn(0x7fcb58108310 0x7fcb58107b90 unknown :-1 s=NONE pgs=0 cs=0 l=1 rev1=0 crypto rx=0 tx=0 comp rx=0 tx=0).connect
2024-09-12T00:44:28.441 INFO:teuthology.orchestra.run.smithi002.stdout:/usr/bin/ceph: stderr
2024-09-12T00:44:27.537+0000 7fcb5ccdd640 1 -- --> [v2:172.21.15.2:3300/0,v1:172.21.15.2:6789/0] -- mon_getmap magic: 0 -- 0x7fcb5810bbf0 con 0x7fcb58108310
2024-09-12T00:44:28.441 INFO:teuthology.orchestra.run.smithi002.stdout:/usr/bin/ceph: stderr
2024-09-12T00:44:27.537+0000 7fcb5659c640 1 --2- >> [v2:172.21.15.2:3300/0,v1:172.21.15.2:6789/0] conn(0x7fcb58108310 0x7fcb58107b90 unknown :-1 s=BANNER_CONNECTING pgs=0 cs=0 l=1 rev1=0 crypto rx=0 tx=0 comp rx=0 tx=0)._handle_peer_banner_payload supported=3 required=0
2024-09-12T00:44:28.441 INFO:teuthology.orchestra.run.smithi002.stdout:/usr/bin/ceph: stderr
2024-09-12T00:44:27.537+0000 7fcb5659c640 1 --2- >> [v2:172.21.15.2:3300/0,v1:172.21.15.2:6789/0] conn(0x7fcb58108310 0x7fcb58107b90 unknown :-1 s=HELLO_CONNECTING pgs=0 cs=0 l=1 rev1=1 crypto rx=0 tx=0 comp rx=0 tx=0).handle_hello peer v2:172.21.15.2:3300/0 says I am v2:172.21.15.2:36266/0 (socket says 172.21.15.2:36266)
2024-09-12T00:44:28.441 INFO:teuthology.orchestra.run.smithi002.stdout:/usr/bin/ceph: stderr
2024-09-12T00:44:27.537+0000 7fcb5659c640 1 -- 172.21.15.2:0/3150270066 learned_addr learned my addr 172.21.15.2:0/3150270066 (peer_addr_for_me v2:172.21.15.2:0/0)
2024-09-12T00:44:28.441 INFO:teuthology.orchestra.run.smithi002.stdout:/usr/bin/ceph: stderr
2024-09-12T00:44:27.537+0000 7fcb5659c640 1 -- 172.21.15.2:0/3150270066 --> [v2:172.21.15.2:3300/0,v1:172.21.15.2:6789/0] -- mon_subscribe({config=0+,monmap=0+}) -- 0x7fcb581080d0 con 0x7fcb58108310
2024-09-12T00:44:28.441 INFO:teuthology.orchestra.run.smithi002.stdout:/usr/bin/ceph: stderr
2024-09-12T00:44:27.537+0000 7fcb5659c640 1 --2- 172.21.15.2:0/3150270066 >> [v2:172.21.15.2:3300/0,v1:172.21.15.2:6789/0] conn(0x7fcb58108310 0x7fcb58107b90 secure :-1 s=READY pgs=75 cs=0 l=1 rev1=1 crypto rx=0x7fcb48030380 tx=0x7fcb48032670 comp rx=0 tx=0).ready entity=mon.0 client_cookie=0 server_cookie=0 in_seq=0 out_seq=0
2024-09-12T00:44:28.441 INFO:teuthology.orchestra.run.smithi002.stdout:/usr/bin/ceph: stderr
2024-09-12T00:44:27.538+0000 7fcb477fe640 1 -- 172.21.15.2:0/3150270066 <== mon.0 v2:172.21.15.2:3300/0 1 ==== mon_map magic: 0 ==== 205+0+0 (secure 0 0 0) 0x7fcb48037040 con 0x7fcb58108310
2024-09-12T00:44:28.441 INFO:teuthology.orchestra.run.smithi002.stdout:/usr/bin/ceph: stderr
2024-09-12T00:44:27.538+0000 7fcb477fe640 1 -- 172.21.15.2:0/3150270066 <== mon.0 v2:172.21.15.2:3300/0 2 ==== config(27 keys) ==== 1140+0+0 (secure 0 0 0) 0x7fcb48040070 con 0x7fcb58108310
2024-09-12T00:44:28.442 INFO:teuthology.orchestra.run.smithi002.stdout:/usr/bin/ceph: stderr
2024-09-12T00:44:27.538+0000 7fcb5ccdd640 1 -- 172.21.15.2:0/3150270066 --> [v2:172.21.15.2:3300/0,v1:172.21.15.2:6789/0] -- mon_subscribe({mgrmap=0+}) -- 0x7fcb581062c0 con 0x7fcb58108310
2024-09-12T00:44:28.442 INFO:teuthology.orchestra.run.smithi002.stdout:/usr/bin/ceph: stderr
2024-09-12T00:44:27.538+0000 7fcb477fe640 1 -- 172.21.15.2:0/3150270066 <== mon.0 v2:172.21.15.2:3300/0 3 ==== mon_map magic: 0 ==== 205+0+0 (secure 0 0 0) 0x7fcb4803a7b0 con 0x7fcb58108310
2024-09-12T00:44:28.442 INFO:teuthology.orchestra.run.smithi002.stdout:/usr/bin/ceph: stderr
2024-09-12T00:44:27.538+0000 7fcb5ccdd640 1 -- 172.21.15.2:0/3150270066 --> [v2:172.21.15.2:3300/0,v1:172.21.15.2:6789/0] -- mon_subscribe({osdmap=0}) -- 0x7fcb58106800 con 0x7fcb58108310
2024-09-12T00:44:28.442 INFO:teuthology.orchestra.run.smithi002.stdout:/usr/bin/ceph: stderr
2024-09-12T00:44:27.539+0000 7fcb477fe640 1 -- 172.21.15.2:0/3150270066 <== mon.0 v2:172.21.15.2:3300/0 4 ==== mgrmap(e 12) ==== 46300+0+0 (secure 0 0 0) 0x7fcb4803aa30 con 0x7fcb58108310
2024-09-12T00:44:28.442 INFO:teuthology.orchestra.run.smithi002.stdout:/usr/bin/ceph: stderr
2024-09-12T00:44:27.539+0000 7fcb477fe640 1 --2- 172.21.15.2:0/3150270066 >> [v2:172.21.15.2:6800/288268916,v1:172.21.15.2:6801/288268916] conn(0x7fcb40038fc0 0x7fcb4003b480 unknown :-1 s=NONE pgs=0 cs=0 l=1 rev1=0 crypto rx=0 tx=0 comp rx=0 tx=0).connect
2024-09-12T00:44:28.442 INFO:teuthology.orchestra.run.smithi002.stdout:/usr/bin/ceph: stderr
2024-09-12T00:44:27.539+0000 7fcb5ccdd640 1 -- 172.21.15.2:0/3150270066 --> [v2:172.21.15.2:3300/0,v1:172.21.15.2:6789/0] -- mon_command({"prefix": "get_command_descriptions"} v 0) -- 0x7fcb58108770 con 0x7fcb58108310
2024-09-12T00:44:28.442 INFO:teuthology.orchestra.run.smithi002.stdout:/usr/bin/ceph: stderr
2024-09-12T00:44:27.539+0000 7fcb477fe640 1 -- 172.21.15.2:0/3150270066 <== mon.0 v2:172.21.15.2:3300/0 5 ==== osd_map(3..3 src has 1..3) ==== 1155+0+0 (secure 0 0 0) 0x7fcb4806c7e0 con 0x7fcb58108310
2024-09-12T00:44:28.442 INFO:teuthology.orchestra.run.smithi002.stdout:/usr/bin/ceph: stderr
2024-09-12T00:44:27.539+0000 7fcb55d9b640 1 --2- 172.21.15.2:0/3150270066 >> [v2:172.21.15.2:6800/288268916,v1:172.21.15.2:6801/288268916] conn(0x7fcb40038fc0 0x7fcb4003b480 unknown :-1 s=BANNER_CONNECTING pgs=0 cs=0 l=1 rev1=0 crypto rx=0 tx=0 comp rx=0 tx=0)._handle_peer_banner_payload supported=3 required=0
2024-09-12T00:44:28.442 INFO:teuthology.orchestra.run.smithi002.stdout:/usr/bin/ceph: stderr
2024-09-12T00:44:27.539+0000 7fcb55d9b640 1 --2- 172.21.15.2:0/3150270066 >> [v2:172.21.15.2:6800/288268916,v1:172.21.15.2:6801/288268916] conn(0x7fcb40038fc0 0x7fcb4003b480 secure :-1 s=READY pgs=10 cs=0 l=1 rev1=1 crypto rx=0x7fcb4c0098c0 tx=0x7fcb4c006db0 comp rx=0 tx=0).ready entity=mgr.14150 client_cookie=0 server_cookie=0 in_seq=0 out_seq=0
2024-09-12T00:44:28.443 INFO:teuthology.orchestra.run.smithi002.stdout:/usr/bin/ceph: stderr
2024-09-12T00:44:27.544+0000 7fcb477fe640 1 -- 172.21.15.2:0/3150270066 <== mon.0 v2:172.21.15.2:3300/0 6 ==== mon_command_ack([{"prefix": "get_command_descriptions"}]=0 v0) ==== 72+0+188821 (secure 0 0 0) 0x7fcb48044c70 con 0x7fcb58108310
2024-09-12T00:44:28.443 INFO:teuthology.orchestra.run.smithi002.stdout:/usr/bin/ceph: stderr
2024-09-12T00:44:27.728+0000 7fcb477fe640 1 -- 172.21.15.2:0/3150270066 <== mon.0 v2:172.21.15.2:3300/0 7 ==== mgrmap(e 13) ==== 46342+0+0 (secure 0 0 0) 0x7fcb48045980 con 0x7fcb58108310
2024-09-12T00:44:28.443 INFO:teuthology.orchestra.run.smithi002.stdout:/usr/bin/ceph: stderr
2024-09-12T00:44:27.817+0000 7fcb5ccdd640 1 -- 172.21.15.2:0/3150270066 --> [v2:172.21.15.2:3300/0,v1:172.21.15.2:6789/0] -- mon_command([{prefix=config-key set, key=mgr/dashboard/cluster/status}] v 0) -- 0x7fcb58106fa0 con 0x7fcb58108310
2024-09-12T00:44:28.443 INFO:teuthology.orchestra.run.smithi002.stdout:/usr/bin/ceph: stderr
2024-09-12T00:44:27.819+0000 7fcb477fe640 1 -- 172.21.15.2:0/3150270066 <== mon.0 v2:172.21.15.2:3300/0 8 ==== mon_command_ack([{prefix=config-key set, key=mgr/dashboard/cluster/status}]=0 set mgr/dashboard/cluster/status v28)=0 set mgr/dashboard/cluster/status v28) ==== 153+0+0 (secure 0 0 0) 0x7fcb48041270 con 0x7fcb58108310
2024-09-12T00:44:28.443 INFO:teuthology.orchestra.run.smithi002.stdout:/usr/bin/ceph: stderr set mgr/dashboard/cluster/status
2024-09-12T00:44:28.443 INFO:teuthology.orchestra.run.smithi002.stdout:/usr/bin/ceph: stderr
