2024-09-12T00:44:06.803+0000 7f5e7c934640 1 --2- 172.21.15.2:0/3917642369 >> [v2:172.21.15.2:6800/975752128,v1:172.21.15.2:6801/975752128] conn(0x7f5e60038f70 0x7f5e6003b430 unknown :-1 s=CLOSED pgs=11 cs=0 l=1 rev1=1 crypto rx=0 tx=0 comp rx=0 tx=0).stop
2024-09-12T00:44:07.429 INFO:teuthology.orchestra.run.smithi002.stdout:/usr/bin/ceph: stderr
2024-09-12T00:44:06.803+0000 7f5e7c934640 1 --2- 172.21.15.2:0/3917642369 >> [v2:172.21.15.2:3300/0,v1:172.21.15.2:6789/0] conn(0x7f5e78105be0 0x7f5e7819b8f0 unknown :-1 s=CLOSED pgs=44 cs=0 l=1 rev1=1 crypto rx=0 tx=0 comp rx=0 tx=0).stop
2024-09-12T00:44:07.429 INFO:teuthology.orchestra.run.smithi002.stdout:/usr/bin/ceph: stderr
2024-09-12T00:44:06.803+0000 7f5e7c934640 1 -- 172.21.15.2:0/3917642369 >> 172.21.15.2:0/3917642369 conn(0x7f5e78101790 msgr2=0x7f5e78102320 unknown :-1 s=STATE_NONE l=0).mark_down
2024-09-12T00:44:07.430 INFO:teuthology.orchestra.run.smithi002.stdout:/usr/bin/ceph: stderr
2024-09-12T00:44:06.803+0000 7f5e7c934640 1 -- 172.21.15.2:0/3917642369 shutdown_connections
2024-09-12T00:44:07.430 INFO:teuthology.orchestra.run.smithi002.stdout:/usr/bin/ceph: stderr
2024-09-12T00:44:06.803+0000 7f5e7c934640 1 -- 172.21.15.2:0/3917642369 wait complete.
2024-09-12T00:44:07.430 INFO:teuthology.orchestra.run.smithi002.stdout:Deploying unmanaged mon service...
2024-09-12T00:44:07.994 INFO:journalctl@ceph.mon.a.smithi002.stdout:Sep 12 00:44:07 smithi002 ceph-mon[31210]: from='mgr.14118 172.21.15.2:0/4130006593' entity='mgr.x'
2024-09-12T00:44:07.995 INFO:journalctl@ceph.mon.a.smithi002.stdout:Sep 12 00:44:07 smithi002 ceph-mon[31210]: Added host smithi002
2024-09-12T00:44:07.995 INFO:journalctl@ceph.mon.a.smithi002.stdout:Sep 12 00:44:07 smithi002 ceph-mon[31210]: from='mgr.14118 172.21.15.2:0/4130006593' entity='mgr.x' cmd=[{"prefix": "config dump", "format": "json"}]: dispatch
2024-09-12T00:44:08.793 INFO:teuthology.orchestra.run.smithi002.stdout:/usr/bin/ceph: stdout Scheduled mon update...
2024-09-12T00:44:08.794 INFO:teuthology.orchestra.run.smithi002.stdout:/usr/bin/ceph: stderr
2024-09-12T00:44:07.814+0000 7f7fca680640 1 Processor -- start
2024-09-12T00:44:08.794 INFO:teuthology.orchestra.run.smithi002.stdout:/usr/bin/ceph: stderr
2024-09-12T00:44:07.814+0000 7f7fca680640 1 -- start start
2024-09-12T00:44:08.794 INFO:teuthology.orchestra.run.smithi002.stdout:/usr/bin/ceph: stderr
2024-09-12T00:44:07.814+0000 7f7fca680640 1 --2- >> [v2:172.21.15.2:3300/0,v1:172.21.15.2:6789/0] conn(0x7f7fc41083e0 0x7f7fc410a7d0 unknown :-1 s=NONE pgs=0 cs=0 l=0 rev1=0 crypto rx=0 tx=0 comp rx=0 tx=0).connect
2024-09-12T00:44:08.794 INFO:teuthology.orchestra.run.smithi002.stdout:/usr/bin/ceph: stderr
2024-09-12T00:44:07.814+0000 7f7fca680640 1 -- --> [v2:172.21.15.2:3300/0,v1:172.21.15.2:6789/0] -- mon_getmap magic: 0 -- 0x7f7fc407be50 con 0x7f7fc41083e0
2024-09-12T00:44:08.794 INFO:teuthology.orchestra.run.smithi002.stdout:/usr/bin/ceph: stderr
2024-09-12T00:44:07.814+0000 7f7fc3fff640 1 --2- >> [v2:172.21.15.2:3300/0,v1:172.21.15.2:6789/0] conn(0x7f7fc41083e0 0x7f7fc410a7d0 unknown :-1 s=BANNER_CONNECTING pgs=0 cs=0 l=0 rev1=0 crypto rx=0 tx=0 comp rx=0 tx=0)._handle_peer_banner_payload supported=3 required=0
2024-09-12T00:44:08.794 INFO:teuthology.orchestra.run.smithi002.stdout:/usr/bin/ceph: stderr
2024-09-12T00:44:07.814+0000 7f7fc3fff640 1 --2- >> [v2:172.21.15.2:3300/0,v1:172.21.15.2:6789/0] conn(0x7f7fc41083e0 0x7f7fc410a7d0 unknown :-1 s=HELLO_CONNECTING pgs=0 cs=0 l=0 rev1=1 crypto rx=0 tx=0 comp rx=0 tx=0).handle_hello peer v2:172.21.15.2:3300/0 says I am v2:172.21.15.2:52190/0 (socket says 172.21.15.2:52190)
2024-09-12T00:44:08.795 INFO:teuthology.orchestra.run.smithi002.stdout:/usr/bin/ceph: stderr
2024-09-12T00:44:07.814+0000 7f7fc3fff640 1 -- 172.21.15.2:0/2966107844 learned_addr learned my addr 172.21.15.2:0/2966107844 (peer_addr_for_me v2:172.21.15.2:0/0)
2024-09-12T00:44:08.795 INFO:teuthology.orchestra.run.smithi002.stdout:/usr/bin/ceph: stderr
2024-09-12T00:44:07.815+0000 7f7fc3fff640 1 -- 172.21.15.2:0/2966107844 --> [v2:172.21.15.2:3300/0,v1:172.21.15.2:6789/0] -- mon_subscribe({config=0+,monmap=0+}) -- 0x7f7fc410ad10 con 0x7f7fc41083e0
2024-09-12T00:44:08.795 INFO:teuthology.orchestra.run.smithi002.stdout:/usr/bin/ceph: stderr
2024-09-12T00:44:07.816+0000 7f7fc3fff640 1 --2- 172.21.15.2:0/2966107844 >> [v2:172.21.15.2:3300/0,v1:172.21.15.2:6789/0] conn(0x7f7fc41083e0 0x7f7fc410a7d0 secure :-1 s=READY pgs=45 cs=0 l=1 rev1=1 crypto rx=0x7f7fb4009820 tx=0x7f7fb402a270 comp rx=0 tx=0).ready entity=mon.0 client_cookie=20451181abecf855 server_cookie=0 in_seq=0 out_seq=0
2024-09-12T00:44:08.795 INFO:teuthology.orchestra.run.smithi002.stdout:/usr/bin/ceph: stderr
2024-09-12T00:44:07.816+0000 7f7fc2ffd640 1 -- 172.21.15.2:0/2966107844 <== mon.0 v2:172.21.15.2:3300/0 1 ==== mon_map magic: 0 ==== 205+0+0 (secure 0 0 0) 0x7f7fb4037070 con 0x7f7fc41083e0
2024-09-12T00:44:08.795 INFO:teuthology.orchestra.run.smithi002.stdout:/usr/bin/ceph: stderr
2024-09-12T00:44:07.816+0000 7f7fc2ffd640 1 -- 172.21.15.2:0/2966107844 <== mon.0 v2:172.21.15.2:3300/0 2 ==== config(27 keys) ==== 1109+0+0 (secure 0 0 0) 0x7f7fb4032900 con 0x7f7fc41083e0
2024-09-12T00:44:08.795 INFO:teuthology.orchestra.run.smithi002.stdout:/usr/bin/ceph: stderr
2024-09-12T00:44:07.816+0000 7f7fc2ffd640 1 -- 172.21.15.2:0/2966107844 <== mon.0 v2:172.21.15.2:3300/0 3 ==== mon_map magic: 0 ==== 205+0+0 (secure 0 0 0) 0x7f7fb4030850 con 0x7f7fc41083e0
2024-09-12T00:44:08.795 INFO:teuthology.orchestra.run.smithi002.stdout:/usr/bin/ceph: stderr
2024-09-12T00:44:07.816+0000 7f7fca680640 1 -- 172.21.15.2:0/2966107844 >> [v2:172.21.15.2:3300/0,v1:172.21.15.2:6789/0] conn(0x7f7fc41083e0 msgr2=0x7f7fc410a7d0 secure :-1 s=STATE_CONNECTION_ESTABLISHED l=1).mark_down
2024-09-12T00:44:08.795 INFO:teuthology.orchestra.run.smithi002.stdout:/usr/bin/ceph: stderr
2024-09-12T00:44:07.816+0000 7f7fca680640 1 --2- 172.21.15.2:0/2966107844 >> [v2:172.21.15.2:3300/0,v1:172.21.15.2:6789/0] conn(0x7f7fc41083e0 0x7f7fc410a7d0 secure :-1 s=READY pgs=45 cs=0 l=1 rev1=1 crypto rx=0x7f7fb4009820 tx=0x7f7fb402a270 comp rx=0 tx=0).stop
2024-09-12T00:44:08.795 INFO:teuthology.orchestra.run.smithi002.stdout:/usr/bin/ceph: stderr
2024-09-12T00:44:07.816+0000 7f7fca680640 1 -- 172.21.15.2:0/2966107844 shutdown_connections
2024-09-12T00:44:08.795 INFO:teuthology.orchestra.run.smithi002.stdout:/usr/bin/ceph: stderr
2024-09-12T00:44:07.816+0000 7f7fca680640 1 --2- 172.21.15.2:0/2966107844 >> [v2:172.21.15.2:3300/0,v1:172.21.15.2:6789/0] conn(0x7f7fc41083e0 0x7f7fc410a7d0 unknown :-1 s=CLOSED pgs=45 cs=0 l=1 rev1=1 crypto rx=0 tx=0 comp rx=0 tx=0).stop
2024-09-12T00:44:08.795 INFO:teuthology.orchestra.run.smithi002.stdout:/usr/bin/ceph: stderr
2024-09-12T00:44:07.817+0000 7f7fca680640 1 -- 172.21.15.2:0/2966107844 >> 172.21.15.2:0/2966107844 conn(0x7f7fc4102020 msgr2=0x7f7fc4104440 unknown :-1 s=STATE_NONE l=0).mark_down
2024-09-12T00:44:08.796 INFO:teuthology.orchestra.run.smithi002.stdout:/usr/bin/ceph: stderr
2024-09-12T00:44:07.817+0000 7f7fca680640 1 -- 172.21.15.2:0/2966107844 shutdown_connections
2024-09-12T00:44:08.796 INFO:teuthology.orchestra.run.smithi002.stdout:/usr/bin/ceph: stderr
2024-09-12T00:44:07.817+0000 7f7fca680640 1 -- 172.21.15.2:0/2966107844 wait complete.
2024-09-12T00:44:08.796 INFO:teuthology.orchestra.run.smithi002.stdout:/usr/bin/ceph: stderr
2024-09-12T00:44:07.817+0000 7f7fca680640 1 Processor -- start
2024-09-12T00:44:08.796 INFO:teuthology.orchestra.run.smithi002.stdout:/usr/bin/ceph: stderr
2024-09-12T00:44:07.817+0000 7f7fca680640 1 -- start start
2024-09-12T00:44:08.796 INFO:teuthology.orchestra.run.smithi002.stdout:/usr/bin/ceph: stderr
2024-09-12T00:44:07.817+0000 7f7fca680640 1 --2- >> [v2:172.21.15.2:3300/0,v1:172.21.15.2:6789/0] conn(0x7f7fc41083e0 0x7f7fc419b8c0 unknown :-1 s=NONE pgs=0 cs=0 l=1 rev1=0 crypto rx=0 tx=0 comp rx=0 tx=0).connect
2024-09-12T00:44:08.796 INFO:teuthology.orchestra.run.smithi002.stdout:/usr/bin/ceph: stderr
2024-09-12T00:44:07.817+0000 7f7fca680640 1 -- --> [v2:172.21.15.2:3300/0,v1:172.21.15.2:6789/0] -- mon_getmap magic: 0 -- 0x7f7fc410bce0 con 0x7f7fc41083e0
2024-09-12T00:44:08.796 INFO:teuthology.orchestra.run.smithi002.stdout:/usr/bin/ceph: stderr
2024-09-12T00:44:07.818+0000 7f7fc3fff640 1 --2- >> [v2:172.21.15.2:3300/0,v1:172.21.15.2:6789/0] conn(0x7f7fc41083e0 0x7f7fc419b8c0 unknown :-1 s=BANNER_CONNECTING pgs=0 cs=0 l=1 rev1=0 crypto rx=0 tx=0 comp rx=0 tx=0)._handle_peer_banner_payload supported=3 required=0
2024-09-12T00:44:08.796 INFO:teuthology.orchestra.run.smithi002.stdout:/usr/bin/ceph: stderr
2024-09-12T00:44:07.818+0000 7f7fc3fff640 1 --2- >> [v2:172.21.15.2:3300/0,v1:172.21.15.2:6789/0] conn(0x7f7fc41083e0 0x7f7fc419b8c0 unknown :-1 s=HELLO_CONNECTING pgs=0 cs=0 l=1 rev1=1 crypto rx=0 tx=0 comp rx=0 tx=0).handle_hello peer v2:172.21.15.2:3300/0 says I am v2:172.21.15.2:52192/0 (socket says 172.21.15.2:52192)
2024-09-12T00:44:08.796 INFO:teuthology.orchestra.run.smithi002.stdout:/usr/bin/ceph: stderr
2024-09-12T00:44:07.818+0000 7f7fc3fff640 1 -- 172.21.15.2:0/1682288089 learned_addr learned my addr 172.21.15.2:0/1682288089 (peer_addr_for_me v2:172.21.15.2:0/0)
2024-09-12T00:44:08.797 INFO:teuthology.orchestra.run.smithi002.stdout:/usr/bin/ceph: stderr
2024-09-12T00:44:07.818+0000 7f7fc3fff640 1 -- 172.21.15.2:0/1682288089 --> [v2:172.21.15.2:3300/0,v1:172.21.15.2:6789/0] -- mon_subscribe({config=0+,monmap=0+}) -- 0x7f7fc419be00 con 0x7f7fc41083e0
2024-09-12T00:44:08.797 INFO:teuthology.orchestra.run.smithi002.stdout:/usr/bin/ceph: stderr
2024-09-12T00:44:07.818+0000 7f7fc3fff640 1 --2- 172.21.15.2:0/1682288089 >> [v2:172.21.15.2:3300/0,v1:172.21.15.2:6789/0] conn(0x7f7fc41083e0 0x7f7fc419b8c0 secure :-1 s=READY pgs=46 cs=0 l=1 rev1=1 crypto rx=0x7f7fb40097f0 tx=0x7f7fb4030ec0 comp rx=0 tx=0).ready entity=mon.0 client_cookie=0 server_cookie=0 in_seq=0 out_seq=0
2024-09-12T00:44:08.797 INFO:teuthology.orchestra.run.smithi002.stdout:/usr/bin/ceph: stderr
2024-09-12T00:44:07.818+0000 7f7fc17fa640 1 -- 172.21.15.2:0/1682288089 <== mon.0 v2:172.21.15.2:3300/0 1 ==== mon_map magic: 0 ==== 205+0+0 (secure 0 0 0) 0x7f7fb4042070 con 0x7f7fc41083e0
2024-09-12T00:44:08.797 INFO:teuthology.orchestra.run.smithi002.stdout:/usr/bin/ceph: stderr
2024-09-12T00:44:07.818+0000 7f7fc17fa640 1 -- 172.21.15.2:0/1682288089 <== mon.0 v2:172.21.15.2:3300/0 2 ==== config(27 keys) ==== 1109+0+0 (secure 0 0 0) 0x7f7fb4032ca0 con 0x7f7fc41083e0
2024-09-12T00:44:08.797 INFO:teuthology.orchestra.run.smithi002.stdout:/usr/bin/ceph: stderr
2024-09-12T00:44:07.818+0000 7f7fc17fa640 1 -- 172.21.15.2:0/1682288089 <== mon.0 v2:172.21.15.2:3300/0 3 ==== mon_map magic: 0 ==== 205+0+0 (secure 0 0 0) 0x7f7fb4037040 con 0x7f7fc41083e0
2024-09-12T00:44:08.797 INFO:teuthology.orchestra.run.smithi002.stdout:/usr/bin/ceph: stderr
2024-09-12T00:44:07.818+0000 7f7fca680640 1 -- 172.21.15.2:0/1682288089 --> [v2:172.21.15.2:3300/0,v1:172.21.15.2:6789/0] -- mon_subscribe({mgrmap=0+}) -- 0x7f7fc419c090 con 0x7f7fc41083e0
2024-09-12T00:44:08.797 INFO:teuthology.orchestra.run.smithi002.stdout:/usr/bin/ceph: stderr
2024-09-12T00:44:07.818+0000 7f7fca680640 1 -- 172.21.15.2:0/1682288089 --> [v2:172.21.15.2:3300/0,v1:172.21.15.2:6789/0] -- mon_subscribe({osdmap=0}) -- 0x7f7fc419ed80 con 0x7f7fc41083e0
2024-09-12T00:44:08.797 INFO:teuthology.orchestra.run.smithi002.stdout:/usr/bin/ceph: stderr
2024-09-12T00:44:07.819+0000 7f7fc17fa640 1 -- 172.21.15.2:0/1682288089 <== mon.0 v2:172.21.15.2:3300/0 4 ==== mgrmap(e 8) ==== 46287+0+0 (secure 0 0 0) 0x7f7fb4045070 con 0x7f7fc41083e0
2024-09-12T00:44:08.797 INFO:teuthology.orchestra.run.smithi002.stdout:/usr/bin/ceph: stderr
2024-09-12T00:44:07.819+0000 7f7fca680640 1 -- 172.21.15.2:0/1682288089 --> [v2:172.21.15.2:3300/0,v1:172.21.15.2:6789/0] -- mon_command({"prefix": "get_command_descriptions"} v 0) -- 0x7f7fc4108840 con 0x7f7fc41083e0
2024-09-12T00:44:08.798 INFO:teuthology.orchestra.run.smithi002.stdout:/usr/bin/ceph: stderr
2024-09-12T00:44:07.819+0000 7f7fc17fa640 1 --2- 172.21.15.2:0/1682288089 >> [v2:172.21.15.2:6800/975752128,v1:172.21.15.2:6801/975752128] conn(0x7f7fac038fc0 0x7f7fac03b480 unknown :-1 s=NONE pgs=0 cs=0 l=1 rev1=0 crypto rx=0 tx=0 comp rx=0 tx=0).connect
2024-09-12T00:44:08.798 INFO:teuthology.orchestra.run.smithi002.stdout:/usr/bin/ceph: stderr
2024-09-12T00:44:07.819+0000 7f7fc17fa640 1 -- 172.21.15.2:0/1682288089 <== mon.0 v2:172.21.15.2:3300/0 5 ==== osd_map(2..2 src has 1..2) ==== 940+0+0 (secure 0 0 0) 0x7f7fb406bf30 con 0x7f7fc41083e0
2024-09-12T00:44:08.798 INFO:teuthology.orchestra.run.smithi002.stdout:/usr/bin/ceph: stderr
2024-09-12T00:44:07.820+0000 7f7fc37fe640 1 --2- 172.21.15.2:0/1682288089 >> [v2:172.21.15.2:6800/975752128,v1:172.21.15.2:6801/975752128] conn(0x7f7fac038fc0 0x7f7fac03b480 unknown :-1 s=BANNER_CONNECTING pgs=0 cs=0 l=1 rev1=0 crypto rx=0 tx=0 comp rx=0 tx=0)._handle_peer_banner_payload supported=3 required=0
2024-09-12T00:44:08.798 INFO:teuthology.orchestra.run.smithi002.stdout:/usr/bin/ceph: stderr
2024-09-12T00:44:07.820+0000 7f7fc37fe640 1 --2- 172.21.15.2:0/1682288089 >> [v2:172.21.15.2:6800/975752128,v1:172.21.15.2:6801/975752128] conn(0x7f7fac038fc0 0x7f7fac03b480 secure :-1 s=READY pgs=12 cs=0 l=1 rev1=1 crypto rx=0x7f7fb80098c0 tx=0x7f7fb8006db0 comp rx=0 tx=0).ready entity=mgr.14118 client_cookie=0 server_cookie=0 in_seq=0 out_seq=0
2024-09-12T00:44:08.798 INFO:teuthology.orchestra.run.smithi002.stdout:/usr/bin/ceph: stderr
2024-09-12T00:44:07.824+0000 7f7fc17fa640 1 -- 172.21.15.2:0/1682288089 <== mon.0 v2:172.21.15.2:3300/0 6 ==== mon_command_ack([{"prefix": "get_command_descriptions"}]=0 v0) ==== 72+0+188821 (secure 0 0 0) 0x7f7fb403d430 con 0x7f7fc41083e0
2024-09-12T00:44:08.799 INFO:teuthology.orchestra.run.smithi002.stdout:/usr/bin/ceph: stderr
2024-09-12T00:44:08.041+0000 7f7fca680640 1 -- 172.21.15.2:0/1682288089 --> [v2:172.21.15.2:6800/975752128,v1:172.21.15.2:6801/975752128] -- mgr_command(tid 0: {"prefix": "orch apply", "service_type": "mon", "unmanaged": true, "target": ["mon-mgr", ""]}) -- 0x7f7fc4103310 con 0x7f7fac038fc0
2024-09-12T00:44:08.799 INFO:teuthology.orchestra.run.smithi002.stdout:/usr/bin/ceph: stderr
2024-09-12T00:44:08.046+0000 7f7fc17fa640 1 -- 172.21.15.2:0/1682288089 <== mgr.14118 v2:172.21.15.2:6800/975752128 1 ==== mgr_command_reply(tid 0: 0 ) ==== 8+0+24 (secure 0 0 0) 0x7f7fc4103310 con 0x7f7fac038fc0
2024-09-12T00:44:08.799 INFO:teuthology.orchestra.run.smithi002.stdout:/usr/bin/ceph: stderr
2024-09-12T00:44:08.048+0000 7f7fca680640 1 -- 172.21.15.2:0/1682288089 >> [v2:172.21.15.2:6800/975752128,v1:172.21.15.2:6801/975752128] conn(0x7f7fac038fc0 msgr2=0x7f7fac03b480 secure :-1 s=STATE_CONNECTION_ESTABLISHED l=1).mark_down
2024-09-12T00:44:08.799 INFO:teuthology.orchestra.run.smithi002.stdout:/usr/bin/ceph: stderr
2024-09-12T00:44:08.048+0000 7f7fca680640 1 --2- 172.21.15.2:0/1682288089 >> [v2:172.21.15.2:6800/975752128,v1:172.21.15.2:6801/975752128] conn(0x7f7fac038fc0 0x7f7fac03b480 secure :-1 s=READY pgs=12 cs=0 l=1 rev1=1 crypto rx=0x7f7fb80098c0 tx=0x7f7fb8006db0 comp rx=0 tx=0).stop
2024-09-12T00:44:08.799 INFO:teuthology.orchestra.run.smithi002.stdout:/usr/bin/ceph: stderr
2024-09-12T00:44:08.048+0000 7f7fca680640 1 -- 172.21.15.2:0/1682288089 >> [v2:172.21.15.2:3300/0,v1:172.21.15.2:6789/0] conn(0x7f7fc41083e0 msgr2=0x7f7fc419b8c0 secure :-1 s=STATE_CONNECTION_ESTABLISHED l=1).mark_down
2024-09-12T00:44:08.799 INFO:teuthology.orchestra.run.smithi002.stdout:/usr/bin/ceph: stderr
2024-09-12T00:44:08.048+0000 7f7fca680640 1 --2- 172.21.15.2:0/1682288089 >> [v2:172.21.15.2:3300/0,v1:172.21.15.2:6789/0] conn(0x7f7fc41083e0 0x7f7fc419b8c0 secure :-1 s=READY pgs=46 cs=0 l=1 rev1=1 crypto rx=0x7f7fb40097f0 tx=0x7f7fb4030ec0 comp rx=0 tx=0).stop
2024-09-12T00:44:08.799 INFO:teuthology.orchestra.run.smithi002.stdout:/usr/bin/ceph: stderr
2024-09-12T00:44:08.048+0000 7f7fca680640 1 -- 172.21.15.2:0/1682288089 shutdown_connections
2024-09-12T00:44:08.799 INFO:teuthology.orchestra.run.smithi002.stdout:/usr/bin/ceph: stderr
2024-09-12T00:44:08.048+0000 7f7fca680640 1 --2- 172.21.15.2:0/1682288089 >> [v2:172.21.15.2:6800/975752128,v1:172.21.15.2:6801/975752128] conn(0x7f7fac038fc0 0x7f7fac03b480 unknown :-1 s=CLOSED pgs=12 cs=0 l=1 rev1=1 crypto rx=0 tx=0 comp rx=0 tx=0).stop
2024-09-12T00:44:08.799 INFO:teuthology.orchestra.run.smithi002.stdout:/usr/bin/ceph: stderr
2024-09-12T00:44:08.048+0000 7f7fca680640 1 --2- 172.21.15.2:0/1682288089 >> [v2:172.21.15.2:3300/0,v1:172.21.15.2:6789/0] conn(0x7f7fc41083e0 0x7f7fc419b8c0 unknown :-1 s=CLOSED pgs=46 cs=0 l=1 rev1=1 crypto rx=0 tx=0 comp rx=0 tx=0).stop
2024-09-12T00:44:08.799 INFO:teuthology.orchestra.run.smithi002.stdout:/usr/bin/ceph: stderr
2024-09-12T00:44:08.048+0000 7f7fca680640 1 -- 172.21.15.2:0/1682288089 >> 172.21.15.2:0/1682288089 conn(0x7f7fc4102020 msgr2=0x7f7fc4102c00 unknown :-1 s=STATE_NONE l=0).mark_down
2024-09-12T00:44:08.800 INFO:teuthology.orchestra.run.smithi002.stdout:/usr/bin/ceph: stderr
2024-09-12T00:44:08.048+0000 7f7fca680640 1 -- 172.21.15.2:0/1682288089 shutdown_connections
2024-09-12T00:44:08.800 INFO:teuthology.orchestra.run.smithi002.stdout:/usr/bin/ceph: stderr
2024-09-12T00:44:08.048+0000 7f7fca680640 1 -- 172.21.15.2:0/1682288089 wait complete.
2024-09-12T00:44:08.800 INFO:teuthology.orchestra.run.smithi002.stdout:Deploying unmanaged mgr service...
2024-09-12T00:44:09.320 INFO:journalctl@ceph.mon.a.smithi002.stdout:Sep 12 00:44:09 smithi002 ceph-mon[31210]: from='client.14140 -' entity='client.admin' cmd=[{"prefix": "orch apply", "service_type": "mon", "unmanaged": true, "target": ["mon-mgr", ""]}]: dispatch
2024-09-12T00:44:09.321 INFO:journalctl@ceph.mon.a.smithi002.stdout:Sep 12 00:44:09 smithi002 ceph-mon[31210]: Saving service mon spec with placement count:5
2024-09-12T00:44:09.321 INFO:journalctl@ceph.mon.a.smithi002.stdout:Sep 12 00:44:09 smithi002 ceph-mon[31210]: from='mgr.14118 172.21.15.2:0/4130006593' entity='mgr.x'
2024-09-12T00:44:10.944 INFO:teuthology.orchestra.run.smithi002.stdout:/usr/bin/ceph: stdout Scheduled mgr update...
2024-09-12T00:44:10.944 INFO:teuthology.orchestra.run.smithi002.stdout:/usr/bin/ceph: stderr
2024-09-12T00:44:10.142+0000 7f855389b640 1 Processor -- start
2024-09-12T00:44:10.944 INFO:teuthology.orchestra.run.smithi002.stdout:/usr/bin/ceph: stderr
2024-09-12T00:44:10.142+0000 7f855389b640 1 -- start start
2024-09-12T00:44:10.944 INFO:teuthology.orchestra.run.smithi002.stdout:/usr/bin/ceph: stderr
2024-09-12T00:44:10.142+0000 7f855389b640 1 --2- >> [v2:172.21.15.2:3300/0,v1:172.21.15.2:6789/0] conn(0x7f854c1082f0 0x7f854c10a6e0 unknown :-1 s=NONE pgs=0 cs=0 l=0 rev1=0 crypto rx=0 tx=0 comp rx=0 tx=0).connect
2024-09-12T00:44:10.944 INFO:teuthology.orchestra.run.smithi002.stdout:/usr/bin/ceph: stderr
2024-09-12T00:44:10.142+0000 7f855389b640 1 -- --> [v2:172.21.15.2:3300/0,v1:172.21.15.2:6789/0] -- mon_getmap magic: 0 -- 0x7f854c07be90 con 0x7f854c1082f0
2024-09-12T00:44:10.944 INFO:teuthology.orchestra.run.smithi002.stdout:/usr/bin/ceph: stderr
2024-09-12T00:44:10.142+0000 7f8551637640 1 --2- >> [v2:172.21.15.2:3300/0,v1:172.21.15.2:6789/0] conn(0x7f854c1082f0 0x7f854c10a6e0 unknown :-1 s=BANNER_CONNECTING pgs=0 cs=0 l=0 rev1=0 crypto rx=0 tx=0 comp rx=0 tx=0)._handle_peer_banner_payload supported=3 required=0
2024-09-12T00:44:10.945 INFO:teuthology.orchestra.run.smithi002.stdout:/usr/bin/ceph: stderr
2024-09-12T00:44:10.142+0000 7f8551637640 1 --2- >> [v2:172.21.15.2:3300/0,v1:172.21.15.2:6789/0] conn(0x7f854c1082f0 0x7f854c10a6e0 unknown :-1 s=HELLO_CONNECTING pgs=0 cs=0 l=0 rev1=1 crypto rx=0 tx=0 comp rx=0 tx=0).handle_hello peer v2:172.21.15.2:3300/0 says I am v2:172.21.15.2:52208/0 (socket says 172.21.15.2:52208)
2024-09-12T00:44:10.945 INFO:teuthology.orchestra.run.smithi002.stdout:/usr/bin/ceph: stderr
2024-09-12T00:44:10.142+0000 7f8551637640 1 -- 172.21.15.2:0/2219317262 learned_addr learned my addr 172.21.15.2:0/2219317262 (peer_addr_for_me v2:172.21.15.2:0/0)
2024-09-12T00:44:10.945 INFO:teuthology.orchestra.run.smithi002.stdout:/usr/bin/ceph: stderr
2024-09-12T00:44:10.143+0000 7f8551637640 1 -- 172.21.15.2:0/2219317262 --> [v2:172.21.15.2:3300/0,v1:172.21.15.2:6789/0] -- mon_subscribe({config=0+,monmap=0+}) -- 0x7f854c10ac20 con 0x7f854c1082f0
2024-09-12T00:44:10.945 INFO:teuthology.orchestra.run.smithi002.stdout:/usr/bin/ceph: stderr
2024-09-12T00:44:10.143+0000 7f8551637640 1 --2- 172.21.15.2:0/2219317262 >> [v2:172.21.15.2:3300/0,v1:172.21.15.2:6789/0] conn(0x7f854c1082f0 0x7f854c10a6e0 secure :-1 s=READY pgs=47 cs=0 l=1 rev1=1 crypto rx=0x7f8548009820 tx=0x7f854802a270 comp rx=0 tx=0).ready entity=mon.0 client_cookie=c248b301dca0dab5 server_cookie=0 in_seq=0 out_seq=0
2024-09-12T00:44:10.945 INFO:teuthology.orchestra.run.smithi002.stdout:/usr/bin/ceph: stderr
2024-09-12T00:44:10.143+0000 7f8543fff640 1 -- 172.21.15.2:0/2219317262 <== mon.0 v2:172.21.15.2:3300/0 1 ==== mon_map magic: 0 ==== 205+0+0 (secure 0 0 0) 0x7f8548037070 con 0x7f854c1082f0
2024-09-12T00:44:10.945 INFO:teuthology.orchestra.run.smithi002.stdout:/usr/bin/ceph: stderr
2024-09-12T00:44:10.143+0000 7f8543fff640 1 -- 172.21.15.2:0/2219317262 <== mon.0 v2:172.21.15.2:3300/0 2 ==== config(27 keys) ==== 1140+0+0 (secure 0 0 0) 0x7f8548032920 con 0x7f854c1082f0
2024-09-12T00:44:10.945 INFO:teuthology.orchestra.run.smithi002.stdout:/usr/bin/ceph: stderr
2024-09-12T00:44:10.143+0000 7f8543fff640 1 -- 172.21.15.2:0/2219317262 <== mon.0 v2:172.21.15.2:3300/0 3 ==== mon_map magic: 0 ==== 205+0+0 (secure 0 0 0) 0x7f8548030810 con 0x7f854c1082f0
2024-09-12T00:44:10.945 INFO:teuthology.orchestra.run.smithi002.stdout:/usr/bin/ceph: stderr
2024-09-12T00:44:10.144+0000 7f855389b640 1 -- 172.21.15.2:0/2219317262 >> [v2:172.21.15.2:3300/0,v1:172.21.15.2:6789/0] conn(0x7f854c1082f0 msgr2=0x7f854c10a6e0 secure :-1 s=STATE_CONNECTION_ESTABLISHED l=1).mark_down
2024-09-12T00:44:10.945 INFO:teuthology.orchestra.run.smithi002.stdout:/usr/bin/ceph: stderr
2024-09-12T00:44:10.144+0000 7f855389b640 1 --2- 172.21.15.2:0/2219317262 >> [v2:172.21.15.2:3300/0,v1:172.21.15.2:6789/0] conn(0x7f854c1082f0 0x7f854c10a6e0 secure :-1 s=READY pgs=47 cs=0 l=1 rev1=1 crypto rx=0x7f8548009820 tx=0x7f854802a270 comp rx=0 tx=0).stop
2024-09-12T00:44:10.945 INFO:teuthology.orchestra.run.smithi002.stdout:/usr/bin/ceph: stderr
2024-09-12T00:44:10.144+0000 7f855389b640 1 -- 172.21.15.2:0/2219317262 shutdown_connections
2024-09-12T00:44:10.945 INFO:teuthology.orchestra.run.smithi002.stdout:/usr/bin/ceph: stderr
2024-09-12T00:44:10.144+0000 7f855389b640 1 --2- 172.21.15.2:0/2219317262 >> [v2:172.21.15.2:3300/0,v1:172.21.15.2:6789/0] conn(0x7f854c1082f0 0x7f854c10a6e0 unknown :-1 s=CLOSED pgs=47 cs=0 l=1 rev1=1 crypto rx=0 tx=0 comp rx=0 tx=0).stop
2024-09-12T00:44:10.945 INFO:teuthology.orchestra.run.smithi002.stdout:/usr/bin/ceph: stderr
2024-09-12T00:44:10.144+0000 7f855389b640 1 -- 172.21.15.2:0/2219317262 >> 172.21.15.2:0/2219317262 conn(0x7f854c101f10 msgr2=0x7f854c104350 unknown :-1 s=STATE_NONE l=0).mark_down
2024-09-12T00:44:10.945 INFO:teuthology.orchestra.run.smithi002.stdout:/usr/bin/ceph: stderr
2024-09-12T00:44:10.144+0000 7f855389b640 1 -- 172.21.15.2:0/2219317262 shutdown_connections
2024-09-12T00:44:10.946 INFO:teuthology.orchestra.run.smithi002.stdout:/usr/bin/ceph: stderr
2024-09-12T00:44:10.144+0000 7f855389b640 1 -- 172.21.15.2:0/2219317262 wait complete.
2024-09-12T00:44:10.946 INFO:teuthology.orchestra.run.smithi002.stdout:/usr/bin/ceph: stderr
2024-09-12T00:44:10.145+0000 7f855389b640 1 Processor -- start
2024-09-12T00:44:10.946 INFO:teuthology.orchestra.run.smithi002.stdout:/usr/bin/ceph: stderr
2024-09-12T00:44:10.145+0000 7f855389b640 1 -- start start
2024-09-12T00:44:10.946 INFO:teuthology.orchestra.run.smithi002.stdout:/usr/bin/ceph: stderr
2024-09-12T00:44:10.145+0000 7f855389b640 1 --2- >> [v2:172.21.15.2:3300/0,v1:172.21.15.2:6789/0] conn(0x7f854c1082f0 0x7f854c19b860 unknown :-1 s=NONE pgs=0 cs=0 l=1 rev1=0 crypto rx=0 tx=0 comp rx=0 tx=0).connect
2024-09-12T00:44:10.946 INFO:teuthology.orchestra.run.smithi002.stdout:/usr/bin/ceph: stderr
2024-09-12T00:44:10.145+0000 7f855389b640 1 -- --> [v2:172.21.15.2:3300/0,v1:172.21.15.2:6789/0] -- mon_getmap magic: 0 -- 0x7f854c10bc90 con 0x7f854c1082f0
2024-09-12T00:44:10.946 INFO:teuthology.orchestra.run.smithi002.stdout:/usr/bin/ceph: stderr
2024-09-12T00:44:10.145+0000 7f8551637640 1 --2- >> [v2:172.21.15.2:3300/0,v1:172.21.15.2:6789/0] conn(0x7f854c1082f0 0x7f854c19b860 unknown :-1 s=BANNER_CONNECTING pgs=0 cs=0 l=1 rev1=0 crypto rx=0 tx=0 comp rx=0 tx=0)._handle_peer_banner_payload supported=3 required=0
2024-09-12T00:44:10.946 INFO:teuthology.orchestra.run.smithi002.stdout:/usr/bin/ceph: stderr
2024-09-12T00:44:10.145+0000 7f8551637640 1 --2- >> [v2:172.21.15.2:3300/0,v1:172.21.15.2:6789/0] conn(0x7f854c1082f0 0x7f854c19b860 unknown :-1 s=HELLO_CONNECTING pgs=0 cs=0 l=1 rev1=1 crypto rx=0 tx=0 comp rx=0 tx=0).handle_hello peer v2:172.21.15.2:3300/0 says I am v2:172.21.15.2:52224/0 (socket says 172.21.15.2:52224)
2024-09-12T00:44:10.946 INFO:teuthology.orchestra.run.smithi002.stdout:/usr/bin/ceph: stderr
2024-09-12T00:44:10.145+0000 7f8551637640 1 -- 172.21.15.2:0/489700285 learned_addr learned my addr 172.21.15.2:0/489700285 (peer_addr_for_me v2:172.21.15.2:0/0)
2024-09-12T00:44:10.946 INFO:teuthology.orchestra.run.smithi002.stdout:/usr/bin/ceph: stderr
2024-09-12T00:44:10.145+0000 7f8551637640 1 -- 172.21.15.2:0/489700285 --> [v2:172.21.15.2:3300/0,v1:172.21.15.2:6789/0] -- mon_subscribe({config=0+,monmap=0+}) -- 0x7f854c19bda0 con 0x7f854c1082f0
2024-09-12T00:44:10.946 INFO:teuthology.orchestra.run.smithi002.stdout:/usr/bin/ceph: stderr
2024-09-12T00:44:10.146+0000 7f8551637640 1 --2- 172.21.15.2:0/489700285 >> [v2:172.21.15.2:3300/0,v1:172.21.15.2:6789/0] conn(0x7f854c1082f0 0x7f854c19b860 secure :-1 s=READY pgs=48 cs=0 l=1 rev1=1 crypto rx=0x7f8548030380 tx=0x7f8548032670 comp rx=0 tx=0).ready entity=mon.0 client_cookie=0 server_cookie=0 in_seq=0 out_seq=0
2024-09-12T00:44:10.946 INFO:teuthology.orchestra.run.smithi002.stdout:/usr/bin/ceph: stderr
2024-09-12T00:44:10.146+0000 7f85427fc640 1 -- 172.21.15.2:0/489700285 <== mon.0 v2:172.21.15.2:3300/0 1 ==== mon_map magic: 0 ==== 205+0+0 (secure 0 0 0) 0x7f8548037040 con 0x7f854c1082f0
2024-09-12T00:44:10.946 INFO:teuthology.orchestra.run.smithi002.stdout:/usr/bin/ceph: stderr
2024-09-12T00:44:10.146+0000 7f85427fc640 1 -- 172.21.15.2:0/489700285 <== mon.0 v2:172.21.15.2:3300/0 2 ==== config(27 keys) ==== 1140+0+0 (secure 0 0 0) 0x7f8548040070 con 0x7f854c1082f0
2024-09-12T00:44:10.946 INFO:teuthology.orchestra.run.smithi002.stdout:/usr/bin/ceph: stderr
2024-09-12T00:44:10.146+0000 7f855389b640 1 -- 172.21.15.2:0/489700285 --> [v2:172.21.15.2:3300/0,v1:172.21.15.2:6789/0] -- mon_subscribe({mgrmap=0+}) -- 0x7f854c19c030 con 0x7f854c1082f0
2024-09-12T00:44:10.947 INFO:teuthology.orchestra.run.smithi002.stdout:/usr/bin/ceph: stderr
2024-09-12T00:44:10.146+0000 7f85427fc640 1 -- 172.21.15.2:0/489700285 <== mon.0 v2:172.21.15.2:3300/0 3 ==== mon_map magic: 0 ==== 205+0+0 (secure 0 0 0) 0x7f854803a7b0 con 0x7f854c1082f0
2024-09-12T00:44:10.947 INFO:teuthology.orchestra.run.smithi002.stdout:/usr/bin/ceph: stderr
2024-09-12T00:44:10.146+0000 7f855389b640 1 -- 172.21.15.2:0/489700285 --> [v2:172.21.15.2:3300/0,v1:172.21.15.2:6789/0] -- mon_subscribe({osdmap=0}) -- 0x7f854c19ed20 con 0x7f854c1082f0
2024-09-12T00:44:10.947 INFO:teuthology.orchestra.run.smithi002.stdout:/usr/bin/ceph: stderr
2024-09-12T00:44:10.147+0000 7f85427fc640 1 -- 172.21.15.2:0/489700285 <== mon.0 v2:172.21.15.2:3300/0 4 ==== mgrmap(e 8) ==== 46287+0+0 (secure 0 0 0) 0x7f854803b420 con 0x7f854c1082f0
2024-09-12T00:44:10.947 INFO:teuthology.orchestra.run.smithi002.stdout:/usr/bin/ceph: stderr
2024-09-12T00:44:10.147+0000 7f855389b640 1 -- 172.21.15.2:0/489700285 --> [v2:172.21.15.2:3300/0,v1:172.21.15.2:6789/0] -- mon_command({"prefix": "get_command_descriptions"} v 0) -- 0x7f854c108750 con 0x7f854c1082f0
2024-09-12T00:44:10.947 INFO:teuthology.orchestra.run.smithi002.stdout:/usr/bin/ceph: stderr
2024-09-12T00:44:10.147+0000 7f85427fc640 1 --2- 172.21.15.2:0/489700285 >> [v2:172.21.15.2:6800/975752128,v1:172.21.15.2:6801/975752128] conn(0x7f8538038fc0 0x7f853803b480 unknown :-1 s=NONE pgs=0 cs=0 l=1 rev1=0 crypto rx=0 tx=0 comp rx=0 tx=0).connect
2024-09-12T00:44:10.947 INFO:teuthology.orchestra.run.smithi002.stdout:/usr/bin/ceph: stderr
2024-09-12T00:44:10.147+0000 7f85427fc640 1 -- 172.21.15.2:0/489700285 <== mon.0 v2:172.21.15.2:3300/0 5 ==== osd_map(2..2 src has 1..2) ==== 940+0+0 (secure 0 0 0) 0x7f854806c5f0 con 0x7f854c1082f0
2024-09-12T00:44:10.947 INFO:teuthology.orchestra.run.smithi002.stdout:/usr/bin/ceph: stderr
2024-09-12T00:44:10.147+0000 7f8550e36640 1 --2- 172.21.15.2:0/489700285 >> [v2:172.21.15.2:6800/975752128,v1:172.21.15.2:6801/975752128] conn(0x7f8538038fc0 0x7f853803b480 unknown :-1 s=BANNER_CONNECTING pgs=0 cs=0 l=1 rev1=0 crypto rx=0 tx=0 comp rx=0 tx=0)._handle_peer_banner_payload supported=3 required=0
2024-09-12T00:44:10.947 INFO:teuthology.orchestra.run.smithi002.stdout:/usr/bin/ceph: stderr
2024-09-12T00:44:10.148+0000 7f8550e36640 1 --2- 172.21.15.2:0/489700285 >> [v2:172.21.15.2:6800/975752128,v1:172.21.15.2:6801/975752128] conn(0x7f8538038fc0 0x7f853803b480 secure :-1 s=READY pgs=13 cs=0 l=1 rev1=1 crypto rx=0x7f853c0098c0 tx=0x7f853c006db0 comp rx=0 tx=0).ready entity=mgr.14118 client_cookie=0 server_cookie=0 in_seq=0 out_seq=0
2024-09-12T00:44:10.947 INFO:teuthology.orchestra.run.smithi002.stdout:/usr/bin/ceph: stderr
2024-09-12T00:44:10.152+0000 7f85427fc640 1 -- 172.21.15.2:0/489700285 <== mon.0 v2:172.21.15.2:3300/0 6 ==== mon_command_ack([{"prefix": "get_command_descriptions"}]=0 v0) ==== 72+0+188821 (secure 0 0 0) 0x7f854804a200 con 0x7f854c1082f0
2024-09-12T00:44:10.947 INFO:teuthology.orchestra.run.smithi002.stdout:/usr/bin/ceph: stderr
2024-09-12T00:44:10.359+0000 7f855389b640 1 -- 172.21.15.2:0/489700285 --> [v2:172.21.15.2:6800/975752128,v1:172.21.15.2:6801/975752128] -- mgr_command(tid 0: {"prefix": "orch apply", "service_type": "mgr", "unmanaged": true, "target": ["mon-mgr", ""]}) -- 0x7f854c103240 con 0x7f8538038fc0
2024-09-12T00:44:10.947 INFO:teuthology.orchestra.run.smithi002.stdout:/usr/bin/ceph: stderr
2024-09-12T00:44:10.364+0000 7f85427fc640 1 -- 172.21.15.2:0/489700285 <== mgr.14118 v2:172.21.15.2:6800/975752128 1 ==== mgr_command_reply(tid 0: 0 ) ==== 8+0+24 (secure 0 0 0) 0x7f854c103240 con 0x7f8538038fc0
2024-09-12T00:44:10.947 INFO:teuthology.orchestra.run.smithi002.stdout:/usr/bin/ceph: stderr
2024-09-12T00:44:10.366+0000 7f855389b640 1 -- 172.21.15.2:0/489700285 >> [v2:172.21.15.2:6800/975752128,v1:172.21.15.2:6801/975752128] conn(0x7f8538038fc0 msgr2=0x7f853803b480 secure :-1 s=STATE_CONNECTION_ESTABLISHED l=1).mark_down
2024-09-12T00:44:10.948 INFO:teuthology.orchestra.run.smithi002.stdout:/usr/bin/ceph: stderr
2024-09-12T00:44:10.366+0000 7f855389b640 1 --2- 172.21.15.2:0/489700285 >> [v2:172.21.15.2:6800/975752128,v1:172.21.15.2:6801/975752128] conn(0x7f8538038fc0 0x7f853803b480 secure :-1 s=READY pgs=13 cs=0 l=1 rev1=1 crypto rx=0x7f853c0098c0 tx=0x7f853c006db0 comp rx=0 tx=0).stop
2024-09-12T00:44:10.948 INFO:teuthology.orchestra.run.smithi002.stdout:/usr/bin/ceph: stderr
2024-09-12T00:44:10.366+0000 7f855389b640 1 -- 172.21.15.2:0/489700285 >> [v2:172.21.15.2:3300/0,v1:172.21.15.2:6789/0] conn(0x7f854c1082f0 msgr2=0x7f854c19b860 secure :-1 s=STATE_CONNECTION_ESTABLISHED l=1).mark_down
2024-09-12T00:44:10.948 INFO:teuthology.orchestra.run.smithi002.stdout:/usr/bin/ceph: stderr
2024-09-12T00:44:10.366+0000 7f855389b640 1 --2- 172.21.15.2:0/489700285 >> [v2:172.21.15.2:3300/0,v1:172.21.15.2:6789/0] conn(0x7f854c1082f0 0x7f854c19b860 secure :-1 s=READY pgs=48 cs=0 l=1 rev1=1 crypto rx=0x7f8548030380 tx=0x7f8548032670 comp rx=0 tx=0).stop
2024-09-12T00:44:10.948 INFO:teuthology.orchestra.run.smithi002.stdout:/usr/bin/ceph: stderr
2024-09-12T00:44:10.366+0000 7f855389b640 1 -- 172.21.15.2:0/489700285 shutdown_connections
2024-09-12T00:44:10.948 INFO:teuthology.orchestra.run.smithi002.stdout:/usr/bin/ceph: stderr
2024-09-12T00:44:10.366+0000 7f855389b640 1 --2- 172.21.15.2:0/489700285 >> [v2:172.21.15.2:6800/975752128,v1:172.21.15.2:6801/975752128] conn(0x7f8538038fc0 0x7f853803b480 unknown :-1 s=CLOSED pgs=13 cs=0 l=1 rev1=1 crypto rx=0 tx=0 comp rx=0 tx=0).stop
2024-09-12T00:44:10.948 INFO:teuthology.orchestra.run.smithi002.stdout:/usr/bin/ceph: stderr
2024-09-12T00:44:10.366+0000 7f855389b640 1 --2- 172.21.15.2:0/489700285 >> [v2:172.21.15.2:3300/0,v1:172.21.15.2:6789/0] conn(0x7f854c1082f0 0x7f854c19b860 unknown :-1 s=CLOSED pgs=48 cs=0 l=1 rev1=1 crypto rx=0 tx=0 comp rx=0 tx=0).stop
2024-09-12T00:44:10.948 INFO:teuthology.orchestra.run.smithi002.stdout:/usr/bin/ceph: stderr
2024-09-12T00:44:10.366+0000 7f855389b640 1 -- 172.21.15.2:0/489700285 >> 172.21.15.2:0/489700285 conn(0x7f854c101f10 msgr2=0x7f854c102b30 unknown :-1 s=STATE_NONE l=0).mark_down
2024-09-12T00:44:10.948 INFO:teuthology.orchestra.run.smithi002.stdout:/usr/bin/ceph: stderr
2024-09-12T00:44:10.366+0000 7f855389b640 1 -- 172.21.15.2:0/489700285 shutdown_connections
2024-09-12T00:44:10.948 INFO:teuthology.orchestra.run.smithi002.stdout:/usr/bin/ceph: stderr
2024-09-12T00:44:10.366+0000 7f855389b640 1 -- 172.21.15.2:0/489700285 wait complete.
2024-09-12T00:44:11.245 INFO:journalctl@ceph.mon.a.smithi002.stdout:Sep 12 00:44:10 smithi002 ceph-mon[31210]: from='mgr.14118 172.21.15.2:0/4130006593' entity='mgr.x'
2024-09-12T00:44:11.245 INFO:journalctl@ceph.mon.a.smithi002.stdout:Sep 12 00:44:10 smithi002 ceph-mon[31210]: from='mgr.14118 172.21.15.2:0/4130006593' entity='mgr.x'
2024-09-12T00:44:11.245 INFO:journalctl@ceph.mon.a.smithi002.stdout:Sep 12 00:44:10 smithi002 ceph-mon[31210]: from='client.14142 -' entity='client.admin' cmd=[{"prefix": "orch apply", "service_type": "mgr", "unmanaged": true, "target": ["mon-mgr", ""]}]: dispatch
2024-09-12T00:44:11.245 INFO:journalctl@ceph.mon.a.smithi002.stdout:Sep 12 00:44:10 smithi002 ceph-mon[31210]: Saving service mgr spec with placement count:2
2024-09-12T00:44:11.245 INFO:journalctl@ceph.mon.a.smithi002.stdout:Sep 12 00:44:10 smithi002 ceph-mon[31210]: from='mgr.14118 172.21.15.2:0/4130006593' entity='mgr.x'
2024-09-12T00:44:12.971 INFO:journalctl@ceph.mon.a.smithi002.stdout:Sep 12 00:44:12 smithi002 ceph-mon[31210]: from='client.? 172.21.15.2:0/898079444' entity='client.admin'
2024-09-12T00:44:12.971 INFO:journalctl@ceph.mon.a.smithi002.stdout:Sep 12 00:44:12 smithi002 ceph-mon[31210]: from='mgr.14118 172.21.15.2:0/4130006593' entity='mgr.x'
2024-09-12T00:44:12.981 INFO:teuthology.orchestra.run.smithi002.stdout:/usr/bin/ceph: stderr
2024-09-12T00:44:11.349+0000 7f01ed3e0640 1 Processor -- start
2024-09-12T00:44:12.981 INFO:teuthology.orchestra.run.smithi002.stdout:/usr/bin/ceph: stderr
2024-09-12T00:44:11.349+0000 7f01ed3e0640 1 -- start start
2024-09-12T00:44:12.981 INFO:teuthology.orchestra.run.smithi002.stdout:/usr/bin/ceph: stderr
2024-09-12T00:44:11.350+0000 7f01ed3e0640 1 --2- >> [v2:172.21.15.2:3300/0,v1:172.21.15.2:6789/0] conn(0x7f01e8107900 0x7f01e8107d00 unknown :-1 s=NONE pgs=0 cs=0 l=0 rev1=0 crypto rx=0 tx=0 comp rx=0 tx=0).connect
2024-09-12T00:44:12.981 INFO:teuthology.orchestra.run.smithi002.stdout:/usr/bin/ceph: stderr
2024-09-12T00:44:11.350+0000 7f01ed3e0640 1 -- --> [v2:172.21.15.2:3300/0,v1:172.21.15.2:6789/0] -- mon_getmap magic: 0 -- 0x7f01e81082d0 con 0x7f01e8107900
2024-09-12T00:44:12.981 INFO:teuthology.orchestra.run.smithi002.stdout:/usr/bin/ceph: stderr
2024-09-12T00:44:11.350+0000 7f01e6ffd640 1 --2- >> [v2:172.21.15.2:3300/0,v1:172.21.15.2:6789/0] conn(0x7f01e8107900 0x7f01e8107d00 unknown :-1 s=BANNER_CONNECTING pgs=0 cs=0 l=0 rev1=0 crypto rx=0 tx=0 comp rx=0 tx=0)._handle_peer_banner_payload supported=3 required=0
2024-09-12T00:44:12.982 INFO:teuthology.orchestra.run.smithi002.stdout:/usr/bin/ceph: stderr
2024-09-12T00:44:11.350+0000 7f01e6ffd640 1 --2- >> [v2:172.21.15.2:3300/0,v1:172.21.15.2:6789/0] conn(0x7f01e8107900 0x7f01e8107d00 unknown :-1 s=HELLO_CONNECTING pgs=0 cs=0 l=0 rev1=1 crypto rx=0 tx=0 comp rx=0 tx=0).handle_hello peer v2:172.21.15.2:3300/0 says I am v2:172.21.15.2:52228/0 (socket says 172.21.15.2:52228)
2024-09-12T00:44:12.982 INFO:teuthology.orchestra.run.smithi002.stdout:/usr/bin/ceph: stderr
2024-09-12T00:44:11.350+0000 7f01e6ffd640 1 -- 172.21.15.2:0/2040811471 learned_addr learned my addr 172.21.15.2:0/2040811471 (peer_addr_for_me v2:172.21.15.2:0/0)
2024-09-12T00:44:12.982 INFO:teuthology.orchestra.run.smithi002.stdout:/usr/bin/ceph: stderr
2024-09-12T00:44:11.350+0000 7f01e6ffd640 1 -- 172.21.15.2:0/2040811471 --> [v2:172.21.15.2:3300/0,v1:172.21.15.2:6789/0] -- mon_subscribe({config=0+,monmap=0+}) -- 0x7f01e8108b00 con 0x7f01e8107900
2024-09-12T00:44:12.982 INFO:teuthology.orchestra.run.smithi002.stdout:/usr/bin/ceph: stderr
2024-09-12T00:44:11.351+0000 7f01e6ffd640 1 --2- 172.21.15.2:0/2040811471 >> [v2:172.21.15.2:3300/0,v1:172.21.15.2:6789/0] conn(0x7f01e8107900 0x7f01e8107d00 secure :-1 s=READY pgs=49 cs=0 l=1 rev1=1 crypto rx=0x7f01d8009820 tx=0x7f01d802a270 comp rx=0 tx=0).ready entity=mon.0 client_cookie=4eac74b0fd94360 server_cookie=0 in_seq=0 out_seq=0
2024-09-12T00:44:12.982 INFO:teuthology.orchestra.run.smithi002.stdout:/usr/bin/ceph: stderr
2024-09-12T00:44:11.351+0000 7f01e5ffb640 1 -- 172.21.15.2:0/2040811471 <== mon.0 v2:172.21.15.2:3300/0 1 ==== mon_map magic: 0 ==== 205+0+0 (secure 0 0 0) 0x7f01d8037070 con 0x7f01e8107900
2024-09-12T00:44:12.982 INFO:teuthology.orchestra.run.smithi002.stdout:/usr/bin/ceph: stderr
2024-09-12T00:44:11.351+0000 7f01e5ffb640 1 -- 172.21.15.2:0/2040811471 <== mon.0 v2:172.21.15.2:3300/0 2 ==== config(27 keys) ==== 1140+0+0 (secure 0 0 0) 0x7f01d8032920 con 0x7f01e8107900
2024-09-12T00:44:12.982 INFO:teuthology.orchestra.run.smithi002.stdout:/usr/bin/ceph: stderr
2024-09-12T00:44:11.351+0000 7f01e5ffb640 1 -- 172.21.15.2:0/2040811471 <== mon.0 v2:172.21.15.2:3300/0 3 ==== mon_map magic: 0 ==== 205+0+0 (secure 0 0 0) 0x7f01d8030810 con 0x7f01e8107900
2024-09-12T00:44:12.982 INFO:teuthology.orchestra.run.smithi002.stdout:/usr/bin/ceph: stderr
2024-09-12T00:44:11.352+0000 7f01ed3e0640 1 -- 172.21.15.2:0/2040811471 >> [v2:172.21.15.2:3300/0,v1:172.21.15.2:6789/0] conn(0x7f01e8107900 msgr2=0x7f01e8107d00 secure :-1 s=STATE_CONNECTION_ESTABLISHED l=1).mark_down
2024-09-12T00:44:12.982 INFO:teuthology.orchestra.run.smithi002.stdout:/usr/bin/ceph: stderr
2024-09-12T00:44:11.352+0000 7f01ed3e0640 1 --2- 172.21.15.2:0/2040811471 >> [v2:172.21.15.2:3300/0,v1:172.21.15.2:6789/0] conn(0x7f01e8107900 0x7f01e8107d00 secure :-1 s=READY pgs=49 cs=0 l=1 rev1=1 crypto rx=0x7f01d8009820 tx=0x7f01d802a270 comp rx=0 tx=0).stop
2024-09-12T00:44:12.983 INFO:teuthology.orchestra.run.smithi002.stdout:/usr/bin/ceph: stderr
2024-09-12T00:44:11.352+0000 7f01ed3e0640 1 -- 172.21.15.2:0/2040811471 shutdown_connections
2024-09-12T00:44:12.983 INFO:teuthology.orchestra.run.smithi002.stdout:/usr/bin/ceph: stderr
2024-09-12T00:44:11.352+0000 7f01ed3e0640 1 --2- 172.21.15.2:0/2040811471 >> [v2:172.21.15.2:3300/0,v1:172.21.15.2:6789/0] conn(0x7f01e8107900 0x7f01e8107d00 unknown :-1 s=CLOSED pgs=49 cs=0 l=1 rev1=1 crypto rx=0 tx=0 comp rx=0 tx=0).stop
2024-09-12T00:44:12.983 INFO:teuthology.orchestra.run.smithi002.stdout:/usr/bin/ceph: stderr
2024-09-12T00:44:11.352+0000 7f01ed3e0640 1 -- 172.21.15.2:0/2040811471 >> 172.21.15.2:0/2040811471 conn(0x7f01e81030b0 msgr2=0x7f01e81054d0 unknown :-1 s=STATE_NONE l=0).mark_down
2024-09-12T00:44:12.983 INFO:teuthology.orchestra.run.smithi002.stdout:/usr/bin/ceph: stderr
2024-09-12T00:44:11.352+0000 7f01ed3e0640 1 -- 172.21.15.2:0/2040811471 shutdown_connections
2024-09-12T00:44:12.983 INFO:teuthology.orchestra.run.smithi002.stdout:/usr/bin/ceph: stderr
2024-09-12T00:44:11.352+0000 7f01ed3e0640 1 -- 172.21.15.2:0/2040811471 wait complete.
2024-09-12T00:44:12.983 INFO:teuthology.orchestra.run.smithi002.stdout:/usr/bin/ceph: stderr
2024-09-12T00:44:11.352+0000 7f01ed3e0640 1 Processor -- start
2024-09-12T00:44:12.983 INFO:teuthology.orchestra.run.smithi002.stdout:/usr/bin/ceph: stderr
2024-09-12T00:44:11.353+0000 7f01ed3e0640 1 -- start start
2024-09-12T00:44:12.983 INFO:teuthology.orchestra.run.smithi002.stdout:/usr/bin/ceph: stderr
2024-09-12T00:44:11.353+0000 7f01ed3e0640 1 --2- >> [v2:172.21.15.2:3300/0,v1:172.21.15.2:6789/0] conn(0x7f01e8107900 0x7f01e819b8c0 unknown :-1 s=NONE pgs=0 cs=0 l=1 rev1=0 crypto rx=0 tx=0 comp rx=0 tx=0).connect
2024-09-12T00:44:12.983 INFO:teuthology.orchestra.run.smithi002.stdout:/usr/bin/ceph: stderr
2024-09-12T00:44:11.353+0000 7f01ed3e0640 1 -- --> [v2:172.21.15.2:3300/0,v1:172.21.15.2:6789/0] -- mon_getmap magic: 0 -- 0x7f01e810beb0 con 0x7f01e8107900
2024-09-12T00:44:12.983 INFO:teuthology.orchestra.run.smithi002.stdout:/usr/bin/ceph: stderr
2024-09-12T00:44:11.353+0000 7f01e6ffd640 1 --2- >> [v2:172.21.15.2:3300/0,v1:172.21.15.2:6789/0] conn(0x7f01e8107900 0x7f01e819b8c0 unknown :-1 s=BANNER_CONNECTING pgs=0 cs=0 l=1 rev1=0 crypto rx=0 tx=0 comp rx=0 tx=0)._handle_peer_banner_payload supported=3 required=0
2024-09-12T00:44:12.984 INFO:teuthology.orchestra.run.smithi002.stdout:/usr/bin/ceph: stderr
2024-09-12T00:44:11.353+0000 7f01e6ffd640 1 --2- >> [v2:172.21.15.2:3300/0,v1:172.21.15.2:6789/0] conn(0x7f01e8107900 0x7f01e819b8c0 unknown :-1 s=HELLO_CONNECTING pgs=0 cs=0 l=1 rev1=1 crypto rx=0 tx=0 comp rx=0 tx=0).handle_hello peer v2:172.21.15.2:3300/0 says I am v2:172.21.15.2:52236/0 (socket says 172.21.15.2:52236)
2024-09-12T00:44:12.984 INFO:teuthology.orchestra.run.smithi002.stdout:/usr/bin/ceph: stderr
2024-09-12T00:44:11.353+0000 7f01e6ffd640 1 -- 172.21.15.2:0/898079444 learned_addr learned my addr 172.21.15.2:0/898079444 (peer_addr_for_me v2:172.21.15.2:0/0)
2024-09-12T00:44:12.984 INFO:teuthology.orchestra.run.smithi002.stdout:/usr/bin/ceph: stderr
2024-09-12T00:44:11.353+0000 7f01e6ffd640 1 -- 172.21.15.2:0/898079444 --> [v2:172.21.15.2:3300/0,v1:172.21.15.2:6789/0] -- mon_subscribe({config=0+,monmap=0+}) -- 0x7f01e819be00 con 0x7f01e8107900
2024-09-12T00:44:12.984 INFO:teuthology.orchestra.run.smithi002.stdout:/usr/bin/ceph: stderr
2024-09-12T00:44:11.353+0000 7f01e6ffd640 1 --2- 172.21.15.2:0/898079444 >> [v2:172.21.15.2:3300/0,v1:172.21.15.2:6789/0] conn(0x7f01e8107900 0x7f01e819b8c0 secure :-1 s=READY pgs=50 cs=0 l=1 rev1=1 crypto rx=0x7f01d8030560 tx=0x7f01d8032670 comp rx=0 tx=0).ready entity=mon.0 client_cookie=0 server_cookie=0 in_seq=0 out_seq=0
2024-09-12T00:44:12.984 INFO:teuthology.orchestra.run.smithi002.stdout:/usr/bin/ceph: stderr
2024-09-12T00:44:11.353+0000 7f01cffff640 1 -- 172.21.15.2:0/898079444 <== mon.0 v2:172.21.15.2:3300/0 1 ==== mon_map magic: 0 ==== 205+0+0 (secure 0 0 0) 0x7f01d8037040 con 0x7f01e8107900
2024-09-12T00:44:12.984 INFO:teuthology.orchestra.run.smithi002.stdout:/usr/bin/ceph: stderr
2024-09-12T00:44:11.353+0000 7f01ed3e0640 1 -- 172.21.15.2:0/898079444 --> [v2:172.21.15.2:3300/0,v1:172.21.15.2:6789/0] -- mon_subscribe({mgrmap=0+}) -- 0x7f01e819c090 con 0x7f01e8107900
2024-09-12T00:44:12.984 INFO:teuthology.orchestra.run.smithi002.stdout:/usr/bin/ceph: stderr
2024-09-12T00:44:11.354+0000 7f01cffff640 1 -- 172.21.15.2:0/898079444 <== mon.0 v2:172.21.15.2:3300/0 2 ==== config(27 keys) ==== 1140+0+0 (secure 0 0 0) 0x7f01d8040070 con 0x7f01e8107900
2024-09-12T00:44:12.984 INFO:teuthology.orchestra.run.smithi002.stdout:/usr/bin/ceph: stderr
2024-09-12T00:44:11.354+0000 7f01cffff640 1 -- 172.21.15.2:0/898079444 <== mon.0 v2:172.21.15.2:3300/0 3 ==== mon_map magic: 0 ==== 205+0+0 (secure 0 0 0) 0x7f01d803a6d0 con 0x7f01e8107900
2024-09-12T00:44:12.984 INFO:teuthology.orchestra.run.smithi002.stdout:/usr/bin/ceph: stderr
2024-09-12T00:44:11.354+0000 7f01ed3e0640 1 -- 172.21.15.2:0/898079444 --> [v2:172.21.15.2:3300/0,v1:172.21.15.2:6789/0] -- mon_subscribe({osdmap=0}) -- 0x7f01e819ed80 con 0x7f01e8107900
2024-09-12T00:44:12.985 INFO:teuthology.orchestra.run.smithi002.stdout:/usr/bin/ceph: stderr
2024-09-12T00:44:11.354+0000 7f01cffff640 1 -- 172.21.15.2:0/898079444 <== mon.0 v2:172.21.15.2:3300/0 4 ==== mgrmap(e 8) ==== 46287+0+0 (secure 0 0 0) 0x7f01d803a940 con 0x7f01e8107900
2024-09-12T00:44:12.985 INFO:teuthology.orchestra.run.smithi002.stdout:/usr/bin/ceph: stderr
2024-09-12T00:44:11.355+0000 7f01cffff640 1 --2- 172.21.15.2:0/898079444 >> [v2:172.21.15.2:6800/975752128,v1:172.21.15.2:6801/975752128] conn(0x7f01d0038f70 0x7f01d003b430 unknown :-1 s=NONE pgs=0 cs=0 l=1 rev1=0 crypto rx=0 tx=0 comp rx=0 tx=0).connect
2024-09-12T00:44:12.985 INFO:teuthology.orchestra.run.smithi002.stdout:/usr/bin/ceph: stderr
2024-09-12T00:44:11.355+0000 7f01ed3e0640 1 -- 172.21.15.2:0/898079444 --> [v2:172.21.15.2:3300/0,v1:172.21.15.2:6789/0] -- mon_command({"prefix": "get_command_descriptions"} v 0) -- 0x7f01e8107d80 con 0x7f01e8107900
2024-09-12T00:44:12.985 INFO:teuthology.orchestra.run.smithi002.stdout:/usr/bin/ceph: stderr
2024-09-12T00:44:11.355+0000 7f01cffff640 1 -- 172.21.15.2:0/898079444 <== mon.0 v2:172.21.15.2:3300/0 5 ==== osd_map(2..2 src has 1..2) ==== 940+0+0 (secure 0 0 0) 0x7f01d806c6a0 con 0x7f01e8107900
2024-09-12T00:44:12.985 INFO:teuthology.orchestra.run.smithi002.stdout:/usr/bin/ceph: stderr
2024-09-12T00:44:11.355+0000 7f01e67fc640 1 --2- 172.21.15.2:0/898079444 >> [v2:172.21.15.2:6800/975752128,v1:172.21.15.2:6801/975752128] conn(0x7f01d0038f70 0x7f01d003b430 unknown :-1 s=BANNER_CONNECTING pgs=0 cs=0 l=1 rev1=0 crypto rx=0 tx=0 comp rx=0 tx=0)._handle_peer_banner_payload supported=3 required=0
2024-09-12T00:44:12.985 INFO:teuthology.orchestra.run.smithi002.stdout:/usr/bin/ceph: stderr
2024-09-12T00:44:11.355+0000 7f01e67fc640 1 --2- 172.21.15.2:0/898079444 >> [v2:172.21.15.2:6800/975752128,v1:172.21.15.2:6801/975752128] conn(0x7f01d0038f70 0x7f01d003b430 secure :-1 s=READY pgs=14 cs=0 l=1 rev1=1 crypto rx=0x7f01dc0098c0 tx=0x7f01dc006db0 comp rx=0 tx=0).ready entity=mgr.14118 client_cookie=0 server_cookie=0 in_seq=0 out_seq=0
2024-09-12T00:44:12.985 INFO:teuthology.orchestra.run.smithi002.stdout:/usr/bin/ceph: stderr
2024-09-12T00:44:11.359+0000 7f01cffff640 1 -- 172.21.15.2:0/898079444 <== mon.0 v2:172.21.15.2:3300/0 6 ==== mon_command_ack([{"prefix": "get_command_descriptions"}]=0 v0) ==== 72+0+188821 (secure 0 0 0) 0x7f01d8044c70 con 0x7f01e8107900
2024-09-12T00:44:12.985 INFO:teuthology.orchestra.run.smithi002.stdout:/usr/bin/ceph: stderr
2024-09-12T00:44:11.567+0000 7f01ed3e0640 1 -- 172.21.15.2:0/898079444 --> [v2:172.21.15.2:3300/0,v1:172.21.15.2:6789/0] -- mon_command([{prefix=config set, name=mgr/cephadm/container_init}] v 0) -- 0x7f01e819f350 con 0x7f01e8107900
2024-09-12T00:44:12.985 INFO:teuthology.orchestra.run.smithi002.stdout:/usr/bin/ceph: stderr
2024-09-12T00:44:11.569+0000 7f01cffff640 1 -- 172.21.15.2:0/898079444 <== mon.0 v2:172.21.15.2:3300/0 7 ==== mon_command_ack([{prefix=config set, name=mgr/cephadm/container_init}]=0 v7)=0 v7) ==== 142+0+0 (secure 0 0 0) 0x7f01d8045980 con 0x7f01e8107900
2024-09-12T00:44:12.985 INFO:teuthology.orchestra.run.smithi002.stdout:/usr/bin/ceph: stderr
2024-09-12T00:44:11.572+0000 7f01ed3e0640 1 -- 172.21.15.2:0/898079444 >> [v2:172.21.15.2:6800/975752128,v1:172.21.15.2:6801/975752128] conn(0x7f01d0038f70 msgr2=0x7f01d003b430 secure :-1 s=STATE_CONNECTION_ESTABLISHED l=1).mark_down
2024-09-12T00:44:12.985 INFO:teuthology.orchestra.run.smithi002.stdout:/usr/bin/ceph: stderr
2024-09-12T00:44:11.572+0000 7f01ed3e0640 1 --2- 172.21.15.2:0/898079444 >> [v2:172.21.15.2:6800/975752128,v1:172.21.15.2:6801/975752128] conn(0x7f01d0038f70 0x7f01d003b430 secure :-1 s=READY pgs=14 cs=0 l=1 rev1=1 crypto rx=0x7f01dc0098c0 tx=0x7f01dc006db0 comp rx=0 tx=0).stop
2024-09-12T00:44:12.986 INFO:teuthology.orchestra.run.smithi002.stdout:/usr/bin/ceph: stderr
2024-09-12T00:44:11.572+0000 7f01ed3e0640 1 -- 172.21.15.2:0/898079444 >> [v2:172.21.15.2:3300/0,v1:172.21.15.2:6789/0] conn(0x7f01e8107900 msgr2=0x7f01e819b8c0 secure :-1 s=STATE_CONNECTION_ESTABLISHED l=1).mark_down
2024-09-12T00:44:12.986 INFO:teuthology.orchestra.run.smithi002.stdout:/usr/bin/ceph: stderr
2024-09-12T00:44:11.572+0000 7f01ed3e0640 1 --2- 172.21.15.2:0/898079444 >> [v2:172.21.15.2:3300/0,v1:172.21.15.2:6789/0] conn(0x7f01e8107900 0x7f01e819b8c0 secure :-1 s=READY pgs=50 cs=0 l=1 rev1=1 crypto rx=0x7f01d8030560 tx=0x7f01d8032670 comp rx=0 tx=0).stop
2024-09-12T00:44:12.986 INFO:teuthology.orchestra.run.smithi002.stdout:/usr/bin/ceph: stderr
2024-09-12T00:44:11.572+0000 7f01ed3e0640 1 -- 172.21.15.2:0/898079444 shutdown_connections
2024-09-12T00:44:12.986 INFO:teuthology.orchestra.run.smithi002.stdout:/usr/bin/ceph: stderr
2024-09-12T00:44:11.572+0000 7f01ed3e0640 1 --2- 172.21.15.2:0/898079444 >> [v2:172.21.15.2:6800/975752128,v1:172.21.15.2:6801/975752128] conn(0x7f01d0038f70 0x7f01d003b430 unknown :-1 s=CLOSED pgs=14 cs=0 l=1 rev1=1 crypto rx=0 tx=0 comp rx=0 tx=0).stop
2024-09-12T00:44:12.986 INFO:teuthology.orchestra.run.smithi002.stdout:/usr/bin/ceph: stderr
2024-09-12T00:44:11.572+0000 7f01ed3e0640 1 --2- 172.21.15.2:0/898079444 >> [v2:172.21.15.2:3300/0,v1:172.21.15.2:6789/0] conn(0x7f01e8107900 0x7f01e819b8c0 unknown :-1 s=CLOSED pgs=50 cs=0 l=1 rev1=1 crypto rx=0 tx=0 comp rx=0 tx=0).stop
2024-09-12T00:44:12.986 INFO:teuthology.orchestra.run.smithi002.stdout:/usr/bin/ceph: stderr
2024-09-12T00:44:11.572+0000 7f01ed3e0640 1 -- 172.21.15.2:0/898079444 >> 172.21.15.2:0/898079444 conn(0x7f01e81030b0 msgr2=0x7f01e8103c60 unknown :-1 s=STATE_NONE l=0).mark_down
2024-09-12T00:44:12.987 INFO:teuthology.orchestra.run.smithi002.stdout:/usr/bin/ceph: stderr
2024-09-12T00:44:11.572+0000 7f01ed3e0640 1 -- 172.21.15.2:0/898079444 shutdown_connections
2024-09-12T00:44:12.987 INFO:teuthology.orchestra.run.smithi002.stdout:/usr/bin/ceph: stderr
2024-09-12T00:44:11.572+0000 7f01ed3e0640 1 -- 172.21.15.2:0/898079444 wait complete.
