2024-09-12T00:53:52.492+0000 7f8e8dffb640 1 -- 172.21.15.3:0/3719477816 <== mon.0 v2:172.21.15.3:3300/0 6 ==== mon_command_ack([{"prefix": "get_command_descriptions"}]=0 v0) ==== 72+0+188821 (secure 0 0 0) 0x7f8e840328e0 con 0x7f8e90107830
2024-09-12T00:53:53.395 INFO:teuthology.orchestra.run.smithi003.stdout:/usr/bin/ceph: stderr
2024-09-12T00:53:52.681+0000 7f8e96bd9640 1 -- 172.21.15.3:0/3719477816 --> [v2:172.21.15.3:6800/1806523374,v1:172.21.15.3:6801/1806523374] -- mgr_command(tid 0: {"prefix": "orch apply", "service_type": "mgr", "unmanaged": true, "target": ["mon-mgr", ""]}) -- 0x7f8e90104350 con 0x7f8e80038f70
2024-09-12T00:53:53.396 INFO:teuthology.orchestra.run.smithi003.stdout:/usr/bin/ceph: stderr
2024-09-12T00:53:52.685+0000 7f8e8dffb640 1 -- 172.21.15.3:0/3719477816 <== mgr.14118 v2:172.21.15.3:6800/1806523374 1 ==== mgr_command_reply(tid 0: 0 ) ==== 8+0+24 (secure 0 0 0) 0x7f8e90104350 con 0x7f8e80038f70
2024-09-12T00:53:53.396 INFO:teuthology.orchestra.run.smithi003.stdout:/usr/bin/ceph: stderr
2024-09-12T00:53:52.687+0000 7f8e96bd9640 1 -- 172.21.15.3:0/3719477816 >> [v2:172.21.15.3:6800/1806523374,v1:172.21.15.3:6801/1806523374] conn(0x7f8e80038f70 msgr2=0x7f8e8003b430 secure :-1 s=STATE_CONNECTION_ESTABLISHED l=1).mark_down
2024-09-12T00:53:53.396 INFO:teuthology.orchestra.run.smithi003.stdout:/usr/bin/ceph: stderr
2024-09-12T00:53:52.687+0000 7f8e96bd9640 1 --2- 172.21.15.3:0/3719477816 >> [v2:172.21.15.3:6800/1806523374,v1:172.21.15.3:6801/1806523374] conn(0x7f8e80038f70 0x7f8e8003b430 secure :-1 s=READY pgs=13 cs=0 l=1 rev1=1 crypto rx=0x7f8e7c0098c0 tx=0x7f8e7c006db0 comp rx=0 tx=0).stop
2024-09-12T00:53:53.396 INFO:teuthology.orchestra.run.smithi003.stdout:/usr/bin/ceph: stderr
2024-09-12T00:53:52.687+0000 7f8e96bd9640 1 -- 172.21.15.3:0/3719477816 >> [v2:172.21.15.3:3300/0,v1:172.21.15.3:6789/0] conn(0x7f8e90107830 msgr2=0x7f8e9019b860 secure :-1 s=STATE_CONNECTION_ESTABLISHED l=1).mark_down
2024-09-12T00:53:53.396 INFO:teuthology.orchestra.run.smithi003.stdout:/usr/bin/ceph: stderr
2024-09-12T00:53:52.687+0000 7f8e96bd9640 1 --2- 172.21.15.3:0/3719477816 >> [v2:172.21.15.3:3300/0,v1:172.21.15.3:6789/0] conn(0x7f8e90107830 0x7f8e9019b860 secure :-1 s=READY pgs=48 cs=0 l=1 rev1=1 crypto rx=0x7f8e840306a0 tx=0x7f8e84032d70 comp rx=0 tx=0).stop
2024-09-12T00:53:53.396 INFO:teuthology.orchestra.run.smithi003.stdout:/usr/bin/ceph: stderr
2024-09-12T00:53:52.688+0000 7f8e96bd9640 1 -- 172.21.15.3:0/3719477816 shutdown_connections
2024-09-12T00:53:53.396 INFO:teuthology.orchestra.run.smithi003.stdout:/usr/bin/ceph: stderr
2024-09-12T00:53:52.688+0000 7f8e96bd9640 1 --2- 172.21.15.3:0/3719477816 >> [v2:172.21.15.3:6800/1806523374,v1:172.21.15.3:6801/1806523374] conn(0x7f8e80038f70 0x7f8e8003b430 unknown :-1 s=CLOSED pgs=13 cs=0 l=1 rev1=1 crypto rx=0 tx=0 comp rx=0 tx=0).stop
2024-09-12T00:53:53.396 INFO:teuthology.orchestra.run.smithi003.stdout:/usr/bin/ceph: stderr
2024-09-12T00:53:52.688+0000 7f8e96bd9640 1 --2- 172.21.15.3:0/3719477816 >> [v2:172.21.15.3:3300/0,v1:172.21.15.3:6789/0] conn(0x7f8e90107830 0x7f8e9019b860 unknown :-1 s=CLOSED pgs=48 cs=0 l=1 rev1=1 crypto rx=0 tx=0 comp rx=0 tx=0).stop
2024-09-12T00:53:53.396 INFO:teuthology.orchestra.run.smithi003.stdout:/usr/bin/ceph: stderr
2024-09-12T00:53:52.688+0000 7f8e96bd9640 1 -- 172.21.15.3:0/3719477816 >> 172.21.15.3:0/3719477816 conn(0x7f8e90103000 msgr2=0x7f8e90103c40 unknown :-1 s=STATE_NONE l=0).mark_down
2024-09-12T00:53:53.396 INFO:teuthology.orchestra.run.smithi003.stdout:/usr/bin/ceph: stderr
2024-09-12T00:53:52.688+0000 7f8e96bd9640 1 -- 172.21.15.3:0/3719477816 shutdown_connections
2024-09-12T00:53:53.396 INFO:teuthology.orchestra.run.smithi003.stdout:/usr/bin/ceph: stderr
2024-09-12T00:53:52.688+0000 7f8e96bd9640 1 -- 172.21.15.3:0/3719477816 wait complete.
2024-09-12T00:53:53.858 INFO:journalctl@ceph.mon.a.smithi003.stdout:Sep 12 00:53:53 smithi003 ceph-mon[31232]: from='client.14142 -' entity='client.admin' cmd=[{"prefix": "orch apply", "service_type": "mgr", "unmanaged": true, "target": ["mon-mgr", ""]}]: dispatch
2024-09-12T00:53:53.858 INFO:journalctl@ceph.mon.a.smithi003.stdout:Sep 12 00:53:53 smithi003 ceph-mon[31232]: Saving service mgr spec with placement count:2
2024-09-12T00:53:53.858 INFO:journalctl@ceph.mon.a.smithi003.stdout:Sep 12 00:53:53 smithi003 ceph-mon[31232]: from='mgr.14118 172.21.15.3:0/378655309' entity='mgr.x'
2024-09-12T00:53:54.874 INFO:teuthology.orchestra.run.smithi003.stdout:/usr/bin/ceph: stderr
2024-09-12T00:53:53.775+0000 7fe0e09c0640 1 Processor -- start
2024-09-12T00:53:54.874 INFO:teuthology.orchestra.run.smithi003.stdout:/usr/bin/ceph: stderr
2024-09-12T00:53:53.775+0000 7fe0e09c0640 1 -- start start
2024-09-12T00:53:54.874 INFO:teuthology.orchestra.run.smithi003.stdout:/usr/bin/ceph: stderr
2024-09-12T00:53:53.775+0000 7fe0e09c0640 1 --2- >> [v2:172.21.15.3:3300/0,v1:172.21.15.3:6789/0] conn(0x7fe0dc108200 0x7fe0dc10a5f0 unknown :-1 s=NONE pgs=0 cs=0 l=0 rev1=0 crypto rx=0 tx=0 comp rx=0 tx=0).connect
2024-09-12T00:53:54.874 INFO:teuthology.orchestra.run.smithi003.stdout:/usr/bin/ceph: stderr
2024-09-12T00:53:53.775+0000 7fe0e09c0640 1 -- --> [v2:172.21.15.3:3300/0,v1:172.21.15.3:6789/0] -- mon_getmap magic: 0 -- 0x7fe0dc07bea0 con 0x7fe0dc108200
2024-09-12T00:53:54.874 INFO:teuthology.orchestra.run.smithi003.stdout:/usr/bin/ceph: stderr
2024-09-12T00:53:53.775+0000 7fe0da59c640 1 --2- >> [v2:172.21.15.3:3300/0,v1:172.21.15.3:6789/0] conn(0x7fe0dc108200 0x7fe0dc10a5f0 unknown :-1 s=BANNER_CONNECTING pgs=0 cs=0 l=0 rev1=0 crypto rx=0 tx=0 comp rx=0 tx=0)._handle_peer_banner_payload supported=3 required=0
2024-09-12T00:53:54.874 INFO:teuthology.orchestra.run.smithi003.stdout:/usr/bin/ceph: stderr
2024-09-12T00:53:53.775+0000 7fe0da59c640 1 --2- >> [v2:172.21.15.3:3300/0,v1:172.21.15.3:6789/0] conn(0x7fe0dc108200 0x7fe0dc10a5f0 unknown :-1 s=HELLO_CONNECTING pgs=0 cs=0 l=0 rev1=1 crypto rx=0 tx=0 comp rx=0 tx=0).handle_hello peer v2:172.21.15.3:3300/0 says I am v2:172.21.15.3:55588/0 (socket says 172.21.15.3:55588)
2024-09-12T00:53:54.874 INFO:teuthology.orchestra.run.smithi003.stdout:/usr/bin/ceph: stderr
2024-09-12T00:53:53.775+0000 7fe0da59c640 1 -- 172.21.15.3:0/1359130240 learned_addr learned my addr 172.21.15.3:0/1359130240 (peer_addr_for_me v2:172.21.15.3:0/0)
2024-09-12T00:53:54.874 INFO:teuthology.orchestra.run.smithi003.stdout:/usr/bin/ceph: stderr
2024-09-12T00:53:53.776+0000 7fe0da59c640 1 -- 172.21.15.3:0/1359130240 --> [v2:172.21.15.3:3300/0,v1:172.21.15.3:6789/0] -- mon_subscribe({config=0+,monmap=0+}) -- 0x7fe0dc10ab30 con 0x7fe0dc108200
2024-09-12T00:53:54.874 INFO:teuthology.orchestra.run.smithi003.stdout:/usr/bin/ceph: stderr
2024-09-12T00:53:53.776+0000 7fe0da59c640 1 --2- 172.21.15.3:0/1359130240 >> [v2:172.21.15.3:3300/0,v1:172.21.15.3:6789/0] conn(0x7fe0dc108200 0x7fe0dc10a5f0 secure :-1 s=READY pgs=49 cs=0 l=1 rev1=1 crypto rx=0x7fe0cc009820 tx=0x7fe0cc02a270 comp rx=0 tx=0).ready entity=mon.0 client_cookie=c830a9b544ec0b27 server_cookie=0 in_seq=0 out_seq=0
2024-09-12T00:53:54.875 INFO:teuthology.orchestra.run.smithi003.stdout:/usr/bin/ceph: stderr
2024-09-12T00:53:53.777+0000 7fe0d959a640 1 -- 172.21.15.3:0/1359130240 <== mon.0 v2:172.21.15.3:3300/0 1 ==== mon_map magic: 0 ==== 205+0+0 (secure 0 0 0) 0x7fe0cc037070 con 0x7fe0dc108200
2024-09-12T00:53:54.875 INFO:teuthology.orchestra.run.smithi003.stdout:/usr/bin/ceph: stderr
2024-09-12T00:53:53.777+0000 7fe0d959a640 1 -- 172.21.15.3:0/1359130240 <== mon.0 v2:172.21.15.3:3300/0 2 ==== config(28 keys) ==== 1140+0+0 (secure 0 0 0) 0x7fe0cc032920 con 0x7fe0dc108200
2024-09-12T00:53:54.875 INFO:teuthology.orchestra.run.smithi003.stdout:/usr/bin/ceph: stderr
2024-09-12T00:53:53.777+0000 7fe0d959a640 1 -- 172.21.15.3:0/1359130240 <== mon.0 v2:172.21.15.3:3300/0 3 ==== mon_map magic: 0 ==== 205+0+0 (secure 0 0 0) 0x7fe0cc030950 con 0x7fe0dc108200
2024-09-12T00:53:54.875 INFO:teuthology.orchestra.run.smithi003.stdout:/usr/bin/ceph: stderr
2024-09-12T00:53:53.777+0000 7fe0e09c0640 1 -- 172.21.15.3:0/1359130240 >> [v2:172.21.15.3:3300/0,v1:172.21.15.3:6789/0] conn(0x7fe0dc108200 msgr2=0x7fe0dc10a5f0 secure :-1 s=STATE_CONNECTION_ESTABLISHED l=1).mark_down
2024-09-12T00:53:54.875 INFO:teuthology.orchestra.run.smithi003.stdout:/usr/bin/ceph: stderr
2024-09-12T00:53:53.777+0000 7fe0e09c0640 1 --2- 172.21.15.3:0/1359130240 >> [v2:172.21.15.3:3300/0,v1:172.21.15.3:6789/0] conn(0x7fe0dc108200 0x7fe0dc10a5f0 secure :-1 s=READY pgs=49 cs=0 l=1 rev1=1 crypto rx=0x7fe0cc009820 tx=0x7fe0cc02a270 comp rx=0 tx=0).stop
2024-09-12T00:53:54.875 INFO:teuthology.orchestra.run.smithi003.stdout:/usr/bin/ceph: stderr
2024-09-12T00:53:53.777+0000 7fe0e09c0640 1 -- 172.21.15.3:0/1359130240 shutdown_connections
2024-09-12T00:53:54.875 INFO:teuthology.orchestra.run.smithi003.stdout:/usr/bin/ceph: stderr
2024-09-12T00:53:53.777+0000 7fe0e09c0640 1 --2- 172.21.15.3:0/1359130240 >> [v2:172.21.15.3:3300/0,v1:172.21.15.3:6789/0] conn(0x7fe0dc108200 0x7fe0dc10a5f0 unknown :-1 s=CLOSED pgs=49 cs=0 l=1 rev1=1 crypto rx=0 tx=0 comp rx=0 tx=0).stop
2024-09-12T00:53:54.875 INFO:teuthology.orchestra.run.smithi003.stdout:/usr/bin/ceph: stderr
2024-09-12T00:53:53.777+0000 7fe0e09c0640 1 -- 172.21.15.3:0/1359130240 >> 172.21.15.3:0/1359130240 conn(0x7fe0dc101ee0 msgr2=0x7fe0dc104300 unknown :-1 s=STATE_NONE l=0).mark_down
2024-09-12T00:53:54.875 INFO:teuthology.orchestra.run.smithi003.stdout:/usr/bin/ceph: stderr
2024-09-12T00:53:53.777+0000 7fe0e09c0640 1 -- 172.21.15.3:0/1359130240 shutdown_connections
2024-09-12T00:53:54.875 INFO:teuthology.orchestra.run.smithi003.stdout:/usr/bin/ceph: stderr
2024-09-12T00:53:53.777+0000 7fe0e09c0640 1 -- 172.21.15.3:0/1359130240 wait complete.
2024-09-12T00:53:54.875 INFO:teuthology.orchestra.run.smithi003.stdout:/usr/bin/ceph: stderr
2024-09-12T00:53:53.778+0000 7fe0e09c0640 1 Processor -- start
2024-09-12T00:53:54.875 INFO:teuthology.orchestra.run.smithi003.stdout:/usr/bin/ceph: stderr
2024-09-12T00:53:53.778+0000 7fe0e09c0640 1 -- start start
2024-09-12T00:53:54.876 INFO:teuthology.orchestra.run.smithi003.stdout:/usr/bin/ceph: stderr
2024-09-12T00:53:53.778+0000 7fe0e09c0640 1 --2- >> [v2:172.21.15.3:3300/0,v1:172.21.15.3:6789/0] conn(0x7fe0dc108200 0x7fe0dc19b810 unknown :-1 s=NONE pgs=0 cs=0 l=1 rev1=0 crypto rx=0 tx=0 comp rx=0 tx=0).connect
2024-09-12T00:53:54.876 INFO:teuthology.orchestra.run.smithi003.stdout:/usr/bin/ceph: stderr
2024-09-12T00:53:53.778+0000 7fe0e09c0640 1 -- --> [v2:172.21.15.3:3300/0,v1:172.21.15.3:6789/0] -- mon_getmap magic: 0 -- 0x7fe0dc10bc30 con 0x7fe0dc108200
2024-09-12T00:53:54.876 INFO:teuthology.orchestra.run.smithi003.stdout:/usr/bin/ceph: stderr
2024-09-12T00:53:53.779+0000 7fe0da59c640 1 --2- >> [v2:172.21.15.3:3300/0,v1:172.21.15.3:6789/0] conn(0x7fe0dc108200 0x7fe0dc19b810 unknown :-1 s=BANNER_CONNECTING pgs=0 cs=0 l=1 rev1=0 crypto rx=0 tx=0 comp rx=0 tx=0)._handle_peer_banner_payload supported=3 required=0
2024-09-12T00:53:54.876 INFO:teuthology.orchestra.run.smithi003.stdout:/usr/bin/ceph: stderr
2024-09-12T00:53:53.779+0000 7fe0da59c640 1 --2- >> [v2:172.21.15.3:3300/0,v1:172.21.15.3:6789/0] conn(0x7fe0dc108200 0x7fe0dc19b810 unknown :-1 s=HELLO_CONNECTING pgs=0 cs=0 l=1 rev1=1 crypto rx=0 tx=0 comp rx=0 tx=0).handle_hello peer v2:172.21.15.3:3300/0 says I am v2:172.21.15.3:55598/0 (socket says 172.21.15.3:55598)
2024-09-12T00:53:54.876 INFO:teuthology.orchestra.run.smithi003.stdout:/usr/bin/ceph: stderr
2024-09-12T00:53:53.779+0000 7fe0da59c640 1 -- 172.21.15.3:0/2838411447 learned_addr learned my addr 172.21.15.3:0/2838411447 (peer_addr_for_me v2:172.21.15.3:0/0)
2024-09-12T00:53:54.876 INFO:teuthology.orchestra.run.smithi003.stdout:/usr/bin/ceph: stderr
2024-09-12T00:53:53.779+0000 7fe0da59c640 1 -- 172.21.15.3:0/2838411447 --> [v2:172.21.15.3:3300/0,v1:172.21.15.3:6789/0] -- mon_subscribe({config=0+,monmap=0+}) -- 0x7fe0dc19bd50 con 0x7fe0dc108200
2024-09-12T00:53:54.876 INFO:teuthology.orchestra.run.smithi003.stdout:/usr/bin/ceph: stderr
2024-09-12T00:53:53.779+0000 7fe0da59c640 1 --2- 172.21.15.3:0/2838411447 >> [v2:172.21.15.3:3300/0,v1:172.21.15.3:6789/0] conn(0x7fe0dc108200 0x7fe0dc19b810 secure :-1 s=READY pgs=50 cs=0 l=1 rev1=1 crypto rx=0x7fe0cc0306a0 tx=0x7fe0cc032d70 comp rx=0 tx=0).ready entity=mon.0 client_cookie=0 server_cookie=0 in_seq=0 out_seq=0
2024-09-12T00:53:54.876 INFO:teuthology.orchestra.run.smithi003.stdout:/usr/bin/ceph: stderr
2024-09-12T00:53:53.779+0000 7fe0cb7fe640 1 -- 172.21.15.3:0/2838411447 <== mon.0 v2:172.21.15.3:3300/0 1 ==== mon_map magic: 0 ==== 205+0+0 (secure 0 0 0) 0x7fe0cc042070 con 0x7fe0dc108200
2024-09-12T00:53:54.876 INFO:teuthology.orchestra.run.smithi003.stdout:/usr/bin/ceph: stderr
2024-09-12T00:53:53.779+0000 7fe0cb7fe640 1 -- 172.21.15.3:0/2838411447 <== mon.0 v2:172.21.15.3:3300/0 2 ==== config(28 keys) ==== 1140+0+0 (secure 0 0 0) 0x7fe0cc032630 con 0x7fe0dc108200
2024-09-12T00:53:54.876 INFO:teuthology.orchestra.run.smithi003.stdout:/usr/bin/ceph: stderr
2024-09-12T00:53:53.779+0000 7fe0e09c0640 1 -- 172.21.15.3:0/2838411447 --> [v2:172.21.15.3:3300/0,v1:172.21.15.3:6789/0] -- mon_subscribe({mgrmap=0+}) -- 0x7fe0dc19bfe0 con 0x7fe0dc108200
2024-09-12T00:53:54.876 INFO:teuthology.orchestra.run.smithi003.stdout:/usr/bin/ceph: stderr
2024-09-12T00:53:53.779+0000 7fe0cb7fe640 1 -- 172.21.15.3:0/2838411447 <== mon.0 v2:172.21.15.3:3300/0 3 ==== mon_map magic: 0 ==== 205+0+0 (secure 0 0 0) 0x7fe0cc037040 con 0x7fe0dc108200
2024-09-12T00:53:54.876 INFO:teuthology.orchestra.run.smithi003.stdout:/usr/bin/ceph: stderr
2024-09-12T00:53:53.779+0000 7fe0e09c0640 1 -- 172.21.15.3:0/2838411447 --> [v2:172.21.15.3:3300/0,v1:172.21.15.3:6789/0] -- mon_subscribe({osdmap=0}) -- 0x7fe0dc19ecd0 con 0x7fe0dc108200
2024-09-12T00:53:54.877 INFO:teuthology.orchestra.run.smithi003.stdout:/usr/bin/ceph: stderr
2024-09-12T00:53:53.780+0000 7fe0cb7fe640 1 -- 172.21.15.3:0/2838411447 <== mon.0 v2:172.21.15.3:3300/0 4 ==== mgrmap(e 8) ==== 46287+0+0 (secure 0 0 0) 0x7fe0cc045070 con 0x7fe0dc108200
2024-09-12T00:53:54.877 INFO:teuthology.orchestra.run.smithi003.stdout:/usr/bin/ceph: stderr
2024-09-12T00:53:53.780+0000 7fe0e09c0640 1 -- 172.21.15.3:0/2838411447 --> [v2:172.21.15.3:3300/0,v1:172.21.15.3:6789/0] -- mon_command({"prefix": "get_command_descriptions"} v 0) -- 0x7fe0dc108660 con 0x7fe0dc108200
2024-09-12T00:53:54.877 INFO:teuthology.orchestra.run.smithi003.stdout:/usr/bin/ceph: stderr
2024-09-12T00:53:53.780+0000 7fe0cb7fe640 1 --2- 172.21.15.3:0/2838411447 >> [v2:172.21.15.3:6800/1806523374,v1:172.21.15.3:6801/1806523374] conn(0x7fe0c4038fc0 0x7fe0c403b480 unknown :-1 s=NONE pgs=0 cs=0 l=1 rev1=0 crypto rx=0 tx=0 comp rx=0 tx=0).connect
2024-09-12T00:53:54.877 INFO:teuthology.orchestra.run.smithi003.stdout:/usr/bin/ceph: stderr
2024-09-12T00:53:53.780+0000 7fe0cb7fe640 1 -- 172.21.15.3:0/2838411447 <== mon.0 v2:172.21.15.3:3300/0 5 ==== osd_map(2..2 src has 1..2) ==== 940+0+0 (secure 0 0 0) 0x7fe0cc06c210 con 0x7fe0dc108200
2024-09-12T00:53:54.877 INFO:teuthology.orchestra.run.smithi003.stdout:/usr/bin/ceph: stderr
2024-09-12T00:53:53.781+0000 7fe0d9d9b640 1 --2- 172.21.15.3:0/2838411447 >> [v2:172.21.15.3:6800/1806523374,v1:172.21.15.3:6801/1806523374] conn(0x7fe0c4038fc0 0x7fe0c403b480 unknown :-1 s=BANNER_CONNECTING pgs=0 cs=0 l=1 rev1=0 crypto rx=0 tx=0 comp rx=0 tx=0)._handle_peer_banner_payload supported=3 required=0
2024-09-12T00:53:54.877 INFO:teuthology.orchestra.run.smithi003.stdout:/usr/bin/ceph: stderr
2024-09-12T00:53:53.781+0000 7fe0d9d9b640 1 --2- 172.21.15.3:0/2838411447 >> [v2:172.21.15.3:6800/1806523374,v1:172.21.15.3:6801/1806523374] conn(0x7fe0c4038fc0 0x7fe0c403b480 secure :-1 s=READY pgs=14 cs=0 l=1 rev1=1 crypto rx=0x7fe0d00098c0 tx=0x7fe0d0006db0 comp rx=0 tx=0).ready entity=mgr.14118 client_cookie=0 server_cookie=0 in_seq=0 out_seq=0
2024-09-12T00:53:54.877 INFO:teuthology.orchestra.run.smithi003.stdout:/usr/bin/ceph: stderr
2024-09-12T00:53:53.785+0000 7fe0cb7fe640 1 -- 172.21.15.3:0/2838411447 <== mon.0 v2:172.21.15.3:3300/0 6 ==== mon_command_ack([{"prefix": "get_command_descriptions"}]=0 v0) ==== 72+0+188821 (secure 0 0 0) 0x7fe0cc045360 con 0x7fe0dc108200
2024-09-12T00:53:54.877 INFO:teuthology.orchestra.run.smithi003.stdout:/usr/bin/ceph: stderr
2024-09-12T00:53:53.966+0000 7fe0e09c0640 1 -- 172.21.15.3:0/2838411447 --> [v2:172.21.15.3:3300/0,v1:172.21.15.3:6789/0] -- mon_command([{prefix=config set, name=mgr/cephadm/container_init}] v 0) -- 0x7fe0dc19f350 con 0x7fe0dc108200
2024-09-12T00:53:54.877 INFO:teuthology.orchestra.run.smithi003.stdout:/usr/bin/ceph: stderr
2024-09-12T00:53:53.969+0000 7fe0cb7fe640 1 -- 172.21.15.3:0/2838411447 <== mon.0 v2:172.21.15.3:3300/0 7 ==== mon_command_ack([{prefix=config set, name=mgr/cephadm/container_init}]=0 v6)=0 v6) ==== 142+0+0 (secure 0 0 0) 0x7fe0cc02ed90 con 0x7fe0dc108200
2024-09-12T00:53:54.877 INFO:teuthology.orchestra.run.smithi003.stdout:/usr/bin/ceph: stderr
2024-09-12T00:53:53.971+0000 7fe0e09c0640 1 -- 172.21.15.3:0/2838411447 >> [v2:172.21.15.3:6800/1806523374,v1:172.21.15.3:6801/1806523374] conn(0x7fe0c4038fc0 msgr2=0x7fe0c403b480 secure :-1 s=STATE_CONNECTION_ESTABLISHED l=1).mark_down
2024-09-12T00:53:54.877 INFO:teuthology.orchestra.run.smithi003.stdout:/usr/bin/ceph: stderr
2024-09-12T00:53:53.971+0000 7fe0e09c0640 1 --2- 172.21.15.3:0/2838411447 >> [v2:172.21.15.3:6800/1806523374,v1:172.21.15.3:6801/1806523374] conn(0x7fe0c4038fc0 0x7fe0c403b480 secure :-1 s=READY pgs=14 cs=0 l=1 rev1=1 crypto rx=0x7fe0d00098c0 tx=0x7fe0d0006db0 comp rx=0 tx=0).stop
2024-09-12T00:53:54.877 INFO:teuthology.orchestra.run.smithi003.stdout:/usr/bin/ceph: stderr
2024-09-12T00:53:53.971+0000 7fe0e09c0640 1 -- 172.21.15.3:0/2838411447 >> [v2:172.21.15.3:3300/0,v1:172.21.15.3:6789/0] conn(0x7fe0dc108200 msgr2=0x7fe0dc19b810 secure :-1 s=STATE_CONNECTION_ESTABLISHED l=1).mark_down
2024-09-12T00:53:54.878 INFO:teuthology.orchestra.run.smithi003.stdout:/usr/bin/ceph: stderr
2024-09-12T00:53:53.971+0000 7fe0e09c0640 1 --2- 172.21.15.3:0/2838411447 >> [v2:172.21.15.3:3300/0,v1:172.21.15.3:6789/0] conn(0x7fe0dc108200 0x7fe0dc19b810 secure :-1 s=READY pgs=50 cs=0 l=1 rev1=1 crypto rx=0x7fe0cc0306a0 tx=0x7fe0cc032d70 comp rx=0 tx=0).stop
2024-09-12T00:53:54.878 INFO:teuthology.orchestra.run.smithi003.stdout:/usr/bin/ceph: stderr
2024-09-12T00:53:53.971+0000 7fe0e09c0640 1 -- 172.21.15.3:0/2838411447 shutdown_connections
2024-09-12T00:53:54.878 INFO:teuthology.orchestra.run.smithi003.stdout:/usr/bin/ceph: stderr
2024-09-12T00:53:53.971+0000 7fe0e09c0640 1 --2- 172.21.15.3:0/2838411447 >> [v2:172.21.15.3:6800/1806523374,v1:172.21.15.3:6801/1806523374] conn(0x7fe0c4038fc0 0x7fe0c403b480 unknown :-1 s=CLOSED pgs=14 cs=0 l=1 rev1=1 crypto rx=0 tx=0 comp rx=0 tx=0).stop
2024-09-12T00:53:54.878 INFO:teuthology.orchestra.run.smithi003.stdout:/usr/bin/ceph: stderr
2024-09-12T00:53:53.971+0000 7fe0e09c0640 1 --2- 172.21.15.3:0/2838411447 >> [v2:172.21.15.3:3300/0,v1:172.21.15.3:6789/0] conn(0x7fe0dc108200 0x7fe0dc19b810 unknown :-1 s=CLOSED pgs=50 cs=0 l=1 rev1=1 crypto rx=0 tx=0 comp rx=0 tx=0).stop
2024-09-12T00:53:54.878 INFO:teuthology.orchestra.run.smithi003.stdout:/usr/bin/ceph: stderr
2024-09-12T00:53:53.971+0000 7fe0e09c0640 1 -- 172.21.15.3:0/2838411447 >> 172.21.15.3:0/2838411447 conn(0x7fe0dc101ee0 msgr2=0x7fe0dc102aa0 unknown :-1 s=STATE_NONE l=0).mark_down
2024-09-12T00:53:54.878 INFO:teuthology.orchestra.run.smithi003.stdout:/usr/bin/ceph: stderr
2024-09-12T00:53:53.972+0000 7fe0e09c0640 1 -- 172.21.15.3:0/2838411447 shutdown_connections
2024-09-12T00:53:54.878 INFO:teuthology.orchestra.run.smithi003.stdout:/usr/bin/ceph: stderr
2024-09-12T00:53:53.972+0000 7fe0e09c0640 1 -- 172.21.15.3:0/2838411447 wait complete.
2024-09-12T00:53:55.259 INFO:journalctl@ceph.mon.a.smithi003.stdout:Sep 12 00:53:54 smithi003 ceph-mon[31232]: from='client.? 172.21.15.3:0/2838411447' entity='client.admin'
2024-09-12T00:53:55.259 INFO:journalctl@ceph.mon.a.smithi003.stdout:Sep 12 00:53:54 smithi003 ceph-mon[31232]: from='mgr.14118 172.21.15.3:0/378655309' entity='mgr.x'
2024-09-12T00:53:55.260 INFO:journalctl@ceph.mon.a.smithi003.stdout:Sep 12 00:53:54 smithi003 ceph-mon[31232]: from='mgr.14118 172.21.15.3:0/378655309' entity='mgr.x'
2024-09-12T00:53:56.549 INFO:teuthology.orchestra.run.smithi003.stdout:/usr/bin/ceph: stderr
2024-09-12T00:53:55.260+0000 7fb0d93f8640 1 Processor -- start
2024-09-12T00:53:56.549 INFO:teuthology.orchestra.run.smithi003.stdout:/usr/bin/ceph: stderr
2024-09-12T00:53:55.260+0000 7fb0d93f8640 1 -- start start
2024-09-12T00:53:56.549 INFO:teuthology.orchestra.run.smithi003.stdout:/usr/bin/ceph: stderr
2024-09-12T00:53:55.260+0000 7fb0d93f8640 1 --2- >> [v2:172.21.15.3:3300/0,v1:172.21.15.3:6789/0] conn(0x7fb0d4107830 0x7fb0d4107c30 unknown :-1 s=NONE pgs=0 cs=0 l=0 rev1=0 crypto rx=0 tx=0 comp rx=0 tx=0).connect
2024-09-12T00:53:56.549 INFO:teuthology.orchestra.run.smithi003.stdout:/usr/bin/ceph: stderr
2024-09-12T00:53:55.260+0000 7fb0d93f8640 1 -- --> [v2:172.21.15.3:3300/0,v1:172.21.15.3:6789/0] -- mon_getmap magic: 0 -- 0x7fb0d4108200 con 0x7fb0d4107830
2024-09-12T00:53:56.549 INFO:teuthology.orchestra.run.smithi003.stdout:/usr/bin/ceph: stderr
2024-09-12T00:53:55.260+0000 7fb0d2ffd640 1 --2- >> [v2:172.21.15.3:3300/0,v1:172.21.15.3:6789/0] conn(0x7fb0d4107830 0x7fb0d4107c30 unknown :-1 s=BANNER_CONNECTING pgs=0 cs=0 l=0 rev1=0 crypto rx=0 tx=0 comp rx=0 tx=0)._handle_peer_banner_payload supported=3 required=0
2024-09-12T00:53:56.549 INFO:teuthology.orchestra.run.smithi003.stdout:/usr/bin/ceph: stderr
2024-09-12T00:53:55.260+0000 7fb0d2ffd640 1 --2- >> [v2:172.21.15.3:3300/0,v1:172.21.15.3:6789/0] conn(0x7fb0d4107830 0x7fb0d4107c30 unknown :-1 s=HELLO_CONNECTING pgs=0 cs=0 l=0 rev1=1 crypto rx=0 tx=0 comp rx=0 tx=0).handle_hello peer v2:172.21.15.3:3300/0 says I am v2:172.21.15.3:55606/0 (socket says 172.21.15.3:55606)
2024-09-12T00:53:56.549 INFO:teuthology.orchestra.run.smithi003.stdout:/usr/bin/ceph: stderr
2024-09-12T00:53:55.260+0000 7fb0d2ffd640 1 -- 172.21.15.3:0/2353831944 learned_addr learned my addr 172.21.15.3:0/2353831944 (peer_addr_for_me v2:172.21.15.3:0/0)
2024-09-12T00:53:56.549 INFO:teuthology.orchestra.run.smithi003.stdout:/usr/bin/ceph: stderr
2024-09-12T00:53:55.260+0000 7fb0d2ffd640 1 -- 172.21.15.3:0/2353831944 --> [v2:172.21.15.3:3300/0,v1:172.21.15.3:6789/0] -- mon_subscribe({config=0+,monmap=0+}) -- 0x7fb0d4108990 con 0x7fb0d4107830
2024-09-12T00:53:56.549 INFO:teuthology.orchestra.run.smithi003.stdout:/usr/bin/ceph: stderr
2024-09-12T00:53:55.261+0000 7fb0d2ffd640 1 --2- 172.21.15.3:0/2353831944 >> [v2:172.21.15.3:3300/0,v1:172.21.15.3:6789/0] conn(0x7fb0d4107830 0x7fb0d4107c30 secure :-1 s=READY pgs=51 cs=0 l=1 rev1=1 crypto rx=0x7fb0c4009820 tx=0x7fb0c402a270 comp rx=0 tx=0).ready entity=mon.0 client_cookie=6adb15b17f6fcfa9 server_cookie=0 in_seq=0 out_seq=0
2024-09-12T00:53:56.549 INFO:teuthology.orchestra.run.smithi003.stdout:/usr/bin/ceph: stderr
2024-09-12T00:53:55.262+0000 7fb0d27fc640 1 -- 172.21.15.3:0/2353831944 <== mon.0 v2:172.21.15.3:3300/0 1 ==== mon_map magic: 0 ==== 205+0+0 (secure 0 0 0) 0x7fb0c4037070 con 0x7fb0d4107830
2024-09-12T00:53:56.549 INFO:teuthology.orchestra.run.smithi003.stdout:/usr/bin/ceph: stderr
2024-09-12T00:53:55.262+0000 7fb0d27fc640 1 -- 172.21.15.3:0/2353831944 <== mon.0 v2:172.21.15.3:3300/0 2 ==== config(28 keys) ==== 1171+0+0 (secure 0 0 0) 0x7fb0c4032940 con 0x7fb0d4107830
2024-09-12T00:53:56.550 INFO:teuthology.orchestra.run.smithi003.stdout:/usr/bin/ceph: stderr
2024-09-12T00:53:55.262+0000 7fb0d27fc640 1 -- 172.21.15.3:0/2353831944 <== mon.0 v2:172.21.15.3:3300/0 3 ==== mon_map magic: 0 ==== 205+0+0 (secure 0 0 0) 0x7fb0c40308b0 con 0x7fb0d4107830
2024-09-12T00:53:56.550 INFO:teuthology.orchestra.run.smithi003.stdout:/usr/bin/ceph: stderr
2024-09-12T00:53:55.262+0000 7fb0d93f8640 1 -- 172.21.15.3:0/2353831944 >> [v2:172.21.15.3:3300/0,v1:172.21.15.3:6789/0] conn(0x7fb0d4107830 msgr2=0x7fb0d4107c30 secure :-1 s=STATE_CONNECTION_ESTABLISHED l=1).mark_down
2024-09-12T00:53:56.550 INFO:teuthology.orchestra.run.smithi003.stdout:/usr/bin/ceph: stderr
2024-09-12T00:53:55.262+0000 7fb0d93f8640 1 --2- 172.21.15.3:0/2353831944 >> [v2:172.21.15.3:3300/0,v1:172.21.15.3:6789/0] conn(0x7fb0d4107830 0x7fb0d4107c30 secure :-1 s=READY pgs=51 cs=0 l=1 rev1=1 crypto rx=0x7fb0c4009820 tx=0x7fb0c402a270 comp rx=0 tx=0).stop
2024-09-12T00:53:56.550 INFO:teuthology.orchestra.run.smithi003.stdout:/usr/bin/ceph: stderr
2024-09-12T00:53:55.262+0000 7fb0d93f8640 1 -- 172.21.15.3:0/2353831944 shutdown_connections
2024-09-12T00:53:56.550 INFO:teuthology.orchestra.run.smithi003.stdout:/usr/bin/ceph: stderr
2024-09-12T00:53:55.262+0000 7fb0d93f8640 1 --2- 172.21.15.3:0/2353831944 >> [v2:172.21.15.3:3300/0,v1:172.21.15.3:6789/0] conn(0x7fb0d4107830 0x7fb0d4107c30 unknown :-1 s=CLOSED pgs=51 cs=0 l=1 rev1=1 crypto rx=0 tx=0 comp rx=0 tx=0).stop
2024-09-12T00:53:56.550 INFO:teuthology.orchestra.run.smithi003.stdout:/usr/bin/ceph: stderr
2024-09-12T00:53:55.262+0000 7fb0d93f8640 1 -- 172.21.15.3:0/2353831944 >> 172.21.15.3:0/2353831944 conn(0x7fb0d4103000 msgr2=0x7fb0d4105420 unknown :-1 s=STATE_NONE l=0).mark_down
2024-09-12T00:53:56.550 INFO:teuthology.orchestra.run.smithi003.stdout:/usr/bin/ceph: stderr
2024-09-12T00:53:55.262+0000 7fb0d93f8640 1 -- 172.21.15.3:0/2353831944 shutdown_connections
2024-09-12T00:53:56.550 INFO:teuthology.orchestra.run.smithi003.stdout:/usr/bin/ceph: stderr
2024-09-12T00:53:55.262+0000 7fb0d93f8640 1 -- 172.21.15.3:0/2353831944 wait complete.
2024-09-12T00:53:56.550 INFO:teuthology.orchestra.run.smithi003.stdout:/usr/bin/ceph: stderr
2024-09-12T00:53:55.263+0000 7fb0d93f8640 1 Processor -- start
2024-09-12T00:53:56.550 INFO:teuthology.orchestra.run.smithi003.stdout:/usr/bin/ceph: stderr
2024-09-12T00:53:55.263+0000 7fb0d93f8640 1 -- start start
2024-09-12T00:53:56.550 INFO:teuthology.orchestra.run.smithi003.stdout:/usr/bin/ceph: stderr
2024-09-12T00:53:55.263+0000 7fb0d93f8640 1 --2- >> [v2:172.21.15.3:3300/0,v1:172.21.15.3:6789/0] conn(0x7fb0d4107830 0x7fb0d407db60 unknown :-1 s=NONE pgs=0 cs=0 l=1 rev1=0 crypto rx=0 tx=0 comp rx=0 tx=0).connect
2024-09-12T00:53:56.550 INFO:teuthology.orchestra.run.smithi003.stdout:/usr/bin/ceph: stderr
2024-09-12T00:53:55.263+0000 7fb0d93f8640 1 -- --> [v2:172.21.15.3:3300/0,v1:172.21.15.3:6789/0] -- mon_getmap magic: 0 -- 0x7fb0d410bd40 con 0x7fb0d4107830
2024-09-12T00:53:56.551 INFO:teuthology.orchestra.run.smithi003.stdout:/usr/bin/ceph: stderr
2024-09-12T00:53:55.263+0000 7fb0d2ffd640 1 --2- >> [v2:172.21.15.3:3300/0,v1:172.21.15.3:6789/0] conn(0x7fb0d4107830 0x7fb0d407db60 unknown :-1 s=BANNER_CONNECTING pgs=0 cs=0 l=1 rev1=0 crypto rx=0 tx=0 comp rx=0 tx=0)._handle_peer_banner_payload supported=3 required=0
2024-09-12T00:53:56.551 INFO:teuthology.orchestra.run.smithi003.stdout:/usr/bin/ceph: stderr
2024-09-12T00:53:55.263+0000 7fb0d2ffd640 1 --2- >> [v2:172.21.15.3:3300/0,v1:172.21.15.3:6789/0] conn(0x7fb0d4107830 0x7fb0d407db60 unknown :-1 s=HELLO_CONNECTING pgs=0 cs=0 l=1 rev1=1 crypto rx=0 tx=0 comp rx=0 tx=0).handle_hello peer v2:172.21.15.3:3300/0 says I am v2:172.21.15.3:55620/0 (socket says 172.21.15.3:55620)
2024-09-12T00:53:56.551 INFO:teuthology.orchestra.run.smithi003.stdout:/usr/bin/ceph: stderr
2024-09-12T00:53:55.263+0000 7fb0d2ffd640 1 -- 172.21.15.3:0/273638531 learned_addr learned my addr 172.21.15.3:0/273638531 (peer_addr_for_me v2:172.21.15.3:0/0)
2024-09-12T00:53:56.551 INFO:teuthology.orchestra.run.smithi003.stdout:/usr/bin/ceph: stderr
2024-09-12T00:53:55.264+0000 7fb0d2ffd640 1 -- 172.21.15.3:0/273638531 --> [v2:172.21.15.3:3300/0,v1:172.21.15.3:6789/0] -- mon_subscribe({config=0+,monmap=0+}) -- 0x7fb0d407e0a0 con 0x7fb0d4107830
2024-09-12T00:53:56.551 INFO:teuthology.orchestra.run.smithi003.stdout:/usr/bin/ceph: stderr
2024-09-12T00:53:55.264+0000 7fb0d2ffd640 1 --2- 172.21.15.3:0/273638531 >> [v2:172.21.15.3:3300/0,v1:172.21.15.3:6789/0] conn(0x7fb0d4107830 0x7fb0d407db60 secure :-1 s=READY pgs=52 cs=0 l=1 rev1=1 crypto rx=0x7fb0c40097f0 tx=0x7fb0c4032670 comp rx=0 tx=0).ready entity=mon.0 client_cookie=0 server_cookie=0 in_seq=0 out_seq=0
2024-09-12T00:53:56.551 INFO:teuthology.orchestra.run.smithi003.stdout:/usr/bin/ceph: stderr
2024-09-12T00:53:55.264+0000 7fb0d0ff9640 1 -- 172.21.15.3:0/273638531 <== mon.0 v2:172.21.15.3:3300/0 1 ==== mon_map magic: 0 ==== 205+0+0 (secure 0 0 0) 0x7fb0c4042070 con 0x7fb0d4107830
2024-09-12T00:53:56.551 INFO:teuthology.orchestra.run.smithi003.stdout:/usr/bin/ceph: stderr
2024-09-12T00:53:55.264+0000 7fb0d0ff9640 1 -- 172.21.15.3:0/273638531 <== mon.0 v2:172.21.15.3:3300/0 2 ==== config(28 keys) ==== 1171+0+0 (secure 0 0 0) 0x7fb0c4030e30 con 0x7fb0d4107830
2024-09-12T00:53:56.551 INFO:teuthology.orchestra.run.smithi003.stdout:/usr/bin/ceph: stderr
2024-09-12T00:53:55.264+0000 7fb0d93f8640 1 -- 172.21.15.3:0/273638531 --> [v2:172.21.15.3:3300/0,v1:172.21.15.3:6789/0] -- mon_subscribe({mgrmap=0+}) -- 0x7fb0d407c290 con 0x7fb0d4107830
2024-09-12T00:53:56.551 INFO:teuthology.orchestra.run.smithi003.stdout:/usr/bin/ceph: stderr
2024-09-12T00:53:55.264+0000 7fb0d0ff9640 1 -- 172.21.15.3:0/273638531 <== mon.0 v2:172.21.15.3:3300/0 3 ==== mon_map magic: 0 ==== 205+0+0 (secure 0 0 0) 0x7fb0c4037040 con 0x7fb0d4107830
2024-09-12T00:53:56.551 INFO:teuthology.orchestra.run.smithi003.stdout:/usr/bin/ceph: stderr
2024-09-12T00:53:55.264+0000 7fb0d93f8640 1 -- 172.21.15.3:0/273638531 --> [v2:172.21.15.3:3300/0,v1:172.21.15.3:6789/0] -- mon_subscribe({osdmap=0}) -- 0x7fb0d407c7d0 con 0x7fb0d4107830
2024-09-12T00:53:56.551 INFO:teuthology.orchestra.run.smithi003.stdout:/usr/bin/ceph: stderr
2024-09-12T00:53:55.265+0000 7fb0d0ff9640 1 -- 172.21.15.3:0/273638531 <== mon.0 v2:172.21.15.3:3300/0 4 ==== mgrmap(e 8) ==== 46287+0+0 (secure 0 0 0) 0x7fb0c4045070 con 0x7fb0d4107830
2024-09-12T00:53:56.551 INFO:teuthology.orchestra.run.smithi003.stdout:/usr/bin/ceph: stderr
2024-09-12T00:53:55.265+0000 7fb0d0ff9640 1 --2- 172.21.15.3:0/273638531 >> [v2:172.21.15.3:6800/1806523374,v1:172.21.15.3:6801/1806523374] conn(0x7fb0c0038fc0 0x7fb0c003b480 unknown :-1 s=NONE pgs=0 cs=0 l=1 rev1=0 crypto rx=0 tx=0 comp rx=0 tx=0).connect
2024-09-12T00:53:56.552 INFO:teuthology.orchestra.run.smithi003.stdout:/usr/bin/ceph: stderr
2024-09-12T00:53:55.265+0000 7fb0d93f8640 1 -- 172.21.15.3:0/273638531 --> [v2:172.21.15.3:3300/0,v1:172.21.15.3:6789/0] -- mon_command({"prefix": "get_command_descriptions"} v 0) -- 0x7fb0d4107cb0 con 0x7fb0d4107830
2024-09-12T00:53:56.552 INFO:teuthology.orchestra.run.smithi003.stdout:/usr/bin/ceph: stderr
2024-09-12T00:53:55.265+0000 7fb0d0ff9640 1 -- 172.21.15.3:0/273638531 <== mon.0 v2:172.21.15.3:3300/0 5 ==== osd_map(2..2 src has 1..2) ==== 940+0+0 (secure 0 0 0) 0x7fb0c406c050 con 0x7fb0d4107830
2024-09-12T00:53:56.552 INFO:teuthology.orchestra.run.smithi003.stdout:/usr/bin/ceph: stderr
2024-09-12T00:53:55.265+0000 7fb0cbfff640 1 --2- 172.21.15.3:0/273638531 >> [v2:172.21.15.3:6800/1806523374,v1:172.21.15.3:6801/1806523374] conn(0x7fb0c0038fc0 0x7fb0c003b480 unknown :-1 s=BANNER_CONNECTING pgs=0 cs=0 l=1 rev1=0 crypto rx=0 tx=0 comp rx=0 tx=0)._handle_peer_banner_payload supported=3 required=0
2024-09-12T00:53:56.552 INFO:teuthology.orchestra.run.smithi003.stdout:/usr/bin/ceph: stderr
2024-09-12T00:53:55.266+0000 7fb0cbfff640 1 --2- 172.21.15.3:0/273638531 >> [v2:172.21.15.3:6800/1806523374,v1:172.21.15.3:6801/1806523374] conn(0x7fb0c0038fc0 0x7fb0c003b480 secure :-1 s=READY pgs=15 cs=0 l=1 rev1=1 crypto rx=0x7fb0bc0098c0 tx=0x7fb0bc006db0 comp rx=0 tx=0).ready entity=mgr.14118 client_cookie=0 server_cookie=0 in_seq=0 out_seq=0
2024-09-12T00:53:56.552 INFO:teuthology.orchestra.run.smithi003.stdout:/usr/bin/ceph: stderr
2024-09-12T00:53:55.270+0000 7fb0d0ff9640 1 -- 172.21.15.3:0/273638531 <== mon.0 v2:172.21.15.3:3300/0 6 ==== mon_command_ack([{"prefix": "get_command_descriptions"}]=0 v0) ==== 72+0+188821 (secure 0 0 0) 0x7fb0c403add0 con 0x7fb0d4107830
2024-09-12T00:53:56.552 INFO:teuthology.orchestra.run.smithi003.stdout:/usr/bin/ceph: stderr
2024-09-12T00:53:55.454+0000 7fb0d93f8640 1 -- 172.21.15.3:0/273638531 --> [v2:172.21.15.3:3300/0,v1:172.21.15.3:6789/0] -- mon_command([{prefix=config set, name=mgr/dashboard/ssl_server_port}] v 0) -- 0x7fb0d407d0f0 con 0x7fb0d4107830
2024-09-12T00:53:56.552 INFO:teuthology.orchestra.run.smithi003.stdout:/usr/bin/ceph: stderr
2024-09-12T00:53:55.457+0000 7fb0d0ff9640 1 -- 172.21.15.3:0/273638531 <== mon.0 v2:172.21.15.3:3300/0 7 ==== mon_command_ack([{prefix=config set, name=mgr/dashboard/ssl_server_port}]=0 v8)=0 v8) ==== 130+0+0 (secure 0 0 0) 0x7fb0c403c720 con 0x7fb0d4107830
2024-09-12T00:53:56.552 INFO:teuthology.orchestra.run.smithi003.stdout:/usr/bin/ceph: stderr
2024-09-12T00:53:55.459+0000 7fb0d93f8640 1 -- 172.21.15.3:0/273638531 >> [v2:172.21.15.3:6800/1806523374,v1:172.21.15.3:6801/1806523374] conn(0x7fb0c0038fc0 msgr2=0x7fb0c003b480 secure :-1 s=STATE_CONNECTION_ESTABLISHED l=1).mark_down
2024-09-12T00:53:56.552 INFO:teuthology.orchestra.run.smithi003.stdout:/usr/bin/ceph: stderr
2024-09-12T00:53:55.459+0000 7fb0d93f8640 1 --2- 172.21.15.3:0/273638531 >> [v2:172.21.15.3:6800/1806523374,v1:172.21.15.3:6801/1806523374] conn(0x7fb0c0038fc0 0x7fb0c003b480 secure :-1 s=READY pgs=15 cs=0 l=1 rev1=1 crypto rx=0x7fb0bc0098c0 tx=0x7fb0bc006db0 comp rx=0 tx=0).stop
2024-09-12T00:53:56.552 INFO:teuthology.orchestra.run.smithi003.stdout:/usr/bin/ceph: stderr
2024-09-12T00:53:55.459+0000 7fb0d93f8640 1 -- 172.21.15.3:0/273638531 >> [v2:172.21.15.3:3300/0,v1:172.21.15.3:6789/0] conn(0x7fb0d4107830 msgr2=0x7fb0d407db60 secure :-1 s=STATE_CONNECTION_ESTABLISHED l=1).mark_down
2024-09-12T00:53:56.552 INFO:teuthology.orchestra.run.smithi003.stdout:/usr/bin/ceph: stderr
2024-09-12T00:53:55.459+0000 7fb0d93f8640 1 --2- 172.21.15.3:0/273638531 >> [v2:172.21.15.3:3300/0,v1:172.21.15.3:6789/0] conn(0x7fb0d4107830 0x7fb0d407db60 secure :-1 s=READY pgs=52 cs=0 l=1 rev1=1 crypto rx=0x7fb0c40097f0 tx=0x7fb0c4032670 comp rx=0 tx=0).stop
2024-09-12T00:53:56.552 INFO:teuthology.orchestra.run.smithi003.stdout:/usr/bin/ceph: stderr
2024-09-12T00:53:55.459+0000 7fb0d93f8640 1 -- 172.21.15.3:0/273638531 shutdown_connections
2024-09-12T00:53:56.552 INFO:teuthology.orchestra.run.smithi003.stdout:/usr/bin/ceph: stderr
2024-09-12T00:53:55.459+0000 7fb0d93f8640 1 --2- 172.21.15.3:0/273638531 >> [v2:172.21.15.3:6800/1806523374,v1:172.21.15.3:6801/1806523374] conn(0x7fb0c0038fc0 0x7fb0c003b480 unknown :-1 s=CLOSED pgs=15 cs=0 l=1 rev1=1 crypto rx=0 tx=0 comp rx=0 tx=0).stop
2024-09-12T00:53:56.553 INFO:teuthology.orchestra.run.smithi003.stdout:/usr/bin/ceph: stderr
2024-09-12T00:53:55.459+0000 7fb0d93f8640 1 --2- 172.21.15.3:0/273638531 >> [v2:172.21.15.3:3300/0,v1:172.21.15.3:6789/0] conn(0x7fb0d4107830 0x7fb0d407db60 unknown :-1 s=CLOSED pgs=52 cs=0 l=1 rev1=1 crypto rx=0 tx=0 comp rx=0 tx=0).stop
2024-09-12T00:53:56.553 INFO:teuthology.orchestra.run.smithi003.stdout:/usr/bin/ceph: stderr
2024-09-12T00:53:55.459+0000 7fb0d93f8640 1 -- 172.21.15.3:0/273638531 >> 172.21.15.3:0/273638531 conn(0x7fb0d4103000 msgr2=0x7fb0d4103c40 unknown :-1 s=STATE_NONE l=0).mark_down
2024-09-12T00:53:56.553 INFO:teuthology.orchestra.run.smithi003.stdout:/usr/bin/ceph: stderr
2024-09-12T00:53:55.459+0000 7fb0d93f8640 1 -- 172.21.15.3:0/273638531 shutdown_connections
2024-09-12T00:53:56.553 INFO:teuthology.orchestra.run.smithi003.stdout:/usr/bin/ceph: stderr
2024-09-12T00:53:55.459+0000 7fb0d93f8640 1 -- 172.21.15.3:0/273638531 wait complete.
2024-09-12T00:53:56.553 INFO:teuthology.orchestra.run.smithi003.stdout:Enabling the dashboard module...
2024-09-12T00:53:56.608 INFO:journalctl@ceph.mon.a.smithi003.stdout:Sep 12 00:53:56 smithi003 ceph-mon[31232]: from='client.? 172.21.15.3:0/273638531' entity='client.admin'
2024-09-12T00:53:58.109 INFO:journalctl@ceph.mon.a.smithi003.stdout:Sep 12 00:53:57 smithi003 ceph-mon[31232]: from='mgr.14118 172.21.15.3:0/378655309' entity='mgr.x'
2024-09-12T00:53:58.109 INFO:journalctl@ceph.mon.a.smithi003.stdout:Sep 12 00:53:57 smithi003 ceph-mon[31232]: from='client.? 172.21.15.3:0/2787034439' entity='client.admin' cmd=[{"prefix": "mgr module enable", "module": "dashboard"}]: dispatch
2024-09-12T00:53:58.109 INFO:journalctl@ceph.mon.a.smithi003.stdout:Sep 12 00:53:57 smithi003 ceph-mon[31232]: from='mgr.14118 172.21.15.3:0/378655309' entity='mgr.x'
2024-09-12T00:53:58.109 INFO:journalctl@ceph.mgr.x.smithi003.stdout:Sep 12 00:53:57 smithi003 ceph-45e55a54-70a1-11ef-bcea-c7b262605968-mgr-x[31460]: ignoring --setuser ceph since I am not root
2024-09-12T00:53:58.109 INFO:journalctl@ceph.mgr.x.smithi003.stdout:Sep 12 00:53:57 smithi003 ceph-45e55a54-70a1-11ef-bcea-c7b262605968-mgr-x[31460]: ignoring --setgroup ceph since I am not root
2024-09-12T00:53:58.109 INFO:journalctl@ceph.mgr.x.smithi003.stdout:Sep 12 00:53:58 smithi003 ceph-45e55a54-70a1-11ef-bcea-c7b262605968-mgr-x[31460]:
2024-09-12T00:53:58.009+0000 7fe5b8905040 -1 mgr[py] Module osd_perf_query has missing NOTIFY_TYPES member
2024-09-12T00:53:58.109 INFO:journalctl@ceph.mgr.x.smithi003.stdout:Sep 12 00:53:58 smithi003 ceph-45e55a54-70a1-11ef-bcea-c7b262605968-mgr-x[31460]:
2024-09-12T00:53:58.068+0000 7fe5b8905040 -1 mgr[py] Module osd_support has missing NOTIFY_TYPES member
2024-09-12T00:53:58.423 INFO:journalctl@ceph.mgr.x.smithi003.stdout:Sep 12 00:53:58 smithi003 ceph-45e55a54-70a1-11ef-bcea-c7b262605968-mgr-x[31460]:
2024-09-12T00:53:58.224+0000 7fe5b8905040 -1 mgr[py] Module diskprediction_local has missing NOTIFY_TYPES member
2024-09-12T00:53:58.423 INFO:journalctl@ceph.mgr.x.smithi003.stdout:Sep 12 00:53:58 smithi003 ceph-45e55a54-70a1-11ef-bcea-c7b262605968-mgr-x[31460]:
2024-09-12T00:53:58.295+0000 7fe5b8905040 -1 mgr[py] Module crash has missing NOTIFY_TYPES member
2024-09-12T00:53:58.858 INFO:journalctl@ceph.mgr.x.smithi003.stdout:Sep 12 00:53:58 smithi003 ceph-45e55a54-70a1-11ef-bcea-c7b262605968-mgr-x[31460]:
2024-09-12T00:53:58.452+0000 7fe5b8905040 -1 mgr[py] Module test_orchestrator has missing NOTIFY_TYPES member
2024-09-12T00:53:58.858 INFO:journalctl@ceph.mgr.x.smithi003.stdout:Sep 12 00:53:58 smithi003 ceph-45e55a54-70a1-11ef-bcea-c7b262605968-mgr-x[31460]:
2024-09-12T00:53:58.598+0000 7fe5b8905040 -1 mgr[py] Module snap_schedule has missing NOTIFY_TYPES member
2024-09-12T00:53:59.136 INFO:journalctl@ceph.mon.a.smithi003.stdout:Sep 12 00:53:58 smithi003 ceph-mon[31232]: from='client.? 172.21.15.3:0/2787034439' entity='client.admin' cmd='[{"prefix": "mgr module enable", "module": "dashboard"}]': finished
2024-09-12T00:53:59.136 INFO:journalctl@ceph.mon.a.smithi003.stdout:Sep 12 00:53:58 smithi003 ceph-mon[31232]: mgrmap e9: x(active, since 19s)
2024-09-12T00:53:59.136 INFO:journalctl@ceph.mgr.x.smithi003.stdout:Sep 12 00:53:58 smithi003 ceph-45e55a54-70a1-11ef-bcea-c7b262605968-mgr-x[31460]:
2024-09-12T00:53:58.927+0000 7fe5b8905040 -1 mgr[py] Module prometheus has missing NOTIFY_TYPES member
2024-09-12T00:53:59.136 INFO:journalctl@ceph.mgr.x.smithi003.stdout:Sep 12 00:53:58 smithi003 ceph-45e55a54-70a1-11ef-bcea-c7b262605968-mgr-x[31460]:
2024-09-12T00:53:58.990+0000 7fe5b8905040 -1 mgr[py] Module selftest has missing NOTIFY_TYPES member
2024-09-12T00:53:59.608 INFO:journalctl@ceph.mgr.x.smithi003.stdout:Sep 12 00:53:59 smithi003 ceph-45e55a54-70a1-11ef-bcea-c7b262605968-mgr-x[31460]:
2024-09-12T00:53:59.185+0000 7fe5b8905040 -1 mgr[py] Module volumes has missing NOTIFY_TYPES member
2024-09-12T00:53:59.649 INFO:teuthology.orchestra.run.smithi003.stdout:/usr/bin/ceph: stderr
2024-09-12T00:53:56.994+0000 7fdd03d0a640 1 Processor -- start
2024-09-12T00:53:59.649 INFO:teuthology.orchestra.run.smithi003.stdout:/usr/bin/ceph: stderr
2024-09-12T00:53:56.995+0000 7fdd03d0a640 1 -- start start
2024-09-12T00:53:59.650 INFO:teuthology.orchestra.run.smithi003.stdout:/usr/bin/ceph: stderr
2024-09-12T00:53:56.995+0000 7fdd03d0a640 1 --2- >> [v2:172.21.15.3:3300/0,v1:172.21.15.3:6789/0] conn(0x7fdcfc1077f0 0x7fdcfc107bf0 unknown :-1 s=NONE pgs=0 cs=0 l=0 rev1=0 crypto rx=0 tx=0 comp rx=0 tx=0).connect
2024-09-12T00:53:59.650 INFO:teuthology.orchestra.run.smithi003.stdout:/usr/bin/ceph: stderr
2024-09-12T00:53:56.995+0000 7fdd03d0a640 1 -- --> [v2:172.21.15.3:3300/0,v1:172.21.15.3:6789/0] -- mon_getmap magic: 0 -- 0x7fdcfc1081c0 con 0x7fdcfc1077f0
2024-09-12T00:53:59.650 INFO:teuthology.orchestra.run.smithi003.stdout:/usr/bin/ceph: stderr
2024-09-12T00:53:56.995+0000 7fdd01aa6640 1 --2- >> [v2:172.21.15.3:3300/0,v1:172.21.15.3:6789/0] conn(0x7fdcfc1077f0 0x7fdcfc107bf0 unknown :-1 s=BANNER_CONNECTING pgs=0 cs=0 l=0 rev1=0 crypto rx=0 tx=0 comp rx=0 tx=0)._handle_peer_banner_payload supported=3 required=0
2024-09-12T00:53:59.650 INFO:teuthology.orchestra.run.smithi003.stdout:/usr/bin/ceph: stderr
2024-09-12T00:53:56.995+0000 7fdd01aa6640 1 --2- >> [v2:172.21.15.3:3300/0,v1:172.21.15.3:6789/0] conn(0x7fdcfc1077f0 0x7fdcfc107bf0 unknown :-1 s=HELLO_CONNECTING pgs=0 cs=0 l=0 rev1=1 crypto rx=0 tx=0 comp rx=0 tx=0).handle_hello peer v2:172.21.15.3:3300/0 says I am v2:172.21.15.3:54834/0 (socket says 172.21.15.3:54834)
2024-09-12T00:53:59.650 INFO:teuthology.orchestra.run.smithi003.stdout:/usr/bin/ceph: stderr
2024-09-12T00:53:56.995+0000 7fdd01aa6640 1 -- 172.21.15.3:0/1788894789 learned_addr learned my addr 172.21.15.3:0/1788894789 (peer_addr_for_me v2:172.21.15.3:0/0)
2024-09-12T00:53:59.650 INFO:teuthology.orchestra.run.smithi003.stdout:/usr/bin/ceph: stderr
2024-09-12T00:53:56.995+0000 7fdd01aa6640 1 -- 172.21.15.3:0/1788894789 --> [v2:172.21.15.3:3300/0,v1:172.21.15.3:6789/0] -- mon_subscribe({config=0+,monmap=0+}) -- 0x7fdcfc1089a0 con 0x7fdcfc1077f0
2024-09-12T00:53:59.650 INFO:teuthology.orchestra.run.smithi003.stdout:/usr/bin/ceph: stderr
2024-09-12T00:53:56.996+0000 7fdd01aa6640 1 --2- 172.21.15.3:0/1788894789 >> [v2:172.21.15.3:3300/0,v1:172.21.15.3:6789/0] conn(0x7fdcfc1077f0 0x7fdcfc107bf0 secure :-1 s=READY pgs=53 cs=0 l=1 rev1=1 crypto rx=0x7fdcf8009820 tx=0x7fdcf802a270 comp rx=0 tx=0).ready entity=mon.0 client_cookie=1e6b24651e98d6b2 server_cookie=0 in_seq=0 out_seq=0
2024-09-12T00:53:59.650 INFO:teuthology.orchestra.run.smithi003.stdout:/usr/bin/ceph: stderr
2024-09-12T00:53:56.996+0000 7fdd00aa4640 1 -- 172.21.15.3:0/1788894789 <== mon.0 v2:172.21.15.3:3300/0 1 ==== mon_map magic: 0 ==== 205+0+0 (secure 0 0 0) 0x7fdcf8037070 con 0x7fdcfc1077f0
2024-09-12T00:53:59.650 INFO:teuthology.orchestra.run.smithi003.stdout:/usr/bin/ceph: stderr
2024-09-12T00:53:56.996+0000 7fdd00aa4640 1 -- 172.21.15.3:0/1788894789 <== mon.0 v2:172.21.15.3:3300/0 2 ==== config(28 keys) ==== 1171+0+0 (secure 0 0 0) 0x7fdcf8032940 con 0x7fdcfc1077f0
2024-09-12T00:53:59.650 INFO:teuthology.orchestra.run.smithi003.stdout:/usr/bin/ceph: stderr
2024-09-12T00:53:56.996+0000 7fdd00aa4640 1 -- 172.21.15.3:0/1788894789 <== mon.0 v2:172.21.15.3:3300/0 3 ==== mon_map magic: 0 ==== 205+0+0 (secure 0 0 0) 0x7fdcf80308b0 con 0x7fdcfc1077f0
2024-09-12T00:53:59.650 INFO:teuthology.orchestra.run.smithi003.stdout:/usr/bin/ceph: stderr
2024-09-12T00:53:56.997+0000 7fdd03d0a640 1 -- 172.21.15.3:0/1788894789 >> [v2:172.21.15.3:3300/0,v1:172.21.15.3:6789/0] conn(0x7fdcfc1077f0 msgr2=0x7fdcfc107bf0 secure :-1 s=STATE_CONNECTION_ESTABLISHED l=1).mark_down
2024-09-12T00:53:59.650 INFO:teuthology.orchestra.run.smithi003.stdout:/usr/bin/ceph: stderr
2024-09-12T00:53:56.997+0000 7fdd03d0a640 1 --2- 172.21.15.3:0/1788894789 >> [v2:172.21.15.3:3300/0,v1:172.21.15.3:6789/0] conn(0x7fdcfc1077f0 0x7fdcfc107bf0 secure :-1 s=READY pgs=53 cs=0 l=1 rev1=1 crypto rx=0x7fdcf8009820 tx=0x7fdcf802a270 comp rx=0 tx=0).stop
2024-09-12T00:53:59.651 INFO:teuthology.orchestra.run.smithi003.stdout:/usr/bin/ceph: stderr
2024-09-12T00:53:56.997+0000 7fdd03d0a640 1 -- 172.21.15.3:0/1788894789 shutdown_connections
2024-09-12T00:53:59.651 INFO:teuthology.orchestra.run.smithi003.stdout:/usr/bin/ceph: stderr
2024-09-12T00:53:56.997+0000 7fdd03d0a640 1 --2- 172.21.15.3:0/1788894789 >> [v2:172.21.15.3:3300/0,v1:172.21.15.3:6789/0] conn(0x7fdcfc1077f0 0x7fdcfc107bf0 unknown :-1 s=CLOSED pgs=53 cs=0 l=1 rev1=1 crypto rx=0 tx=0 comp rx=0 tx=0).stop
2024-09-12T00:53:59.651 INFO:teuthology.orchestra.run.smithi003.stdout:/usr/bin/ceph: stderr
2024-09-12T00:53:56.997+0000 7fdd03d0a640 1 -- 172.21.15.3:0/1788894789 >> 172.21.15.3:0/1788894789 conn(0x7fdcfc102fe0 msgr2=0x7fdcfc105400 unknown :-1 s=STATE_NONE l=0).mark_down
2024-09-12T00:53:59.651 INFO:teuthology.orchestra.run.smithi003.stdout:/usr/bin/ceph: stderr
2024-09-12T00:53:56.997+0000 7fdd03d0a640 1 -- 172.21.15.3:0/1788894789 shutdown_connections
2024-09-12T00:53:59.651 INFO:teuthology.orchestra.run.smithi003.stdout:/usr/bin/ceph: stderr
2024-09-12T00:53:56.997+0000 7fdd03d0a640 1 -- 172.21.15.3:0/1788894789 wait complete.
2024-09-12T00:53:59.651 INFO:teuthology.orchestra.run.smithi003.stdout:/usr/bin/ceph: stderr
2024-09-12T00:53:56.998+0000 7fdd03d0a640 1 Processor -- start
2024-09-12T00:53:59.651 INFO:teuthology.orchestra.run.smithi003.stdout:/usr/bin/ceph: stderr
2024-09-12T00:53:56.998+0000 7fdd03d0a640 1 -- start start
2024-09-12T00:53:59.651 INFO:teuthology.orchestra.run.smithi003.stdout:/usr/bin/ceph: stderr
2024-09-12T00:53:56.998+0000 7fdd03d0a640 1 --2- >> [v2:172.21.15.3:3300/0,v1:172.21.15.3:6789/0] conn(0x7fdcfc1077f0 0x7fdcfc19b8c0 unknown :-1 s=NONE pgs=0 cs=0 l=1 rev1=0 crypto rx=0 tx=0 comp rx=0 tx=0).connect
2024-09-12T00:53:59.651 INFO:teuthology.orchestra.run.smithi003.stdout:/usr/bin/ceph: stderr
2024-09-12T00:53:56.998+0000 7fdd03d0a640 1 -- --> [v2:172.21.15.3:3300/0,v1:172.21.15.3:6789/0] -- mon_getmap magic: 0 -- 0x7fdcfc10bd50 con 0x7fdcfc1077f0
2024-09-12T00:53:59.651 INFO:teuthology.orchestra.run.smithi003.stdout:/usr/bin/ceph: stderr
2024-09-12T00:53:56.999+0000 7fdd01aa6640 1 --2- >> [v2:172.21.15.3:3300/0,v1:172.21.15.3:6789/0] conn(0x7fdcfc1077f0 0x7fdcfc19b8c0 unknown :-1 s=BANNER_CONNECTING pgs=0 cs=0 l=1 rev1=0 crypto rx=0 tx=0 comp rx=0 tx=0)._handle_peer_banner_payload supported=3 required=0
2024-09-12T00:53:59.651 INFO:teuthology.orchestra.run.smithi003.stdout:/usr/bin/ceph: stderr
2024-09-12T00:53:56.999+0000 7fdd01aa6640 1 --2- >> [v2:172.21.15.3:3300/0,v1:172.21.15.3:6789/0] conn(0x7fdcfc1077f0 0x7fdcfc19b8c0 unknown :-1 s=HELLO_CONNECTING pgs=0 cs=0 l=1 rev1=1 crypto rx=0 tx=0 comp rx=0 tx=0).handle_hello peer v2:172.21.15.3:3300/0 says I am v2:172.21.15.3:54838/0 (socket says 172.21.15.3:54838)
2024-09-12T00:53:59.651 INFO:teuthology.orchestra.run.smithi003.stdout:/usr/bin/ceph: stderr
2024-09-12T00:53:56.999+0000 7fdd01aa6640 1 -- 172.21.15.3:0/2787034439 learned_addr learned my addr 172.21.15.3:0/2787034439 (peer_addr_for_me v2:172.21.15.3:0/0)
2024-09-12T00:53:59.652 INFO:teuthology.orchestra.run.smithi003.stdout:/usr/bin/ceph: stderr
2024-09-12T00:53:56.999+0000 7fdd01aa6640 1 -- 172.21.15.3:0/2787034439 --> [v2:172.21.15.3:3300/0,v1:172.21.15.3:6789/0] -- mon_subscribe({config=0+,monmap=0+}) -- 0x7fdcfc19be00 con 0x7fdcfc1077f0
2024-09-12T00:53:59.652 INFO:teuthology.orchestra.run.smithi003.stdout:/usr/bin/ceph: stderr
2024-09-12T00:53:56.999+0000 7fdd01aa6640 1 --2- 172.21.15.3:0/2787034439 >> [v2:172.21.15.3:3300/0,v1:172.21.15.3:6789/0] conn(0x7fdcfc1077f0 0x7fdcfc19b8c0 secure :-1 s=READY pgs=54 cs=0 l=1 rev1=1 crypto rx=0x7fdcf8009940 tx=0x7fdcf8032e60 comp rx=0 tx=0).ready entity=mon.0 client_cookie=0 server_cookie=0 in_seq=0 out_seq=0
2024-09-12T00:53:59.652 INFO:teuthology.orchestra.run.smithi003.stdout:/usr/bin/ceph: stderr
2024-09-12T00:53:56.999+0000 7fdcf2ffd640 1 -- 172.21.15.3:0/2787034439 <== mon.0 v2:172.21.15.3:3300/0 1 ==== mon_map magic: 0 ==== 205+0+0 (secure 0 0 0) 0x7fdcf8042070 con 0x7fdcfc1077f0
2024-09-12T00:53:59.652 INFO:teuthology.orchestra.run.smithi003.stdout:/usr/bin/ceph: stderr
2024-09-12T00:53:56.999+0000 7fdcf2ffd640 1 -- 172.21.15.3:0/2787034439 <== mon.0 v2:172.21.15.3:3300/0 2 ==== config(28 keys) ==== 1171+0+0 (secure 0 0 0) 0x7fdcf80326b0 con 0x7fdcfc1077f0
2024-09-12T00:53:59.652 INFO:teuthology.orchestra.run.smithi003.stdout:/usr/bin/ceph: stderr
2024-09-12T00:53:56.999+0000 7fdcf2ffd640 1 -- 172.21.15.3:0/2787034439 <== mon.0 v2:172.21.15.3:3300/0 3 ==== mon_map magic: 0 ==== 205+0+0 (secure 0 0 0) 0x7fdcf8037040 con 0x7fdcfc1077f0
2024-09-12T00:53:59.652 INFO:teuthology.orchestra.run.smithi003.stdout:/usr/bin/ceph: stderr
2024-09-12T00:53:56.999+0000 7fdd03d0a640 1 -- 172.21.15.3:0/2787034439 --> [v2:172.21.15.3:3300/0,v1:172.21.15.3:6789/0] -- mon_subscribe({mgrmap=0+}) -- 0x7fdcfc19c090 con 0x7fdcfc1077f0
2024-09-12T00:53:59.652 INFO:teuthology.orchestra.run.smithi003.stdout:/usr/bin/ceph: stderr
2024-09-12T00:53:56.999+0000 7fdd03d0a640 1 -- 172.21.15.3:0/2787034439 --> [v2:172.21.15.3:3300/0,v1:172.21.15.3:6789/0] -- mon_subscribe({osdmap=0}) -- 0x7fdcfc19ed80 con 0x7fdcfc1077f0
2024-09-12T00:53:59.652 INFO:teuthology.orchestra.run.smithi003.stdout:/usr/bin/ceph: stderr
2024-09-12T00:53:57.000+0000 7fdcf2ffd640 1 -- 172.21.15.3:0/2787034439 <== mon.0 v2:172.21.15.3:3300/0 4 ==== mgrmap(e 8) ==== 46287+0+0 (secure 0 0 0) 0x7fdcf8045070 con 0x7fdcfc1077f0
2024-09-12T00:53:59.652 INFO:teuthology.orchestra.run.smithi003.stdout:/usr/bin/ceph: stderr
2024-09-12T00:53:57.000+0000 7fdd03d0a640 1 -- 172.21.15.3:0/2787034439 --> [v2:172.21.15.3:3300/0,v1:172.21.15.3:6789/0] -- mon_command({"prefix": "get_command_descriptions"} v 0) -- 0x7fdcfc107c70 con 0x7fdcfc1077f0
2024-09-12T00:53:59.652 INFO:teuthology.orchestra.run.smithi003.stdout:/usr/bin/ceph: stderr
2024-09-12T00:53:57.000+0000 7fdcf2ffd640 1 --2- 172.21.15.3:0/2787034439 >> [v2:172.21.15.3:6800/1806523374,v1:172.21.15.3:6801/1806523374] conn(0x7fdce8038f70 0x7fdce803b430 unknown :-1 s=NONE pgs=0 cs=0 l=1 rev1=0 crypto rx=0 tx=0 comp rx=0 tx=0).connect
2024-09-12T00:53:59.652 INFO:teuthology.orchestra.run.smithi003.stdout:/usr/bin/ceph: stderr
