2024-09-12T00:53:32.958 INFO:teuthology.orchestra.run.smithi003.stdout:/usr/bin/ceph: stderr
2024-09-12T00:53:32.190+0000 7f0b364f4640 1 Processor -- start
2024-09-12T00:53:32.958 INFO:teuthology.orchestra.run.smithi003.stdout:/usr/bin/ceph: stderr
2024-09-12T00:53:32.190+0000 7f0b364f4640 1 -- start start
2024-09-12T00:53:32.958 INFO:teuthology.orchestra.run.smithi003.stdout:/usr/bin/ceph: stderr
2024-09-12T00:53:32.190+0000 7f0b364f4640 1 --2- >> [v2:172.21.15.3:3300/0,v1:172.21.15.3:6789/0] conn(0x7f0b30107830 0x7f0b30107c30 unknown :-1 s=NONE pgs=0 cs=0 l=0 rev1=0 crypto rx=0 tx=0 comp rx=0 tx=0).connect
2024-09-12T00:53:32.958 INFO:teuthology.orchestra.run.smithi003.stdout:/usr/bin/ceph: stderr
2024-09-12T00:53:32.190+0000 7f0b364f4640 1 -- --> [v2:172.21.15.3:3300/0,v1:172.21.15.3:6789/0] -- mon_getmap magic: 0 -- 0x7f0b30108200 con 0x7f0b30107830
2024-09-12T00:53:32.958 INFO:teuthology.orchestra.run.smithi003.stdout:/usr/bin/ceph: stderr
2024-09-12T00:53:32.190+0000 7f0b2ffff640 1 --2- >> [v2:172.21.15.3:3300/0,v1:172.21.15.3:6789/0] conn(0x7f0b30107830 0x7f0b30107c30 unknown :-1 s=BANNER_CONNECTING pgs=0 cs=0 l=0 rev1=0 crypto rx=0 tx=0 comp rx=0 tx=0)._handle_peer_banner_payload supported=3 required=0
2024-09-12T00:53:32.958 INFO:teuthology.orchestra.run.smithi003.stdout:/usr/bin/ceph: stderr
2024-09-12T00:53:32.190+0000 7f0b2ffff640 1 --2- >> [v2:172.21.15.3:3300/0,v1:172.21.15.3:6789/0] conn(0x7f0b30107830 0x7f0b30107c30 unknown :-1 s=HELLO_CONNECTING pgs=0 cs=0 l=0 rev1=1 crypto rx=0 tx=0 comp rx=0 tx=0).handle_hello peer v2:172.21.15.3:3300/0 says I am v2:172.21.15.3:53916/0 (socket says 172.21.15.3:53916)
2024-09-12T00:53:32.958 INFO:teuthology.orchestra.run.smithi003.stdout:/usr/bin/ceph: stderr
2024-09-12T00:53:32.190+0000 7f0b2ffff640 1 -- 172.21.15.3:0/455754648 learned_addr learned my addr 172.21.15.3:0/455754648 (peer_addr_for_me v2:172.21.15.3:0/0)
2024-09-12T00:53:32.959 INFO:teuthology.orchestra.run.smithi003.stdout:/usr/bin/ceph: stderr
2024-09-12T00:53:32.190+0000 7f0b2ffff640 1 -- 172.21.15.3:0/455754648 --> [v2:172.21.15.3:3300/0,v1:172.21.15.3:6789/0] -- mon_subscribe({config=0+,monmap=0+}) -- 0x7f0b30108990 con 0x7f0b30107830
2024-09-12T00:53:32.959 INFO:teuthology.orchestra.run.smithi003.stdout:/usr/bin/ceph: stderr
2024-09-12T00:53:32.191+0000 7f0b2ffff640 1 --2- 172.21.15.3:0/455754648 >> [v2:172.21.15.3:3300/0,v1:172.21.15.3:6789/0] conn(0x7f0b30107830 0x7f0b30107c30 secure :-1 s=READY pgs=18 cs=0 l=1 rev1=1 crypto rx=0x7f0b20009820 tx=0x7f0b2002a270 comp rx=0 tx=0).ready entity=mon.0 client_cookie=22b902023582417e server_cookie=0 in_seq=0 out_seq=0
2024-09-12T00:53:32.959 INFO:teuthology.orchestra.run.smithi003.stdout:/usr/bin/ceph: stderr
2024-09-12T00:53:32.191+0000 7f0b2effd640 1 -- 172.21.15.3:0/455754648 <== mon.0 v2:172.21.15.3:3300/0 1 ==== mon_map magic: 0 ==== 205+0+0 (secure 0 0 0) 0x7f0b20037070 con 0x7f0b30107830
2024-09-12T00:53:32.959 INFO:teuthology.orchestra.run.smithi003.stdout:/usr/bin/ceph: stderr
2024-09-12T00:53:32.191+0000 7f0b2effd640 1 -- 172.21.15.3:0/455754648 <== mon.0 v2:172.21.15.3:3300/0 2 ==== config(28 keys) ==== 1140+0+0 (secure 0 0 0) 0x7f0b20032920 con 0x7f0b30107830
2024-09-12T00:53:32.959 INFO:teuthology.orchestra.run.smithi003.stdout:/usr/bin/ceph: stderr
2024-09-12T00:53:32.191+0000 7f0b2effd640 1 -- 172.21.15.3:0/455754648 <== mon.0 v2:172.21.15.3:3300/0 3 ==== mon_map magic: 0 ==== 205+0+0 (secure 0 0 0) 0x7f0b20030950 con 0x7f0b30107830
2024-09-12T00:53:32.959 INFO:teuthology.orchestra.run.smithi003.stdout:/usr/bin/ceph: stderr
2024-09-12T00:53:32.192+0000 7f0b364f4640 1 -- 172.21.15.3:0/455754648 >> [v2:172.21.15.3:3300/0,v1:172.21.15.3:6789/0] conn(0x7f0b30107830 msgr2=0x7f0b30107c30 secure :-1 s=STATE_CONNECTION_ESTABLISHED l=1).mark_down
2024-09-12T00:53:32.959 INFO:teuthology.orchestra.run.smithi003.stdout:/usr/bin/ceph: stderr
2024-09-12T00:53:32.192+0000 7f0b364f4640 1 --2- 172.21.15.3:0/455754648 >> [v2:172.21.15.3:3300/0,v1:172.21.15.3:6789/0] conn(0x7f0b30107830 0x7f0b30107c30 secure :-1 s=READY pgs=18 cs=0 l=1 rev1=1 crypto rx=0x7f0b20009820 tx=0x7f0b2002a270 comp rx=0 tx=0).stop
2024-09-12T00:53:32.959 INFO:teuthology.orchestra.run.smithi003.stdout:/usr/bin/ceph: stderr
2024-09-12T00:53:32.192+0000 7f0b364f4640 1 -- 172.21.15.3:0/455754648 shutdown_connections
2024-09-12T00:53:32.959 INFO:teuthology.orchestra.run.smithi003.stdout:/usr/bin/ceph: stderr
2024-09-12T00:53:32.192+0000 7f0b364f4640 1 --2- 172.21.15.3:0/455754648 >> [v2:172.21.15.3:3300/0,v1:172.21.15.3:6789/0] conn(0x7f0b30107830 0x7f0b30107c30 unknown :-1 s=CLOSED pgs=18 cs=0 l=1 rev1=1 crypto rx=0 tx=0 comp rx=0 tx=0).stop
2024-09-12T00:53:32.959 INFO:teuthology.orchestra.run.smithi003.stdout:/usr/bin/ceph: stderr
2024-09-12T00:53:32.192+0000 7f0b364f4640 1 -- 172.21.15.3:0/455754648 >> 172.21.15.3:0/455754648 conn(0x7f0b30103000 msgr2=0x7f0b30105420 unknown :-1 s=STATE_NONE l=0).mark_down
2024-09-12T00:53:32.959 INFO:teuthology.orchestra.run.smithi003.stdout:/usr/bin/ceph: stderr
2024-09-12T00:53:32.192+0000 7f0b364f4640 1 -- 172.21.15.3:0/455754648 shutdown_connections
2024-09-12T00:53:32.959 INFO:teuthology.orchestra.run.smithi003.stdout:/usr/bin/ceph: stderr
2024-09-12T00:53:32.192+0000 7f0b364f4640 1 -- 172.21.15.3:0/455754648 wait complete.
2024-09-12T00:53:32.959 INFO:teuthology.orchestra.run.smithi003.stdout:/usr/bin/ceph: stderr
2024-09-12T00:53:32.193+0000 7f0b364f4640 1 Processor -- start
2024-09-12T00:53:32.960 INFO:teuthology.orchestra.run.smithi003.stdout:/usr/bin/ceph: stderr
2024-09-12T00:53:32.193+0000 7f0b364f4640 1 -- start start
2024-09-12T00:53:32.960 INFO:teuthology.orchestra.run.smithi003.stdout:/usr/bin/ceph: stderr
2024-09-12T00:53:32.193+0000 7f0b364f4640 1 --2- >> [v2:172.21.15.3:3300/0,v1:172.21.15.3:6789/0] conn(0x7f0b30107830 0x7f0b3019b860 unknown :-1 s=NONE pgs=0 cs=0 l=1 rev1=0 crypto rx=0 tx=0 comp rx=0 tx=0).connect
2024-09-12T00:53:32.960 INFO:teuthology.orchestra.run.smithi003.stdout:/usr/bin/ceph: stderr
2024-09-12T00:53:32.193+0000 7f0b364f4640 1 -- --> [v2:172.21.15.3:3300/0,v1:172.21.15.3:6789/0] -- mon_getmap magic: 0 -- 0x7f0b3010bd40 con 0x7f0b30107830
2024-09-12T00:53:32.960 INFO:teuthology.orchestra.run.smithi003.stdout:/usr/bin/ceph: stderr
2024-09-12T00:53:32.193+0000 7f0b2ffff640 1 --2- >> [v2:172.21.15.3:3300/0,v1:172.21.15.3:6789/0] conn(0x7f0b30107830 0x7f0b3019b860 unknown :-1 s=BANNER_CONNECTING pgs=0 cs=0 l=1 rev1=0 crypto rx=0 tx=0 comp rx=0 tx=0)._handle_peer_banner_payload supported=3 required=0
2024-09-12T00:53:32.960 INFO:teuthology.orchestra.run.smithi003.stdout:/usr/bin/ceph: stderr
2024-09-12T00:53:32.193+0000 7f0b2ffff640 1 --2- >> [v2:172.21.15.3:3300/0,v1:172.21.15.3:6789/0] conn(0x7f0b30107830 0x7f0b3019b860 unknown :-1 s=HELLO_CONNECTING pgs=0 cs=0 l=1 rev1=1 crypto rx=0 tx=0 comp rx=0 tx=0).handle_hello peer v2:172.21.15.3:3300/0 says I am v2:172.21.15.3:53918/0 (socket says 172.21.15.3:53918)
2024-09-12T00:53:32.960 INFO:teuthology.orchestra.run.smithi003.stdout:/usr/bin/ceph: stderr
2024-09-12T00:53:32.193+0000 7f0b2ffff640 1 -- 172.21.15.3:0/1907649746 learned_addr learned my addr 172.21.15.3:0/1907649746 (peer_addr_for_me v2:172.21.15.3:0/0)
2024-09-12T00:53:32.960 INFO:teuthology.orchestra.run.smithi003.stdout:/usr/bin/ceph: stderr
2024-09-12T00:53:32.193+0000 7f0b2ffff640 1 -- 172.21.15.3:0/1907649746 --> [v2:172.21.15.3:3300/0,v1:172.21.15.3:6789/0] -- mon_subscribe({config=0+,monmap=0+}) -- 0x7f0b3019bda0 con 0x7f0b30107830
2024-09-12T00:53:32.960 INFO:teuthology.orchestra.run.smithi003.stdout:/usr/bin/ceph: stderr
2024-09-12T00:53:32.194+0000 7f0b2ffff640 1 --2- 172.21.15.3:0/1907649746 >> [v2:172.21.15.3:3300/0,v1:172.21.15.3:6789/0] conn(0x7f0b30107830 0x7f0b3019b860 secure :-1 s=READY pgs=19 cs=0 l=1 rev1=1 crypto rx=0x7f0b200306a0 tx=0x7f0b20032d70 comp rx=0 tx=0).ready entity=mon.0 client_cookie=0 server_cookie=0 in_seq=0 out_seq=0
2024-09-12T00:53:32.960 INFO:teuthology.orchestra.run.smithi003.stdout:/usr/bin/ceph: stderr
2024-09-12T00:53:32.194+0000 7f0b2d7fa640 1 -- 172.21.15.3:0/1907649746 <== mon.0 v2:172.21.15.3:3300/0 1 ==== mon_map magic: 0 ==== 205+0+0 (secure 0 0 0) 0x7f0b20042070 con 0x7f0b30107830
2024-09-12T00:53:32.960 INFO:teuthology.orchestra.run.smithi003.stdout:/usr/bin/ceph: stderr
2024-09-12T00:53:32.194+0000 7f0b364f4640 1 -- 172.21.15.3:0/1907649746 --> [v2:172.21.15.3:3300/0,v1:172.21.15.3:6789/0] -- mon_subscribe({mgrmap=0+}) -- 0x7f0b3019c030 con 0x7f0b30107830
2024-09-12T00:53:32.960 INFO:teuthology.orchestra.run.smithi003.stdout:/usr/bin/ceph: stderr
2024-09-12T00:53:32.194+0000 7f0b2d7fa640 1 -- 172.21.15.3:0/1907649746 <== mon.0 v2:172.21.15.3:3300/0 2 ==== config(28 keys) ==== 1140+0+0 (secure 0 0 0) 0x7f0b20032630 con 0x7f0b30107830
2024-09-12T00:53:32.960 INFO:teuthology.orchestra.run.smithi003.stdout:/usr/bin/ceph: stderr
2024-09-12T00:53:32.194+0000 7f0b2d7fa640 1 -- 172.21.15.3:0/1907649746 <== mon.0 v2:172.21.15.3:3300/0 3 ==== mon_map magic: 0 ==== 205+0+0 (secure 0 0 0) 0x7f0b20037040 con 0x7f0b30107830
2024-09-12T00:53:32.960 INFO:teuthology.orchestra.run.smithi003.stdout:/usr/bin/ceph: stderr
2024-09-12T00:53:32.194+0000 7f0b364f4640 1 -- 172.21.15.3:0/1907649746 --> [v2:172.21.15.3:3300/0,v1:172.21.15.3:6789/0] -- mon_subscribe({osdmap=0}) -- 0x7f0b3019ed20 con 0x7f0b30107830
2024-09-12T00:53:32.961 INFO:teuthology.orchestra.run.smithi003.stdout:/usr/bin/ceph: stderr
2024-09-12T00:53:32.195+0000 7f0b2d7fa640 1 -- 172.21.15.3:0/1907649746 <== mon.0 v2:172.21.15.3:3300/0 4 ==== mgrmap(e 4) ==== 46276+0+0 (secure 0 0 0) 0x7f0b20045070 con 0x7f0b30107830
2024-09-12T00:53:32.961 INFO:teuthology.orchestra.run.smithi003.stdout:/usr/bin/ceph: stderr
2024-09-12T00:53:32.195+0000 7f0b2d7fa640 1 --2- 172.21.15.3:0/1907649746 >> [v2:172.21.15.3:6800/822947510,v1:172.21.15.3:6801/822947510] conn(0x7f0b18038f20 0x7f0b1803b3e0 unknown :-1 s=NONE pgs=0 cs=0 l=1 rev1=0 crypto rx=0 tx=0 comp rx=0 tx=0).connect
2024-09-12T00:53:32.961 INFO:teuthology.orchestra.run.smithi003.stdout:/usr/bin/ceph: stderr
2024-09-12T00:53:32.195+0000 7f0b364f4640 1 -- 172.21.15.3:0/1907649746 --> [v2:172.21.15.3:3300/0,v1:172.21.15.3:6789/0] -- mon_command({"prefix": "get_command_descriptions"} v 0) -- 0x7f0b30107cb0 con 0x7f0b30107830
2024-09-12T00:53:32.961 INFO:teuthology.orchestra.run.smithi003.stdout:/usr/bin/ceph: stderr
2024-09-12T00:53:32.195+0000 7f0b2d7fa640 1 -- 172.21.15.3:0/1907649746 <== mon.0 v2:172.21.15.3:3300/0 5 ==== osd_map(1..1 src has 1..1) ==== 725+0+0 (secure 0 0 0) 0x7f0b2006be80 con 0x7f0b30107830
2024-09-12T00:53:32.961 INFO:teuthology.orchestra.run.smithi003.stdout:/usr/bin/ceph: stderr
2024-09-12T00:53:32.195+0000 7f0b2f7fe640 1 --2- 172.21.15.3:0/1907649746 >> [v2:172.21.15.3:6800/822947510,v1:172.21.15.3:6801/822947510] conn(0x7f0b18038f20 0x7f0b1803b3e0 unknown :-1 s=BANNER_CONNECTING pgs=0 cs=0 l=1 rev1=0 crypto rx=0 tx=0 comp rx=0 tx=0)._handle_peer_banner_payload supported=3 required=0
2024-09-12T00:53:32.961 INFO:teuthology.orchestra.run.smithi003.stdout:/usr/bin/ceph: stderr
2024-09-12T00:53:32.195+0000 7f0b2f7fe640 1 --2- 172.21.15.3:0/1907649746 >> [v2:172.21.15.3:6800/822947510,v1:172.21.15.3:6801/822947510] conn(0x7f0b18038f20 0x7f0b1803b3e0 secure :-1 s=READY pgs=7 cs=0 l=1 rev1=1 crypto rx=0x7f0b240098c0 tx=0x7f0b24006db0 comp rx=0 tx=0).ready entity=mgr.14100 client_cookie=0 server_cookie=0 in_seq=0 out_seq=0
2024-09-12T00:53:32.961 INFO:teuthology.orchestra.run.smithi003.stdout:/usr/bin/ceph: stderr
2024-09-12T00:53:32.200+0000 7f0b2d7fa640 1 -- 172.21.15.3:0/1907649746 <== mon.0 v2:172.21.15.3:3300/0 6 ==== mon_command_ack([{"prefix": "get_command_descriptions"}]=0 v0) ==== 72+0+188821 (secure 0 0 0) 0x7f0b2006b8a0 con 0x7f0b30107830
2024-09-12T00:53:32.961 INFO:teuthology.orchestra.run.smithi003.stdout:/usr/bin/ceph: stderr
2024-09-12T00:53:32.374+0000 7f0b364f4640 1 -- 172.21.15.3:0/1907649746 --> [v2:172.21.15.3:3300/0,v1:172.21.15.3:6789/0] -- mon_command({"prefix": "config assimilate-conf"} v 0) -- 0x7f0b301a04f0 con 0x7f0b30107830
2024-09-12T00:53:32.961 INFO:teuthology.orchestra.run.smithi003.stdout:/usr/bin/ceph: stderr
2024-09-12T00:53:32.375+0000 7f0b2d7fa640 1 -- 172.21.15.3:0/1907649746 <== mon.0 v2:172.21.15.3:3300/0 7 ==== mon_command_ack([{"prefix": "config assimilate-conf"}]=0 v3) ==== 70+0+427 (secure 0 0 0) 0x7f0b200327e0 con 0x7f0b30107830
2024-09-12T00:53:32.961 INFO:teuthology.orchestra.run.smithi003.stdout:/usr/bin/ceph: stderr
2024-09-12T00:53:32.378+0000 7f0b364f4640 1 -- 172.21.15.3:0/1907649746 >> [v2:172.21.15.3:6800/822947510,v1:172.21.15.3:6801/822947510] conn(0x7f0b18038f20 msgr2=0x7f0b1803b3e0 secure :-1 s=STATE_CONNECTION_ESTABLISHED l=1).mark_down
2024-09-12T00:53:32.961 INFO:teuthology.orchestra.run.smithi003.stdout:/usr/bin/ceph: stderr
2024-09-12T00:53:32.378+0000 7f0b364f4640 1 --2- 172.21.15.3:0/1907649746 >> [v2:172.21.15.3:6800/822947510,v1:172.21.15.3:6801/822947510] conn(0x7f0b18038f20 0x7f0b1803b3e0 secure :-1 s=READY pgs=7 cs=0 l=1 rev1=1 crypto rx=0x7f0b240098c0 tx=0x7f0b24006db0 comp rx=0 tx=0).stop
2024-09-12T00:53:32.961 INFO:teuthology.orchestra.run.smithi003.stdout:/usr/bin/ceph: stderr
2024-09-12T00:53:32.378+0000 7f0b364f4640 1 -- 172.21.15.3:0/1907649746 >> [v2:172.21.15.3:3300/0,v1:172.21.15.3:6789/0] conn(0x7f0b30107830 msgr2=0x7f0b3019b860 secure :-1 s=STATE_CONNECTION_ESTABLISHED l=1).mark_down
2024-09-12T00:53:32.962 INFO:teuthology.orchestra.run.smithi003.stdout:/usr/bin/ceph: stderr
2024-09-12T00:53:32.378+0000 7f0b364f4640 1 --2- 172.21.15.3:0/1907649746 >> [v2:172.21.15.3:3300/0,v1:172.21.15.3:6789/0] conn(0x7f0b30107830 0x7f0b3019b860 secure :-1 s=READY pgs=19 cs=0 l=1 rev1=1 crypto rx=0x7f0b200306a0 tx=0x7f0b20032d70 comp rx=0 tx=0).stop
2024-09-12T00:53:32.962 INFO:teuthology.orchestra.run.smithi003.stdout:/usr/bin/ceph: stderr
2024-09-12T00:53:32.378+0000 7f0b364f4640 1 -- 172.21.15.3:0/1907649746 shutdown_connections
2024-09-12T00:53:32.962 INFO:teuthology.orchestra.run.smithi003.stdout:/usr/bin/ceph: stderr
2024-09-12T00:53:32.378+0000 7f0b364f4640 1 --2- 172.21.15.3:0/1907649746 >> [v2:172.21.15.3:6800/822947510,v1:172.21.15.3:6801/822947510] conn(0x7f0b18038f20 0x7f0b1803b3e0 unknown :-1 s=CLOSED pgs=7 cs=0 l=1 rev1=1 crypto rx=0 tx=0 comp rx=0 tx=0).stop
2024-09-12T00:53:32.962 INFO:teuthology.orchestra.run.smithi003.stdout:/usr/bin/ceph: stderr
2024-09-12T00:53:32.378+0000 7f0b364f4640 1 --2- 172.21.15.3:0/1907649746 >> [v2:172.21.15.3:3300/0,v1:172.21.15.3:6789/0] conn(0x7f0b30107830 0x7f0b3019b860 unknown :-1 s=CLOSED pgs=19 cs=0 l=1 rev1=1 crypto rx=0 tx=0 comp rx=0 tx=0).stop
2024-09-12T00:53:32.962 INFO:teuthology.orchestra.run.smithi003.stdout:/usr/bin/ceph: stderr
2024-09-12T00:53:32.378+0000 7f0b364f4640 1 -- 172.21.15.3:0/1907649746 >> 172.21.15.3:0/1907649746 conn(0x7f0b30103000 msgr2=0x7f0b30103c40 unknown :-1 s=STATE_NONE l=0).mark_down
2024-09-12T00:53:32.962 INFO:teuthology.orchestra.run.smithi003.stdout:/usr/bin/ceph: stderr
2024-09-12T00:53:32.378+0000 7f0b364f4640 1 -- 172.21.15.3:0/1907649746 shutdown_connections
2024-09-12T00:53:32.962 INFO:teuthology.orchestra.run.smithi003.stdout:/usr/bin/ceph: stderr
2024-09-12T00:53:32.378+0000 7f0b364f4640 1 -- 172.21.15.3:0/1907649746 wait complete.
2024-09-12T00:53:32.962 INFO:teuthology.orchestra.run.smithi003.stdout:Enabling cephadm module...
2024-09-12T00:53:33.961 INFO:journalctl@ceph.mon.a.smithi003.stdout:Sep 12 00:53:33 smithi003 ceph-mon[31232]: from='client.? 172.21.15.3:0/4020807800' entity='client.admin' cmd=[{"prefix": "mgr module enable", "module": "cephadm"}]: dispatch
2024-09-12T00:53:33.961 INFO:journalctl@ceph.mgr.x.smithi003.stdout:Sep 12 00:53:33 smithi003 ceph-45e55a54-70a1-11ef-bcea-c7b262605968-mgr-x[31460]: ignoring --setuser ceph since I am not root
2024-09-12T00:53:33.961 INFO:journalctl@ceph.mgr.x.smithi003.stdout:Sep 12 00:53:33 smithi003 ceph-45e55a54-70a1-11ef-bcea-c7b262605968-mgr-x[31460]: ignoring --setgroup ceph since I am not root
2024-09-12T00:53:33.961 INFO:journalctl@ceph.mgr.x.smithi003.stdout:Sep 12 00:53:33 smithi003 ceph-45e55a54-70a1-11ef-bcea-c7b262605968-mgr-x[31460]:
2024-09-12T00:53:33.786+0000 7fcbc5752040 -1 mgr[py] Module osd_perf_query has missing NOTIFY_TYPES member
2024-09-12T00:53:33.961 INFO:journalctl@ceph.mgr.x.smithi003.stdout:Sep 12 00:53:33 smithi003 ceph-45e55a54-70a1-11ef-bcea-c7b262605968-mgr-x[31460]:
2024-09-12T00:53:33.846+0000 7fcbc5752040 -1 mgr[py] Module osd_support has missing NOTIFY_TYPES member
2024-09-12T00:53:34.229 INFO:journalctl@ceph.mgr.x.smithi003.stdout:Sep 12 00:53:34 smithi003 ceph-45e55a54-70a1-11ef-bcea-c7b262605968-mgr-x[31460]:
2024-09-12T00:53:34.005+0000 7fcbc5752040 -1 mgr[py] Module diskprediction_local has missing NOTIFY_TYPES member
2024-09-12T00:53:34.229 INFO:journalctl@ceph.mgr.x.smithi003.stdout:Sep 12 00:53:34 smithi003 ceph-45e55a54-70a1-11ef-bcea-c7b262605968-mgr-x[31460]:
2024-09-12T00:53:34.074+0000 7fcbc5752040 -1 mgr[py] Module crash has missing NOTIFY_TYPES member
2024-09-12T00:53:34.229 INFO:journalctl@ceph.mgr.x.smithi003.stdout:Sep 12 00:53:34 smithi003 ceph-45e55a54-70a1-11ef-bcea-c7b262605968-mgr-x[31460]:
2024-09-12T00:53:34.230+0000 7fcbc5752040 -1 mgr[py] Module test_orchestrator has missing NOTIFY_TYPES member
2024-09-12T00:53:34.277 INFO:teuthology.orchestra.run.smithi003.stdout:/usr/bin/ceph: stderr
2024-09-12T00:53:33.348+0000 7f6d6c40b640 1 Processor -- start
2024-09-12T00:53:34.277 INFO:teuthology.orchestra.run.smithi003.stdout:/usr/bin/ceph: stderr
2024-09-12T00:53:33.348+0000 7f6d6c40b640 1 -- start start
2024-09-12T00:53:34.277 INFO:teuthology.orchestra.run.smithi003.stdout:/usr/bin/ceph: stderr
2024-09-12T00:53:33.348+0000 7f6d6c40b640 1 --2- >> [v2:172.21.15.3:3300/0,v1:172.21.15.3:6789/0] conn(0x7f6d6407de80 0x7f6d6407c330 unknown :-1 s=NONE pgs=0 cs=0 l=0 rev1=0 crypto rx=0 tx=0 comp rx=0 tx=0).connect
2024-09-12T00:53:34.277 INFO:teuthology.orchestra.run.smithi003.stdout:/usr/bin/ceph: stderr
2024-09-12T00:53:33.348+0000 7f6d6c40b640 1 -- --> [v2:172.21.15.3:3300/0,v1:172.21.15.3:6789/0] -- mon_getmap magic: 0 -- 0x7f6d6407c900 con 0x7f6d6407de80
2024-09-12T00:53:34.278 INFO:teuthology.orchestra.run.smithi003.stdout:/usr/bin/ceph: stderr
2024-09-12T00:53:33.348+0000 7f6d6a1a7640 1 --2- >> [v2:172.21.15.3:3300/0,v1:172.21.15.3:6789/0] conn(0x7f6d6407de80 0x7f6d6407c330 unknown :-1 s=BANNER_CONNECTING pgs=0 cs=0 l=0 rev1=0 crypto rx=0 tx=0 comp rx=0 tx=0)._handle_peer_banner_payload supported=3 required=0
2024-09-12T00:53:34.278 INFO:teuthology.orchestra.run.smithi003.stdout:/usr/bin/ceph: stderr
2024-09-12T00:53:33.348+0000 7f6d6a1a7640 1 --2- >> [v2:172.21.15.3:3300/0,v1:172.21.15.3:6789/0] conn(0x7f6d6407de80 0x7f6d6407c330 unknown :-1 s=HELLO_CONNECTING pgs=0 cs=0 l=0 rev1=1 crypto rx=0 tx=0 comp rx=0 tx=0).handle_hello peer v2:172.21.15.3:3300/0 says I am v2:172.21.15.3:53922/0 (socket says 172.21.15.3:53922)
2024-09-12T00:53:34.278 INFO:teuthology.orchestra.run.smithi003.stdout:/usr/bin/ceph: stderr
2024-09-12T00:53:33.348+0000 7f6d6a1a7640 1 -- 172.21.15.3:0/2361275359 learned_addr learned my addr 172.21.15.3:0/2361275359 (peer_addr_for_me v2:172.21.15.3:0/0)
2024-09-12T00:53:34.278 INFO:teuthology.orchestra.run.smithi003.stdout:/usr/bin/ceph: stderr
2024-09-12T00:53:33.348+0000 7f6d6a1a7640 1 -- 172.21.15.3:0/2361275359 --> [v2:172.21.15.3:3300/0,v1:172.21.15.3:6789/0] -- mon_subscribe({config=0+,monmap=0+}) -- 0x7f6d6407ca80 con 0x7f6d6407de80
2024-09-12T00:53:34.278 INFO:teuthology.orchestra.run.smithi003.stdout:/usr/bin/ceph: stderr
2024-09-12T00:53:33.349+0000 7f6d6a1a7640 1 --2- 172.21.15.3:0/2361275359 >> [v2:172.21.15.3:3300/0,v1:172.21.15.3:6789/0] conn(0x7f6d6407de80 0x7f6d6407c330 secure :-1 s=READY pgs=20 cs=0 l=1 rev1=1 crypto rx=0x7f6d60009820 tx=0x7f6d6002a270 comp rx=0 tx=0).ready entity=mon.0 client_cookie=92dc45ceab673b60 server_cookie=0 in_seq=0 out_seq=0
2024-09-12T00:53:34.278 INFO:teuthology.orchestra.run.smithi003.stdout:/usr/bin/ceph: stderr
2024-09-12T00:53:33.349+0000 7f6d691a5640 1 -- 172.21.15.3:0/2361275359 <== mon.0 v2:172.21.15.3:3300/0 1 ==== mon_map magic: 0 ==== 205+0+0 (secure 0 0 0) 0x7f6d60037070 con 0x7f6d6407de80
2024-09-12T00:53:34.278 INFO:teuthology.orchestra.run.smithi003.stdout:/usr/bin/ceph: stderr
2024-09-12T00:53:33.349+0000 7f6d691a5640 1 -- 172.21.15.3:0/2361275359 <== mon.0 v2:172.21.15.3:3300/0 2 ==== config(28 keys) ==== 1140+0+0 (secure 0 0 0) 0x7f6d60032920 con 0x7f6d6407de80
2024-09-12T00:53:34.278 INFO:teuthology.orchestra.run.smithi003.stdout:/usr/bin/ceph: stderr
2024-09-12T00:53:33.349+0000 7f6d691a5640 1 -- 172.21.15.3:0/2361275359 <== mon.0 v2:172.21.15.3:3300/0 3 ==== mon_map magic: 0 ==== 205+0+0 (secure 0 0 0) 0x7f6d60030950 con 0x7f6d6407de80
2024-09-12T00:53:34.278 INFO:teuthology.orchestra.run.smithi003.stdout:/usr/bin/ceph: stderr
2024-09-12T00:53:33.350+0000 7f6d6c40b640 1 -- 172.21.15.3:0/2361275359 >> [v2:172.21.15.3:3300/0,v1:172.21.15.3:6789/0] conn(0x7f6d6407de80 msgr2=0x7f6d6407c330 secure :-1 s=STATE_CONNECTION_ESTABLISHED l=1).mark_down
2024-09-12T00:53:34.278 INFO:teuthology.orchestra.run.smithi003.stdout:/usr/bin/ceph: stderr
2024-09-12T00:53:33.350+0000 7f6d6c40b640 1 --2- 172.21.15.3:0/2361275359 >> [v2:172.21.15.3:3300/0,v1:172.21.15.3:6789/0] conn(0x7f6d6407de80 0x7f6d6407c330 secure :-1 s=READY pgs=20 cs=0 l=1 rev1=1 crypto rx=0x7f6d60009820 tx=0x7f6d6002a270 comp rx=0 tx=0).stop
2024-09-12T00:53:34.278 INFO:teuthology.orchestra.run.smithi003.stdout:/usr/bin/ceph: stderr
2024-09-12T00:53:33.350+0000 7f6d6c40b640 1 -- 172.21.15.3:0/2361275359 shutdown_connections
2024-09-12T00:53:34.279 INFO:teuthology.orchestra.run.smithi003.stdout:/usr/bin/ceph: stderr
2024-09-12T00:53:33.350+0000 7f6d6c40b640 1 --2- 172.21.15.3:0/2361275359 >> [v2:172.21.15.3:3300/0,v1:172.21.15.3:6789/0] conn(0x7f6d6407de80 0x7f6d6407c330 unknown :-1 s=CLOSED pgs=20 cs=0 l=1 rev1=1 crypto rx=0 tx=0 comp rx=0 tx=0).stop
2024-09-12T00:53:34.279 INFO:teuthology.orchestra.run.smithi003.stdout:/usr/bin/ceph: stderr
2024-09-12T00:53:33.350+0000 7f6d6c40b640 1 -- 172.21.15.3:0/2361275359 >> 172.21.15.3:0/2361275359 conn(0x7f6d64102fe0 msgr2=0x7f6d64105400 unknown :-1 s=STATE_NONE l=0).mark_down
2024-09-12T00:53:34.279 INFO:teuthology.orchestra.run.smithi003.stdout:/usr/bin/ceph: stderr
2024-09-12T00:53:33.350+0000 7f6d6c40b640 1 -- 172.21.15.3:0/2361275359 shutdown_connections
2024-09-12T00:53:34.279 INFO:teuthology.orchestra.run.smithi003.stdout:/usr/bin/ceph: stderr
2024-09-12T00:53:33.350+0000 7f6d6c40b640 1 -- 172.21.15.3:0/2361275359 wait complete.
2024-09-12T00:53:34.279 INFO:teuthology.orchestra.run.smithi003.stdout:/usr/bin/ceph: stderr
2024-09-12T00:53:33.351+0000 7f6d6c40b640 1 Processor -- start
2024-09-12T00:53:34.279 INFO:teuthology.orchestra.run.smithi003.stdout:/usr/bin/ceph: stderr
2024-09-12T00:53:33.351+0000 7f6d6c40b640 1 -- start start
2024-09-12T00:53:34.279 INFO:teuthology.orchestra.run.smithi003.stdout:/usr/bin/ceph: stderr
2024-09-12T00:53:33.351+0000 7f6d6c40b640 1 --2- >> [v2:172.21.15.3:3300/0,v1:172.21.15.3:6789/0] conn(0x7f6d6407de80 0x7f6d6419da30 unknown :-1 s=NONE pgs=0 cs=0 l=1 rev1=0 crypto rx=0 tx=0 comp rx=0 tx=0).connect
2024-09-12T00:53:34.279 INFO:teuthology.orchestra.run.smithi003.stdout:/usr/bin/ceph: stderr
2024-09-12T00:53:33.351+0000 7f6d6c40b640 1 -- --> [v2:172.21.15.3:3300/0,v1:172.21.15.3:6789/0] -- mon_getmap magic: 0 -- 0x7f6d6410de20 con 0x7f6d6407de80
2024-09-12T00:53:34.279 INFO:teuthology.orchestra.run.smithi003.stdout:/usr/bin/ceph: stderr
2024-09-12T00:53:33.351+0000 7f6d6a1a7640 1 --2- >> [v2:172.21.15.3:3300/0,v1:172.21.15.3:6789/0] conn(0x7f6d6407de80 0x7f6d6419da30 unknown :-1 s=BANNER_CONNECTING pgs=0 cs=0 l=1 rev1=0 crypto rx=0 tx=0 comp rx=0 tx=0)._handle_peer_banner_payload supported=3 required=0
2024-09-12T00:53:34.279 INFO:teuthology.orchestra.run.smithi003.stdout:/usr/bin/ceph: stderr
2024-09-12T00:53:33.351+0000 7f6d6a1a7640 1 --2- >> [v2:172.21.15.3:3300/0,v1:172.21.15.3:6789/0] conn(0x7f6d6407de80 0x7f6d6419da30 unknown :-1 s=HELLO_CONNECTING pgs=0 cs=0 l=1 rev1=1 crypto rx=0 tx=0 comp rx=0 tx=0).handle_hello peer v2:172.21.15.3:3300/0 says I am v2:172.21.15.3:53932/0 (socket says 172.21.15.3:53932)
2024-09-12T00:53:34.279 INFO:teuthology.orchestra.run.smithi003.stdout:/usr/bin/ceph: stderr
2024-09-12T00:53:33.351+0000 7f6d6a1a7640 1 -- 172.21.15.3:0/4020807800 learned_addr learned my addr 172.21.15.3:0/4020807800 (peer_addr_for_me v2:172.21.15.3:0/0)
2024-09-12T00:53:34.279 INFO:teuthology.orchestra.run.smithi003.stdout:/usr/bin/ceph: stderr
2024-09-12T00:53:33.351+0000 7f6d6a1a7640 1 -- 172.21.15.3:0/4020807800 --> [v2:172.21.15.3:3300/0,v1:172.21.15.3:6789/0] -- mon_subscribe({config=0+,monmap=0+}) -- 0x7f6d6419df70 con 0x7f6d6407de80
2024-09-12T00:53:34.279 INFO:teuthology.orchestra.run.smithi003.stdout:/usr/bin/ceph: stderr
2024-09-12T00:53:33.352+0000 7f6d6a1a7640 1 --2- 172.21.15.3:0/4020807800 >> [v2:172.21.15.3:3300/0,v1:172.21.15.3:6789/0] conn(0x7f6d6407de80 0x7f6d6419da30 secure :-1 s=READY pgs=21 cs=0 l=1 rev1=1 crypto rx=0x7f6d600306a0 tx=0x7f6d60032d70 comp rx=0 tx=0).ready entity=mon.0 client_cookie=0 server_cookie=0 in_seq=0 out_seq=0
2024-09-12T00:53:34.280 INFO:teuthology.orchestra.run.smithi003.stdout:/usr/bin/ceph: stderr
2024-09-12T00:53:33.352+0000 7f6d5b7fe640 1 -- 172.21.15.3:0/4020807800 <== mon.0 v2:172.21.15.3:3300/0 1 ==== mon_map magic: 0 ==== 205+0+0 (secure 0 0 0) 0x7f6d60042070 con 0x7f6d6407de80
2024-09-12T00:53:34.280 INFO:teuthology.orchestra.run.smithi003.stdout:/usr/bin/ceph: stderr
2024-09-12T00:53:33.352+0000 7f6d5b7fe640 1 -- 172.21.15.3:0/4020807800 <== mon.0 v2:172.21.15.3:3300/0 2 ==== config(28 keys) ==== 1140+0+0 (secure 0 0 0) 0x7f6d60032630 con 0x7f6d6407de80
2024-09-12T00:53:34.280 INFO:teuthology.orchestra.run.smithi003.stdout:/usr/bin/ceph: stderr
2024-09-12T00:53:33.352+0000 7f6d6c40b640 1 -- 172.21.15.3:0/4020807800 --> [v2:172.21.15.3:3300/0,v1:172.21.15.3:6789/0] -- mon_subscribe({mgrmap=0+}) -- 0x7f6d6419e200 con 0x7f6d6407de80
2024-09-12T00:53:34.280 INFO:teuthology.orchestra.run.smithi003.stdout:/usr/bin/ceph: stderr
2024-09-12T00:53:33.352+0000 7f6d5b7fe640 1 -- 172.21.15.3:0/4020807800 <== mon.0 v2:172.21.15.3:3300/0 3 ==== mon_map magic: 0 ==== 205+0+0 (secure 0 0 0) 0x7f6d60037040 con 0x7f6d6407de80
2024-09-12T00:53:34.280 INFO:teuthology.orchestra.run.smithi003.stdout:/usr/bin/ceph: stderr
2024-09-12T00:53:33.352+0000 7f6d6c40b640 1 -- 172.21.15.3:0/4020807800 --> [v2:172.21.15.3:3300/0,v1:172.21.15.3:6789/0] -- mon_subscribe({osdmap=0}) -- 0x7f6d641a0ef0 con 0x7f6d6407de80
2024-09-12T00:53:34.280 INFO:teuthology.orchestra.run.smithi003.stdout:/usr/bin/ceph: stderr
2024-09-12T00:53:33.353+0000 7f6d5b7fe640 1 -- 172.21.15.3:0/4020807800 <== mon.0 v2:172.21.15.3:3300/0 4 ==== mgrmap(e 4) ==== 46276+0+0 (secure 0 0 0) 0x7f6d60045070 con 0x7f6d6407de80
2024-09-12T00:53:34.280 INFO:teuthology.orchestra.run.smithi003.stdout:/usr/bin/ceph: stderr
2024-09-12T00:53:33.353+0000 7f6d6c40b640 1 -- 172.21.15.3:0/4020807800 --> [v2:172.21.15.3:3300/0,v1:172.21.15.3:6789/0] -- mon_command({"prefix": "get_command_descriptions"} v 0) -- 0x7f6d6407c3b0 con 0x7f6d6407de80
2024-09-12T00:53:34.280 INFO:teuthology.orchestra.run.smithi003.stdout:/usr/bin/ceph: stderr
2024-09-12T00:53:33.353+0000 7f6d5b7fe640 1 --2- 172.21.15.3:0/4020807800 >> [v2:172.21.15.3:6800/822947510,v1:172.21.15.3:6801/822947510] conn(0x7f6d50038f70 0x7f6d5003b430 unknown :-1 s=NONE pgs=0 cs=0 l=1 rev1=0 crypto rx=0 tx=0 comp rx=0 tx=0).connect
2024-09-12T00:53:34.280 INFO:teuthology.orchestra.run.smithi003.stdout:/usr/bin/ceph: stderr
2024-09-12T00:53:33.353+0000 7f6d5b7fe640 1 -- 172.21.15.3:0/4020807800 <== mon.0 v2:172.21.15.3:3300/0 5 ==== osd_map(1..1 src has 1..1) ==== 725+0+0 (secure 0 0 0) 0x7f6d6006bed0 con 0x7f6d6407de80
2024-09-12T00:53:34.280 INFO:teuthology.orchestra.run.smithi003.stdout:/usr/bin/ceph: stderr
2024-09-12T00:53:33.353+0000 7f6d699a6640 1 --2- 172.21.15.3:0/4020807800 >> [v2:172.21.15.3:6800/822947510,v1:172.21.15.3:6801/822947510] conn(0x7f6d50038f70 0x7f6d5003b430 unknown :-1 s=BANNER_CONNECTING pgs=0 cs=0 l=1 rev1=0 crypto rx=0 tx=0 comp rx=0 tx=0)._handle_peer_banner_payload supported=3 required=0
2024-09-12T00:53:34.280 INFO:teuthology.orchestra.run.smithi003.stdout:/usr/bin/ceph: stderr
2024-09-12T00:53:33.354+0000 7f6d699a6640 1 --2- 172.21.15.3:0/4020807800 >> [v2:172.21.15.3:6800/822947510,v1:172.21.15.3:6801/822947510] conn(0x7f6d50038f70 0x7f6d5003b430 secure :-1 s=READY pgs=8 cs=0 l=1 rev1=1 crypto rx=0x7f6d540098c0 tx=0x7f6d54006db0 comp rx=0 tx=0).ready entity=mgr.14100 client_cookie=0 server_cookie=0 in_seq=0 out_seq=0
2024-09-12T00:53:34.280 INFO:teuthology.orchestra.run.smithi003.stdout:/usr/bin/ceph: stderr
2024-09-12T00:53:33.358+0000 7f6d5b7fe640 1 -- 172.21.15.3:0/4020807800 <== mon.0 v2:172.21.15.3:3300/0 6 ==== mon_command_ack([{"prefix": "get_command_descriptions"}]=0 v0) ==== 72+0+188821 (secure 0 0 0) 0x7f6d6004b170 con 0x7f6d6407de80
2024-09-12T00:53:34.280 INFO:teuthology.orchestra.run.smithi003.stdout:/usr/bin/ceph: stderr
2024-09-12T00:53:33.581+0000 7f6d6c40b640 1 -- 172.21.15.3:0/4020807800 --> [v2:172.21.15.3:3300/0,v1:172.21.15.3:6789/0] -- mon_command({"prefix": "mgr module enable", "module": "cephadm"} v 0) -- 0x7f6d641a1570 con 0x7f6d6407de80
2024-09-12T00:53:34.281 INFO:teuthology.orchestra.run.smithi003.stdout:/usr/bin/ceph: stderr
2024-09-12T00:53:33.633+0000 7f6d5b7fe640 1 -- 172.21.15.3:0/4020807800 <== mon.0 v2:172.21.15.3:3300/0 7 ==== mon_command_ack([{"prefix": "mgr module enable", "module": "cephadm"}]=0 v5) ==== 86+0+0 (secure 0 0 0) 0x7f6d6006b8f0 con 0x7f6d6407de80
2024-09-12T00:53:34.281 INFO:teuthology.orchestra.run.smithi003.stdout:/usr/bin/ceph: stderr
2024-09-12T00:53:33.635+0000 7f6d5b7fe640 1 -- 172.21.15.3:0/4020807800 <== mon.0 v2:172.21.15.3:3300/0 8 ==== mgrmap(e 5) ==== 46287+0+0 (secure 0 0 0) 0x7f6d60067020 con 0x7f6d6407de80
2024-09-12T00:53:34.281 INFO:teuthology.orchestra.run.smithi003.stdout:/usr/bin/ceph: stderr
2024-09-12T00:53:33.636+0000 7f6d6c40b640 1 -- 172.21.15.3:0/4020807800 >> [v2:172.21.15.3:6800/822947510,v1:172.21.15.3:6801/822947510] conn(0x7f6d50038f70 msgr2=0x7f6d5003b430 secure :-1 s=STATE_CONNECTION_ESTABLISHED l=1).mark_down
2024-09-12T00:53:34.281 INFO:teuthology.orchestra.run.smithi003.stdout:/usr/bin/ceph: stderr
2024-09-12T00:53:33.636+0000 7f6d6c40b640 1 --2- 172.21.15.3:0/4020807800 >> [v2:172.21.15.3:6800/822947510,v1:172.21.15.3:6801/822947510] conn(0x7f6d50038f70 0x7f6d5003b430 secure :-1 s=READY pgs=8 cs=0 l=1 rev1=1 crypto rx=0x7f6d540098c0 tx=0x7f6d54006db0 comp rx=0 tx=0).stop
2024-09-12T00:53:34.281 INFO:teuthology.orchestra.run.smithi003.stdout:/usr/bin/ceph: stderr
2024-09-12T00:53:33.636+0000 7f6d6c40b640 1 -- 172.21.15.3:0/4020807800 >> [v2:172.21.15.3:3300/0,v1:172.21.15.3:6789/0] conn(0x7f6d6407de80 msgr2=0x7f6d6419da30 secure :-1 s=STATE_CONNECTION_ESTABLISHED l=1).mark_down
2024-09-12T00:53:34.281 INFO:teuthology.orchestra.run.smithi003.stdout:/usr/bin/ceph: stderr
2024-09-12T00:53:33.636+0000 7f6d6c40b640 1 --2- 172.21.15.3:0/4020807800 >> [v2:172.21.15.3:3300/0,v1:172.21.15.3:6789/0] conn(0x7f6d6407de80 0x7f6d6419da30 secure :-1 s=READY pgs=21 cs=0 l=1 rev1=1 crypto rx=0x7f6d600306a0 tx=0x7f6d60032d70 comp rx=0 tx=0).stop
2024-09-12T00:53:34.281 INFO:teuthology.orchestra.run.smithi003.stdout:/usr/bin/ceph: stderr
2024-09-12T00:53:33.637+0000 7f6d6c40b640 1 -- 172.21.15.3:0/4020807800 shutdown_connections
2024-09-12T00:53:34.281 INFO:teuthology.orchestra.run.smithi003.stdout:/usr/bin/ceph: stderr
2024-09-12T00:53:33.637+0000 7f6d6c40b640 1 --2- 172.21.15.3:0/4020807800 >> [v2:172.21.15.3:6800/822947510,v1:172.21.15.3:6801/822947510] conn(0x7f6d50038f70 0x7f6d5003b430 unknown :-1 s=CLOSED pgs=8 cs=0 l=1 rev1=1 crypto rx=0 tx=0 comp rx=0 tx=0).stop
2024-09-12T00:53:34.282 INFO:teuthology.orchestra.run.smithi003.stdout:/usr/bin/ceph: stderr
2024-09-12T00:53:33.637+0000 7f6d6c40b640 1 --2- 172.21.15.3:0/4020807800 >> [v2:172.21.15.3:3300/0,v1:172.21.15.3:6789/0] conn(0x7f6d6407de80 0x7f6d6419da30 unknown :-1 s=CLOSED pgs=21 cs=0 l=1 rev1=1 crypto rx=0 tx=0 comp rx=0 tx=0).stop
2024-09-12T00:53:34.282 INFO:teuthology.orchestra.run.smithi003.stdout:/usr/bin/ceph: stderr
2024-09-12T00:53:33.637+0000 7f6d6c40b640 1 -- 172.21.15.3:0/4020807800 >> 172.21.15.3:0/4020807800 conn(0x7f6d64102fe0 msgr2=0x7f6d64103be0 unknown :-1 s=STATE_NONE l=0).mark_down
2024-09-12T00:53:34.282 INFO:teuthology.orchestra.run.smithi003.stdout:/usr/bin/ceph: stderr
2024-09-12T00:53:33.637+0000 7f6d6c40b640 1 -- 172.21.15.3:0/4020807800 shutdown_connections
2024-09-12T00:53:34.282 INFO:teuthology.orchestra.run.smithi003.stdout:/usr/bin/ceph: stderr
2024-09-12T00:53:33.637+0000 7f6d6c40b640 1 -- 172.21.15.3:0/4020807800 wait complete.
2024-09-12T00:53:34.499 INFO:journalctl@ceph.mgr.x.smithi003.stdout:Sep 12 00:53:34 smithi003 ceph-45e55a54-70a1-11ef-bcea-c7b262605968-mgr-x[31460]:
2024-09-12T00:53:34.381+0000 7fcbc5752040 -1 mgr[py] Module snap_schedule has missing NOTIFY_TYPES member
2024-09-12T00:53:34.792 INFO:journalctl@ceph.mon.a.smithi003.stdout:Sep 12 00:53:34 smithi003 ceph-mon[31232]: from='client.? 172.21.15.3:0/4020807800' entity='client.admin' cmd='[{"prefix": "mgr module enable", "module": "cephadm"}]': finished
2024-09-12T00:53:34.793 INFO:journalctl@ceph.mon.a.smithi003.stdout:Sep 12 00:53:34 smithi003 ceph-mon[31232]: mgrmap e5: x(active, since 4s)
2024-09-12T00:53:34.793 INFO:journalctl@ceph.mgr.x.smithi003.stdout:Sep 12 00:53:34 smithi003 ceph-45e55a54-70a1-11ef-bcea-c7b262605968-mgr-x[31460]:
2024-09-12T00:53:34.728+0000 7fcbc5752040 -1 mgr[py] Module prometheus has missing NOTIFY_TYPES member
2024-09-12T00:53:34.793 INFO:journalctl@ceph.mgr.x.smithi003.stdout:Sep 12 00:53:34 smithi003 ceph-45e55a54-70a1-11ef-bcea-c7b262605968-mgr-x[31460]:
2024-09-12T00:53:34.793+0000 7fcbc5752040 -1 mgr[py] Module selftest has missing NOTIFY_TYPES member
2024-09-12T00:53:35.108 INFO:journalctl@ceph.mgr.x.smithi003.stdout:Sep 12 00:53:34 smithi003 ceph-45e55a54-70a1-11ef-bcea-c7b262605968-mgr-x[31460]:
2024-09-12T00:53:34.990+0000 7fcbc5752040 -1 mgr[py] Module volumes has missing NOTIFY_TYPES member
2024-09-12T00:53:35.520 INFO:teuthology.orchestra.run.smithi003.stdout:/usr/bin/ceph: stdout {
2024-09-12T00:53:35.526 INFO:teuthology.orchestra.run.smithi003.stdout:/usr/bin/ceph: stdout "epoch": 5,
2024-09-12T00:53:35.526 INFO:teuthology.orchestra.run.smithi003.stdout:/usr/bin/ceph: stdout "available": true,
2024-09-12T00:53:35.527 INFO:teuthology.orchestra.run.smithi003.stdout:/usr/bin/ceph: stdout "active_name": "x",
2024-09-12T00:53:35.527 INFO:teuthology.orchestra.run.smithi003.stdout:/usr/bin/ceph: stdout "num_standby": 0
2024-09-12T00:53:35.527 INFO:teuthology.orchestra.run.smithi003.stdout:/usr/bin/ceph: stdout }
2024-09-12T00:53:35.527 INFO:teuthology.orchestra.run.smithi003.stdout:/usr/bin/ceph: stderr
2024-09-12T00:53:34.703+0000 7f7e5d585640 1 Processor -- start
2024-09-12T00:53:35.527 INFO:teuthology.orchestra.run.smithi003.stdout:/usr/bin/ceph: stderr
2024-09-12T00:53:34.703+0000 7f7e5d585640 1 -- start start
2024-09-12T00:53:35.527 INFO:teuthology.orchestra.run.smithi003.stdout:/usr/bin/ceph: stderr
2024-09-12T00:53:34.703+0000 7f7e5d585640 1 --2- >> [v2:172.21.15.3:3300/0,v1:172.21.15.3:6789/0] conn(0x7f7e5807ddd0 0x7f7e5807c2d0 unknown :-1 s=NONE pgs=0 cs=0 l=0 rev1=0 crypto rx=0 tx=0 comp rx=0 tx=0).connect
2024-09-12T00:53:35.527 INFO:teuthology.orchestra.run.smithi003.stdout:/usr/bin/ceph: stderr
2024-09-12T00:53:34.703+0000 7f7e5d585640 1 -- --> [v2:172.21.15.3:3300/0,v1:172.21.15.3:6789/0] -- mon_getmap magic: 0 -- 0x7f7e5807c810 con 0x7f7e5807ddd0
2024-09-12T00:53:35.527 INFO:teuthology.orchestra.run.smithi003.stdout:/usr/bin/ceph: stderr
2024-09-12T00:53:34.704+0000 7f7e56ffd640 1 --2- >> [v2:172.21.15.3:3300/0,v1:172.21.15.3:6789/0] conn(0x7f7e5807ddd0 0x7f7e5807c2d0 unknown :-1 s=BANNER_CONNECTING pgs=0 cs=0 l=0 rev1=0 crypto rx=0 tx=0 comp rx=0 tx=0)._handle_peer_banner_payload supported=3 required=0
2024-09-12T00:53:35.527 INFO:teuthology.orchestra.run.smithi003.stdout:/usr/bin/ceph: stderr
2024-09-12T00:53:34.704+0000 7f7e56ffd640 1 --2- >> [v2:172.21.15.3:3300/0,v1:172.21.15.3:6789/0] conn(0x7f7e5807ddd0 0x7f7e5807c2d0 unknown :-1 s=HELLO_CONNECTING pgs=0 cs=0 l=0 rev1=1 crypto rx=0 tx=0 comp rx=0 tx=0).handle_hello peer v2:172.21.15.3:3300/0 says I am v2:172.21.15.3:53950/0 (socket says 172.21.15.3:53950)
2024-09-12T00:53:35.528 INFO:teuthology.orchestra.run.smithi003.stdout:/usr/bin/ceph: stderr
2024-09-12T00:53:34.704+0000 7f7e56ffd640 1 -- 172.21.15.3:0/2105660325 learned_addr learned my addr 172.21.15.3:0/2105660325 (peer_addr_for_me v2:172.21.15.3:0/0)
2024-09-12T00:53:35.528 INFO:teuthology.orchestra.run.smithi003.stdout:/usr/bin/ceph: stderr
2024-09-12T00:53:34.704+0000 7f7e56ffd640 1 -- 172.21.15.3:0/2105660325 --> [v2:172.21.15.3:3300/0,v1:172.21.15.3:6789/0] -- mon_subscribe({config=0+,monmap=0+}) -- 0x7f7e5807c990 con 0x7f7e5807ddd0
2024-09-12T00:53:35.528 INFO:teuthology.orchestra.run.smithi003.stdout:/usr/bin/ceph: stderr
2024-09-12T00:53:34.705+0000 7f7e56ffd640 1 --2- 172.21.15.3:0/2105660325 >> [v2:172.21.15.3:3300/0,v1:172.21.15.3:6789/0] conn(0x7f7e5807ddd0 0x7f7e5807c2d0 secure :-1 s=READY pgs=24 cs=0 l=1 rev1=1 crypto rx=0x7f7e48009820 tx=0x7f7e4802a270 comp rx=0 tx=0).ready entity=mon.0 client_cookie=d01a3420904318d8 server_cookie=0 in_seq=0 out_seq=0
2024-09-12T00:53:35.528 INFO:teuthology.orchestra.run.smithi003.stdout:/usr/bin/ceph: stderr
2024-09-12T00:53:34.705+0000 7f7e567fc640 1 -- 172.21.15.3:0/2105660325 <== mon.0 v2:172.21.15.3:3300/0 1 ==== mon_map magic: 0 ==== 205+0+0 (secure 0 0 0) 0x7f7e48037070 con 0x7f7e5807ddd0
2024-09-12T00:53:35.528 INFO:teuthology.orchestra.run.smithi003.stdout:/usr/bin/ceph: stderr
2024-09-12T00:53:34.705+0000 7f7e567fc640 1 -- 172.21.15.3:0/2105660325 <== mon.0 v2:172.21.15.3:3300/0 2 ==== config(28 keys) ==== 1140+0+0 (secure 0 0 0) 0x7f7e48032920 con 0x7f7e5807ddd0
2024-09-12T00:53:35.528 INFO:teuthology.orchestra.run.smithi003.stdout:/usr/bin/ceph: stderr
2024-09-12T00:53:34.705+0000 7f7e567fc640 1 -- 172.21.15.3:0/2105660325 <== mon.0 v2:172.21.15.3:3300/0 3 ==== mon_map magic: 0 ==== 205+0+0 (secure 0 0 0) 0x7f7e48030950 con 0x7f7e5807ddd0
2024-09-12T00:53:35.528 INFO:teuthology.orchestra.run.smithi003.stdout:/usr/bin/ceph: stderr
2024-09-12T00:53:34.706+0000 7f7e5d585640 1 -- 172.21.15.3:0/2105660325 >> [v2:172.21.15.3:3300/0,v1:172.21.15.3:6789/0] conn(0x7f7e5807ddd0 msgr2=0x7f7e5807c2d0 secure :-1 s=STATE_CONNECTION_ESTABLISHED l=1).mark_down
2024-09-12T00:53:35.528 INFO:teuthology.orchestra.run.smithi003.stdout:/usr/bin/ceph: stderr
2024-09-12T00:53:34.706+0000 7f7e5d585640 1 --2- 172.21.15.3:0/2105660325 >> [v2:172.21.15.3:3300/0,v1:172.21.15.3:6789/0] conn(0x7f7e5807ddd0 0x7f7e5807c2d0 secure :-1 s=READY pgs=24 cs=0 l=1 rev1=1 crypto rx=0x7f7e48009820 tx=0x7f7e4802a270 comp rx=0 tx=0).stop
2024-09-12T00:53:35.528 INFO:teuthology.orchestra.run.smithi003.stdout:/usr/bin/ceph: stderr
2024-09-12T00:53:34.706+0000 7f7e5d585640 1 -- 172.21.15.3:0/2105660325 shutdown_connections
2024-09-12T00:53:35.528 INFO:teuthology.orchestra.run.smithi003.stdout:/usr/bin/ceph: stderr
2024-09-12T00:53:34.706+0000 7f7e5d585640 1 --2- 172.21.15.3:0/2105660325 >> [v2:172.21.15.3:3300/0,v1:172.21.15.3:6789/0] conn(0x7f7e5807ddd0 0x7f7e5807c2d0 unknown :-1 s=CLOSED pgs=24 cs=0 l=1 rev1=1 crypto rx=0 tx=0 comp rx=0 tx=0).stop
2024-09-12T00:53:35.529 INFO:teuthology.orchestra.run.smithi003.stdout:/usr/bin/ceph: stderr
2024-09-12T00:53:34.706+0000 7f7e5d585640 1 -- 172.21.15.3:0/2105660325 >> 172.21.15.3:0/2105660325 conn(0x7f7e58103000 msgr2=0x7f7e58105420 unknown :-1 s=STATE_NONE l=0).mark_down
2024-09-12T00:53:35.529 INFO:teuthology.orchestra.run.smithi003.stdout:/usr/bin/ceph: stderr
2024-09-12T00:53:34.706+0000 7f7e5d585640 1 -- 172.21.15.3:0/2105660325 shutdown_connections
2024-09-12T00:53:35.529 INFO:teuthology.orchestra.run.smithi003.stdout:/usr/bin/ceph: stderr
2024-09-12T00:53:34.706+0000 7f7e5d585640 1 -- 172.21.15.3:0/2105660325 wait complete.
2024-09-12T00:53:35.529 INFO:teuthology.orchestra.run.smithi003.stdout:/usr/bin/ceph: stderr
2024-09-12T00:53:34.707+0000 7f7e5d585640 1 Processor -- start
2024-09-12T00:53:35.529 INFO:teuthology.orchestra.run.smithi003.stdout:/usr/bin/ceph: stderr
2024-09-12T00:53:34.707+0000 7f7e5d585640 1 -- start start
2024-09-12T00:53:35.529 INFO:teuthology.orchestra.run.smithi003.stdout:/usr/bin/ceph: stderr
2024-09-12T00:53:34.707+0000 7f7e5d585640 1 --2- >> [v2:172.21.15.3:3300/0,v1:172.21.15.3:6789/0] conn(0x7f7e5807ddd0 0x7f7e5819da60 unknown :-1 s=NONE pgs=0 cs=0 l=1 rev1=0 crypto rx=0 tx=0 comp rx=0 tx=0).connect
2024-09-12T00:53:35.529 INFO:teuthology.orchestra.run.smithi003.stdout:/usr/bin/ceph: stderr
2024-09-12T00:53:34.707+0000 7f7e5d585640 1 -- --> [v2:172.21.15.3:3300/0,v1:172.21.15.3:6789/0] -- mon_getmap magic: 0 -- 0x7f7e5810de60 con 0x7f7e5807ddd0
2024-09-12T00:53:35.529 INFO:teuthology.orchestra.run.smithi003.stdout:/usr/bin/ceph: stderr
2024-09-12T00:53:34.707+0000 7f7e56ffd640 1 --2- >> [v2:172.21.15.3:3300/0,v1:172.21.15.3:6789/0] conn(0x7f7e5807ddd0 0x7f7e5819da60 unknown :-1 s=BANNER_CONNECTING pgs=0 cs=0 l=1 rev1=0 crypto rx=0 tx=0 comp rx=0 tx=0)._handle_peer_banner_payload supported=3 required=0
2024-09-12T00:53:35.529 INFO:teuthology.orchestra.run.smithi003.stdout:/usr/bin/ceph: stderr
2024-09-12T00:53:34.707+0000 7f7e56ffd640 1 --2- >> [v2:172.21.15.3:3300/0,v1:172.21.15.3:6789/0] conn(0x7f7e5807ddd0 0x7f7e5819da60 unknown :-1 s=HELLO_CONNECTING pgs=0 cs=0 l=1 rev1=1 crypto rx=0 tx=0 comp rx=0 tx=0).handle_hello peer v2:172.21.15.3:3300/0 says I am v2:172.21.15.3:53962/0 (socket says 172.21.15.3:53962)
2024-09-12T00:53:35.529 INFO:teuthology.orchestra.run.smithi003.stdout:/usr/bin/ceph: stderr
2024-09-12T00:53:34.707+0000 7f7e56ffd640 1 -- 172.21.15.3:0/1560037075 learned_addr learned my addr 172.21.15.3:0/1560037075 (peer_addr_for_me v2:172.21.15.3:0/0)
2024-09-12T00:53:35.530 INFO:teuthology.orchestra.run.smithi003.stdout:/usr/bin/ceph: stderr
2024-09-12T00:53:34.707+0000 7f7e56ffd640 1 -- 172.21.15.3:0/1560037075 --> [v2:172.21.15.3:3300/0,v1:172.21.15.3:6789/0] -- mon_subscribe({config=0+,monmap=0+}) -- 0x7f7e5819dfa0 con 0x7f7e5807ddd0
2024-09-12T00:53:35.530 INFO:teuthology.orchestra.run.smithi003.stdout:/usr/bin/ceph: stderr
2024-09-12T00:53:34.708+0000 7f7e56ffd640 1 --2- 172.21.15.3:0/1560037075 >> [v2:172.21.15.3:3300/0,v1:172.21.15.3:6789/0] conn(0x7f7e5807ddd0 0x7f7e5819da60 secure :-1 s=READY pgs=25 cs=0 l=1 rev1=1 crypto rx=0x7f7e480306a0 tx=0x7f7e48032d70 comp rx=0 tx=0).ready entity=mon.0 client_cookie=0 server_cookie=0 in_seq=0 out_seq=0
2024-09-12T00:53:35.530 INFO:teuthology.orchestra.run.smithi003.stdout:/usr/bin/ceph: stderr
2024-09-12T00:53:34.708+0000 7f7e54ff9640 1 -- 172.21.15.3:0/1560037075 <== mon.0 v2:172.21.15.3:3300/0 1 ==== mon_map magic: 0 ==== 205+0+0 (secure 0 0 0) 0x7f7e48042070 con 0x7f7e5807ddd0
2024-09-12T00:53:35.530 INFO:teuthology.orchestra.run.smithi003.stdout:/usr/bin/ceph: stderr
2024-09-12T00:53:34.708+0000 7f7e5d585640 1 -- 172.21.15.3:0/1560037075 --> [v2:172.21.15.3:3300/0,v1:172.21.15.3:6789/0] -- mon_subscribe({mgrmap=0+}) -- 0x7f7e5819e230 con 0x7f7e5807ddd0
2024-09-12T00:53:35.530 INFO:teuthology.orchestra.run.smithi003.stdout:/usr/bin/ceph: stderr
2024-09-12T00:53:34.708+0000 7f7e54ff9640 1 -- 172.21.15.3:0/1560037075 <== mon.0 v2:172.21.15.3:3300/0 2 ==== config(28 keys) ==== 1140+0+0 (secure 0 0 0) 0x7f7e48032630 con 0x7f7e5807ddd0
2024-09-12T00:53:35.530 INFO:teuthology.orchestra.run.smithi003.stdout:/usr/bin/ceph: stderr
2024-09-12T00:53:34.708+0000 7f7e54ff9640 1 -- 172.21.15.3:0/1560037075 <== mon.0 v2:172.21.15.3:3300/0 3 ==== mon_map magic: 0 ==== 205+0+0 (secure 0 0 0) 0x7f7e48037040 con 0x7f7e5807ddd0
2024-09-12T00:53:35.530 INFO:teuthology.orchestra.run.smithi003.stdout:/usr/bin/ceph: stderr
2024-09-12T00:53:34.708+0000 7f7e5d585640 1 -- 172.21.15.3:0/1560037075 --> [v2:172.21.15.3:3300/0,v1:172.21.15.3:6789/0] -- mon_subscribe({osdmap=0}) -- 0x7f7e581a0f20 con 0x7f7e5807ddd0
2024-09-12T00:53:35.530 INFO:teuthology.orchestra.run.smithi003.stdout:/usr/bin/ceph: stderr
2024-09-12T00:53:34.709+0000 7f7e54ff9640 1 -- 172.21.15.3:0/1560037075 <== mon.0 v2:172.21.15.3:3300/0 4 ==== mgrmap(e 5) ==== 46287+0+0 (secure 0 0 0) 0x7f7e48045070 con 0x7f7e5807ddd0
2024-09-12T00:53:35.530 INFO:teuthology.orchestra.run.smithi003.stdout:/usr/bin/ceph: stderr
2024-09-12T00:53:34.709+0000 7f7e54ff9640 1 --2- 172.21.15.3:0/1560037075 >> [v2:172.21.15.3:6800/822947510,v1:172.21.15.3:6801/822947510] conn(0x7f7e44038f70 0x7f7e4403b430 unknown :-1 s=NONE pgs=0 cs=0 l=1 rev1=0 crypto rx=0 tx=0 comp rx=0 tx=0).connect
2024-09-12T00:53:35.530 INFO:teuthology.orchestra.run.smithi003.stdout:/usr/bin/ceph: stderr
2024-09-12T00:53:34.709+0000 7f7e5d585640 1 -- 172.21.15.3:0/1560037075 --> [v2:172.21.15.3:3300/0,v1:172.21.15.3:6789/0] -- mon_command({"prefix": "get_command_descriptions"} v 0) -- 0x7f7e5807c350 con 0x7f7e5807ddd0
2024-09-12T00:53:35.530 INFO:teuthology.orchestra.run.smithi003.stdout:/usr/bin/ceph: stderr
2024-09-12T00:53:34.709+0000 7f7e4ffff640 1 -- 172.21.15.3:0/1560037075 >> [v2:172.21.15.3:6800/822947510,v1:172.21.15.3:6801/822947510] conn(0x7f7e44038f70 msgr2=0x7f7e4403b430 unknown :-1 s=STATE_CONNECTING_RE l=1).process reconnect failed to v2:172.21.15.3:6800/822947510
2024-09-12T00:53:35.530 INFO:teuthology.orchestra.run.smithi003.stdout:/usr/bin/ceph: stderr
2024-09-12T00:53:34.709+0000 7f7e54ff9640 1 -- 172.21.15.3:0/1560037075 <== mon.0 v2:172.21.15.3:3300/0 5 ==== osd_map(1..1 src has 1..1) ==== 725+0+0 (secure 0 0 0) 0x7f7e4806cff0 con 0x7f7e5807ddd0
2024-09-12T00:53:35.530 INFO:teuthology.orchestra.run.smithi003.stdout:/usr/bin/ceph: stderr
2024-09-12T00:53:34.709+0000 7f7e4ffff640 1 --2- 172.21.15.3:0/1560037075 >> [v2:172.21.15.3:6800/822947510,v1:172.21.15.3:6801/822947510] conn(0x7f7e44038f70 0x7f7e4403b430 unknown :-1 s=START_CONNECT pgs=0 cs=0 l=1 rev1=0 crypto rx=0 tx=0 comp rx=0 tx=0)._fault waiting 0.200000
2024-09-12T00:53:35.531 INFO:teuthology.orchestra.run.smithi003.stdout:/usr/bin/ceph: stderr
2024-09-12T00:53:34.714+0000 7f7e54ff9640 1 -- 172.21.15.3:0/1560037075 <== mon.0 v2:172.21.15.3:3300/0 6 ==== mon_command_ack([{"prefix": "get_command_descriptions"}]=0 v0) ==== 72+0+188821 (secure 0 0 0) 0x7f7e48042210 con 0x7f7e5807ddd0
2024-09-12T00:53:35.531 INFO:teuthology.orchestra.run.smithi003.stdout:/usr/bin/ceph: stderr
2024-09-12T00:53:34.910+0000 7f7e4ffff640 1 -- 172.21.15.3:0/1560037075 >> [v2:172.21.15.3:6800/822947510,v1:172.21.15.3:6801/822947510] conn(0x7f7e44038f70 msgr2=0x7f7e4403b430 unknown :-1 s=STATE_CONNECTING_RE l=1).process reconnect failed to v2:172.21.15.3:6800/822947510
2024-09-12T00:53:35.531 INFO:teuthology.orchestra.run.smithi003.stdout:/usr/bin/ceph: stderr
2024-09-12T00:53:34.910+0000 7f7e4ffff640 1 --2- 172.21.15.3:0/1560037075 >> [v2:172.21.15.3:6800/822947510,v1:172.21.15.3:6801/822947510] conn(0x7f7e44038f70 0x7f7e4403b430 unknown :-1 s=START_CONNECT pgs=0 cs=0 l=1 rev1=0 crypto rx=0 tx=0 comp rx=0 tx=0)._fault waiting 0.400000
2024-09-12T00:53:35.531 INFO:teuthology.orchestra.run.smithi003.stdout:/usr/bin/ceph: stderr
2024-09-12T00:53:34.936+0000 7f7e5d585640 1 -- 172.21.15.3:0/1560037075 --> [v2:172.21.15.3:3300/0,v1:172.21.15.3:6789/0] -- mon_command({"prefix": "mgr stat"} v 0) -- 0x7f7e581a1530 con 0x7f7e5807ddd0
2024-09-12T00:53:35.531 INFO:teuthology.orchestra.run.smithi003.stdout:/usr/bin/ceph: stderr
2024-09-12T00:53:34.936+0000 7f7e54ff9640 1 -- 172.21.15.3:0/1560037075 <== mon.0 v2:172.21.15.3:3300/0 7 ==== mon_command_ack([{"prefix": "mgr stat"}]=0 v5) ==== 56+0+88 (secure 0 0 0) 0x7f7e4803cd50 con 0x7f7e5807ddd0
2024-09-12T00:53:35.531 INFO:teuthology.orchestra.run.smithi003.stdout:/usr/bin/ceph: stderr
2024-09-12T00:53:34.938+0000 7f7e5d585640 1 -- 172.21.15.3:0/1560037075 >> [v2:172.21.15.3:6800/822947510,v1:172.21.15.3:6801/822947510] conn(0x7f7e44038f70 msgr2=0x7f7e4403b430 unknown :-1 s=STATE_CONNECTING l=1).mark_down
2024-09-12T00:53:35.531 INFO:teuthology.orchestra.run.smithi003.stdout:/usr/bin/ceph: stderr
2024-09-12T00:53:34.938+0000 7f7e5d585640 1 --2- 172.21.15.3:0/1560037075 >> [v2:172.21.15.3:6800/822947510,v1:172.21.15.3:6801/822947510] conn(0x7f7e44038f70 0x7f7e4403b430 unknown :-1 s=START_CONNECT pgs=0 cs=0 l=1 rev1=0 crypto rx=0 tx=0 comp rx=0 tx=0).stop
2024-09-12T00:53:35.531 INFO:teuthology.orchestra.run.smithi003.stdout:/usr/bin/ceph: stderr
2024-09-12T00:53:34.938+0000 7f7e5d585640 1 -- 172.21.15.3:0/1560037075 >> [v2:172.21.15.3:3300/0,v1:172.21.15.3:6789/0] conn(0x7f7e5807ddd0 msgr2=0x7f7e5819da60 secure :-1 s=STATE_CONNECTION_ESTABLISHED l=1).mark_down
2024-09-12T00:53:35.531 INFO:teuthology.orchestra.run.smithi003.stdout:/usr/bin/ceph: stderr
2024-09-12T00:53:34.938+0000 7f7e5d585640 1 --2- 172.21.15.3:0/1560037075 >> [v2:172.21.15.3:3300/0,v1:172.21.15.3:6789/0] conn(0x7f7e5807ddd0 0x7f7e5819da60 secure :-1 s=READY pgs=25 cs=0 l=1 rev1=1 crypto rx=0x7f7e480306a0 tx=0x7f7e48032d70 comp rx=0 tx=0).stop
2024-09-12T00:53:35.531 INFO:teuthology.orchestra.run.smithi003.stdout:/usr/bin/ceph: stderr
2024-09-12T00:53:34.938+0000 7f7e5d585640 1 -- 172.21.15.3:0/1560037075 shutdown_connections
2024-09-12T00:53:35.531 INFO:teuthology.orchestra.run.smithi003.stdout:/usr/bin/ceph: stderr
2024-09-12T00:53:34.938+0000 7f7e5d585640 1 --2- 172.21.15.3:0/1560037075 >> [v2:172.21.15.3:6800/822947510,v1:172.21.15.3:6801/822947510] conn(0x7f7e44038f70 0x7f7e4403b430 unknown :-1 s=CLOSED pgs=0 cs=0 l=1 rev1=0 crypto rx=0 tx=0 comp rx=0 tx=0).stop
2024-09-12T00:53:35.531 INFO:teuthology.orchestra.run.smithi003.stdout:/usr/bin/ceph: stderr
