2024-09-12T00:54:05.205 INFO:journalctl@ceph.mon.a.smithi003.stdout:Sep 12 00:54:04 smithi003 ceph-mon[31232]: from='client.14154 -' entity='client.admin' cmd=[{"prefix": "get_command_descriptions"}]: dispatch
2024-09-12T00:54:05.205 INFO:journalctl@ceph.mon.a.smithi003.stdout:Sep 12 00:54:04 smithi003 ceph-mon[31232]: mgrmap e11: x(active, since 1.00633s)
2024-09-12T00:54:05.205 INFO:journalctl@ceph.mon.a.smithi003.stdout:Sep 12 00:54:04 smithi003 ceph-mon[31232]: from='client.14154 -' entity='client.admin' cmd=[{"prefix": "mgr_status"}]: dispatch
2024-09-12T00:54:05.205 INFO:journalctl@ceph.mon.a.smithi003.stdout:Sep 12 00:54:04 smithi003 ceph-mon[31232]: from='mgr.14150 172.21.15.3:0/3684096819' entity='mgr.x'
2024-09-12T00:54:05.498 INFO:journalctl@ceph.mgr.x.smithi003.stdout:Sep 12 00:54:05 smithi003 ceph-45e55a54-70a1-11ef-bcea-c7b262605968-mgr-x[31460]:
2024-09-12T00:54:05.206+0000 7fe51e3ce640 -1 log_channel(cephadm) log [ERR] : [12/Sep/2024:00:54:05] ENGINE Error in HTTPServer.serve
2024-09-12T00:54:05.498 INFO:journalctl@ceph.mgr.x.smithi003.stdout:Sep 12 00:54:05 smithi003 ceph-45e55a54-70a1-11ef-bcea-c7b262605968-mgr-x[31460]: Traceback (most recent call last):
2024-09-12T00:54:05.498 INFO:journalctl@ceph.mgr.x.smithi003.stdout:Sep 12 00:54:05 smithi003 ceph-45e55a54-70a1-11ef-bcea-c7b262605968-mgr-x[31460]: File "/lib/python3.9/site-packages/cheroot/server.py", line 1823, in serve
2024-09-12T00:54:05.498 INFO:journalctl@ceph.mgr.x.smithi003.stdout:Sep 12 00:54:05 smithi003 ceph-45e55a54-70a1-11ef-bcea-c7b262605968-mgr-x[31460]: self._connections.run(self.expiration_interval)
2024-09-12T00:54:05.498 INFO:journalctl@ceph.mgr.x.smithi003.stdout:Sep 12 00:54:05 smithi003 ceph-45e55a54-70a1-11ef-bcea-c7b262605968-mgr-x[31460]: File "/lib/python3.9/site-packages/cheroot/connections.py", line 203, in run
2024-09-12T00:54:05.499 INFO:journalctl@ceph.mgr.x.smithi003.stdout:Sep 12 00:54:05 smithi003 ceph-45e55a54-70a1-11ef-bcea-c7b262605968-mgr-x[31460]: self._run(expiration_interval)
2024-09-12T00:54:05.499 INFO:journalctl@ceph.mgr.x.smithi003.stdout:Sep 12 00:54:05 smithi003 ceph-45e55a54-70a1-11ef-bcea-c7b262605968-mgr-x[31460]: File "/lib/python3.9/site-packages/cheroot/connections.py", line 246, in _run
2024-09-12T00:54:05.499 INFO:journalctl@ceph.mgr.x.smithi003.stdout:Sep 12 00:54:05 smithi003 ceph-45e55a54-70a1-11ef-bcea-c7b262605968-mgr-x[31460]: new_conn = self._from_server_socket(self.server.socket)
2024-09-12T00:54:05.499 INFO:journalctl@ceph.mgr.x.smithi003.stdout:Sep 12 00:54:05 smithi003 ceph-45e55a54-70a1-11ef-bcea-c7b262605968-mgr-x[31460]: File "/lib/python3.9/site-packages/cheroot/connections.py", line 300, in _from_server_socket
2024-09-12T00:54:05.499 INFO:journalctl@ceph.mgr.x.smithi003.stdout:Sep 12 00:54:05 smithi003 ceph-45e55a54-70a1-11ef-bcea-c7b262605968-mgr-x[31460]: s, ssl_env = self.server.ssl_adapter.wrap(s)
2024-09-12T00:54:05.499 INFO:journalctl@ceph.mgr.x.smithi003.stdout:Sep 12 00:54:05 smithi003 ceph-45e55a54-70a1-11ef-bcea-c7b262605968-mgr-x[31460]: File "/lib/python3.9/site-packages/cheroot/ssl/builtin.py", line 277, in wrap
2024-09-12T00:54:05.499 INFO:journalctl@ceph.mgr.x.smithi003.stdout:Sep 12 00:54:05 smithi003 ceph-45e55a54-70a1-11ef-bcea-c7b262605968-mgr-x[31460]: s = self.context.wrap_socket(
2024-09-12T00:54:05.499 INFO:journalctl@ceph.mgr.x.smithi003.stdout:Sep 12 00:54:05 smithi003 ceph-45e55a54-70a1-11ef-bcea-c7b262605968-mgr-x[31460]: File "/lib64/python3.9/ssl.py", line 501, in wrap_socket
2024-09-12T00:54:05.499 INFO:journalctl@ceph.mgr.x.smithi003.stdout:Sep 12 00:54:05 smithi003 ceph-45e55a54-70a1-11ef-bcea-c7b262605968-mgr-x[31460]: return self.sslsocket_class._create(
2024-09-12T00:54:05.499 INFO:journalctl@ceph.mgr.x.smithi003.stdout:Sep 12 00:54:05 smithi003 ceph-45e55a54-70a1-11ef-bcea-c7b262605968-mgr-x[31460]: File "/lib64/python3.9/ssl.py", line 1074, in _create
2024-09-12T00:54:05.499 INFO:journalctl@ceph.mgr.x.smithi003.stdout:Sep 12 00:54:05 smithi003 ceph-45e55a54-70a1-11ef-bcea-c7b262605968-mgr-x[31460]: self.do_handshake()
2024-09-12T00:54:05.499 INFO:journalctl@ceph.mgr.x.smithi003.stdout:Sep 12 00:54:05 smithi003 ceph-45e55a54-70a1-11ef-bcea-c7b262605968-mgr-x[31460]: File "/lib64/python3.9/ssl.py", line 1343, in do_handshake
2024-09-12T00:54:05.499 INFO:journalctl@ceph.mgr.x.smithi003.stdout:Sep 12 00:54:05 smithi003 ceph-45e55a54-70a1-11ef-bcea-c7b262605968-mgr-x[31460]: self._sslobj.do_handshake()
2024-09-12T00:54:05.500 INFO:journalctl@ceph.mgr.x.smithi003.stdout:Sep 12 00:54:05 smithi003 ceph-45e55a54-70a1-11ef-bcea-c7b262605968-mgr-x[31460]: ssl.SSLZeroReturnError: TLS/SSL connection has been closed (EOF) (_ssl.c:1133)
2024-09-12T00:54:05.500 INFO:journalctl@ceph.mgr.x.smithi003.stdout:Sep 12 00:54:05 smithi003 ceph-45e55a54-70a1-11ef-bcea-c7b262605968-mgr-x[31460]:
2024-09-12T00:54:06.206 INFO:teuthology.orchestra.run.smithi003.stdout:/usr/bin/ceph: stdout Self-signed certificate created
2024-09-12T00:54:06.206 INFO:teuthology.orchestra.run.smithi003.stdout:/usr/bin/ceph: stderr
2024-09-12T00:54:05.340+0000 7f126c8b5640 1 Processor -- start
2024-09-12T00:54:06.206 INFO:teuthology.orchestra.run.smithi003.stdout:/usr/bin/ceph: stderr
2024-09-12T00:54:05.340+0000 7f126c8b5640 1 -- start start
2024-09-12T00:54:06.206 INFO:teuthology.orchestra.run.smithi003.stdout:/usr/bin/ceph: stderr
2024-09-12T00:54:05.340+0000 7f126c8b5640 1 --2- >> [v2:172.21.15.3:3300/0,v1:172.21.15.3:6789/0] conn(0x7f1268108280 0x7f126810a670 unknown :-1 s=NONE pgs=0 cs=0 l=0 rev1=0 crypto rx=0 tx=0 comp rx=0 tx=0).connect
2024-09-12T00:54:06.206 INFO:teuthology.orchestra.run.smithi003.stdout:/usr/bin/ceph: stderr
2024-09-12T00:54:05.341+0000 7f126c8b5640 1 -- --> [v2:172.21.15.3:3300/0,v1:172.21.15.3:6789/0] -- mon_getmap magic: 0 -- 0x7f126807be20 con 0x7f1268108280
2024-09-12T00:54:06.206 INFO:teuthology.orchestra.run.smithi003.stdout:/usr/bin/ceph: stderr
2024-09-12T00:54:05.341+0000 7f126659c640 1 --2- >> [v2:172.21.15.3:3300/0,v1:172.21.15.3:6789/0] conn(0x7f1268108280 0x7f126810a670 unknown :-1 s=BANNER_CONNECTING pgs=0 cs=0 l=0 rev1=0 crypto rx=0 tx=0 comp rx=0 tx=0)._handle_peer_banner_payload supported=3 required=0
2024-09-12T00:54:06.206 INFO:teuthology.orchestra.run.smithi003.stdout:/usr/bin/ceph: stderr
2024-09-12T00:54:05.341+0000 7f126659c640 1 --2- >> [v2:172.21.15.3:3300/0,v1:172.21.15.3:6789/0] conn(0x7f1268108280 0x7f126810a670 unknown :-1 s=HELLO_CONNECTING pgs=0 cs=0 l=0 rev1=1 crypto rx=0 tx=0 comp rx=0 tx=0).handle_hello peer v2:172.21.15.3:3300/0 says I am v2:172.21.15.3:54954/0 (socket says 172.21.15.3:54954)
2024-09-12T00:54:06.206 INFO:teuthology.orchestra.run.smithi003.stdout:/usr/bin/ceph: stderr
2024-09-12T00:54:05.341+0000 7f126659c640 1 -- 172.21.15.3:0/894514035 learned_addr learned my addr 172.21.15.3:0/894514035 (peer_addr_for_me v2:172.21.15.3:0/0)
2024-09-12T00:54:06.206 INFO:teuthology.orchestra.run.smithi003.stdout:/usr/bin/ceph: stderr
2024-09-12T00:54:05.341+0000 7f126659c640 1 -- 172.21.15.3:0/894514035 --> [v2:172.21.15.3:3300/0,v1:172.21.15.3:6789/0] -- mon_subscribe({config=0+,monmap=0+}) -- 0x7f126810abb0 con 0x7f1268108280
2024-09-12T00:54:06.207 INFO:teuthology.orchestra.run.smithi003.stdout:/usr/bin/ceph: stderr
2024-09-12T00:54:05.342+0000 7f126659c640 1 --2- 172.21.15.3:0/894514035 >> [v2:172.21.15.3:3300/0,v1:172.21.15.3:6789/0] conn(0x7f1268108280 0x7f126810a670 secure :-1 s=READY pgs=68 cs=0 l=1 rev1=1 crypto rx=0x7f1260009820 tx=0x7f126002a270 comp rx=0 tx=0).ready entity=mon.0 client_cookie=b559f235f2f46cd2 server_cookie=0 in_seq=0 out_seq=0
2024-09-12T00:54:06.207 INFO:teuthology.orchestra.run.smithi003.stdout:/usr/bin/ceph: stderr
2024-09-12T00:54:05.342+0000 7f126559a640 1 -- 172.21.15.3:0/894514035 <== mon.0 v2:172.21.15.3:3300/0 1 ==== mon_map magic: 0 ==== 205+0+0 (secure 0 0 0) 0x7f1260037070 con 0x7f1268108280
2024-09-12T00:54:06.207 INFO:teuthology.orchestra.run.smithi003.stdout:/usr/bin/ceph: stderr
2024-09-12T00:54:05.342+0000 7f126559a640 1 -- 172.21.15.3:0/894514035 <== mon.0 v2:172.21.15.3:3300/0 2 ==== config(28 keys) ==== 1171+0+0 (secure 0 0 0) 0x7f1260032940 con 0x7f1268108280
2024-09-12T00:54:06.207 INFO:teuthology.orchestra.run.smithi003.stdout:/usr/bin/ceph: stderr
2024-09-12T00:54:05.342+0000 7f126559a640 1 -- 172.21.15.3:0/894514035 <== mon.0 v2:172.21.15.3:3300/0 3 ==== mon_map magic: 0 ==== 205+0+0 (secure 0 0 0) 0x7f12600308b0 con 0x7f1268108280
2024-09-12T00:54:06.207 INFO:teuthology.orchestra.run.smithi003.stdout:/usr/bin/ceph: stderr
2024-09-12T00:54:05.342+0000 7f126c8b5640 1 -- 172.21.15.3:0/894514035 >> [v2:172.21.15.3:3300/0,v1:172.21.15.3:6789/0] conn(0x7f1268108280 msgr2=0x7f126810a670 secure :-1 s=STATE_CONNECTION_ESTABLISHED l=1).mark_down
2024-09-12T00:54:06.207 INFO:teuthology.orchestra.run.smithi003.stdout:/usr/bin/ceph: stderr
2024-09-12T00:54:05.342+0000 7f126c8b5640 1 --2- 172.21.15.3:0/894514035 >> [v2:172.21.15.3:3300/0,v1:172.21.15.3:6789/0] conn(0x7f1268108280 0x7f126810a670 secure :-1 s=READY pgs=68 cs=0 l=1 rev1=1 crypto rx=0x7f1260009820 tx=0x7f126002a270 comp rx=0 tx=0).stop
2024-09-12T00:54:06.207 INFO:teuthology.orchestra.run.smithi003.stdout:/usr/bin/ceph: stderr
2024-09-12T00:54:05.343+0000 7f126c8b5640 1 -- 172.21.15.3:0/894514035 shutdown_connections
2024-09-12T00:54:06.207 INFO:teuthology.orchestra.run.smithi003.stdout:/usr/bin/ceph: stderr
2024-09-12T00:54:05.343+0000 7f126c8b5640 1 --2- 172.21.15.3:0/894514035 >> [v2:172.21.15.3:3300/0,v1:172.21.15.3:6789/0] conn(0x7f1268108280 0x7f126810a670 unknown :-1 s=CLOSED pgs=68 cs=0 l=1 rev1=1 crypto rx=0 tx=0 comp rx=0 tx=0).stop
2024-09-12T00:54:06.207 INFO:teuthology.orchestra.run.smithi003.stdout:/usr/bin/ceph: stderr
2024-09-12T00:54:05.343+0000 7f126c8b5640 1 -- 172.21.15.3:0/894514035 >> 172.21.15.3:0/894514035 conn(0x7f1268101ee0 msgr2=0x7f1268104300 unknown :-1 s=STATE_NONE l=0).mark_down
2024-09-12T00:54:06.207 INFO:teuthology.orchestra.run.smithi003.stdout:/usr/bin/ceph: stderr
2024-09-12T00:54:05.343+0000 7f126c8b5640 1 -- 172.21.15.3:0/894514035 shutdown_connections
2024-09-12T00:54:06.207 INFO:teuthology.orchestra.run.smithi003.stdout:/usr/bin/ceph: stderr
2024-09-12T00:54:05.343+0000 7f126c8b5640 1 -- 172.21.15.3:0/894514035 wait complete.
2024-09-12T00:54:06.207 INFO:teuthology.orchestra.run.smithi003.stdout:/usr/bin/ceph: stderr
2024-09-12T00:54:05.343+0000 7f126c8b5640 1 Processor -- start
2024-09-12T00:54:06.207 INFO:teuthology.orchestra.run.smithi003.stdout:/usr/bin/ceph: stderr
2024-09-12T00:54:05.343+0000 7f126c8b5640 1 -- start start
2024-09-12T00:54:06.207 INFO:teuthology.orchestra.run.smithi003.stdout:/usr/bin/ceph: stderr
2024-09-12T00:54:05.344+0000 7f126c8b5640 1 --2- >> [v2:172.21.15.3:3300/0,v1:172.21.15.3:6789/0] conn(0x7f1268108280 0x7f1268107b00 unknown :-1 s=NONE pgs=0 cs=0 l=1 rev1=0 crypto rx=0 tx=0 comp rx=0 tx=0).connect
2024-09-12T00:54:06.208 INFO:teuthology.orchestra.run.smithi003.stdout:/usr/bin/ceph: stderr
2024-09-12T00:54:05.344+0000 7f126c8b5640 1 -- --> [v2:172.21.15.3:3300/0,v1:172.21.15.3:6789/0] -- mon_getmap magic: 0 -- 0x7f126810bc30 con 0x7f1268108280
2024-09-12T00:54:06.208 INFO:teuthology.orchestra.run.smithi003.stdout:/usr/bin/ceph: stderr
2024-09-12T00:54:05.344+0000 7f126659c640 1 --2- >> [v2:172.21.15.3:3300/0,v1:172.21.15.3:6789/0] conn(0x7f1268108280 0x7f1268107b00 unknown :-1 s=BANNER_CONNECTING pgs=0 cs=0 l=1 rev1=0 crypto rx=0 tx=0 comp rx=0 tx=0)._handle_peer_banner_payload supported=3 required=0
2024-09-12T00:54:06.208 INFO:teuthology.orchestra.run.smithi003.stdout:/usr/bin/ceph: stderr
2024-09-12T00:54:05.344+0000 7f126659c640 1 --2- >> [v2:172.21.15.3:3300/0,v1:172.21.15.3:6789/0] conn(0x7f1268108280 0x7f1268107b00 unknown :-1 s=HELLO_CONNECTING pgs=0 cs=0 l=1 rev1=1 crypto rx=0 tx=0 comp rx=0 tx=0).handle_hello peer v2:172.21.15.3:3300/0 says I am v2:172.21.15.3:54968/0 (socket says 172.21.15.3:54968)
2024-09-12T00:54:06.208 INFO:teuthology.orchestra.run.smithi003.stdout:/usr/bin/ceph: stderr
2024-09-12T00:54:05.344+0000 7f126659c640 1 -- 172.21.15.3:0/2293729456 learned_addr learned my addr 172.21.15.3:0/2293729456 (peer_addr_for_me v2:172.21.15.3:0/0)
2024-09-12T00:54:06.208 INFO:teuthology.orchestra.run.smithi003.stdout:/usr/bin/ceph: stderr
2024-09-12T00:54:05.344+0000 7f126659c640 1 -- 172.21.15.3:0/2293729456 --> [v2:172.21.15.3:3300/0,v1:172.21.15.3:6789/0] -- mon_subscribe({config=0+,monmap=0+}) -- 0x7f1268108040 con 0x7f1268108280
2024-09-12T00:54:06.208 INFO:teuthology.orchestra.run.smithi003.stdout:/usr/bin/ceph: stderr
2024-09-12T00:54:05.344+0000 7f126659c640 1 --2- 172.21.15.3:0/2293729456 >> [v2:172.21.15.3:3300/0,v1:172.21.15.3:6789/0] conn(0x7f1268108280 0x7f1268107b00 secure :-1 s=READY pgs=69 cs=0 l=1 rev1=1 crypto rx=0x7f1260031000 tx=0x7f1260032e60 comp rx=0 tx=0).ready entity=mon.0 client_cookie=0 server_cookie=0 in_seq=0 out_seq=0
2024-09-12T00:54:06.208 INFO:teuthology.orchestra.run.smithi003.stdout:/usr/bin/ceph: stderr
2024-09-12T00:54:05.344+0000 7f125f7fe640 1 -- 172.21.15.3:0/2293729456 <== mon.0 v2:172.21.15.3:3300/0 1 ==== mon_map magic: 0 ==== 205+0+0 (secure 0 0 0) 0x7f1260042070 con 0x7f1268108280
2024-09-12T00:54:06.208 INFO:teuthology.orchestra.run.smithi003.stdout:/usr/bin/ceph: stderr
2024-09-12T00:54:05.344+0000 7f125f7fe640 1 -- 172.21.15.3:0/2293729456 <== mon.0 v2:172.21.15.3:3300/0 2 ==== config(28 keys) ==== 1171+0+0 (secure 0 0 0) 0x7f12600326b0 con 0x7f1268108280
2024-09-12T00:54:06.208 INFO:teuthology.orchestra.run.smithi003.stdout:/usr/bin/ceph: stderr
2024-09-12T00:54:05.344+0000 7f126c8b5640 1 -- 172.21.15.3:0/2293729456 --> [v2:172.21.15.3:3300/0,v1:172.21.15.3:6789/0] -- mon_subscribe({mgrmap=0+}) -- 0x7f1268106230 con 0x7f1268108280
2024-09-12T00:54:06.208 INFO:teuthology.orchestra.run.smithi003.stdout:/usr/bin/ceph: stderr
2024-09-12T00:54:05.344+0000 7f125f7fe640 1 -- 172.21.15.3:0/2293729456 <== mon.0 v2:172.21.15.3:3300/0 3 ==== mon_map magic: 0 ==== 205+0+0 (secure 0 0 0) 0x7f1260037040 con 0x7f1268108280
2024-09-12T00:54:06.208 INFO:teuthology.orchestra.run.smithi003.stdout:/usr/bin/ceph: stderr
2024-09-12T00:54:05.344+0000 7f126c8b5640 1 -- 172.21.15.3:0/2293729456 --> [v2:172.21.15.3:3300/0,v1:172.21.15.3:6789/0] -- mon_subscribe({osdmap=0}) -- 0x7f1268106770 con 0x7f1268108280
2024-09-12T00:54:06.208 INFO:teuthology.orchestra.run.smithi003.stdout:/usr/bin/ceph: stderr
2024-09-12T00:54:05.345+0000 7f125f7fe640 1 -- 172.21.15.3:0/2293729456 <== mon.0 v2:172.21.15.3:3300/0 4 ==== mgrmap(e 11) ==== 46194+0+0 (secure 0 0 0) 0x7f1260045070 con 0x7f1268108280
2024-09-12T00:54:06.208 INFO:teuthology.orchestra.run.smithi003.stdout:/usr/bin/ceph: stderr
2024-09-12T00:54:05.345+0000 7f126c8b5640 1 -- 172.21.15.3:0/2293729456 --> [v2:172.21.15.3:3300/0,v1:172.21.15.3:6789/0] -- mon_command({"prefix": "get_command_descriptions"} v 0) -- 0x7f12681086e0 con 0x7f1268108280
2024-09-12T00:54:06.209 INFO:teuthology.orchestra.run.smithi003.stdout:/usr/bin/ceph: stderr
2024-09-12T00:54:05.346+0000 7f125f7fe640 1 --2- 172.21.15.3:0/2293729456 >> [v2:172.21.15.3:6800/1078101834,v1:172.21.15.3:6801/1078101834] conn(0x7f1254038f00 0x7f125403b3c0 unknown :-1 s=NONE pgs=0 cs=0 l=1 rev1=0 crypto rx=0 tx=0 comp rx=0 tx=0).connect
2024-09-12T00:54:06.209 INFO:teuthology.orchestra.run.smithi003.stdout:/usr/bin/ceph: stderr
2024-09-12T00:54:05.346+0000 7f125f7fe640 1 -- 172.21.15.3:0/2293729456 <== mon.0 v2:172.21.15.3:3300/0 5 ==== osd_map(3..3 src has 1..3) ==== 1155+0+0 (secure 0 0 0) 0x7f126006c0e0 con 0x7f1268108280
2024-09-12T00:54:06.209 INFO:teuthology.orchestra.run.smithi003.stdout:/usr/bin/ceph: stderr
2024-09-12T00:54:05.346+0000 7f1265d9b640 1 --2- 172.21.15.3:0/2293729456 >> [v2:172.21.15.3:6800/1078101834,v1:172.21.15.3:6801/1078101834] conn(0x7f1254038f00 0x7f125403b3c0 unknown :-1 s=BANNER_CONNECTING pgs=0 cs=0 l=1 rev1=0 crypto rx=0 tx=0 comp rx=0 tx=0)._handle_peer_banner_payload supported=3 required=0
2024-09-12T00:54:06.209 INFO:teuthology.orchestra.run.smithi003.stdout:/usr/bin/ceph: stderr
2024-09-12T00:54:05.346+0000 7f1265d9b640 1 --2- 172.21.15.3:0/2293729456 >> [v2:172.21.15.3:6800/1078101834,v1:172.21.15.3:6801/1078101834] conn(0x7f1254038f00 0x7f125403b3c0 secure :-1 s=READY pgs=7 cs=0 l=1 rev1=1 crypto rx=0x7f12500098c0 tx=0x7f1250006db0 comp rx=0 tx=0).ready entity=mgr.14150 client_cookie=0 server_cookie=0 in_seq=0 out_seq=0
2024-09-12T00:54:06.209 INFO:teuthology.orchestra.run.smithi003.stdout:/usr/bin/ceph: stderr
2024-09-12T00:54:05.351+0000 7f125f7fe640 1 -- 172.21.15.3:0/2293729456 <== mon.0 v2:172.21.15.3:3300/0 6 ==== mon_command_ack([{"prefix": "get_command_descriptions"}]=0 v0) ==== 72+0+188821 (secure 0 0 0) 0x7f1260045360 con 0x7f1268108280
2024-09-12T00:54:06.209 INFO:teuthology.orchestra.run.smithi003.stdout:/usr/bin/ceph: stderr
2024-09-12T00:54:05.499+0000 7f125f7fe640 1 -- 172.21.15.3:0/2293729456 <== mon.0 v2:172.21.15.3:3300/0 7 ==== mgrmap(e 12) ==== 46300+0+0 (secure 0 0 0) 0x7f126003cca0 con 0x7f1268108280
2024-09-12T00:54:06.209 INFO:teuthology.orchestra.run.smithi003.stdout:/usr/bin/ceph: stderr
2024-09-12T00:54:05.534+0000 7f126c8b5640 1 -- 172.21.15.3:0/2293729456 --> [v2:172.21.15.3:6800/1078101834,v1:172.21.15.3:6801/1078101834] -- mgr_command(tid 0: {"prefix": "dashboard create-self-signed-cert", "target": ["mon-mgr", ""]}) -- 0x7f12681070c0 con 0x7f1254038f00
2024-09-12T00:54:06.209 INFO:teuthology.orchestra.run.smithi003.stdout:/usr/bin/ceph: stderr
2024-09-12T00:54:05.661+0000 7f125f7fe640 1 -- 172.21.15.3:0/2293729456 <== mgr.14150 v2:172.21.15.3:6800/1078101834 1 ==== mgr_command_reply(tid 0: 0 ) ==== 8+0+32 (secure 0 0 0) 0x7f12681070c0 con 0x7f1254038f00
2024-09-12T00:54:06.209 INFO:teuthology.orchestra.run.smithi003.stdout:/usr/bin/ceph: stderr
2024-09-12T00:54:05.663+0000 7f126c8b5640 1 -- 172.21.15.3:0/2293729456 >> [v2:172.21.15.3:6800/1078101834,v1:172.21.15.3:6801/1078101834] conn(0x7f1254038f00 msgr2=0x7f125403b3c0 secure :-1 s=STATE_CONNECTION_ESTABLISHED l=1).mark_down
2024-09-12T00:54:06.209 INFO:teuthology.orchestra.run.smithi003.stdout:/usr/bin/ceph: stderr
2024-09-12T00:54:05.663+0000 7f126c8b5640 1 --2- 172.21.15.3:0/2293729456 >> [v2:172.21.15.3:6800/1078101834,v1:172.21.15.3:6801/1078101834] conn(0x7f1254038f00 0x7f125403b3c0 secure :-1 s=READY pgs=7 cs=0 l=1 rev1=1 crypto rx=0x7f12500098c0 tx=0x7f1250006db0 comp rx=0 tx=0).stop
2024-09-12T00:54:06.209 INFO:teuthology.orchestra.run.smithi003.stdout:/usr/bin/ceph: stderr
2024-09-12T00:54:05.663+0000 7f126c8b5640 1 -- 172.21.15.3:0/2293729456 >> [v2:172.21.15.3:3300/0,v1:172.21.15.3:6789/0] conn(0x7f1268108280 msgr2=0x7f1268107b00 secure :-1 s=STATE_CONNECTION_ESTABLISHED l=1).mark_down
2024-09-12T00:54:06.209 INFO:teuthology.orchestra.run.smithi003.stdout:/usr/bin/ceph: stderr
2024-09-12T00:54:05.663+0000 7f126c8b5640 1 --2- 172.21.15.3:0/2293729456 >> [v2:172.21.15.3:3300/0,v1:172.21.15.3:6789/0] conn(0x7f1268108280 0x7f1268107b00 secure :-1 s=READY pgs=69 cs=0 l=1 rev1=1 crypto rx=0x7f1260031000 tx=0x7f1260032e60 comp rx=0 tx=0).stop
2024-09-12T00:54:06.209 INFO:teuthology.orchestra.run.smithi003.stdout:/usr/bin/ceph: stderr
2024-09-12T00:54:05.663+0000 7f126c8b5640 1 -- 172.21.15.3:0/2293729456 shutdown_connections
2024-09-12T00:54:06.210 INFO:teuthology.orchestra.run.smithi003.stdout:/usr/bin/ceph: stderr
2024-09-12T00:54:05.663+0000 7f126c8b5640 1 --2- 172.21.15.3:0/2293729456 >> [v2:172.21.15.3:6800/1078101834,v1:172.21.15.3:6801/1078101834] conn(0x7f1254038f00 0x7f125403b3c0 unknown :-1 s=CLOSED pgs=7 cs=0 l=1 rev1=1 crypto rx=0 tx=0 comp rx=0 tx=0).stop
2024-09-12T00:54:06.210 INFO:teuthology.orchestra.run.smithi003.stdout:/usr/bin/ceph: stderr
2024-09-12T00:54:05.663+0000 7f126c8b5640 1 --2- 172.21.15.3:0/2293729456 >> [v2:172.21.15.3:3300/0,v1:172.21.15.3:6789/0] conn(0x7f1268108280 0x7f1268107b00 unknown :-1 s=CLOSED pgs=69 cs=0 l=1 rev1=1 crypto rx=0 tx=0 comp rx=0 tx=0).stop
2024-09-12T00:54:06.210 INFO:teuthology.orchestra.run.smithi003.stdout:/usr/bin/ceph: stderr
2024-09-12T00:54:05.663+0000 7f126c8b5640 1 -- 172.21.15.3:0/2293729456 >> 172.21.15.3:0/2293729456 conn(0x7f1268101ee0 msgr2=0x7f1268102b30 unknown :-1 s=STATE_NONE l=0).mark_down
2024-09-12T00:54:06.210 INFO:teuthology.orchestra.run.smithi003.stdout:/usr/bin/ceph: stderr
2024-09-12T00:54:05.663+0000 7f126c8b5640 1 -- 172.21.15.3:0/2293729456 shutdown_connections
2024-09-12T00:54:06.210 INFO:teuthology.orchestra.run.smithi003.stdout:/usr/bin/ceph: stderr
2024-09-12T00:54:05.663+0000 7f126c8b5640 1 -- 172.21.15.3:0/2293729456 wait complete.
2024-09-12T00:54:06.210 INFO:teuthology.orchestra.run.smithi003.stdout:Creating initial admin user...
2024-09-12T00:54:06.609 INFO:journalctl@ceph.mon.a.smithi003.stdout:Sep 12 00:54:06 smithi003 ceph-mon[31232]: [12/Sep/2024:00:54:04] ENGINE Bus STARTING
2024-09-12T00:54:06.609 INFO:journalctl@ceph.mon.a.smithi003.stdout:Sep 12 00:54:06 smithi003 ceph-mon[31232]: [12/Sep/2024:00:54:05] ENGINE Serving on http://172.21.15.3:8765
2024-09-12T00:54:06.609 INFO:journalctl@ceph.mon.a.smithi003.stdout:Sep 12 00:54:06 smithi003 ceph-mon[31232]: [12/Sep/2024:00:54:05] ENGINE Serving on https://172.21.15.3:7150
2024-09-12T00:54:06.609 INFO:journalctl@ceph.mon.a.smithi003.stdout:Sep 12 00:54:06 smithi003 ceph-mon[31232]: [12/Sep/2024:00:54:05] ENGINE Bus STARTED
2024-09-12T00:54:06.609 INFO:journalctl@ceph.mon.a.smithi003.stdout:Sep 12 00:54:06 smithi003 ceph-mon[31232]: [12/Sep/2024:00:54:05] ENGINE Error in HTTPServer.serve
2024-09-12T00:54:06.609 INFO:journalctl@ceph.mon.a.smithi003.stdout: Traceback (most recent call last):
2024-09-12T00:54:06.609 INFO:journalctl@ceph.mon.a.smithi003.stdout: File "/lib/python3.9/site-packages/cheroot/server.py", line 1823, in serve
2024-09-12T00:54:06.609 INFO:journalctl@ceph.mon.a.smithi003.stdout: self._connections.run(self.expiration_interval)
2024-09-12T00:54:06.609 INFO:journalctl@ceph.mon.a.smithi003.stdout: File "/lib/python3.9/site-packages/cheroot/connections.py", line 203, in run
2024-09-12T00:54:06.609 INFO:journalctl@ceph.mon.a.smithi003.stdout: self._run(expiration_interval)
2024-09-12T00:54:06.610 INFO:journalctl@ceph.mon.a.smithi003.stdout: File "/lib/python3.9/site-packages/cheroot/connections.py", line 246, in _run
2024-09-12T00:54:06.610 INFO:journalctl@ceph.mon.a.smithi003.stdout: new_conn = self._from_server_socket(self.server.socket)
2024-09-12T00:54:06.610 INFO:journalctl@ceph.mon.a.smithi003.stdout: File "/lib/python3.9/site-packages/cheroot/connections.py", line 300, in _from_server_socket
2024-09-12T00:54:06.610 INFO:journalctl@ceph.mon.a.smithi003.stdout: s, ssl_env = self.server.ssl_adapter.wrap(s)
2024-09-12T00:54:06.610 INFO:journalctl@ceph.mon.a.smithi003.stdout: File "/lib/python3.9/site-packages/cheroot/ssl/builtin.py", line 277, in wrap
2024-09-12T00:54:06.610 INFO:journalctl@ceph.mon.a.smithi003.stdout: s = self.context.wrap_socket(
2024-09-12T00:54:06.610 INFO:journalctl@ceph.mon.a.smithi003.stdout: File "/lib64/python3.9/ssl.py", line 501, in wrap_socket
2024-09-12T00:54:06.610 INFO:journalctl@ceph.mon.a.smithi003.stdout: return self.sslsocket_class._create(
2024-09-12T00:54:06.610 INFO:journalctl@ceph.mon.a.smithi003.stdout: File "/lib64/python3.9/ssl.py", line 1074, in _create
2024-09-12T00:54:06.610 INFO:journalctl@ceph.mon.a.smithi003.stdout: self.do_handshake()
2024-09-12T00:54:06.610 INFO:journalctl@ceph.mon.a.smithi003.stdout: File "/lib64/python3.9/ssl.py", line 1343, in do_handshake
2024-09-12T00:54:06.610 INFO:journalctl@ceph.mon.a.smithi003.stdout: self._sslobj.do_handshake()
2024-09-12T00:54:06.610 INFO:journalctl@ceph.mon.a.smithi003.stdout: ssl.SSLZeroReturnError: TLS/SSL connection has been closed (EOF) (_ssl.c:1133)
2024-09-12T00:54:06.611 INFO:journalctl@ceph.mon.a.smithi003.stdout:Sep 12 00:54:06 smithi003 ceph-mon[31232]: from='mgr.14150 172.21.15.3:0/3684096819' entity='mgr.x'
2024-09-12T00:54:06.611 INFO:journalctl@ceph.mon.a.smithi003.stdout:Sep 12 00:54:06 smithi003 ceph-mon[31232]: mgrmap e12: x(active, since 2s)
2024-09-12T00:54:06.611 INFO:journalctl@ceph.mon.a.smithi003.stdout:Sep 12 00:54:06 smithi003 ceph-mon[31232]: from='client.14162 -' entity='client.admin' cmd=[{"prefix": "dashboard create-self-signed-cert", "target": ["mon-mgr", ""]}]: dispatch
2024-09-12T00:54:06.611 INFO:journalctl@ceph.mon.a.smithi003.stdout:Sep 12 00:54:06 smithi003 ceph-mon[31232]: from='mgr.14150 172.21.15.3:0/3684096819' entity='mgr.x'
2024-09-12T00:54:06.611 INFO:journalctl@ceph.mon.a.smithi003.stdout:Sep 12 00:54:06 smithi003 ceph-mon[31232]: from='mgr.14150 172.21.15.3:0/3684096819' entity='mgr.x'
2024-09-12T00:54:08.267 INFO:teuthology.orchestra.run.smithi003.stdout:/usr/bin/ceph: stdout {"username": "admin", "password": "$2b$12$ylPL.o0RwPuqb4/psBHgIeamb74l5hhk8PYLq5.WY3nsJO15Flyz.", "roles": ["administrator"], "name": null, "email": null, "lastUpdate": 1726102447, "enabled": true, "pwdExpirationDate": null, "pwdUpdateRequired": true}
2024-09-12T00:54:08.267 INFO:teuthology.orchestra.run.smithi003.stdout:/usr/bin/ceph: stderr
2024-09-12T00:54:06.830+0000 7f92366db640 1 Processor -- start
2024-09-12T00:54:08.267 INFO:teuthology.orchestra.run.smithi003.stdout:/usr/bin/ceph: stderr
2024-09-12T00:54:06.830+0000 7f92366db640 1 -- start start
2024-09-12T00:54:08.267 INFO:teuthology.orchestra.run.smithi003.stdout:/usr/bin/ceph: stderr
2024-09-12T00:54:06.830+0000 7f92366db640 1 --2- >> [v2:172.21.15.3:3300/0,v1:172.21.15.3:6789/0] conn(0x7f9230106690 0x7f9230106a90 unknown :-1 s=NONE pgs=0 cs=0 l=0 rev1=0 crypto rx=0 tx=0 comp rx=0 tx=0).connect
2024-09-12T00:54:08.267 INFO:teuthology.orchestra.run.smithi003.stdout:/usr/bin/ceph: stderr
2024-09-12T00:54:06.830+0000 7f92366db640 1 -- --> [v2:172.21.15.3:3300/0,v1:172.21.15.3:6789/0] -- mon_getmap magic: 0 -- 0x7f9230107060 con 0x7f9230106690
2024-09-12T00:54:08.267 INFO:teuthology.orchestra.run.smithi003.stdout:/usr/bin/ceph: stderr
2024-09-12T00:54:06.831+0000 7f922ffff640 1 --2- >> [v2:172.21.15.3:3300/0,v1:172.21.15.3:6789/0] conn(0x7f9230106690 0x7f9230106a90 unknown :-1 s=BANNER_CONNECTING pgs=0 cs=0 l=0 rev1=0 crypto rx=0 tx=0 comp rx=0 tx=0)._handle_peer_banner_payload supported=3 required=0
2024-09-12T00:54:08.267 INFO:teuthology.orchestra.run.smithi003.stdout:/usr/bin/ceph: stderr
2024-09-12T00:54:06.831+0000 7f922ffff640 1 --2- >> [v2:172.21.15.3:3300/0,v1:172.21.15.3:6789/0] conn(0x7f9230106690 0x7f9230106a90 unknown :-1 s=HELLO_CONNECTING pgs=0 cs=0 l=0 rev1=1 crypto rx=0 tx=0 comp rx=0 tx=0).handle_hello peer v2:172.21.15.3:3300/0 says I am v2:172.21.15.3:50496/0 (socket says 172.21.15.3:50496)
2024-09-12T00:54:08.267 INFO:teuthology.orchestra.run.smithi003.stdout:/usr/bin/ceph: stderr
2024-09-12T00:54:06.831+0000 7f922ffff640 1 -- 172.21.15.3:0/189096855 learned_addr learned my addr 172.21.15.3:0/189096855 (peer_addr_for_me v2:172.21.15.3:0/0)
2024-09-12T00:54:08.268 INFO:teuthology.orchestra.run.smithi003.stdout:/usr/bin/ceph: stderr
2024-09-12T00:54:06.831+0000 7f922ffff640 1 -- 172.21.15.3:0/189096855 --> [v2:172.21.15.3:3300/0,v1:172.21.15.3:6789/0] -- mon_subscribe({config=0+,monmap=0+}) -- 0x7f9230107890 con 0x7f9230106690
2024-09-12T00:54:08.268 INFO:teuthology.orchestra.run.smithi003.stdout:/usr/bin/ceph: stderr
2024-09-12T00:54:06.832+0000 7f922ffff640 1 --2- 172.21.15.3:0/189096855 >> [v2:172.21.15.3:3300/0,v1:172.21.15.3:6789/0] conn(0x7f9230106690 0x7f9230106a90 secure :-1 s=READY pgs=70 cs=0 l=1 rev1=1 crypto rx=0x7f9220009820 tx=0x7f922002a270 comp rx=0 tx=0).ready entity=mon.0 client_cookie=873f39b472d0620 server_cookie=0 in_seq=0 out_seq=0
2024-09-12T00:54:08.268 INFO:teuthology.orchestra.run.smithi003.stdout:/usr/bin/ceph: stderr
2024-09-12T00:54:06.832+0000 7f922effd640 1 -- 172.21.15.3:0/189096855 <== mon.0 v2:172.21.15.3:3300/0 1 ==== mon_map magic: 0 ==== 205+0+0 (secure 0 0 0) 0x7f9220037070 con 0x7f9230106690
2024-09-12T00:54:08.268 INFO:teuthology.orchestra.run.smithi003.stdout:/usr/bin/ceph: stderr
2024-09-12T00:54:06.832+0000 7f922effd640 1 -- 172.21.15.3:0/189096855 <== mon.0 v2:172.21.15.3:3300/0 2 ==== config(28 keys) ==== 1171+0+0 (secure 0 0 0) 0x7f9220032940 con 0x7f9230106690
2024-09-12T00:54:08.268 INFO:teuthology.orchestra.run.smithi003.stdout:/usr/bin/ceph: stderr
2024-09-12T00:54:06.832+0000 7f922effd640 1 -- 172.21.15.3:0/189096855 <== mon.0 v2:172.21.15.3:3300/0 3 ==== mon_map magic: 0 ==== 205+0+0 (secure 0 0 0) 0x7f92200308b0 con 0x7f9230106690
2024-09-12T00:54:08.268 INFO:teuthology.orchestra.run.smithi003.stdout:/usr/bin/ceph: stderr
2024-09-12T00:54:06.833+0000 7f92366db640 1 -- 172.21.15.3:0/189096855 >> [v2:172.21.15.3:3300/0,v1:172.21.15.3:6789/0] conn(0x7f9230106690 msgr2=0x7f9230106a90 secure :-1 s=STATE_CONNECTION_ESTABLISHED l=1).mark_down
2024-09-12T00:54:08.268 INFO:teuthology.orchestra.run.smithi003.stdout:/usr/bin/ceph: stderr
2024-09-12T00:54:06.833+0000 7f92366db640 1 --2- 172.21.15.3:0/189096855 >> [v2:172.21.15.3:3300/0,v1:172.21.15.3:6789/0] conn(0x7f9230106690 0x7f9230106a90 secure :-1 s=READY pgs=70 cs=0 l=1 rev1=1 crypto rx=0x7f9220009820 tx=0x7f922002a270 comp rx=0 tx=0).stop
2024-09-12T00:54:08.268 INFO:teuthology.orchestra.run.smithi003.stdout:/usr/bin/ceph: stderr
2024-09-12T00:54:06.833+0000 7f92366db640 1 -- 172.21.15.3:0/189096855 shutdown_connections
2024-09-12T00:54:08.268 INFO:teuthology.orchestra.run.smithi003.stdout:/usr/bin/ceph: stderr
2024-09-12T00:54:06.833+0000 7f92366db640 1 --2- 172.21.15.3:0/189096855 >> [v2:172.21.15.3:3300/0,v1:172.21.15.3:6789/0] conn(0x7f9230106690 0x7f9230106a90 unknown :-1 s=CLOSED pgs=70 cs=0 l=1 rev1=1 crypto rx=0 tx=0 comp rx=0 tx=0).stop
2024-09-12T00:54:08.268 INFO:teuthology.orchestra.run.smithi003.stdout:/usr/bin/ceph: stderr
2024-09-12T00:54:06.833+0000 7f92366db640 1 -- 172.21.15.3:0/189096855 >> 172.21.15.3:0/189096855 conn(0x7f9230101ee0 msgr2=0x7f9230104300 unknown :-1 s=STATE_NONE l=0).mark_down
2024-09-12T00:54:08.268 INFO:teuthology.orchestra.run.smithi003.stdout:/usr/bin/ceph: stderr
2024-09-12T00:54:06.833+0000 7f92366db640 1 -- 172.21.15.3:0/189096855 shutdown_connections
2024-09-12T00:54:08.269 INFO:teuthology.orchestra.run.smithi003.stdout:/usr/bin/ceph: stderr
2024-09-12T00:54:06.833+0000 7f92366db640 1 -- 172.21.15.3:0/189096855 wait complete.
2024-09-12T00:54:08.269 INFO:teuthology.orchestra.run.smithi003.stdout:/usr/bin/ceph: stderr
2024-09-12T00:54:06.833+0000 7f92366db640 1 Processor -- start
2024-09-12T00:54:08.269 INFO:teuthology.orchestra.run.smithi003.stdout:/usr/bin/ceph: stderr
2024-09-12T00:54:06.833+0000 7f92366db640 1 -- start start
2024-09-12T00:54:08.269 INFO:teuthology.orchestra.run.smithi003.stdout:/usr/bin/ceph: stderr
2024-09-12T00:54:06.834+0000 7f92366db640 1 --2- >> [v2:172.21.15.3:3300/0,v1:172.21.15.3:6789/0] conn(0x7f9230106690 0x7f923019b910 unknown :-1 s=NONE pgs=0 cs=0 l=1 rev1=0 crypto rx=0 tx=0 comp rx=0 tx=0).connect
2024-09-12T00:54:08.269 INFO:teuthology.orchestra.run.smithi003.stdout:/usr/bin/ceph: stderr
2024-09-12T00:54:06.834+0000 7f92366db640 1 -- --> [v2:172.21.15.3:3300/0,v1:172.21.15.3:6789/0] -- mon_getmap magic: 0 -- 0x7f923010ac40 con 0x7f9230106690
2024-09-12T00:54:08.269 INFO:teuthology.orchestra.run.smithi003.stdout:/usr/bin/ceph: stderr
2024-09-12T00:54:06.834+0000 7f922ffff640 1 --2- >> [v2:172.21.15.3:3300/0,v1:172.21.15.3:6789/0] conn(0x7f9230106690 0x7f923019b910 unknown :-1 s=BANNER_CONNECTING pgs=0 cs=0 l=1 rev1=0 crypto rx=0 tx=0 comp rx=0 tx=0)._handle_peer_banner_payload supported=3 required=0
2024-09-12T00:54:08.269 INFO:teuthology.orchestra.run.smithi003.stdout:/usr/bin/ceph: stderr
2024-09-12T00:54:06.834+0000 7f922ffff640 1 --2- >> [v2:172.21.15.3:3300/0,v1:172.21.15.3:6789/0] conn(0x7f9230106690 0x7f923019b910 unknown :-1 s=HELLO_CONNECTING pgs=0 cs=0 l=1 rev1=1 crypto rx=0 tx=0 comp rx=0 tx=0).handle_hello peer v2:172.21.15.3:3300/0 says I am v2:172.21.15.3:50508/0 (socket says 172.21.15.3:50508)
2024-09-12T00:54:08.269 INFO:teuthology.orchestra.run.smithi003.stdout:/usr/bin/ceph: stderr
2024-09-12T00:54:06.834+0000 7f922ffff640 1 -- 172.21.15.3:0/1105332491 learned_addr learned my addr 172.21.15.3:0/1105332491 (peer_addr_for_me v2:172.21.15.3:0/0)
2024-09-12T00:54:08.269 INFO:teuthology.orchestra.run.smithi003.stdout:/usr/bin/ceph: stderr
2024-09-12T00:54:06.834+0000 7f922ffff640 1 -- 172.21.15.3:0/1105332491 --> [v2:172.21.15.3:3300/0,v1:172.21.15.3:6789/0] -- mon_subscribe({config=0+,monmap=0+}) -- 0x7f923019be50 con 0x7f9230106690
2024-09-12T00:54:08.269 INFO:teuthology.orchestra.run.smithi003.stdout:/usr/bin/ceph: stderr
2024-09-12T00:54:06.834+0000 7f922ffff640 1 --2- 172.21.15.3:0/1105332491 >> [v2:172.21.15.3:3300/0,v1:172.21.15.3:6789/0] conn(0x7f9230106690 0x7f923019b910 secure :-1 s=READY pgs=71 cs=0 l=1 rev1=1 crypto rx=0x7f9220009940 tx=0x7f9220032e60 comp rx=0 tx=0).ready entity=mon.0 client_cookie=0 server_cookie=0 in_seq=0 out_seq=0
2024-09-12T00:54:08.269 INFO:teuthology.orchestra.run.smithi003.stdout:/usr/bin/ceph: stderr
2024-09-12T00:54:06.835+0000 7f922d7fa640 1 -- 172.21.15.3:0/1105332491 <== mon.0 v2:172.21.15.3:3300/0 1 ==== mon_map magic: 0 ==== 205+0+0 (secure 0 0 0) 0x7f9220042070 con 0x7f9230106690
2024-09-12T00:54:08.269 INFO:teuthology.orchestra.run.smithi003.stdout:/usr/bin/ceph: stderr
2024-09-12T00:54:06.835+0000 7f922d7fa640 1 -- 172.21.15.3:0/1105332491 <== mon.0 v2:172.21.15.3:3300/0 2 ==== config(28 keys) ==== 1171+0+0 (secure 0 0 0) 0x7f92200326b0 con 0x7f9230106690
2024-09-12T00:54:08.270 INFO:teuthology.orchestra.run.smithi003.stdout:/usr/bin/ceph: stderr
2024-09-12T00:54:06.835+0000 7f92366db640 1 -- 172.21.15.3:0/1105332491 --> [v2:172.21.15.3:3300/0,v1:172.21.15.3:6789/0] -- mon_subscribe({mgrmap=0+}) -- 0x7f923019c0e0 con 0x7f9230106690
2024-09-12T00:54:08.270 INFO:teuthology.orchestra.run.smithi003.stdout:/usr/bin/ceph: stderr
2024-09-12T00:54:06.835+0000 7f922d7fa640 1 -- 172.21.15.3:0/1105332491 <== mon.0 v2:172.21.15.3:3300/0 3 ==== mon_map magic: 0 ==== 205+0+0 (secure 0 0 0) 0x7f9220037040 con 0x7f9230106690
2024-09-12T00:54:08.270 INFO:teuthology.orchestra.run.smithi003.stdout:/usr/bin/ceph: stderr
2024-09-12T00:54:06.835+0000 7f92366db640 1 -- 172.21.15.3:0/1105332491 --> [v2:172.21.15.3:3300/0,v1:172.21.15.3:6789/0] -- mon_subscribe({osdmap=0}) -- 0x7f923019edd0 con 0x7f9230106690
2024-09-12T00:54:08.270 INFO:teuthology.orchestra.run.smithi003.stdout:/usr/bin/ceph: stderr
2024-09-12T00:54:06.836+0000 7f922d7fa640 1 -- 172.21.15.3:0/1105332491 <== mon.0 v2:172.21.15.3:3300/0 4 ==== mgrmap(e 12) ==== 46300+0+0 (secure 0 0 0) 0x7f9220045070 con 0x7f9230106690
2024-09-12T00:54:08.270 INFO:teuthology.orchestra.run.smithi003.stdout:/usr/bin/ceph: stderr
2024-09-12T00:54:06.836+0000 7f92366db640 1 -- 172.21.15.3:0/1105332491 --> [v2:172.21.15.3:3300/0,v1:172.21.15.3:6789/0] -- mon_command({"prefix": "get_command_descriptions"} v 0) -- 0x7f9230106b10 con 0x7f9230106690
2024-09-12T00:54:08.270 INFO:teuthology.orchestra.run.smithi003.stdout:/usr/bin/ceph: stderr
2024-09-12T00:54:06.836+0000 7f922d7fa640 1 --2- 172.21.15.3:0/1105332491 >> [v2:172.21.15.3:6800/1078101834,v1:172.21.15.3:6801/1078101834] conn(0x7f9218038fc0 0x7f921803b480 unknown :-1 s=NONE pgs=0 cs=0 l=1 rev1=0 crypto rx=0 tx=0 comp rx=0 tx=0).connect
2024-09-12T00:54:08.270 INFO:teuthology.orchestra.run.smithi003.stdout:/usr/bin/ceph: stderr
2024-09-12T00:54:06.836+0000 7f922d7fa640 1 -- 172.21.15.3:0/1105332491 <== mon.0 v2:172.21.15.3:3300/0 5 ==== osd_map(3..3 src has 1..3) ==== 1155+0+0 (secure 0 0 0) 0x7f922006d170 con 0x7f9230106690
2024-09-12T00:54:08.270 INFO:teuthology.orchestra.run.smithi003.stdout:/usr/bin/ceph: stderr
2024-09-12T00:54:06.836+0000 7f922f7fe640 1 --2- 172.21.15.3:0/1105332491 >> [v2:172.21.15.3:6800/1078101834,v1:172.21.15.3:6801/1078101834] conn(0x7f9218038fc0 0x7f921803b480 unknown :-1 s=BANNER_CONNECTING pgs=0 cs=0 l=1 rev1=0 crypto rx=0 tx=0 comp rx=0 tx=0)._handle_peer_banner_payload supported=3 required=0
2024-09-12T00:54:08.270 INFO:teuthology.orchestra.run.smithi003.stdout:/usr/bin/ceph: stderr
2024-09-12T00:54:06.836+0000 7f922f7fe640 1 --2- 172.21.15.3:0/1105332491 >> [v2:172.21.15.3:6800/1078101834,v1:172.21.15.3:6801/1078101834] conn(0x7f9218038fc0 0x7f921803b480 secure :-1 s=READY pgs=8 cs=0 l=1 rev1=1 crypto rx=0x7f92240098c0 tx=0x7f9224006db0 comp rx=0 tx=0).ready entity=mgr.14150 client_cookie=0 server_cookie=0 in_seq=0 out_seq=0
2024-09-12T00:54:08.270 INFO:teuthology.orchestra.run.smithi003.stdout:/usr/bin/ceph: stderr
2024-09-12T00:54:06.841+0000 7f922d7fa640 1 -- 172.21.15.3:0/1105332491 <== mon.0 v2:172.21.15.3:3300/0 6 ==== mon_command_ack([{"prefix": "get_command_descriptions"}]=0 v0) ==== 72+0+188821 (secure 0 0 0) 0x7f922003c810 con 0x7f9230106690
2024-09-12T00:54:08.270 INFO:teuthology.orchestra.run.smithi003.stdout:/usr/bin/ceph: stderr
2024-09-12T00:54:07.030+0000 7f92366db640 1 -- 172.21.15.3:0/1105332491 --> [v2:172.21.15.3:6800/1078101834,v1:172.21.15.3:6801/1078101834] -- mgr_command(tid 0: {"prefix": "dashboard ac-user-create", "username": "admin", "rolename": "administrator", "force_password": true, "pwd_update_required": true, "target": ["mon-mgr", ""]}) -- 0x7f923002d940 con 0x7f9218038fc0
2024-09-12T00:54:08.270 INFO:teuthology.orchestra.run.smithi003.stdout:/usr/bin/ceph: stderr
2024-09-12T00:54:07.278+0000 7f922d7fa640 1 -- 172.21.15.3:0/1105332491 <== mgr.14150 v2:172.21.15.3:6800/1078101834 1 ==== mgr_command_reply(tid 0: 0 ) ==== 8+0+252 (secure 0 0 0) 0x7f923002d940 con 0x7f9218038fc0
2024-09-12T00:54:08.270 INFO:teuthology.orchestra.run.smithi003.stdout:/usr/bin/ceph: stderr
2024-09-12T00:54:07.281+0000 7f92366db640 1 -- 172.21.15.3:0/1105332491 >> [v2:172.21.15.3:6800/1078101834,v1:172.21.15.3:6801/1078101834] conn(0x7f9218038fc0 msgr2=0x7f921803b480 secure :-1 s=STATE_CONNECTION_ESTABLISHED l=1).mark_down
2024-09-12T00:54:08.271 INFO:teuthology.orchestra.run.smithi003.stdout:/usr/bin/ceph: stderr
2024-09-12T00:54:07.281+0000 7f92366db640 1 --2- 172.21.15.3:0/1105332491 >> [v2:172.21.15.3:6800/1078101834,v1:172.21.15.3:6801/1078101834] conn(0x7f9218038fc0 0x7f921803b480 secure :-1 s=READY pgs=8 cs=0 l=1 rev1=1 crypto rx=0x7f92240098c0 tx=0x7f9224006db0 comp rx=0 tx=0).stop
2024-09-12T00:54:08.271 INFO:teuthology.orchestra.run.smithi003.stdout:/usr/bin/ceph: stderr
2024-09-12T00:54:07.281+0000 7f92366db640 1 -- 172.21.15.3:0/1105332491 >> [v2:172.21.15.3:3300/0,v1:172.21.15.3:6789/0] conn(0x7f9230106690 msgr2=0x7f923019b910 secure :-1 s=STATE_CONNECTION_ESTABLISHED l=1).mark_down
2024-09-12T00:54:08.271 INFO:teuthology.orchestra.run.smithi003.stdout:/usr/bin/ceph: stderr
2024-09-12T00:54:07.281+0000 7f92366db640 1 --2- 172.21.15.3:0/1105332491 >> [v2:172.21.15.3:3300/0,v1:172.21.15.3:6789/0] conn(0x7f9230106690 0x7f923019b910 secure :-1 s=READY pgs=71 cs=0 l=1 rev1=1 crypto rx=0x7f9220009940 tx=0x7f9220032e60 comp rx=0 tx=0).stop
2024-09-12T00:54:08.271 INFO:teuthology.orchestra.run.smithi003.stdout:/usr/bin/ceph: stderr
2024-09-12T00:54:07.281+0000 7f92366db640 1 -- 172.21.15.3:0/1105332491 shutdown_connections
2024-09-12T00:54:08.271 INFO:teuthology.orchestra.run.smithi003.stdout:/usr/bin/ceph: stderr
2024-09-12T00:54:07.281+0000 7f92366db640 1 --2- 172.21.15.3:0/1105332491 >> [v2:172.21.15.3:6800/1078101834,v1:172.21.15.3:6801/1078101834] conn(0x7f9218038fc0 0x7f921803b480 unknown :-1 s=CLOSED pgs=8 cs=0 l=1 rev1=1 crypto rx=0 tx=0 comp rx=0 tx=0).stop
2024-09-12T00:54:08.271 INFO:teuthology.orchestra.run.smithi003.stdout:/usr/bin/ceph: stderr
2024-09-12T00:54:07.281+0000 7f92366db640 1 --2- 172.21.15.3:0/1105332491 >> [v2:172.21.15.3:3300/0,v1:172.21.15.3:6789/0] conn(0x7f9230106690 0x7f923019b910 unknown :-1 s=CLOSED pgs=71 cs=0 l=1 rev1=1 crypto rx=0 tx=0 comp rx=0 tx=0).stop
2024-09-12T00:54:08.271 INFO:teuthology.orchestra.run.smithi003.stdout:/usr/bin/ceph: stderr
2024-09-12T00:54:07.281+0000 7f92366db640 1 -- 172.21.15.3:0/1105332491 >> 172.21.15.3:0/1105332491 conn(0x7f9230101ee0 msgr2=0x7f9230102e90 unknown :-1 s=STATE_NONE l=0).mark_down
2024-09-12T00:54:08.271 INFO:teuthology.orchestra.run.smithi003.stdout:/usr/bin/ceph: stderr
2024-09-12T00:54:07.281+0000 7f92366db640 1 -- 172.21.15.3:0/1105332491 shutdown_connections
2024-09-12T00:54:08.271 INFO:teuthology.orchestra.run.smithi003.stdout:/usr/bin/ceph: stderr
2024-09-12T00:54:07.281+0000 7f92366db640 1 -- 172.21.15.3:0/1105332491 wait complete.
2024-09-12T00:54:08.271 INFO:teuthology.orchestra.run.smithi003.stdout:Fetching dashboard port number...
2024-09-12T00:54:08.571 INFO:journalctl@ceph.mon.a.smithi003.stdout:Sep 12 00:54:08 smithi003 ceph-mon[31232]: from='client.14164 -' entity='client.admin' cmd=[{"prefix": "dashboard ac-user-create", "username": "admin", "rolename": "administrator", "force_password": true, "pwd_update_required": true, "target": ["mon-mgr", ""]}]: dispatch
2024-09-12T00:54:08.571 INFO:journalctl@ceph.mon.a.smithi003.stdout:Sep 12 00:54:08 smithi003 ceph-mon[31232]: from='mgr.14150 172.21.15.3:0/3684096819' entity='mgr.x'
2024-09-12T00:54:09.373 INFO:teuthology.orchestra.run.smithi003.stdout:/usr/bin/ceph: stdout 8443
2024-09-12T00:54:09.373 INFO:teuthology.orchestra.run.smithi003.stdout:/usr/bin/ceph: stderr
2024-09-12T00:54:08.653+0000 7f62bacea640 1 Processor -- start
2024-09-12T00:54:09.374 INFO:teuthology.orchestra.run.smithi003.stdout:/usr/bin/ceph: stderr
2024-09-12T00:54:08.653+0000 7f62bacea640 1 -- start start
2024-09-12T00:54:09.374 INFO:teuthology.orchestra.run.smithi003.stdout:/usr/bin/ceph: stderr
2024-09-12T00:54:08.653+0000 7f62bacea640 1 --2- >> [v2:172.21.15.3:3300/0,v1:172.21.15.3:6789/0] conn(0x7f62b41066d0 0x7f62b4106ad0 unknown :-1 s=NONE pgs=0 cs=0 l=0 rev1=0 crypto rx=0 tx=0 comp rx=0 tx=0).connect
2024-09-12T00:54:09.374 INFO:teuthology.orchestra.run.smithi003.stdout:/usr/bin/ceph: stderr
2024-09-12T00:54:08.653+0000 7f62bacea640 1 -- --> [v2:172.21.15.3:3300/0,v1:172.21.15.3:6789/0] -- mon_getmap magic: 0 -- 0x7f62b41070a0 con 0x7f62b41066d0
2024-09-12T00:54:09.374 INFO:teuthology.orchestra.run.smithi003.stdout:/usr/bin/ceph: stderr
2024-09-12T00:54:08.654+0000 7f62b8a86640 1 --2- >> [v2:172.21.15.3:3300/0,v1:172.21.15.3:6789/0] conn(0x7f62b41066d0 0x7f62b4106ad0 unknown :-1 s=BANNER_CONNECTING pgs=0 cs=0 l=0 rev1=0 crypto rx=0 tx=0 comp rx=0 tx=0)._handle_peer_banner_payload supported=3 required=0
2024-09-12T00:54:09.374 INFO:teuthology.orchestra.run.smithi003.stdout:/usr/bin/ceph: stderr
2024-09-12T00:54:08.654+0000 7f62b8a86640 1 --2- >> [v2:172.21.15.3:3300/0,v1:172.21.15.3:6789/0] conn(0x7f62b41066d0 0x7f62b4106ad0 unknown :-1 s=HELLO_CONNECTING pgs=0 cs=0 l=0 rev1=1 crypto rx=0 tx=0 comp rx=0 tx=0).handle_hello peer v2:172.21.15.3:3300/0 says I am v2:172.21.15.3:50512/0 (socket says 172.21.15.3:50512)
2024-09-12T00:54:09.374 INFO:teuthology.orchestra.run.smithi003.stdout:/usr/bin/ceph: stderr
2024-09-12T00:54:08.654+0000 7f62b8a86640 1 -- 172.21.15.3:0/3653289922 learned_addr learned my addr 172.21.15.3:0/3653289922 (peer_addr_for_me v2:172.21.15.3:0/0)
2024-09-12T00:54:09.374 INFO:teuthology.orchestra.run.smithi003.stdout:/usr/bin/ceph: stderr
2024-09-12T00:54:08.654+0000 7f62b8a86640 1 -- 172.21.15.3:0/3653289922 --> [v2:172.21.15.3:3300/0,v1:172.21.15.3:6789/0] -- mon_subscribe({config=0+,monmap=0+}) -- 0x7f62b4107880 con 0x7f62b41066d0
2024-09-12T00:54:09.374 INFO:teuthology.orchestra.run.smithi003.stdout:/usr/bin/ceph: stderr
2024-09-12T00:54:08.655+0000 7f62b8a86640 1 --2- 172.21.15.3:0/3653289922 >> [v2:172.21.15.3:3300/0,v1:172.21.15.3:6789/0] conn(0x7f62b41066d0 0x7f62b4106ad0 secure :-1 s=READY pgs=72 cs=0 l=1 rev1=1 crypto rx=0x7f62a4009820 tx=0x7f62a402a270 comp rx=0 tx=0).ready entity=mon.0 client_cookie=e3215e3bbae0e79 server_cookie=0 in_seq=0 out_seq=0
2024-09-12T00:54:09.374 INFO:teuthology.orchestra.run.smithi003.stdout:/usr/bin/ceph: stderr
2024-09-12T00:54:08.655+0000 7f62b37fe640 1 -- 172.21.15.3:0/3653289922 <== mon.0 v2:172.21.15.3:3300/0 1 ==== mon_map magic: 0 ==== 205+0+0 (secure 0 0 0) 0x7f62a4037070 con 0x7f62b41066d0
2024-09-12T00:54:09.374 INFO:teuthology.orchestra.run.smithi003.stdout:/usr/bin/ceph: stderr
2024-09-12T00:54:08.655+0000 7f62b37fe640 1 -- 172.21.15.3:0/3653289922 <== mon.0 v2:172.21.15.3:3300/0 2 ==== config(28 keys) ==== 1171+0+0 (secure 0 0 0) 0x7f62a4032940 con 0x7f62b41066d0
2024-09-12T00:54:09.374 INFO:teuthology.orchestra.run.smithi003.stdout:/usr/bin/ceph: stderr
2024-09-12T00:54:08.655+0000 7f62b37fe640 1 -- 172.21.15.3:0/3653289922 <== mon.0 v2:172.21.15.3:3300/0 3 ==== mon_map magic: 0 ==== 205+0+0 (secure 0 0 0) 0x7f62a40308b0 con 0x7f62b41066d0
2024-09-12T00:54:09.374 INFO:teuthology.orchestra.run.smithi003.stdout:/usr/bin/ceph: stderr
2024-09-12T00:54:08.655+0000 7f62bacea640 1 -- 172.21.15.3:0/3653289922 >> [v2:172.21.15.3:3300/0,v1:172.21.15.3:6789/0] conn(0x7f62b41066d0 msgr2=0x7f62b4106ad0 secure :-1 s=STATE_CONNECTION_ESTABLISHED l=1).mark_down
2024-09-12T00:54:09.375 INFO:teuthology.orchestra.run.smithi003.stdout:/usr/bin/ceph: stderr
2024-09-12T00:54:08.655+0000 7f62bacea640 1 --2- 172.21.15.3:0/3653289922 >> [v2:172.21.15.3:3300/0,v1:172.21.15.3:6789/0] conn(0x7f62b41066d0 0x7f62b4106ad0 secure :-1 s=READY pgs=72 cs=0 l=1 rev1=1 crypto rx=0x7f62a4009820 tx=0x7f62a402a270 comp rx=0 tx=0).stop
2024-09-12T00:54:09.375 INFO:teuthology.orchestra.run.smithi003.stdout:/usr/bin/ceph: stderr
2024-09-12T00:54:08.655+0000 7f62bacea640 1 -- 172.21.15.3:0/3653289922 shutdown_connections
2024-09-12T00:54:09.375 INFO:teuthology.orchestra.run.smithi003.stdout:/usr/bin/ceph: stderr
2024-09-12T00:54:08.655+0000 7f62bacea640 1 --2- 172.21.15.3:0/3653289922 >> [v2:172.21.15.3:3300/0,v1:172.21.15.3:6789/0] conn(0x7f62b41066d0 0x7f62b4106ad0 unknown :-1 s=CLOSED pgs=72 cs=0 l=1 rev1=1 crypto rx=0 tx=0 comp rx=0 tx=0).stop
2024-09-12T00:54:09.375 INFO:teuthology.orchestra.run.smithi003.stdout:/usr/bin/ceph: stderr
2024-09-12T00:54:08.655+0000 7f62bacea640 1 -- 172.21.15.3:0/3653289922 >> 172.21.15.3:0/3653289922 conn(0x7f62b4101ec0 msgr2=0x7f62b41042e0 unknown :-1 s=STATE_NONE l=0).mark_down
2024-09-12T00:54:09.375 INFO:teuthology.orchestra.run.smithi003.stdout:/usr/bin/ceph: stderr
2024-09-12T00:54:08.655+0000 7f62bacea640 1 -- 172.21.15.3:0/3653289922 shutdown_connections
2024-09-12T00:54:09.375 INFO:teuthology.orchestra.run.smithi003.stdout:/usr/bin/ceph: stderr
2024-09-12T00:54:08.655+0000 7f62bacea640 1 -- 172.21.15.3:0/3653289922 wait complete.
2024-09-12T00:54:09.375 INFO:teuthology.orchestra.run.smithi003.stdout:/usr/bin/ceph: stderr
2024-09-12T00:54:08.656+0000 7f62bacea640 1 Processor -- start
2024-09-12T00:54:09.375 INFO:teuthology.orchestra.run.smithi003.stdout:/usr/bin/ceph: stderr
2024-09-12T00:54:08.656+0000 7f62bacea640 1 -- start start
2024-09-12T00:54:09.375 INFO:teuthology.orchestra.run.smithi003.stdout:/usr/bin/ceph: stderr
2024-09-12T00:54:08.656+0000 7f62bacea640 1 --2- >> [v2:172.21.15.3:3300/0,v1:172.21.15.3:6789/0] conn(0x7f62b41066d0 0x7f62b419db10 unknown :-1 s=NONE pgs=0 cs=0 l=1 rev1=0 crypto rx=0 tx=0 comp rx=0 tx=0).connect
2024-09-12T00:54:09.375 INFO:teuthology.orchestra.run.smithi003.stdout:/usr/bin/ceph: stderr
2024-09-12T00:54:08.656+0000 7f62bacea640 1 -- --> [v2:172.21.15.3:3300/0,v1:172.21.15.3:6789/0] -- mon_getmap magic: 0 -- 0x7f62b410ac30 con 0x7f62b41066d0
2024-09-12T00:54:09.375 INFO:teuthology.orchestra.run.smithi003.stdout:/usr/bin/ceph: stderr
2024-09-12T00:54:08.656+0000 7f62b8a86640 1 --2- >> [v2:172.21.15.3:3300/0,v1:172.21.15.3:6789/0] conn(0x7f62b41066d0 0x7f62b419db10 unknown :-1 s=BANNER_CONNECTING pgs=0 cs=0 l=1 rev1=0 crypto rx=0 tx=0 comp rx=0 tx=0)._handle_peer_banner_payload supported=3 required=0
2024-09-12T00:54:09.375 INFO:teuthology.orchestra.run.smithi003.stdout:/usr/bin/ceph: stderr
2024-09-12T00:54:08.656+0000 7f62b8a86640 1 --2- >> [v2:172.21.15.3:3300/0,v1:172.21.15.3:6789/0] conn(0x7f62b41066d0 0x7f62b419db10 unknown :-1 s=HELLO_CONNECTING pgs=0 cs=0 l=1 rev1=1 crypto rx=0 tx=0 comp rx=0 tx=0).handle_hello peer v2:172.21.15.3:3300/0 says I am v2:172.21.15.3:50524/0 (socket says 172.21.15.3:50524)
2024-09-12T00:54:09.375 INFO:teuthology.orchestra.run.smithi003.stdout:/usr/bin/ceph: stderr
2024-09-12T00:54:08.656+0000 7f62b8a86640 1 -- 172.21.15.3:0/109620194 learned_addr learned my addr 172.21.15.3:0/109620194 (peer_addr_for_me v2:172.21.15.3:0/0)
2024-09-12T00:54:09.376 INFO:teuthology.orchestra.run.smithi003.stdout:/usr/bin/ceph: stderr
2024-09-12T00:54:08.657+0000 7f62b8a86640 1 -- 172.21.15.3:0/109620194 --> [v2:172.21.15.3:3300/0,v1:172.21.15.3:6789/0] -- mon_subscribe({config=0+,monmap=0+}) -- 0x7f62b419e050 con 0x7f62b41066d0
2024-09-12T00:54:09.376 INFO:teuthology.orchestra.run.smithi003.stdout:/usr/bin/ceph: stderr
2024-09-12T00:54:08.657+0000 7f62b8a86640 1 --2- 172.21.15.3:0/109620194 >> [v2:172.21.15.3:3300/0,v1:172.21.15.3:6789/0] conn(0x7f62b41066d0 0x7f62b419db10 secure :-1 s=READY pgs=73 cs=0 l=1 rev1=1 crypto rx=0x7f62a4009940 tx=0x7f62a4032e60 comp rx=0 tx=0).ready entity=mon.0 client_cookie=0 server_cookie=0 in_seq=0 out_seq=0
2024-09-12T00:54:09.376 INFO:teuthology.orchestra.run.smithi003.stdout:/usr/bin/ceph: stderr
2024-09-12T00:54:08.657+0000 7f62b1ffb640 1 -- 172.21.15.3:0/109620194 <== mon.0 v2:172.21.15.3:3300/0 1 ==== mon_map magic: 0 ==== 205+0+0 (secure 0 0 0) 0x7f62a4042070 con 0x7f62b41066d0
2024-09-12T00:54:09.376 INFO:teuthology.orchestra.run.smithi003.stdout:/usr/bin/ceph: stderr
2024-09-12T00:54:08.657+0000 7f62b1ffb640 1 -- 172.21.15.3:0/109620194 <== mon.0 v2:172.21.15.3:3300/0 2 ==== config(28 keys) ==== 1171+0+0 (secure 0 0 0) 0x7f62a40326b0 con 0x7f62b41066d0
2024-09-12T00:54:09.376 INFO:teuthology.orchestra.run.smithi003.stdout:/usr/bin/ceph: stderr
2024-09-12T00:54:08.657+0000 7f62bacea640 1 -- 172.21.15.3:0/109620194 --> [v2:172.21.15.3:3300/0,v1:172.21.15.3:6789/0] -- mon_subscribe({mgrmap=0+}) -- 0x7f62b419e2e0 con 0x7f62b41066d0
2024-09-12T00:54:09.376 INFO:teuthology.orchestra.run.smithi003.stdout:/usr/bin/ceph: stderr
