2024-09-12T01:30:56.470 INFO:teuthology.orchestra.run.smithi046.stdout:/usr/bin/ceph: stderr
2024-09-12T01:30:55.677+0000 7fdef8e53640 1 -- 172.21.15.46:0/959435648 >> 172.21.15.46:0/959435648 conn(0x7fdef4101bb0 msgr2=0x7fdef4103fd0 unknown :-1 s=STATE_NONE l=0).mark_down
2024-09-12T01:30:56.470 INFO:teuthology.orchestra.run.smithi046.stdout:/usr/bin/ceph: stderr
2024-09-12T01:30:55.677+0000 7fdef8e53640 1 -- 172.21.15.46:0/959435648 shutdown_connections
2024-09-12T01:30:56.470 INFO:teuthology.orchestra.run.smithi046.stdout:/usr/bin/ceph: stderr
2024-09-12T01:30:55.677+0000 7fdef8e53640 1 -- 172.21.15.46:0/959435648 wait complete.
2024-09-12T01:30:56.470 INFO:teuthology.orchestra.run.smithi046.stdout:/usr/bin/ceph: stderr
2024-09-12T01:30:55.677+0000 7fdef8e53640 1 Processor -- start
2024-09-12T01:30:56.470 INFO:teuthology.orchestra.run.smithi046.stdout:/usr/bin/ceph: stderr
2024-09-12T01:30:55.677+0000 7fdef8e53640 1 -- start start
2024-09-12T01:30:56.470 INFO:teuthology.orchestra.run.smithi046.stdout:/usr/bin/ceph: stderr
2024-09-12T01:30:55.678+0000 7fdef8e53640 1 --2- >> [v2:172.21.15.46:3300/0,v1:172.21.15.46:6789/0] conn(0x7fdef4107f70 0x7fdef419b440 unknown :-1 s=NONE pgs=0 cs=0 l=1 rev1=0 crypto rx=0 tx=0 comp rx=0 tx=0).connect
2024-09-12T01:30:56.470 INFO:teuthology.orchestra.run.smithi046.stdout:/usr/bin/ceph: stderr
2024-09-12T01:30:55.678+0000 7fdef8e53640 1 -- --> [v2:172.21.15.46:3300/0,v1:172.21.15.46:6789/0] -- mon_getmap magic: 0 -- 0x7fdef410b880 con 0x7fdef4107f70
2024-09-12T01:30:56.470 INFO:teuthology.orchestra.run.smithi046.stdout:/usr/bin/ceph: stderr
2024-09-12T01:30:55.678+0000 7fdef259c640 1 --2- >> [v2:172.21.15.46:3300/0,v1:172.21.15.46:6789/0] conn(0x7fdef4107f70 0x7fdef419b440 unknown :-1 s=BANNER_CONNECTING pgs=0 cs=0 l=1 rev1=0 crypto rx=0 tx=0 comp rx=0 tx=0)._handle_peer_banner_payload supported=3 required=0
2024-09-12T01:30:56.471 INFO:teuthology.orchestra.run.smithi046.stdout:/usr/bin/ceph: stderr
2024-09-12T01:30:55.678+0000 7fdef259c640 1 --2- >> [v2:172.21.15.46:3300/0,v1:172.21.15.46:6789/0] conn(0x7fdef4107f70 0x7fdef419b440 unknown :-1 s=HELLO_CONNECTING pgs=0 cs=0 l=1 rev1=1 crypto rx=0 tx=0 comp rx=0 tx=0).handle_hello peer v2:172.21.15.46:3300/0 says I am v2:172.21.15.46:46104/0 (socket says 172.21.15.46:46104)
2024-09-12T01:30:56.471 INFO:teuthology.orchestra.run.smithi046.stdout:/usr/bin/ceph: stderr
2024-09-12T01:30:55.678+0000 7fdef259c640 1 -- 172.21.15.46:0/379750630 learned_addr learned my addr 172.21.15.46:0/379750630 (peer_addr_for_me v2:172.21.15.46:0/0)
2024-09-12T01:30:56.471 INFO:teuthology.orchestra.run.smithi046.stdout:/usr/bin/ceph: stderr
2024-09-12T01:30:55.678+0000 7fdef259c640 1 -- 172.21.15.46:0/379750630 --> [v2:172.21.15.46:3300/0,v1:172.21.15.46:6789/0] -- mon_subscribe({config=0+,monmap=0+}) -- 0x7fdef419b980 con 0x7fdef4107f70
2024-09-12T01:30:56.471 INFO:teuthology.orchestra.run.smithi046.stdout:/usr/bin/ceph: stderr
2024-09-12T01:30:55.678+0000 7fdef259c640 1 --2- 172.21.15.46:0/379750630 >> [v2:172.21.15.46:3300/0,v1:172.21.15.46:6789/0] conn(0x7fdef4107f70 0x7fdef419b440 secure :-1 s=READY pgs=25 cs=0 l=1 rev1=1 crypto rx=0x7fdee40097f0 tx=0x7fdee4030d00 comp rx=0 tx=0).ready entity=mon.0 client_cookie=0 server_cookie=0 in_seq=0 out_seq=0
2024-09-12T01:30:56.471 INFO:teuthology.orchestra.run.smithi046.stdout:/usr/bin/ceph: stderr
2024-09-12T01:30:55.678+0000 7fdeeb7fe640 1 -- 172.21.15.46:0/379750630 <== mon.0 v2:172.21.15.46:3300/0 1 ==== mon_map magic: 0 ==== 205+0+0 (secure 0 0 0) 0x7fdee4037040 con 0x7fdef4107f70
2024-09-12T01:30:56.471 INFO:teuthology.orchestra.run.smithi046.stdout:/usr/bin/ceph: stderr
2024-09-12T01:30:55.678+0000 7fdef8e53640 1 -- 172.21.15.46:0/379750630 --> [v2:172.21.15.46:3300/0,v1:172.21.15.46:6789/0] -- mon_subscribe({mgrmap=0+}) -- 0x7fdef419bc10 con 0x7fdef4107f70
2024-09-12T01:30:56.471 INFO:teuthology.orchestra.run.smithi046.stdout:/usr/bin/ceph: stderr
2024-09-12T01:30:55.678+0000 7fdeeb7fe640 1 -- 172.21.15.46:0/379750630 <== mon.0 v2:172.21.15.46:3300/0 2 ==== config(26 keys) ==== 1071+0+0 (secure 0 0 0) 0x7fdee4032bb0 con 0x7fdef4107f70
2024-09-12T01:30:56.471 INFO:teuthology.orchestra.run.smithi046.stdout:/usr/bin/ceph: stderr
2024-09-12T01:30:55.679+0000 7fdeeb7fe640 1 -- 172.21.15.46:0/379750630 <== mon.0 v2:172.21.15.46:3300/0 3 ==== mon_map magic: 0 ==== 205+0+0 (secure 0 0 0) 0x7fdee403a390 con 0x7fdef4107f70
2024-09-12T01:30:56.471 INFO:teuthology.orchestra.run.smithi046.stdout:/usr/bin/ceph: stderr
2024-09-12T01:30:55.679+0000 7fdef8e53640 1 -- 172.21.15.46:0/379750630 --> [v2:172.21.15.46:3300/0,v1:172.21.15.46:6789/0] -- mon_subscribe({osdmap=0}) -- 0x7fdef419e900 con 0x7fdef4107f70
2024-09-12T01:30:56.471 INFO:teuthology.orchestra.run.smithi046.stdout:/usr/bin/ceph: stderr
2024-09-12T01:30:55.679+0000 7fdeeb7fe640 1 -- 172.21.15.46:0/379750630 <== mon.0 v2:172.21.15.46:3300/0 4 ==== mgrmap(e 5) ==== 46287+0+0 (secure 0 0 0) 0x7fdee403a5d0 con 0x7fdef4107f70
2024-09-12T01:30:56.471 INFO:teuthology.orchestra.run.smithi046.stdout:/usr/bin/ceph: stderr
2024-09-12T01:30:55.680+0000 7fdeeb7fe640 1 --2- 172.21.15.46:0/379750630 >> [v2:172.21.15.46:6800/868074987,v1:172.21.15.46:6801/868074987] conn(0x7fdee0038f70 0x7fdee003b430 unknown :-1 s=NONE pgs=0 cs=0 l=1 rev1=0 crypto rx=0 tx=0 comp rx=0 tx=0).connect
2024-09-12T01:30:56.471 INFO:teuthology.orchestra.run.smithi046.stdout:/usr/bin/ceph: stderr
2024-09-12T01:30:55.680+0000 7fdef8e53640 1 -- 172.21.15.46:0/379750630 --> [v2:172.21.15.46:3300/0,v1:172.21.15.46:6789/0] -- mon_command({"prefix": "get_command_descriptions"} v 0) -- 0x7fdef41083d0 con 0x7fdef4107f70
2024-09-12T01:30:56.471 INFO:teuthology.orchestra.run.smithi046.stdout:/usr/bin/ceph: stderr
2024-09-12T01:30:55.680+0000 7fdeebfff640 1 -- 172.21.15.46:0/379750630 >> [v2:172.21.15.46:6800/868074987,v1:172.21.15.46:6801/868074987] conn(0x7fdee0038f70 msgr2=0x7fdee003b430 unknown :-1 s=STATE_CONNECTING_RE l=1).process reconnect failed to v2:172.21.15.46:6800/868074987
2024-09-12T01:30:56.472 INFO:teuthology.orchestra.run.smithi046.stdout:/usr/bin/ceph: stderr
2024-09-12T01:30:55.680+0000 7fdeeb7fe640 1 -- 172.21.15.46:0/379750630 <== mon.0 v2:172.21.15.46:3300/0 5 ==== osd_map(1..1 src has 1..1) ==== 725+0+0 (secure 0 0 0) 0x7fdee406d130 con 0x7fdef4107f70
2024-09-12T01:30:56.472 INFO:teuthology.orchestra.run.smithi046.stdout:/usr/bin/ceph: stderr
2024-09-12T01:30:55.680+0000 7fdeebfff640 1 --2- 172.21.15.46:0/379750630 >> [v2:172.21.15.46:6800/868074987,v1:172.21.15.46:6801/868074987] conn(0x7fdee0038f70 0x7fdee003b430 unknown :-1 s=START_CONNECT pgs=0 cs=0 l=1 rev1=0 crypto rx=0 tx=0 comp rx=0 tx=0)._fault waiting 0.200000
2024-09-12T01:30:56.472 INFO:teuthology.orchestra.run.smithi046.stdout:/usr/bin/ceph: stderr
2024-09-12T01:30:55.685+0000 7fdeeb7fe640 1 -- 172.21.15.46:0/379750630 <== mon.0 v2:172.21.15.46:3300/0 6 ==== mon_command_ack([{"prefix": "get_command_descriptions"}]=0 v0) ==== 72+0+188821 (secure 0 0 0) 0x7fdee4040210 con 0x7fdef4107f70
2024-09-12T01:30:56.472 INFO:teuthology.orchestra.run.smithi046.stdout:/usr/bin/ceph: stderr
2024-09-12T01:30:55.881+0000 7fdeebfff640 1 -- 172.21.15.46:0/379750630 >> [v2:172.21.15.46:6800/868074987,v1:172.21.15.46:6801/868074987] conn(0x7fdee0038f70 msgr2=0x7fdee003b430 unknown :-1 s=STATE_CONNECTING_RE l=1).process reconnect failed to v2:172.21.15.46:6800/868074987
2024-09-12T01:30:56.472 INFO:teuthology.orchestra.run.smithi046.stdout:/usr/bin/ceph: stderr
2024-09-12T01:30:55.881+0000 7fdeebfff640 1 --2- 172.21.15.46:0/379750630 >> [v2:172.21.15.46:6800/868074987,v1:172.21.15.46:6801/868074987] conn(0x7fdee0038f70 0x7fdee003b430 unknown :-1 s=START_CONNECT pgs=0 cs=0 l=1 rev1=0 crypto rx=0 tx=0 comp rx=0 tx=0)._fault waiting 0.400000
2024-09-12T01:30:56.472 INFO:teuthology.orchestra.run.smithi046.stdout:/usr/bin/ceph: stderr
2024-09-12T01:30:55.909+0000 7fdef8e53640 1 -- 172.21.15.46:0/379750630 --> [v2:172.21.15.46:3300/0,v1:172.21.15.46:6789/0] -- mon_command({"prefix": "mgr stat"} v 0) -- 0x7fdef419ef50 con 0x7fdef4107f70
2024-09-12T01:30:56.472 INFO:teuthology.orchestra.run.smithi046.stdout:/usr/bin/ceph: stderr
2024-09-12T01:30:55.910+0000 7fdeeb7fe640 1 -- 172.21.15.46:0/379750630 <== mon.0 v2:172.21.15.46:3300/0 7 ==== mon_command_ack([{"prefix": "mgr stat"}]=0 v5) ==== 56+0+88 (secure 0 0 0) 0x7fdee4031560 con 0x7fdef4107f70
2024-09-12T01:30:56.472 INFO:teuthology.orchestra.run.smithi046.stdout:/usr/bin/ceph: stderr
2024-09-12T01:30:55.912+0000 7fdef8e53640 1 -- 172.21.15.46:0/379750630 >> [v2:172.21.15.46:6800/868074987,v1:172.21.15.46:6801/868074987] conn(0x7fdee0038f70 msgr2=0x7fdee003b430 unknown :-1 s=STATE_CONNECTING l=1).mark_down
2024-09-12T01:30:56.472 INFO:teuthology.orchestra.run.smithi046.stdout:/usr/bin/ceph: stderr
2024-09-12T01:30:55.912+0000 7fdef8e53640 1 --2- 172.21.15.46:0/379750630 >> [v2:172.21.15.46:6800/868074987,v1:172.21.15.46:6801/868074987] conn(0x7fdee0038f70 0x7fdee003b430 unknown :-1 s=START_CONNECT pgs=0 cs=0 l=1 rev1=0 crypto rx=0 tx=0 comp rx=0 tx=0).stop
2024-09-12T01:30:56.472 INFO:teuthology.orchestra.run.smithi046.stdout:/usr/bin/ceph: stderr
2024-09-12T01:30:55.912+0000 7fdef8e53640 1 -- 172.21.15.46:0/379750630 >> [v2:172.21.15.46:3300/0,v1:172.21.15.46:6789/0] conn(0x7fdef4107f70 msgr2=0x7fdef419b440 secure :-1 s=STATE_CONNECTION_ESTABLISHED l=1).mark_down
2024-09-12T01:30:56.472 INFO:teuthology.orchestra.run.smithi046.stdout:/usr/bin/ceph: stderr
2024-09-12T01:30:55.912+0000 7fdef8e53640 1 --2- 172.21.15.46:0/379750630 >> [v2:172.21.15.46:3300/0,v1:172.21.15.46:6789/0] conn(0x7fdef4107f70 0x7fdef419b440 secure :-1 s=READY pgs=25 cs=0 l=1 rev1=1 crypto rx=0x7fdee40097f0 tx=0x7fdee4030d00 comp rx=0 tx=0).stop
2024-09-12T01:30:56.472 INFO:teuthology.orchestra.run.smithi046.stdout:/usr/bin/ceph: stderr
2024-09-12T01:30:55.912+0000 7fdef8e53640 1 -- 172.21.15.46:0/379750630 shutdown_connections
2024-09-12T01:30:56.472 INFO:teuthology.orchestra.run.smithi046.stdout:/usr/bin/ceph: stderr
2024-09-12T01:30:55.912+0000 7fdef8e53640 1 --2- 172.21.15.46:0/379750630 >> [v2:172.21.15.46:6800/868074987,v1:172.21.15.46:6801/868074987] conn(0x7fdee0038f70 0x7fdee003b430 unknown :-1 s=CLOSED pgs=0 cs=0 l=1 rev1=0 crypto rx=0 tx=0 comp rx=0 tx=0).stop
2024-09-12T01:30:56.473 INFO:teuthology.orchestra.run.smithi046.stdout:/usr/bin/ceph: stderr
2024-09-12T01:30:55.912+0000 7fdef8e53640 1 --2- 172.21.15.46:0/379750630 >> [v2:172.21.15.46:3300/0,v1:172.21.15.46:6789/0] conn(0x7fdef4107f70 0x7fdef419b440 unknown :-1 s=CLOSED pgs=25 cs=0 l=1 rev1=1 crypto rx=0 tx=0 comp rx=0 tx=0).stop
2024-09-12T01:30:56.473 INFO:teuthology.orchestra.run.smithi046.stdout:/usr/bin/ceph: stderr
2024-09-12T01:30:55.912+0000 7fdef8e53640 1 -- 172.21.15.46:0/379750630 >> 172.21.15.46:0/379750630 conn(0x7fdef4101bb0 msgr2=0x7fdef4102760 unknown :-1 s=STATE_NONE l=0).mark_down
2024-09-12T01:30:56.473 INFO:teuthology.orchestra.run.smithi046.stdout:/usr/bin/ceph: stderr
2024-09-12T01:30:55.912+0000 7fdef8e53640 1 -- 172.21.15.46:0/379750630 shutdown_connections
2024-09-12T01:30:56.473 INFO:teuthology.orchestra.run.smithi046.stdout:/usr/bin/ceph: stderr
2024-09-12T01:30:55.912+0000 7fdef8e53640 1 -- 172.21.15.46:0/379750630 wait complete.
2024-09-12T01:30:56.473 INFO:teuthology.orchestra.run.smithi046.stdout:Waiting for the mgr to restart...
2024-09-12T01:30:56.473 INFO:teuthology.orchestra.run.smithi046.stdout:Waiting for mgr epoch 5...
2024-09-12T01:30:56.899 INFO:journalctl@ceph.mon.a.smithi046.stdout:Sep 12 01:30:56 smithi046 ceph-mon[30991]: from='client.? 172.21.15.46:0/379750630' entity='client.admin' cmd=[{"prefix": "mgr stat"}]: dispatch
2024-09-12T01:30:57.160 INFO:journalctl@ceph.mgr.x.smithi046.stdout:Sep 12 01:30:56 smithi046 ceph-678e0f66-70a6-11ef-bcea-c7b262605968-mgr-x[31218]:
2024-09-12T01:30:56.929+0000 7fd71d3e9040 -1 mgr[py] Module telemetry has missing NOTIFY_TYPES member
2024-09-12T01:30:57.160 INFO:journalctl@ceph.mgr.x.smithi046.stdout:Sep 12 01:30:57 smithi046 ceph-678e0f66-70a6-11ef-bcea-c7b262605968-mgr-x[31218]:
2024-09-12T01:30:56.999+0000 7fd71d3e9040 -1 mgr[py] Module balancer has missing NOTIFY_TYPES member
2024-09-12T01:30:57.864 INFO:journalctl@ceph.mgr.x.smithi046.stdout:Sep 12 01:30:57 smithi046 ceph-678e0f66-70a6-11ef-bcea-c7b262605968-mgr-x[31218]:
2024-09-12T01:30:57.743+0000 7fd71d3e9040 -1 mgr[py] Module rook has missing NOTIFY_TYPES member
2024-09-12T01:30:57.864 INFO:journalctl@ceph.mgr.x.smithi046.stdout:Sep 12 01:30:57 smithi046 ceph-678e0f66-70a6-11ef-bcea-c7b262605968-mgr-x[31218]:
2024-09-12T01:30:57.863+0000 7fd71d3e9040 -1 mgr[py] Module iostat has missing NOTIFY_TYPES member
2024-09-12T01:30:58.160 INFO:journalctl@ceph.mgr.x.smithi046.stdout:Sep 12 01:30:58 smithi046 ceph-678e0f66-70a6-11ef-bcea-c7b262605968-mgr-x[31218]:
2024-09-12T01:30:58.013+0000 7fd71d3e9040 -1 mgr[py] Module orchestrator has missing NOTIFY_TYPES member
2024-09-12T01:30:58.160 INFO:journalctl@ceph.mgr.x.smithi046.stdout:Sep 12 01:30:58 smithi046 ceph-678e0f66-70a6-11ef-bcea-c7b262605968-mgr-x[31218]:
2024-09-12T01:30:58.076+0000 7fd71d3e9040 -1 mgr[py] Module devicehealth has missing NOTIFY_TYPES member
2024-09-12T01:30:58.532 INFO:journalctl@ceph.mgr.x.smithi046.stdout:Sep 12 01:30:58 smithi046 ceph-678e0f66-70a6-11ef-bcea-c7b262605968-mgr-x[31218]:
2024-09-12T01:30:58.233+0000 7fd71d3e9040 -1 mgr[py] Module rgw has missing NOTIFY_TYPES member
2024-09-12T01:30:58.532 INFO:journalctl@ceph.mgr.x.smithi046.stdout:Sep 12 01:30:58 smithi046 ceph-678e0f66-70a6-11ef-bcea-c7b262605968-mgr-x[31218]:
2024-09-12T01:30:58.303+0000 7fd71d3e9040 -1 mgr[py] Module alerts has missing NOTIFY_TYPES member
2024-09-12T01:30:58.532 INFO:journalctl@ceph.mgr.x.smithi046.stdout:Sep 12 01:30:58 smithi046 ceph-678e0f66-70a6-11ef-bcea-c7b262605968-mgr-x[31218]:
2024-09-12T01:30:58.366+0000 7fd71d3e9040 -1 mgr[py] Module progress has missing NOTIFY_TYPES member
2024-09-12T01:30:58.532 INFO:journalctl@ceph.mgr.x.smithi046.stdout:Sep 12 01:30:58 smithi046 ceph-678e0f66-70a6-11ef-bcea-c7b262605968-mgr-x[31218]:
2024-09-12T01:30:58.531+0000 7fd71d3e9040 -1 mgr[py] Module nfs has missing NOTIFY_TYPES member
2024-09-12T01:30:58.817 INFO:journalctl@ceph.mgr.x.smithi046.stdout:Sep 12 01:30:58 smithi046 ceph-678e0f66-70a6-11ef-bcea-c7b262605968-mgr-x[31218]:
2024-09-12T01:30:58.599+0000 7fd71d3e9040 -1 mgr[py] Module status has missing NOTIFY_TYPES member
2024-09-12T01:30:58.818 INFO:journalctl@ceph.mgr.x.smithi046.stdout:Sep 12 01:30:58 smithi046 ceph-678e0f66-70a6-11ef-bcea-c7b262605968-mgr-x[31218]:
2024-09-12T01:30:58.669+0000 7fd71d3e9040 -1 mgr[py] Module pg_autoscaler has missing NOTIFY_TYPES member
2024-09-12T01:30:58.818 INFO:journalctl@ceph.mgr.x.smithi046.stdout:Sep 12 01:30:58 smithi046 ceph-678e0f66-70a6-11ef-bcea-c7b262605968-mgr-x[31218]:
2024-09-12T01:30:58.755+0000 7fd71d3e9040 -1 mgr[py] Module rbd_support has missing NOTIFY_TYPES member
2024-09-12T01:30:58.818 INFO:journalctl@ceph.mgr.x.smithi046.stdout:Sep 12 01:30:58 smithi046 ceph-678e0f66-70a6-11ef-bcea-c7b262605968-mgr-x[31218]:
2024-09-12T01:30:58.817+0000 7fd71d3e9040 -1 mgr[py] Module influx has missing NOTIFY_TYPES member
2024-09-12T01:30:59.160 INFO:journalctl@ceph.mgr.x.smithi046.stdout:Sep 12 01:30:58 smithi046 ceph-678e0f66-70a6-11ef-bcea-c7b262605968-mgr-x[31218]:
2024-09-12T01:30:58.878+0000 7fd71d3e9040 -1 mgr[py] Module zabbix has missing NOTIFY_TYPES member
2024-09-12T01:31:00.160 INFO:journalctl@ceph.mgr.x.smithi046.stdout:Sep 12 01:30:59 smithi046 ceph-678e0f66-70a6-11ef-bcea-c7b262605968-mgr-x[31218]:
2024-09-12T01:30:59.705+0000 7fd71d3e9040 -1 mgr[py] Module telegraf has missing NOTIFY_TYPES member
2024-09-12T01:31:00.160 INFO:journalctl@ceph.mon.a.smithi046.stdout:Sep 12 01:30:59 smithi046 ceph-mon[30991]: Active manager daemon x restarted
2024-09-12T01:31:00.160 INFO:journalctl@ceph.mon.a.smithi046.stdout:Sep 12 01:30:59 smithi046 ceph-mon[30991]: Activating manager daemon x
2024-09-12T01:31:00.160 INFO:journalctl@ceph.mon.a.smithi046.stdout:Sep 12 01:30:59 smithi046 ceph-mon[30991]: osdmap e2: 0 total, 0 up, 0 in
2024-09-12T01:31:00.160 INFO:journalctl@ceph.mon.a.smithi046.stdout:Sep 12 01:30:59 smithi046 ceph-mon[30991]: mgrmap e6: x(active, starting, since 0.00349235s)
2024-09-12T01:31:00.161 INFO:journalctl@ceph.mon.a.smithi046.stdout:Sep 12 01:30:59 smithi046 ceph-mon[30991]: from='mgr.14118 172.21.15.46:0/340215501' entity='mgr.x' cmd=[{"prefix": "mon metadata", "id": "a"}]: dispatch
2024-09-12T01:31:00.161 INFO:journalctl@ceph.mon.a.smithi046.stdout:Sep 12 01:30:59 smithi046 ceph-mon[30991]: from='mgr.14118 172.21.15.46:0/340215501' entity='mgr.x' cmd=[{"prefix": "mgr metadata", "who": "x", "id": "x"}]: dispatch
2024-09-12T01:31:00.161 INFO:journalctl@ceph.mon.a.smithi046.stdout:Sep 12 01:30:59 smithi046 ceph-mon[30991]: from='mgr.14118 172.21.15.46:0/340215501' entity='mgr.x' cmd=[{"prefix": "mds metadata"}]: dispatch
2024-09-12T01:31:00.161 INFO:journalctl@ceph.mon.a.smithi046.stdout:Sep 12 01:30:59 smithi046 ceph-mon[30991]: from='mgr.14118 172.21.15.46:0/340215501' entity='mgr.x' cmd=[{"prefix": "osd metadata"}]: dispatch
2024-09-12T01:31:00.161 INFO:journalctl@ceph.mon.a.smithi046.stdout:Sep 12 01:30:59 smithi046 ceph-mon[30991]: from='mgr.14118 172.21.15.46:0/340215501' entity='mgr.x' cmd=[{"prefix": "mon metadata"}]: dispatch
2024-09-12T01:31:00.161 INFO:journalctl@ceph.mon.a.smithi046.stdout:Sep 12 01:30:59 smithi046 ceph-mon[30991]: Manager daemon x is now available
2024-09-12T01:31:00.161 INFO:journalctl@ceph.mon.a.smithi046.stdout:Sep 12 01:30:59 smithi046 ceph-mon[30991]: from='mgr.14118 172.21.15.46:0/340215501' entity='mgr.x'
2024-09-12T01:31:00.161 INFO:journalctl@ceph.mon.a.smithi046.stdout:Sep 12 01:30:59 smithi046 ceph-mon[30991]: from='mgr.14118 172.21.15.46:0/340215501' entity='mgr.x'
2024-09-12T01:31:00.161 INFO:journalctl@ceph.mon.a.smithi046.stdout:Sep 12 01:30:59 smithi046 ceph-mon[30991]: from='mgr.14118 172.21.15.46:0/340215501' entity='mgr.x' cmd=[{"prefix": "config dump", "format": "json"}]: dispatch
2024-09-12T01:31:00.161 INFO:journalctl@ceph.mon.a.smithi046.stdout:Sep 12 01:30:59 smithi046 ceph-mon[30991]: from='mgr.14118 172.21.15.46:0/340215501' entity='mgr.x' cmd=[{"prefix": "config dump", "format": "json"}]: dispatch
2024-09-12T01:31:00.161 INFO:journalctl@ceph.mon.a.smithi046.stdout:Sep 12 01:30:59 smithi046 ceph-mon[30991]: from='mgr.14118 172.21.15.46:0/340215501' entity='mgr.x' cmd=[{"prefix":"config rm","who":"mgr","name":"mgr/rbd_support/x/mirror_snapshot_schedule"}]: dispatch
2024-09-12T01:31:00.161 INFO:journalctl@ceph.mon.a.smithi046.stdout:Sep 12 01:30:59 smithi046 ceph-mon[30991]: from='mgr.14118 172.21.15.46:0/340215501' entity='mgr.x' cmd=[{"prefix":"config rm","who":"mgr","name":"mgr/rbd_support/x/trash_purge_schedule"}]: dispatch
2024-09-12T01:31:01.022 INFO:journalctl@ceph.mon.a.smithi046.stdout:Sep 12 01:31:00 smithi046 ceph-mon[30991]: Found migration_current of "None". Setting to last migration.
2024-09-12T01:31:01.022 INFO:journalctl@ceph.mon.a.smithi046.stdout:Sep 12 01:31:00 smithi046 ceph-mon[30991]: mgrmap e7: x(active, since 1.00533s)
2024-09-12T01:31:01.343 INFO:teuthology.orchestra.run.smithi046.stdout:/usr/bin/ceph: stdout {
2024-09-12T01:31:01.343 INFO:teuthology.orchestra.run.smithi046.stdout:/usr/bin/ceph: stdout "mgrmap_epoch": 7,
2024-09-12T01:31:01.343 INFO:teuthology.orchestra.run.smithi046.stdout:/usr/bin/ceph: stdout "initialized": true
2024-09-12T01:31:01.343 INFO:teuthology.orchestra.run.smithi046.stdout:/usr/bin/ceph: stdout }
2024-09-12T01:31:01.343 INFO:teuthology.orchestra.run.smithi046.stdout:/usr/bin/ceph: stderr
2024-09-12T01:30:56.899+0000 7fb04cd37640 1 Processor -- start
2024-09-12T01:31:01.344 INFO:teuthology.orchestra.run.smithi046.stdout:/usr/bin/ceph: stderr
2024-09-12T01:30:56.899+0000 7fb04cd37640 1 -- start start
2024-09-12T01:31:01.344 INFO:teuthology.orchestra.run.smithi046.stdout:/usr/bin/ceph: stderr
2024-09-12T01:30:56.899+0000 7fb04cd37640 1 --2- >> [v2:172.21.15.46:3300/0,v1:172.21.15.46:6789/0] conn(0x7fb048108010 0x7fb04810a400 unknown :-1 s=NONE pgs=0 cs=0 l=0 rev1=0 crypto rx=0 tx=0 comp rx=0 tx=0).connect
2024-09-12T01:31:01.344 INFO:teuthology.orchestra.run.smithi046.stdout:/usr/bin/ceph: stderr
2024-09-12T01:30:56.899+0000 7fb04cd37640 1 -- --> [v2:172.21.15.46:3300/0,v1:172.21.15.46:6789/0] -- mon_getmap magic: 0 -- 0x7fb04807bd70 con 0x7fb048108010
2024-09-12T01:31:01.344 INFO:teuthology.orchestra.run.smithi046.stdout:/usr/bin/ceph: stderr
2024-09-12T01:30:56.899+0000 7fb04659c640 1 --2- >> [v2:172.21.15.46:3300/0,v1:172.21.15.46:6789/0] conn(0x7fb048108010 0x7fb04810a400 unknown :-1 s=BANNER_CONNECTING pgs=0 cs=0 l=0 rev1=0 crypto rx=0 tx=0 comp rx=0 tx=0)._handle_peer_banner_payload supported=3 required=0
2024-09-12T01:31:01.344 INFO:teuthology.orchestra.run.smithi046.stdout:/usr/bin/ceph: stderr
2024-09-12T01:30:56.899+0000 7fb04659c640 1 --2- >> [v2:172.21.15.46:3300/0,v1:172.21.15.46:6789/0] conn(0x7fb048108010 0x7fb04810a400 unknown :-1 s=HELLO_CONNECTING pgs=0 cs=0 l=0 rev1=1 crypto rx=0 tx=0 comp rx=0 tx=0).handle_hello peer v2:172.21.15.46:3300/0 says I am v2:172.21.15.46:46114/0 (socket says 172.21.15.46:46114)
2024-09-12T01:31:01.345 INFO:teuthology.orchestra.run.smithi046.stdout:/usr/bin/ceph: stderr
2024-09-12T01:30:56.899+0000 7fb04659c640 1 -- 172.21.15.46:0/3238344021 learned_addr learned my addr 172.21.15.46:0/3238344021 (peer_addr_for_me v2:172.21.15.46:0/0)
2024-09-12T01:31:01.345 INFO:teuthology.orchestra.run.smithi046.stdout:/usr/bin/ceph: stderr
2024-09-12T01:30:56.900+0000 7fb04659c640 1 -- 172.21.15.46:0/3238344021 --> [v2:172.21.15.46:3300/0,v1:172.21.15.46:6789/0] -- mon_subscribe({config=0+,monmap=0+}) -- 0x7fb04810a940 con 0x7fb048108010
2024-09-12T01:31:01.345 INFO:teuthology.orchestra.run.smithi046.stdout:/usr/bin/ceph: stderr
2024-09-12T01:30:56.900+0000 7fb04659c640 1 --2- 172.21.15.46:0/3238344021 >> [v2:172.21.15.46:3300/0,v1:172.21.15.46:6789/0] conn(0x7fb048108010 0x7fb04810a400 secure :-1 s=READY pgs=26 cs=0 l=1 rev1=1 crypto rx=0x7fb038009820 tx=0x7fb03802a270 comp rx=0 tx=0).ready entity=mon.0 client_cookie=f6567b55763331 server_cookie=0 in_seq=0 out_seq=0
2024-09-12T01:31:01.345 INFO:teuthology.orchestra.run.smithi046.stdout:/usr/bin/ceph: stderr
2024-09-12T01:30:56.901+0000 7fb04559a640 1 -- 172.21.15.46:0/3238344021 <== mon.0 v2:172.21.15.46:3300/0 1 ==== mon_map magic: 0 ==== 205+0+0 (secure 0 0 0) 0x7fb038037070 con 0x7fb048108010
2024-09-12T01:31:01.345 INFO:teuthology.orchestra.run.smithi046.stdout:/usr/bin/ceph: stderr
2024-09-12T01:30:56.901+0000 7fb04559a640 1 -- 172.21.15.46:0/3238344021 <== mon.0 v2:172.21.15.46:3300/0 2 ==== config(26 keys) ==== 1071+0+0 (secure 0 0 0) 0x7fb0380328d0 con 0x7fb048108010
2024-09-12T01:31:01.345 INFO:teuthology.orchestra.run.smithi046.stdout:/usr/bin/ceph: stderr
2024-09-12T01:30:56.901+0000 7fb04559a640 1 -- 172.21.15.46:0/3238344021 <== mon.0 v2:172.21.15.46:3300/0 3 ==== mon_map magic: 0 ==== 205+0+0 (secure 0 0 0) 0x7fb0380307d0 con 0x7fb048108010
2024-09-12T01:31:01.345 INFO:teuthology.orchestra.run.smithi046.stdout:/usr/bin/ceph: stderr
2024-09-12T01:30:56.901+0000 7fb04cd37640 1 -- 172.21.15.46:0/3238344021 >> [v2:172.21.15.46:3300/0,v1:172.21.15.46:6789/0] conn(0x7fb048108010 msgr2=0x7fb04810a400 secure :-1 s=STATE_CONNECTION_ESTABLISHED l=1).mark_down
2024-09-12T01:31:01.346 INFO:teuthology.orchestra.run.smithi046.stdout:/usr/bin/ceph: stderr
2024-09-12T01:30:56.901+0000 7fb04cd37640 1 --2- 172.21.15.46:0/3238344021 >> [v2:172.21.15.46:3300/0,v1:172.21.15.46:6789/0] conn(0x7fb048108010 0x7fb04810a400 secure :-1 s=READY pgs=26 cs=0 l=1 rev1=1 crypto rx=0x7fb038009820 tx=0x7fb03802a270 comp rx=0 tx=0).stop
2024-09-12T01:31:01.346 INFO:teuthology.orchestra.run.smithi046.stdout:/usr/bin/ceph: stderr
2024-09-12T01:30:56.901+0000 7fb04cd37640 1 -- 172.21.15.46:0/3238344021 shutdown_connections
2024-09-12T01:31:01.346 INFO:teuthology.orchestra.run.smithi046.stdout:/usr/bin/ceph: stderr
2024-09-12T01:30:56.901+0000 7fb04cd37640 1 --2- 172.21.15.46:0/3238344021 >> [v2:172.21.15.46:3300/0,v1:172.21.15.46:6789/0] conn(0x7fb048108010 0x7fb04810a400 unknown :-1 s=CLOSED pgs=26 cs=0 l=1 rev1=1 crypto rx=0 tx=0 comp rx=0 tx=0).stop
2024-09-12T01:31:01.346 INFO:teuthology.orchestra.run.smithi046.stdout:/usr/bin/ceph: stderr
2024-09-12T01:30:56.901+0000 7fb04cd37640 1 -- 172.21.15.46:0/3238344021 >> 172.21.15.46:0/3238344021 conn(0x7fb048101bb0 msgr2=0x7fb048103fd0 unknown :-1 s=STATE_NONE l=0).mark_down
2024-09-12T01:31:01.346 INFO:teuthology.orchestra.run.smithi046.stdout:/usr/bin/ceph: stderr
2024-09-12T01:30:56.902+0000 7fb04cd37640 1 -- 172.21.15.46:0/3238344021 shutdown_connections
2024-09-12T01:31:01.346 INFO:teuthology.orchestra.run.smithi046.stdout:/usr/bin/ceph: stderr
2024-09-12T01:30:56.902+0000 7fb04cd37640 1 -- 172.21.15.46:0/3238344021 wait complete.
2024-09-12T01:31:01.347 INFO:teuthology.orchestra.run.smithi046.stdout:/usr/bin/ceph: stderr
2024-09-12T01:30:56.902+0000 7fb04cd37640 1 Processor -- start
2024-09-12T01:31:01.347 INFO:teuthology.orchestra.run.smithi046.stdout:/usr/bin/ceph: stderr
2024-09-12T01:30:56.902+0000 7fb04cd37640 1 -- start start
2024-09-12T01:31:01.347 INFO:teuthology.orchestra.run.smithi046.stdout:/usr/bin/ceph: stderr
2024-09-12T01:30:56.903+0000 7fb04cd37640 1 --2- >> [v2:172.21.15.46:3300/0,v1:172.21.15.46:6789/0] conn(0x7fb048108010 0x7fb04819b420 unknown :-1 s=NONE pgs=0 cs=0 l=1 rev1=0 crypto rx=0 tx=0 comp rx=0 tx=0).connect
2024-09-12T01:31:01.347 INFO:teuthology.orchestra.run.smithi046.stdout:/usr/bin/ceph: stderr
2024-09-12T01:30:56.903+0000 7fb04cd37640 1 -- --> [v2:172.21.15.46:3300/0,v1:172.21.15.46:6789/0] -- mon_getmap magic: 0 -- 0x7fb04810b860 con 0x7fb048108010
2024-09-12T01:31:01.347 INFO:teuthology.orchestra.run.smithi046.stdout:/usr/bin/ceph: stderr
2024-09-12T01:30:56.903+0000 7fb04659c640 1 --2- >> [v2:172.21.15.46:3300/0,v1:172.21.15.46:6789/0] conn(0x7fb048108010 0x7fb04819b420 unknown :-1 s=BANNER_CONNECTING pgs=0 cs=0 l=1 rev1=0 crypto rx=0 tx=0 comp rx=0 tx=0)._handle_peer_banner_payload supported=3 required=0
2024-09-12T01:31:01.347 INFO:teuthology.orchestra.run.smithi046.stdout:/usr/bin/ceph: stderr
2024-09-12T01:30:56.903+0000 7fb04659c640 1 --2- >> [v2:172.21.15.46:3300/0,v1:172.21.15.46:6789/0] conn(0x7fb048108010 0x7fb04819b420 unknown :-1 s=HELLO_CONNECTING pgs=0 cs=0 l=1 rev1=1 crypto rx=0 tx=0 comp rx=0 tx=0).handle_hello peer v2:172.21.15.46:3300/0 says I am v2:172.21.15.46:46116/0 (socket says 172.21.15.46:46116)
2024-09-12T01:31:01.348 INFO:teuthology.orchestra.run.smithi046.stdout:/usr/bin/ceph: stderr
2024-09-12T01:30:56.903+0000 7fb04659c640 1 -- 172.21.15.46:0/1787635213 learned_addr learned my addr 172.21.15.46:0/1787635213 (peer_addr_for_me v2:172.21.15.46:0/0)
2024-09-12T01:31:01.348 INFO:teuthology.orchestra.run.smithi046.stdout:/usr/bin/ceph: stderr
2024-09-12T01:30:56.903+0000 7fb04659c640 1 -- 172.21.15.46:0/1787635213 --> [v2:172.21.15.46:3300/0,v1:172.21.15.46:6789/0] -- mon_subscribe({config=0+,monmap=0+}) -- 0x7fb04819b960 con 0x7fb048108010
2024-09-12T01:31:01.348 INFO:teuthology.orchestra.run.smithi046.stdout:/usr/bin/ceph: stderr
2024-09-12T01:30:56.903+0000 7fb04659c640 1 --2- 172.21.15.46:0/1787635213 >> [v2:172.21.15.46:3300/0,v1:172.21.15.46:6789/0] conn(0x7fb048108010 0x7fb04819b420 secure :-1 s=READY pgs=27 cs=0 l=1 rev1=1 crypto rx=0x7fb038032e10 tx=0x7fb038032e40 comp rx=0 tx=0).ready entity=mon.0 client_cookie=0 server_cookie=0 in_seq=0 out_seq=0
2024-09-12T01:31:01.348 INFO:teuthology.orchestra.run.smithi046.stdout:/usr/bin/ceph: stderr
2024-09-12T01:30:56.903+0000 7fb0377fe640 1 -- 172.21.15.46:0/1787635213 <== mon.0 v2:172.21.15.46:3300/0 1 ==== mon_map magic: 0 ==== 205+0+0 (secure 0 0 0) 0x7fb038042070 con 0x7fb048108010
2024-09-12T01:31:01.348 INFO:teuthology.orchestra.run.smithi046.stdout:/usr/bin/ceph: stderr
2024-09-12T01:30:56.903+0000 7fb0377fe640 1 -- 172.21.15.46:0/1787635213 <== mon.0 v2:172.21.15.46:3300/0 2 ==== config(26 keys) ==== 1071+0+0 (secure 0 0 0) 0x7fb038030c80 con 0x7fb048108010
2024-09-12T01:31:01.349 INFO:teuthology.orchestra.run.smithi046.stdout:/usr/bin/ceph: stderr
2024-09-12T01:30:56.903+0000 7fb0377fe640 1 -- 172.21.15.46:0/1787635213 <== mon.0 v2:172.21.15.46:3300/0 3 ==== mon_map magic: 0 ==== 205+0+0 (secure 0 0 0) 0x7fb038037040 con 0x7fb048108010
2024-09-12T01:31:01.349 INFO:teuthology.orchestra.run.smithi046.stdout:/usr/bin/ceph: stderr
2024-09-12T01:30:56.903+0000 7fb04cd37640 1 -- 172.21.15.46:0/1787635213 --> [v2:172.21.15.46:3300/0,v1:172.21.15.46:6789/0] -- mon_subscribe({mgrmap=0+}) -- 0x7fb04819bbf0 con 0x7fb048108010
2024-09-12T01:31:01.349 INFO:teuthology.orchestra.run.smithi046.stdout:/usr/bin/ceph: stderr
2024-09-12T01:30:56.904+0000 7fb04cd37640 1 -- 172.21.15.46:0/1787635213 --> [v2:172.21.15.46:3300/0,v1:172.21.15.46:6789/0] -- mon_subscribe({osdmap=0}) -- 0x7fb04819e8e0 con 0x7fb048108010
2024-09-12T01:31:01.349 INFO:teuthology.orchestra.run.smithi046.stdout:/usr/bin/ceph: stderr
2024-09-12T01:30:56.905+0000 7fb0377fe640 1 -- 172.21.15.46:0/1787635213 <== mon.0 v2:172.21.15.46:3300/0 4 ==== mgrmap(e 5) ==== 46287+0+0 (secure 0 0 0) 0x7fb038045070 con 0x7fb048108010
2024-09-12T01:31:01.349 INFO:teuthology.orchestra.run.smithi046.stdout:/usr/bin/ceph: stderr
2024-09-12T01:30:56.905+0000 7fb0377fe640 1 --2- 172.21.15.46:0/1787635213 >> [v2:172.21.15.46:6800/868074987,v1:172.21.15.46:6801/868074987] conn(0x7fb030038f70 0x7fb03003b430 unknown :-1 s=NONE pgs=0 cs=0 l=1 rev1=0 crypto rx=0 tx=0 comp rx=0 tx=0).connect
2024-09-12T01:31:01.349 INFO:teuthology.orchestra.run.smithi046.stdout:/usr/bin/ceph: stderr
2024-09-12T01:30:56.905+0000 7fb0377fe640 1 -- 172.21.15.46:0/1787635213 --> [v2:172.21.15.46:6800/868074987,v1:172.21.15.46:6801/868074987] -- command(tid 0: {"prefix": "get_command_descriptions"}) -- 0x7fb03003bb40 con 0x7fb030038f70
2024-09-12T01:31:01.350 INFO:teuthology.orchestra.run.smithi046.stdout:/usr/bin/ceph: stderr
2024-09-12T01:30:56.905+0000 7fb0377fe640 1 -- 172.21.15.46:0/1787635213 <== mon.0 v2:172.21.15.46:3300/0 5 ==== osd_map(1..1 src has 1..1) ==== 725+0+0 (secure 0 0 0) 0x7fb03806bef0 con 0x7fb048108010
2024-09-12T01:31:01.350 INFO:teuthology.orchestra.run.smithi046.stdout:/usr/bin/ceph: stderr
2024-09-12T01:30:56.905+0000 7fb045d9b640 1 -- 172.21.15.46:0/1787635213 >> [v2:172.21.15.46:6800/868074987,v1:172.21.15.46:6801/868074987] conn(0x7fb030038f70 msgr2=0x7fb03003b430 unknown :-1 s=STATE_CONNECTING_RE l=1).process reconnect failed to v2:172.21.15.46:6800/868074987
2024-09-12T01:31:01.350 INFO:teuthology.orchestra.run.smithi046.stdout:/usr/bin/ceph: stderr
2024-09-12T01:30:56.905+0000 7fb045d9b640 1 --2- 172.21.15.46:0/1787635213 >> [v2:172.21.15.46:6800/868074987,v1:172.21.15.46:6801/868074987] conn(0x7fb030038f70 0x7fb03003b430 unknown :-1 s=START_CONNECT pgs=0 cs=0 l=1 rev1=0 crypto rx=0 tx=0 comp rx=0 tx=0)._fault waiting 0.200000
2024-09-12T01:31:01.350 INFO:teuthology.orchestra.run.smithi046.stdout:/usr/bin/ceph: stderr
2024-09-12T01:30:57.106+0000 7fb045d9b640 1 -- 172.21.15.46:0/1787635213 >> [v2:172.21.15.46:6800/868074987,v1:172.21.15.46:6801/868074987] conn(0x7fb030038f70 msgr2=0x7fb03003b430 unknown :-1 s=STATE_CONNECTING_RE l=1).process reconnect failed to v2:172.21.15.46:6800/868074987
2024-09-12T01:31:01.350 INFO:teuthology.orchestra.run.smithi046.stdout:/usr/bin/ceph: stderr
2024-09-12T01:30:57.106+0000 7fb045d9b640 1 --2- 172.21.15.46:0/1787635213 >> [v2:172.21.15.46:6800/868074987,v1:172.21.15.46:6801/868074987] conn(0x7fb030038f70 0x7fb03003b430 unknown :-1 s=START_CONNECT pgs=0 cs=0 l=1 rev1=0 crypto rx=0 tx=0 comp rx=0 tx=0)._fault waiting 0.400000
2024-09-12T01:31:01.350 INFO:teuthology.orchestra.run.smithi046.stdout:/usr/bin/ceph: stderr
2024-09-12T01:30:57.507+0000 7fb045d9b640 1 -- 172.21.15.46:0/1787635213 >> [v2:172.21.15.46:6800/868074987,v1:172.21.15.46:6801/868074987] conn(0x7fb030038f70 msgr2=0x7fb03003b430 unknown :-1 s=STATE_CONNECTING_RE l=1).process reconnect failed to v2:172.21.15.46:6800/868074987
2024-09-12T01:31:01.351 INFO:teuthology.orchestra.run.smithi046.stdout:/usr/bin/ceph: stderr
2024-09-12T01:30:57.507+0000 7fb045d9b640 1 --2- 172.21.15.46:0/1787635213 >> [v2:172.21.15.46:6800/868074987,v1:172.21.15.46:6801/868074987] conn(0x7fb030038f70 0x7fb03003b430 unknown :-1 s=START_CONNECT pgs=0 cs=0 l=1 rev1=0 crypto rx=0 tx=0 comp rx=0 tx=0)._fault waiting 0.800000
2024-09-12T01:31:01.351 INFO:teuthology.orchestra.run.smithi046.stdout:/usr/bin/ceph: stderr
2024-09-12T01:30:58.308+0000 7fb045d9b640 1 -- 172.21.15.46:0/1787635213 >> [v2:172.21.15.46:6800/868074987,v1:172.21.15.46:6801/868074987] conn(0x7fb030038f70 msgr2=0x7fb03003b430 unknown :-1 s=STATE_CONNECTING_RE l=1).process reconnect failed to v2:172.21.15.46:6800/868074987
2024-09-12T01:31:01.351 INFO:teuthology.orchestra.run.smithi046.stdout:/usr/bin/ceph: stderr
2024-09-12T01:30:58.308+0000 7fb045d9b640 1 --2- 172.21.15.46:0/1787635213 >> [v2:172.21.15.46:6800/868074987,v1:172.21.15.46:6801/868074987] conn(0x7fb030038f70 0x7fb03003b430 unknown :-1 s=START_CONNECT pgs=0 cs=0 l=1 rev1=0 crypto rx=0 tx=0 comp rx=0 tx=0)._fault waiting 1.600000
2024-09-12T01:31:01.351 INFO:teuthology.orchestra.run.smithi046.stdout:/usr/bin/ceph: stderr
2024-09-12T01:30:59.709+0000 7fb0377fe640 1 -- 172.21.15.46:0/1787635213 <== mon.0 v2:172.21.15.46:3300/0 6 ==== mgrmap(e 6) ==== 46054+0+0 (secure 0 0 0) 0x7fb03806a9b0 con 0x7fb048108010
2024-09-12T01:31:01.351 INFO:teuthology.orchestra.run.smithi046.stdout:/usr/bin/ceph: stderr
2024-09-12T01:30:59.709+0000 7fb0377fe640 1 -- 172.21.15.46:0/1787635213 >> [v2:172.21.15.46:6800/868074987,v1:172.21.15.46:6801/868074987] conn(0x7fb030038f70 msgr2=0x7fb03003b430 unknown :-1 s=STATE_CONNECTING l=1).mark_down
2024-09-12T01:31:01.352 INFO:teuthology.orchestra.run.smithi046.stdout:/usr/bin/ceph: stderr
2024-09-12T01:30:59.709+0000 7fb0377fe640 1 --2- 172.21.15.46:0/1787635213 >> [v2:172.21.15.46:6800/868074987,v1:172.21.15.46:6801/868074987] conn(0x7fb030038f70 0x7fb03003b430 unknown :-1 s=START_CONNECT pgs=0 cs=0 l=1 rev1=0 crypto rx=0 tx=0 comp rx=0 tx=0).stop
2024-09-12T01:31:01.352 INFO:teuthology.orchestra.run.smithi046.stdout:/usr/bin/ceph: stderr
2024-09-12T01:31:00.710+0000 7fb0377fe640 1 -- 172.21.15.46:0/1787635213 <== mon.0 v2:172.21.15.46:3300/0 7 ==== mgrmap(e 7) ==== 46181+0+0 (secure 0 0 0) 0x7fb03803b330 con 0x7fb048108010
2024-09-12T01:31:01.352 INFO:teuthology.orchestra.run.smithi046.stdout:/usr/bin/ceph: stderr
2024-09-12T01:31:00.710+0000 7fb0377fe640 1 --2- 172.21.15.46:0/1787635213 >> [v2:172.21.15.46:6800/2212030758,v1:172.21.15.46:6801/2212030758] conn(0x7fb03003c8a0 0x7fb03003ec90 unknown :-1 s=NONE pgs=0 cs=0 l=1 rev1=0 crypto rx=0 tx=0 comp rx=0 tx=0).connect
2024-09-12T01:31:01.352 INFO:teuthology.orchestra.run.smithi046.stdout:/usr/bin/ceph: stderr
2024-09-12T01:31:00.710+0000 7fb0377fe640 1 -- 172.21.15.46:0/1787635213 --> [v2:172.21.15.46:6800/2212030758,v1:172.21.15.46:6801/2212030758] -- command(tid 0: {"prefix": "get_command_descriptions"}) -- 0x7fb038040cc0 con 0x7fb03003c8a0
2024-09-12T01:31:01.352 INFO:teuthology.orchestra.run.smithi046.stdout:/usr/bin/ceph: stderr
2024-09-12T01:31:00.711+0000 7fb045d9b640 1 --2- 172.21.15.46:0/1787635213 >> [v2:172.21.15.46:6800/2212030758,v1:172.21.15.46:6801/2212030758] conn(0x7fb03003c8a0 0x7fb03003ec90 unknown :-1 s=BANNER_CONNECTING pgs=0 cs=0 l=1 rev1=0 crypto rx=0 tx=0 comp rx=0 tx=0)._handle_peer_banner_payload supported=3 required=0
2024-09-12T01:31:01.352 INFO:teuthology.orchestra.run.smithi046.stdout:/usr/bin/ceph: stderr
2024-09-12T01:31:00.711+0000 7fb045d9b640 1 --2- 172.21.15.46:0/1787635213 >> [v2:172.21.15.46:6800/2212030758,v1:172.21.15.46:6801/2212030758] conn(0x7fb03003c8a0 0x7fb03003ec90 secure :-1 s=READY pgs=1 cs=0 l=1 rev1=1 crypto rx=0x7fb03c003980 tx=0x7fb03c006e10 comp rx=0 tx=0).ready entity=mgr.14118 client_cookie=0 server_cookie=0 in_seq=0 out_seq=0
2024-09-12T01:31:01.353 INFO:teuthology.orchestra.run.smithi046.stdout:/usr/bin/ceph: stderr
2024-09-12T01:31:00.712+0000 7fb0377fe640 1 -- 172.21.15.46:0/1787635213 <== mgr.14118 v2:172.21.15.46:6800/2212030758 1 ==== command_reply(tid 0: 0 ) ==== 8+0+9564 (secure 0 0 0) 0x7fb038040cc0 con 0x7fb03003c8a0
2024-09-12T01:31:01.353 INFO:teuthology.orchestra.run.smithi046.stdout:/usr/bin/ceph: stderr
2024-09-12T01:31:00.719+0000 7fb04cd37640 1 -- 172.21.15.46:0/1787635213 --> [v2:172.21.15.46:6800/2212030758,v1:172.21.15.46:6801/2212030758] -- command(tid 1: {"prefix": "mgr_status"}) -- 0x7fb048108470 con 0x7fb03003c8a0
2024-09-12T01:31:01.353 INFO:teuthology.orchestra.run.smithi046.stdout:/usr/bin/ceph: stderr
2024-09-12T01:31:00.719+0000 7fb0377fe640 1 -- 172.21.15.46:0/1787635213 <== mgr.14118 v2:172.21.15.46:6800/2212030758 2 ==== command_reply(tid 1: 0 ) ==== 8+0+51 (secure 0 0 0) 0x7fb048108470 con 0x7fb03003c8a0
2024-09-12T01:31:01.353 INFO:teuthology.orchestra.run.smithi046.stdout:/usr/bin/ceph: stderr
2024-09-12T01:31:00.720+0000 7fb04cd37640 1 -- 172.21.15.46:0/1787635213 >> [v2:172.21.15.46:6800/2212030758,v1:172.21.15.46:6801/2212030758] conn(0x7fb03003c8a0 msgr2=0x7fb03003ec90 secure :-1 s=STATE_CONNECTION_ESTABLISHED l=1).mark_down
2024-09-12T01:31:01.353 INFO:teuthology.orchestra.run.smithi046.stdout:/usr/bin/ceph: stderr
2024-09-12T01:31:00.720+0000 7fb04cd37640 1 --2- 172.21.15.46:0/1787635213 >> [v2:172.21.15.46:6800/2212030758,v1:172.21.15.46:6801/2212030758] conn(0x7fb03003c8a0 0x7fb03003ec90 secure :-1 s=READY pgs=1 cs=0 l=1 rev1=1 crypto rx=0x7fb03c003980 tx=0x7fb03c006e10 comp rx=0 tx=0).stop
2024-09-12T01:31:01.353 INFO:teuthology.orchestra.run.smithi046.stdout:/usr/bin/ceph: stderr
2024-09-12T01:31:00.720+0000 7fb04cd37640 1 -- 172.21.15.46:0/1787635213 >> [v2:172.21.15.46:3300/0,v1:172.21.15.46:6789/0] conn(0x7fb048108010 msgr2=0x7fb04819b420 secure :-1 s=STATE_CONNECTION_ESTABLISHED l=1).mark_down
2024-09-12T01:31:01.354 INFO:teuthology.orchestra.run.smithi046.stdout:/usr/bin/ceph: stderr
2024-09-12T01:31:00.720+0000 7fb04cd37640 1 --2- 172.21.15.46:0/1787635213 >> [v2:172.21.15.46:3300/0,v1:172.21.15.46:6789/0] conn(0x7fb048108010 0x7fb04819b420 secure :-1 s=READY pgs=27 cs=0 l=1 rev1=1 crypto rx=0x7fb038032e10 tx=0x7fb038032e40 comp rx=0 tx=0).stop
2024-09-12T01:31:01.354 INFO:teuthology.orchestra.run.smithi046.stdout:/usr/bin/ceph: stderr
2024-09-12T01:31:00.720+0000 7fb04cd37640 1 -- 172.21.15.46:0/1787635213 shutdown_connections
2024-09-12T01:31:01.354 INFO:teuthology.orchestra.run.smithi046.stdout:/usr/bin/ceph: stderr
2024-09-12T01:31:00.720+0000 7fb04cd37640 1 --2- 172.21.15.46:0/1787635213 >> [v2:172.21.15.46:6800/2212030758,v1:172.21.15.46:6801/2212030758] conn(0x7fb03003c8a0 0x7fb03003ec90 unknown :-1 s=CLOSED pgs=1 cs=0 l=1 rev1=1 crypto rx=0 tx=0 comp rx=0 tx=0).stop
2024-09-12T01:31:01.354 INFO:teuthology.orchestra.run.smithi046.stdout:/usr/bin/ceph: stderr
2024-09-12T01:31:00.720+0000 7fb04cd37640 1 --2- 172.21.15.46:0/1787635213 >> [v2:172.21.15.46:6800/868074987,v1:172.21.15.46:6801/868074987] conn(0x7fb030038f70 0x7fb03003b430 unknown :-1 s=CLOSED pgs=0 cs=0 l=1 rev1=0 crypto rx=0 tx=0 comp rx=0 tx=0).stop
2024-09-12T01:31:01.354 INFO:teuthology.orchestra.run.smithi046.stdout:/usr/bin/ceph: stderr
2024-09-12T01:31:00.720+0000 7fb04cd37640 1 --2- 172.21.15.46:0/1787635213 >> [v2:172.21.15.46:3300/0,v1:172.21.15.46:6789/0] conn(0x7fb048108010 0x7fb04819b420 unknown :-1 s=CLOSED pgs=27 cs=0 l=1 rev1=1 crypto rx=0 tx=0 comp rx=0 tx=0).stop
2024-09-12T01:31:01.354 INFO:teuthology.orchestra.run.smithi046.stdout:/usr/bin/ceph: stderr
2024-09-12T01:31:00.720+0000 7fb04cd37640 1 -- 172.21.15.46:0/1787635213 >> 172.21.15.46:0/1787635213 conn(0x7fb048101bb0 msgr2=0x7fb048102790 unknown :-1 s=STATE_NONE l=0).mark_down
2024-09-12T01:31:01.355 INFO:teuthology.orchestra.run.smithi046.stdout:/usr/bin/ceph: stderr
2024-09-12T01:31:00.720+0000 7fb04cd37640 1 -- 172.21.15.46:0/1787635213 shutdown_connections
2024-09-12T01:31:01.355 INFO:teuthology.orchestra.run.smithi046.stdout:/usr/bin/ceph: stderr
2024-09-12T01:31:00.720+0000 7fb04cd37640 1 -- 172.21.15.46:0/1787635213 wait complete.
2024-09-12T01:31:01.355 INFO:teuthology.orchestra.run.smithi046.stdout:mgr epoch 5 is available
2024-09-12T01:31:01.355 INFO:teuthology.orchestra.run.smithi046.stdout:Setting orchestrator backend to cephadm...
2024-09-12T01:31:01.910 INFO:journalctl@ceph.mon.a.smithi046.stdout:Sep 12 01:31:01 smithi046 ceph-mon[30991]: from='client.14122 -' entity='client.admin' cmd=[{"prefix": "get_command_descriptions"}]: dispatch
2024-09-12T01:31:01.910 INFO:journalctl@ceph.mon.a.smithi046.stdout:Sep 12 01:31:01 smithi046 ceph-mon[30991]: from='client.14122 -' entity='client.admin' cmd=[{"prefix": "mgr_status"}]: dispatch
2024-09-12T01:31:01.910 INFO:journalctl@ceph.mon.a.smithi046.stdout:Sep 12 01:31:01 smithi046 ceph-mon[30991]: from='mgr.14118 172.21.15.46:0/340215501' entity='mgr.x'
2024-09-12T01:31:01.910 INFO:journalctl@ceph.mon.a.smithi046.stdout:Sep 12 01:31:01 smithi046 ceph-mon[30991]: from='mgr.14118 172.21.15.46:0/340215501' entity='mgr.x'
2024-09-12T01:31:02.571 INFO:journalctl@ceph.mgr.x.smithi046.stdout:Sep 12 01:31:02 smithi046 ceph-678e0f66-70a6-11ef-bcea-c7b262605968-mgr-x[31218]:
2024-09-12T01:31:02.491+0000 7fd689f0e640 -1 log_channel(cephadm) log [ERR] : [12/Sep/2024:01:31:02] ENGINE Error in HTTPServer.serve
2024-09-12T01:31:02.571 INFO:journalctl@ceph.mgr.x.smithi046.stdout:Sep 12 01:31:02 smithi046 ceph-678e0f66-70a6-11ef-bcea-c7b262605968-mgr-x[31218]: Traceback (most recent call last):
2024-09-12T01:31:02.571 INFO:journalctl@ceph.mgr.x.smithi046.stdout:Sep 12 01:31:02 smithi046 ceph-678e0f66-70a6-11ef-bcea-c7b262605968-mgr-x[31218]: File "/lib/python3.9/site-packages/cheroot/server.py", line 1823, in serve
2024-09-12T01:31:02.571 INFO:journalctl@ceph.mgr.x.smithi046.stdout:Sep 12 01:31:02 smithi046 ceph-678e0f66-70a6-11ef-bcea-c7b262605968-mgr-x[31218]: self._connections.run(self.expiration_interval)
2024-09-12T01:31:02.571 INFO:journalctl@ceph.mgr.x.smithi046.stdout:Sep 12 01:31:02 smithi046 ceph-678e0f66-70a6-11ef-bcea-c7b262605968-mgr-x[31218]: File "/lib/python3.9/site-packages/cheroot/connections.py", line 203, in run
2024-09-12T01:31:02.571 INFO:journalctl@ceph.mgr.x.smithi046.stdout:Sep 12 01:31:02 smithi046 ceph-678e0f66-70a6-11ef-bcea-c7b262605968-mgr-x[31218]: self._run(expiration_interval)
2024-09-12T01:31:02.572 INFO:journalctl@ceph.mgr.x.smithi046.stdout:Sep 12 01:31:02 smithi046 ceph-678e0f66-70a6-11ef-bcea-c7b262605968-mgr-x[31218]: File "/lib/python3.9/site-packages/cheroot/connections.py", line 246, in _run
2024-09-12T01:31:02.572 INFO:journalctl@ceph.mgr.x.smithi046.stdout:Sep 12 01:31:02 smithi046 ceph-678e0f66-70a6-11ef-bcea-c7b262605968-mgr-x[31218]: new_conn = self._from_server_socket(self.server.socket)
2024-09-12T01:31:02.572 INFO:journalctl@ceph.mgr.x.smithi046.stdout:Sep 12 01:31:02 smithi046 ceph-678e0f66-70a6-11ef-bcea-c7b262605968-mgr-x[31218]: File "/lib/python3.9/site-packages/cheroot/connections.py", line 300, in _from_server_socket
2024-09-12T01:31:02.572 INFO:journalctl@ceph.mgr.x.smithi046.stdout:Sep 12 01:31:02 smithi046 ceph-678e0f66-70a6-11ef-bcea-c7b262605968-mgr-x[31218]: s, ssl_env = self.server.ssl_adapter.wrap(s)
2024-09-12T01:31:02.572 INFO:journalctl@ceph.mgr.x.smithi046.stdout:Sep 12 01:31:02 smithi046 ceph-678e0f66-70a6-11ef-bcea-c7b262605968-mgr-x[31218]: File "/lib/python3.9/site-packages/cheroot/ssl/builtin.py", line 277, in wrap
2024-09-12T01:31:02.572 INFO:journalctl@ceph.mgr.x.smithi046.stdout:Sep 12 01:31:02 smithi046 ceph-678e0f66-70a6-11ef-bcea-c7b262605968-mgr-x[31218]: s = self.context.wrap_socket(
2024-09-12T01:31:02.572 INFO:journalctl@ceph.mgr.x.smithi046.stdout:Sep 12 01:31:02 smithi046 ceph-678e0f66-70a6-11ef-bcea-c7b262605968-mgr-x[31218]: File "/lib64/python3.9/ssl.py", line 501, in wrap_socket
2024-09-12T01:31:02.572 INFO:journalctl@ceph.mgr.x.smithi046.stdout:Sep 12 01:31:02 smithi046 ceph-678e0f66-70a6-11ef-bcea-c7b262605968-mgr-x[31218]: return self.sslsocket_class._create(
2024-09-12T01:31:02.572 INFO:journalctl@ceph.mgr.x.smithi046.stdout:Sep 12 01:31:02 smithi046 ceph-678e0f66-70a6-11ef-bcea-c7b262605968-mgr-x[31218]: File "/lib64/python3.9/ssl.py", line 1074, in _create
2024-09-12T01:31:02.572 INFO:journalctl@ceph.mgr.x.smithi046.stdout:Sep 12 01:31:02 smithi046 ceph-678e0f66-70a6-11ef-bcea-c7b262605968-mgr-x[31218]: self.do_handshake()
2024-09-12T01:31:02.572 INFO:journalctl@ceph.mgr.x.smithi046.stdout:Sep 12 01:31:02 smithi046 ceph-678e0f66-70a6-11ef-bcea-c7b262605968-mgr-x[31218]: File "/lib64/python3.9/ssl.py", line 1343, in do_handshake
2024-09-12T01:31:02.572 INFO:journalctl@ceph.mgr.x.smithi046.stdout:Sep 12 01:31:02 smithi046 ceph-678e0f66-70a6-11ef-bcea-c7b262605968-mgr-x[31218]: self._sslobj.do_handshake()
2024-09-12T01:31:02.573 INFO:journalctl@ceph.mgr.x.smithi046.stdout:Sep 12 01:31:02 smithi046 ceph-678e0f66-70a6-11ef-bcea-c7b262605968-mgr-x[31218]: ssl.SSLZeroReturnError: TLS/SSL connection has been closed (EOF) (_ssl.c:1133)
2024-09-12T01:31:02.573 INFO:journalctl@ceph.mgr.x.smithi046.stdout:Sep 12 01:31:02 smithi046 ceph-678e0f66-70a6-11ef-bcea-c7b262605968-mgr-x[31218]:
2024-09-12T01:31:02.579 INFO:teuthology.orchestra.run.smithi046.stdout:/usr/bin/ceph: stderr
2024-09-12T01:31:01.730+0000 7fcaffab7640 1 Processor -- start
2024-09-12T01:31:02.579 INFO:teuthology.orchestra.run.smithi046.stdout:/usr/bin/ceph: stderr
2024-09-12T01:31:01.730+0000 7fcaffab7640 1 -- start start
2024-09-12T01:31:02.579 INFO:teuthology.orchestra.run.smithi046.stdout:/usr/bin/ceph: stderr
2024-09-12T01:31:01.730+0000 7fcaffab7640 1 --2- >> [v2:172.21.15.46:3300/0,v1:172.21.15.46:6789/0] conn(0x7fcaf8105da0 0x7fcaf81061a0 unknown :-1 s=NONE pgs=0 cs=0 l=0 rev1=0 crypto rx=0 tx=0 comp rx=0 tx=0).connect
2024-09-12T01:31:02.579 INFO:teuthology.orchestra.run.smithi046.stdout:/usr/bin/ceph: stderr
2024-09-12T01:31:01.730+0000 7fcaffab7640 1 -- --> [v2:172.21.15.46:3300/0,v1:172.21.15.46:6789/0] -- mon_getmap magic: 0 -- 0x7fcaf807bde0 con 0x7fcaf8105da0
2024-09-12T01:31:02.579 INFO:teuthology.orchestra.run.smithi046.stdout:/usr/bin/ceph: stderr
2024-09-12T01:31:01.730+0000 7fcafd853640 1 --2- >> [v2:172.21.15.46:3300/0,v1:172.21.15.46:6789/0] conn(0x7fcaf8105da0 0x7fcaf81061a0 unknown :-1 s=BANNER_CONNECTING pgs=0 cs=0 l=0 rev1=0 crypto rx=0 tx=0 comp rx=0 tx=0)._handle_peer_banner_payload supported=3 required=0
2024-09-12T01:31:02.579 INFO:teuthology.orchestra.run.smithi046.stdout:/usr/bin/ceph: stderr
2024-09-12T01:31:01.731+0000 7fcafd853640 1 --2- >> [v2:172.21.15.46:3300/0,v1:172.21.15.46:6789/0] conn(0x7fcaf8105da0 0x7fcaf81061a0 unknown :-1 s=HELLO_CONNECTING pgs=0 cs=0 l=0 rev1=1 crypto rx=0 tx=0 comp rx=0 tx=0).handle_hello peer v2:172.21.15.46:3300/0 says I am v2:172.21.15.46:46184/0 (socket says 172.21.15.46:46184)
2024-09-12T01:31:02.579 INFO:teuthology.orchestra.run.smithi046.stdout:/usr/bin/ceph: stderr
2024-09-12T01:31:01.731+0000 7fcafd853640 1 -- 172.21.15.46:0/2360954914 learned_addr learned my addr 172.21.15.46:0/2360954914 (peer_addr_for_me v2:172.21.15.46:0/0)
2024-09-12T01:31:02.579 INFO:teuthology.orchestra.run.smithi046.stdout:/usr/bin/ceph: stderr
2024-09-12T01:31:01.731+0000 7fcafd853640 1 -- 172.21.15.46:0/2360954914 --> [v2:172.21.15.46:3300/0,v1:172.21.15.46:6789/0] -- mon_subscribe({config=0+,monmap=0+}) -- 0x7fcaf81066e0 con 0x7fcaf8105da0
2024-09-12T01:31:02.579 INFO:teuthology.orchestra.run.smithi046.stdout:/usr/bin/ceph: stderr
2024-09-12T01:31:01.731+0000 7fcafd853640 1 --2- 172.21.15.46:0/2360954914 >> [v2:172.21.15.46:3300/0,v1:172.21.15.46:6789/0] conn(0x7fcaf8105da0 0x7fcaf81061a0 secure :-1 s=READY pgs=35 cs=0 l=1 rev1=1 crypto rx=0x7fcaf4009820 tx=0x7fcaf402a270 comp rx=0 tx=0).ready entity=mon.0 client_cookie=cdebda39b6dbe4d5 server_cookie=0 in_seq=0 out_seq=0
2024-09-12T01:31:02.579 INFO:teuthology.orchestra.run.smithi046.stdout:/usr/bin/ceph: stderr
2024-09-12T01:31:01.732+0000 7fcafc851640 1 -- 172.21.15.46:0/2360954914 <== mon.0 v2:172.21.15.46:3300/0 1 ==== mon_map magic: 0 ==== 205+0+0 (secure 0 0 0) 0x7fcaf4037070 con 0x7fcaf8105da0
2024-09-12T01:31:02.579 INFO:teuthology.orchestra.run.smithi046.stdout:/usr/bin/ceph: stderr
2024-09-12T01:31:01.732+0000 7fcafc851640 1 -- 172.21.15.46:0/2360954914 <== mon.0 v2:172.21.15.46:3300/0 2 ==== config(26 keys) ==== 1071+0+0 (secure 0 0 0) 0x7fcaf40328d0 con 0x7fcaf8105da0
2024-09-12T01:31:02.580 INFO:teuthology.orchestra.run.smithi046.stdout:/usr/bin/ceph: stderr
2024-09-12T01:31:01.732+0000 7fcafc851640 1 -- 172.21.15.46:0/2360954914 <== mon.0 v2:172.21.15.46:3300/0 3 ==== mon_map magic: 0 ==== 205+0+0 (secure 0 0 0) 0x7fcaf40307d0 con 0x7fcaf8105da0
2024-09-12T01:31:02.580 INFO:teuthology.orchestra.run.smithi046.stdout:/usr/bin/ceph: stderr
2024-09-12T01:31:01.732+0000 7fcaffab7640 1 -- 172.21.15.46:0/2360954914 >> [v2:172.21.15.46:3300/0,v1:172.21.15.46:6789/0] conn(0x7fcaf8105da0 msgr2=0x7fcaf81061a0 secure :-1 s=STATE_CONNECTION_ESTABLISHED l=1).mark_down
2024-09-12T01:31:02.580 INFO:teuthology.orchestra.run.smithi046.stdout:/usr/bin/ceph: stderr
2024-09-12T01:31:01.732+0000 7fcaffab7640 1 --2- 172.21.15.46:0/2360954914 >> [v2:172.21.15.46:3300/0,v1:172.21.15.46:6789/0] conn(0x7fcaf8105da0 0x7fcaf81061a0 secure :-1 s=READY pgs=35 cs=0 l=1 rev1=1 crypto rx=0x7fcaf4009820 tx=0x7fcaf402a270 comp rx=0 tx=0).stop
2024-09-12T01:31:02.580 INFO:teuthology.orchestra.run.smithi046.stdout:/usr/bin/ceph: stderr
2024-09-12T01:31:01.732+0000 7fcaffab7640 1 -- 172.21.15.46:0/2360954914 shutdown_connections
2024-09-12T01:31:02.580 INFO:teuthology.orchestra.run.smithi046.stdout:/usr/bin/ceph: stderr
2024-09-12T01:31:01.732+0000 7fcaffab7640 1 --2- 172.21.15.46:0/2360954914 >> [v2:172.21.15.46:3300/0,v1:172.21.15.46:6789/0] conn(0x7fcaf8105da0 0x7fcaf81061a0 unknown :-1 s=CLOSED pgs=35 cs=0 l=1 rev1=1 crypto rx=0 tx=0 comp rx=0 tx=0).stop
