2024-09-12T01:31:15.100 INFO:teuthology.orchestra.run.smithi046.stdout:/usr/bin/ceph: stdout Scheduled mgr update...
2024-09-12T01:31:15.100 INFO:teuthology.orchestra.run.smithi046.stdout:/usr/bin/ceph: stderr
2024-09-12T01:31:14.275+0000 7fc6b8fa2640 1 Processor -- start
2024-09-12T01:31:15.100 INFO:teuthology.orchestra.run.smithi046.stdout:/usr/bin/ceph: stderr
2024-09-12T01:31:14.275+0000 7fc6b8fa2640 1 -- start start
2024-09-12T01:31:15.101 INFO:teuthology.orchestra.run.smithi046.stdout:/usr/bin/ceph: stderr
2024-09-12T01:31:14.275+0000 7fc6b8fa2640 1 --2- >> [v2:172.21.15.46:3300/0,v1:172.21.15.46:6789/0] conn(0x7fc6b4107fd0 0x7fc6b410a3c0 unknown :-1 s=NONE pgs=0 cs=0 l=0 rev1=0 crypto rx=0 tx=0 comp rx=0 tx=0).connect
2024-09-12T01:31:15.101 INFO:teuthology.orchestra.run.smithi046.stdout:/usr/bin/ceph: stderr
2024-09-12T01:31:14.275+0000 7fc6b8fa2640 1 -- --> [v2:172.21.15.46:3300/0,v1:172.21.15.46:6789/0] -- mon_getmap magic: 0 -- 0x7fc6b407bdb0 con 0x7fc6b4107fd0
2024-09-12T01:31:15.101 INFO:teuthology.orchestra.run.smithi046.stdout:/usr/bin/ceph: stderr
2024-09-12T01:31:14.276+0000 7fc6b259c640 1 --2- >> [v2:172.21.15.46:3300/0,v1:172.21.15.46:6789/0] conn(0x7fc6b4107fd0 0x7fc6b410a3c0 unknown :-1 s=BANNER_CONNECTING pgs=0 cs=0 l=0 rev1=0 crypto rx=0 tx=0 comp rx=0 tx=0)._handle_peer_banner_payload supported=3 required=0
2024-09-12T01:31:15.101 INFO:teuthology.orchestra.run.smithi046.stdout:/usr/bin/ceph: stderr
2024-09-12T01:31:14.276+0000 7fc6b259c640 1 --2- >> [v2:172.21.15.46:3300/0,v1:172.21.15.46:6789/0] conn(0x7fc6b4107fd0 0x7fc6b410a3c0 unknown :-1 s=HELLO_CONNECTING pgs=0 cs=0 l=0 rev1=1 crypto rx=0 tx=0 comp rx=0 tx=0).handle_hello peer v2:172.21.15.46:3300/0 says I am v2:172.21.15.46:45010/0 (socket says 172.21.15.46:45010)
2024-09-12T01:31:15.101 INFO:teuthology.orchestra.run.smithi046.stdout:/usr/bin/ceph: stderr
2024-09-12T01:31:14.276+0000 7fc6b259c640 1 -- 172.21.15.46:0/2115534844 learned_addr learned my addr 172.21.15.46:0/2115534844 (peer_addr_for_me v2:172.21.15.46:0/0)
2024-09-12T01:31:15.101 INFO:teuthology.orchestra.run.smithi046.stdout:/usr/bin/ceph: stderr
2024-09-12T01:31:14.276+0000 7fc6b259c640 1 -- 172.21.15.46:0/2115534844 --> [v2:172.21.15.46:3300/0,v1:172.21.15.46:6789/0] -- mon_subscribe({config=0+,monmap=0+}) -- 0x7fc6b410a900 con 0x7fc6b4107fd0
2024-09-12T01:31:15.101 INFO:teuthology.orchestra.run.smithi046.stdout:/usr/bin/ceph: stderr
2024-09-12T01:31:14.277+0000 7fc6b259c640 1 --2- 172.21.15.46:0/2115534844 >> [v2:172.21.15.46:3300/0,v1:172.21.15.46:6789/0] conn(0x7fc6b4107fd0 0x7fc6b410a3c0 secure :-1 s=READY pgs=47 cs=0 l=1 rev1=1 crypto rx=0x7fc6a4009820 tx=0x7fc6a402a270 comp rx=0 tx=0).ready entity=mon.0 client_cookie=bbe9d4f6799480b2 server_cookie=0 in_seq=0 out_seq=0
2024-09-12T01:31:15.101 INFO:teuthology.orchestra.run.smithi046.stdout:/usr/bin/ceph: stderr
2024-09-12T01:31:14.277+0000 7fc6b159a640 1 -- 172.21.15.46:0/2115534844 <== mon.0 v2:172.21.15.46:3300/0 1 ==== mon_map magic: 0 ==== 205+0+0 (secure 0 0 0) 0x7fc6a4037070 con 0x7fc6b4107fd0
2024-09-12T01:31:15.101 INFO:teuthology.orchestra.run.smithi046.stdout:/usr/bin/ceph: stderr
2024-09-12T01:31:14.277+0000 7fc6b159a640 1 -- 172.21.15.46:0/2115534844 <== mon.0 v2:172.21.15.46:3300/0 2 ==== config(26 keys) ==== 1102+0+0 (secure 0 0 0) 0x7fc6a40328f0 con 0x7fc6b4107fd0
2024-09-12T01:31:15.101 INFO:teuthology.orchestra.run.smithi046.stdout:/usr/bin/ceph: stderr
2024-09-12T01:31:14.277+0000 7fc6b159a640 1 -- 172.21.15.46:0/2115534844 <== mon.0 v2:172.21.15.46:3300/0 3 ==== mon_map magic: 0 ==== 205+0+0 (secure 0 0 0) 0x7fc6a4030740 con 0x7fc6b4107fd0
2024-09-12T01:31:15.101 INFO:teuthology.orchestra.run.smithi046.stdout:/usr/bin/ceph: stderr
2024-09-12T01:31:14.277+0000 7fc6b8fa2640 1 -- 172.21.15.46:0/2115534844 >> [v2:172.21.15.46:3300/0,v1:172.21.15.46:6789/0] conn(0x7fc6b4107fd0 msgr2=0x7fc6b410a3c0 secure :-1 s=STATE_CONNECTION_ESTABLISHED l=1).mark_down
2024-09-12T01:31:15.101 INFO:teuthology.orchestra.run.smithi046.stdout:/usr/bin/ceph: stderr
2024-09-12T01:31:14.277+0000 7fc6b8fa2640 1 --2- 172.21.15.46:0/2115534844 >> [v2:172.21.15.46:3300/0,v1:172.21.15.46:6789/0] conn(0x7fc6b4107fd0 0x7fc6b410a3c0 secure :-1 s=READY pgs=47 cs=0 l=1 rev1=1 crypto rx=0x7fc6a4009820 tx=0x7fc6a402a270 comp rx=0 tx=0).stop
2024-09-12T01:31:15.102 INFO:teuthology.orchestra.run.smithi046.stdout:/usr/bin/ceph: stderr
2024-09-12T01:31:14.278+0000 7fc6b8fa2640 1 -- 172.21.15.46:0/2115534844 shutdown_connections
2024-09-12T01:31:15.102 INFO:teuthology.orchestra.run.smithi046.stdout:/usr/bin/ceph: stderr
2024-09-12T01:31:14.278+0000 7fc6b8fa2640 1 --2- 172.21.15.46:0/2115534844 >> [v2:172.21.15.46:3300/0,v1:172.21.15.46:6789/0] conn(0x7fc6b4107fd0 0x7fc6b410a3c0 unknown :-1 s=CLOSED pgs=47 cs=0 l=1 rev1=1 crypto rx=0 tx=0 comp rx=0 tx=0).stop
2024-09-12T01:31:15.102 INFO:teuthology.orchestra.run.smithi046.stdout:/usr/bin/ceph: stderr
2024-09-12T01:31:14.278+0000 7fc6b8fa2640 1 -- 172.21.15.46:0/2115534844 >> 172.21.15.46:0/2115534844 conn(0x7fc6b4101bb0 msgr2=0x7fc6b4103fd0 unknown :-1 s=STATE_NONE l=0).mark_down
2024-09-12T01:31:15.102 INFO:teuthology.orchestra.run.smithi046.stdout:/usr/bin/ceph: stderr
2024-09-12T01:31:14.278+0000 7fc6b8fa2640 1 -- 172.21.15.46:0/2115534844 shutdown_connections
2024-09-12T01:31:15.102 INFO:teuthology.orchestra.run.smithi046.stdout:/usr/bin/ceph: stderr
2024-09-12T01:31:14.278+0000 7fc6b8fa2640 1 -- 172.21.15.46:0/2115534844 wait complete.
2024-09-12T01:31:15.102 INFO:teuthology.orchestra.run.smithi046.stdout:/usr/bin/ceph: stderr
2024-09-12T01:31:14.279+0000 7fc6b8fa2640 1 Processor -- start
2024-09-12T01:31:15.102 INFO:teuthology.orchestra.run.smithi046.stdout:/usr/bin/ceph: stderr
2024-09-12T01:31:14.279+0000 7fc6b8fa2640 1 -- start start
2024-09-12T01:31:15.102 INFO:teuthology.orchestra.run.smithi046.stdout:/usr/bin/ceph: stderr
2024-09-12T01:31:14.279+0000 7fc6b8fa2640 1 --2- >> [v2:172.21.15.46:3300/0,v1:172.21.15.46:6789/0] conn(0x7fc6b4107fd0 0x7fc6b419b410 unknown :-1 s=NONE pgs=0 cs=0 l=1 rev1=0 crypto rx=0 tx=0 comp rx=0 tx=0).connect
2024-09-12T01:31:15.102 INFO:teuthology.orchestra.run.smithi046.stdout:/usr/bin/ceph: stderr
2024-09-12T01:31:14.279+0000 7fc6b8fa2640 1 -- --> [v2:172.21.15.46:3300/0,v1:172.21.15.46:6789/0] -- mon_getmap magic: 0 -- 0x7fc6b410b8c0 con 0x7fc6b4107fd0
2024-09-12T01:31:15.102 INFO:teuthology.orchestra.run.smithi046.stdout:/usr/bin/ceph: stderr
2024-09-12T01:31:14.279+0000 7fc6b259c640 1 --2- >> [v2:172.21.15.46:3300/0,v1:172.21.15.46:6789/0] conn(0x7fc6b4107fd0 0x7fc6b419b410 unknown :-1 s=BANNER_CONNECTING pgs=0 cs=0 l=1 rev1=0 crypto rx=0 tx=0 comp rx=0 tx=0)._handle_peer_banner_payload supported=3 required=0
2024-09-12T01:31:15.102 INFO:teuthology.orchestra.run.smithi046.stdout:/usr/bin/ceph: stderr
2024-09-12T01:31:14.279+0000 7fc6b259c640 1 --2- >> [v2:172.21.15.46:3300/0,v1:172.21.15.46:6789/0] conn(0x7fc6b4107fd0 0x7fc6b419b410 unknown :-1 s=HELLO_CONNECTING pgs=0 cs=0 l=1 rev1=1 crypto rx=0 tx=0 comp rx=0 tx=0).handle_hello peer v2:172.21.15.46:3300/0 says I am v2:172.21.15.46:45012/0 (socket says 172.21.15.46:45012)
2024-09-12T01:31:15.102 INFO:teuthology.orchestra.run.smithi046.stdout:/usr/bin/ceph: stderr
2024-09-12T01:31:14.279+0000 7fc6b259c640 1 -- 172.21.15.46:0/1893667027 learned_addr learned my addr 172.21.15.46:0/1893667027 (peer_addr_for_me v2:172.21.15.46:0/0)
2024-09-12T01:31:15.102 INFO:teuthology.orchestra.run.smithi046.stdout:/usr/bin/ceph: stderr
2024-09-12T01:31:14.279+0000 7fc6b259c640 1 -- 172.21.15.46:0/1893667027 --> [v2:172.21.15.46:3300/0,v1:172.21.15.46:6789/0] -- mon_subscribe({config=0+,monmap=0+}) -- 0x7fc6b419b950 con 0x7fc6b4107fd0
2024-09-12T01:31:15.102 INFO:teuthology.orchestra.run.smithi046.stdout:/usr/bin/ceph: stderr
2024-09-12T01:31:14.280+0000 7fc6b259c640 1 --2- 172.21.15.46:0/1893667027 >> [v2:172.21.15.46:3300/0,v1:172.21.15.46:6789/0] conn(0x7fc6b4107fd0 0x7fc6b419b410 secure :-1 s=READY pgs=48 cs=0 l=1 rev1=1 crypto rx=0x7fc6a40097f0 tx=0x7fc6a4030c70 comp rx=0 tx=0).ready entity=mon.0 client_cookie=0 server_cookie=0 in_seq=0 out_seq=0
2024-09-12T01:31:15.103 INFO:teuthology.orchestra.run.smithi046.stdout:/usr/bin/ceph: stderr
2024-09-12T01:31:14.280+0000 7fc6ab7fe640 1 -- 172.21.15.46:0/1893667027 <== mon.0 v2:172.21.15.46:3300/0 1 ==== mon_map magic: 0 ==== 205+0+0 (secure 0 0 0) 0x7fc6a4042070 con 0x7fc6b4107fd0
2024-09-12T01:31:15.103 INFO:teuthology.orchestra.run.smithi046.stdout:/usr/bin/ceph: stderr
2024-09-12T01:31:14.280+0000 7fc6ab7fe640 1 -- 172.21.15.46:0/1893667027 <== mon.0 v2:172.21.15.46:3300/0 2 ==== config(26 keys) ==== 1102+0+0 (secure 0 0 0) 0x7fc6a4030d80 con 0x7fc6b4107fd0
2024-09-12T01:31:15.103 INFO:teuthology.orchestra.run.smithi046.stdout:/usr/bin/ceph: stderr
2024-09-12T01:31:14.280+0000 7fc6b8fa2640 1 -- 172.21.15.46:0/1893667027 --> [v2:172.21.15.46:3300/0,v1:172.21.15.46:6789/0] -- mon_subscribe({mgrmap=0+}) -- 0x7fc6b419bbe0 con 0x7fc6b4107fd0
2024-09-12T01:31:15.103 INFO:teuthology.orchestra.run.smithi046.stdout:/usr/bin/ceph: stderr
2024-09-12T01:31:14.280+0000 7fc6b8fa2640 1 -- 172.21.15.46:0/1893667027 --> [v2:172.21.15.46:3300/0,v1:172.21.15.46:6789/0] -- mon_subscribe({osdmap=0}) -- 0x7fc6b419e8d0 con 0x7fc6b4107fd0
2024-09-12T01:31:15.103 INFO:teuthology.orchestra.run.smithi046.stdout:/usr/bin/ceph: stderr
2024-09-12T01:31:14.280+0000 7fc6ab7fe640 1 -- 172.21.15.46:0/1893667027 <== mon.0 v2:172.21.15.46:3300/0 3 ==== mon_map magic: 0 ==== 205+0+0 (secure 0 0 0) 0x7fc6a4037040 con 0x7fc6b4107fd0
2024-09-12T01:31:15.103 INFO:teuthology.orchestra.run.smithi046.stdout:/usr/bin/ceph: stderr
2024-09-12T01:31:14.281+0000 7fc6ab7fe640 1 -- 172.21.15.46:0/1893667027 <== mon.0 v2:172.21.15.46:3300/0 4 ==== mgrmap(e 8) ==== 46287+0+0 (secure 0 0 0) 0x7fc6a4045070 con 0x7fc6b4107fd0
2024-09-12T01:31:15.103 INFO:teuthology.orchestra.run.smithi046.stdout:/usr/bin/ceph: stderr
2024-09-12T01:31:14.281+0000 7fc6b8fa2640 1 -- 172.21.15.46:0/1893667027 --> [v2:172.21.15.46:3300/0,v1:172.21.15.46:6789/0] -- mon_command({"prefix": "get_command_descriptions"} v 0) -- 0x7fc6b4108430 con 0x7fc6b4107fd0
2024-09-12T01:31:15.103 INFO:teuthology.orchestra.run.smithi046.stdout:/usr/bin/ceph: stderr
2024-09-12T01:31:14.281+0000 7fc6ab7fe640 1 --2- 172.21.15.46:0/1893667027 >> [v2:172.21.15.46:6800/2212030758,v1:172.21.15.46:6801/2212030758] conn(0x7fc6a0038fc0 0x7fc6a003b480 unknown :-1 s=NONE pgs=0 cs=0 l=1 rev1=0 crypto rx=0 tx=0 comp rx=0 tx=0).connect
2024-09-12T01:31:15.103 INFO:teuthology.orchestra.run.smithi046.stdout:/usr/bin/ceph: stderr
2024-09-12T01:31:14.281+0000 7fc6ab7fe640 1 -- 172.21.15.46:0/1893667027 <== mon.0 v2:172.21.15.46:3300/0 5 ==== osd_map(2..2 src has 1..2) ==== 940+0+0 (secure 0 0 0) 0x7fc6a406c010 con 0x7fc6b4107fd0
2024-09-12T01:31:15.103 INFO:teuthology.orchestra.run.smithi046.stdout:/usr/bin/ceph: stderr
2024-09-12T01:31:14.281+0000 7fc6b1d9b640 1 --2- 172.21.15.46:0/1893667027 >> [v2:172.21.15.46:6800/2212030758,v1:172.21.15.46:6801/2212030758] conn(0x7fc6a0038fc0 0x7fc6a003b480 unknown :-1 s=BANNER_CONNECTING pgs=0 cs=0 l=1 rev1=0 crypto rx=0 tx=0 comp rx=0 tx=0)._handle_peer_banner_payload supported=3 required=0
2024-09-12T01:31:15.103 INFO:teuthology.orchestra.run.smithi046.stdout:/usr/bin/ceph: stderr
2024-09-12T01:31:14.282+0000 7fc6b1d9b640 1 --2- 172.21.15.46:0/1893667027 >> [v2:172.21.15.46:6800/2212030758,v1:172.21.15.46:6801/2212030758] conn(0x7fc6a0038fc0 0x7fc6a003b480 secure :-1 s=READY pgs=13 cs=0 l=1 rev1=1 crypto rx=0x7fc69c0098c0 tx=0x7fc69c006db0 comp rx=0 tx=0).ready entity=mgr.14118 client_cookie=0 server_cookie=0 in_seq=0 out_seq=0
2024-09-12T01:31:15.103 INFO:teuthology.orchestra.run.smithi046.stdout:/usr/bin/ceph: stderr
2024-09-12T01:31:14.286+0000 7fc6ab7fe640 1 -- 172.21.15.46:0/1893667027 <== mon.0 v2:172.21.15.46:3300/0 6 ==== mon_command_ack([{"prefix": "get_command_descriptions"}]=0 v0) ==== 72+0+188821 (secure 0 0 0) 0x7fc6a4045360 con 0x7fc6b4107fd0
2024-09-12T01:31:15.103 INFO:teuthology.orchestra.run.smithi046.stdout:/usr/bin/ceph: stderr
2024-09-12T01:31:14.481+0000 7fc6b8fa2640 1 -- 172.21.15.46:0/1893667027 --> [v2:172.21.15.46:6800/2212030758,v1:172.21.15.46:6801/2212030758] -- mgr_command(tid 0: {"prefix": "orch apply", "service_type": "mgr", "unmanaged": true, "target": ["mon-mgr", ""]}) -- 0x7fc6b4102e80 con 0x7fc6a0038fc0
2024-09-12T01:31:15.104 INFO:teuthology.orchestra.run.smithi046.stdout:/usr/bin/ceph: stderr
2024-09-12T01:31:14.485+0000 7fc6ab7fe640 1 -- 172.21.15.46:0/1893667027 <== mgr.14118 v2:172.21.15.46:6800/2212030758 1 ==== mgr_command_reply(tid 0: 0 ) ==== 8+0+24 (secure 0 0 0) 0x7fc6b4102e80 con 0x7fc6a0038fc0
2024-09-12T01:31:15.104 INFO:teuthology.orchestra.run.smithi046.stdout:/usr/bin/ceph: stderr
2024-09-12T01:31:14.488+0000 7fc6b8fa2640 1 -- 172.21.15.46:0/1893667027 >> [v2:172.21.15.46:6800/2212030758,v1:172.21.15.46:6801/2212030758] conn(0x7fc6a0038fc0 msgr2=0x7fc6a003b480 secure :-1 s=STATE_CONNECTION_ESTABLISHED l=1).mark_down
2024-09-12T01:31:15.104 INFO:teuthology.orchestra.run.smithi046.stdout:/usr/bin/ceph: stderr
2024-09-12T01:31:14.488+0000 7fc6b8fa2640 1 --2- 172.21.15.46:0/1893667027 >> [v2:172.21.15.46:6800/2212030758,v1:172.21.15.46:6801/2212030758] conn(0x7fc6a0038fc0 0x7fc6a003b480 secure :-1 s=READY pgs=13 cs=0 l=1 rev1=1 crypto rx=0x7fc69c0098c0 tx=0x7fc69c006db0 comp rx=0 tx=0).stop
2024-09-12T01:31:15.104 INFO:teuthology.orchestra.run.smithi046.stdout:/usr/bin/ceph: stderr
2024-09-12T01:31:14.488+0000 7fc6b8fa2640 1 -- 172.21.15.46:0/1893667027 >> [v2:172.21.15.46:3300/0,v1:172.21.15.46:6789/0] conn(0x7fc6b4107fd0 msgr2=0x7fc6b419b410 secure :-1 s=STATE_CONNECTION_ESTABLISHED l=1).mark_down
2024-09-12T01:31:15.104 INFO:teuthology.orchestra.run.smithi046.stdout:/usr/bin/ceph: stderr
2024-09-12T01:31:14.488+0000 7fc6b8fa2640 1 --2- 172.21.15.46:0/1893667027 >> [v2:172.21.15.46:3300/0,v1:172.21.15.46:6789/0] conn(0x7fc6b4107fd0 0x7fc6b419b410 secure :-1 s=READY pgs=48 cs=0 l=1 rev1=1 crypto rx=0x7fc6a40097f0 tx=0x7fc6a4030c70 comp rx=0 tx=0).stop
2024-09-12T01:31:15.104 INFO:teuthology.orchestra.run.smithi046.stdout:/usr/bin/ceph: stderr
2024-09-12T01:31:14.488+0000 7fc6b8fa2640 1 -- 172.21.15.46:0/1893667027 shutdown_connections
2024-09-12T01:31:15.104 INFO:teuthology.orchestra.run.smithi046.stdout:/usr/bin/ceph: stderr
2024-09-12T01:31:14.488+0000 7fc6b8fa2640 1 --2- 172.21.15.46:0/1893667027 >> [v2:172.21.15.46:6800/2212030758,v1:172.21.15.46:6801/2212030758] conn(0x7fc6a0038fc0 0x7fc6a003b480 unknown :-1 s=CLOSED pgs=13 cs=0 l=1 rev1=1 crypto rx=0 tx=0 comp rx=0 tx=0).stop
2024-09-12T01:31:15.104 INFO:teuthology.orchestra.run.smithi046.stdout:/usr/bin/ceph: stderr
2024-09-12T01:31:14.488+0000 7fc6b8fa2640 1 --2- 172.21.15.46:0/1893667027 >> [v2:172.21.15.46:3300/0,v1:172.21.15.46:6789/0] conn(0x7fc6b4107fd0 0x7fc6b419b410 unknown :-1 s=CLOSED pgs=48 cs=0 l=1 rev1=1 crypto rx=0 tx=0 comp rx=0 tx=0).stop
2024-09-12T01:31:15.104 INFO:teuthology.orchestra.run.smithi046.stdout:/usr/bin/ceph: stderr
2024-09-12T01:31:14.488+0000 7fc6b8fa2640 1 -- 172.21.15.46:0/1893667027 >> 172.21.15.46:0/1893667027 conn(0x7fc6b4101bb0 msgr2=0x7fc6b4102770 unknown :-1 s=STATE_NONE l=0).mark_down
2024-09-12T01:31:15.104 INFO:teuthology.orchestra.run.smithi046.stdout:/usr/bin/ceph: stderr
2024-09-12T01:31:14.488+0000 7fc6b8fa2640 1 -- 172.21.15.46:0/1893667027 shutdown_connections
2024-09-12T01:31:15.104 INFO:teuthology.orchestra.run.smithi046.stdout:/usr/bin/ceph: stderr
2024-09-12T01:31:14.488+0000 7fc6b8fa2640 1 -- 172.21.15.46:0/1893667027 wait complete.
2024-09-12T01:31:15.410 INFO:journalctl@ceph.mon.a.smithi046.stdout:Sep 12 01:31:15 smithi046 ceph-mon[30991]: from='mgr.14118 172.21.15.46:0/340215501' entity='mgr.x'
2024-09-12T01:31:15.410 INFO:journalctl@ceph.mon.a.smithi046.stdout:Sep 12 01:31:15 smithi046 ceph-mon[30991]: from='client.14142 -' entity='client.admin' cmd=[{"prefix": "orch apply", "service_type": "mgr", "unmanaged": true, "target": ["mon-mgr", ""]}]: dispatch
2024-09-12T01:31:15.410 INFO:journalctl@ceph.mon.a.smithi046.stdout:Sep 12 01:31:15 smithi046 ceph-mon[30991]: Saving service mgr spec with placement count:2
2024-09-12T01:31:15.411 INFO:journalctl@ceph.mon.a.smithi046.stdout:Sep 12 01:31:15 smithi046 ceph-mon[30991]: from='mgr.14118 172.21.15.46:0/340215501' entity='mgr.x'
2024-09-12T01:31:16.869 INFO:journalctl@ceph.mon.a.smithi046.stdout:Sep 12 01:31:16 smithi046 ceph-mon[30991]: from='client.? 172.21.15.46:0/3034294345' entity='client.admin'
2024-09-12T01:31:16.869 INFO:journalctl@ceph.mon.a.smithi046.stdout:Sep 12 01:31:16 smithi046 ceph-mon[30991]: from='mgr.14118 172.21.15.46:0/340215501' entity='mgr.x'
2024-09-12T01:31:16.876 INFO:teuthology.orchestra.run.smithi046.stdout:/usr/bin/ceph: stderr
2024-09-12T01:31:15.522+0000 7fcf3222b640 1 Processor -- start
2024-09-12T01:31:16.877 INFO:teuthology.orchestra.run.smithi046.stdout:/usr/bin/ceph: stderr
2024-09-12T01:31:15.522+0000 7fcf3222b640 1 -- start start
2024-09-12T01:31:16.877 INFO:teuthology.orchestra.run.smithi046.stdout:/usr/bin/ceph: stderr
2024-09-12T01:31:15.522+0000 7fcf3222b640 1 --2- >> [v2:172.21.15.46:3300/0,v1:172.21.15.46:6789/0] conn(0x7fcf2c1079a0 0x7fcf2c107da0 unknown :-1 s=NONE pgs=0 cs=0 l=0 rev1=0 crypto rx=0 tx=0 comp rx=0 tx=0).connect
2024-09-12T01:31:16.881 INFO:teuthology.orchestra.run.smithi046.stdout:/usr/bin/ceph: stderr
2024-09-12T01:31:15.522+0000 7fcf3222b640 1 -- --> [v2:172.21.15.46:3300/0,v1:172.21.15.46:6789/0] -- mon_getmap magic: 0 -- 0x7fcf2c108370 con 0x7fcf2c1079a0
2024-09-12T01:31:16.881 INFO:teuthology.orchestra.run.smithi046.stdout:/usr/bin/ceph: stderr
2024-09-12T01:31:15.522+0000 7fcf2b7fe640 1 --2- >> [v2:172.21.15.46:3300/0,v1:172.21.15.46:6789/0] conn(0x7fcf2c1079a0 0x7fcf2c107da0 unknown :-1 s=BANNER_CONNECTING pgs=0 cs=0 l=0 rev1=0 crypto rx=0 tx=0 comp rx=0 tx=0)._handle_peer_banner_payload supported=3 required=0
2024-09-12T01:31:16.881 INFO:teuthology.orchestra.run.smithi046.stdout:/usr/bin/ceph: stderr
2024-09-12T01:31:15.522+0000 7fcf2b7fe640 1 --2- >> [v2:172.21.15.46:3300/0,v1:172.21.15.46:6789/0] conn(0x7fcf2c1079a0 0x7fcf2c107da0 unknown :-1 s=HELLO_CONNECTING pgs=0 cs=0 l=0 rev1=1 crypto rx=0 tx=0 comp rx=0 tx=0).handle_hello peer v2:172.21.15.46:3300/0 says I am v2:172.21.15.46:33448/0 (socket says 172.21.15.46:33448)
2024-09-12T01:31:16.881 INFO:teuthology.orchestra.run.smithi046.stdout:/usr/bin/ceph: stderr
2024-09-12T01:31:15.522+0000 7fcf2b7fe640 1 -- 172.21.15.46:0/2090140722 learned_addr learned my addr 172.21.15.46:0/2090140722 (peer_addr_for_me v2:172.21.15.46:0/0)
2024-09-12T01:31:16.881 INFO:teuthology.orchestra.run.smithi046.stdout:/usr/bin/ceph: stderr
2024-09-12T01:31:15.523+0000 7fcf2b7fe640 1 -- 172.21.15.46:0/2090140722 --> [v2:172.21.15.46:3300/0,v1:172.21.15.46:6789/0] -- mon_subscribe({config=0+,monmap=0+}) -- 0x7fcf2c1065b0 con 0x7fcf2c1079a0
2024-09-12T01:31:16.881 INFO:teuthology.orchestra.run.smithi046.stdout:/usr/bin/ceph: stderr
2024-09-12T01:31:15.523+0000 7fcf2b7fe640 1 --2- 172.21.15.46:0/2090140722 >> [v2:172.21.15.46:3300/0,v1:172.21.15.46:6789/0] conn(0x7fcf2c1079a0 0x7fcf2c107da0 secure :-1 s=READY pgs=49 cs=0 l=1 rev1=1 crypto rx=0x7fcf1c009820 tx=0x7fcf1c02a270 comp rx=0 tx=0).ready entity=mon.0 client_cookie=2c6f1648b0843b55 server_cookie=0 in_seq=0 out_seq=0
2024-09-12T01:31:16.881 INFO:teuthology.orchestra.run.smithi046.stdout:/usr/bin/ceph: stderr
2024-09-12T01:31:15.524+0000 7fcf2affd640 1 -- 172.21.15.46:0/2090140722 <== mon.0 v2:172.21.15.46:3300/0 1 ==== mon_map magic: 0 ==== 205+0+0 (secure 0 0 0) 0x7fcf1c037070 con 0x7fcf2c1079a0
2024-09-12T01:31:16.881 INFO:teuthology.orchestra.run.smithi046.stdout:/usr/bin/ceph: stderr
2024-09-12T01:31:15.524+0000 7fcf2affd640 1 -- 172.21.15.46:0/2090140722 <== mon.0 v2:172.21.15.46:3300/0 2 ==== config(26 keys) ==== 1102+0+0 (secure 0 0 0) 0x7fcf1c0328f0 con 0x7fcf2c1079a0
2024-09-12T01:31:16.881 INFO:teuthology.orchestra.run.smithi046.stdout:/usr/bin/ceph: stderr
2024-09-12T01:31:15.524+0000 7fcf2affd640 1 -- 172.21.15.46:0/2090140722 <== mon.0 v2:172.21.15.46:3300/0 3 ==== mon_map magic: 0 ==== 205+0+0 (secure 0 0 0) 0x7fcf1c030740 con 0x7fcf2c1079a0
2024-09-12T01:31:16.882 INFO:teuthology.orchestra.run.smithi046.stdout:/usr/bin/ceph: stderr
2024-09-12T01:31:15.524+0000 7fcf3222b640 1 -- 172.21.15.46:0/2090140722 >> [v2:172.21.15.46:3300/0,v1:172.21.15.46:6789/0] conn(0x7fcf2c1079a0 msgr2=0x7fcf2c107da0 secure :-1 s=STATE_CONNECTION_ESTABLISHED l=1).mark_down
2024-09-12T01:31:16.882 INFO:teuthology.orchestra.run.smithi046.stdout:/usr/bin/ceph: stderr
2024-09-12T01:31:15.524+0000 7fcf3222b640 1 --2- 172.21.15.46:0/2090140722 >> [v2:172.21.15.46:3300/0,v1:172.21.15.46:6789/0] conn(0x7fcf2c1079a0 0x7fcf2c107da0 secure :-1 s=READY pgs=49 cs=0 l=1 rev1=1 crypto rx=0x7fcf1c009820 tx=0x7fcf1c02a270 comp rx=0 tx=0).stop
2024-09-12T01:31:16.882 INFO:teuthology.orchestra.run.smithi046.stdout:/usr/bin/ceph: stderr
2024-09-12T01:31:15.524+0000 7fcf3222b640 1 -- 172.21.15.46:0/2090140722 shutdown_connections
2024-09-12T01:31:16.882 INFO:teuthology.orchestra.run.smithi046.stdout:/usr/bin/ceph: stderr
2024-09-12T01:31:15.524+0000 7fcf3222b640 1 --2- 172.21.15.46:0/2090140722 >> [v2:172.21.15.46:3300/0,v1:172.21.15.46:6789/0] conn(0x7fcf2c1079a0 0x7fcf2c107da0 unknown :-1 s=CLOSED pgs=49 cs=0 l=1 rev1=1 crypto rx=0 tx=0 comp rx=0 tx=0).stop
2024-09-12T01:31:16.882 INFO:teuthology.orchestra.run.smithi046.stdout:/usr/bin/ceph: stderr
2024-09-12T01:31:15.524+0000 7fcf3222b640 1 -- 172.21.15.46:0/2090140722 >> 172.21.15.46:0/2090140722 conn(0x7fcf2c101330 msgr2=0x7fcf2c103750 unknown :-1 s=STATE_NONE l=0).mark_down
2024-09-12T01:31:16.882 INFO:teuthology.orchestra.run.smithi046.stdout:/usr/bin/ceph: stderr
2024-09-12T01:31:15.524+0000 7fcf3222b640 1 -- 172.21.15.46:0/2090140722 shutdown_connections
2024-09-12T01:31:16.882 INFO:teuthology.orchestra.run.smithi046.stdout:/usr/bin/ceph: stderr
2024-09-12T01:31:15.524+0000 7fcf3222b640 1 -- 172.21.15.46:0/2090140722 wait complete.
2024-09-12T01:31:16.882 INFO:teuthology.orchestra.run.smithi046.stdout:/usr/bin/ceph: stderr
2024-09-12T01:31:15.525+0000 7fcf3222b640 1 Processor -- start
2024-09-12T01:31:16.882 INFO:teuthology.orchestra.run.smithi046.stdout:/usr/bin/ceph: stderr
2024-09-12T01:31:15.525+0000 7fcf3222b640 1 -- start start
2024-09-12T01:31:16.882 INFO:teuthology.orchestra.run.smithi046.stdout:/usr/bin/ceph: stderr
2024-09-12T01:31:15.525+0000 7fcf3222b640 1 --2- >> [v2:172.21.15.46:3300/0,v1:172.21.15.46:6789/0] conn(0x7fcf2c1079a0 0x7fcf2c19a360 unknown :-1 s=NONE pgs=0 cs=0 l=1 rev1=0 crypto rx=0 tx=0 comp rx=0 tx=0).connect
2024-09-12T01:31:16.882 INFO:teuthology.orchestra.run.smithi046.stdout:/usr/bin/ceph: stderr
2024-09-12T01:31:15.525+0000 7fcf3222b640 1 -- --> [v2:172.21.15.46:3300/0,v1:172.21.15.46:6789/0] -- mon_getmap magic: 0 -- 0x7fcf2c10a970 con 0x7fcf2c1079a0
2024-09-12T01:31:16.882 INFO:teuthology.orchestra.run.smithi046.stdout:/usr/bin/ceph: stderr
2024-09-12T01:31:15.525+0000 7fcf2b7fe640 1 --2- >> [v2:172.21.15.46:3300/0,v1:172.21.15.46:6789/0] conn(0x7fcf2c1079a0 0x7fcf2c19a360 unknown :-1 s=BANNER_CONNECTING pgs=0 cs=0 l=1 rev1=0 crypto rx=0 tx=0 comp rx=0 tx=0)._handle_peer_banner_payload supported=3 required=0
2024-09-12T01:31:16.883 INFO:teuthology.orchestra.run.smithi046.stdout:/usr/bin/ceph: stderr
2024-09-12T01:31:15.525+0000 7fcf2b7fe640 1 --2- >> [v2:172.21.15.46:3300/0,v1:172.21.15.46:6789/0] conn(0x7fcf2c1079a0 0x7fcf2c19a360 unknown :-1 s=HELLO_CONNECTING pgs=0 cs=0 l=1 rev1=1 crypto rx=0 tx=0 comp rx=0 tx=0).handle_hello peer v2:172.21.15.46:3300/0 says I am v2:172.21.15.46:33460/0 (socket says 172.21.15.46:33460)
2024-09-12T01:31:16.883 INFO:teuthology.orchestra.run.smithi046.stdout:/usr/bin/ceph: stderr
2024-09-12T01:31:15.525+0000 7fcf2b7fe640 1 -- 172.21.15.46:0/3034294345 learned_addr learned my addr 172.21.15.46:0/3034294345 (peer_addr_for_me v2:172.21.15.46:0/0)
2024-09-12T01:31:16.883 INFO:teuthology.orchestra.run.smithi046.stdout:/usr/bin/ceph: stderr
2024-09-12T01:31:15.526+0000 7fcf2b7fe640 1 -- 172.21.15.46:0/3034294345 --> [v2:172.21.15.46:3300/0,v1:172.21.15.46:6789/0] -- mon_subscribe({config=0+,monmap=0+}) -- 0x7fcf2c19a8a0 con 0x7fcf2c1079a0
2024-09-12T01:31:16.883 INFO:teuthology.orchestra.run.smithi046.stdout:/usr/bin/ceph: stderr
2024-09-12T01:31:15.526+0000 7fcf2b7fe640 1 --2- 172.21.15.46:0/3034294345 >> [v2:172.21.15.46:3300/0,v1:172.21.15.46:6789/0] conn(0x7fcf2c1079a0 0x7fcf2c19a360 secure :-1 s=READY pgs=50 cs=0 l=1 rev1=1 crypto rx=0x7fcf1c009940 tx=0x7fcf1c030cc0 comp rx=0 tx=0).ready entity=mon.0 client_cookie=0 server_cookie=0 in_seq=0 out_seq=0
2024-09-12T01:31:16.883 INFO:teuthology.orchestra.run.smithi046.stdout:/usr/bin/ceph: stderr
2024-09-12T01:31:15.526+0000 7fcf297fa640 1 -- 172.21.15.46:0/3034294345 <== mon.0 v2:172.21.15.46:3300/0 1 ==== mon_map magic: 0 ==== 205+0+0 (secure 0 0 0) 0x7fcf1c042070 con 0x7fcf2c1079a0
2024-09-12T01:31:16.883 INFO:teuthology.orchestra.run.smithi046.stdout:/usr/bin/ceph: stderr
2024-09-12T01:31:15.526+0000 7fcf297fa640 1 -- 172.21.15.46:0/3034294345 <== mon.0 v2:172.21.15.46:3300/0 2 ==== config(26 keys) ==== 1102+0+0 (secure 0 0 0) 0x7fcf1c030e30 con 0x7fcf2c1079a0
2024-09-12T01:31:16.883 INFO:teuthology.orchestra.run.smithi046.stdout:/usr/bin/ceph: stderr
2024-09-12T01:31:15.526+0000 7fcf3222b640 1 -- 172.21.15.46:0/3034294345 --> [v2:172.21.15.46:3300/0,v1:172.21.15.46:6789/0] -- mon_subscribe({mgrmap=0+}) -- 0x7fcf2c19ab30 con 0x7fcf2c1079a0
2024-09-12T01:31:16.883 INFO:teuthology.orchestra.run.smithi046.stdout:/usr/bin/ceph: stderr
2024-09-12T01:31:15.526+0000 7fcf297fa640 1 -- 172.21.15.46:0/3034294345 <== mon.0 v2:172.21.15.46:3300/0 3 ==== mon_map magic: 0 ==== 205+0+0 (secure 0 0 0) 0x7fcf1c037040 con 0x7fcf2c1079a0
2024-09-12T01:31:16.883 INFO:teuthology.orchestra.run.smithi046.stdout:/usr/bin/ceph: stderr
2024-09-12T01:31:15.526+0000 7fcf3222b640 1 -- 172.21.15.46:0/3034294345 --> [v2:172.21.15.46:3300/0,v1:172.21.15.46:6789/0] -- mon_subscribe({osdmap=0}) -- 0x7fcf2c19d820 con 0x7fcf2c1079a0
2024-09-12T01:31:16.883 INFO:teuthology.orchestra.run.smithi046.stdout:/usr/bin/ceph: stderr
2024-09-12T01:31:15.527+0000 7fcf297fa640 1 -- 172.21.15.46:0/3034294345 <== mon.0 v2:172.21.15.46:3300/0 4 ==== mgrmap(e 8) ==== 46287+0+0 (secure 0 0 0) 0x7fcf1c045070 con 0x7fcf2c1079a0
2024-09-12T01:31:16.883 INFO:teuthology.orchestra.run.smithi046.stdout:/usr/bin/ceph: stderr
2024-09-12T01:31:15.527+0000 7fcf3222b640 1 -- 172.21.15.46:0/3034294345 --> [v2:172.21.15.46:3300/0,v1:172.21.15.46:6789/0] -- mon_command({"prefix": "get_command_descriptions"} v 0) -- 0x7fcf2c10aaf0 con 0x7fcf2c1079a0
2024-09-12T01:31:16.883 INFO:teuthology.orchestra.run.smithi046.stdout:/usr/bin/ceph: stderr
2024-09-12T01:31:15.527+0000 7fcf297fa640 1 --2- 172.21.15.46:0/3034294345 >> [v2:172.21.15.46:6800/2212030758,v1:172.21.15.46:6801/2212030758] conn(0x7fcf18038fc0 0x7fcf1803b480 unknown :-1 s=NONE pgs=0 cs=0 l=1 rev1=0 crypto rx=0 tx=0 comp rx=0 tx=0).connect
2024-09-12T01:31:16.883 INFO:teuthology.orchestra.run.smithi046.stdout:/usr/bin/ceph: stderr
2024-09-12T01:31:15.527+0000 7fcf297fa640 1 -- 172.21.15.46:0/3034294345 <== mon.0 v2:172.21.15.46:3300/0 5 ==== osd_map(2..2 src has 1..2) ==== 940+0+0 (secure 0 0 0) 0x7fcf1c06c1f0 con 0x7fcf2c1079a0
2024-09-12T01:31:16.884 INFO:teuthology.orchestra.run.smithi046.stdout:/usr/bin/ceph: stderr
2024-09-12T01:31:15.527+0000 7fcf22ffd640 1 --2- 172.21.15.46:0/3034294345 >> [v2:172.21.15.46:6800/2212030758,v1:172.21.15.46:6801/2212030758] conn(0x7fcf18038fc0 0x7fcf1803b480 unknown :-1 s=BANNER_CONNECTING pgs=0 cs=0 l=1 rev1=0 crypto rx=0 tx=0 comp rx=0 tx=0)._handle_peer_banner_payload supported=3 required=0
2024-09-12T01:31:16.885 INFO:teuthology.orchestra.run.smithi046.stdout:/usr/bin/ceph: stderr
2024-09-12T01:31:15.528+0000 7fcf22ffd640 1 --2- 172.21.15.46:0/3034294345 >> [v2:172.21.15.46:6800/2212030758,v1:172.21.15.46:6801/2212030758] conn(0x7fcf18038fc0 0x7fcf1803b480 secure :-1 s=READY pgs=14 cs=0 l=1 rev1=1 crypto rx=0x7fcf140098c0 tx=0x7fcf14006db0 comp rx=0 tx=0).ready entity=mgr.14118 client_cookie=0 server_cookie=0 in_seq=0 out_seq=0
2024-09-12T01:31:16.885 INFO:teuthology.orchestra.run.smithi046.stdout:/usr/bin/ceph: stderr
2024-09-12T01:31:15.532+0000 7fcf297fa640 1 -- 172.21.15.46:0/3034294345 <== mon.0 v2:172.21.15.46:3300/0 6 ==== mon_command_ack([{"prefix": "get_command_descriptions"}]=0 v0) ==== 72+0+188821 (secure 0 0 0) 0x7fcf1c045360 con 0x7fcf2c1079a0
2024-09-12T01:31:16.885 INFO:teuthology.orchestra.run.smithi046.stdout:/usr/bin/ceph: stderr
2024-09-12T01:31:15.712+0000 7fcf3222b640 1 -- 172.21.15.46:0/3034294345 --> [v2:172.21.15.46:3300/0,v1:172.21.15.46:6789/0] -- mon_command([{prefix=config set, name=mgr/cephadm/container_init}] v 0) -- 0x7fcf2c107e20 con 0x7fcf2c1079a0
2024-09-12T01:31:16.885 INFO:teuthology.orchestra.run.smithi046.stdout:/usr/bin/ceph: stderr
2024-09-12T01:31:15.714+0000 7fcf297fa640 1 -- 172.21.15.46:0/3034294345 <== mon.0 v2:172.21.15.46:3300/0 7 ==== mon_command_ack([{prefix=config set, name=mgr/cephadm/container_init}]=0 v7)=0 v7) ==== 142+0+0 (secure 0 0 0) 0x7fcf1c06bb40 con 0x7fcf2c1079a0
2024-09-12T01:31:16.885 INFO:teuthology.orchestra.run.smithi046.stdout:/usr/bin/ceph: stderr
2024-09-12T01:31:15.717+0000 7fcf3222b640 1 -- 172.21.15.46:0/3034294345 >> [v2:172.21.15.46:6800/2212030758,v1:172.21.15.46:6801/2212030758] conn(0x7fcf18038fc0 msgr2=0x7fcf1803b480 secure :-1 s=STATE_CONNECTION_ESTABLISHED l=1).mark_down
2024-09-12T01:31:16.885 INFO:teuthology.orchestra.run.smithi046.stdout:/usr/bin/ceph: stderr
2024-09-12T01:31:15.717+0000 7fcf3222b640 1 --2- 172.21.15.46:0/3034294345 >> [v2:172.21.15.46:6800/2212030758,v1:172.21.15.46:6801/2212030758] conn(0x7fcf18038fc0 0x7fcf1803b480 secure :-1 s=READY pgs=14 cs=0 l=1 rev1=1 crypto rx=0x7fcf140098c0 tx=0x7fcf14006db0 comp rx=0 tx=0).stop
2024-09-12T01:31:16.885 INFO:teuthology.orchestra.run.smithi046.stdout:/usr/bin/ceph: stderr
2024-09-12T01:31:15.717+0000 7fcf3222b640 1 -- 172.21.15.46:0/3034294345 >> [v2:172.21.15.46:3300/0,v1:172.21.15.46:6789/0] conn(0x7fcf2c1079a0 msgr2=0x7fcf2c19a360 secure :-1 s=STATE_CONNECTION_ESTABLISHED l=1).mark_down
2024-09-12T01:31:16.885 INFO:teuthology.orchestra.run.smithi046.stdout:/usr/bin/ceph: stderr
2024-09-12T01:31:15.717+0000 7fcf3222b640 1 --2- 172.21.15.46:0/3034294345 >> [v2:172.21.15.46:3300/0,v1:172.21.15.46:6789/0] conn(0x7fcf2c1079a0 0x7fcf2c19a360 secure :-1 s=READY pgs=50 cs=0 l=1 rev1=1 crypto rx=0x7fcf1c009940 tx=0x7fcf1c030cc0 comp rx=0 tx=0).stop
2024-09-12T01:31:16.885 INFO:teuthology.orchestra.run.smithi046.stdout:/usr/bin/ceph: stderr
2024-09-12T01:31:15.717+0000 7fcf3222b640 1 -- 172.21.15.46:0/3034294345 shutdown_connections
2024-09-12T01:31:16.885 INFO:teuthology.orchestra.run.smithi046.stdout:/usr/bin/ceph: stderr
2024-09-12T01:31:15.717+0000 7fcf3222b640 1 --2- 172.21.15.46:0/3034294345 >> [v2:172.21.15.46:6800/2212030758,v1:172.21.15.46:6801/2212030758] conn(0x7fcf18038fc0 0x7fcf1803b480 unknown :-1 s=CLOSED pgs=14 cs=0 l=1 rev1=1 crypto rx=0 tx=0 comp rx=0 tx=0).stop
2024-09-12T01:31:16.886 INFO:teuthology.orchestra.run.smithi046.stdout:/usr/bin/ceph: stderr
2024-09-12T01:31:15.717+0000 7fcf3222b640 1 --2- 172.21.15.46:0/3034294345 >> [v2:172.21.15.46:3300/0,v1:172.21.15.46:6789/0] conn(0x7fcf2c1079a0 0x7fcf2c19a360 unknown :-1 s=CLOSED pgs=50 cs=0 l=1 rev1=1 crypto rx=0 tx=0 comp rx=0 tx=0).stop
2024-09-12T01:31:16.886 INFO:teuthology.orchestra.run.smithi046.stdout:/usr/bin/ceph: stderr
2024-09-12T01:31:15.717+0000 7fcf3222b640 1 -- 172.21.15.46:0/3034294345 >> 172.21.15.46:0/3034294345 conn(0x7fcf2c101330 msgr2=0x7fcf2c101ec0 unknown :-1 s=STATE_NONE l=0).mark_down
2024-09-12T01:31:16.886 INFO:teuthology.orchestra.run.smithi046.stdout:/usr/bin/ceph: stderr
2024-09-12T01:31:15.717+0000 7fcf3222b640 1 -- 172.21.15.46:0/3034294345 shutdown_connections
2024-09-12T01:31:16.886 INFO:teuthology.orchestra.run.smithi046.stdout:/usr/bin/ceph: stderr
2024-09-12T01:31:15.717+0000 7fcf3222b640 1 -- 172.21.15.46:0/3034294345 wait complete.
2024-09-12T01:31:18.142 INFO:teuthology.orchestra.run.smithi046.stdout:/usr/bin/ceph: stderr
2024-09-12T01:31:17.290+0000 7f822b055640 1 Processor -- start
2024-09-12T01:31:18.142 INFO:teuthology.orchestra.run.smithi046.stdout:/usr/bin/ceph: stderr
2024-09-12T01:31:17.290+0000 7f822b055640 1 -- start start
2024-09-12T01:31:18.142 INFO:teuthology.orchestra.run.smithi046.stdout:/usr/bin/ceph: stderr
2024-09-12T01:31:17.290+0000 7f822b055640 1 --2- >> [v2:172.21.15.46:3300/0,v1:172.21.15.46:6789/0] conn(0x7f82241063c0 0x7f82241067c0 unknown :-1 s=NONE pgs=0 cs=0 l=0 rev1=0 crypto rx=0 tx=0 comp rx=0 tx=0).connect
2024-09-12T01:31:18.142 INFO:teuthology.orchestra.run.smithi046.stdout:/usr/bin/ceph: stderr
2024-09-12T01:31:17.290+0000 7f822b055640 1 -- --> [v2:172.21.15.46:3300/0,v1:172.21.15.46:6789/0] -- mon_getmap magic: 0 -- 0x7f8224106d90 con 0x7f82241063c0
2024-09-12T01:31:18.143 INFO:teuthology.orchestra.run.smithi046.stdout:/usr/bin/ceph: stderr
2024-09-12T01:31:17.291+0000 7f8228df1640 1 --2- >> [v2:172.21.15.46:3300/0,v1:172.21.15.46:6789/0] conn(0x7f82241063c0 0x7f82241067c0 unknown :-1 s=BANNER_CONNECTING pgs=0 cs=0 l=0 rev1=0 crypto rx=0 tx=0 comp rx=0 tx=0)._handle_peer_banner_payload supported=3 required=0
2024-09-12T01:31:18.143 INFO:teuthology.orchestra.run.smithi046.stdout:/usr/bin/ceph: stderr
2024-09-12T01:31:17.291+0000 7f8228df1640 1 --2- >> [v2:172.21.15.46:3300/0,v1:172.21.15.46:6789/0] conn(0x7f82241063c0 0x7f82241067c0 unknown :-1 s=HELLO_CONNECTING pgs=0 cs=0 l=0 rev1=1 crypto rx=0 tx=0 comp rx=0 tx=0).handle_hello peer v2:172.21.15.46:3300/0 says I am v2:172.21.15.46:33462/0 (socket says 172.21.15.46:33462)
2024-09-12T01:31:18.143 INFO:teuthology.orchestra.run.smithi046.stdout:/usr/bin/ceph: stderr
2024-09-12T01:31:17.291+0000 7f8228df1640 1 -- 172.21.15.46:0/1891483496 learned_addr learned my addr 172.21.15.46:0/1891483496 (peer_addr_for_me v2:172.21.15.46:0/0)
2024-09-12T01:31:18.143 INFO:teuthology.orchestra.run.smithi046.stdout:/usr/bin/ceph: stderr
2024-09-12T01:31:17.291+0000 7f8228df1640 1 -- 172.21.15.46:0/1891483496 --> [v2:172.21.15.46:3300/0,v1:172.21.15.46:6789/0] -- mon_subscribe({config=0+,monmap=0+}) -- 0x7f8224107570 con 0x7f82241063c0
2024-09-12T01:31:18.143 INFO:teuthology.orchestra.run.smithi046.stdout:/usr/bin/ceph: stderr
2024-09-12T01:31:17.292+0000 7f8228df1640 1 --2- 172.21.15.46:0/1891483496 >> [v2:172.21.15.46:3300/0,v1:172.21.15.46:6789/0] conn(0x7f82241063c0 0x7f82241067c0 secure :-1 s=READY pgs=51 cs=0 l=1 rev1=1 crypto rx=0x7f8218009820 tx=0x7f821802a270 comp rx=0 tx=0).ready entity=mon.0 client_cookie=6953b61cc864ee05 server_cookie=0 in_seq=0 out_seq=0
2024-09-12T01:31:18.143 INFO:teuthology.orchestra.run.smithi046.stdout:/usr/bin/ceph: stderr
2024-09-12T01:31:17.292+0000 7f82237fe640 1 -- 172.21.15.46:0/1891483496 <== mon.0 v2:172.21.15.46:3300/0 1 ==== mon_map magic: 0 ==== 205+0+0 (secure 0 0 0) 0x7f8218037070 con 0x7f82241063c0
2024-09-12T01:31:18.143 INFO:teuthology.orchestra.run.smithi046.stdout:/usr/bin/ceph: stderr
2024-09-12T01:31:17.292+0000 7f82237fe640 1 -- 172.21.15.46:0/1891483496 <== mon.0 v2:172.21.15.46:3300/0 2 ==== config(26 keys) ==== 1102+0+0 (secure 0 0 0) 0x7f82180328f0 con 0x7f82241063c0
2024-09-12T01:31:18.143 INFO:teuthology.orchestra.run.smithi046.stdout:/usr/bin/ceph: stderr
2024-09-12T01:31:17.292+0000 7f82237fe640 1 -- 172.21.15.46:0/1891483496 <== mon.0 v2:172.21.15.46:3300/0 3 ==== mon_map magic: 0 ==== 205+0+0 (secure 0 0 0) 0x7f8218030740 con 0x7f82241063c0
2024-09-12T01:31:18.143 INFO:teuthology.orchestra.run.smithi046.stdout:/usr/bin/ceph: stderr
2024-09-12T01:31:17.293+0000 7f822b055640 1 -- 172.21.15.46:0/1891483496 >> [v2:172.21.15.46:3300/0,v1:172.21.15.46:6789/0] conn(0x7f82241063c0 msgr2=0x7f82241067c0 secure :-1 s=STATE_CONNECTION_ESTABLISHED l=1).mark_down
2024-09-12T01:31:18.143 INFO:teuthology.orchestra.run.smithi046.stdout:/usr/bin/ceph: stderr
2024-09-12T01:31:17.293+0000 7f822b055640 1 --2- 172.21.15.46:0/1891483496 >> [v2:172.21.15.46:3300/0,v1:172.21.15.46:6789/0] conn(0x7f82241063c0 0x7f82241067c0 secure :-1 s=READY pgs=51 cs=0 l=1 rev1=1 crypto rx=0x7f8218009820 tx=0x7f821802a270 comp rx=0 tx=0).stop
2024-09-12T01:31:18.143 INFO:teuthology.orchestra.run.smithi046.stdout:/usr/bin/ceph: stderr
2024-09-12T01:31:17.293+0000 7f822b055640 1 -- 172.21.15.46:0/1891483496 shutdown_connections
2024-09-12T01:31:18.143 INFO:teuthology.orchestra.run.smithi046.stdout:/usr/bin/ceph: stderr
2024-09-12T01:31:17.293+0000 7f822b055640 1 --2- 172.21.15.46:0/1891483496 >> [v2:172.21.15.46:3300/0,v1:172.21.15.46:6789/0] conn(0x7f82241063c0 0x7f82241067c0 unknown :-1 s=CLOSED pgs=51 cs=0 l=1 rev1=1 crypto rx=0 tx=0 comp rx=0 tx=0).stop
2024-09-12T01:31:18.143 INFO:teuthology.orchestra.run.smithi046.stdout:/usr/bin/ceph: stderr
2024-09-12T01:31:17.293+0000 7f822b055640 1 -- 172.21.15.46:0/1891483496 >> 172.21.15.46:0/1891483496 conn(0x7f8224101b50 msgr2=0x7f8224103f90 unknown :-1 s=STATE_NONE l=0).mark_down
2024-09-12T01:31:18.144 INFO:teuthology.orchestra.run.smithi046.stdout:/usr/bin/ceph: stderr
2024-09-12T01:31:17.293+0000 7f822b055640 1 -- 172.21.15.46:0/1891483496 shutdown_connections
2024-09-12T01:31:18.144 INFO:teuthology.orchestra.run.smithi046.stdout:/usr/bin/ceph: stderr
2024-09-12T01:31:17.293+0000 7f822b055640 1 -- 172.21.15.46:0/1891483496 wait complete.
2024-09-12T01:31:18.144 INFO:teuthology.orchestra.run.smithi046.stdout:/usr/bin/ceph: stderr
2024-09-12T01:31:17.294+0000 7f822b055640 1 Processor -- start
2024-09-12T01:31:18.144 INFO:teuthology.orchestra.run.smithi046.stdout:/usr/bin/ceph: stderr
2024-09-12T01:31:17.294+0000 7f822b055640 1 -- start start
2024-09-12T01:31:18.144 INFO:teuthology.orchestra.run.smithi046.stdout:/usr/bin/ceph: stderr
2024-09-12T01:31:17.294+0000 7f822b055640 1 --2- >> [v2:172.21.15.46:3300/0,v1:172.21.15.46:6789/0] conn(0x7f82241063c0 0x7f822419b4a0 unknown :-1 s=NONE pgs=0 cs=0 l=1 rev1=0 crypto rx=0 tx=0 comp rx=0 tx=0).connect
2024-09-12T01:31:18.144 INFO:teuthology.orchestra.run.smithi046.stdout:/usr/bin/ceph: stderr
2024-09-12T01:31:17.294+0000 7f822b055640 1 -- --> [v2:172.21.15.46:3300/0,v1:172.21.15.46:6789/0] -- mon_getmap magic: 0 -- 0x7f822410a920 con 0x7f82241063c0
2024-09-12T01:31:18.144 INFO:teuthology.orchestra.run.smithi046.stdout:/usr/bin/ceph: stderr
2024-09-12T01:31:17.294+0000 7f8228df1640 1 --2- >> [v2:172.21.15.46:3300/0,v1:172.21.15.46:6789/0] conn(0x7f82241063c0 0x7f822419b4a0 unknown :-1 s=BANNER_CONNECTING pgs=0 cs=0 l=1 rev1=0 crypto rx=0 tx=0 comp rx=0 tx=0)._handle_peer_banner_payload supported=3 required=0
2024-09-12T01:31:18.144 INFO:teuthology.orchestra.run.smithi046.stdout:/usr/bin/ceph: stderr
2024-09-12T01:31:17.294+0000 7f8228df1640 1 --2- >> [v2:172.21.15.46:3300/0,v1:172.21.15.46:6789/0] conn(0x7f82241063c0 0x7f822419b4a0 unknown :-1 s=HELLO_CONNECTING pgs=0 cs=0 l=1 rev1=1 crypto rx=0 tx=0 comp rx=0 tx=0).handle_hello peer v2:172.21.15.46:3300/0 says I am v2:172.21.15.46:33466/0 (socket says 172.21.15.46:33466)
2024-09-12T01:31:18.144 INFO:teuthology.orchestra.run.smithi046.stdout:/usr/bin/ceph: stderr
2024-09-12T01:31:17.294+0000 7f8228df1640 1 -- 172.21.15.46:0/97197632 learned_addr learned my addr 172.21.15.46:0/97197632 (peer_addr_for_me v2:172.21.15.46:0/0)
2024-09-12T01:31:18.144 INFO:teuthology.orchestra.run.smithi046.stdout:/usr/bin/ceph: stderr
2024-09-12T01:31:17.295+0000 7f8228df1640 1 -- 172.21.15.46:0/97197632 --> [v2:172.21.15.46:3300/0,v1:172.21.15.46:6789/0] -- mon_subscribe({config=0+,monmap=0+}) -- 0x7f822419b9e0 con 0x7f82241063c0
2024-09-12T01:31:18.144 INFO:teuthology.orchestra.run.smithi046.stdout:/usr/bin/ceph: stderr
2024-09-12T01:31:17.295+0000 7f8228df1640 1 --2- 172.21.15.46:0/97197632 >> [v2:172.21.15.46:3300/0,v1:172.21.15.46:6789/0] conn(0x7f82241063c0 0x7f822419b4a0 secure :-1 s=READY pgs=52 cs=0 l=1 rev1=1 crypto rx=0x7f8218009940 tx=0x7f8218030cc0 comp rx=0 tx=0).ready entity=mon.0 client_cookie=0 server_cookie=0 in_seq=0 out_seq=0
2024-09-12T01:31:18.144 INFO:teuthology.orchestra.run.smithi046.stdout:/usr/bin/ceph: stderr
2024-09-12T01:31:17.295+0000 7f8221ffb640 1 -- 172.21.15.46:0/97197632 <== mon.0 v2:172.21.15.46:3300/0 1 ==== mon_map magic: 0 ==== 205+0+0 (secure 0 0 0) 0x7f8218042070 con 0x7f82241063c0
2024-09-12T01:31:18.144 INFO:teuthology.orchestra.run.smithi046.stdout:/usr/bin/ceph: stderr
2024-09-12T01:31:17.295+0000 7f8221ffb640 1 -- 172.21.15.46:0/97197632 <== mon.0 v2:172.21.15.46:3300/0 2 ==== config(26 keys) ==== 1102+0+0 (secure 0 0 0) 0x7f8218030e30 con 0x7f82241063c0
2024-09-12T01:31:18.145 INFO:teuthology.orchestra.run.smithi046.stdout:/usr/bin/ceph: stderr
2024-09-12T01:31:17.295+0000 7f8221ffb640 1 -- 172.21.15.46:0/97197632 <== mon.0 v2:172.21.15.46:3300/0 3 ==== mon_map magic: 0 ==== 205+0+0 (secure 0 0 0) 0x7f8218037040 con 0x7f82241063c0
2024-09-12T01:31:18.145 INFO:teuthology.orchestra.run.smithi046.stdout:/usr/bin/ceph: stderr
2024-09-12T01:31:17.295+0000 7f822b055640 1 -- 172.21.15.46:0/97197632 --> [v2:172.21.15.46:3300/0,v1:172.21.15.46:6789/0] -- mon_subscribe({mgrmap=0+}) -- 0x7f822419bc70 con 0x7f82241063c0
2024-09-12T01:31:18.145 INFO:teuthology.orchestra.run.smithi046.stdout:/usr/bin/ceph: stderr
2024-09-12T01:31:17.295+0000 7f822b055640 1 -- 172.21.15.46:0/97197632 --> [v2:172.21.15.46:3300/0,v1:172.21.15.46:6789/0] -- mon_subscribe({osdmap=0}) -- 0x7f822419e960 con 0x7f82241063c0
2024-09-12T01:31:18.145 INFO:teuthology.orchestra.run.smithi046.stdout:/usr/bin/ceph: stderr
2024-09-12T01:31:17.296+0000 7f8221ffb640 1 -- 172.21.15.46:0/97197632 <== mon.0 v2:172.21.15.46:3300/0 4 ==== mgrmap(e 8) ==== 46287+0+0 (secure 0 0 0) 0x7f8218045070 con 0x7f82241063c0
2024-09-12T01:31:18.145 INFO:teuthology.orchestra.run.smithi046.stdout:/usr/bin/ceph: stderr
2024-09-12T01:31:17.296+0000 7f822b055640 1 -- 172.21.15.46:0/97197632 --> [v2:172.21.15.46:3300/0,v1:172.21.15.46:6789/0] -- mon_command({"prefix": "get_command_descriptions"} v 0) -- 0x7f822410aaa0 con 0x7f82241063c0
2024-09-12T01:31:18.145 INFO:teuthology.orchestra.run.smithi046.stdout:/usr/bin/ceph: stderr
2024-09-12T01:31:17.296+0000 7f8221ffb640 1 --2- 172.21.15.46:0/97197632 >> [v2:172.21.15.46:6800/2212030758,v1:172.21.15.46:6801/2212030758] conn(0x7f8214038f70 0x7f821403b430 unknown :-1 s=NONE pgs=0 cs=0 l=1 rev1=0 crypto rx=0 tx=0 comp rx=0 tx=0).connect
2024-09-12T01:31:18.145 INFO:teuthology.orchestra.run.smithi046.stdout:/usr/bin/ceph: stderr
2024-09-12T01:31:17.296+0000 7f8221ffb640 1 -- 172.21.15.46:0/97197632 <== mon.0 v2:172.21.15.46:3300/0 5 ==== osd_map(2..2 src has 1..2) ==== 940+0+0 (secure 0 0 0) 0x7f821806c020 con 0x7f82241063c0
2024-09-12T01:31:18.145 INFO:teuthology.orchestra.run.smithi046.stdout:/usr/bin/ceph: stderr
2024-09-12T01:31:17.297+0000 7f8223fff640 1 --2- 172.21.15.46:0/97197632 >> [v2:172.21.15.46:6800/2212030758,v1:172.21.15.46:6801/2212030758] conn(0x7f8214038f70 0x7f821403b430 unknown :-1 s=BANNER_CONNECTING pgs=0 cs=0 l=1 rev1=0 crypto rx=0 tx=0 comp rx=0 tx=0)._handle_peer_banner_payload supported=3 required=0
2024-09-12T01:31:18.145 INFO:teuthology.orchestra.run.smithi046.stdout:/usr/bin/ceph: stderr
2024-09-12T01:31:17.297+0000 7f8223fff640 1 --2- 172.21.15.46:0/97197632 >> [v2:172.21.15.46:6800/2212030758,v1:172.21.15.46:6801/2212030758] conn(0x7f8214038f70 0x7f821403b430 secure :-1 s=READY pgs=15 cs=0 l=1 rev1=1 crypto rx=0x7f82100098c0 tx=0x7f8210006db0 comp rx=0 tx=0).ready entity=mgr.14118 client_cookie=0 server_cookie=0 in_seq=0 out_seq=0
2024-09-12T01:31:18.145 INFO:teuthology.orchestra.run.smithi046.stdout:/usr/bin/ceph: stderr
2024-09-12T01:31:17.302+0000 7f8221ffb640 1 -- 172.21.15.46:0/97197632 <== mon.0 v2:172.21.15.46:3300/0 6 ==== mon_command_ack([{"prefix": "get_command_descriptions"}]=0 v0) ==== 72+0+188821 (secure 0 0 0) 0x7f8218046e00 con 0x7f82241063c0
2024-09-12T01:31:18.145 INFO:teuthology.orchestra.run.smithi046.stdout:/usr/bin/ceph: stderr
2024-09-12T01:31:17.498+0000 7f822b055640 1 -- 172.21.15.46:0/97197632 --> [v2:172.21.15.46:3300/0,v1:172.21.15.46:6789/0] -- mon_command([{prefix=config set, name=mgr/dashboard/ssl_server_port}] v 0) -- 0x7f822402da20 con 0x7f82241063c0
2024-09-12T01:31:18.145 INFO:teuthology.orchestra.run.smithi046.stdout:/usr/bin/ceph: stderr
2024-09-12T01:31:17.501+0000 7f8221ffb640 1 -- 172.21.15.46:0/97197632 <== mon.0 v2:172.21.15.46:3300/0 7 ==== mon_command_ack([{prefix=config set, name=mgr/dashboard/ssl_server_port}]=0 v8)=0 v8) ==== 130+0+0 (secure 0 0 0) 0x7f8218045360 con 0x7f82241063c0
2024-09-12T01:31:18.145 INFO:teuthology.orchestra.run.smithi046.stdout:/usr/bin/ceph: stderr
2024-09-12T01:31:17.504+0000 7f822b055640 1 -- 172.21.15.46:0/97197632 >> [v2:172.21.15.46:6800/2212030758,v1:172.21.15.46:6801/2212030758] conn(0x7f8214038f70 msgr2=0x7f821403b430 secure :-1 s=STATE_CONNECTION_ESTABLISHED l=1).mark_down
2024-09-12T01:31:18.146 INFO:teuthology.orchestra.run.smithi046.stdout:/usr/bin/ceph: stderr
2024-09-12T01:31:17.504+0000 7f822b055640 1 --2- 172.21.15.46:0/97197632 >> [v2:172.21.15.46:6800/2212030758,v1:172.21.15.46:6801/2212030758] conn(0x7f8214038f70 0x7f821403b430 secure :-1 s=READY pgs=15 cs=0 l=1 rev1=1 crypto rx=0x7f82100098c0 tx=0x7f8210006db0 comp rx=0 tx=0).stop
2024-09-12T01:31:18.146 INFO:teuthology.orchestra.run.smithi046.stdout:/usr/bin/ceph: stderr
2024-09-12T01:31:17.504+0000 7f822b055640 1 -- 172.21.15.46:0/97197632 >> [v2:172.21.15.46:3300/0,v1:172.21.15.46:6789/0] conn(0x7f82241063c0 msgr2=0x7f822419b4a0 secure :-1 s=STATE_CONNECTION_ESTABLISHED l=1).mark_down
2024-09-12T01:31:18.146 INFO:teuthology.orchestra.run.smithi046.stdout:/usr/bin/ceph: stderr
2024-09-12T01:31:17.504+0000 7f822b055640 1 --2- 172.21.15.46:0/97197632 >> [v2:172.21.15.46:3300/0,v1:172.21.15.46:6789/0] conn(0x7f82241063c0 0x7f822419b4a0 secure :-1 s=READY pgs=52 cs=0 l=1 rev1=1 crypto rx=0x7f8218009940 tx=0x7f8218030cc0 comp rx=0 tx=0).stop
2024-09-12T01:31:18.146 INFO:teuthology.orchestra.run.smithi046.stdout:/usr/bin/ceph: stderr
2024-09-12T01:31:17.504+0000 7f822b055640 1 -- 172.21.15.46:0/97197632 shutdown_connections
2024-09-12T01:31:18.146 INFO:teuthology.orchestra.run.smithi046.stdout:/usr/bin/ceph: stderr
2024-09-12T01:31:17.504+0000 7f822b055640 1 --2- 172.21.15.46:0/97197632 >> [v2:172.21.15.46:6800/2212030758,v1:172.21.15.46:6801/2212030758] conn(0x7f8214038f70 0x7f821403b430 unknown :-1 s=CLOSED pgs=15 cs=0 l=1 rev1=1 crypto rx=0 tx=0 comp rx=0 tx=0).stop
2024-09-12T01:31:18.146 INFO:teuthology.orchestra.run.smithi046.stdout:/usr/bin/ceph: stderr
2024-09-12T01:31:17.504+0000 7f822b055640 1 --2- 172.21.15.46:0/97197632 >> [v2:172.21.15.46:3300/0,v1:172.21.15.46:6789/0] conn(0x7f82241063c0 0x7f822419b4a0 unknown :-1 s=CLOSED pgs=52 cs=0 l=1 rev1=1 crypto rx=0 tx=0 comp rx=0 tx=0).stop
2024-09-12T01:31:18.146 INFO:teuthology.orchestra.run.smithi046.stdout:/usr/bin/ceph: stderr
2024-09-12T01:31:17.504+0000 7f822b055640 1 -- 172.21.15.46:0/97197632 >> 172.21.15.46:0/97197632 conn(0x7f8224101b50 msgr2=0x7f8224102a80 unknown :-1 s=STATE_NONE l=0).mark_down
2024-09-12T01:31:18.146 INFO:teuthology.orchestra.run.smithi046.stdout:/usr/bin/ceph: stderr
2024-09-12T01:31:17.504+0000 7f822b055640 1 -- 172.21.15.46:0/97197632 shutdown_connections
2024-09-12T01:31:18.146 INFO:teuthology.orchestra.run.smithi046.stdout:/usr/bin/ceph: stderr
2024-09-12T01:31:17.504+0000 7f822b055640 1 -- 172.21.15.46:0/97197632 wait complete.
2024-09-12T01:31:18.146 INFO:teuthology.orchestra.run.smithi046.stdout:Enabling the dashboard module...
2024-09-12T01:31:18.388 INFO:journalctl@ceph.mon.a.smithi046.stdout:Sep 12 01:31:18 smithi046 ceph-mon[30991]: from='mgr.14118 172.21.15.46:0/340215501' entity='mgr.x'
2024-09-12T01:31:18.388 INFO:journalctl@ceph.mon.a.smithi046.stdout:Sep 12 01:31:18 smithi046 ceph-mon[30991]: from='client.? 172.21.15.46:0/97197632' entity='client.admin'
2024-09-12T01:31:19.660 INFO:journalctl@ceph.mon.a.smithi046.stdout:Sep 12 01:31:19 smithi046 ceph-mon[30991]: from='client.? 172.21.15.46:0/553682708' entity='client.admin' cmd=[{"prefix": "mgr module enable", "module": "dashboard"}]: dispatch
2024-09-12T01:31:19.660 INFO:journalctl@ceph.mgr.x.smithi046.stdout:Sep 12 01:31:19 smithi046 ceph-678e0f66-70a6-11ef-bcea-c7b262605968-mgr-x[31218]: ignoring --setuser ceph since I am not root
2024-09-12T01:31:19.660 INFO:journalctl@ceph.mgr.x.smithi046.stdout:Sep 12 01:31:19 smithi046 ceph-678e0f66-70a6-11ef-bcea-c7b262605968-mgr-x[31218]: ignoring --setgroup ceph since I am not root
2024-09-12T01:31:19.660 INFO:journalctl@ceph.mgr.x.smithi046.stdout:Sep 12 01:31:19 smithi046 ceph-678e0f66-70a6-11ef-bcea-c7b262605968-mgr-x[31218]:
2024-09-12T01:31:19.508+0000 7fa5ae04f040 -1 mgr[py] Module osd_perf_query has missing NOTIFY_TYPES member
2024-09-12T01:31:19.661 INFO:journalctl@ceph.mgr.x.smithi046.stdout:Sep 12 01:31:19 smithi046 ceph-678e0f66-70a6-11ef-bcea-c7b262605968-mgr-x[31218]:
2024-09-12T01:31:19.568+0000 7fa5ae04f040 -1 mgr[py] Module osd_support has missing NOTIFY_TYPES member
2024-09-12T01:31:20.031 INFO:journalctl@ceph.mgr.x.smithi046.stdout:Sep 12 01:31:19 smithi046 ceph-678e0f66-70a6-11ef-bcea-c7b262605968-mgr-x[31218]:
2024-09-12T01:31:19.723+0000 7fa5ae04f040 -1 mgr[py] Module diskprediction_local has missing NOTIFY_TYPES member
2024-09-12T01:31:20.031 INFO:journalctl@ceph.mgr.x.smithi046.stdout:Sep 12 01:31:19 smithi046 ceph-678e0f66-70a6-11ef-bcea-c7b262605968-mgr-x[31218]:
2024-09-12T01:31:19.793+0000 7fa5ae04f040 -1 mgr[py] Module crash has missing NOTIFY_TYPES member
2024-09-12T01:31:20.031 INFO:journalctl@ceph.mgr.x.smithi046.stdout:Sep 12 01:31:19 smithi046 ceph-678e0f66-70a6-11ef-bcea-c7b262605968-mgr-x[31218]:
2024-09-12T01:31:19.948+0000 7fa5ae04f040 -1 mgr[py] Module test_orchestrator has missing NOTIFY_TYPES member
