2024-09-12T01:31:29.885 INFO:teuthology.orchestra.run.smithi046.stdout:/usr/bin/ceph: stderr
2024-09-12T01:31:28.660+0000 7f4e0d7fa640 1 -- 172.21.15.46:0/3704149204 <== mgr.14150 v2:172.21.15.46:6800/3891347220 1 ==== mgr_command_reply(tid 0: 0 ) ==== 8+0+252 (secure 0 0 0) 0x7f4e10107940 con 0x7f4df8039020
2024-09-12T01:31:29.885 INFO:teuthology.orchestra.run.smithi046.stdout:/usr/bin/ceph: stderr
2024-09-12T01:31:28.662+0000 7f4e16384640 1 -- 172.21.15.46:0/3704149204 >> [v2:172.21.15.46:6800/3891347220,v1:172.21.15.46:6801/3891347220] conn(0x7f4df8039020 msgr2=0x7f4df803b4e0 secure :-1 s=STATE_CONNECTION_ESTABLISHED l=1).mark_down
2024-09-12T01:31:29.885 INFO:teuthology.orchestra.run.smithi046.stdout:/usr/bin/ceph: stderr
2024-09-12T01:31:28.662+0000 7f4e16384640 1 --2- 172.21.15.46:0/3704149204 >> [v2:172.21.15.46:6800/3891347220,v1:172.21.15.46:6801/3891347220] conn(0x7f4df8039020 0x7f4df803b4e0 secure :-1 s=READY pgs=8 cs=0 l=1 rev1=1 crypto rx=0x7f4e040098c0 tx=0x7f4e04006db0 comp rx=0 tx=0).stop
2024-09-12T01:31:29.885 INFO:teuthology.orchestra.run.smithi046.stdout:/usr/bin/ceph: stderr
2024-09-12T01:31:28.662+0000 7f4e16384640 1 -- 172.21.15.46:0/3704149204 >> [v2:172.21.15.46:3300/0,v1:172.21.15.46:6789/0] conn(0x7f4e101074c0 msgr2=0x7f4e1007db20 secure :-1 s=STATE_CONNECTION_ESTABLISHED l=1).mark_down
2024-09-12T01:31:29.885 INFO:teuthology.orchestra.run.smithi046.stdout:/usr/bin/ceph: stderr
2024-09-12T01:31:28.662+0000 7f4e16384640 1 --2- 172.21.15.46:0/3704149204 >> [v2:172.21.15.46:3300/0,v1:172.21.15.46:6789/0] conn(0x7f4e101074c0 0x7f4e1007db20 secure :-1 s=READY pgs=71 cs=0 l=1 rev1=1 crypto rx=0x7f4e000097f0 tx=0x7f4e00030c70 comp rx=0 tx=0).stop
2024-09-12T01:31:29.885 INFO:teuthology.orchestra.run.smithi046.stdout:/usr/bin/ceph: stderr
2024-09-12T01:31:28.662+0000 7f4e16384640 1 -- 172.21.15.46:0/3704149204 shutdown_connections
2024-09-12T01:31:29.885 INFO:teuthology.orchestra.run.smithi046.stdout:/usr/bin/ceph: stderr
2024-09-12T01:31:28.662+0000 7f4e16384640 1 --2- 172.21.15.46:0/3704149204 >> [v2:172.21.15.46:6800/3891347220,v1:172.21.15.46:6801/3891347220] conn(0x7f4df8039020 0x7f4df803b4e0 unknown :-1 s=CLOSED pgs=8 cs=0 l=1 rev1=1 crypto rx=0 tx=0 comp rx=0 tx=0).stop
2024-09-12T01:31:29.885 INFO:teuthology.orchestra.run.smithi046.stdout:/usr/bin/ceph: stderr
2024-09-12T01:31:28.663+0000 7f4e16384640 1 --2- 172.21.15.46:0/3704149204 >> [v2:172.21.15.46:3300/0,v1:172.21.15.46:6789/0] conn(0x7f4e101074c0 0x7f4e1007db20 unknown :-1 s=CLOSED pgs=71 cs=0 l=1 rev1=1 crypto rx=0 tx=0 comp rx=0 tx=0).stop
2024-09-12T01:31:29.886 INFO:teuthology.orchestra.run.smithi046.stdout:/usr/bin/ceph: stderr
2024-09-12T01:31:28.663+0000 7f4e16384640 1 -- 172.21.15.46:0/3704149204 >> 172.21.15.46:0/3704149204 conn(0x7f4e10102c70 msgr2=0x7f4e101037a0 unknown :-1 s=STATE_NONE l=0).mark_down
2024-09-12T01:31:29.886 INFO:teuthology.orchestra.run.smithi046.stdout:/usr/bin/ceph: stderr
2024-09-12T01:31:28.663+0000 7f4e16384640 1 -- 172.21.15.46:0/3704149204 shutdown_connections
2024-09-12T01:31:29.886 INFO:teuthology.orchestra.run.smithi046.stdout:/usr/bin/ceph: stderr
2024-09-12T01:31:28.663+0000 7f4e16384640 1 -- 172.21.15.46:0/3704149204 wait complete.
2024-09-12T01:31:29.886 INFO:teuthology.orchestra.run.smithi046.stdout:Fetching dashboard port number...
2024-09-12T01:31:30.910 INFO:journalctl@ceph.mon.a.smithi046.stdout:Sep 12 01:31:30 smithi046 ceph-mon[30991]: from='client.? 172.21.15.46:0/1307564737' entity='client.admin' cmd=[{"prefix": "config get", "who": "mgr", "key": "mgr/dashboard/ssl_server_port"}]: dispatch
2024-09-12T01:31:30.910 INFO:journalctl@ceph.mon.a.smithi046.stdout:Sep 12 01:31:30 smithi046 ceph-mon[30991]: mgrmap e13: x(active, since 6s)
2024-09-12T01:31:31.021 INFO:teuthology.orchestra.run.smithi046.stdout:/usr/bin/ceph: stdout 8443
2024-09-12T01:31:31.022 INFO:teuthology.orchestra.run.smithi046.stdout:/usr/bin/ceph: stderr
2024-09-12T01:31:30.292+0000 7f6e29834640 1 Processor -- start
2024-09-12T01:31:31.022 INFO:teuthology.orchestra.run.smithi046.stdout:/usr/bin/ceph: stderr
2024-09-12T01:31:30.292+0000 7f6e29834640 1 -- start start
2024-09-12T01:31:31.022 INFO:teuthology.orchestra.run.smithi046.stdout:/usr/bin/ceph: stderr
2024-09-12T01:31:30.292+0000 7f6e29834640 1 --2- >> [v2:172.21.15.46:3300/0,v1:172.21.15.46:6789/0] conn(0x7f6e24107f70 0x7f6e2410a360 unknown :-1 s=NONE pgs=0 cs=0 l=0 rev1=0 crypto rx=0 tx=0 comp rx=0 tx=0).connect
2024-09-12T01:31:31.022 INFO:teuthology.orchestra.run.smithi046.stdout:/usr/bin/ceph: stderr
2024-09-12T01:31:30.292+0000 7f6e29834640 1 -- --> [v2:172.21.15.46:3300/0,v1:172.21.15.46:6789/0] -- mon_getmap magic: 0 -- 0x7f6e2407be10 con 0x7f6e24107f70
2024-09-12T01:31:31.022 INFO:teuthology.orchestra.run.smithi046.stdout:/usr/bin/ceph: stderr
2024-09-12T01:31:30.293+0000 7f6e22ffd640 1 --2- >> [v2:172.21.15.46:3300/0,v1:172.21.15.46:6789/0] conn(0x7f6e24107f70 0x7f6e2410a360 unknown :-1 s=BANNER_CONNECTING pgs=0 cs=0 l=0 rev1=0 crypto rx=0 tx=0 comp rx=0 tx=0)._handle_peer_banner_payload supported=3 required=0
2024-09-12T01:31:31.022 INFO:teuthology.orchestra.run.smithi046.stdout:/usr/bin/ceph: stderr
2024-09-12T01:31:30.293+0000 7f6e22ffd640 1 --2- >> [v2:172.21.15.46:3300/0,v1:172.21.15.46:6789/0] conn(0x7f6e24107f70 0x7f6e2410a360 unknown :-1 s=HELLO_CONNECTING pgs=0 cs=0 l=0 rev1=1 crypto rx=0 tx=0 comp rx=0 tx=0).handle_hello peer v2:172.21.15.46:3300/0 says I am v2:172.21.15.46:46160/0 (socket says 172.21.15.46:46160)
2024-09-12T01:31:31.022 INFO:teuthology.orchestra.run.smithi046.stdout:/usr/bin/ceph: stderr
2024-09-12T01:31:30.293+0000 7f6e22ffd640 1 -- 172.21.15.46:0/73131735 learned_addr learned my addr 172.21.15.46:0/73131735 (peer_addr_for_me v2:172.21.15.46:0/0)
2024-09-12T01:31:31.023 INFO:teuthology.orchestra.run.smithi046.stdout:/usr/bin/ceph: stderr
2024-09-12T01:31:30.293+0000 7f6e22ffd640 1 -- 172.21.15.46:0/73131735 --> [v2:172.21.15.46:3300/0,v1:172.21.15.46:6789/0] -- mon_subscribe({config=0+,monmap=0+}) -- 0x7f6e2410a8a0 con 0x7f6e24107f70
2024-09-12T01:31:31.023 INFO:teuthology.orchestra.run.smithi046.stdout:/usr/bin/ceph: stderr
2024-09-12T01:31:30.294+0000 7f6e22ffd640 1 --2- 172.21.15.46:0/73131735 >> [v2:172.21.15.46:3300/0,v1:172.21.15.46:6789/0] conn(0x7f6e24107f70 0x7f6e2410a360 secure :-1 s=READY pgs=72 cs=0 l=1 rev1=1 crypto rx=0x7f6e14009820 tx=0x7f6e1402a270 comp rx=0 tx=0).ready entity=mon.0 client_cookie=761ab4874e1b470f server_cookie=0 in_seq=0 out_seq=0
2024-09-12T01:31:31.023 INFO:teuthology.orchestra.run.smithi046.stdout:/usr/bin/ceph: stderr
2024-09-12T01:31:30.294+0000 7f6e21ffb640 1 -- 172.21.15.46:0/73131735 <== mon.0 v2:172.21.15.46:3300/0 1 ==== mon_map magic: 0 ==== 205+0+0 (secure 0 0 0) 0x7f6e14037070 con 0x7f6e24107f70
2024-09-12T01:31:31.023 INFO:teuthology.orchestra.run.smithi046.stdout:/usr/bin/ceph: stderr
2024-09-12T01:31:30.294+0000 7f6e21ffb640 1 -- 172.21.15.46:0/73131735 <== mon.0 v2:172.21.15.46:3300/0 2 ==== config(26 keys) ==== 1102+0+0 (secure 0 0 0) 0x7f6e140328f0 con 0x7f6e24107f70
2024-09-12T01:31:31.023 INFO:teuthology.orchestra.run.smithi046.stdout:/usr/bin/ceph: stderr
2024-09-12T01:31:30.294+0000 7f6e21ffb640 1 -- 172.21.15.46:0/73131735 <== mon.0 v2:172.21.15.46:3300/0 3 ==== mon_map magic: 0 ==== 205+0+0 (secure 0 0 0) 0x7f6e14030740 con 0x7f6e24107f70
2024-09-12T01:31:31.023 INFO:teuthology.orchestra.run.smithi046.stdout:/usr/bin/ceph: stderr
2024-09-12T01:31:30.294+0000 7f6e29834640 1 -- 172.21.15.46:0/73131735 >> [v2:172.21.15.46:3300/0,v1:172.21.15.46:6789/0] conn(0x7f6e24107f70 msgr2=0x7f6e2410a360 secure :-1 s=STATE_CONNECTION_ESTABLISHED l=1).mark_down
2024-09-12T01:31:31.023 INFO:teuthology.orchestra.run.smithi046.stdout:/usr/bin/ceph: stderr
2024-09-12T01:31:30.294+0000 7f6e29834640 1 --2- 172.21.15.46:0/73131735 >> [v2:172.21.15.46:3300/0,v1:172.21.15.46:6789/0] conn(0x7f6e24107f70 0x7f6e2410a360 secure :-1 s=READY pgs=72 cs=0 l=1 rev1=1 crypto rx=0x7f6e14009820 tx=0x7f6e1402a270 comp rx=0 tx=0).stop
2024-09-12T01:31:31.023 INFO:teuthology.orchestra.run.smithi046.stdout:/usr/bin/ceph: stderr
2024-09-12T01:31:30.294+0000 7f6e29834640 1 -- 172.21.15.46:0/73131735 shutdown_connections
2024-09-12T01:31:31.023 INFO:teuthology.orchestra.run.smithi046.stdout:/usr/bin/ceph: stderr
2024-09-12T01:31:30.294+0000 7f6e29834640 1 --2- 172.21.15.46:0/73131735 >> [v2:172.21.15.46:3300/0,v1:172.21.15.46:6789/0] conn(0x7f6e24107f70 0x7f6e2410a360 unknown :-1 s=CLOSED pgs=72 cs=0 l=1 rev1=1 crypto rx=0 tx=0 comp rx=0 tx=0).stop
2024-09-12T01:31:31.024 INFO:teuthology.orchestra.run.smithi046.stdout:/usr/bin/ceph: stderr
2024-09-12T01:31:30.294+0000 7f6e29834640 1 -- 172.21.15.46:0/73131735 >> 172.21.15.46:0/73131735 conn(0x7f6e24101bb0 msgr2=0x7f6e24103fd0 unknown :-1 s=STATE_NONE l=0).mark_down
2024-09-12T01:31:31.024 INFO:teuthology.orchestra.run.smithi046.stdout:/usr/bin/ceph: stderr
2024-09-12T01:31:30.294+0000 7f6e29834640 1 -- 172.21.15.46:0/73131735 shutdown_connections
2024-09-12T01:31:31.024 INFO:teuthology.orchestra.run.smithi046.stdout:/usr/bin/ceph: stderr
2024-09-12T01:31:30.294+0000 7f6e29834640 1 -- 172.21.15.46:0/73131735 wait complete.
2024-09-12T01:31:31.024 INFO:teuthology.orchestra.run.smithi046.stdout:/usr/bin/ceph: stderr
2024-09-12T01:31:30.295+0000 7f6e29834640 1 Processor -- start
2024-09-12T01:31:31.024 INFO:teuthology.orchestra.run.smithi046.stdout:/usr/bin/ceph: stderr
2024-09-12T01:31:30.295+0000 7f6e29834640 1 -- start start
2024-09-12T01:31:31.024 INFO:teuthology.orchestra.run.smithi046.stdout:/usr/bin/ceph: stderr
2024-09-12T01:31:30.295+0000 7f6e29834640 1 --2- >> [v2:172.21.15.46:3300/0,v1:172.21.15.46:6789/0] conn(0x7f6e24107f70 0x7f6e2419b460 unknown :-1 s=NONE pgs=0 cs=0 l=1 rev1=0 crypto rx=0 tx=0 comp rx=0 tx=0).connect
2024-09-12T01:31:31.024 INFO:teuthology.orchestra.run.smithi046.stdout:/usr/bin/ceph: stderr
2024-09-12T01:31:30.295+0000 7f6e29834640 1 -- --> [v2:172.21.15.46:3300/0,v1:172.21.15.46:6789/0] -- mon_getmap magic: 0 -- 0x7f6e2410b8c0 con 0x7f6e24107f70
2024-09-12T01:31:31.024 INFO:teuthology.orchestra.run.smithi046.stdout:/usr/bin/ceph: stderr
2024-09-12T01:31:30.295+0000 7f6e22ffd640 1 --2- >> [v2:172.21.15.46:3300/0,v1:172.21.15.46:6789/0] conn(0x7f6e24107f70 0x7f6e2419b460 unknown :-1 s=BANNER_CONNECTING pgs=0 cs=0 l=1 rev1=0 crypto rx=0 tx=0 comp rx=0 tx=0)._handle_peer_banner_payload supported=3 required=0
2024-09-12T01:31:31.025 INFO:teuthology.orchestra.run.smithi046.stdout:/usr/bin/ceph: stderr
2024-09-12T01:31:30.295+0000 7f6e22ffd640 1 --2- >> [v2:172.21.15.46:3300/0,v1:172.21.15.46:6789/0] conn(0x7f6e24107f70 0x7f6e2419b460 unknown :-1 s=HELLO_CONNECTING pgs=0 cs=0 l=1 rev1=1 crypto rx=0 tx=0 comp rx=0 tx=0).handle_hello peer v2:172.21.15.46:3300/0 says I am v2:172.21.15.46:46174/0 (socket says 172.21.15.46:46174)
2024-09-12T01:31:31.025 INFO:teuthology.orchestra.run.smithi046.stdout:/usr/bin/ceph: stderr
2024-09-12T01:31:30.296+0000 7f6e22ffd640 1 -- 172.21.15.46:0/1307564737 learned_addr learned my addr 172.21.15.46:0/1307564737 (peer_addr_for_me v2:172.21.15.46:0/0)
2024-09-12T01:31:31.025 INFO:teuthology.orchestra.run.smithi046.stdout:/usr/bin/ceph: stderr
2024-09-12T01:31:30.296+0000 7f6e22ffd640 1 -- 172.21.15.46:0/1307564737 --> [v2:172.21.15.46:3300/0,v1:172.21.15.46:6789/0] -- mon_subscribe({config=0+,monmap=0+}) -- 0x7f6e2419b9a0 con 0x7f6e24107f70
2024-09-12T01:31:31.025 INFO:teuthology.orchestra.run.smithi046.stdout:/usr/bin/ceph: stderr
2024-09-12T01:31:30.296+0000 7f6e22ffd640 1 --2- 172.21.15.46:0/1307564737 >> [v2:172.21.15.46:3300/0,v1:172.21.15.46:6789/0] conn(0x7f6e24107f70 0x7f6e2419b460 secure :-1 s=READY pgs=73 cs=0 l=1 rev1=1 crypto rx=0x7f6e140097f0 tx=0x7f6e14030c70 comp rx=0 tx=0).ready entity=mon.0 client_cookie=0 server_cookie=0 in_seq=0 out_seq=0
2024-09-12T01:31:31.025 INFO:teuthology.orchestra.run.smithi046.stdout:/usr/bin/ceph: stderr
2024-09-12T01:31:30.296+0000 7f6e28832640 1 -- 172.21.15.46:0/1307564737 <== mon.0 v2:172.21.15.46:3300/0 1 ==== mon_map magic: 0 ==== 205+0+0 (secure 0 0 0) 0x7f6e14042070 con 0x7f6e24107f70
2024-09-12T01:31:31.025 INFO:teuthology.orchestra.run.smithi046.stdout:/usr/bin/ceph: stderr
2024-09-12T01:31:30.296+0000 7f6e28832640 1 -- 172.21.15.46:0/1307564737 <== mon.0 v2:172.21.15.46:3300/0 2 ==== config(26 keys) ==== 1102+0+0 (secure 0 0 0) 0x7f6e14030d80 con 0x7f6e24107f70
2024-09-12T01:31:31.025 INFO:teuthology.orchestra.run.smithi046.stdout:/usr/bin/ceph: stderr
2024-09-12T01:31:30.296+0000 7f6e29834640 1 -- 172.21.15.46:0/1307564737 --> [v2:172.21.15.46:3300/0,v1:172.21.15.46:6789/0] -- mon_subscribe({mgrmap=0+}) -- 0x7f6e2419bc30 con 0x7f6e24107f70
2024-09-12T01:31:31.025 INFO:teuthology.orchestra.run.smithi046.stdout:/usr/bin/ceph: stderr
2024-09-12T01:31:30.296+0000 7f6e28832640 1 -- 172.21.15.46:0/1307564737 <== mon.0 v2:172.21.15.46:3300/0 3 ==== mon_map magic: 0 ==== 205+0+0 (secure 0 0 0) 0x7f6e14037040 con 0x7f6e24107f70
2024-09-12T01:31:31.025 INFO:teuthology.orchestra.run.smithi046.stdout:/usr/bin/ceph: stderr
2024-09-12T01:31:30.296+0000 7f6e29834640 1 -- 172.21.15.46:0/1307564737 --> [v2:172.21.15.46:3300/0,v1:172.21.15.46:6789/0] -- mon_subscribe({osdmap=0}) -- 0x7f6e2419e920 con 0x7f6e24107f70
2024-09-12T01:31:31.025 INFO:teuthology.orchestra.run.smithi046.stdout:/usr/bin/ceph: stderr
2024-09-12T01:31:30.297+0000 7f6e28832640 1 -- 172.21.15.46:0/1307564737 <== mon.0 v2:172.21.15.46:3300/0 4 ==== mgrmap(e 12) ==== 46300+0+0 (secure 0 0 0) 0x7f6e14045070 con 0x7f6e24107f70
2024-09-12T01:31:31.025 INFO:teuthology.orchestra.run.smithi046.stdout:/usr/bin/ceph: stderr
2024-09-12T01:31:30.297+0000 7f6e29834640 1 -- 172.21.15.46:0/1307564737 --> [v2:172.21.15.46:3300/0,v1:172.21.15.46:6789/0] -- mon_command({"prefix": "get_command_descriptions"} v 0) -- 0x7f6e241083d0 con 0x7f6e24107f70
2024-09-12T01:31:31.026 INFO:teuthology.orchestra.run.smithi046.stdout:/usr/bin/ceph: stderr
2024-09-12T01:31:30.297+0000 7f6e28832640 1 --2- 172.21.15.46:0/1307564737 >> [v2:172.21.15.46:6800/3891347220,v1:172.21.15.46:6801/3891347220] conn(0x7f6e10039020 0x7f6e1003b4e0 unknown :-1 s=NONE pgs=0 cs=0 l=1 rev1=0 crypto rx=0 tx=0 comp rx=0 tx=0).connect
2024-09-12T01:31:31.026 INFO:teuthology.orchestra.run.smithi046.stdout:/usr/bin/ceph: stderr
2024-09-12T01:31:30.297+0000 7f6e28832640 1 -- 172.21.15.46:0/1307564737 <== mon.0 v2:172.21.15.46:3300/0 5 ==== osd_map(3..3 src has 1..3) ==== 1155+0+0 (secure 0 0 0) 0x7f6e1406c270 con 0x7f6e24107f70
2024-09-12T01:31:31.026 INFO:teuthology.orchestra.run.smithi046.stdout:/usr/bin/ceph: stderr
2024-09-12T01:31:30.298+0000 7f6e227fc640 1 --2- 172.21.15.46:0/1307564737 >> [v2:172.21.15.46:6800/3891347220,v1:172.21.15.46:6801/3891347220] conn(0x7f6e10039020 0x7f6e1003b4e0 unknown :-1 s=BANNER_CONNECTING pgs=0 cs=0 l=1 rev1=0 crypto rx=0 tx=0 comp rx=0 tx=0)._handle_peer_banner_payload supported=3 required=0
2024-09-12T01:31:31.026 INFO:teuthology.orchestra.run.smithi046.stdout:/usr/bin/ceph: stderr
2024-09-12T01:31:30.298+0000 7f6e227fc640 1 --2- 172.21.15.46:0/1307564737 >> [v2:172.21.15.46:6800/3891347220,v1:172.21.15.46:6801/3891347220] conn(0x7f6e10039020 0x7f6e1003b4e0 secure :-1 s=READY pgs=9 cs=0 l=1 rev1=1 crypto rx=0x7f6e0c0098c0 tx=0x7f6e0c006db0 comp rx=0 tx=0).ready entity=mgr.14150 client_cookie=0 server_cookie=0 in_seq=0 out_seq=0
2024-09-12T01:31:31.026 INFO:teuthology.orchestra.run.smithi046.stdout:/usr/bin/ceph: stderr
2024-09-12T01:31:30.302+0000 7f6e28832640 1 -- 172.21.15.46:0/1307564737 <== mon.0 v2:172.21.15.46:3300/0 6 ==== mon_command_ack([{"prefix": "get_command_descriptions"}]=0 v0) ==== 72+0+188821 (secure 0 0 0) 0x7f6e14045360 con 0x7f6e24107f70
2024-09-12T01:31:31.026 INFO:teuthology.orchestra.run.smithi046.stdout:/usr/bin/ceph: stderr
2024-09-12T01:31:30.478+0000 7f6e29834640 1 -- 172.21.15.46:0/1307564737 --> [v2:172.21.15.46:3300/0,v1:172.21.15.46:6789/0] -- mon_command({"prefix": "config get", "who": "mgr", "key": "mgr/dashboard/ssl_server_port"} v 0) -- 0x7f6e2419eaf0 con 0x7f6e24107f70
2024-09-12T01:31:31.026 INFO:teuthology.orchestra.run.smithi046.stdout:/usr/bin/ceph: stderr
2024-09-12T01:31:30.479+0000 7f6e28832640 1 -- 172.21.15.46:0/1307564737 <== mon.0 v2:172.21.15.46:3300/0 7 ==== mon_command_ack([{"prefix": "config get", "who": "mgr", "key": "mgr/dashboard/ssl_server_port"}]=0 v8) ==== 112+0+5 (secure 0 0 0) 0x7f6e1403be10 con 0x7f6e24107f70
2024-09-12T01:31:31.026 INFO:teuthology.orchestra.run.smithi046.stdout:/usr/bin/ceph: stderr
2024-09-12T01:31:30.482+0000 7f6e29834640 1 -- 172.21.15.46:0/1307564737 >> [v2:172.21.15.46:6800/3891347220,v1:172.21.15.46:6801/3891347220] conn(0x7f6e10039020 msgr2=0x7f6e1003b4e0 secure :-1 s=STATE_CONNECTION_ESTABLISHED l=1).mark_down
2024-09-12T01:31:31.026 INFO:teuthology.orchestra.run.smithi046.stdout:/usr/bin/ceph: stderr
2024-09-12T01:31:30.482+0000 7f6e29834640 1 --2- 172.21.15.46:0/1307564737 >> [v2:172.21.15.46:6800/3891347220,v1:172.21.15.46:6801/3891347220] conn(0x7f6e10039020 0x7f6e1003b4e0 secure :-1 s=READY pgs=9 cs=0 l=1 rev1=1 crypto rx=0x7f6e0c0098c0 tx=0x7f6e0c006db0 comp rx=0 tx=0).stop
2024-09-12T01:31:31.026 INFO:teuthology.orchestra.run.smithi046.stdout:/usr/bin/ceph: stderr
2024-09-12T01:31:30.482+0000 7f6e29834640 1 -- 172.21.15.46:0/1307564737 >> [v2:172.21.15.46:3300/0,v1:172.21.15.46:6789/0] conn(0x7f6e24107f70 msgr2=0x7f6e2419b460 secure :-1 s=STATE_CONNECTION_ESTABLISHED l=1).mark_down
2024-09-12T01:31:31.026 INFO:teuthology.orchestra.run.smithi046.stdout:/usr/bin/ceph: stderr
2024-09-12T01:31:30.482+0000 7f6e29834640 1 --2- 172.21.15.46:0/1307564737 >> [v2:172.21.15.46:3300/0,v1:172.21.15.46:6789/0] conn(0x7f6e24107f70 0x7f6e2419b460 secure :-1 s=READY pgs=73 cs=0 l=1 rev1=1 crypto rx=0x7f6e140097f0 tx=0x7f6e14030c70 comp rx=0 tx=0).stop
2024-09-12T01:31:31.027 INFO:teuthology.orchestra.run.smithi046.stdout:/usr/bin/ceph: stderr
2024-09-12T01:31:30.482+0000 7f6e29834640 1 -- 172.21.15.46:0/1307564737 shutdown_connections
2024-09-12T01:31:31.027 INFO:teuthology.orchestra.run.smithi046.stdout:/usr/bin/ceph: stderr
2024-09-12T01:31:30.482+0000 7f6e29834640 1 --2- 172.21.15.46:0/1307564737 >> [v2:172.21.15.46:6800/3891347220,v1:172.21.15.46:6801/3891347220] conn(0x7f6e10039020 0x7f6e1003b4e0 unknown :-1 s=CLOSED pgs=9 cs=0 l=1 rev1=1 crypto rx=0 tx=0 comp rx=0 tx=0).stop
2024-09-12T01:31:31.027 INFO:teuthology.orchestra.run.smithi046.stdout:/usr/bin/ceph: stderr
2024-09-12T01:31:30.482+0000 7f6e29834640 1 --2- 172.21.15.46:0/1307564737 >> [v2:172.21.15.46:3300/0,v1:172.21.15.46:6789/0] conn(0x7f6e24107f70 0x7f6e2419b460 unknown :-1 s=CLOSED pgs=73 cs=0 l=1 rev1=1 crypto rx=0 tx=0 comp rx=0 tx=0).stop
2024-09-12T01:31:31.027 INFO:teuthology.orchestra.run.smithi046.stdout:/usr/bin/ceph: stderr
2024-09-12T01:31:30.482+0000 7f6e29834640 1 -- 172.21.15.46:0/1307564737 >> 172.21.15.46:0/1307564737 conn(0x7f6e24101bb0 msgr2=0x7f6e24102760 unknown :-1 s=STATE_NONE l=0).mark_down
2024-09-12T01:31:31.027 INFO:teuthology.orchestra.run.smithi046.stdout:/usr/bin/ceph: stderr
2024-09-12T01:31:30.482+0000 7f6e29834640 1 -- 172.21.15.46:0/1307564737 shutdown_connections
2024-09-12T01:31:31.027 INFO:teuthology.orchestra.run.smithi046.stdout:/usr/bin/ceph: stderr
2024-09-12T01:31:30.482+0000 7f6e29834640 1 -- 172.21.15.46:0/1307564737 wait complete.
2024-09-12T01:31:31.029 INFO:teuthology.orchestra.run.smithi046.stdout:Non-zero exit code 1 from systemctl is-enabled firewalld.service
2024-09-12T01:31:31.029 INFO:teuthology.orchestra.run.smithi046.stdout:systemctl: stdout disabled
2024-09-12T01:31:31.037 INFO:teuthology.orchestra.run.smithi046.stdout:Non-zero exit code 3 from systemctl is-active firewalld.service
2024-09-12T01:31:31.037 INFO:teuthology.orchestra.run.smithi046.stdout:systemctl: stdout inactive
2024-09-12T01:31:31.037 INFO:teuthology.orchestra.run.smithi046.stdout:firewalld.service is not enabled
2024-09-12T01:31:31.037 INFO:teuthology.orchestra.run.smithi046.stdout:Not possible to open ports <[8443]>. firewalld.service is not available
2024-09-12T01:31:31.038 INFO:teuthology.orchestra.run.smithi046.stdout:Ceph Dashboard is now available at:
2024-09-12T01:31:31.038 INFO:teuthology.orchestra.run.smithi046.stdout:
2024-09-12T01:31:31.038 INFO:teuthology.orchestra.run.smithi046.stdout: URL: https://smithi046.front.sepia.ceph.com:8443/
2024-09-12T01:31:31.039 INFO:teuthology.orchestra.run.smithi046.stdout: User: admin
2024-09-12T01:31:31.039 INFO:teuthology.orchestra.run.smithi046.stdout: Password: m8d1n0bv0f
2024-09-12T01:31:31.039 INFO:teuthology.orchestra.run.smithi046.stdout:
2024-09-12T01:31:31.039 INFO:teuthology.orchestra.run.smithi046.stdout:Saving cluster configuration to /var/lib/ceph/678e0f66-70a6-11ef-bcea-c7b262605968/config directory
2024-09-12T01:31:32.343 INFO:teuthology.orchestra.run.smithi046.stdout:/usr/bin/ceph: stderr
2024-09-12T01:31:31.489+0000 7f29b331e640 1 Processor -- start
2024-09-12T01:31:32.344 INFO:teuthology.orchestra.run.smithi046.stdout:/usr/bin/ceph: stderr
2024-09-12T01:31:31.489+0000 7f29b331e640 1 -- start start
2024-09-12T01:31:32.344 INFO:teuthology.orchestra.run.smithi046.stdout:/usr/bin/ceph: stderr
2024-09-12T01:31:31.489+0000 7f29b331e640 1 --2- >> [v2:172.21.15.46:3300/0,v1:172.21.15.46:6789/0] conn(0x7f29ac107fb0 0x7f29ac10a3a0 unknown :-1 s=NONE pgs=0 cs=0 l=0 rev1=0 crypto rx=0 tx=0 comp rx=0 tx=0).connect
2024-09-12T01:31:32.344 INFO:teuthology.orchestra.run.smithi046.stdout:/usr/bin/ceph: stderr
2024-09-12T01:31:31.489+0000 7f29b331e640 1 -- --> [v2:172.21.15.46:3300/0,v1:172.21.15.46:6789/0] -- mon_getmap magic: 0 -- 0x7f29ac07bde0 con 0x7f29ac107fb0
2024-09-12T01:31:32.344 INFO:teuthology.orchestra.run.smithi046.stdout:/usr/bin/ceph: stderr
2024-09-12T01:31:31.490+0000 7f29b10ba640 1 --2- >> [v2:172.21.15.46:3300/0,v1:172.21.15.46:6789/0] conn(0x7f29ac107fb0 0x7f29ac10a3a0 unknown :-1 s=BANNER_CONNECTING pgs=0 cs=0 l=0 rev1=0 crypto rx=0 tx=0 comp rx=0 tx=0)._handle_peer_banner_payload supported=3 required=0
2024-09-12T01:31:32.344 INFO:teuthology.orchestra.run.smithi046.stdout:/usr/bin/ceph: stderr
2024-09-12T01:31:31.490+0000 7f29b10ba640 1 --2- >> [v2:172.21.15.46:3300/0,v1:172.21.15.46:6789/0] conn(0x7f29ac107fb0 0x7f29ac10a3a0 unknown :-1 s=HELLO_CONNECTING pgs=0 cs=0 l=0 rev1=1 crypto rx=0 tx=0 comp rx=0 tx=0).handle_hello peer v2:172.21.15.46:3300/0 says I am v2:172.21.15.46:46176/0 (socket says 172.21.15.46:46176)
2024-09-12T01:31:32.344 INFO:teuthology.orchestra.run.smithi046.stdout:/usr/bin/ceph: stderr
2024-09-12T01:31:31.490+0000 7f29b10ba640 1 -- 172.21.15.46:0/4266599746 learned_addr learned my addr 172.21.15.46:0/4266599746 (peer_addr_for_me v2:172.21.15.46:0/0)
2024-09-12T01:31:32.344 INFO:teuthology.orchestra.run.smithi046.stdout:/usr/bin/ceph: stderr
2024-09-12T01:31:31.490+0000 7f29b10ba640 1 -- 172.21.15.46:0/4266599746 --> [v2:172.21.15.46:3300/0,v1:172.21.15.46:6789/0] -- mon_subscribe({config=0+,monmap=0+}) -- 0x7f29ac10a8e0 con 0x7f29ac107fb0
2024-09-12T01:31:32.345 INFO:teuthology.orchestra.run.smithi046.stdout:/usr/bin/ceph: stderr
2024-09-12T01:31:31.491+0000 7f29b10ba640 1 --2- 172.21.15.46:0/4266599746 >> [v2:172.21.15.46:3300/0,v1:172.21.15.46:6789/0] conn(0x7f29ac107fb0 0x7f29ac10a3a0 secure :-1 s=READY pgs=74 cs=0 l=1 rev1=1 crypto rx=0x7f29a8009820 tx=0x7f29a802a270 comp rx=0 tx=0).ready entity=mon.0 client_cookie=6bbdeffe56b851d4 server_cookie=0 in_seq=0 out_seq=0
2024-09-12T01:31:32.345 INFO:teuthology.orchestra.run.smithi046.stdout:/usr/bin/ceph: stderr
2024-09-12T01:31:31.491+0000 7f29a3fff640 1 -- 172.21.15.46:0/4266599746 <== mon.0 v2:172.21.15.46:3300/0 1 ==== mon_map magic: 0 ==== 205+0+0 (secure 0 0 0) 0x7f29a8037070 con 0x7f29ac107fb0
2024-09-12T01:31:32.345 INFO:teuthology.orchestra.run.smithi046.stdout:/usr/bin/ceph: stderr
2024-09-12T01:31:31.491+0000 7f29a3fff640 1 -- 172.21.15.46:0/4266599746 <== mon.0 v2:172.21.15.46:3300/0 2 ==== config(26 keys) ==== 1102+0+0 (secure 0 0 0) 0x7f29a80328f0 con 0x7f29ac107fb0
2024-09-12T01:31:32.345 INFO:teuthology.orchestra.run.smithi046.stdout:/usr/bin/ceph: stderr
2024-09-12T01:31:31.491+0000 7f29a3fff640 1 -- 172.21.15.46:0/4266599746 <== mon.0 v2:172.21.15.46:3300/0 3 ==== mon_map magic: 0 ==== 205+0+0 (secure 0 0 0) 0x7f29a8030740 con 0x7f29ac107fb0
2024-09-12T01:31:32.345 INFO:teuthology.orchestra.run.smithi046.stdout:/usr/bin/ceph: stderr
2024-09-12T01:31:31.491+0000 7f29b331e640 1 -- 172.21.15.46:0/4266599746 >> [v2:172.21.15.46:3300/0,v1:172.21.15.46:6789/0] conn(0x7f29ac107fb0 msgr2=0x7f29ac10a3a0 secure :-1 s=STATE_CONNECTION_ESTABLISHED l=1).mark_down
2024-09-12T01:31:32.345 INFO:teuthology.orchestra.run.smithi046.stdout:/usr/bin/ceph: stderr
2024-09-12T01:31:31.491+0000 7f29b331e640 1 --2- 172.21.15.46:0/4266599746 >> [v2:172.21.15.46:3300/0,v1:172.21.15.46:6789/0] conn(0x7f29ac107fb0 0x7f29ac10a3a0 secure :-1 s=READY pgs=74 cs=0 l=1 rev1=1 crypto rx=0x7f29a8009820 tx=0x7f29a802a270 comp rx=0 tx=0).stop
2024-09-12T01:31:32.345 INFO:teuthology.orchestra.run.smithi046.stdout:/usr/bin/ceph: stderr
2024-09-12T01:31:31.492+0000 7f29b331e640 1 -- 172.21.15.46:0/4266599746 shutdown_connections
2024-09-12T01:31:32.345 INFO:teuthology.orchestra.run.smithi046.stdout:/usr/bin/ceph: stderr
2024-09-12T01:31:31.492+0000 7f29b331e640 1 --2- 172.21.15.46:0/4266599746 >> [v2:172.21.15.46:3300/0,v1:172.21.15.46:6789/0] conn(0x7f29ac107fb0 0x7f29ac10a3a0 unknown :-1 s=CLOSED pgs=74 cs=0 l=1 rev1=1 crypto rx=0 tx=0 comp rx=0 tx=0).stop
2024-09-12T01:31:32.345 INFO:teuthology.orchestra.run.smithi046.stdout:/usr/bin/ceph: stderr
2024-09-12T01:31:31.492+0000 7f29b331e640 1 -- 172.21.15.46:0/4266599746 >> 172.21.15.46:0/4266599746 conn(0x7f29ac101bd0 msgr2=0x7f29ac103ff0 unknown :-1 s=STATE_NONE l=0).mark_down
2024-09-12T01:31:32.345 INFO:teuthology.orchestra.run.smithi046.stdout:/usr/bin/ceph: stderr
2024-09-12T01:31:31.492+0000 7f29b331e640 1 -- 172.21.15.46:0/4266599746 shutdown_connections
2024-09-12T01:31:32.346 INFO:teuthology.orchestra.run.smithi046.stdout:/usr/bin/ceph: stderr
2024-09-12T01:31:31.492+0000 7f29b331e640 1 -- 172.21.15.46:0/4266599746 wait complete.
2024-09-12T01:31:32.346 INFO:teuthology.orchestra.run.smithi046.stdout:/usr/bin/ceph: stderr
2024-09-12T01:31:31.492+0000 7f29b331e640 1 Processor -- start
2024-09-12T01:31:32.346 INFO:teuthology.orchestra.run.smithi046.stdout:/usr/bin/ceph: stderr
2024-09-12T01:31:31.492+0000 7f29b331e640 1 -- start start
2024-09-12T01:31:32.346 INFO:teuthology.orchestra.run.smithi046.stdout:/usr/bin/ceph: stderr
2024-09-12T01:31:31.493+0000 7f29b331e640 1 --2- >> [v2:172.21.15.46:3300/0,v1:172.21.15.46:6789/0] conn(0x7f29ac107fb0 0x7f29ac19d650 unknown :-1 s=NONE pgs=0 cs=0 l=1 rev1=0 crypto rx=0 tx=0 comp rx=0 tx=0).connect
2024-09-12T01:31:32.346 INFO:teuthology.orchestra.run.smithi046.stdout:/usr/bin/ceph: stderr
2024-09-12T01:31:31.493+0000 7f29b331e640 1 -- --> [v2:172.21.15.46:3300/0,v1:172.21.15.46:6789/0] -- mon_getmap magic: 0 -- 0x7f29ac10b8a0 con 0x7f29ac107fb0
2024-09-12T01:31:32.346 INFO:teuthology.orchestra.run.smithi046.stdout:/usr/bin/ceph: stderr
2024-09-12T01:31:31.493+0000 7f29b10ba640 1 --2- >> [v2:172.21.15.46:3300/0,v1:172.21.15.46:6789/0] conn(0x7f29ac107fb0 0x7f29ac19d650 unknown :-1 s=BANNER_CONNECTING pgs=0 cs=0 l=1 rev1=0 crypto rx=0 tx=0 comp rx=0 tx=0)._handle_peer_banner_payload supported=3 required=0
2024-09-12T01:31:32.346 INFO:teuthology.orchestra.run.smithi046.stdout:/usr/bin/ceph: stderr
2024-09-12T01:31:31.493+0000 7f29b10ba640 1 --2- >> [v2:172.21.15.46:3300/0,v1:172.21.15.46:6789/0] conn(0x7f29ac107fb0 0x7f29ac19d650 unknown :-1 s=HELLO_CONNECTING pgs=0 cs=0 l=1 rev1=1 crypto rx=0 tx=0 comp rx=0 tx=0).handle_hello peer v2:172.21.15.46:3300/0 says I am v2:172.21.15.46:46188/0 (socket says 172.21.15.46:46188)
2024-09-12T01:31:32.346 INFO:teuthology.orchestra.run.smithi046.stdout:/usr/bin/ceph: stderr
2024-09-12T01:31:31.493+0000 7f29b10ba640 1 -- 172.21.15.46:0/3717628436 learned_addr learned my addr 172.21.15.46:0/3717628436 (peer_addr_for_me v2:172.21.15.46:0/0)
2024-09-12T01:31:32.346 INFO:teuthology.orchestra.run.smithi046.stdout:/usr/bin/ceph: stderr
2024-09-12T01:31:31.493+0000 7f29b10ba640 1 -- 172.21.15.46:0/3717628436 --> [v2:172.21.15.46:3300/0,v1:172.21.15.46:6789/0] -- mon_subscribe({config=0+,monmap=0+}) -- 0x7f29ac19db90 con 0x7f29ac107fb0
2024-09-12T01:31:32.346 INFO:teuthology.orchestra.run.smithi046.stdout:/usr/bin/ceph: stderr
2024-09-12T01:31:31.493+0000 7f29b10ba640 1 --2- 172.21.15.46:0/3717628436 >> [v2:172.21.15.46:3300/0,v1:172.21.15.46:6789/0] conn(0x7f29ac107fb0 0x7f29ac19d650 secure :-1 s=READY pgs=75 cs=0 l=1 rev1=1 crypto rx=0x7f29a80097f0 tx=0x7f29a8030c70 comp rx=0 tx=0).ready entity=mon.0 client_cookie=0 server_cookie=0 in_seq=0 out_seq=0
2024-09-12T01:31:32.346 INFO:teuthology.orchestra.run.smithi046.stdout:/usr/bin/ceph: stderr
2024-09-12T01:31:31.493+0000 7f29a27fc640 1 -- 172.21.15.46:0/3717628436 <== mon.0 v2:172.21.15.46:3300/0 1 ==== mon_map magic: 0 ==== 205+0+0 (secure 0 0 0) 0x7f29a8042070 con 0x7f29ac107fb0
2024-09-12T01:31:32.346 INFO:teuthology.orchestra.run.smithi046.stdout:/usr/bin/ceph: stderr
2024-09-12T01:31:31.493+0000 7f29a27fc640 1 -- 172.21.15.46:0/3717628436 <== mon.0 v2:172.21.15.46:3300/0 2 ==== config(26 keys) ==== 1102+0+0 (secure 0 0 0) 0x7f29a8030d80 con 0x7f29ac107fb0
2024-09-12T01:31:32.346 INFO:teuthology.orchestra.run.smithi046.stdout:/usr/bin/ceph: stderr
2024-09-12T01:31:31.493+0000 7f29b331e640 1 -- 172.21.15.46:0/3717628436 --> [v2:172.21.15.46:3300/0,v1:172.21.15.46:6789/0] -- mon_subscribe({mgrmap=0+}) -- 0x7f29ac19de20 con 0x7f29ac107fb0
2024-09-12T01:31:32.347 INFO:teuthology.orchestra.run.smithi046.stdout:/usr/bin/ceph: stderr
2024-09-12T01:31:31.493+0000 7f29a27fc640 1 -- 172.21.15.46:0/3717628436 <== mon.0 v2:172.21.15.46:3300/0 3 ==== mon_map magic: 0 ==== 205+0+0 (secure 0 0 0) 0x7f29a8037040 con 0x7f29ac107fb0
2024-09-12T01:31:32.347 INFO:teuthology.orchestra.run.smithi046.stdout:/usr/bin/ceph: stderr
2024-09-12T01:31:31.493+0000 7f29b331e640 1 -- 172.21.15.46:0/3717628436 --> [v2:172.21.15.46:3300/0,v1:172.21.15.46:6789/0] -- mon_subscribe({osdmap=0}) -- 0x7f29ac1a0b10 con 0x7f29ac107fb0
2024-09-12T01:31:32.347 INFO:teuthology.orchestra.run.smithi046.stdout:/usr/bin/ceph: stderr
2024-09-12T01:31:31.495+0000 7f29a27fc640 1 -- 172.21.15.46:0/3717628436 <== mon.0 v2:172.21.15.46:3300/0 4 ==== mgrmap(e 13) ==== 46343+0+0 (secure 0 0 0) 0x7f29a8045070 con 0x7f29ac107fb0
2024-09-12T01:31:32.347 INFO:teuthology.orchestra.run.smithi046.stdout:/usr/bin/ceph: stderr
2024-09-12T01:31:31.495+0000 7f29b331e640 1 -- 172.21.15.46:0/3717628436 --> [v2:172.21.15.46:3300/0,v1:172.21.15.46:6789/0] -- mon_command({"prefix": "get_command_descriptions"} v 0) -- 0x7f29ac108410 con 0x7f29ac107fb0
2024-09-12T01:31:32.347 INFO:teuthology.orchestra.run.smithi046.stdout:/usr/bin/ceph: stderr
2024-09-12T01:31:31.495+0000 7f29a27fc640 1 --2- 172.21.15.46:0/3717628436 >> [v2:172.21.15.46:6800/3891347220,v1:172.21.15.46:6801/3891347220] conn(0x7f2998039060 0x7f299803b520 unknown :-1 s=NONE pgs=0 cs=0 l=1 rev1=0 crypto rx=0 tx=0 comp rx=0 tx=0).connect
2024-09-12T01:31:32.347 INFO:teuthology.orchestra.run.smithi046.stdout:/usr/bin/ceph: stderr
2024-09-12T01:31:31.495+0000 7f29a27fc640 1 -- 172.21.15.46:0/3717628436 <== mon.0 v2:172.21.15.46:3300/0 5 ==== osd_map(3..3 src has 1..3) ==== 1155+0+0 (secure 0 0 0) 0x7f29a806c2a0 con 0x7f29ac107fb0
2024-09-12T01:31:32.347 INFO:teuthology.orchestra.run.smithi046.stdout:/usr/bin/ceph: stderr
2024-09-12T01:31:31.495+0000 7f29b08b9640 1 --2- 172.21.15.46:0/3717628436 >> [v2:172.21.15.46:6800/3891347220,v1:172.21.15.46:6801/3891347220] conn(0x7f2998039060 0x7f299803b520 unknown :-1 s=BANNER_CONNECTING pgs=0 cs=0 l=1 rev1=0 crypto rx=0 tx=0 comp rx=0 tx=0)._handle_peer_banner_payload supported=3 required=0
2024-09-12T01:31:32.347 INFO:teuthology.orchestra.run.smithi046.stdout:/usr/bin/ceph: stderr
2024-09-12T01:31:31.495+0000 7f29b08b9640 1 --2- 172.21.15.46:0/3717628436 >> [v2:172.21.15.46:6800/3891347220,v1:172.21.15.46:6801/3891347220] conn(0x7f2998039060 0x7f299803b520 secure :-1 s=READY pgs=10 cs=0 l=1 rev1=1 crypto rx=0x7f299c0098c0 tx=0x7f299c006db0 comp rx=0 tx=0).ready entity=mgr.14150 client_cookie=0 server_cookie=0 in_seq=0 out_seq=0
2024-09-12T01:31:32.347 INFO:teuthology.orchestra.run.smithi046.stdout:/usr/bin/ceph: stderr
2024-09-12T01:31:31.500+0000 7f29a27fc640 1 -- 172.21.15.46:0/3717628436 <== mon.0 v2:172.21.15.46:3300/0 6 ==== mon_command_ack([{"prefix": "get_command_descriptions"}]=0 v0) ==== 72+0+188821 (secure 0 0 0) 0x7f29a804b170 con 0x7f29ac107fb0
2024-09-12T01:31:32.347 INFO:teuthology.orchestra.run.smithi046.stdout:/usr/bin/ceph: stderr
2024-09-12T01:31:31.766+0000 7f29b331e640 1 -- 172.21.15.46:0/3717628436 --> [v2:172.21.15.46:3300/0,v1:172.21.15.46:6789/0] -- mon_command([{prefix=config-key set, key=mgr/dashboard/cluster/status}] v 0) -- 0x7f29ac1a1100 con 0x7f29ac107fb0
2024-09-12T01:31:32.347 INFO:teuthology.orchestra.run.smithi046.stdout:/usr/bin/ceph: stderr
2024-09-12T01:31:31.768+0000 7f29a27fc640 1 -- 172.21.15.46:0/3717628436 <== mon.0 v2:172.21.15.46:3300/0 7 ==== mon_command_ack([{prefix=config-key set, key=mgr/dashboard/cluster/status}]=0 set mgr/dashboard/cluster/status v28)=0 set mgr/dashboard/cluster/status v28) ==== 153+0+0 (secure 0 0 0) 0x7f29a803d430 con 0x7f29ac107fb0
2024-09-12T01:31:32.347 INFO:teuthology.orchestra.run.smithi046.stdout:/usr/bin/ceph: stderr set mgr/dashboard/cluster/status
2024-09-12T01:31:32.347 INFO:teuthology.orchestra.run.smithi046.stdout:/usr/bin/ceph: stderr
2024-09-12T01:31:31.770+0000 7f29b331e640 1 -- 172.21.15.46:0/3717628436 >> [v2:172.21.15.46:6800/3891347220,v1:172.21.15.46:6801/3891347220] conn(0x7f2998039060 msgr2=0x7f299803b520 secure :-1 s=STATE_CONNECTION_ESTABLISHED l=1).mark_down
2024-09-12T01:31:32.348 INFO:teuthology.orchestra.run.smithi046.stdout:/usr/bin/ceph: stderr
2024-09-12T01:31:31.770+0000 7f29b331e640 1 --2- 172.21.15.46:0/3717628436 >> [v2:172.21.15.46:6800/3891347220,v1:172.21.15.46:6801/3891347220] conn(0x7f2998039060 0x7f299803b520 secure :-1 s=READY pgs=10 cs=0 l=1 rev1=1 crypto rx=0x7f299c0098c0 tx=0x7f299c006db0 comp rx=0 tx=0).stop
2024-09-12T01:31:32.348 INFO:teuthology.orchestra.run.smithi046.stdout:/usr/bin/ceph: stderr
2024-09-12T01:31:31.770+0000 7f29b331e640 1 -- 172.21.15.46:0/3717628436 >> [v2:172.21.15.46:3300/0,v1:172.21.15.46:6789/0] conn(0x7f29ac107fb0 msgr2=0x7f29ac19d650 secure :-1 s=STATE_CONNECTION_ESTABLISHED l=1).mark_down
2024-09-12T01:31:32.348 INFO:teuthology.orchestra.run.smithi046.stdout:/usr/bin/ceph: stderr
2024-09-12T01:31:31.770+0000 7f29b331e640 1 --2- 172.21.15.46:0/3717628436 >> [v2:172.21.15.46:3300/0,v1:172.21.15.46:6789/0] conn(0x7f29ac107fb0 0x7f29ac19d650 secure :-1 s=READY pgs=75 cs=0 l=1 rev1=1 crypto rx=0x7f29a80097f0 tx=0x7f29a8030c70 comp rx=0 tx=0).stop
2024-09-12T01:31:32.348 INFO:teuthology.orchestra.run.smithi046.stdout:/usr/bin/ceph: stderr
2024-09-12T01:31:31.771+0000 7f29b331e640 1 -- 172.21.15.46:0/3717628436 shutdown_connections
2024-09-12T01:31:32.348 INFO:teuthology.orchestra.run.smithi046.stdout:/usr/bin/ceph: stderr
2024-09-12T01:31:31.771+0000 7f29b331e640 1 --2- 172.21.15.46:0/3717628436 >> [v2:172.21.15.46:6800/3891347220,v1:172.21.15.46:6801/3891347220] conn(0x7f2998039060 0x7f299803b520 unknown :-1 s=CLOSED pgs=10 cs=0 l=1 rev1=1 crypto rx=0 tx=0 comp rx=0 tx=0).stop
2024-09-12T01:31:32.348 INFO:teuthology.orchestra.run.smithi046.stdout:/usr/bin/ceph: stderr
2024-09-12T01:31:31.771+0000 7f29b331e640 1 --2- 172.21.15.46:0/3717628436 >> [v2:172.21.15.46:3300/0,v1:172.21.15.46:6789/0] conn(0x7f29ac107fb0 0x7f29ac19d650 unknown :-1 s=CLOSED pgs=75 cs=0 l=1 rev1=1 crypto rx=0 tx=0 comp rx=0 tx=0).stop
2024-09-12T01:31:32.348 INFO:teuthology.orchestra.run.smithi046.stdout:/usr/bin/ceph: stderr
2024-09-12T01:31:31.771+0000 7f29b331e640 1 -- 172.21.15.46:0/3717628436 >> 172.21.15.46:0/3717628436 conn(0x7f29ac101bd0 msgr2=0x7f29ac1026e0 unknown :-1 s=STATE_NONE l=0).mark_down
2024-09-12T01:31:32.348 INFO:teuthology.orchestra.run.smithi046.stdout:/usr/bin/ceph: stderr
2024-09-12T01:31:31.771+0000 7f29b331e640 1 -- 172.21.15.46:0/3717628436 shutdown_connections
2024-09-12T01:31:32.348 INFO:teuthology.orchestra.run.smithi046.stdout:/usr/bin/ceph: stderr
2024-09-12T01:31:31.771+0000 7f29b331e640 1 -- 172.21.15.46:0/3717628436 wait complete.
2024-09-12T01:31:32.348 INFO:teuthology.orchestra.run.smithi046.stdout:You can access the Ceph CLI as following in case of multi-cluster or non-default config:
2024-09-12T01:31:32.348 INFO:teuthology.orchestra.run.smithi046.stdout:
2024-09-12T01:31:32.348 INFO:teuthology.orchestra.run.smithi046.stdout: sudo /home/ubuntu/cephtest/cephadm shell --fsid 678e0f66-70a6-11ef-bcea-c7b262605968 -c /etc/ceph/ceph.conf -k /etc/ceph/ceph.client.admin.keyring
2024-09-12T01:31:32.348 INFO:teuthology.orchestra.run.smithi046.stdout:
2024-09-12T01:31:32.349 INFO:teuthology.orchestra.run.smithi046.stdout:Or, if you are only running a single cluster on this host:
2024-09-12T01:31:32.349 INFO:teuthology.orchestra.run.smithi046.stdout:
2024-09-12T01:31:32.349 INFO:teuthology.orchestra.run.smithi046.stdout: sudo /home/ubuntu/cephtest/cephadm shell
2024-09-12T01:31:32.349 INFO:teuthology.orchestra.run.smithi046.stdout:
2024-09-12T01:31:32.349 INFO:teuthology.orchestra.run.smithi046.stdout:Please consider enabling telemetry to help improve Ceph:
2024-09-12T01:31:32.349 INFO:teuthology.orchestra.run.smithi046.stdout:
2024-09-12T01:31:32.349 INFO:teuthology.orchestra.run.smithi046.stdout: ceph telemetry on
2024-09-12T01:31:32.349 INFO:teuthology.orchestra.run.smithi046.stdout:
2024-09-12T01:31:32.349 INFO:teuthology.orchestra.run.smithi046.stdout:For more information see:
2024-09-12T01:31:32.349 INFO:teuthology.orchestra.run.smithi046.stdout:
2024-09-12T01:31:32.349 INFO:teuthology.orchestra.run.smithi046.stdout: https://docs.ceph.com/en/latest/mgr/telemetry/
2024-09-12T01:31:32.349 INFO:teuthology.orchestra.run.smithi046.stdout:
2024-09-12T01:31:32.349 INFO:teuthology.orchestra.run.smithi046.stdout:Bootstrap complete.
2024-09-12T01:31:32.390 INFO:tasks.cephadm:Fetching config...
2024-09-12T01:31:32.390 DEBUG:teuthology.orchestra.run.smithi046:> set -ex
2024-09-12T01:31:32.391 DEBUG:teuthology.orchestra.run.smithi046:> dd if=/etc/ceph/ceph.conf of=/dev/stdout
2024-09-12T01:31:32.409 INFO:tasks.cephadm:Fetching client.admin keyring...
2024-09-12T01:31:32.409 DEBUG:teuthology.orchestra.run.smithi046:> set -ex
2024-09-12T01:31:32.409 DEBUG:teuthology.orchestra.run.smithi046:> dd if=/etc/ceph/ceph.client.admin.keyring of=/dev/stdout
2024-09-12T01:31:32.466 INFO:tasks.cephadm:Fetching mon keyring...
2024-09-12T01:31:32.466 DEBUG:teuthology.orchestra.run.smithi046:> set -ex
2024-09-12T01:31:32.466 DEBUG:teuthology.orchestra.run.smithi046:> sudo dd if=/var/lib/ceph/678e0f66-70a6-11ef-bcea-c7b262605968/mon.a/keyring of=/dev/stdout
2024-09-12T01:31:32.532 INFO:tasks.cephadm:Fetching pub ssh key...
2024-09-12T01:31:32.533 DEBUG:teuthology.orchestra.run.smithi046:> set -ex
2024-09-12T01:31:32.533 DEBUG:teuthology.orchestra.run.smithi046:> dd if=/home/ubuntu/cephtest/ceph.pub of=/dev/stdout
2024-09-12T01:31:32.589 INFO:tasks.cephadm:Installing pub ssh key for root users...
2024-09-12T01:31:32.590 DEBUG:teuthology.orchestra.run.smithi046:> sudo install -d -m 0700 /root/.ssh && echo 'ssh-rsa AAAAB3NzaC1yc2EAAAADAQABAAABgQD03Ui5+tOLQh7ucGF9RR6955eCgU4fZNTUUTJnpD2odKce2RPN9KLft1f4i21kbgk3z3NkpaIhqjTYmsx1NOWGBhOLp35eQbYvprVu4hNZZdCulbrB+BHvWSKmAqaaE1yP6cTwguJXOMog8a8XsQXB4npKNvnZwge+XjdmY2LwXfnZ4dsxTc8AoUiIVHlMN11FBdJLR0uqS0eKEEDuGdtvkKzPGXniID9XoqCZukM6XSLRSSFhs/vF8h3v3ZcvJgQ4BaHP/o6hpxY1YfTYXoxRGuqCPSuVftz82AmAY4/IK7le74WCTMPndF7wjDO63Edv8epTwrcsJk2SCN4JMKp6vGErYs+QPNGHSf1/jmoQYcIICCrIdgm0kN96SenY0+O7z4N3CuTBmDuR8E+X+VvMTRuVO7xzWTuDxfhG8NoRl7/BNmHz7rGVlWqlDZrOHY+H5SIbfshXZ/zovMTUcuOjL+2p1usMw+TKD4AL4Ca0vrLq6tOHLUTy/NQ0KCvdPqk= ceph-678e0f66-70a6-11ef-bcea-c7b262605968' | sudo tee -a /root/.ssh/authorized_keys && sudo chmod 0600 /root/.ssh/authorized_keys
2024-09-12T01:31:32.666 INFO:teuthology.orchestra.run.smithi046.stdout:ssh-rsa AAAAB3NzaC1yc2EAAAADAQABAAABgQD03Ui5+tOLQh7ucGF9RR6955eCgU4fZNTUUTJnpD2odKce2RPN9KLft1f4i21kbgk3z3NkpaIhqjTYmsx1NOWGBhOLp35eQbYvprVu4hNZZdCulbrB+BHvWSKmAqaaE1yP6cTwguJXOMog8a8XsQXB4npKNvnZwge+XjdmY2LwXfnZ4dsxTc8AoUiIVHlMN11FBdJLR0uqS0eKEEDuGdtvkKzPGXniID9XoqCZukM6XSLRSSFhs/vF8h3v3ZcvJgQ4BaHP/o6hpxY1YfTYXoxRGuqCPSuVftz82AmAY4/IK7le74WCTMPndF7wjDO63Edv8epTwrcsJk2SCN4JMKp6vGErYs+QPNGHSf1/jmoQYcIICCrIdgm0kN96SenY0+O7z4N3CuTBmDuR8E+X+VvMTRuVO7xzWTuDxfhG8NoRl7/BNmHz7rGVlWqlDZrOHY+H5SIbfshXZ/zovMTUcuOjL+2p1usMw+TKD4AL4Ca0vrLq6tOHLUTy/NQ0KCvdPqk= ceph-678e0f66-70a6-11ef-bcea-c7b262605968
2024-09-12T01:31:32.678 DEBUG:teuthology.orchestra.run.smithi112:> sudo install -d -m 0700 /root/.ssh && echo 'ssh-rsa AAAAB3NzaC1yc2EAAAADAQABAAABgQD03Ui5+tOLQh7ucGF9RR6955eCgU4fZNTUUTJnpD2odKce2RPN9KLft1f4i21kbgk3z3NkpaIhqjTYmsx1NOWGBhOLp35eQbYvprVu4hNZZdCulbrB+BHvWSKmAqaaE1yP6cTwguJXOMog8a8XsQXB4npKNvnZwge+XjdmY2LwXfnZ4dsxTc8AoUiIVHlMN11FBdJLR0uqS0eKEEDuGdtvkKzPGXniID9XoqCZukM6XSLRSSFhs/vF8h3v3ZcvJgQ4BaHP/o6hpxY1YfTYXoxRGuqCPSuVftz82AmAY4/IK7le74WCTMPndF7wjDO63Edv8epTwrcsJk2SCN4JMKp6vGErYs+QPNGHSf1/jmoQYcIICCrIdgm0kN96SenY0+O7z4N3CuTBmDuR8E+X+VvMTRuVO7xzWTuDxfhG8NoRl7/BNmHz7rGVlWqlDZrOHY+H5SIbfshXZ/zovMTUcuOjL+2p1usMw+TKD4AL4Ca0vrLq6tOHLUTy/NQ0KCvdPqk= ceph-678e0f66-70a6-11ef-bcea-c7b262605968' | sudo tee -a /root/.ssh/authorized_keys && sudo chmod 0600 /root/.ssh/authorized_keys
2024-09-12T01:31:32.829 INFO:teuthology.orchestra.run.smithi112.stdout:ssh-rsa AAAAB3NzaC1yc2EAAAADAQABAAABgQD03Ui5+tOLQh7ucGF9RR6955eCgU4fZNTUUTJnpD2odKce2RPN9KLft1f4i21kbgk3z3NkpaIhqjTYmsx1NOWGBhOLp35eQbYvprVu4hNZZdCulbrB+BHvWSKmAqaaE1yP6cTwguJXOMog8a8XsQXB4npKNvnZwge+XjdmY2LwXfnZ4dsxTc8AoUiIVHlMN11FBdJLR0uqS0eKEEDuGdtvkKzPGXniID9XoqCZukM6XSLRSSFhs/vF8h3v3ZcvJgQ4BaHP/o6hpxY1YfTYXoxRGuqCPSuVftz82AmAY4/IK7le74WCTMPndF7wjDO63Edv8epTwrcsJk2SCN4JMKp6vGErYs+QPNGHSf1/jmoQYcIICCrIdgm0kN96SenY0+O7z4N3CuTBmDuR8E+X+VvMTRuVO7xzWTuDxfhG8NoRl7/BNmHz7rGVlWqlDZrOHY+H5SIbfshXZ/zovMTUcuOjL+2p1usMw+TKD4AL4Ca0vrLq6tOHLUTy/NQ0KCvdPqk= ceph-678e0f66-70a6-11ef-bcea-c7b262605968
2024-09-12T01:31:32.842 DEBUG:teuthology.orchestra.run.smithi116:> sudo install -d -m 0700 /root/.ssh && echo 'ssh-rsa AAAAB3NzaC1yc2EAAAADAQABAAABgQD03Ui5+tOLQh7ucGF9RR6955eCgU4fZNTUUTJnpD2odKce2RPN9KLft1f4i21kbgk3z3NkpaIhqjTYmsx1NOWGBhOLp35eQbYvprVu4hNZZdCulbrB+BHvWSKmAqaaE1yP6cTwguJXOMog8a8XsQXB4npKNvnZwge+XjdmY2LwXfnZ4dsxTc8AoUiIVHlMN11FBdJLR0uqS0eKEEDuGdtvkKzPGXniID9XoqCZukM6XSLRSSFhs/vF8h3v3ZcvJgQ4BaHP/o6hpxY1YfTYXoxRGuqCPSuVftz82AmAY4/IK7le74WCTMPndF7wjDO63Edv8epTwrcsJk2SCN4JMKp6vGErYs+QPNGHSf1/jmoQYcIICCrIdgm0kN96SenY0+O7z4N3CuTBmDuR8E+X+VvMTRuVO7xzWTuDxfhG8NoRl7/BNmHz7rGVlWqlDZrOHY+H5SIbfshXZ/zovMTUcuOjL+2p1usMw+TKD4AL4Ca0vrLq6tOHLUTy/NQ0KCvdPqk= ceph-678e0f66-70a6-11ef-bcea-c7b262605968' | sudo tee -a /root/.ssh/authorized_keys && sudo chmod 0600 /root/.ssh/authorized_keys
2024-09-12T01:31:32.910 INFO:journalctl@ceph.mon.a.smithi046.stdout:Sep 12 01:31:32 smithi046 ceph-mon[30991]: from='client.? 172.21.15.46:0/3717628436' entity='client.admin'
2024-09-12T01:31:32.934 INFO:teuthology.orchestra.run.smithi116.stdout:ssh-rsa AAAAB3NzaC1yc2EAAAADAQABAAABgQD03Ui5+tOLQh7ucGF9RR6955eCgU4fZNTUUTJnpD2odKce2RPN9KLft1f4i21kbgk3z3NkpaIhqjTYmsx1NOWGBhOLp35eQbYvprVu4hNZZdCulbrB+BHvWSKmAqaaE1yP6cTwguJXOMog8a8XsQXB4npKNvnZwge+XjdmY2LwXfnZ4dsxTc8AoUiIVHlMN11FBdJLR0uqS0eKEEDuGdtvkKzPGXniID9XoqCZukM6XSLRSSFhs/vF8h3v3ZcvJgQ4BaHP/o6hpxY1YfTYXoxRGuqCPSuVftz82AmAY4/IK7le74WCTMPndF7wjDO63Edv8epTwrcsJk2SCN4JMKp6vGErYs+QPNGHSf1/jmoQYcIICCrIdgm0kN96SenY0+O7z4N3CuTBmDuR8E+X+VvMTRuVO7xzWTuDxfhG8NoRl7/BNmHz7rGVlWqlDZrOHY+H5SIbfshXZ/zovMTUcuOjL+2p1usMw+TKD4AL4Ca0vrLq6tOHLUTy/NQ0KCvdPqk= ceph-678e0f66-70a6-11ef-bcea-c7b262605968
2024-09-12T01:31:32.947 DEBUG:teuthology.orchestra.run.smithi046:> sudo /home/ubuntu/cephtest/cephadm --image quay-quay-quay.apps.os.sepia.ceph.com/ceph-ci/ceph:b53b6d3e9f4baeb64d08dfb72b9cb1112ce886fc shell -c /etc/ceph/ceph.conf -k /etc/ceph/ceph.client.admin.keyring --fsid 678e0f66-70a6-11ef-bcea-c7b262605968 -- ceph config set mgr mgr/cephadm/allow_ptrace true
2024-09-12T01:31:33.204 INFO:teuthology.orchestra.run.smithi046.stderr:Inferring config /var/lib/ceph/678e0f66-70a6-11ef-bcea-c7b262605968/mon.a/config
2024-09-12T01:31:33.869 INFO:teuthology.orchestra.run.smithi046.stderr:2024-09-12T01:31:33.864+0000 7f782f2a4640 1 -- 172.21.15.46:0/2370122953 >> [v2:172.21.15.46:3300/0,v1:172.21.15.46:6789/0] conn(0x7f78281020d0 msgr2=0x7f78281044c0 secure :-1 s=STATE_CONNECTION_ESTABLISHED l=1).mark_down
2024-09-12T01:31:33.869 INFO:teuthology.orchestra.run.smithi046.stderr:2024-09-12T01:31:33.864+0000 7f782f2a4640 1 --2- 172.21.15.46:0/2370122953 >> [v2:172.21.15.46:3300/0,v1:172.21.15.46:6789/0] conn(0x7f78281020d0 0x7f78281044c0 secure :-1 s=READY pgs=76 cs=0 l=1 rev1=1 crypto rx=0x7f7818009880 tx=0x7f781802a5d0 comp rx=0 tx=0).stop
2024-09-12T01:31:33.869 INFO:teuthology.orchestra.run.smithi046.stderr:2024-09-12T01:31:33.864+0000 7f782f2a4640 1 -- 172.21.15.46:0/2370122953 shutdown_connections
2024-09-12T01:31:33.870 INFO:teuthology.orchestra.run.smithi046.stderr:2024-09-12T01:31:33.864+0000 7f782f2a4640 1 --2- 172.21.15.46:0/2370122953 >> [v2:172.21.15.46:3300/0,v1:172.21.15.46:6789/0] conn(0x7f78281020d0 0x7f78281044c0 unknown :-1 s=CLOSED pgs=76 cs=0 l=1 rev1=1 crypto rx=0 tx=0 comp rx=0 tx=0).stop
2024-09-12T01:31:33.870 INFO:teuthology.orchestra.run.smithi046.stderr:2024-09-12T01:31:33.864+0000 7f782f2a4640 1 -- 172.21.15.46:0/2370122953 >> 172.21.15.46:0/2370122953 conn(0x7f78280fbcd0 msgr2=0x7f78280fe110 unknown :-1 s=STATE_NONE l=0).mark_down
2024-09-12T01:31:33.870 INFO:teuthology.orchestra.run.smithi046.stderr:2024-09-12T01:31:33.865+0000 7f782f2a4640 1 -- 172.21.15.46:0/2370122953 shutdown_connections
2024-09-12T01:31:33.870 INFO:teuthology.orchestra.run.smithi046.stderr:2024-09-12T01:31:33.865+0000 7f782f2a4640 1 -- 172.21.15.46:0/2370122953 wait complete.
2024-09-12T01:31:33.870 INFO:teuthology.orchestra.run.smithi046.stderr:2024-09-12T01:31:33.865+0000 7f782f2a4640 1 Processor -- start
2024-09-12T01:31:33.870 INFO:teuthology.orchestra.run.smithi046.stderr:2024-09-12T01:31:33.865+0000 7f782f2a4640 1 -- start start
2024-09-12T01:31:33.870 INFO:teuthology.orchestra.run.smithi046.stderr:2024-09-12T01:31:33.865+0000 7f782f2a4640 1 --2- >> [v2:172.21.15.46:3300/0,v1:172.21.15.46:6789/0] conn(0x7f78281020d0 0x7f7828101950 unknown :-1 s=NONE pgs=0 cs=0 l=1 rev1=0 crypto rx=0 tx=0 comp rx=0 tx=0).connect
2024-09-12T01:31:33.870 INFO:teuthology.orchestra.run.smithi046.stderr:2024-09-12T01:31:33.865+0000 7f782f2a4640 1 -- --> [v2:172.21.15.46:3300/0,v1:172.21.15.46:6789/0] -- mon_getmap magic: 0 -- 0x7f7828107520 con 0x7f78281020d0
2024-09-12T01:31:33.870 INFO:teuthology.orchestra.run.smithi046.stderr:2024-09-12T01:31:33.866+0000 7f782d040640 1 --2- >> [v2:172.21.15.46:3300/0,v1:172.21.15.46:6789/0] conn(0x7f78281020d0 0x7f7828101950 unknown :-1 s=BANNER_CONNECTING pgs=0 cs=0 l=1 rev1=0 crypto rx=0 tx=0 comp rx=0 tx=0)._handle_peer_banner_payload supported=3 required=0
2024-09-12T01:31:33.870 INFO:teuthology.orchestra.run.smithi046.stderr:2024-09-12T01:31:33.866+0000 7f782d040640 1 --2- >> [v2:172.21.15.46:3300/0,v1:172.21.15.46:6789/0] conn(0x7f78281020d0 0x7f7828101950 unknown :-1 s=HELLO_CONNECTING pgs=0 cs=0 l=1 rev1=1 crypto rx=0 tx=0 comp rx=0 tx=0).handle_hello peer v2:172.21.15.46:3300/0 says I am v2:172.21.15.46:46216/0 (socket says 172.21.15.46:46216)
2024-09-12T01:31:33.870 INFO:teuthology.orchestra.run.smithi046.stderr:2024-09-12T01:31:33.866+0000 7f782d040640 1 -- 172.21.15.46:0/69144584 learned_addr learned my addr 172.21.15.46:0/69144584 (peer_addr_for_me v2:172.21.15.46:0/0)
2024-09-12T01:31:33.870 INFO:teuthology.orchestra.run.smithi046.stderr:2024-09-12T01:31:33.866+0000 7f782d040640 1 -- 172.21.15.46:0/69144584 --> [v2:172.21.15.46:3300/0,v1:172.21.15.46:6789/0] -- mon_subscribe({config=0+,monmap=0+}) -- 0x7f7828101e90 con 0x7f78281020d0
2024-09-12T01:31:33.871 INFO:teuthology.orchestra.run.smithi046.stderr:2024-09-12T01:31:33.866+0000 7f782d040640 1 --2- 172.21.15.46:0/69144584 >> [v2:172.21.15.46:3300/0,v1:172.21.15.46:6789/0] conn(0x7f78281020d0 0x7f7828101950 secure :-1 s=READY pgs=77 cs=0 l=1 rev1=1 crypto rx=0x7f7818009230 tx=0x7f78180048f0 comp rx=0 tx=0).ready entity=mon.0 client_cookie=0 server_cookie=0 in_seq=0 out_seq=0
2024-09-12T01:31:33.871 INFO:teuthology.orchestra.run.smithi046.stderr:2024-09-12T01:31:33.866+0000 7f781e7fc640 1 -- 172.21.15.46:0/69144584 <== mon.0 v2:172.21.15.46:3300/0 1 ==== mon_map magic: 0 ==== 205+0+0 (secure 0 0 0) 0x7f781803f070 con 0x7f78281020d0
2024-09-12T01:31:33.871 INFO:teuthology.orchestra.run.smithi046.stderr:2024-09-12T01:31:33.866+0000 7f782f2a4640 1 -- 172.21.15.46:0/69144584 --> [v2:172.21.15.46:3300/0,v1:172.21.15.46:6789/0] -- mon_subscribe({mgrmap=0+}) -- 0x7f7828100080 con 0x7f78281020d0
2024-09-12T01:31:33.871 INFO:teuthology.orchestra.run.smithi046.stderr:2024-09-12T01:31:33.866+0000 7f781e7fc640 1 -- 172.21.15.46:0/69144584 <== mon.0 v2:172.21.15.46:3300/0 2 ==== config(26 keys) ==== 1102+0+0 (secure 0 0 0) 0x7f7818003aa0 con 0x7f78281020d0
2024-09-12T01:31:33.871 INFO:teuthology.orchestra.run.smithi046.stderr:2024-09-12T01:31:33.866+0000 7f781e7fc640 1 -- 172.21.15.46:0/69144584 <== mon.0 v2:172.21.15.46:3300/0 3 ==== mon_map magic: 0 ==== 205+0+0 (secure 0 0 0) 0x7f7818035030 con 0x7f78281020d0
2024-09-12T01:31:33.871 INFO:teuthology.orchestra.run.smithi046.stderr:2024-09-12T01:31:33.866+0000 7f782f2a4640 1 -- 172.21.15.46:0/69144584 --> [v2:172.21.15.46:3300/0,v1:172.21.15.46:6789/0] -- mon_subscribe({osdmap=0}) -- 0x7f78281005c0 con 0x7f78281020d0
