2024-09-12T01:37:12.239 INFO:journalctl@ceph.mon.a.smithi122.stdout:Sep 12 01:37:11 smithi122 ceph-mon[30925]: mgrmap e2: x(active, starting, since 0.00303001s)
2024-09-12T01:37:12.239 INFO:journalctl@ceph.mon.a.smithi122.stdout:Sep 12 01:37:11 smithi122 ceph-mon[30925]: from='mgr.14100 172.21.15.122:0/3222850521' entity='mgr.x' cmd=[{"prefix": "mds metadata"}]: dispatch
2024-09-12T01:37:12.239 INFO:journalctl@ceph.mon.a.smithi122.stdout:Sep 12 01:37:11 smithi122 ceph-mon[30925]: from='mgr.14100 172.21.15.122:0/3222850521' entity='mgr.x' cmd=[{"prefix": "osd metadata"}]: dispatch
2024-09-12T01:37:12.239 INFO:journalctl@ceph.mon.a.smithi122.stdout:Sep 12 01:37:11 smithi122 ceph-mon[30925]: from='mgr.14100 172.21.15.122:0/3222850521' entity='mgr.x' cmd=[{"prefix": "mon metadata"}]: dispatch
2024-09-12T01:37:12.239 INFO:journalctl@ceph.mon.a.smithi122.stdout:Sep 12 01:37:11 smithi122 ceph-mon[30925]: from='mgr.14100 172.21.15.122:0/3222850521' entity='mgr.x' cmd=[{"prefix": "mon metadata", "id": "a"}]: dispatch
2024-09-12T01:37:12.239 INFO:journalctl@ceph.mon.a.smithi122.stdout:Sep 12 01:37:11 smithi122 ceph-mon[30925]: from='mgr.14100 172.21.15.122:0/3222850521' entity='mgr.x' cmd=[{"prefix": "mgr metadata", "who": "x", "id": "x"}]: dispatch
2024-09-12T01:37:12.239 INFO:journalctl@ceph.mon.a.smithi122.stdout:Sep 12 01:37:11 smithi122 ceph-mon[30925]: Manager daemon x is now available
2024-09-12T01:37:12.239 INFO:journalctl@ceph.mon.a.smithi122.stdout:Sep 12 01:37:11 smithi122 ceph-mon[30925]: from='mgr.14100 172.21.15.122:0/3222850521' entity='mgr.x' cmd=[{"prefix":"config rm","who":"mgr","name":"mgr/rbd_support/x/mirror_snapshot_schedule"}]: dispatch
2024-09-12T01:37:12.239 INFO:journalctl@ceph.mon.a.smithi122.stdout:Sep 12 01:37:11 smithi122 ceph-mon[30925]: from='mgr.14100 172.21.15.122:0/3222850521' entity='mgr.x' cmd=[{"prefix":"config rm","who":"mgr","name":"mgr/rbd_support/x/trash_purge_schedule"}]: dispatch
2024-09-12T01:37:12.239 INFO:journalctl@ceph.mon.a.smithi122.stdout:Sep 12 01:37:11 smithi122 ceph-mon[30925]: from='mgr.14100 172.21.15.122:0/3222850521' entity='mgr.x'
2024-09-12T01:37:12.240 INFO:journalctl@ceph.mon.a.smithi122.stdout:Sep 12 01:37:11 smithi122 ceph-mon[30925]: from='mgr.14100 172.21.15.122:0/3222850521' entity='mgr.x'
2024-09-12T01:37:12.240 INFO:journalctl@ceph.mon.a.smithi122.stdout:Sep 12 01:37:11 smithi122 ceph-mon[30925]: from='mgr.14100 172.21.15.122:0/3222850521' entity='mgr.x'
2024-09-12T01:37:13.988 INFO:journalctl@ceph.mon.a.smithi122.stdout:Sep 12 01:37:13 smithi122 ceph-mon[30925]: mgrmap e3: x(active, since 1.00749s)
2024-09-12T01:37:14.471 INFO:teuthology.orchestra.run.smithi122.stdout:/usr/bin/ceph: stdout
2024-09-12T01:37:14.471 INFO:teuthology.orchestra.run.smithi122.stdout:/usr/bin/ceph: stdout {
2024-09-12T01:37:14.471 INFO:teuthology.orchestra.run.smithi122.stdout:/usr/bin/ceph: stdout "fsid": "5731f69a-70a7-11ef-bcea-c7b262605968",
2024-09-12T01:37:14.471 INFO:teuthology.orchestra.run.smithi122.stdout:/usr/bin/ceph: stdout "health": {
2024-09-12T01:37:14.471 INFO:teuthology.orchestra.run.smithi122.stdout:/usr/bin/ceph: stdout "status": "HEALTH_OK",
2024-09-12T01:37:14.471 INFO:teuthology.orchestra.run.smithi122.stdout:/usr/bin/ceph: stdout "checks": {},
2024-09-12T01:37:14.471 INFO:teuthology.orchestra.run.smithi122.stdout:/usr/bin/ceph: stdout "mutes": []
2024-09-12T01:37:14.471 INFO:teuthology.orchestra.run.smithi122.stdout:/usr/bin/ceph: stdout },
2024-09-12T01:37:14.471 INFO:teuthology.orchestra.run.smithi122.stdout:/usr/bin/ceph: stdout "election_epoch": 5,
2024-09-12T01:37:14.471 INFO:teuthology.orchestra.run.smithi122.stdout:/usr/bin/ceph: stdout "quorum": [
2024-09-12T01:37:14.472 INFO:teuthology.orchestra.run.smithi122.stdout:/usr/bin/ceph: stdout 0
2024-09-12T01:37:14.472 INFO:teuthology.orchestra.run.smithi122.stdout:/usr/bin/ceph: stdout ],
2024-09-12T01:37:14.472 INFO:teuthology.orchestra.run.smithi122.stdout:/usr/bin/ceph: stdout "quorum_names": [
2024-09-12T01:37:14.472 INFO:teuthology.orchestra.run.smithi122.stdout:/usr/bin/ceph: stdout "a"
2024-09-12T01:37:14.472 INFO:teuthology.orchestra.run.smithi122.stdout:/usr/bin/ceph: stdout ],
2024-09-12T01:37:14.472 INFO:teuthology.orchestra.run.smithi122.stdout:/usr/bin/ceph: stdout "quorum_age": 9,
2024-09-12T01:37:14.472 INFO:teuthology.orchestra.run.smithi122.stdout:/usr/bin/ceph: stdout "monmap": {
2024-09-12T01:37:14.472 INFO:teuthology.orchestra.run.smithi122.stdout:/usr/bin/ceph: stdout "epoch": 1,
2024-09-12T01:37:14.472 INFO:teuthology.orchestra.run.smithi122.stdout:/usr/bin/ceph: stdout "min_mon_release_name": "squid",
2024-09-12T01:37:14.472 INFO:teuthology.orchestra.run.smithi122.stdout:/usr/bin/ceph: stdout "num_mons": 1
2024-09-12T01:37:14.472 INFO:teuthology.orchestra.run.smithi122.stdout:/usr/bin/ceph: stdout },
2024-09-12T01:37:14.472 INFO:teuthology.orchestra.run.smithi122.stdout:/usr/bin/ceph: stdout "osdmap": {
2024-09-12T01:37:14.473 INFO:teuthology.orchestra.run.smithi122.stdout:/usr/bin/ceph: stdout "epoch": 1,
2024-09-12T01:37:14.473 INFO:teuthology.orchestra.run.smithi122.stdout:/usr/bin/ceph: stdout "num_osds": 0,
2024-09-12T01:37:14.473 INFO:teuthology.orchestra.run.smithi122.stdout:/usr/bin/ceph: stdout "num_up_osds": 0,
2024-09-12T01:37:14.473 INFO:teuthology.orchestra.run.smithi122.stdout:/usr/bin/ceph: stdout "osd_up_since": 0,
2024-09-12T01:37:14.481 INFO:teuthology.orchestra.run.smithi122.stdout:/usr/bin/ceph: stdout "num_in_osds": 0,
2024-09-12T01:37:14.484 INFO:teuthology.orchestra.run.smithi122.stdout:/usr/bin/ceph: stdout "osd_in_since": 0,
2024-09-12T01:37:14.484 INFO:teuthology.orchestra.run.smithi122.stdout:/usr/bin/ceph: stdout "num_remapped_pgs": 0
2024-09-12T01:37:14.485 INFO:teuthology.orchestra.run.smithi122.stdout:/usr/bin/ceph: stdout },
2024-09-12T01:37:14.485 INFO:teuthology.orchestra.run.smithi122.stdout:/usr/bin/ceph: stdout "pgmap": {
2024-09-12T01:37:14.485 INFO:teuthology.orchestra.run.smithi122.stdout:/usr/bin/ceph: stdout "pgs_by_state": [],
2024-09-12T01:37:14.485 INFO:teuthology.orchestra.run.smithi122.stdout:/usr/bin/ceph: stdout "num_pgs": 0,
2024-09-12T01:37:14.485 INFO:teuthology.orchestra.run.smithi122.stdout:/usr/bin/ceph: stdout "num_pools": 0,
2024-09-12T01:37:14.485 INFO:teuthology.orchestra.run.smithi122.stdout:/usr/bin/ceph: stdout "num_objects": 0,
2024-09-12T01:37:14.485 INFO:teuthology.orchestra.run.smithi122.stdout:/usr/bin/ceph: stdout "data_bytes": 0,
2024-09-12T01:37:14.485 INFO:teuthology.orchestra.run.smithi122.stdout:/usr/bin/ceph: stdout "bytes_used": 0,
2024-09-12T01:37:14.485 INFO:teuthology.orchestra.run.smithi122.stdout:/usr/bin/ceph: stdout "bytes_avail": 0,
2024-09-12T01:37:14.485 INFO:teuthology.orchestra.run.smithi122.stdout:/usr/bin/ceph: stdout "bytes_total": 0
2024-09-12T01:37:14.485 INFO:teuthology.orchestra.run.smithi122.stdout:/usr/bin/ceph: stdout },
2024-09-12T01:37:14.485 INFO:teuthology.orchestra.run.smithi122.stdout:/usr/bin/ceph: stdout "fsmap": {
2024-09-12T01:37:14.485 INFO:teuthology.orchestra.run.smithi122.stdout:/usr/bin/ceph: stdout "epoch": 1,
2024-09-12T01:37:14.486 INFO:teuthology.orchestra.run.smithi122.stdout:/usr/bin/ceph: stdout "btime": "2024-09-12T01:36:52:283630+0000",
2024-09-12T01:37:14.486 INFO:teuthology.orchestra.run.smithi122.stdout:/usr/bin/ceph: stdout "by_rank": [],
2024-09-12T01:37:14.486 INFO:teuthology.orchestra.run.smithi122.stdout:/usr/bin/ceph: stdout "up:standby": 0
2024-09-12T01:37:14.486 INFO:teuthology.orchestra.run.smithi122.stdout:/usr/bin/ceph: stdout },
2024-09-12T01:37:14.486 INFO:teuthology.orchestra.run.smithi122.stdout:/usr/bin/ceph: stdout "mgrmap": {
2024-09-12T01:37:14.486 INFO:teuthology.orchestra.run.smithi122.stdout:/usr/bin/ceph: stdout "available": true,
2024-09-12T01:37:14.486 INFO:teuthology.orchestra.run.smithi122.stdout:/usr/bin/ceph: stdout "num_standbys": 0,
2024-09-12T01:37:14.486 INFO:teuthology.orchestra.run.smithi122.stdout:/usr/bin/ceph: stdout "modules": [
2024-09-12T01:37:14.486 INFO:teuthology.orchestra.run.smithi122.stdout:/usr/bin/ceph: stdout "iostat",
2024-09-12T01:37:14.486 INFO:teuthology.orchestra.run.smithi122.stdout:/usr/bin/ceph: stdout "nfs",
2024-09-12T01:37:14.486 INFO:teuthology.orchestra.run.smithi122.stdout:/usr/bin/ceph: stdout "restful"
2024-09-12T01:37:14.486 INFO:teuthology.orchestra.run.smithi122.stdout:/usr/bin/ceph: stdout ],
2024-09-12T01:37:14.486 INFO:teuthology.orchestra.run.smithi122.stdout:/usr/bin/ceph: stdout "services": {}
2024-09-12T01:37:14.486 INFO:teuthology.orchestra.run.smithi122.stdout:/usr/bin/ceph: stdout },
2024-09-12T01:37:14.487 INFO:teuthology.orchestra.run.smithi122.stdout:/usr/bin/ceph: stdout "servicemap": {
2024-09-12T01:37:14.487 INFO:teuthology.orchestra.run.smithi122.stdout:/usr/bin/ceph: stdout "epoch": 1,
2024-09-12T01:37:14.487 INFO:teuthology.orchestra.run.smithi122.stdout:/usr/bin/ceph: stdout "modified": "2024-09-12T01:36:52.284388+0000",
2024-09-12T01:37:14.487 INFO:teuthology.orchestra.run.smithi122.stdout:/usr/bin/ceph: stdout "services": {}
2024-09-12T01:37:14.487 INFO:teuthology.orchestra.run.smithi122.stdout:/usr/bin/ceph: stdout },
2024-09-12T01:37:14.487 INFO:teuthology.orchestra.run.smithi122.stdout:/usr/bin/ceph: stdout "progress_events": {}
2024-09-12T01:37:14.487 INFO:teuthology.orchestra.run.smithi122.stdout:/usr/bin/ceph: stdout }
2024-09-12T01:37:14.487 INFO:teuthology.orchestra.run.smithi122.stdout:/usr/bin/ceph: stderr
2024-09-12T01:37:13.693+0000 7f68ac3a8640 1 Processor -- start
2024-09-12T01:37:14.487 INFO:teuthology.orchestra.run.smithi122.stdout:/usr/bin/ceph: stderr
2024-09-12T01:37:13.693+0000 7f68ac3a8640 1 -- start start
2024-09-12T01:37:14.487 INFO:teuthology.orchestra.run.smithi122.stdout:/usr/bin/ceph: stderr
2024-09-12T01:37:13.694+0000 7f68ac3a8640 1 --2- >> [v2:172.21.15.122:3300/0,v1:172.21.15.122:6789/0] conn(0x7f68a4108160 0x7f68a410a550 unknown :-1 s=NONE pgs=0 cs=0 l=0 rev1=0 crypto rx=0 tx=0 comp rx=0 tx=0).connect
2024-09-12T01:37:14.487 INFO:teuthology.orchestra.run.smithi122.stdout:/usr/bin/ceph: stderr
2024-09-12T01:37:13.694+0000 7f68ac3a8640 1 -- --> [v2:172.21.15.122:3300/0,v1:172.21.15.122:6789/0] -- mon_getmap magic: 0 -- 0x7f68a407be50 con 0x7f68a4108160
2024-09-12T01:37:14.487 INFO:teuthology.orchestra.run.smithi122.stdout:/usr/bin/ceph: stderr
2024-09-12T01:37:13.694+0000 7f68aa144640 1 --2- >> [v2:172.21.15.122:3300/0,v1:172.21.15.122:6789/0] conn(0x7f68a4108160 0x7f68a410a550 unknown :-1 s=BANNER_CONNECTING pgs=0 cs=0 l=0 rev1=0 crypto rx=0 tx=0 comp rx=0 tx=0)._handle_peer_banner_payload supported=3 required=0
2024-09-12T01:37:14.487 INFO:teuthology.orchestra.run.smithi122.stdout:/usr/bin/ceph: stderr
2024-09-12T01:37:13.694+0000 7f68aa144640 1 --2- >> [v2:172.21.15.122:3300/0,v1:172.21.15.122:6789/0] conn(0x7f68a4108160 0x7f68a410a550 unknown :-1 s=HELLO_CONNECTING pgs=0 cs=0 l=0 rev1=1 crypto rx=0 tx=0 comp rx=0 tx=0).handle_hello peer v2:172.21.15.122:3300/0 says I am v2:172.21.15.122:38226/0 (socket says 172.21.15.122:38226)
2024-09-12T01:37:14.488 INFO:teuthology.orchestra.run.smithi122.stdout:/usr/bin/ceph: stderr
2024-09-12T01:37:13.694+0000 7f68aa144640 1 -- 172.21.15.122:0/2337995299 learned_addr learned my addr 172.21.15.122:0/2337995299 (peer_addr_for_me v2:172.21.15.122:0/0)
2024-09-12T01:37:14.488 INFO:teuthology.orchestra.run.smithi122.stdout:/usr/bin/ceph: stderr
2024-09-12T01:37:13.694+0000 7f68aa144640 1 -- 172.21.15.122:0/2337995299 --> [v2:172.21.15.122:3300/0,v1:172.21.15.122:6789/0] -- mon_subscribe({config=0+,monmap=0+}) -- 0x7f68a410aa90 con 0x7f68a4108160
2024-09-12T01:37:14.488 INFO:teuthology.orchestra.run.smithi122.stdout:/usr/bin/ceph: stderr
2024-09-12T01:37:13.695+0000 7f68aa144640 1 --2- 172.21.15.122:0/2337995299 >> [v2:172.21.15.122:3300/0,v1:172.21.15.122:6789/0] conn(0x7f68a4108160 0x7f68a410a550 secure :-1 s=READY pgs=16 cs=0 l=1 rev1=1 crypto rx=0x7f6894009820 tx=0x7f689402a270 comp rx=0 tx=0).ready entity=mon.0 client_cookie=799eb8c0e06defc9 server_cookie=0 in_seq=0 out_seq=0
2024-09-12T01:37:14.488 INFO:teuthology.orchestra.run.smithi122.stdout:/usr/bin/ceph: stderr
2024-09-12T01:37:13.695+0000 7f68a9142640 1 -- 172.21.15.122:0/2337995299 <== mon.0 v2:172.21.15.122:3300/0 1 ==== mon_map magic: 0 ==== 205+0+0 (secure 0 0 0) 0x7f6894037070 con 0x7f68a4108160
2024-09-12T01:37:14.488 INFO:teuthology.orchestra.run.smithi122.stdout:/usr/bin/ceph: stderr
2024-09-12T01:37:13.695+0000 7f68a9142640 1 -- 172.21.15.122:0/2337995299 <== mon.0 v2:172.21.15.122:3300/0 2 ==== config(27 keys) ==== 1109+0+0 (secure 0 0 0) 0x7f6894032900 con 0x7f68a4108160
2024-09-12T01:37:14.488 INFO:teuthology.orchestra.run.smithi122.stdout:/usr/bin/ceph: stderr
2024-09-12T01:37:13.695+0000 7f68a9142640 1 -- 172.21.15.122:0/2337995299 <== mon.0 v2:172.21.15.122:3300/0 3 ==== mon_map magic: 0 ==== 205+0+0 (secure 0 0 0) 0x7f6894030850 con 0x7f68a4108160
2024-09-12T01:37:14.488 INFO:teuthology.orchestra.run.smithi122.stdout:/usr/bin/ceph: stderr
2024-09-12T01:37:13.696+0000 7f68ac3a8640 1 -- 172.21.15.122:0/2337995299 >> [v2:172.21.15.122:3300/0,v1:172.21.15.122:6789/0] conn(0x7f68a4108160 msgr2=0x7f68a410a550 secure :-1 s=STATE_CONNECTION_ESTABLISHED l=1).mark_down
2024-09-12T01:37:14.488 INFO:teuthology.orchestra.run.smithi122.stdout:/usr/bin/ceph: stderr
2024-09-12T01:37:13.696+0000 7f68ac3a8640 1 --2- 172.21.15.122:0/2337995299 >> [v2:172.21.15.122:3300/0,v1:172.21.15.122:6789/0] conn(0x7f68a4108160 0x7f68a410a550 secure :-1 s=READY pgs=16 cs=0 l=1 rev1=1 crypto rx=0x7f6894009820 tx=0x7f689402a270 comp rx=0 tx=0).stop
2024-09-12T01:37:14.488 INFO:teuthology.orchestra.run.smithi122.stdout:/usr/bin/ceph: stderr
2024-09-12T01:37:13.696+0000 7f68ac3a8640 1 -- 172.21.15.122:0/2337995299 shutdown_connections
2024-09-12T01:37:14.488 INFO:teuthology.orchestra.run.smithi122.stdout:/usr/bin/ceph: stderr
2024-09-12T01:37:13.696+0000 7f68ac3a8640 1 --2- 172.21.15.122:0/2337995299 >> [v2:172.21.15.122:3300/0,v1:172.21.15.122:6789/0] conn(0x7f68a4108160 0x7f68a410a550 unknown :-1 s=CLOSED pgs=16 cs=0 l=1 rev1=1 crypto rx=0 tx=0 comp rx=0 tx=0).stop
2024-09-12T01:37:14.488 INFO:teuthology.orchestra.run.smithi122.stdout:/usr/bin/ceph: stderr
2024-09-12T01:37:13.696+0000 7f68ac3a8640 1 -- 172.21.15.122:0/2337995299 >> 172.21.15.122:0/2337995299 conn(0x7f68a4101de0 msgr2=0x7f68a4104200 unknown :-1 s=STATE_NONE l=0).mark_down
2024-09-12T01:37:14.488 INFO:teuthology.orchestra.run.smithi122.stdout:/usr/bin/ceph: stderr
2024-09-12T01:37:13.696+0000 7f68ac3a8640 1 -- 172.21.15.122:0/2337995299 shutdown_connections
2024-09-12T01:37:14.489 INFO:teuthology.orchestra.run.smithi122.stdout:/usr/bin/ceph: stderr
2024-09-12T01:37:13.696+0000 7f68ac3a8640 1 -- 172.21.15.122:0/2337995299 wait complete.
2024-09-12T01:37:14.489 INFO:teuthology.orchestra.run.smithi122.stdout:/usr/bin/ceph: stderr
2024-09-12T01:37:13.696+0000 7f68ac3a8640 1 Processor -- start
2024-09-12T01:37:14.489 INFO:teuthology.orchestra.run.smithi122.stdout:/usr/bin/ceph: stderr
2024-09-12T01:37:13.697+0000 7f68ac3a8640 1 -- start start
2024-09-12T01:37:14.489 INFO:teuthology.orchestra.run.smithi122.stdout:/usr/bin/ceph: stderr
2024-09-12T01:37:13.697+0000 7f68ac3a8640 1 --2- >> [v2:172.21.15.122:3300/0,v1:172.21.15.122:6789/0] conn(0x7f68a4108160 0x7f68a419b610 unknown :-1 s=NONE pgs=0 cs=0 l=1 rev1=0 crypto rx=0 tx=0 comp rx=0 tx=0).connect
2024-09-12T01:37:14.489 INFO:teuthology.orchestra.run.smithi122.stdout:/usr/bin/ceph: stderr
2024-09-12T01:37:13.697+0000 7f68ac3a8640 1 -- --> [v2:172.21.15.122:3300/0,v1:172.21.15.122:6789/0] -- mon_getmap magic: 0 -- 0x7f68a410ba60 con 0x7f68a4108160
2024-09-12T01:37:14.489 INFO:teuthology.orchestra.run.smithi122.stdout:/usr/bin/ceph: stderr
2024-09-12T01:37:13.697+0000 7f68aa144640 1 --2- >> [v2:172.21.15.122:3300/0,v1:172.21.15.122:6789/0] conn(0x7f68a4108160 0x7f68a419b610 unknown :-1 s=BANNER_CONNECTING pgs=0 cs=0 l=1 rev1=0 crypto rx=0 tx=0 comp rx=0 tx=0)._handle_peer_banner_payload supported=3 required=0
2024-09-12T01:37:14.489 INFO:teuthology.orchestra.run.smithi122.stdout:/usr/bin/ceph: stderr
2024-09-12T01:37:13.697+0000 7f68aa144640 1 --2- >> [v2:172.21.15.122:3300/0,v1:172.21.15.122:6789/0] conn(0x7f68a4108160 0x7f68a419b610 unknown :-1 s=HELLO_CONNECTING pgs=0 cs=0 l=1 rev1=1 crypto rx=0 tx=0 comp rx=0 tx=0).handle_hello peer v2:172.21.15.122:3300/0 says I am v2:172.21.15.122:38232/0 (socket says 172.21.15.122:38232)
2024-09-12T01:37:14.489 INFO:teuthology.orchestra.run.smithi122.stdout:/usr/bin/ceph: stderr
2024-09-12T01:37:13.697+0000 7f68aa144640 1 -- 172.21.15.122:0/1841012421 learned_addr learned my addr 172.21.15.122:0/1841012421 (peer_addr_for_me v2:172.21.15.122:0/0)
2024-09-12T01:37:14.489 INFO:teuthology.orchestra.run.smithi122.stdout:/usr/bin/ceph: stderr
2024-09-12T01:37:13.697+0000 7f68aa144640 1 -- 172.21.15.122:0/1841012421 --> [v2:172.21.15.122:3300/0,v1:172.21.15.122:6789/0] -- mon_subscribe({config=0+,monmap=0+}) -- 0x7f68a419bb50 con 0x7f68a4108160
2024-09-12T01:37:14.489 INFO:teuthology.orchestra.run.smithi122.stdout:/usr/bin/ceph: stderr
2024-09-12T01:37:13.697+0000 7f68aa144640 1 --2- 172.21.15.122:0/1841012421 >> [v2:172.21.15.122:3300/0,v1:172.21.15.122:6789/0] conn(0x7f68a4108160 0x7f68a419b610 secure :-1 s=READY pgs=17 cs=0 l=1 rev1=1 crypto rx=0x7f68940097f0 tx=0x7f6894030d80 comp rx=0 tx=0).ready entity=mon.0 client_cookie=0 server_cookie=0 in_seq=0 out_seq=0
2024-09-12T01:37:14.489 INFO:teuthology.orchestra.run.smithi122.stdout:/usr/bin/ceph: stderr
2024-09-12T01:37:13.697+0000 7f689b7fe640 1 -- 172.21.15.122:0/1841012421 <== mon.0 v2:172.21.15.122:3300/0 1 ==== mon_map magic: 0 ==== 205+0+0 (secure 0 0 0) 0x7f6894037040 con 0x7f68a4108160
2024-09-12T01:37:14.489 INFO:teuthology.orchestra.run.smithi122.stdout:/usr/bin/ceph: stderr
2024-09-12T01:37:13.697+0000 7f689b7fe640 1 -- 172.21.15.122:0/1841012421 <== mon.0 v2:172.21.15.122:3300/0 2 ==== config(27 keys) ==== 1109+0+0 (secure 0 0 0) 0x7f6894040070 con 0x7f68a4108160
2024-09-12T01:37:14.489 INFO:teuthology.orchestra.run.smithi122.stdout:/usr/bin/ceph: stderr
2024-09-12T01:37:13.697+0000 7f68ac3a8640 1 -- 172.21.15.122:0/1841012421 --> [v2:172.21.15.122:3300/0,v1:172.21.15.122:6789/0] -- mon_subscribe({mgrmap=0+}) -- 0x7f68a419bde0 con 0x7f68a4108160
2024-09-12T01:37:14.490 INFO:teuthology.orchestra.run.smithi122.stdout:/usr/bin/ceph: stderr
2024-09-12T01:37:13.697+0000 7f689b7fe640 1 -- 172.21.15.122:0/1841012421 <== mon.0 v2:172.21.15.122:3300/0 3 ==== mon_map magic: 0 ==== 205+0+0 (secure 0 0 0) 0x7f689403a390 con 0x7f68a4108160
2024-09-12T01:37:14.490 INFO:teuthology.orchestra.run.smithi122.stdout:/usr/bin/ceph: stderr
2024-09-12T01:37:13.697+0000 7f68ac3a8640 1 -- 172.21.15.122:0/1841012421 --> [v2:172.21.15.122:3300/0,v1:172.21.15.122:6789/0] -- mon_subscribe({osdmap=0}) -- 0x7f68a419ead0 con 0x7f68a4108160
2024-09-12T01:37:14.490 INFO:teuthology.orchestra.run.smithi122.stdout:/usr/bin/ceph: stderr
2024-09-12T01:37:13.698+0000 7f689b7fe640 1 -- 172.21.15.122:0/1841012421 <== mon.0 v2:172.21.15.122:3300/0 4 ==== mgrmap(e 3) ==== 46170+0+0 (secure 0 0 0) 0x7f689403a5e0 con 0x7f68a4108160
2024-09-12T01:37:14.490 INFO:teuthology.orchestra.run.smithi122.stdout:/usr/bin/ceph: stderr
2024-09-12T01:37:13.698+0000 7f689b7fe640 1 --2- 172.21.15.122:0/1841012421 >> [v2:172.21.15.122:6800/1950823209,v1:172.21.15.122:6801/1950823209] conn(0x7f6890038e60 0x7f689003b320 unknown :-1 s=NONE pgs=0 cs=0 l=1 rev1=0 crypto rx=0 tx=0 comp rx=0 tx=0).connect
2024-09-12T01:37:14.490 INFO:teuthology.orchestra.run.smithi122.stdout:/usr/bin/ceph: stderr
2024-09-12T01:37:13.698+0000 7f68ac3a8640 1 -- 172.21.15.122:0/1841012421 --> [v2:172.21.15.122:3300/0,v1:172.21.15.122:6789/0] -- mon_command({"prefix": "get_command_descriptions"} v 0) -- 0x7f68a41085c0 con 0x7f68a4108160
2024-09-12T01:37:14.490 INFO:teuthology.orchestra.run.smithi122.stdout:/usr/bin/ceph: stderr
2024-09-12T01:37:13.699+0000 7f689b7fe640 1 -- 172.21.15.122:0/1841012421 <== mon.0 v2:172.21.15.122:3300/0 5 ==== osd_map(1..1 src has 1..1) ==== 725+0+0 (secure 0 0 0) 0x7f689406c040 con 0x7f68a4108160
2024-09-12T01:37:14.490 INFO:teuthology.orchestra.run.smithi122.stdout:/usr/bin/ceph: stderr
2024-09-12T01:37:13.699+0000 7f68a9943640 1 --2- 172.21.15.122:0/1841012421 >> [v2:172.21.15.122:6800/1950823209,v1:172.21.15.122:6801/1950823209] conn(0x7f6890038e60 0x7f689003b320 unknown :-1 s=BANNER_CONNECTING pgs=0 cs=0 l=1 rev1=0 crypto rx=0 tx=0 comp rx=0 tx=0)._handle_peer_banner_payload supported=3 required=0
2024-09-12T01:37:14.490 INFO:teuthology.orchestra.run.smithi122.stdout:/usr/bin/ceph: stderr
2024-09-12T01:37:13.699+0000 7f68a9943640 1 --2- 172.21.15.122:0/1841012421 >> [v2:172.21.15.122:6800/1950823209,v1:172.21.15.122:6801/1950823209] conn(0x7f6890038e60 0x7f689003b320 secure :-1 s=READY pgs=6 cs=0 l=1 rev1=1 crypto rx=0x7f68a00098c0 tx=0x7f68a0006db0 comp rx=0 tx=0).ready entity=mgr.14100 client_cookie=0 server_cookie=0 in_seq=0 out_seq=0
2024-09-12T01:37:14.490 INFO:teuthology.orchestra.run.smithi122.stdout:/usr/bin/ceph: stderr
2024-09-12T01:37:13.704+0000 7f689b7fe640 1 -- 172.21.15.122:0/1841012421 <== mon.0 v2:172.21.15.122:3300/0 6 ==== mon_command_ack([{"prefix": "get_command_descriptions"}]=0 v0) ==== 72+0+188821 (secure 0 0 0) 0x7f6894032ab0 con 0x7f68a4108160
2024-09-12T01:37:14.490 INFO:teuthology.orchestra.run.smithi122.stdout:/usr/bin/ceph: stderr
2024-09-12T01:37:13.902+0000 7f689b7fe640 1 -- 172.21.15.122:0/1841012421 <== mon.0 v2:172.21.15.122:3300/0 7 ==== mgrmap(e 4) ==== 46276+0+0 (secure 0 0 0) 0x7f689402fd60 con 0x7f68a4108160
2024-09-12T01:37:14.490 INFO:teuthology.orchestra.run.smithi122.stdout:/usr/bin/ceph: stderr
2024-09-12T01:37:13.936+0000 7f68ac3a8640 1 -- 172.21.15.122:0/1841012421 --> [v2:172.21.15.122:3300/0,v1:172.21.15.122:6789/0] -- mon_command({"prefix": "status", "format": "json-pretty"} v 0) -- 0x7f68a419c260 con 0x7f68a4108160
2024-09-12T01:37:14.490 INFO:teuthology.orchestra.run.smithi122.stdout:/usr/bin/ceph: stderr
2024-09-12T01:37:13.936+0000 7f689b7fe640 1 -- 172.21.15.122:0/1841012421 <== mon.0 v2:172.21.15.122:3300/0 8 ==== mon_command_ack([{"prefix": "status", "format": "json-pretty"}]=0 v0) ==== 79+0+1290 (secure 0 0 0) 0x7f689402ee80 con 0x7f68a4108160
2024-09-12T01:37:14.491 INFO:teuthology.orchestra.run.smithi122.stdout:/usr/bin/ceph: stderr
2024-09-12T01:37:13.938+0000 7f68ac3a8640 1 -- 172.21.15.122:0/1841012421 >> [v2:172.21.15.122:6800/1950823209,v1:172.21.15.122:6801/1950823209] conn(0x7f6890038e60 msgr2=0x7f689003b320 secure :-1 s=STATE_CONNECTION_ESTABLISHED l=1).mark_down
2024-09-12T01:37:14.491 INFO:teuthology.orchestra.run.smithi122.stdout:/usr/bin/ceph: stderr
2024-09-12T01:37:13.938+0000 7f68ac3a8640 1 --2- 172.21.15.122:0/1841012421 >> [v2:172.21.15.122:6800/1950823209,v1:172.21.15.122:6801/1950823209] conn(0x7f6890038e60 0x7f689003b320 secure :-1 s=READY pgs=6 cs=0 l=1 rev1=1 crypto rx=0x7f68a00098c0 tx=0x7f68a0006db0 comp rx=0 tx=0).stop
2024-09-12T01:37:14.491 INFO:teuthology.orchestra.run.smithi122.stdout:/usr/bin/ceph: stderr
2024-09-12T01:37:13.938+0000 7f68ac3a8640 1 -- 172.21.15.122:0/1841012421 >> [v2:172.21.15.122:3300/0,v1:172.21.15.122:6789/0] conn(0x7f68a4108160 msgr2=0x7f68a419b610 secure :-1 s=STATE_CONNECTION_ESTABLISHED l=1).mark_down
2024-09-12T01:37:14.491 INFO:teuthology.orchestra.run.smithi122.stdout:/usr/bin/ceph: stderr
2024-09-12T01:37:13.938+0000 7f68ac3a8640 1 --2- 172.21.15.122:0/1841012421 >> [v2:172.21.15.122:3300/0,v1:172.21.15.122:6789/0] conn(0x7f68a4108160 0x7f68a419b610 secure :-1 s=READY pgs=17 cs=0 l=1 rev1=1 crypto rx=0x7f68940097f0 tx=0x7f6894030d80 comp rx=0 tx=0).stop
2024-09-12T01:37:14.491 INFO:teuthology.orchestra.run.smithi122.stdout:/usr/bin/ceph: stderr
2024-09-12T01:37:13.938+0000 7f68ac3a8640 1 -- 172.21.15.122:0/1841012421 shutdown_connections
2024-09-12T01:37:14.491 INFO:teuthology.orchestra.run.smithi122.stdout:/usr/bin/ceph: stderr
2024-09-12T01:37:13.938+0000 7f68ac3a8640 1 --2- 172.21.15.122:0/1841012421 >> [v2:172.21.15.122:6800/1950823209,v1:172.21.15.122:6801/1950823209] conn(0x7f6890038e60 0x7f689003b320 unknown :-1 s=CLOSED pgs=6 cs=0 l=1 rev1=1 crypto rx=0 tx=0 comp rx=0 tx=0).stop
2024-09-12T01:37:14.491 INFO:teuthology.orchestra.run.smithi122.stdout:/usr/bin/ceph: stderr
2024-09-12T01:37:13.938+0000 7f68ac3a8640 1 --2- 172.21.15.122:0/1841012421 >> [v2:172.21.15.122:3300/0,v1:172.21.15.122:6789/0] conn(0x7f68a4108160 0x7f68a419b610 unknown :-1 s=CLOSED pgs=17 cs=0 l=1 rev1=1 crypto rx=0 tx=0 comp rx=0 tx=0).stop
2024-09-12T01:37:14.491 INFO:teuthology.orchestra.run.smithi122.stdout:/usr/bin/ceph: stderr
2024-09-12T01:37:13.938+0000 7f68ac3a8640 1 -- 172.21.15.122:0/1841012421 >> 172.21.15.122:0/1841012421 conn(0x7f68a4101de0 msgr2=0x7f68a41028b0 unknown :-1 s=STATE_NONE l=0).mark_down
2024-09-12T01:37:14.491 INFO:teuthology.orchestra.run.smithi122.stdout:/usr/bin/ceph: stderr
2024-09-12T01:37:13.938+0000 7f68ac3a8640 1 -- 172.21.15.122:0/1841012421 shutdown_connections
2024-09-12T01:37:14.491 INFO:teuthology.orchestra.run.smithi122.stdout:/usr/bin/ceph: stderr
2024-09-12T01:37:13.938+0000 7f68ac3a8640 1 -- 172.21.15.122:0/1841012421 wait complete.
2024-09-12T01:37:14.491 INFO:teuthology.orchestra.run.smithi122.stdout:mgr is available
2024-09-12T01:37:15.238 INFO:journalctl@ceph.mon.a.smithi122.stdout:Sep 12 01:37:14 smithi122 ceph-mon[30925]: mgrmap e4: x(active, since 2s)
2024-09-12T01:37:15.238 INFO:journalctl@ceph.mon.a.smithi122.stdout:Sep 12 01:37:14 smithi122 ceph-mon[30925]: from='client.? 172.21.15.122:0/1841012421' entity='client.admin' cmd=[{"prefix": "status", "format": "json-pretty"}]: dispatch
2024-09-12T01:37:15.609 INFO:teuthology.orchestra.run.smithi122.stdout:/usr/bin/ceph: stdout
2024-09-12T01:37:15.609 INFO:teuthology.orchestra.run.smithi122.stdout:/usr/bin/ceph: stdout [global]
2024-09-12T01:37:15.609 INFO:teuthology.orchestra.run.smithi122.stdout:/usr/bin/ceph: stdout fsid = 5731f69a-70a7-11ef-bcea-c7b262605968
2024-09-12T01:37:15.609 INFO:teuthology.orchestra.run.smithi122.stdout:/usr/bin/ceph: stdout mon_host = [v2:172.21.15.122:3300,v1:172.21.15.122:6789]
2024-09-12T01:37:15.609 INFO:teuthology.orchestra.run.smithi122.stdout:/usr/bin/ceph: stdout mon_osd_allow_pg_remap = true
2024-09-12T01:37:15.609 INFO:teuthology.orchestra.run.smithi122.stdout:/usr/bin/ceph: stdout mon_osd_allow_primary_affinity = true
2024-09-12T01:37:15.609 INFO:teuthology.orchestra.run.smithi122.stdout:/usr/bin/ceph: stdout mon_warn_on_no_sortbitwise = false
2024-09-12T01:37:15.609 INFO:teuthology.orchestra.run.smithi122.stdout:/usr/bin/ceph: stdout osd_crush_chooseleaf_type = 0
2024-09-12T01:37:15.609 INFO:teuthology.orchestra.run.smithi122.stdout:/usr/bin/ceph: stdout
2024-09-12T01:37:15.610 INFO:teuthology.orchestra.run.smithi122.stdout:/usr/bin/ceph: stdout [mgr]
2024-09-12T01:37:15.610 INFO:teuthology.orchestra.run.smithi122.stdout:/usr/bin/ceph: stdout mgr/telemetry/nag = false
2024-09-12T01:37:15.610 INFO:teuthology.orchestra.run.smithi122.stdout:/usr/bin/ceph: stdout
2024-09-12T01:37:15.610 INFO:teuthology.orchestra.run.smithi122.stdout:/usr/bin/ceph: stdout [osd]
2024-09-12T01:37:15.610 INFO:teuthology.orchestra.run.smithi122.stdout:/usr/bin/ceph: stdout mon_osd_backfillfull_ratio = 0.85
2024-09-12T01:37:15.610 INFO:teuthology.orchestra.run.smithi122.stdout:/usr/bin/ceph: stdout mon_osd_full_ratio = 0.9
2024-09-12T01:37:15.610 INFO:teuthology.orchestra.run.smithi122.stdout:/usr/bin/ceph: stdout mon_osd_nearfull_ratio = 0.8
2024-09-12T01:37:15.610 INFO:teuthology.orchestra.run.smithi122.stdout:/usr/bin/ceph: stdout osd_map_max_advance = 10
2024-09-12T01:37:15.610 INFO:teuthology.orchestra.run.smithi122.stdout:/usr/bin/ceph: stdout osd_sloppy_crc = true
2024-09-12T01:37:15.610 INFO:teuthology.orchestra.run.smithi122.stdout:/usr/bin/ceph: stderr
2024-09-12T01:37:14.837+0000 7f96117d6640 1 Processor -- start
2024-09-12T01:37:15.610 INFO:teuthology.orchestra.run.smithi122.stdout:/usr/bin/ceph: stderr
2024-09-12T01:37:14.837+0000 7f96117d6640 1 -- start start
2024-09-12T01:37:15.610 INFO:teuthology.orchestra.run.smithi122.stdout:/usr/bin/ceph: stderr
2024-09-12T01:37:14.837+0000 7f96117d6640 1 --2- >> [v2:172.21.15.122:3300/0,v1:172.21.15.122:6789/0] conn(0x7f960c107630 0x7f960c107a30 unknown :-1 s=NONE pgs=0 cs=0 l=0 rev1=0 crypto rx=0 tx=0 comp rx=0 tx=0).connect
2024-09-12T01:37:15.610 INFO:teuthology.orchestra.run.smithi122.stdout:/usr/bin/ceph: stderr
2024-09-12T01:37:14.837+0000 7f96117d6640 1 -- --> [v2:172.21.15.122:3300/0,v1:172.21.15.122:6789/0] -- mon_getmap magic: 0 -- 0x7f960c108000 con 0x7f960c107630
2024-09-12T01:37:15.611 INFO:teuthology.orchestra.run.smithi122.stdout:/usr/bin/ceph: stderr
2024-09-12T01:37:14.838+0000 7f960affd640 1 --2- >> [v2:172.21.15.122:3300/0,v1:172.21.15.122:6789/0] conn(0x7f960c107630 0x7f960c107a30 unknown :-1 s=BANNER_CONNECTING pgs=0 cs=0 l=0 rev1=0 crypto rx=0 tx=0 comp rx=0 tx=0)._handle_peer_banner_payload supported=3 required=0
2024-09-12T01:37:15.611 INFO:teuthology.orchestra.run.smithi122.stdout:/usr/bin/ceph: stderr
2024-09-12T01:37:14.838+0000 7f960affd640 1 --2- >> [v2:172.21.15.122:3300/0,v1:172.21.15.122:6789/0] conn(0x7f960c107630 0x7f960c107a30 unknown :-1 s=HELLO_CONNECTING pgs=0 cs=0 l=0 rev1=1 crypto rx=0 tx=0 comp rx=0 tx=0).handle_hello peer v2:172.21.15.122:3300/0 says I am v2:172.21.15.122:38246/0 (socket says 172.21.15.122:38246)
2024-09-12T01:37:15.611 INFO:teuthology.orchestra.run.smithi122.stdout:/usr/bin/ceph: stderr
2024-09-12T01:37:14.838+0000 7f960affd640 1 -- 172.21.15.122:0/1876068375 learned_addr learned my addr 172.21.15.122:0/1876068375 (peer_addr_for_me v2:172.21.15.122:0/0)
2024-09-12T01:37:15.611 INFO:teuthology.orchestra.run.smithi122.stdout:/usr/bin/ceph: stderr
2024-09-12T01:37:14.838+0000 7f960affd640 1 -- 172.21.15.122:0/1876068375 --> [v2:172.21.15.122:3300/0,v1:172.21.15.122:6789/0] -- mon_subscribe({config=0+,monmap=0+}) -- 0x7f960c108830 con 0x7f960c107630
2024-09-12T01:37:15.611 INFO:teuthology.orchestra.run.smithi122.stdout:/usr/bin/ceph: stderr
2024-09-12T01:37:14.839+0000 7f960affd640 1 --2- 172.21.15.122:0/1876068375 >> [v2:172.21.15.122:3300/0,v1:172.21.15.122:6789/0] conn(0x7f960c107630 0x7f960c107a30 secure :-1 s=READY pgs=18 cs=0 l=1 rev1=1 crypto rx=0x7f9604009820 tx=0x7f960402a270 comp rx=0 tx=0).ready entity=mon.0 client_cookie=493c2146f06ddc6 server_cookie=0 in_seq=0 out_seq=0
2024-09-12T01:37:15.611 INFO:teuthology.orchestra.run.smithi122.stdout:/usr/bin/ceph: stderr
2024-09-12T01:37:14.839+0000 7f9609ffb640 1 -- 172.21.15.122:0/1876068375 <== mon.0 v2:172.21.15.122:3300/0 1 ==== mon_map magic: 0 ==== 205+0+0 (secure 0 0 0) 0x7f9604037070 con 0x7f960c107630
2024-09-12T01:37:15.611 INFO:teuthology.orchestra.run.smithi122.stdout:/usr/bin/ceph: stderr
2024-09-12T01:37:14.839+0000 7f9609ffb640 1 -- 172.21.15.122:0/1876068375 <== mon.0 v2:172.21.15.122:3300/0 2 ==== config(27 keys) ==== 1109+0+0 (secure 0 0 0) 0x7f9604032900 con 0x7f960c107630
2024-09-12T01:37:15.611 INFO:teuthology.orchestra.run.smithi122.stdout:/usr/bin/ceph: stderr
2024-09-12T01:37:14.839+0000 7f9609ffb640 1 -- 172.21.15.122:0/1876068375 <== mon.0 v2:172.21.15.122:3300/0 3 ==== mon_map magic: 0 ==== 205+0+0 (secure 0 0 0) 0x7f9604030850 con 0x7f960c107630
2024-09-12T01:37:15.611 INFO:teuthology.orchestra.run.smithi122.stdout:/usr/bin/ceph: stderr
2024-09-12T01:37:14.840+0000 7f96117d6640 1 -- 172.21.15.122:0/1876068375 >> [v2:172.21.15.122:3300/0,v1:172.21.15.122:6789/0] conn(0x7f960c107630 msgr2=0x7f960c107a30 secure :-1 s=STATE_CONNECTION_ESTABLISHED l=1).mark_down
2024-09-12T01:37:15.612 INFO:teuthology.orchestra.run.smithi122.stdout:/usr/bin/ceph: stderr
2024-09-12T01:37:14.840+0000 7f96117d6640 1 --2- 172.21.15.122:0/1876068375 >> [v2:172.21.15.122:3300/0,v1:172.21.15.122:6789/0] conn(0x7f960c107630 0x7f960c107a30 secure :-1 s=READY pgs=18 cs=0 l=1 rev1=1 crypto rx=0x7f9604009820 tx=0x7f960402a270 comp rx=0 tx=0).stop
2024-09-12T01:37:15.612 INFO:teuthology.orchestra.run.smithi122.stdout:/usr/bin/ceph: stderr
2024-09-12T01:37:14.840+0000 7f96117d6640 1 -- 172.21.15.122:0/1876068375 shutdown_connections
2024-09-12T01:37:15.612 INFO:teuthology.orchestra.run.smithi122.stdout:/usr/bin/ceph: stderr
2024-09-12T01:37:14.840+0000 7f96117d6640 1 --2- 172.21.15.122:0/1876068375 >> [v2:172.21.15.122:3300/0,v1:172.21.15.122:6789/0] conn(0x7f960c107630 0x7f960c107a30 unknown :-1 s=CLOSED pgs=18 cs=0 l=1 rev1=1 crypto rx=0 tx=0 comp rx=0 tx=0).stop
2024-09-12T01:37:15.612 INFO:teuthology.orchestra.run.smithi122.stdout:/usr/bin/ceph: stderr
2024-09-12T01:37:14.840+0000 7f96117d6640 1 -- 172.21.15.122:0/1876068375 >> 172.21.15.122:0/1876068375 conn(0x7f960c102de0 msgr2=0x7f960c105200 unknown :-1 s=STATE_NONE l=0).mark_down
2024-09-12T01:37:15.612 INFO:teuthology.orchestra.run.smithi122.stdout:/usr/bin/ceph: stderr
2024-09-12T01:37:14.840+0000 7f96117d6640 1 -- 172.21.15.122:0/1876068375 shutdown_connections
2024-09-12T01:37:15.612 INFO:teuthology.orchestra.run.smithi122.stdout:/usr/bin/ceph: stderr
2024-09-12T01:37:14.840+0000 7f96117d6640 1 -- 172.21.15.122:0/1876068375 wait complete.
2024-09-12T01:37:15.612 INFO:teuthology.orchestra.run.smithi122.stdout:/usr/bin/ceph: stderr
2024-09-12T01:37:14.840+0000 7f96117d6640 1 Processor -- start
2024-09-12T01:37:15.612 INFO:teuthology.orchestra.run.smithi122.stdout:/usr/bin/ceph: stderr
2024-09-12T01:37:14.841+0000 7f96117d6640 1 -- start start
2024-09-12T01:37:15.612 INFO:teuthology.orchestra.run.smithi122.stdout:/usr/bin/ceph: stderr
2024-09-12T01:37:14.841+0000 7f96117d6640 1 --2- >> [v2:172.21.15.122:3300/0,v1:172.21.15.122:6789/0] conn(0x7f960c107630 0x7f960c07db70 unknown :-1 s=NONE pgs=0 cs=0 l=1 rev1=0 crypto rx=0 tx=0 comp rx=0 tx=0).connect
2024-09-12T01:37:15.612 INFO:teuthology.orchestra.run.smithi122.stdout:/usr/bin/ceph: stderr
2024-09-12T01:37:14.841+0000 7f96117d6640 1 -- --> [v2:172.21.15.122:3300/0,v1:172.21.15.122:6789/0] -- mon_getmap magic: 0 -- 0x7f960c10bbe0 con 0x7f960c107630
2024-09-12T01:37:15.612 INFO:teuthology.orchestra.run.smithi122.stdout:/usr/bin/ceph: stderr
2024-09-12T01:37:14.841+0000 7f960affd640 1 --2- >> [v2:172.21.15.122:3300/0,v1:172.21.15.122:6789/0] conn(0x7f960c107630 0x7f960c07db70 unknown :-1 s=BANNER_CONNECTING pgs=0 cs=0 l=1 rev1=0 crypto rx=0 tx=0 comp rx=0 tx=0)._handle_peer_banner_payload supported=3 required=0
2024-09-12T01:37:15.612 INFO:teuthology.orchestra.run.smithi122.stdout:/usr/bin/ceph: stderr
2024-09-12T01:37:14.841+0000 7f960affd640 1 --2- >> [v2:172.21.15.122:3300/0,v1:172.21.15.122:6789/0] conn(0x7f960c107630 0x7f960c07db70 unknown :-1 s=HELLO_CONNECTING pgs=0 cs=0 l=1 rev1=1 crypto rx=0 tx=0 comp rx=0 tx=0).handle_hello peer v2:172.21.15.122:3300/0 says I am v2:172.21.15.122:38248/0 (socket says 172.21.15.122:38248)
2024-09-12T01:37:15.612 INFO:teuthology.orchestra.run.smithi122.stdout:/usr/bin/ceph: stderr
2024-09-12T01:37:14.841+0000 7f960affd640 1 -- 172.21.15.122:0/946131434 learned_addr learned my addr 172.21.15.122:0/946131434 (peer_addr_for_me v2:172.21.15.122:0/0)
2024-09-12T01:37:15.613 INFO:teuthology.orchestra.run.smithi122.stdout:/usr/bin/ceph: stderr
2024-09-12T01:37:14.841+0000 7f960affd640 1 -- 172.21.15.122:0/946131434 --> [v2:172.21.15.122:3300/0,v1:172.21.15.122:6789/0] -- mon_subscribe({config=0+,monmap=0+}) -- 0x7f960c07e0b0 con 0x7f960c107630
2024-09-12T01:37:15.613 INFO:teuthology.orchestra.run.smithi122.stdout:/usr/bin/ceph: stderr
2024-09-12T01:37:14.841+0000 7f960affd640 1 --2- 172.21.15.122:0/946131434 >> [v2:172.21.15.122:3300/0,v1:172.21.15.122:6789/0] conn(0x7f960c107630 0x7f960c07db70 secure :-1 s=READY pgs=19 cs=0 l=1 rev1=1 crypto rx=0x7f9604009940 tx=0x7f96040326e0 comp rx=0 tx=0).ready entity=mon.0 client_cookie=0 server_cookie=0 in_seq=0 out_seq=0
2024-09-12T01:37:15.613 INFO:teuthology.orchestra.run.smithi122.stdout:/usr/bin/ceph: stderr
2024-09-12T01:37:14.841+0000 7f95f3fff640 1 -- 172.21.15.122:0/946131434 <== mon.0 v2:172.21.15.122:3300/0 1 ==== mon_map magic: 0 ==== 205+0+0 (secure 0 0 0) 0x7f9604042070 con 0x7f960c107630
2024-09-12T01:37:15.613 INFO:teuthology.orchestra.run.smithi122.stdout:/usr/bin/ceph: stderr
2024-09-12T01:37:14.841+0000 7f95f3fff640 1 -- 172.21.15.122:0/946131434 <== mon.0 v2:172.21.15.122:3300/0 2 ==== config(27 keys) ==== 1109+0+0 (secure 0 0 0) 0x7f9604032be0 con 0x7f960c107630
2024-09-12T01:37:15.613 INFO:teuthology.orchestra.run.smithi122.stdout:/usr/bin/ceph: stderr
2024-09-12T01:37:14.841+0000 7f96117d6640 1 -- 172.21.15.122:0/946131434 --> [v2:172.21.15.122:3300/0,v1:172.21.15.122:6789/0] -- mon_subscribe({mgrmap=0+}) -- 0x7f960c07c2a0 con 0x7f960c107630
2024-09-12T01:37:15.613 INFO:teuthology.orchestra.run.smithi122.stdout:/usr/bin/ceph: stderr
2024-09-12T01:37:14.841+0000 7f95f3fff640 1 -- 172.21.15.122:0/946131434 <== mon.0 v2:172.21.15.122:3300/0 3 ==== mon_map magic: 0 ==== 205+0+0 (secure 0 0 0) 0x7f9604037040 con 0x7f960c107630
2024-09-12T01:37:15.613 INFO:teuthology.orchestra.run.smithi122.stdout:/usr/bin/ceph: stderr
2024-09-12T01:37:14.841+0000 7f96117d6640 1 -- 172.21.15.122:0/946131434 --> [v2:172.21.15.122:3300/0,v1:172.21.15.122:6789/0] -- mon_subscribe({osdmap=0}) -- 0x7f960c07c7e0 con 0x7f960c107630
2024-09-12T01:37:15.613 INFO:teuthology.orchestra.run.smithi122.stdout:/usr/bin/ceph: stderr
2024-09-12T01:37:14.842+0000 7f95f3fff640 1 -- 172.21.15.122:0/946131434 <== mon.0 v2:172.21.15.122:3300/0 4 ==== mgrmap(e 4) ==== 46276+0+0 (secure 0 0 0) 0x7f9604045070 con 0x7f960c107630
2024-09-12T01:37:15.613 INFO:teuthology.orchestra.run.smithi122.stdout:/usr/bin/ceph: stderr
2024-09-12T01:37:14.842+0000 7f96117d6640 1 -- 172.21.15.122:0/946131434 --> [v2:172.21.15.122:3300/0,v1:172.21.15.122:6789/0] -- mon_command({"prefix": "get_command_descriptions"} v 0) -- 0x7f960c10bd60 con 0x7f960c107630
2024-09-12T01:37:15.614 INFO:teuthology.orchestra.run.smithi122.stdout:/usr/bin/ceph: stderr
2024-09-12T01:37:14.843+0000 7f95f3fff640 1 --2- 172.21.15.122:0/946131434 >> [v2:172.21.15.122:6800/1950823209,v1:172.21.15.122:6801/1950823209] conn(0x7f95f4038f70 0x7f95f403b430 unknown :-1 s=NONE pgs=0 cs=0 l=1 rev1=0 crypto rx=0 tx=0 comp rx=0 tx=0).connect
2024-09-12T01:37:15.614 INFO:teuthology.orchestra.run.smithi122.stdout:/usr/bin/ceph: stderr
2024-09-12T01:37:14.843+0000 7f95f3fff640 1 -- 172.21.15.122:0/946131434 <== mon.0 v2:172.21.15.122:3300/0 5 ==== osd_map(1..1 src has 1..1) ==== 725+0+0 (secure 0 0 0) 0x7f960406be40 con 0x7f960c107630
2024-09-12T01:37:15.614 INFO:teuthology.orchestra.run.smithi122.stdout:/usr/bin/ceph: stderr
2024-09-12T01:37:14.843+0000 7f960a7fc640 1 --2- 172.21.15.122:0/946131434 >> [v2:172.21.15.122:6800/1950823209,v1:172.21.15.122:6801/1950823209] conn(0x7f95f4038f70 0x7f95f403b430 unknown :-1 s=BANNER_CONNECTING pgs=0 cs=0 l=1 rev1=0 crypto rx=0 tx=0 comp rx=0 tx=0)._handle_peer_banner_payload supported=3 required=0
2024-09-12T01:37:15.614 INFO:teuthology.orchestra.run.smithi122.stdout:/usr/bin/ceph: stderr
2024-09-12T01:37:14.843+0000 7f960a7fc640 1 --2- 172.21.15.122:0/946131434 >> [v2:172.21.15.122:6800/1950823209,v1:172.21.15.122:6801/1950823209] conn(0x7f95f4038f70 0x7f95f403b430 secure :-1 s=READY pgs=7 cs=0 l=1 rev1=1 crypto rx=0x7f960000ad30 tx=0x7f96000093f0 comp rx=0 tx=0).ready entity=mgr.14100 client_cookie=0 server_cookie=0 in_seq=0 out_seq=0
2024-09-12T01:37:15.614 INFO:teuthology.orchestra.run.smithi122.stdout:/usr/bin/ceph: stderr
2024-09-12T01:37:14.847+0000 7f95f3fff640 1 -- 172.21.15.122:0/946131434 <== mon.0 v2:172.21.15.122:3300/0 6 ==== mon_command_ack([{"prefix": "get_command_descriptions"}]=0 v0) ==== 72+0+188821 (secure 0 0 0) 0x7f960404b170 con 0x7f960c107630
2024-09-12T01:37:15.614 INFO:teuthology.orchestra.run.smithi122.stdout:/usr/bin/ceph: stderr
2024-09-12T01:37:15.016+0000 7f96117d6640 1 -- 172.21.15.122:0/946131434 --> [v2:172.21.15.122:3300/0,v1:172.21.15.122:6789/0] -- mon_command({"prefix": "config assimilate-conf"} v 0) -- 0x7f960c107ab0 con 0x7f960c107630
2024-09-12T01:37:15.614 INFO:teuthology.orchestra.run.smithi122.stdout:/usr/bin/ceph: stderr
2024-09-12T01:37:15.017+0000 7f95f3fff640 1 -- 172.21.15.122:0/946131434 <== mon.0 v2:172.21.15.122:3300/0 7 ==== mon_command_ack([{"prefix": "config assimilate-conf"}]=0 v3) ==== 70+0+431 (secure 0 0 0) 0x7f960406b860 con 0x7f960c107630
2024-09-12T01:37:15.614 INFO:teuthology.orchestra.run.smithi122.stdout:/usr/bin/ceph: stderr
2024-09-12T01:37:15.019+0000 7f96117d6640 1 -- 172.21.15.122:0/946131434 >> [v2:172.21.15.122:6800/1950823209,v1:172.21.15.122:6801/1950823209] conn(0x7f95f4038f70 msgr2=0x7f95f403b430 secure :-1 s=STATE_CONNECTION_ESTABLISHED l=1).mark_down
2024-09-12T01:37:15.614 INFO:teuthology.orchestra.run.smithi122.stdout:/usr/bin/ceph: stderr
2024-09-12T01:37:15.019+0000 7f96117d6640 1 --2- 172.21.15.122:0/946131434 >> [v2:172.21.15.122:6800/1950823209,v1:172.21.15.122:6801/1950823209] conn(0x7f95f4038f70 0x7f95f403b430 secure :-1 s=READY pgs=7 cs=0 l=1 rev1=1 crypto rx=0x7f960000ad30 tx=0x7f96000093f0 comp rx=0 tx=0).stop
2024-09-12T01:37:15.614 INFO:teuthology.orchestra.run.smithi122.stdout:/usr/bin/ceph: stderr
2024-09-12T01:37:15.019+0000 7f96117d6640 1 -- 172.21.15.122:0/946131434 >> [v2:172.21.15.122:3300/0,v1:172.21.15.122:6789/0] conn(0x7f960c107630 msgr2=0x7f960c07db70 secure :-1 s=STATE_CONNECTION_ESTABLISHED l=1).mark_down
2024-09-12T01:37:15.614 INFO:teuthology.orchestra.run.smithi122.stdout:/usr/bin/ceph: stderr
2024-09-12T01:37:15.019+0000 7f96117d6640 1 --2- 172.21.15.122:0/946131434 >> [v2:172.21.15.122:3300/0,v1:172.21.15.122:6789/0] conn(0x7f960c107630 0x7f960c07db70 secure :-1 s=READY pgs=19 cs=0 l=1 rev1=1 crypto rx=0x7f9604009940 tx=0x7f96040326e0 comp rx=0 tx=0).stop
2024-09-12T01:37:15.614 INFO:teuthology.orchestra.run.smithi122.stdout:/usr/bin/ceph: stderr
2024-09-12T01:37:15.019+0000 7f96117d6640 1 -- 172.21.15.122:0/946131434 shutdown_connections
2024-09-12T01:37:15.614 INFO:teuthology.orchestra.run.smithi122.stdout:/usr/bin/ceph: stderr
2024-09-12T01:37:15.019+0000 7f96117d6640 1 --2- 172.21.15.122:0/946131434 >> [v2:172.21.15.122:6800/1950823209,v1:172.21.15.122:6801/1950823209] conn(0x7f95f4038f70 0x7f95f403b430 unknown :-1 s=CLOSED pgs=7 cs=0 l=1 rev1=1 crypto rx=0 tx=0 comp rx=0 tx=0).stop
2024-09-12T01:37:15.615 INFO:teuthology.orchestra.run.smithi122.stdout:/usr/bin/ceph: stderr
2024-09-12T01:37:15.019+0000 7f96117d6640 1 --2- 172.21.15.122:0/946131434 >> [v2:172.21.15.122:3300/0,v1:172.21.15.122:6789/0] conn(0x7f960c107630 0x7f960c07db70 unknown :-1 s=CLOSED pgs=19 cs=0 l=1 rev1=1 crypto rx=0 tx=0 comp rx=0 tx=0).stop
2024-09-12T01:37:15.615 INFO:teuthology.orchestra.run.smithi122.stdout:/usr/bin/ceph: stderr
2024-09-12T01:37:15.019+0000 7f96117d6640 1 -- 172.21.15.122:0/946131434 >> 172.21.15.122:0/946131434 conn(0x7f960c102de0 msgr2=0x7f960c103970 unknown :-1 s=STATE_NONE l=0).mark_down
2024-09-12T01:37:15.615 INFO:teuthology.orchestra.run.smithi122.stdout:/usr/bin/ceph: stderr
2024-09-12T01:37:15.020+0000 7f96117d6640 1 -- 172.21.15.122:0/946131434 shutdown_connections
2024-09-12T01:37:15.615 INFO:teuthology.orchestra.run.smithi122.stdout:/usr/bin/ceph: stderr
2024-09-12T01:37:15.020+0000 7f96117d6640 1 -- 172.21.15.122:0/946131434 wait complete.
2024-09-12T01:37:15.615 INFO:teuthology.orchestra.run.smithi122.stdout:Enabling cephadm module...
2024-09-12T01:37:16.195 INFO:journalctl@ceph.mon.a.smithi122.stdout:Sep 12 01:37:15 smithi122 ceph-mon[30925]: from='client.? 172.21.15.122:0/946131434' entity='client.admin' cmd=[{"prefix": "config assimilate-conf"}]: dispatch
2024-09-12T01:37:17.238 INFO:journalctl@ceph.mon.a.smithi122.stdout:Sep 12 01:37:16 smithi122 ceph-mon[30925]: from='client.? 172.21.15.122:0/3508632385' entity='client.admin' cmd=[{"prefix": "mgr module enable", "module": "cephadm"}]: dispatch
2024-09-12T01:37:17.239 INFO:journalctl@ceph.mgr.x.smithi122.stdout:Sep 12 01:37:16 smithi122 ceph-5731f69a-70a7-11ef-bcea-c7b262605968-mgr-x[31152]: ignoring --setuser ceph since I am not root
2024-09-12T01:37:17.239 INFO:journalctl@ceph.mgr.x.smithi122.stdout:Sep 12 01:37:16 smithi122 ceph-5731f69a-70a7-11ef-bcea-c7b262605968-mgr-x[31152]: ignoring --setgroup ceph since I am not root
2024-09-12T01:37:17.239 INFO:journalctl@ceph.mgr.x.smithi122.stdout:Sep 12 01:37:17 smithi122 ceph-5731f69a-70a7-11ef-bcea-c7b262605968-mgr-x[31152]:
2024-09-12T01:37:17.045+0000 7f3f26f07040 -1 mgr[py] Module osd_perf_query has missing NOTIFY_TYPES member
2024-09-12T01:37:17.239 INFO:journalctl@ceph.mgr.x.smithi122.stdout:Sep 12 01:37:17 smithi122 ceph-5731f69a-70a7-11ef-bcea-c7b262605968-mgr-x[31152]:
2024-09-12T01:37:17.101+0000 7f3f26f07040 -1 mgr[py] Module osd_support has missing NOTIFY_TYPES member
2024-09-12T01:37:17.603 INFO:journalctl@ceph.mgr.x.smithi122.stdout:Sep 12 01:37:17 smithi122 ceph-5731f69a-70a7-11ef-bcea-c7b262605968-mgr-x[31152]:
2024-09-12T01:37:17.247+0000 7f3f26f07040 -1 mgr[py] Module diskprediction_local has missing NOTIFY_TYPES member
2024-09-12T01:37:17.604 INFO:journalctl@ceph.mgr.x.smithi122.stdout:Sep 12 01:37:17 smithi122 ceph-5731f69a-70a7-11ef-bcea-c7b262605968-mgr-x[31152]:
2024-09-12T01:37:17.315+0000 7f3f26f07040 -1 mgr[py] Module crash has missing NOTIFY_TYPES member
2024-09-12T01:37:17.604 INFO:journalctl@ceph.mgr.x.smithi122.stdout:Sep 12 01:37:17 smithi122 ceph-5731f69a-70a7-11ef-bcea-c7b262605968-mgr-x[31152]:
2024-09-12T01:37:17.462+0000 7f3f26f07040 -1 mgr[py] Module test_orchestrator has missing NOTIFY_TYPES member
2024-09-12T01:37:17.604 INFO:journalctl@ceph.mgr.x.smithi122.stdout:Sep 12 01:37:17 smithi122 ceph-5731f69a-70a7-11ef-bcea-c7b262605968-mgr-x[31152]:
2024-09-12T01:37:17.604+0000 7f3f26f07040 -1 mgr[py] Module snap_schedule has missing NOTIFY_TYPES member
2024-09-12T01:37:17.653 INFO:teuthology.orchestra.run.smithi122.stdout:/usr/bin/ceph: stderr
2024-09-12T01:37:15.974+0000 7ff95715a640 1 Processor -- start
2024-09-12T01:37:17.654 INFO:teuthology.orchestra.run.smithi122.stdout:/usr/bin/ceph: stderr
2024-09-12T01:37:15.974+0000 7ff95715a640 1 -- start start
2024-09-12T01:37:17.654 INFO:teuthology.orchestra.run.smithi122.stdout:/usr/bin/ceph: stderr
2024-09-12T01:37:15.974+0000 7ff95715a640 1 --2- >> [v2:172.21.15.122:3300/0,v1:172.21.15.122:6789/0] conn(0x7ff950107740 0x7ff950107b40 unknown :-1 s=NONE pgs=0 cs=0 l=0 rev1=0 crypto rx=0 tx=0 comp rx=0 tx=0).connect
2024-09-12T01:37:17.654 INFO:teuthology.orchestra.run.smithi122.stdout:/usr/bin/ceph: stderr
2024-09-12T01:37:15.974+0000 7ff95715a640 1 -- --> [v2:172.21.15.122:3300/0,v1:172.21.15.122:6789/0] -- mon_getmap magic: 0 -- 0x7ff950108110 con 0x7ff950107740
2024-09-12T01:37:17.654 INFO:teuthology.orchestra.run.smithi122.stdout:/usr/bin/ceph: stderr
2024-09-12T01:37:15.974+0000 7ff954ef6640 1 --2- >> [v2:172.21.15.122:3300/0,v1:172.21.15.122:6789/0] conn(0x7ff950107740 0x7ff950107b40 unknown :-1 s=BANNER_CONNECTING pgs=0 cs=0 l=0 rev1=0 crypto rx=0 tx=0 comp rx=0 tx=0)._handle_peer_banner_payload supported=3 required=0
2024-09-12T01:37:17.654 INFO:teuthology.orchestra.run.smithi122.stdout:/usr/bin/ceph: stderr
2024-09-12T01:37:15.974+0000 7ff954ef6640 1 --2- >> [v2:172.21.15.122:3300/0,v1:172.21.15.122:6789/0] conn(0x7ff950107740 0x7ff950107b40 unknown :-1 s=HELLO_CONNECTING pgs=0 cs=0 l=0 rev1=1 crypto rx=0 tx=0 comp rx=0 tx=0).handle_hello peer v2:172.21.15.122:3300/0 says I am v2:172.21.15.122:38264/0 (socket says 172.21.15.122:38264)
2024-09-12T01:37:17.654 INFO:teuthology.orchestra.run.smithi122.stdout:/usr/bin/ceph: stderr
2024-09-12T01:37:15.974+0000 7ff954ef6640 1 -- 172.21.15.122:0/915831960 learned_addr learned my addr 172.21.15.122:0/915831960 (peer_addr_for_me v2:172.21.15.122:0/0)
2024-09-12T01:37:17.654 INFO:teuthology.orchestra.run.smithi122.stdout:/usr/bin/ceph: stderr
2024-09-12T01:37:15.974+0000 7ff954ef6640 1 -- 172.21.15.122:0/915831960 --> [v2:172.21.15.122:3300/0,v1:172.21.15.122:6789/0] -- mon_subscribe({config=0+,monmap=0+}) -- 0x7ff9501088a0 con 0x7ff950107740
2024-09-12T01:37:17.654 INFO:teuthology.orchestra.run.smithi122.stdout:/usr/bin/ceph: stderr
2024-09-12T01:37:15.975+0000 7ff954ef6640 1 --2- 172.21.15.122:0/915831960 >> [v2:172.21.15.122:3300/0,v1:172.21.15.122:6789/0] conn(0x7ff950107740 0x7ff950107b40 secure :-1 s=READY pgs=20 cs=0 l=1 rev1=1 crypto rx=0x7ff944009820 tx=0x7ff94402a270 comp rx=0 tx=0).ready entity=mon.0 client_cookie=b46cfdd96d6a73a2 server_cookie=0 in_seq=0 out_seq=0
2024-09-12T01:37:17.654 INFO:teuthology.orchestra.run.smithi122.stdout:/usr/bin/ceph: stderr
2024-09-12T01:37:15.975+0000 7ff94f7fe640 1 -- 172.21.15.122:0/915831960 <== mon.0 v2:172.21.15.122:3300/0 1 ==== mon_map magic: 0 ==== 205+0+0 (secure 0 0 0) 0x7ff944037070 con 0x7ff950107740
2024-09-12T01:37:17.654 INFO:teuthology.orchestra.run.smithi122.stdout:/usr/bin/ceph: stderr
2024-09-12T01:37:15.975+0000 7ff94f7fe640 1 -- 172.21.15.122:0/915831960 <== mon.0 v2:172.21.15.122:3300/0 2 ==== config(27 keys) ==== 1109+0+0 (secure 0 0 0) 0x7ff944032900 con 0x7ff950107740
2024-09-12T01:37:17.654 INFO:teuthology.orchestra.run.smithi122.stdout:/usr/bin/ceph: stderr
2024-09-12T01:37:15.975+0000 7ff94f7fe640 1 -- 172.21.15.122:0/915831960 <== mon.0 v2:172.21.15.122:3300/0 3 ==== mon_map magic: 0 ==== 205+0+0 (secure 0 0 0) 0x7ff944030850 con 0x7ff950107740
2024-09-12T01:37:17.655 INFO:teuthology.orchestra.run.smithi122.stdout:/usr/bin/ceph: stderr
2024-09-12T01:37:15.976+0000 7ff95715a640 1 -- 172.21.15.122:0/915831960 >> [v2:172.21.15.122:3300/0,v1:172.21.15.122:6789/0] conn(0x7ff950107740 msgr2=0x7ff950107b40 secure :-1 s=STATE_CONNECTION_ESTABLISHED l=1).mark_down
2024-09-12T01:37:17.655 INFO:teuthology.orchestra.run.smithi122.stdout:/usr/bin/ceph: stderr
2024-09-12T01:37:15.976+0000 7ff95715a640 1 --2- 172.21.15.122:0/915831960 >> [v2:172.21.15.122:3300/0,v1:172.21.15.122:6789/0] conn(0x7ff950107740 0x7ff950107b40 secure :-1 s=READY pgs=20 cs=0 l=1 rev1=1 crypto rx=0x7ff944009820 tx=0x7ff94402a270 comp rx=0 tx=0).stop
