2024-09-12T01:48:57.952 INFO:teuthology.orchestra.run.smithi062.stdout:Generating ssh key...
2024-09-12T01:48:58.210 INFO:journalctl@ceph.mon.a.smithi062.stdout:Sep 12 01:48:58 smithi062 ceph-mon[30666]: from='client.14134 -' entity='client.admin' cmd=[{"prefix": "cephadm set-user", "user": "root", "target": ["mon-mgr", ""]}]: dispatch
2024-09-12T01:48:59.226 INFO:journalctl@ceph.mon.a.smithi062.stdout:Sep 12 01:48:59 smithi062 ceph-mon[30666]: from='client.14136 -' entity='client.admin' cmd=[{"prefix": "cephadm generate-key", "target": ["mon-mgr", ""]}]: dispatch
2024-09-12T01:48:59.226 INFO:journalctl@ceph.mon.a.smithi062.stdout:Sep 12 01:48:59 smithi062 ceph-mon[30666]: Generating ssh key...
2024-09-12T01:48:59.226 INFO:journalctl@ceph.mon.a.smithi062.stdout:Sep 12 01:48:59 smithi062 ceph-mon[30666]: from='mgr.14120 172.21.15.62:0/2477054289' entity='mgr.x'
2024-09-12T01:48:59.226 INFO:journalctl@ceph.mon.a.smithi062.stdout:Sep 12 01:48:59 smithi062 ceph-mon[30666]: from='mgr.14120 172.21.15.62:0/2477054289' entity='mgr.x'
2024-09-12T01:48:59.226 INFO:journalctl@ceph.mgr.x.smithi062.stdout:Sep 12 01:48:58 smithi062 ceph-f18ee350-70a8-11ef-bcea-c7b262605968-mgr-x[30889]: Generating public/private rsa key pair.
2024-09-12T01:48:59.227 INFO:journalctl@ceph.mgr.x.smithi062.stdout:Sep 12 01:48:58 smithi062 ceph-f18ee350-70a8-11ef-bcea-c7b262605968-mgr-x[30889]: Your identification has been saved in /tmp/tmp1fcsm0z4/key
2024-09-12T01:48:59.227 INFO:journalctl@ceph.mgr.x.smithi062.stdout:Sep 12 01:48:58 smithi062 ceph-f18ee350-70a8-11ef-bcea-c7b262605968-mgr-x[30889]: Your public key has been saved in /tmp/tmp1fcsm0z4/key.pub
2024-09-12T01:48:59.227 INFO:journalctl@ceph.mgr.x.smithi062.stdout:Sep 12 01:48:58 smithi062 ceph-f18ee350-70a8-11ef-bcea-c7b262605968-mgr-x[30889]: The key fingerprint is:
2024-09-12T01:48:59.227 INFO:journalctl@ceph.mgr.x.smithi062.stdout:Sep 12 01:48:58 smithi062 ceph-f18ee350-70a8-11ef-bcea-c7b262605968-mgr-x[30889]: SHA256:1GaIIJXVip0e3ywgYiVHdYd6gXwwaWLcDy0tjrYdbJ0 ceph-f18ee350-70a8-11ef-bcea-c7b262605968
2024-09-12T01:48:59.227 INFO:journalctl@ceph.mgr.x.smithi062.stdout:Sep 12 01:48:58 smithi062 ceph-f18ee350-70a8-11ef-bcea-c7b262605968-mgr-x[30889]: The key's randomart image is:
2024-09-12T01:48:59.227 INFO:journalctl@ceph.mgr.x.smithi062.stdout:Sep 12 01:48:58 smithi062 ceph-f18ee350-70a8-11ef-bcea-c7b262605968-mgr-x[30889]: +---[RSA 3072]----+
2024-09-12T01:48:59.227 INFO:journalctl@ceph.mgr.x.smithi062.stdout:Sep 12 01:48:58 smithi062 ceph-f18ee350-70a8-11ef-bcea-c7b262605968-mgr-x[30889]: | .++*=B... |
2024-09-12T01:48:59.227 INFO:journalctl@ceph.mgr.x.smithi062.stdout:Sep 12 01:48:58 smithi062 ceph-f18ee350-70a8-11ef-bcea-c7b262605968-mgr-x[30889]: | ..B.X+B+ |
2024-09-12T01:48:59.227 INFO:journalctl@ceph.mgr.x.smithi062.stdout:Sep 12 01:48:58 smithi062 ceph-f18ee350-70a8-11ef-bcea-c7b262605968-mgr-x[30889]: | = O.@oo+ |
2024-09-12T01:48:59.227 INFO:journalctl@ceph.mgr.x.smithi062.stdout:Sep 12 01:48:58 smithi062 ceph-f18ee350-70a8-11ef-bcea-c7b262605968-mgr-x[30889]: | o = %.Eo |
2024-09-12T01:48:59.227 INFO:journalctl@ceph.mgr.x.smithi062.stdout:Sep 12 01:48:58 smithi062 ceph-f18ee350-70a8-11ef-bcea-c7b262605968-mgr-x[30889]: | . o * *So |
2024-09-12T01:48:59.227 INFO:journalctl@ceph.mgr.x.smithi062.stdout:Sep 12 01:48:58 smithi062 ceph-f18ee350-70a8-11ef-bcea-c7b262605968-mgr-x[30889]: | . o o o |
2024-09-12T01:48:59.228 INFO:journalctl@ceph.mgr.x.smithi062.stdout:Sep 12 01:48:58 smithi062 ceph-f18ee350-70a8-11ef-bcea-c7b262605968-mgr-x[30889]: | . |
2024-09-12T01:48:59.228 INFO:journalctl@ceph.mgr.x.smithi062.stdout:Sep 12 01:48:58 smithi062 ceph-f18ee350-70a8-11ef-bcea-c7b262605968-mgr-x[30889]: | |
2024-09-12T01:48:59.228 INFO:journalctl@ceph.mgr.x.smithi062.stdout:Sep 12 01:48:58 smithi062 ceph-f18ee350-70a8-11ef-bcea-c7b262605968-mgr-x[30889]: | |
2024-09-12T01:48:59.228 INFO:journalctl@ceph.mgr.x.smithi062.stdout:Sep 12 01:48:58 smithi062 ceph-f18ee350-70a8-11ef-bcea-c7b262605968-mgr-x[30889]: +----[SHA256]-----+
2024-09-12T01:48:59.529 INFO:teuthology.orchestra.run.smithi062.stdout:/usr/bin/ceph: stderr
2024-09-12T01:48:58.455+0000 7fe229c00640 1 Processor -- start
2024-09-12T01:48:59.529 INFO:teuthology.orchestra.run.smithi062.stdout:/usr/bin/ceph: stderr
2024-09-12T01:48:58.455+0000 7fe229c00640 1 -- start start
2024-09-12T01:48:59.530 INFO:teuthology.orchestra.run.smithi062.stdout:/usr/bin/ceph: stderr
2024-09-12T01:48:58.455+0000 7fe229c00640 1 --2- >> [v2:172.21.15.62:3300/0,v1:172.21.15.62:6789/0] conn(0x7fe224107530 0x7fe224107930 unknown :-1 s=NONE pgs=0 cs=0 l=0 rev1=0 crypto rx=0 tx=0 comp rx=0 tx=0).connect
2024-09-12T01:48:59.530 INFO:teuthology.orchestra.run.smithi062.stdout:/usr/bin/ceph: stderr
2024-09-12T01:48:58.456+0000 7fe229c00640 1 -- --> [v2:172.21.15.62:3300/0,v1:172.21.15.62:6789/0] -- mon_getmap magic: 0 -- 0x7fe224107f00 con 0x7fe224107530
2024-09-12T01:48:59.530 INFO:teuthology.orchestra.run.smithi062.stdout:/usr/bin/ceph: stderr
2024-09-12T01:48:58.456+0000 7fe222a00640 1 --2- >> [v2:172.21.15.62:3300/0,v1:172.21.15.62:6789/0] conn(0x7fe224107530 0x7fe224107930 unknown :-1 s=BANNER_CONNECTING pgs=0 cs=0 l=0 rev1=0 crypto rx=0 tx=0 comp rx=0 tx=0)._handle_peer_banner_payload supported=3 required=0
2024-09-12T01:48:59.530 INFO:teuthology.orchestra.run.smithi062.stdout:/usr/bin/ceph: stderr
2024-09-12T01:48:58.456+0000 7fe222a00640 1 --2- >> [v2:172.21.15.62:3300/0,v1:172.21.15.62:6789/0] conn(0x7fe224107530 0x7fe224107930 unknown :-1 s=HELLO_CONNECTING pgs=0 cs=0 l=0 rev1=1 crypto rx=0 tx=0 comp rx=0 tx=0).handle_hello peer v2:172.21.15.62:3300/0 says I am v2:172.21.15.62:45028/0 (socket says 172.21.15.62:45028)
2024-09-12T01:48:59.530 INFO:teuthology.orchestra.run.smithi062.stdout:/usr/bin/ceph: stderr
2024-09-12T01:48:58.456+0000 7fe222a00640 1 -- 172.21.15.62:0/4154609530 learned_addr learned my addr 172.21.15.62:0/4154609530 (peer_addr_for_me v2:172.21.15.62:0/0)
2024-09-12T01:48:59.530 INFO:teuthology.orchestra.run.smithi062.stdout:/usr/bin/ceph: stderr
2024-09-12T01:48:58.456+0000 7fe222a00640 1 -- 172.21.15.62:0/4154609530 --> [v2:172.21.15.62:3300/0,v1:172.21.15.62:6789/0] -- mon_subscribe({config=0+,monmap=0+}) -- 0x7fe224108730 con 0x7fe224107530
2024-09-12T01:48:59.530 INFO:teuthology.orchestra.run.smithi062.stdout:/usr/bin/ceph: stderr
2024-09-12T01:48:58.457+0000 7fe222a00640 1 --2- 172.21.15.62:0/4154609530 >> [v2:172.21.15.62:3300/0,v1:172.21.15.62:6789/0] conn(0x7fe224107530 0x7fe224107930 secure :-1 s=READY pgs=41 cs=0 l=1 rev1=1 crypto rx=0x7fe214009820 tx=0x7fe21402a270 comp rx=0 tx=0).ready entity=mon.0 client_cookie=2e81e16be7e62039 server_cookie=0 in_seq=0 out_seq=0
2024-09-12T01:48:59.530 INFO:teuthology.orchestra.run.smithi062.stdout:/usr/bin/ceph: stderr
2024-09-12T01:48:58.457+0000 7fe222000640 1 -- 172.21.15.62:0/4154609530 <== mon.0 v2:172.21.15.62:3300/0 1 ==== mon_map magic: 0 ==== 205+0+0 (secure 0 0 0) 0x7fe214037070 con 0x7fe224107530
2024-09-12T01:48:59.530 INFO:teuthology.orchestra.run.smithi062.stdout:/usr/bin/ceph: stderr
2024-09-12T01:48:58.458+0000 7fe222000640 1 -- 172.21.15.62:0/4154609530 <== mon.0 v2:172.21.15.62:3300/0 2 ==== config(27 keys) ==== 1109+0+0 (secure 0 0 0) 0x7fe214032900 con 0x7fe224107530
2024-09-12T01:48:59.530 INFO:teuthology.orchestra.run.smithi062.stdout:/usr/bin/ceph: stderr
2024-09-12T01:48:58.458+0000 7fe222000640 1 -- 172.21.15.62:0/4154609530 <== mon.0 v2:172.21.15.62:3300/0 3 ==== mon_map magic: 0 ==== 205+0+0 (secure 0 0 0) 0x7fe214030850 con 0x7fe224107530
2024-09-12T01:48:59.530 INFO:teuthology.orchestra.run.smithi062.stdout:/usr/bin/ceph: stderr
2024-09-12T01:48:58.458+0000 7fe229c00640 1 -- 172.21.15.62:0/4154609530 >> [v2:172.21.15.62:3300/0,v1:172.21.15.62:6789/0] conn(0x7fe224107530 msgr2=0x7fe224107930 secure :-1 s=STATE_CONNECTION_ESTABLISHED l=1).mark_down
2024-09-12T01:48:59.530 INFO:teuthology.orchestra.run.smithi062.stdout:/usr/bin/ceph: stderr
2024-09-12T01:48:58.458+0000 7fe229c00640 1 --2- 172.21.15.62:0/4154609530 >> [v2:172.21.15.62:3300/0,v1:172.21.15.62:6789/0] conn(0x7fe224107530 0x7fe224107930 secure :-1 s=READY pgs=41 cs=0 l=1 rev1=1 crypto rx=0x7fe214009820 tx=0x7fe21402a270 comp rx=0 tx=0).stop
2024-09-12T01:48:59.531 INFO:teuthology.orchestra.run.smithi062.stdout:/usr/bin/ceph: stderr
2024-09-12T01:48:58.458+0000 7fe229c00640 1 -- 172.21.15.62:0/4154609530 shutdown_connections
2024-09-12T01:48:59.531 INFO:teuthology.orchestra.run.smithi062.stdout:/usr/bin/ceph: stderr
2024-09-12T01:48:58.458+0000 7fe229c00640 1 --2- 172.21.15.62:0/4154609530 >> [v2:172.21.15.62:3300/0,v1:172.21.15.62:6789/0] conn(0x7fe224107530 0x7fe224107930 unknown :-1 s=CLOSED pgs=41 cs=0 l=1 rev1=1 crypto rx=0 tx=0 comp rx=0 tx=0).stop
2024-09-12T01:48:59.531 INFO:teuthology.orchestra.run.smithi062.stdout:/usr/bin/ceph: stderr
2024-09-12T01:48:58.458+0000 7fe229c00640 1 -- 172.21.15.62:0/4154609530 >> 172.21.15.62:0/4154609530 conn(0x7fe224102cc0 msgr2=0x7fe224105100 unknown :-1 s=STATE_NONE l=0).mark_down
2024-09-12T01:48:59.531 INFO:teuthology.orchestra.run.smithi062.stdout:/usr/bin/ceph: stderr
2024-09-12T01:48:58.458+0000 7fe229c00640 1 -- 172.21.15.62:0/4154609530 shutdown_connections
2024-09-12T01:48:59.531 INFO:teuthology.orchestra.run.smithi062.stdout:/usr/bin/ceph: stderr
2024-09-12T01:48:58.458+0000 7fe229c00640 1 -- 172.21.15.62:0/4154609530 wait complete.
2024-09-12T01:48:59.531 INFO:teuthology.orchestra.run.smithi062.stdout:/usr/bin/ceph: stderr
2024-09-12T01:48:58.459+0000 7fe229c00640 1 Processor -- start
2024-09-12T01:48:59.531 INFO:teuthology.orchestra.run.smithi062.stdout:/usr/bin/ceph: stderr
2024-09-12T01:48:58.459+0000 7fe229c00640 1 -- start start
2024-09-12T01:48:59.531 INFO:teuthology.orchestra.run.smithi062.stdout:/usr/bin/ceph: stderr
2024-09-12T01:48:58.460+0000 7fe229c00640 1 --2- >> [v2:172.21.15.62:3300/0,v1:172.21.15.62:6789/0] conn(0x7fe224107530 0x7fe22407db10 unknown :-1 s=NONE pgs=0 cs=0 l=1 rev1=0 crypto rx=0 tx=0 comp rx=0 tx=0).connect
2024-09-12T01:48:59.531 INFO:teuthology.orchestra.run.smithi062.stdout:/usr/bin/ceph: stderr
2024-09-12T01:48:58.460+0000 7fe229c00640 1 -- --> [v2:172.21.15.62:3300/0,v1:172.21.15.62:6789/0] -- mon_getmap magic: 0 -- 0x7fe22410bae0 con 0x7fe224107530
2024-09-12T01:48:59.531 INFO:teuthology.orchestra.run.smithi062.stdout:/usr/bin/ceph: stderr
2024-09-12T01:48:58.460+0000 7fe222a00640 1 --2- >> [v2:172.21.15.62:3300/0,v1:172.21.15.62:6789/0] conn(0x7fe224107530 0x7fe22407db10 unknown :-1 s=BANNER_CONNECTING pgs=0 cs=0 l=1 rev1=0 crypto rx=0 tx=0 comp rx=0 tx=0)._handle_peer_banner_payload supported=3 required=0
2024-09-12T01:48:59.531 INFO:teuthology.orchestra.run.smithi062.stdout:/usr/bin/ceph: stderr
2024-09-12T01:48:58.460+0000 7fe222a00640 1 --2- >> [v2:172.21.15.62:3300/0,v1:172.21.15.62:6789/0] conn(0x7fe224107530 0x7fe22407db10 unknown :-1 s=HELLO_CONNECTING pgs=0 cs=0 l=1 rev1=1 crypto rx=0 tx=0 comp rx=0 tx=0).handle_hello peer v2:172.21.15.62:3300/0 says I am v2:172.21.15.62:45038/0 (socket says 172.21.15.62:45038)
2024-09-12T01:48:59.531 INFO:teuthology.orchestra.run.smithi062.stdout:/usr/bin/ceph: stderr
2024-09-12T01:48:58.460+0000 7fe222a00640 1 -- 172.21.15.62:0/426376489 learned_addr learned my addr 172.21.15.62:0/426376489 (peer_addr_for_me v2:172.21.15.62:0/0)
2024-09-12T01:48:59.531 INFO:teuthology.orchestra.run.smithi062.stdout:/usr/bin/ceph: stderr
2024-09-12T01:48:58.460+0000 7fe222a00640 1 -- 172.21.15.62:0/426376489 --> [v2:172.21.15.62:3300/0,v1:172.21.15.62:6789/0] -- mon_subscribe({config=0+,monmap=0+}) -- 0x7fe22407e050 con 0x7fe224107530
2024-09-12T01:48:59.532 INFO:teuthology.orchestra.run.smithi062.stdout:/usr/bin/ceph: stderr
2024-09-12T01:48:58.461+0000 7fe222a00640 1 --2- 172.21.15.62:0/426376489 >> [v2:172.21.15.62:3300/0,v1:172.21.15.62:6789/0] conn(0x7fe224107530 0x7fe22407db10 secure :-1 s=READY pgs=42 cs=0 l=1 rev1=1 crypto rx=0x7fe2140097f0 tx=0x7fe214030d80 comp rx=0 tx=0).ready entity=mon.0 client_cookie=0 server_cookie=0 in_seq=0 out_seq=0
2024-09-12T01:48:59.532 INFO:teuthology.orchestra.run.smithi062.stdout:/usr/bin/ceph: stderr
2024-09-12T01:48:58.461+0000 7fe21b400640 1 -- 172.21.15.62:0/426376489 <== mon.0 v2:172.21.15.62:3300/0 1 ==== mon_map magic: 0 ==== 205+0+0 (secure 0 0 0) 0x7fe214037040 con 0x7fe224107530
2024-09-12T01:48:59.532 INFO:teuthology.orchestra.run.smithi062.stdout:/usr/bin/ceph: stderr
2024-09-12T01:48:58.461+0000 7fe21b400640 1 -- 172.21.15.62:0/426376489 <== mon.0 v2:172.21.15.62:3300/0 2 ==== config(27 keys) ==== 1109+0+0 (secure 0 0 0) 0x7fe214040070 con 0x7fe224107530
2024-09-12T01:48:59.532 INFO:teuthology.orchestra.run.smithi062.stdout:/usr/bin/ceph: stderr
2024-09-12T01:48:58.461+0000 7fe21b400640 1 -- 172.21.15.62:0/426376489 <== mon.0 v2:172.21.15.62:3300/0 3 ==== mon_map magic: 0 ==== 205+0+0 (secure 0 0 0) 0x7fe21403a390 con 0x7fe224107530
2024-09-12T01:48:59.532 INFO:teuthology.orchestra.run.smithi062.stdout:/usr/bin/ceph: stderr
2024-09-12T01:48:58.461+0000 7fe229c00640 1 -- 172.21.15.62:0/426376489 --> [v2:172.21.15.62:3300/0,v1:172.21.15.62:6789/0] -- mon_subscribe({mgrmap=0+}) -- 0x7fe22407c240 con 0x7fe224107530
2024-09-12T01:48:59.532 INFO:teuthology.orchestra.run.smithi062.stdout:/usr/bin/ceph: stderr
2024-09-12T01:48:58.461+0000 7fe229c00640 1 -- 172.21.15.62:0/426376489 --> [v2:172.21.15.62:3300/0,v1:172.21.15.62:6789/0] -- mon_subscribe({osdmap=0}) -- 0x7fe22407c720 con 0x7fe224107530
2024-09-12T01:48:59.532 INFO:teuthology.orchestra.run.smithi062.stdout:/usr/bin/ceph: stderr
2024-09-12T01:48:58.462+0000 7fe21b400640 1 -- 172.21.15.62:0/426376489 <== mon.0 v2:172.21.15.62:3300/0 4 ==== mgrmap(e 8) ==== 46287+0+0 (secure 0 0 0) 0x7fe21403b430 con 0x7fe224107530
2024-09-12T01:48:59.532 INFO:teuthology.orchestra.run.smithi062.stdout:/usr/bin/ceph: stderr
2024-09-12T01:48:58.462+0000 7fe229c00640 1 -- 172.21.15.62:0/426376489 --> [v2:172.21.15.62:3300/0,v1:172.21.15.62:6789/0] -- mon_command({"prefix": "get_command_descriptions"} v 0) -- 0x7fe2241079b0 con 0x7fe224107530
2024-09-12T01:48:59.532 INFO:teuthology.orchestra.run.smithi062.stdout:/usr/bin/ceph: stderr
2024-09-12T01:48:58.463+0000 7fe21b400640 1 --2- 172.21.15.62:0/426376489 >> [v2:172.21.15.62:6800/1515578586,v1:172.21.15.62:6801/1515578586] conn(0x7fe208038fc0 0x7fe20803b480 unknown :-1 s=NONE pgs=0 cs=0 l=1 rev1=0 crypto rx=0 tx=0 comp rx=0 tx=0).connect
2024-09-12T01:48:59.532 INFO:teuthology.orchestra.run.smithi062.stdout:/usr/bin/ceph: stderr
2024-09-12T01:48:58.463+0000 7fe21b400640 1 -- 172.21.15.62:0/426376489 <== mon.0 v2:172.21.15.62:3300/0 5 ==== osd_map(2..2 src has 1..2) ==== 940+0+0 (secure 0 0 0) 0x7fe21406c4d0 con 0x7fe224107530
2024-09-12T01:48:59.532 INFO:teuthology.orchestra.run.smithi062.stdout:/usr/bin/ceph: stderr
2024-09-12T01:48:58.463+0000 7fe21be00640 1 --2- 172.21.15.62:0/426376489 >> [v2:172.21.15.62:6800/1515578586,v1:172.21.15.62:6801/1515578586] conn(0x7fe208038fc0 0x7fe20803b480 unknown :-1 s=BANNER_CONNECTING pgs=0 cs=0 l=1 rev1=0 crypto rx=0 tx=0 comp rx=0 tx=0)._handle_peer_banner_payload supported=3 required=0
2024-09-12T01:48:59.532 INFO:teuthology.orchestra.run.smithi062.stdout:/usr/bin/ceph: stderr
2024-09-12T01:48:58.464+0000 7fe21be00640 1 --2- 172.21.15.62:0/426376489 >> [v2:172.21.15.62:6800/1515578586,v1:172.21.15.62:6801/1515578586] conn(0x7fe208038fc0 0x7fe20803b480 secure :-1 s=READY pgs=9 cs=0 l=1 rev1=1 crypto rx=0x7fe20c0098c0 tx=0x7fe20c006db0 comp rx=0 tx=0).ready entity=mgr.14120 client_cookie=0 server_cookie=0 in_seq=0 out_seq=0
2024-09-12T01:48:59.533 INFO:teuthology.orchestra.run.smithi062.stdout:/usr/bin/ceph: stderr
2024-09-12T01:48:58.468+0000 7fe21b400640 1 -- 172.21.15.62:0/426376489 <== mon.0 v2:172.21.15.62:3300/0 6 ==== mon_command_ack([{"prefix": "get_command_descriptions"}]=0 v0) ==== 72+0+188821 (secure 0 0 0) 0x7fe2140371e0 con 0x7fe224107530
2024-09-12T01:48:59.533 INFO:teuthology.orchestra.run.smithi062.stdout:/usr/bin/ceph: stderr
2024-09-12T01:48:58.654+0000 7fe229c00640 1 -- 172.21.15.62:0/426376489 --> [v2:172.21.15.62:6800/1515578586,v1:172.21.15.62:6801/1515578586] -- mgr_command(tid 0: {"prefix": "cephadm generate-key", "target": ["mon-mgr", ""]}) -- 0x7fe224104000 con 0x7fe208038fc0
2024-09-12T01:48:59.533 INFO:teuthology.orchestra.run.smithi062.stdout:/usr/bin/ceph: stderr
2024-09-12T01:48:58.897+0000 7fe21b400640 1 -- 172.21.15.62:0/426376489 <== mgr.14120 v2:172.21.15.62:6800/1515578586 1 ==== mgr_command_reply(tid 0: 0 ) ==== 8+0+0 (secure 0 0 0) 0x7fe224104000 con 0x7fe208038fc0
2024-09-12T01:48:59.533 INFO:teuthology.orchestra.run.smithi062.stdout:/usr/bin/ceph: stderr
2024-09-12T01:48:58.900+0000 7fe229c00640 1 -- 172.21.15.62:0/426376489 >> [v2:172.21.15.62:6800/1515578586,v1:172.21.15.62:6801/1515578586] conn(0x7fe208038fc0 msgr2=0x7fe20803b480 secure :-1 s=STATE_CONNECTION_ESTABLISHED l=1).mark_down
2024-09-12T01:48:59.533 INFO:teuthology.orchestra.run.smithi062.stdout:/usr/bin/ceph: stderr
2024-09-12T01:48:58.900+0000 7fe229c00640 1 --2- 172.21.15.62:0/426376489 >> [v2:172.21.15.62:6800/1515578586,v1:172.21.15.62:6801/1515578586] conn(0x7fe208038fc0 0x7fe20803b480 secure :-1 s=READY pgs=9 cs=0 l=1 rev1=1 crypto rx=0x7fe20c0098c0 tx=0x7fe20c006db0 comp rx=0 tx=0).stop
2024-09-12T01:48:59.533 INFO:teuthology.orchestra.run.smithi062.stdout:/usr/bin/ceph: stderr
2024-09-12T01:48:58.900+0000 7fe229c00640 1 -- 172.21.15.62:0/426376489 >> [v2:172.21.15.62:3300/0,v1:172.21.15.62:6789/0] conn(0x7fe224107530 msgr2=0x7fe22407db10 secure :-1 s=STATE_CONNECTION_ESTABLISHED l=1).mark_down
2024-09-12T01:48:59.533 INFO:teuthology.orchestra.run.smithi062.stdout:/usr/bin/ceph: stderr
2024-09-12T01:48:58.900+0000 7fe229c00640 1 --2- 172.21.15.62:0/426376489 >> [v2:172.21.15.62:3300/0,v1:172.21.15.62:6789/0] conn(0x7fe224107530 0x7fe22407db10 secure :-1 s=READY pgs=42 cs=0 l=1 rev1=1 crypto rx=0x7fe2140097f0 tx=0x7fe214030d80 comp rx=0 tx=0).stop
2024-09-12T01:48:59.533 INFO:teuthology.orchestra.run.smithi062.stdout:/usr/bin/ceph: stderr
2024-09-12T01:48:58.900+0000 7fe229c00640 1 -- 172.21.15.62:0/426376489 shutdown_connections
2024-09-12T01:48:59.533 INFO:teuthology.orchestra.run.smithi062.stdout:/usr/bin/ceph: stderr
2024-09-12T01:48:58.900+0000 7fe229c00640 1 --2- 172.21.15.62:0/426376489 >> [v2:172.21.15.62:6800/1515578586,v1:172.21.15.62:6801/1515578586] conn(0x7fe208038fc0 0x7fe20803b480 unknown :-1 s=CLOSED pgs=9 cs=0 l=1 rev1=1 crypto rx=0 tx=0 comp rx=0 tx=0).stop
2024-09-12T01:48:59.533 INFO:teuthology.orchestra.run.smithi062.stdout:/usr/bin/ceph: stderr
2024-09-12T01:48:58.900+0000 7fe229c00640 1 --2- 172.21.15.62:0/426376489 >> [v2:172.21.15.62:3300/0,v1:172.21.15.62:6789/0] conn(0x7fe224107530 0x7fe22407db10 unknown :-1 s=CLOSED pgs=42 cs=0 l=1 rev1=1 crypto rx=0 tx=0 comp rx=0 tx=0).stop
2024-09-12T01:48:59.533 INFO:teuthology.orchestra.run.smithi062.stdout:/usr/bin/ceph: stderr
2024-09-12T01:48:58.900+0000 7fe229c00640 1 -- 172.21.15.62:0/426376489 >> 172.21.15.62:0/426376489 conn(0x7fe224102cc0 msgr2=0x7fe2241038f0 unknown :-1 s=STATE_NONE l=0).mark_down
2024-09-12T01:48:59.533 INFO:teuthology.orchestra.run.smithi062.stdout:/usr/bin/ceph: stderr
2024-09-12T01:48:58.900+0000 7fe229c00640 1 -- 172.21.15.62:0/426376489 shutdown_connections
2024-09-12T01:48:59.533 INFO:teuthology.orchestra.run.smithi062.stdout:/usr/bin/ceph: stderr
2024-09-12T01:48:58.900+0000 7fe229c00640 1 -- 172.21.15.62:0/426376489 wait complete.
2024-09-12T01:49:00.842 INFO:journalctl@ceph.mon.a.smithi062.stdout:Sep 12 01:49:00 smithi062 ceph-mon[30666]: from='client.14138 -' entity='client.admin' cmd=[{"prefix": "cephadm get-pub-key", "target": ["mon-mgr", ""]}]: dispatch
2024-09-12T01:49:00.859 INFO:teuthology.orchestra.run.smithi062.stdout:/usr/bin/ceph: stdout ssh-rsa AAAAB3NzaC1yc2EAAAADAQABAAABgQDcdAegYgT5fjdv3h4TUlbrW8DRxwDLZlljgZPitutIhJr1dwNSl+VVxGHevZpFtkzqy7Jn83cRjbce+nWQkPTkA0FzGBLT1cDgwMkFV78tvjBkjaid13kBkEsqk8oXKyesxTXp+FZXUJFbuyIJ5v3NxG7OLJmZijtAM5WsEHEcXgoQi5BtWh3uqH3CPCYzfRZll6ldzPtFh+zH9OFO2cGMVJn3KUNYralB+FcDgGfmhHM8r5vQGgzPXUoSWI17XSVSJrJ3WRiikMXxIF8Goel6QFmDKUCkapOjUwr36fF6STF7/kVfCdUtK2626g6bQkS1QsCkefn2XCtkNfyplGfrKhkSUpOnq9UM0i3yQlbdC+jCo9De0vgSSN+3jeBua59NYYspBe46dWLC6Ucx8MlHeu0ko7/b/sUQ/9y1TYw7Hh6ZIdFPeoFb02l0DVE9dLJM9jF8Uzwxqyy05akJlYJtyNx2sGLshgTiGOTSloivUQwdv19WopD2fpLk5+RCVls= ceph-f18ee350-70a8-11ef-bcea-c7b262605968
2024-09-12T01:49:00.859 INFO:teuthology.orchestra.run.smithi062.stdout:/usr/bin/ceph: stderr
2024-09-12T01:49:00.010+0000 7f3f91400640 1 Processor -- start
2024-09-12T01:49:00.859 INFO:teuthology.orchestra.run.smithi062.stdout:/usr/bin/ceph: stderr
2024-09-12T01:49:00.010+0000 7f3f91400640 1 -- start start
2024-09-12T01:49:00.859 INFO:teuthology.orchestra.run.smithi062.stdout:/usr/bin/ceph: stderr
2024-09-12T01:49:00.011+0000 7f3f91400640 1 --2- >> [v2:172.21.15.62:3300/0,v1:172.21.15.62:6789/0] conn(0x7f3f8c109810 0x7f3f8c109c10 unknown :-1 s=NONE pgs=0 cs=0 l=0 rev1=0 crypto rx=0 tx=0 comp rx=0 tx=0).connect
2024-09-12T01:49:00.859 INFO:teuthology.orchestra.run.smithi062.stdout:/usr/bin/ceph: stderr
2024-09-12T01:49:00.011+0000 7f3f91400640 1 -- --> [v2:172.21.15.62:3300/0,v1:172.21.15.62:6789/0] -- mon_getmap magic: 0 -- 0x7f3f8c10a1e0 con 0x7f3f8c109810
2024-09-12T01:49:00.859 INFO:teuthology.orchestra.run.smithi062.stdout:/usr/bin/ceph: stderr
2024-09-12T01:49:00.011+0000 7f3f8a800640 1 --2- >> [v2:172.21.15.62:3300/0,v1:172.21.15.62:6789/0] conn(0x7f3f8c109810 0x7f3f8c109c10 unknown :-1 s=BANNER_CONNECTING pgs=0 cs=0 l=0 rev1=0 crypto rx=0 tx=0 comp rx=0 tx=0)._handle_peer_banner_payload supported=3 required=0
2024-09-12T01:49:00.859 INFO:teuthology.orchestra.run.smithi062.stdout:/usr/bin/ceph: stderr
2024-09-12T01:49:00.011+0000 7f3f8a800640 1 --2- >> [v2:172.21.15.62:3300/0,v1:172.21.15.62:6789/0] conn(0x7f3f8c109810 0x7f3f8c109c10 unknown :-1 s=HELLO_CONNECTING pgs=0 cs=0 l=0 rev1=1 crypto rx=0 tx=0 comp rx=0 tx=0).handle_hello peer v2:172.21.15.62:3300/0 says I am v2:172.21.15.62:45046/0 (socket says 172.21.15.62:45046)
2024-09-12T01:49:00.859 INFO:teuthology.orchestra.run.smithi062.stdout:/usr/bin/ceph: stderr
2024-09-12T01:49:00.011+0000 7f3f8a800640 1 -- 172.21.15.62:0/4116145604 learned_addr learned my addr 172.21.15.62:0/4116145604 (peer_addr_for_me v2:172.21.15.62:0/0)
2024-09-12T01:49:00.859 INFO:teuthology.orchestra.run.smithi062.stdout:/usr/bin/ceph: stderr
2024-09-12T01:49:00.012+0000 7f3f8a800640 1 -- 172.21.15.62:0/4116145604 --> [v2:172.21.15.62:3300/0,v1:172.21.15.62:6789/0] -- mon_subscribe({config=0+,monmap=0+}) -- 0x7f3f8c10a950 con 0x7f3f8c109810
2024-09-12T01:49:00.859 INFO:teuthology.orchestra.run.smithi062.stdout:/usr/bin/ceph: stderr
2024-09-12T01:49:00.013+0000 7f3f8a800640 1 --2- 172.21.15.62:0/4116145604 >> [v2:172.21.15.62:3300/0,v1:172.21.15.62:6789/0] conn(0x7f3f8c109810 0x7f3f8c109c10 secure :-1 s=READY pgs=43 cs=0 l=1 rev1=1 crypto rx=0x7f3f7c009820 tx=0x7f3f7c02a270 comp rx=0 tx=0).ready entity=mon.0 client_cookie=bf84f3d565378ddb server_cookie=0 in_seq=0 out_seq=0
2024-09-12T01:49:00.860 INFO:teuthology.orchestra.run.smithi062.stdout:/usr/bin/ceph: stderr
2024-09-12T01:49:00.013+0000 7f3f89e00640 1 -- 172.21.15.62:0/4116145604 <== mon.0 v2:172.21.15.62:3300/0 1 ==== mon_map magic: 0 ==== 205+0+0 (secure 0 0 0) 0x7f3f7c037070 con 0x7f3f8c109810
2024-09-12T01:49:00.860 INFO:teuthology.orchestra.run.smithi062.stdout:/usr/bin/ceph: stderr
2024-09-12T01:49:00.013+0000 7f3f89e00640 1 -- 172.21.15.62:0/4116145604 <== mon.0 v2:172.21.15.62:3300/0 2 ==== config(27 keys) ==== 1109+0+0 (secure 0 0 0) 0x7f3f7c032900 con 0x7f3f8c109810
2024-09-12T01:49:00.860 INFO:teuthology.orchestra.run.smithi062.stdout:/usr/bin/ceph: stderr
2024-09-12T01:49:00.013+0000 7f3f89e00640 1 -- 172.21.15.62:0/4116145604 <== mon.0 v2:172.21.15.62:3300/0 3 ==== mon_map magic: 0 ==== 205+0+0 (secure 0 0 0) 0x7f3f7c030850 con 0x7f3f8c109810
2024-09-12T01:49:00.860 INFO:teuthology.orchestra.run.smithi062.stdout:/usr/bin/ceph: stderr
2024-09-12T01:49:00.013+0000 7f3f91400640 1 -- 172.21.15.62:0/4116145604 >> [v2:172.21.15.62:3300/0,v1:172.21.15.62:6789/0] conn(0x7f3f8c109810 msgr2=0x7f3f8c109c10 secure :-1 s=STATE_CONNECTION_ESTABLISHED l=1).mark_down
2024-09-12T01:49:00.860 INFO:teuthology.orchestra.run.smithi062.stdout:/usr/bin/ceph: stderr
2024-09-12T01:49:00.013+0000 7f3f91400640 1 --2- 172.21.15.62:0/4116145604 >> [v2:172.21.15.62:3300/0,v1:172.21.15.62:6789/0] conn(0x7f3f8c109810 0x7f3f8c109c10 secure :-1 s=READY pgs=43 cs=0 l=1 rev1=1 crypto rx=0x7f3f7c009820 tx=0x7f3f7c02a270 comp rx=0 tx=0).stop
2024-09-12T01:49:00.860 INFO:teuthology.orchestra.run.smithi062.stdout:/usr/bin/ceph: stderr
2024-09-12T01:49:00.014+0000 7f3f91400640 1 -- 172.21.15.62:0/4116145604 shutdown_connections
2024-09-12T01:49:00.860 INFO:teuthology.orchestra.run.smithi062.stdout:/usr/bin/ceph: stderr
2024-09-12T01:49:00.014+0000 7f3f91400640 1 --2- 172.21.15.62:0/4116145604 >> [v2:172.21.15.62:3300/0,v1:172.21.15.62:6789/0] conn(0x7f3f8c109810 0x7f3f8c109c10 unknown :-1 s=CLOSED pgs=43 cs=0 l=1 rev1=1 crypto rx=0 tx=0 comp rx=0 tx=0).stop
2024-09-12T01:49:00.860 INFO:teuthology.orchestra.run.smithi062.stdout:/usr/bin/ceph: stderr
2024-09-12T01:49:00.014+0000 7f3f91400640 1 -- 172.21.15.62:0/4116145604 >> 172.21.15.62:0/4116145604 conn(0x7f3f8c07ccf0 msgr2=0x7f3f8c07d120 unknown :-1 s=STATE_NONE l=0).mark_down
2024-09-12T01:49:00.860 INFO:teuthology.orchestra.run.smithi062.stdout:/usr/bin/ceph: stderr
2024-09-12T01:49:00.014+0000 7f3f91400640 1 -- 172.21.15.62:0/4116145604 shutdown_connections
2024-09-12T01:49:00.860 INFO:teuthology.orchestra.run.smithi062.stdout:/usr/bin/ceph: stderr
2024-09-12T01:49:00.014+0000 7f3f91400640 1 -- 172.21.15.62:0/4116145604 wait complete.
2024-09-12T01:49:00.860 INFO:teuthology.orchestra.run.smithi062.stdout:/usr/bin/ceph: stderr
2024-09-12T01:49:00.015+0000 7f3f91400640 1 Processor -- start
2024-09-12T01:49:00.860 INFO:teuthology.orchestra.run.smithi062.stdout:/usr/bin/ceph: stderr
2024-09-12T01:49:00.015+0000 7f3f91400640 1 -- start start
2024-09-12T01:49:00.860 INFO:teuthology.orchestra.run.smithi062.stdout:/usr/bin/ceph: stderr
2024-09-12T01:49:00.015+0000 7f3f91400640 1 --2- >> [v2:172.21.15.62:3300/0,v1:172.21.15.62:6789/0] conn(0x7f3f8c109810 0x7f3f8c19d7d0 unknown :-1 s=NONE pgs=0 cs=0 l=1 rev1=0 crypto rx=0 tx=0 comp rx=0 tx=0).connect
2024-09-12T01:49:00.861 INFO:teuthology.orchestra.run.smithi062.stdout:/usr/bin/ceph: stderr
2024-09-12T01:49:00.015+0000 7f3f91400640 1 -- --> [v2:172.21.15.62:3300/0,v1:172.21.15.62:6789/0] -- mon_getmap magic: 0 -- 0x7f3f8c10dd00 con 0x7f3f8c109810
2024-09-12T01:49:00.861 INFO:teuthology.orchestra.run.smithi062.stdout:/usr/bin/ceph: stderr
2024-09-12T01:49:00.015+0000 7f3f8a800640 1 --2- >> [v2:172.21.15.62:3300/0,v1:172.21.15.62:6789/0] conn(0x7f3f8c109810 0x7f3f8c19d7d0 unknown :-1 s=BANNER_CONNECTING pgs=0 cs=0 l=1 rev1=0 crypto rx=0 tx=0 comp rx=0 tx=0)._handle_peer_banner_payload supported=3 required=0
2024-09-12T01:49:00.861 INFO:teuthology.orchestra.run.smithi062.stdout:/usr/bin/ceph: stderr
2024-09-12T01:49:00.015+0000 7f3f8a800640 1 --2- >> [v2:172.21.15.62:3300/0,v1:172.21.15.62:6789/0] conn(0x7f3f8c109810 0x7f3f8c19d7d0 unknown :-1 s=HELLO_CONNECTING pgs=0 cs=0 l=1 rev1=1 crypto rx=0 tx=0 comp rx=0 tx=0).handle_hello peer v2:172.21.15.62:3300/0 says I am v2:172.21.15.62:45054/0 (socket says 172.21.15.62:45054)
2024-09-12T01:49:00.861 INFO:teuthology.orchestra.run.smithi062.stdout:/usr/bin/ceph: stderr
2024-09-12T01:49:00.015+0000 7f3f8a800640 1 -- 172.21.15.62:0/525759365 learned_addr learned my addr 172.21.15.62:0/525759365 (peer_addr_for_me v2:172.21.15.62:0/0)
2024-09-12T01:49:00.861 INFO:teuthology.orchestra.run.smithi062.stdout:/usr/bin/ceph: stderr
2024-09-12T01:49:00.016+0000 7f3f8a800640 1 -- 172.21.15.62:0/525759365 --> [v2:172.21.15.62:3300/0,v1:172.21.15.62:6789/0] -- mon_subscribe({config=0+,monmap=0+}) -- 0x7f3f8c19dd10 con 0x7f3f8c109810
2024-09-12T01:49:00.861 INFO:teuthology.orchestra.run.smithi062.stdout:/usr/bin/ceph: stderr
2024-09-12T01:49:00.016+0000 7f3f8a800640 1 --2- 172.21.15.62:0/525759365 >> [v2:172.21.15.62:3300/0,v1:172.21.15.62:6789/0] conn(0x7f3f8c109810 0x7f3f8c19d7d0 secure :-1 s=READY pgs=44 cs=0 l=1 rev1=1 crypto rx=0x7f3f7c030460 tx=0x7f3f7c030d80 comp rx=0 tx=0).ready entity=mon.0 client_cookie=0 server_cookie=0 in_seq=0 out_seq=0
2024-09-12T01:49:00.861 INFO:teuthology.orchestra.run.smithi062.stdout:/usr/bin/ceph: stderr
2024-09-12T01:49:00.016+0000 7f3f83e00640 1 -- 172.21.15.62:0/525759365 <== mon.0 v2:172.21.15.62:3300/0 1 ==== mon_map magic: 0 ==== 205+0+0 (secure 0 0 0) 0x7f3f7c042070 con 0x7f3f8c109810
2024-09-12T01:49:00.861 INFO:teuthology.orchestra.run.smithi062.stdout:/usr/bin/ceph: stderr
2024-09-12T01:49:00.016+0000 7f3f83e00640 1 -- 172.21.15.62:0/525759365 <== mon.0 v2:172.21.15.62:3300/0 2 ==== config(27 keys) ==== 1109+0+0 (secure 0 0 0) 0x7f3f7c032be0 con 0x7f3f8c109810
2024-09-12T01:49:00.861 INFO:teuthology.orchestra.run.smithi062.stdout:/usr/bin/ceph: stderr
2024-09-12T01:49:00.016+0000 7f3f83e00640 1 -- 172.21.15.62:0/525759365 <== mon.0 v2:172.21.15.62:3300/0 3 ==== mon_map magic: 0 ==== 205+0+0 (secure 0 0 0) 0x7f3f7c037040 con 0x7f3f8c109810
2024-09-12T01:49:00.861 INFO:teuthology.orchestra.run.smithi062.stdout:/usr/bin/ceph: stderr
2024-09-12T01:49:00.016+0000 7f3f91400640 1 -- 172.21.15.62:0/525759365 --> [v2:172.21.15.62:3300/0,v1:172.21.15.62:6789/0] -- mon_subscribe({mgrmap=0+}) -- 0x7f3f8c19dfa0 con 0x7f3f8c109810
2024-09-12T01:49:00.861 INFO:teuthology.orchestra.run.smithi062.stdout:/usr/bin/ceph: stderr
2024-09-12T01:49:00.016+0000 7f3f91400640 1 -- 172.21.15.62:0/525759365 --> [v2:172.21.15.62:3300/0,v1:172.21.15.62:6789/0] -- mon_subscribe({osdmap=0}) -- 0x7f3f8c1a0c90 con 0x7f3f8c109810
2024-09-12T01:49:00.861 INFO:teuthology.orchestra.run.smithi062.stdout:/usr/bin/ceph: stderr
2024-09-12T01:49:00.017+0000 7f3f83e00640 1 -- 172.21.15.62:0/525759365 <== mon.0 v2:172.21.15.62:3300/0 4 ==== mgrmap(e 8) ==== 46287+0+0 (secure 0 0 0) 0x7f3f7c045070 con 0x7f3f8c109810
2024-09-12T01:49:00.862 INFO:teuthology.orchestra.run.smithi062.stdout:/usr/bin/ceph: stderr
2024-09-12T01:49:00.017+0000 7f3f91400640 1 -- 172.21.15.62:0/525759365 --> [v2:172.21.15.62:3300/0,v1:172.21.15.62:6789/0] -- mon_command({"prefix": "get_command_descriptions"} v 0) -- 0x7f3f8c109c10 con 0x7f3f8c109810
2024-09-12T01:49:00.862 INFO:teuthology.orchestra.run.smithi062.stdout:/usr/bin/ceph: stderr
2024-09-12T01:49:00.018+0000 7f3f83e00640 1 --2- 172.21.15.62:0/525759365 >> [v2:172.21.15.62:6800/1515578586,v1:172.21.15.62:6801/1515578586] conn(0x7f3f70038fc0 0x7f3f7003b480 unknown :-1 s=NONE pgs=0 cs=0 l=1 rev1=0 crypto rx=0 tx=0 comp rx=0 tx=0).connect
2024-09-12T01:49:00.862 INFO:teuthology.orchestra.run.smithi062.stdout:/usr/bin/ceph: stderr
2024-09-12T01:49:00.018+0000 7f3f83e00640 1 -- 172.21.15.62:0/525759365 <== mon.0 v2:172.21.15.62:3300/0 5 ==== osd_map(2..2 src has 1..2) ==== 940+0+0 (secure 0 0 0) 0x7f3f7c06bed0 con 0x7f3f8c109810
2024-09-12T01:49:00.862 INFO:teuthology.orchestra.run.smithi062.stdout:/usr/bin/ceph: stderr
2024-09-12T01:49:00.018+0000 7f3f81e00640 1 --2- 172.21.15.62:0/525759365 >> [v2:172.21.15.62:6800/1515578586,v1:172.21.15.62:6801/1515578586] conn(0x7f3f70038fc0 0x7f3f7003b480 unknown :-1 s=BANNER_CONNECTING pgs=0 cs=0 l=1 rev1=0 crypto rx=0 tx=0 comp rx=0 tx=0)._handle_peer_banner_payload supported=3 required=0
2024-09-12T01:49:00.862 INFO:teuthology.orchestra.run.smithi062.stdout:/usr/bin/ceph: stderr
2024-09-12T01:49:00.019+0000 7f3f81e00640 1 --2- 172.21.15.62:0/525759365 >> [v2:172.21.15.62:6800/1515578586,v1:172.21.15.62:6801/1515578586] conn(0x7f3f70038fc0 0x7f3f7003b480 secure :-1 s=READY pgs=10 cs=0 l=1 rev1=1 crypto rx=0x7f3f740098c0 tx=0x7f3f74006db0 comp rx=0 tx=0).ready entity=mgr.14120 client_cookie=0 server_cookie=0 in_seq=0 out_seq=0
2024-09-12T01:49:00.862 INFO:teuthology.orchestra.run.smithi062.stdout:/usr/bin/ceph: stderr
2024-09-12T01:49:00.023+0000 7f3f83e00640 1 -- 172.21.15.62:0/525759365 <== mon.0 v2:172.21.15.62:3300/0 6 ==== mon_command_ack([{"prefix": "get_command_descriptions"}]=0 v0) ==== 72+0+188821 (secure 0 0 0) 0x7f3f7c045360 con 0x7f3f8c109810
2024-09-12T01:49:00.862 INFO:teuthology.orchestra.run.smithi062.stdout:/usr/bin/ceph: stderr
2024-09-12T01:49:00.208+0000 7f3f91400640 1 -- 172.21.15.62:0/525759365 --> [v2:172.21.15.62:6800/1515578586,v1:172.21.15.62:6801/1515578586] -- mgr_command(tid 0: {"prefix": "cephadm get-pub-key", "target": ["mon-mgr", ""]}) -- 0x7f3f8c107be0 con 0x7f3f70038fc0
2024-09-12T01:49:00.862 INFO:teuthology.orchestra.run.smithi062.stdout:/usr/bin/ceph: stderr
2024-09-12T01:49:00.209+0000 7f3f83e00640 1 -- 172.21.15.62:0/525759365 <== mgr.14120 v2:172.21.15.62:6800/1515578586 1 ==== mgr_command_reply(tid 0: 0 ) ==== 8+0+595 (secure 0 0 0) 0x7f3f8c107be0 con 0x7f3f70038fc0
2024-09-12T01:49:00.862 INFO:teuthology.orchestra.run.smithi062.stdout:/usr/bin/ceph: stderr
2024-09-12T01:49:00.211+0000 7f3f91400640 1 -- 172.21.15.62:0/525759365 >> [v2:172.21.15.62:6800/1515578586,v1:172.21.15.62:6801/1515578586] conn(0x7f3f70038fc0 msgr2=0x7f3f7003b480 secure :-1 s=STATE_CONNECTION_ESTABLISHED l=1).mark_down
2024-09-12T01:49:00.862 INFO:teuthology.orchestra.run.smithi062.stdout:/usr/bin/ceph: stderr
2024-09-12T01:49:00.211+0000 7f3f91400640 1 --2- 172.21.15.62:0/525759365 >> [v2:172.21.15.62:6800/1515578586,v1:172.21.15.62:6801/1515578586] conn(0x7f3f70038fc0 0x7f3f7003b480 secure :-1 s=READY pgs=10 cs=0 l=1 rev1=1 crypto rx=0x7f3f740098c0 tx=0x7f3f74006db0 comp rx=0 tx=0).stop
2024-09-12T01:49:00.862 INFO:teuthology.orchestra.run.smithi062.stdout:/usr/bin/ceph: stderr
2024-09-12T01:49:00.211+0000 7f3f91400640 1 -- 172.21.15.62:0/525759365 >> [v2:172.21.15.62:3300/0,v1:172.21.15.62:6789/0] conn(0x7f3f8c109810 msgr2=0x7f3f8c19d7d0 secure :-1 s=STATE_CONNECTION_ESTABLISHED l=1).mark_down
2024-09-12T01:49:00.862 INFO:teuthology.orchestra.run.smithi062.stdout:/usr/bin/ceph: stderr
2024-09-12T01:49:00.211+0000 7f3f91400640 1 --2- 172.21.15.62:0/525759365 >> [v2:172.21.15.62:3300/0,v1:172.21.15.62:6789/0] conn(0x7f3f8c109810 0x7f3f8c19d7d0 secure :-1 s=READY pgs=44 cs=0 l=1 rev1=1 crypto rx=0x7f3f7c030460 tx=0x7f3f7c030d80 comp rx=0 tx=0).stop
2024-09-12T01:49:00.862 INFO:teuthology.orchestra.run.smithi062.stdout:/usr/bin/ceph: stderr
2024-09-12T01:49:00.211+0000 7f3f91400640 1 -- 172.21.15.62:0/525759365 shutdown_connections
2024-09-12T01:49:00.863 INFO:teuthology.orchestra.run.smithi062.stdout:/usr/bin/ceph: stderr
2024-09-12T01:49:00.211+0000 7f3f91400640 1 --2- 172.21.15.62:0/525759365 >> [v2:172.21.15.62:6800/1515578586,v1:172.21.15.62:6801/1515578586] conn(0x7f3f70038fc0 0x7f3f7003b480 unknown :-1 s=CLOSED pgs=10 cs=0 l=1 rev1=1 crypto rx=0 tx=0 comp rx=0 tx=0).stop
2024-09-12T01:49:00.863 INFO:teuthology.orchestra.run.smithi062.stdout:/usr/bin/ceph: stderr
2024-09-12T01:49:00.211+0000 7f3f91400640 1 --2- 172.21.15.62:0/525759365 >> [v2:172.21.15.62:3300/0,v1:172.21.15.62:6789/0] conn(0x7f3f8c109810 0x7f3f8c19d7d0 unknown :-1 s=CLOSED pgs=44 cs=0 l=1 rev1=1 crypto rx=0 tx=0 comp rx=0 tx=0).stop
2024-09-12T01:49:00.863 INFO:teuthology.orchestra.run.smithi062.stdout:/usr/bin/ceph: stderr
2024-09-12T01:49:00.211+0000 7f3f91400640 1 -- 172.21.15.62:0/525759365 >> 172.21.15.62:0/525759365 conn(0x7f3f8c07ccf0 msgr2=0x7f3f8c1074d0 unknown :-1 s=STATE_NONE l=0).mark_down
2024-09-12T01:49:00.863 INFO:teuthology.orchestra.run.smithi062.stdout:/usr/bin/ceph: stderr
2024-09-12T01:49:00.211+0000 7f3f91400640 1 -- 172.21.15.62:0/525759365 shutdown_connections
2024-09-12T01:49:00.863 INFO:teuthology.orchestra.run.smithi062.stdout:/usr/bin/ceph: stderr
2024-09-12T01:49:00.211+0000 7f3f91400640 1 -- 172.21.15.62:0/525759365 wait complete.
2024-09-12T01:49:00.863 INFO:teuthology.orchestra.run.smithi062.stdout:Wrote public SSH key to /home/ubuntu/cephtest/ceph.pub
2024-09-12T01:49:00.863 INFO:teuthology.orchestra.run.smithi062.stdout:Adding key to root@localhost authorized_keys...
2024-09-12T01:49:00.869 INFO:teuthology.orchestra.run.smithi062.stdout:Adding host smithi062...
2024-09-12T01:49:01.802 INFO:journalctl@ceph.mon.a.smithi062.stdout:Sep 12 01:49:01 smithi062 ceph-mon[30666]: from='client.14140 -' entity='client.admin' cmd=[{"prefix": "orch host add", "hostname": "smithi062", "addr": "172.21.15.62", "target": ["mon-mgr", ""]}]: dispatch
2024-09-12T01:49:04.091 INFO:journalctl@ceph.mon.a.smithi062.stdout:Sep 12 01:49:03 smithi062 ceph-mon[30666]: Deploying cephadm binary to smithi062
2024-09-12T01:49:06.766 INFO:teuthology.orchestra.run.smithi062.stdout:/usr/bin/ceph: stdout Added host 'smithi062' with addr '172.21.15.62'
2024-09-12T01:49:06.766 INFO:teuthology.orchestra.run.smithi062.stdout:/usr/bin/ceph: stderr
2024-09-12T01:49:01.336+0000 7f1b28c00640 1 Processor -- start
2024-09-12T01:49:06.766 INFO:teuthology.orchestra.run.smithi062.stdout:/usr/bin/ceph: stderr
2024-09-12T01:49:01.336+0000 7f1b28c00640 1 -- start start
2024-09-12T01:49:06.766 INFO:teuthology.orchestra.run.smithi062.stdout:/usr/bin/ceph: stderr
2024-09-12T01:49:01.336+0000 7f1b28c00640 1 --2- >> [v2:172.21.15.62:3300/0,v1:172.21.15.62:6789/0] conn(0x7f1b24109810 0x7f1b24109c10 unknown :-1 s=NONE pgs=0 cs=0 l=0 rev1=0 crypto rx=0 tx=0 comp rx=0 tx=0).connect
2024-09-12T01:49:06.766 INFO:teuthology.orchestra.run.smithi062.stdout:/usr/bin/ceph: stderr
2024-09-12T01:49:01.336+0000 7f1b28c00640 1 -- --> [v2:172.21.15.62:3300/0,v1:172.21.15.62:6789/0] -- mon_getmap magic: 0 -- 0x7f1b2410a1e0 con 0x7f1b24109810
2024-09-12T01:49:06.766 INFO:teuthology.orchestra.run.smithi062.stdout:/usr/bin/ceph: stderr
2024-09-12T01:49:01.337+0000 7f1b21e00640 1 --2- >> [v2:172.21.15.62:3300/0,v1:172.21.15.62:6789/0] conn(0x7f1b24109810 0x7f1b24109c10 unknown :-1 s=BANNER_CONNECTING pgs=0 cs=0 l=0 rev1=0 crypto rx=0 tx=0 comp rx=0 tx=0)._handle_peer_banner_payload supported=3 required=0
2024-09-12T01:49:06.766 INFO:teuthology.orchestra.run.smithi062.stdout:/usr/bin/ceph: stderr
2024-09-12T01:49:01.337+0000 7f1b21e00640 1 --2- >> [v2:172.21.15.62:3300/0,v1:172.21.15.62:6789/0] conn(0x7f1b24109810 0x7f1b24109c10 unknown :-1 s=HELLO_CONNECTING pgs=0 cs=0 l=0 rev1=1 crypto rx=0 tx=0 comp rx=0 tx=0).handle_hello peer v2:172.21.15.62:3300/0 says I am v2:172.21.15.62:45064/0 (socket says 172.21.15.62:45064)
2024-09-12T01:49:06.766 INFO:teuthology.orchestra.run.smithi062.stdout:/usr/bin/ceph: stderr
2024-09-12T01:49:01.337+0000 7f1b21e00640 1 -- 172.21.15.62:0/426120926 learned_addr learned my addr 172.21.15.62:0/426120926 (peer_addr_for_me v2:172.21.15.62:0/0)
2024-09-12T01:49:06.767 INFO:teuthology.orchestra.run.smithi062.stdout:/usr/bin/ceph: stderr
2024-09-12T01:49:01.337+0000 7f1b21e00640 1 -- 172.21.15.62:0/426120926 --> [v2:172.21.15.62:3300/0,v1:172.21.15.62:6789/0] -- mon_subscribe({config=0+,monmap=0+}) -- 0x7f1b2410a950 con 0x7f1b24109810
2024-09-12T01:49:06.767 INFO:teuthology.orchestra.run.smithi062.stdout:/usr/bin/ceph: stderr
2024-09-12T01:49:01.338+0000 7f1b21e00640 1 --2- 172.21.15.62:0/426120926 >> [v2:172.21.15.62:3300/0,v1:172.21.15.62:6789/0] conn(0x7f1b24109810 0x7f1b24109c10 secure :-1 s=READY pgs=45 cs=0 l=1 rev1=1 crypto rx=0x7f1b14009820 tx=0x7f1b1402a270 comp rx=0 tx=0).ready entity=mon.0 client_cookie=570109c8ae500ef2 server_cookie=0 in_seq=0 out_seq=0
2024-09-12T01:49:06.767 INFO:teuthology.orchestra.run.smithi062.stdout:/usr/bin/ceph: stderr
2024-09-12T01:49:01.339+0000 7f1b20a00640 1 -- 172.21.15.62:0/426120926 <== mon.0 v2:172.21.15.62:3300/0 1 ==== mon_map magic: 0 ==== 205+0+0 (secure 0 0 0) 0x7f1b14037070 con 0x7f1b24109810
2024-09-12T01:49:06.767 INFO:teuthology.orchestra.run.smithi062.stdout:/usr/bin/ceph: stderr
2024-09-12T01:49:01.339+0000 7f1b20a00640 1 -- 172.21.15.62:0/426120926 <== mon.0 v2:172.21.15.62:3300/0 2 ==== config(27 keys) ==== 1109+0+0 (secure 0 0 0) 0x7f1b14032900 con 0x7f1b24109810
2024-09-12T01:49:06.767 INFO:teuthology.orchestra.run.smithi062.stdout:/usr/bin/ceph: stderr
2024-09-12T01:49:01.339+0000 7f1b20a00640 1 -- 172.21.15.62:0/426120926 <== mon.0 v2:172.21.15.62:3300/0 3 ==== mon_map magic: 0 ==== 205+0+0 (secure 0 0 0) 0x7f1b14030850 con 0x7f1b24109810
2024-09-12T01:49:06.767 INFO:teuthology.orchestra.run.smithi062.stdout:/usr/bin/ceph: stderr
2024-09-12T01:49:01.339+0000 7f1b28c00640 1 -- 172.21.15.62:0/426120926 >> [v2:172.21.15.62:3300/0,v1:172.21.15.62:6789/0] conn(0x7f1b24109810 msgr2=0x7f1b24109c10 secure :-1 s=STATE_CONNECTION_ESTABLISHED l=1).mark_down
2024-09-12T01:49:06.767 INFO:teuthology.orchestra.run.smithi062.stdout:/usr/bin/ceph: stderr
2024-09-12T01:49:01.339+0000 7f1b28c00640 1 --2- 172.21.15.62:0/426120926 >> [v2:172.21.15.62:3300/0,v1:172.21.15.62:6789/0] conn(0x7f1b24109810 0x7f1b24109c10 secure :-1 s=READY pgs=45 cs=0 l=1 rev1=1 crypto rx=0x7f1b14009820 tx=0x7f1b1402a270 comp rx=0 tx=0).stop
2024-09-12T01:49:06.767 INFO:teuthology.orchestra.run.smithi062.stdout:/usr/bin/ceph: stderr
2024-09-12T01:49:01.339+0000 7f1b28c00640 1 -- 172.21.15.62:0/426120926 shutdown_connections
2024-09-12T01:49:06.767 INFO:teuthology.orchestra.run.smithi062.stdout:/usr/bin/ceph: stderr
2024-09-12T01:49:01.339+0000 7f1b28c00640 1 --2- 172.21.15.62:0/426120926 >> [v2:172.21.15.62:3300/0,v1:172.21.15.62:6789/0] conn(0x7f1b24109810 0x7f1b24109c10 unknown :-1 s=CLOSED pgs=45 cs=0 l=1 rev1=1 crypto rx=0 tx=0 comp rx=0 tx=0).stop
2024-09-12T01:49:06.767 INFO:teuthology.orchestra.run.smithi062.stdout:/usr/bin/ceph: stderr
2024-09-12T01:49:01.339+0000 7f1b28c00640 1 -- 172.21.15.62:0/426120926 >> 172.21.15.62:0/426120926 conn(0x7f1b2407ccf0 msgr2=0x7f1b2407d120 unknown :-1 s=STATE_NONE l=0).mark_down
2024-09-12T01:49:06.767 INFO:teuthology.orchestra.run.smithi062.stdout:/usr/bin/ceph: stderr
2024-09-12T01:49:01.339+0000 7f1b28c00640 1 -- 172.21.15.62:0/426120926 shutdown_connections
2024-09-12T01:49:06.767 INFO:teuthology.orchestra.run.smithi062.stdout:/usr/bin/ceph: stderr
2024-09-12T01:49:01.339+0000 7f1b28c00640 1 -- 172.21.15.62:0/426120926 wait complete.
2024-09-12T01:49:06.767 INFO:teuthology.orchestra.run.smithi062.stdout:/usr/bin/ceph: stderr
2024-09-12T01:49:01.340+0000 7f1b28c00640 1 Processor -- start
2024-09-12T01:49:06.767 INFO:teuthology.orchestra.run.smithi062.stdout:/usr/bin/ceph: stderr
2024-09-12T01:49:01.340+0000 7f1b28c00640 1 -- start start
2024-09-12T01:49:06.768 INFO:teuthology.orchestra.run.smithi062.stdout:/usr/bin/ceph: stderr
2024-09-12T01:49:01.341+0000 7f1b28c00640 1 --2- >> [v2:172.21.15.62:3300/0,v1:172.21.15.62:6789/0] conn(0x7f1b24109810 0x7f1b2419d7d0 unknown :-1 s=NONE pgs=0 cs=0 l=1 rev1=0 crypto rx=0 tx=0 comp rx=0 tx=0).connect
2024-09-12T01:49:06.768 INFO:teuthology.orchestra.run.smithi062.stdout:/usr/bin/ceph: stderr
2024-09-12T01:49:01.341+0000 7f1b28c00640 1 -- --> [v2:172.21.15.62:3300/0,v1:172.21.15.62:6789/0] -- mon_getmap magic: 0 -- 0x7f1b2410dd00 con 0x7f1b24109810
2024-09-12T01:49:06.768 INFO:teuthology.orchestra.run.smithi062.stdout:/usr/bin/ceph: stderr
2024-09-12T01:49:01.341+0000 7f1b21e00640 1 --2- >> [v2:172.21.15.62:3300/0,v1:172.21.15.62:6789/0] conn(0x7f1b24109810 0x7f1b2419d7d0 unknown :-1 s=BANNER_CONNECTING pgs=0 cs=0 l=1 rev1=0 crypto rx=0 tx=0 comp rx=0 tx=0)._handle_peer_banner_payload supported=3 required=0
2024-09-12T01:49:06.768 INFO:teuthology.orchestra.run.smithi062.stdout:/usr/bin/ceph: stderr
2024-09-12T01:49:01.341+0000 7f1b21e00640 1 --2- >> [v2:172.21.15.62:3300/0,v1:172.21.15.62:6789/0] conn(0x7f1b24109810 0x7f1b2419d7d0 unknown :-1 s=HELLO_CONNECTING pgs=0 cs=0 l=1 rev1=1 crypto rx=0 tx=0 comp rx=0 tx=0).handle_hello peer v2:172.21.15.62:3300/0 says I am v2:172.21.15.62:45078/0 (socket says 172.21.15.62:45078)
2024-09-12T01:49:06.768 INFO:teuthology.orchestra.run.smithi062.stdout:/usr/bin/ceph: stderr
2024-09-12T01:49:01.341+0000 7f1b21e00640 1 -- 172.21.15.62:0/3782592149 learned_addr learned my addr 172.21.15.62:0/3782592149 (peer_addr_for_me v2:172.21.15.62:0/0)
2024-09-12T01:49:06.768 INFO:teuthology.orchestra.run.smithi062.stdout:/usr/bin/ceph: stderr
2024-09-12T01:49:01.341+0000 7f1b21e00640 1 -- 172.21.15.62:0/3782592149 --> [v2:172.21.15.62:3300/0,v1:172.21.15.62:6789/0] -- mon_subscribe({config=0+,monmap=0+}) -- 0x7f1b2419dd10 con 0x7f1b24109810
2024-09-12T01:49:06.768 INFO:teuthology.orchestra.run.smithi062.stdout:/usr/bin/ceph: stderr
2024-09-12T01:49:01.342+0000 7f1b21e00640 1 --2- 172.21.15.62:0/3782592149 >> [v2:172.21.15.62:3300/0,v1:172.21.15.62:6789/0] conn(0x7f1b24109810 0x7f1b2419d7d0 secure :-1 s=READY pgs=46 cs=0 l=1 rev1=1 crypto rx=0x7f1b14030460 tx=0x7f1b14030d80 comp rx=0 tx=0).ready entity=mon.0 client_cookie=0 server_cookie=0 in_seq=0 out_seq=0
2024-09-12T01:49:06.768 INFO:teuthology.orchestra.run.smithi062.stdout:/usr/bin/ceph: stderr
2024-09-12T01:49:01.342+0000 7f1b1aa00640 1 -- 172.21.15.62:0/3782592149 <== mon.0 v2:172.21.15.62:3300/0 1 ==== mon_map magic: 0 ==== 205+0+0 (secure 0 0 0) 0x7f1b14042070 con 0x7f1b24109810
2024-09-12T01:49:06.768 INFO:teuthology.orchestra.run.smithi062.stdout:/usr/bin/ceph: stderr
2024-09-12T01:49:01.342+0000 7f1b1aa00640 1 -- 172.21.15.62:0/3782592149 <== mon.0 v2:172.21.15.62:3300/0 2 ==== config(27 keys) ==== 1109+0+0 (secure 0 0 0) 0x7f1b14032be0 con 0x7f1b24109810
2024-09-12T01:49:06.768 INFO:teuthology.orchestra.run.smithi062.stdout:/usr/bin/ceph: stderr
2024-09-12T01:49:01.342+0000 7f1b1aa00640 1 -- 172.21.15.62:0/3782592149 <== mon.0 v2:172.21.15.62:3300/0 3 ==== mon_map magic: 0 ==== 205+0+0 (secure 0 0 0) 0x7f1b14037040 con 0x7f1b24109810
2024-09-12T01:49:06.768 INFO:teuthology.orchestra.run.smithi062.stdout:/usr/bin/ceph: stderr
2024-09-12T01:49:01.342+0000 7f1b28c00640 1 -- 172.21.15.62:0/3782592149 --> [v2:172.21.15.62:3300/0,v1:172.21.15.62:6789/0] -- mon_subscribe({mgrmap=0+}) -- 0x7f1b2419dfa0 con 0x7f1b24109810
2024-09-12T01:49:06.768 INFO:teuthology.orchestra.run.smithi062.stdout:/usr/bin/ceph: stderr
2024-09-12T01:49:01.342+0000 7f1b28c00640 1 -- 172.21.15.62:0/3782592149 --> [v2:172.21.15.62:3300/0,v1:172.21.15.62:6789/0] -- mon_subscribe({osdmap=0}) -- 0x7f1b241a0c90 con 0x7f1b24109810
2024-09-12T01:49:06.768 INFO:teuthology.orchestra.run.smithi062.stdout:/usr/bin/ceph: stderr
2024-09-12T01:49:01.343+0000 7f1b1aa00640 1 -- 172.21.15.62:0/3782592149 <== mon.0 v2:172.21.15.62:3300/0 4 ==== mgrmap(e 8) ==== 46287+0+0 (secure 0 0 0) 0x7f1b14045070 con 0x7f1b24109810
2024-09-12T01:49:06.769 INFO:teuthology.orchestra.run.smithi062.stdout:/usr/bin/ceph: stderr
2024-09-12T01:49:01.343+0000 7f1b28c00640 1 -- 172.21.15.62:0/3782592149 --> [v2:172.21.15.62:3300/0,v1:172.21.15.62:6789/0] -- mon_command({"prefix": "get_command_descriptions"} v 0) -- 0x7f1b24109c10 con 0x7f1b24109810
2024-09-12T01:49:06.769 INFO:teuthology.orchestra.run.smithi062.stdout:/usr/bin/ceph: stderr
2024-09-12T01:49:01.344+0000 7f1b1aa00640 1 --2- 172.21.15.62:0/3782592149 >> [v2:172.21.15.62:6800/1515578586,v1:172.21.15.62:6801/1515578586] conn(0x7f1b08038fc0 0x7f1b0803b480 unknown :-1 s=NONE pgs=0 cs=0 l=1 rev1=0 crypto rx=0 tx=0 comp rx=0 tx=0).connect
2024-09-12T01:49:06.769 INFO:teuthology.orchestra.run.smithi062.stdout:/usr/bin/ceph: stderr
2024-09-12T01:49:01.344+0000 7f1b1aa00640 1 -- 172.21.15.62:0/3782592149 <== mon.0 v2:172.21.15.62:3300/0 5 ==== osd_map(2..2 src has 1..2) ==== 940+0+0 (secure 0 0 0) 0x7f1b1406bed0 con 0x7f1b24109810
2024-09-12T01:49:06.769 INFO:teuthology.orchestra.run.smithi062.stdout:/usr/bin/ceph: stderr
2024-09-12T01:49:01.344+0000 7f1b21400640 1 --2- 172.21.15.62:0/3782592149 >> [v2:172.21.15.62:6800/1515578586,v1:172.21.15.62:6801/1515578586] conn(0x7f1b08038fc0 0x7f1b0803b480 unknown :-1 s=BANNER_CONNECTING pgs=0 cs=0 l=1 rev1=0 crypto rx=0 tx=0 comp rx=0 tx=0)._handle_peer_banner_payload supported=3 required=0
2024-09-12T01:49:06.769 INFO:teuthology.orchestra.run.smithi062.stdout:/usr/bin/ceph: stderr
2024-09-12T01:49:01.345+0000 7f1b21400640 1 --2- 172.21.15.62:0/3782592149 >> [v2:172.21.15.62:6800/1515578586,v1:172.21.15.62:6801/1515578586] conn(0x7f1b08038fc0 0x7f1b0803b480 secure :-1 s=READY pgs=11 cs=0 l=1 rev1=1 crypto rx=0x7f1b100098c0 tx=0x7f1b10006db0 comp rx=0 tx=0).ready entity=mgr.14120 client_cookie=0 server_cookie=0 in_seq=0 out_seq=0
2024-09-12T01:49:06.769 INFO:teuthology.orchestra.run.smithi062.stdout:/usr/bin/ceph: stderr
2024-09-12T01:49:01.349+0000 7f1b1aa00640 1 -- 172.21.15.62:0/3782592149 <== mon.0 v2:172.21.15.62:3300/0 6 ==== mon_command_ack([{"prefix": "get_command_descriptions"}]=0 v0) ==== 72+0+188821 (secure 0 0 0) 0x7f1b14045360 con 0x7f1b24109810
2024-09-12T01:49:06.769 INFO:teuthology.orchestra.run.smithi062.stdout:/usr/bin/ceph: stderr
2024-09-12T01:49:01.538+0000 7f1b28c00640 1 -- 172.21.15.62:0/3782592149 --> [v2:172.21.15.62:6800/1515578586,v1:172.21.15.62:6801/1515578586] -- mgr_command(tid 0: {"prefix": "orch host add", "hostname": "smithi062", "addr": "172.21.15.62", "target": ["mon-mgr", ""]}) -- 0x7f1b24107be0 con 0x7f1b08038fc0
2024-09-12T01:49:06.769 INFO:teuthology.orchestra.run.smithi062.stdout:/usr/bin/ceph: stderr
2024-09-12T01:49:06.057+0000 7f1b1aa00640 1 -- 172.21.15.62:0/3782592149 <== mgr.14120 v2:172.21.15.62:6800/1515578586 1 ==== mgr_command_reply(tid 0: 0 ) ==== 8+0+48 (secure 0 0 0) 0x7f1b24107be0 con 0x7f1b08038fc0
2024-09-12T01:49:06.769 INFO:teuthology.orchestra.run.smithi062.stdout:/usr/bin/ceph: stderr
2024-09-12T01:49:06.060+0000 7f1b28c00640 1 -- 172.21.15.62:0/3782592149 >> [v2:172.21.15.62:6800/1515578586,v1:172.21.15.62:6801/1515578586] conn(0x7f1b08038fc0 msgr2=0x7f1b0803b480 secure :-1 s=STATE_CONNECTION_ESTABLISHED l=1).mark_down
2024-09-12T01:49:06.769 INFO:teuthology.orchestra.run.smithi062.stdout:/usr/bin/ceph: stderr
2024-09-12T01:49:06.060+0000 7f1b28c00640 1 --2- 172.21.15.62:0/3782592149 >> [v2:172.21.15.62:6800/1515578586,v1:172.21.15.62:6801/1515578586] conn(0x7f1b08038fc0 0x7f1b0803b480 secure :-1 s=READY pgs=11 cs=0 l=1 rev1=1 crypto rx=0x7f1b100098c0 tx=0x7f1b10006db0 comp rx=0 tx=0).stop
2024-09-12T01:49:06.769 INFO:teuthology.orchestra.run.smithi062.stdout:/usr/bin/ceph: stderr
