2024-09-12T01:48:47.260+0000 7efee6600640 1 -- 172.21.15.62:0/3700004928 shutdown_connections
2024-09-12T01:48:48.153 INFO:teuthology.orchestra.run.smithi062.stdout:/usr/bin/ceph: stderr
2024-09-12T01:48:47.260+0000 7efee6600640 1 --2- 172.21.15.62:0/3700004928 >> [v2:172.21.15.62:3300/0,v1:172.21.15.62:6789/0] conn(0x7efee0107530 0x7efee0107930 unknown :-1 s=CLOSED pgs=22 cs=0 l=1 rev1=1 crypto rx=0 tx=0 comp rx=0 tx=0).stop
2024-09-12T01:48:48.153 INFO:teuthology.orchestra.run.smithi062.stdout:/usr/bin/ceph: stderr
2024-09-12T01:48:47.260+0000 7efee6600640 1 -- 172.21.15.62:0/3700004928 >> 172.21.15.62:0/3700004928 conn(0x7efee0102cc0 msgr2=0x7efee0105100 unknown :-1 s=STATE_NONE l=0).mark_down
2024-09-12T01:48:48.153 INFO:teuthology.orchestra.run.smithi062.stdout:/usr/bin/ceph: stderr
2024-09-12T01:48:47.260+0000 7efee6600640 1 -- 172.21.15.62:0/3700004928 shutdown_connections
2024-09-12T01:48:48.153 INFO:teuthology.orchestra.run.smithi062.stdout:/usr/bin/ceph: stderr
2024-09-12T01:48:47.260+0000 7efee6600640 1 -- 172.21.15.62:0/3700004928 wait complete.
2024-09-12T01:48:48.153 INFO:teuthology.orchestra.run.smithi062.stdout:/usr/bin/ceph: stderr
2024-09-12T01:48:47.261+0000 7efee6600640 1 Processor -- start
2024-09-12T01:48:48.153 INFO:teuthology.orchestra.run.smithi062.stdout:/usr/bin/ceph: stderr
2024-09-12T01:48:47.261+0000 7efee6600640 1 -- start start
2024-09-12T01:48:48.153 INFO:teuthology.orchestra.run.smithi062.stdout:/usr/bin/ceph: stderr
2024-09-12T01:48:47.261+0000 7efee6600640 1 --2- >> [v2:172.21.15.62:3300/0,v1:172.21.15.62:6789/0] conn(0x7efee0107530 0x7efee019d780 unknown :-1 s=NONE pgs=0 cs=0 l=1 rev1=0 crypto rx=0 tx=0 comp rx=0 tx=0).connect
2024-09-12T01:48:48.154 INFO:teuthology.orchestra.run.smithi062.stdout:/usr/bin/ceph: stderr
2024-09-12T01:48:47.261+0000 7efee6600640 1 -- --> [v2:172.21.15.62:3300/0,v1:172.21.15.62:6789/0] -- mon_getmap magic: 0 -- 0x7efee010bae0 con 0x7efee0107530
2024-09-12T01:48:48.154 INFO:teuthology.orchestra.run.smithi062.stdout:/usr/bin/ceph: stderr
2024-09-12T01:48:47.262+0000 7efedf400640 1 --2- >> [v2:172.21.15.62:3300/0,v1:172.21.15.62:6789/0] conn(0x7efee0107530 0x7efee019d780 unknown :-1 s=BANNER_CONNECTING pgs=0 cs=0 l=1 rev1=0 crypto rx=0 tx=0 comp rx=0 tx=0)._handle_peer_banner_payload supported=3 required=0
2024-09-12T01:48:48.154 INFO:teuthology.orchestra.run.smithi062.stdout:/usr/bin/ceph: stderr
2024-09-12T01:48:47.262+0000 7efedf400640 1 --2- >> [v2:172.21.15.62:3300/0,v1:172.21.15.62:6789/0] conn(0x7efee0107530 0x7efee019d780 unknown :-1 s=HELLO_CONNECTING pgs=0 cs=0 l=1 rev1=1 crypto rx=0 tx=0 comp rx=0 tx=0).handle_hello peer v2:172.21.15.62:3300/0 says I am v2:172.21.15.62:46436/0 (socket says 172.21.15.62:46436)
2024-09-12T01:48:48.154 INFO:teuthology.orchestra.run.smithi062.stdout:/usr/bin/ceph: stderr
2024-09-12T01:48:47.262+0000 7efedf400640 1 -- 172.21.15.62:0/881694271 learned_addr learned my addr 172.21.15.62:0/881694271 (peer_addr_for_me v2:172.21.15.62:0/0)
2024-09-12T01:48:48.154 INFO:teuthology.orchestra.run.smithi062.stdout:/usr/bin/ceph: stderr
2024-09-12T01:48:47.262+0000 7efedf400640 1 -- 172.21.15.62:0/881694271 --> [v2:172.21.15.62:3300/0,v1:172.21.15.62:6789/0] -- mon_subscribe({config=0+,monmap=0+}) -- 0x7efee019dcc0 con 0x7efee0107530
2024-09-12T01:48:48.154 INFO:teuthology.orchestra.run.smithi062.stdout:/usr/bin/ceph: stderr
2024-09-12T01:48:47.262+0000 7efedf400640 1 --2- 172.21.15.62:0/881694271 >> [v2:172.21.15.62:3300/0,v1:172.21.15.62:6789/0] conn(0x7efee0107530 0x7efee019d780 secure :-1 s=READY pgs=23 cs=0 l=1 rev1=1 crypto rx=0x7efed00097f0 tx=0x7efed0030d80 comp rx=0 tx=0).ready entity=mon.0 client_cookie=0 server_cookie=0 in_seq=0 out_seq=0
2024-09-12T01:48:48.154 INFO:teuthology.orchestra.run.smithi062.stdout:/usr/bin/ceph: stderr
2024-09-12T01:48:47.262+0000 7efed7e00640 1 -- 172.21.15.62:0/881694271 <== mon.0 v2:172.21.15.62:3300/0 1 ==== mon_map magic: 0 ==== 205+0+0 (secure 0 0 0) 0x7efed0037040 con 0x7efee0107530
2024-09-12T01:48:48.154 INFO:teuthology.orchestra.run.smithi062.stdout:/usr/bin/ceph: stderr
2024-09-12T01:48:47.262+0000 7efed7e00640 1 -- 172.21.15.62:0/881694271 <== mon.0 v2:172.21.15.62:3300/0 2 ==== config(27 keys) ==== 1109+0+0 (secure 0 0 0) 0x7efed0040070 con 0x7efee0107530
2024-09-12T01:48:48.154 INFO:teuthology.orchestra.run.smithi062.stdout:/usr/bin/ceph: stderr
2024-09-12T01:48:47.262+0000 7efee6600640 1 -- 172.21.15.62:0/881694271 --> [v2:172.21.15.62:3300/0,v1:172.21.15.62:6789/0] -- mon_subscribe({mgrmap=0+}) -- 0x7efee019df50 con 0x7efee0107530
2024-09-12T01:48:48.154 INFO:teuthology.orchestra.run.smithi062.stdout:/usr/bin/ceph: stderr
2024-09-12T01:48:47.262+0000 7efed7e00640 1 -- 172.21.15.62:0/881694271 <== mon.0 v2:172.21.15.62:3300/0 3 ==== mon_map magic: 0 ==== 205+0+0 (secure 0 0 0) 0x7efed003a390 con 0x7efee0107530
2024-09-12T01:48:48.154 INFO:teuthology.orchestra.run.smithi062.stdout:/usr/bin/ceph: stderr
2024-09-12T01:48:47.263+0000 7efee6600640 1 -- 172.21.15.62:0/881694271 --> [v2:172.21.15.62:3300/0,v1:172.21.15.62:6789/0] -- mon_subscribe({osdmap=0}) -- 0x7efee01a0c40 con 0x7efee0107530
2024-09-12T01:48:48.154 INFO:teuthology.orchestra.run.smithi062.stdout:/usr/bin/ceph: stderr
2024-09-12T01:48:47.264+0000 7efed7e00640 1 -- 172.21.15.62:0/881694271 <== mon.0 v2:172.21.15.62:3300/0 4 ==== mgrmap(e 4) ==== 46276+0+0 (secure 0 0 0) 0x7efed003b430 con 0x7efee0107530
2024-09-12T01:48:48.154 INFO:teuthology.orchestra.run.smithi062.stdout:/usr/bin/ceph: stderr
2024-09-12T01:48:47.264+0000 7efee6600640 1 -- 172.21.15.62:0/881694271 --> [v2:172.21.15.62:3300/0,v1:172.21.15.62:6789/0] -- mon_command({"prefix": "get_command_descriptions"} v 0) -- 0x7efee01079b0 con 0x7efee0107530
2024-09-12T01:48:48.155 INFO:teuthology.orchestra.run.smithi062.stdout:/usr/bin/ceph: stderr
2024-09-12T01:48:47.264+0000 7efed7e00640 1 --2- 172.21.15.62:0/881694271 >> [v2:172.21.15.62:6800/2854042842,v1:172.21.15.62:6801/2854042842] conn(0x7efec4038f70 0x7efec403b430 unknown :-1 s=NONE pgs=0 cs=0 l=1 rev1=0 crypto rx=0 tx=0 comp rx=0 tx=0).connect
2024-09-12T01:48:48.155 INFO:teuthology.orchestra.run.smithi062.stdout:/usr/bin/ceph: stderr
2024-09-12T01:48:47.264+0000 7efed7e00640 1 -- 172.21.15.62:0/881694271 <== mon.0 v2:172.21.15.62:3300/0 5 ==== osd_map(1..1 src has 1..1) ==== 725+0+0 (secure 0 0 0) 0x7efed006c090 con 0x7efee0107530
2024-09-12T01:48:48.155 INFO:teuthology.orchestra.run.smithi062.stdout:/usr/bin/ceph: stderr
2024-09-12T01:48:47.264+0000 7efedea00640 1 --2- 172.21.15.62:0/881694271 >> [v2:172.21.15.62:6800/2854042842,v1:172.21.15.62:6801/2854042842] conn(0x7efec4038f70 0x7efec403b430 unknown :-1 s=BANNER_CONNECTING pgs=0 cs=0 l=1 rev1=0 crypto rx=0 tx=0 comp rx=0 tx=0)._handle_peer_banner_payload supported=3 required=0
2024-09-12T01:48:48.155 INFO:teuthology.orchestra.run.smithi062.stdout:/usr/bin/ceph: stderr
2024-09-12T01:48:47.265+0000 7efedea00640 1 --2- 172.21.15.62:0/881694271 >> [v2:172.21.15.62:6800/2854042842,v1:172.21.15.62:6801/2854042842] conn(0x7efec4038f70 0x7efec403b430 secure :-1 s=READY pgs=8 cs=0 l=1 rev1=1 crypto rx=0x7efecc0098c0 tx=0x7efecc006db0 comp rx=0 tx=0).ready entity=mgr.14100 client_cookie=0 server_cookie=0 in_seq=0 out_seq=0
2024-09-12T01:48:48.155 INFO:teuthology.orchestra.run.smithi062.stdout:/usr/bin/ceph: stderr
2024-09-12T01:48:47.269+0000 7efed7e00640 1 -- 172.21.15.62:0/881694271 <== mon.0 v2:172.21.15.62:3300/0 6 ==== mon_command_ack([{"prefix": "get_command_descriptions"}]=0 v0) ==== 72+0+188821 (secure 0 0 0) 0x7efed006bdf0 con 0x7efee0107530
2024-09-12T01:48:48.155 INFO:teuthology.orchestra.run.smithi062.stdout:/usr/bin/ceph: stderr
2024-09-12T01:48:47.504+0000 7efee6600640 1 -- 172.21.15.62:0/881694271 --> [v2:172.21.15.62:3300/0,v1:172.21.15.62:6789/0] -- mon_command({"prefix": "mgr module enable", "module": "cephadm"} v 0) -- 0x7efee019e3d0 con 0x7efee0107530
2024-09-12T01:48:48.155 INFO:teuthology.orchestra.run.smithi062.stdout:/usr/bin/ceph: stderr
2024-09-12T01:48:47.555+0000 7efed7e00640 1 -- 172.21.15.62:0/881694271 <== mon.0 v2:172.21.15.62:3300/0 7 ==== mon_command_ack([{"prefix": "mgr module enable", "module": "cephadm"}]=0 v5) ==== 86+0+0 (secure 0 0 0) 0x7efed0032900 con 0x7efee0107530
2024-09-12T01:48:48.155 INFO:teuthology.orchestra.run.smithi062.stdout:/usr/bin/ceph: stderr
2024-09-12T01:48:47.557+0000 7efed7e00640 1 -- 172.21.15.62:0/881694271 <== mon.0 v2:172.21.15.62:3300/0 8 ==== mgrmap(e 5) ==== 46287+0+0 (secure 0 0 0) 0x7efed0043c30 con 0x7efee0107530
2024-09-12T01:48:48.155 INFO:teuthology.orchestra.run.smithi062.stdout:/usr/bin/ceph: stderr
2024-09-12T01:48:47.559+0000 7efee6600640 1 -- 172.21.15.62:0/881694271 >> [v2:172.21.15.62:6800/2854042842,v1:172.21.15.62:6801/2854042842] conn(0x7efec4038f70 msgr2=0x7efec403b430 secure :-1 s=STATE_CONNECTION_ESTABLISHED l=1).mark_down
2024-09-12T01:48:48.155 INFO:teuthology.orchestra.run.smithi062.stdout:/usr/bin/ceph: stderr
2024-09-12T01:48:47.559+0000 7efee6600640 1 --2- 172.21.15.62:0/881694271 >> [v2:172.21.15.62:6800/2854042842,v1:172.21.15.62:6801/2854042842] conn(0x7efec4038f70 0x7efec403b430 secure :-1 s=READY pgs=8 cs=0 l=1 rev1=1 crypto rx=0x7efecc0098c0 tx=0x7efecc006db0 comp rx=0 tx=0).stop
2024-09-12T01:48:48.155 INFO:teuthology.orchestra.run.smithi062.stdout:/usr/bin/ceph: stderr
2024-09-12T01:48:47.559+0000 7efee6600640 1 -- 172.21.15.62:0/881694271 >> [v2:172.21.15.62:3300/0,v1:172.21.15.62:6789/0] conn(0x7efee0107530 msgr2=0x7efee019d780 secure :-1 s=STATE_CONNECTION_ESTABLISHED l=1).mark_down
2024-09-12T01:48:48.155 INFO:teuthology.orchestra.run.smithi062.stdout:/usr/bin/ceph: stderr
2024-09-12T01:48:47.559+0000 7efee6600640 1 --2- 172.21.15.62:0/881694271 >> [v2:172.21.15.62:3300/0,v1:172.21.15.62:6789/0] conn(0x7efee0107530 0x7efee019d780 secure :-1 s=READY pgs=23 cs=0 l=1 rev1=1 crypto rx=0x7efed00097f0 tx=0x7efed0030d80 comp rx=0 tx=0).stop
2024-09-12T01:48:48.155 INFO:teuthology.orchestra.run.smithi062.stdout:/usr/bin/ceph: stderr
2024-09-12T01:48:47.559+0000 7efee6600640 1 -- 172.21.15.62:0/881694271 shutdown_connections
2024-09-12T01:48:48.156 INFO:teuthology.orchestra.run.smithi062.stdout:/usr/bin/ceph: stderr
2024-09-12T01:48:47.559+0000 7efee6600640 1 --2- 172.21.15.62:0/881694271 >> [v2:172.21.15.62:6800/2854042842,v1:172.21.15.62:6801/2854042842] conn(0x7efec4038f70 0x7efec403b430 unknown :-1 s=CLOSED pgs=8 cs=0 l=1 rev1=1 crypto rx=0 tx=0 comp rx=0 tx=0).stop
2024-09-12T01:48:48.156 INFO:teuthology.orchestra.run.smithi062.stdout:/usr/bin/ceph: stderr
2024-09-12T01:48:47.559+0000 7efee6600640 1 --2- 172.21.15.62:0/881694271 >> [v2:172.21.15.62:3300/0,v1:172.21.15.62:6789/0] conn(0x7efee0107530 0x7efee019d780 unknown :-1 s=CLOSED pgs=23 cs=0 l=1 rev1=1 crypto rx=0 tx=0 comp rx=0 tx=0).stop
2024-09-12T01:48:48.156 INFO:teuthology.orchestra.run.smithi062.stdout:/usr/bin/ceph: stderr
2024-09-12T01:48:47.559+0000 7efee6600640 1 -- 172.21.15.62:0/881694271 >> 172.21.15.62:0/881694271 conn(0x7efee0102cc0 msgr2=0x7efee0103860 unknown :-1 s=STATE_NONE l=0).mark_down
2024-09-12T01:48:48.156 INFO:teuthology.orchestra.run.smithi062.stdout:/usr/bin/ceph: stderr
2024-09-12T01:48:47.559+0000 7efee6600640 1 -- 172.21.15.62:0/881694271 shutdown_connections
2024-09-12T01:48:48.156 INFO:teuthology.orchestra.run.smithi062.stdout:/usr/bin/ceph: stderr
2024-09-12T01:48:47.559+0000 7efee6600640 1 -- 172.21.15.62:0/881694271 wait complete.
2024-09-12T01:48:48.314 INFO:journalctl@ceph.mgr.x.smithi062.stdout:Sep 12 01:48:48 smithi062 ceph-f18ee350-70a8-11ef-bcea-c7b262605968-mgr-x[30889]:
2024-09-12T01:48:48.131+0000 7f1182fd4040 -1 mgr[py] Module crash has missing NOTIFY_TYPES member
2024-09-12T01:48:48.578 INFO:journalctl@ceph.mon.a.smithi062.stdout:Sep 12 01:48:48 smithi062 ceph-mon[30666]: from='client.? 172.21.15.62:0/881694271' entity='client.admin' cmd='[{"prefix": "mgr module enable", "module": "cephadm"}]': finished
2024-09-12T01:48:48.578 INFO:journalctl@ceph.mon.a.smithi062.stdout:Sep 12 01:48:48 smithi062 ceph-mon[30666]: mgrmap e5: x(active, since 7s)
2024-09-12T01:48:48.578 INFO:journalctl@ceph.mgr.x.smithi062.stdout:Sep 12 01:48:48 smithi062 ceph-f18ee350-70a8-11ef-bcea-c7b262605968-mgr-x[30889]:
2024-09-12T01:48:48.314+0000 7f1182fd4040 -1 mgr[py] Module test_orchestrator has missing NOTIFY_TYPES member
2024-09-12T01:48:48.578 INFO:journalctl@ceph.mgr.x.smithi062.stdout:Sep 12 01:48:48 smithi062 ceph-f18ee350-70a8-11ef-bcea-c7b262605968-mgr-x[30889]:
2024-09-12T01:48:48.491+0000 7f1182fd4040 -1 mgr[py] Module snap_schedule has missing NOTIFY_TYPES member
2024-09-12T01:48:49.177 INFO:journalctl@ceph.mgr.x.smithi062.stdout:Sep 12 01:48:48 smithi062 ceph-f18ee350-70a8-11ef-bcea-c7b262605968-mgr-x[30889]:
2024-09-12T01:48:48.879+0000 7f1182fd4040 -1 mgr[py] Module prometheus has missing NOTIFY_TYPES member
2024-09-12T01:48:49.177 INFO:journalctl@ceph.mgr.x.smithi062.stdout:Sep 12 01:48:48 smithi062 ceph-f18ee350-70a8-11ef-bcea-c7b262605968-mgr-x[30889]:
2024-09-12T01:48:48.956+0000 7f1182fd4040 -1 mgr[py] Module selftest has missing NOTIFY_TYPES member
2024-09-12T01:48:49.177 INFO:journalctl@ceph.mgr.x.smithi062.stdout:Sep 12 01:48:49 smithi062 ceph-f18ee350-70a8-11ef-bcea-c7b262605968-mgr-x[30889]:
2024-09-12T01:48:49.177+0000 7f1182fd4040 -1 mgr[py] Module volumes has missing NOTIFY_TYPES member
2024-09-12T01:48:49.615 INFO:teuthology.orchestra.run.smithi062.stdout:/usr/bin/ceph: stdout {
2024-09-12T01:48:49.616 INFO:teuthology.orchestra.run.smithi062.stdout:/usr/bin/ceph: stdout "epoch": 5,
2024-09-12T01:48:49.616 INFO:teuthology.orchestra.run.smithi062.stdout:/usr/bin/ceph: stdout "available": true,
2024-09-12T01:48:49.616 INFO:teuthology.orchestra.run.smithi062.stdout:/usr/bin/ceph: stdout "active_name": "x",
2024-09-12T01:48:49.616 INFO:teuthology.orchestra.run.smithi062.stdout:/usr/bin/ceph: stdout "num_standby": 0
2024-09-12T01:48:49.616 INFO:teuthology.orchestra.run.smithi062.stdout:/usr/bin/ceph: stdout }
2024-09-12T01:48:49.616 INFO:teuthology.orchestra.run.smithi062.stdout:/usr/bin/ceph: stderr
2024-09-12T01:48:48.686+0000 7fd830200640 1 Processor -- start
2024-09-12T01:48:49.616 INFO:teuthology.orchestra.run.smithi062.stdout:/usr/bin/ceph: stderr
2024-09-12T01:48:48.686+0000 7fd830200640 1 -- start start
2024-09-12T01:48:49.616 INFO:teuthology.orchestra.run.smithi062.stdout:/usr/bin/ceph: stderr
2024-09-12T01:48:48.686+0000 7fd830200640 1 --2- >> [v2:172.21.15.62:3300/0,v1:172.21.15.62:6789/0] conn(0x7fd828109810 0x7fd828109c10 unknown :-1 s=NONE pgs=0 cs=0 l=0 rev1=0 crypto rx=0 tx=0 comp rx=0 tx=0).connect
2024-09-12T01:48:49.616 INFO:teuthology.orchestra.run.smithi062.stdout:/usr/bin/ceph: stderr
2024-09-12T01:48:48.686+0000 7fd830200640 1 -- --> [v2:172.21.15.62:3300/0,v1:172.21.15.62:6789/0] -- mon_getmap magic: 0 -- 0x7fd82810a1e0 con 0x7fd828109810
2024-09-12T01:48:49.616 INFO:teuthology.orchestra.run.smithi062.stdout:/usr/bin/ceph: stderr
2024-09-12T01:48:48.687+0000 7fd82d800640 1 --2- >> [v2:172.21.15.62:3300/0,v1:172.21.15.62:6789/0] conn(0x7fd828109810 0x7fd828109c10 unknown :-1 s=BANNER_CONNECTING pgs=0 cs=0 l=0 rev1=0 crypto rx=0 tx=0 comp rx=0 tx=0)._handle_peer_banner_payload supported=3 required=0
2024-09-12T01:48:49.616 INFO:teuthology.orchestra.run.smithi062.stdout:/usr/bin/ceph: stderr
2024-09-12T01:48:48.687+0000 7fd82d800640 1 --2- >> [v2:172.21.15.62:3300/0,v1:172.21.15.62:6789/0] conn(0x7fd828109810 0x7fd828109c10 unknown :-1 s=HELLO_CONNECTING pgs=0 cs=0 l=0 rev1=1 crypto rx=0 tx=0 comp rx=0 tx=0).handle_hello peer v2:172.21.15.62:3300/0 says I am v2:172.21.15.62:46462/0 (socket says 172.21.15.62:46462)
2024-09-12T01:48:49.617 INFO:teuthology.orchestra.run.smithi062.stdout:/usr/bin/ceph: stderr
2024-09-12T01:48:48.687+0000 7fd82d800640 1 -- 172.21.15.62:0/1325557710 learned_addr learned my addr 172.21.15.62:0/1325557710 (peer_addr_for_me v2:172.21.15.62:0/0)
2024-09-12T01:48:49.617 INFO:teuthology.orchestra.run.smithi062.stdout:/usr/bin/ceph: stderr
2024-09-12T01:48:48.687+0000 7fd82d800640 1 -- 172.21.15.62:0/1325557710 --> [v2:172.21.15.62:3300/0,v1:172.21.15.62:6789/0] -- mon_subscribe({config=0+,monmap=0+}) -- 0x7fd82810a950 con 0x7fd828109810
2024-09-12T01:48:49.621 INFO:teuthology.orchestra.run.smithi062.stdout:/usr/bin/ceph: stderr
2024-09-12T01:48:48.688+0000 7fd82d800640 1 --2- 172.21.15.62:0/1325557710 >> [v2:172.21.15.62:3300/0,v1:172.21.15.62:6789/0] conn(0x7fd828109810 0x7fd828109c10 secure :-1 s=READY pgs=26 cs=0 l=1 rev1=1 crypto rx=0x7fd81c009820 tx=0x7fd81c02a270 comp rx=0 tx=0).ready entity=mon.0 client_cookie=385b51f585570e92 server_cookie=0 in_seq=0 out_seq=0
2024-09-12T01:48:49.622 INFO:teuthology.orchestra.run.smithi062.stdout:/usr/bin/ceph: stderr
2024-09-12T01:48:48.688+0000 7fd827e00640 1 -- 172.21.15.62:0/1325557710 <== mon.0 v2:172.21.15.62:3300/0 1 ==== mon_map magic: 0 ==== 205+0+0 (secure 0 0 0) 0x7fd81c037070 con 0x7fd828109810
2024-09-12T01:48:49.622 INFO:teuthology.orchestra.run.smithi062.stdout:/usr/bin/ceph: stderr
2024-09-12T01:48:48.688+0000 7fd827e00640 1 -- 172.21.15.62:0/1325557710 <== mon.0 v2:172.21.15.62:3300/0 2 ==== config(27 keys) ==== 1109+0+0 (secure 0 0 0) 0x7fd81c032900 con 0x7fd828109810
2024-09-12T01:48:49.622 INFO:teuthology.orchestra.run.smithi062.stdout:/usr/bin/ceph: stderr
2024-09-12T01:48:48.689+0000 7fd827e00640 1 -- 172.21.15.62:0/1325557710 <== mon.0 v2:172.21.15.62:3300/0 3 ==== mon_map magic: 0 ==== 205+0+0 (secure 0 0 0) 0x7fd81c030850 con 0x7fd828109810
2024-09-12T01:48:49.622 INFO:teuthology.orchestra.run.smithi062.stdout:/usr/bin/ceph: stderr
2024-09-12T01:48:48.689+0000 7fd830200640 1 -- 172.21.15.62:0/1325557710 >> [v2:172.21.15.62:3300/0,v1:172.21.15.62:6789/0] conn(0x7fd828109810 msgr2=0x7fd828109c10 secure :-1 s=STATE_CONNECTION_ESTABLISHED l=1).mark_down
2024-09-12T01:48:49.622 INFO:teuthology.orchestra.run.smithi062.stdout:/usr/bin/ceph: stderr
2024-09-12T01:48:48.689+0000 7fd830200640 1 --2- 172.21.15.62:0/1325557710 >> [v2:172.21.15.62:3300/0,v1:172.21.15.62:6789/0] conn(0x7fd828109810 0x7fd828109c10 secure :-1 s=READY pgs=26 cs=0 l=1 rev1=1 crypto rx=0x7fd81c009820 tx=0x7fd81c02a270 comp rx=0 tx=0).stop
2024-09-12T01:48:49.622 INFO:teuthology.orchestra.run.smithi062.stdout:/usr/bin/ceph: stderr
2024-09-12T01:48:48.689+0000 7fd830200640 1 -- 172.21.15.62:0/1325557710 shutdown_connections
2024-09-12T01:48:49.622 INFO:teuthology.orchestra.run.smithi062.stdout:/usr/bin/ceph: stderr
2024-09-12T01:48:48.689+0000 7fd830200640 1 --2- 172.21.15.62:0/1325557710 >> [v2:172.21.15.62:3300/0,v1:172.21.15.62:6789/0] conn(0x7fd828109810 0x7fd828109c10 unknown :-1 s=CLOSED pgs=26 cs=0 l=1 rev1=1 crypto rx=0 tx=0 comp rx=0 tx=0).stop
2024-09-12T01:48:49.622 INFO:teuthology.orchestra.run.smithi062.stdout:/usr/bin/ceph: stderr
2024-09-12T01:48:48.689+0000 7fd830200640 1 -- 172.21.15.62:0/1325557710 >> 172.21.15.62:0/1325557710 conn(0x7fd82807ccf0 msgr2=0x7fd82807d120 unknown :-1 s=STATE_NONE l=0).mark_down
2024-09-12T01:48:49.622 INFO:teuthology.orchestra.run.smithi062.stdout:/usr/bin/ceph: stderr
2024-09-12T01:48:48.689+0000 7fd830200640 1 -- 172.21.15.62:0/1325557710 shutdown_connections
2024-09-12T01:48:49.622 INFO:teuthology.orchestra.run.smithi062.stdout:/usr/bin/ceph: stderr
2024-09-12T01:48:48.689+0000 7fd830200640 1 -- 172.21.15.62:0/1325557710 wait complete.
2024-09-12T01:48:49.622 INFO:teuthology.orchestra.run.smithi062.stdout:/usr/bin/ceph: stderr
2024-09-12T01:48:48.690+0000 7fd830200640 1 Processor -- start
2024-09-12T01:48:49.622 INFO:teuthology.orchestra.run.smithi062.stdout:/usr/bin/ceph: stderr
2024-09-12T01:48:48.690+0000 7fd830200640 1 -- start start
2024-09-12T01:48:49.623 INFO:teuthology.orchestra.run.smithi062.stdout:/usr/bin/ceph: stderr
2024-09-12T01:48:48.691+0000 7fd830200640 1 --2- >> [v2:172.21.15.62:3300/0,v1:172.21.15.62:6789/0] conn(0x7fd828109810 0x7fd82819d7d0 unknown :-1 s=NONE pgs=0 cs=0 l=1 rev1=0 crypto rx=0 tx=0 comp rx=0 tx=0).connect
2024-09-12T01:48:49.623 INFO:teuthology.orchestra.run.smithi062.stdout:/usr/bin/ceph: stderr
2024-09-12T01:48:48.691+0000 7fd830200640 1 -- --> [v2:172.21.15.62:3300/0,v1:172.21.15.62:6789/0] -- mon_getmap magic: 0 -- 0x7fd82810dd00 con 0x7fd828109810
2024-09-12T01:48:49.623 INFO:teuthology.orchestra.run.smithi062.stdout:/usr/bin/ceph: stderr
2024-09-12T01:48:48.691+0000 7fd82d800640 1 --2- >> [v2:172.21.15.62:3300/0,v1:172.21.15.62:6789/0] conn(0x7fd828109810 0x7fd82819d7d0 unknown :-1 s=BANNER_CONNECTING pgs=0 cs=0 l=1 rev1=0 crypto rx=0 tx=0 comp rx=0 tx=0)._handle_peer_banner_payload supported=3 required=0
2024-09-12T01:48:49.623 INFO:teuthology.orchestra.run.smithi062.stdout:/usr/bin/ceph: stderr
2024-09-12T01:48:48.691+0000 7fd82d800640 1 --2- >> [v2:172.21.15.62:3300/0,v1:172.21.15.62:6789/0] conn(0x7fd828109810 0x7fd82819d7d0 unknown :-1 s=HELLO_CONNECTING pgs=0 cs=0 l=1 rev1=1 crypto rx=0 tx=0 comp rx=0 tx=0).handle_hello peer v2:172.21.15.62:3300/0 says I am v2:172.21.15.62:46478/0 (socket says 172.21.15.62:46478)
2024-09-12T01:48:49.623 INFO:teuthology.orchestra.run.smithi062.stdout:/usr/bin/ceph: stderr
2024-09-12T01:48:48.691+0000 7fd82d800640 1 -- 172.21.15.62:0/2713180591 learned_addr learned my addr 172.21.15.62:0/2713180591 (peer_addr_for_me v2:172.21.15.62:0/0)
2024-09-12T01:48:49.623 INFO:teuthology.orchestra.run.smithi062.stdout:/usr/bin/ceph: stderr
2024-09-12T01:48:48.691+0000 7fd82d800640 1 -- 172.21.15.62:0/2713180591 --> [v2:172.21.15.62:3300/0,v1:172.21.15.62:6789/0] -- mon_subscribe({config=0+,monmap=0+}) -- 0x7fd82819dd10 con 0x7fd828109810
2024-09-12T01:48:49.623 INFO:teuthology.orchestra.run.smithi062.stdout:/usr/bin/ceph: stderr
2024-09-12T01:48:48.692+0000 7fd82d800640 1 --2- 172.21.15.62:0/2713180591 >> [v2:172.21.15.62:3300/0,v1:172.21.15.62:6789/0] conn(0x7fd828109810 0x7fd82819d7d0 secure :-1 s=READY pgs=27 cs=0 l=1 rev1=1 crypto rx=0x7fd81c009940 tx=0x7fd81c0326e0 comp rx=0 tx=0).ready entity=mon.0 client_cookie=0 server_cookie=0 in_seq=0 out_seq=0
2024-09-12T01:48:49.623 INFO:teuthology.orchestra.run.smithi062.stdout:/usr/bin/ceph: stderr
2024-09-12T01:48:48.692+0000 7fd826000640 1 -- 172.21.15.62:0/2713180591 <== mon.0 v2:172.21.15.62:3300/0 1 ==== mon_map magic: 0 ==== 205+0+0 (secure 0 0 0) 0x7fd81c042070 con 0x7fd828109810
2024-09-12T01:48:49.623 INFO:teuthology.orchestra.run.smithi062.stdout:/usr/bin/ceph: stderr
2024-09-12T01:48:48.692+0000 7fd826000640 1 -- 172.21.15.62:0/2713180591 <== mon.0 v2:172.21.15.62:3300/0 2 ==== config(27 keys) ==== 1109+0+0 (secure 0 0 0) 0x7fd81c032be0 con 0x7fd828109810
2024-09-12T01:48:49.623 INFO:teuthology.orchestra.run.smithi062.stdout:/usr/bin/ceph: stderr
2024-09-12T01:48:48.692+0000 7fd826000640 1 -- 172.21.15.62:0/2713180591 <== mon.0 v2:172.21.15.62:3300/0 3 ==== mon_map magic: 0 ==== 205+0+0 (secure 0 0 0) 0x7fd81c037040 con 0x7fd828109810
2024-09-12T01:48:49.623 INFO:teuthology.orchestra.run.smithi062.stdout:/usr/bin/ceph: stderr
2024-09-12T01:48:48.692+0000 7fd830200640 1 -- 172.21.15.62:0/2713180591 --> [v2:172.21.15.62:3300/0,v1:172.21.15.62:6789/0] -- mon_subscribe({mgrmap=0+}) -- 0x7fd82819dfa0 con 0x7fd828109810
2024-09-12T01:48:49.623 INFO:teuthology.orchestra.run.smithi062.stdout:/usr/bin/ceph: stderr
2024-09-12T01:48:48.692+0000 7fd830200640 1 -- 172.21.15.62:0/2713180591 --> [v2:172.21.15.62:3300/0,v1:172.21.15.62:6789/0] -- mon_subscribe({osdmap=0}) -- 0x7fd8281a0c90 con 0x7fd828109810
2024-09-12T01:48:49.623 INFO:teuthology.orchestra.run.smithi062.stdout:/usr/bin/ceph: stderr
2024-09-12T01:48:48.693+0000 7fd826000640 1 -- 172.21.15.62:0/2713180591 <== mon.0 v2:172.21.15.62:3300/0 4 ==== mgrmap(e 5) ==== 46287+0+0 (secure 0 0 0) 0x7fd81c045070 con 0x7fd828109810
2024-09-12T01:48:49.624 INFO:teuthology.orchestra.run.smithi062.stdout:/usr/bin/ceph: stderr
2024-09-12T01:48:48.693+0000 7fd826000640 1 --2- 172.21.15.62:0/2713180591 >> [v2:172.21.15.62:6800/2854042842,v1:172.21.15.62:6801/2854042842] conn(0x7fd810038fc0 0x7fd81003b480 unknown :-1 s=NONE pgs=0 cs=0 l=1 rev1=0 crypto rx=0 tx=0 comp rx=0 tx=0).connect
2024-09-12T01:48:49.624 INFO:teuthology.orchestra.run.smithi062.stdout:/usr/bin/ceph: stderr
2024-09-12T01:48:48.693+0000 7fd830200640 1 -- 172.21.15.62:0/2713180591 --> [v2:172.21.15.62:3300/0,v1:172.21.15.62:6789/0] -- mon_command({"prefix": "get_command_descriptions"} v 0) -- 0x7fd828109c10 con 0x7fd828109810
2024-09-12T01:48:49.624 INFO:teuthology.orchestra.run.smithi062.stdout:/usr/bin/ceph: stderr
2024-09-12T01:48:48.694+0000 7fd826000640 1 -- 172.21.15.62:0/2713180591 <== mon.0 v2:172.21.15.62:3300/0 5 ==== osd_map(1..1 src has 1..1) ==== 725+0+0 (secure 0 0 0) 0x7fd81c06be80 con 0x7fd828109810
2024-09-12T01:48:49.624 INFO:teuthology.orchestra.run.smithi062.stdout:/usr/bin/ceph: stderr
2024-09-12T01:48:48.694+0000 7fd82ce00640 1 -- 172.21.15.62:0/2713180591 >> [v2:172.21.15.62:6800/2854042842,v1:172.21.15.62:6801/2854042842] conn(0x7fd810038fc0 msgr2=0x7fd81003b480 unknown :-1 s=STATE_CONNECTING_RE l=1).process reconnect failed to v2:172.21.15.62:6800/2854042842
2024-09-12T01:48:49.624 INFO:teuthology.orchestra.run.smithi062.stdout:/usr/bin/ceph: stderr
2024-09-12T01:48:48.694+0000 7fd82ce00640 1 --2- 172.21.15.62:0/2713180591 >> [v2:172.21.15.62:6800/2854042842,v1:172.21.15.62:6801/2854042842] conn(0x7fd810038fc0 0x7fd81003b480 unknown :-1 s=START_CONNECT pgs=0 cs=0 l=1 rev1=0 crypto rx=0 tx=0 comp rx=0 tx=0)._fault waiting 0.200000
2024-09-12T01:48:49.624 INFO:teuthology.orchestra.run.smithi062.stdout:/usr/bin/ceph: stderr
2024-09-12T01:48:48.699+0000 7fd826000640 1 -- 172.21.15.62:0/2713180591 <== mon.0 v2:172.21.15.62:3300/0 6 ==== mon_command_ack([{"prefix": "get_command_descriptions"}]=0 v0) ==== 72+0+188821 (secure 0 0 0) 0x7fd81c04b170 con 0x7fd828109810
2024-09-12T01:48:49.624 INFO:teuthology.orchestra.run.smithi062.stdout:/usr/bin/ceph: stderr
2024-09-12T01:48:48.895+0000 7fd82ce00640 1 -- 172.21.15.62:0/2713180591 >> [v2:172.21.15.62:6800/2854042842,v1:172.21.15.62:6801/2854042842] conn(0x7fd810038fc0 msgr2=0x7fd81003b480 unknown :-1 s=STATE_CONNECTING_RE l=1).process reconnect failed to v2:172.21.15.62:6800/2854042842
2024-09-12T01:48:49.624 INFO:teuthology.orchestra.run.smithi062.stdout:/usr/bin/ceph: stderr
2024-09-12T01:48:48.895+0000 7fd82ce00640 1 --2- 172.21.15.62:0/2713180591 >> [v2:172.21.15.62:6800/2854042842,v1:172.21.15.62:6801/2854042842] conn(0x7fd810038fc0 0x7fd81003b480 unknown :-1 s=START_CONNECT pgs=0 cs=0 l=1 rev1=0 crypto rx=0 tx=0 comp rx=0 tx=0)._fault waiting 0.400000
2024-09-12T01:48:49.624 INFO:teuthology.orchestra.run.smithi062.stdout:/usr/bin/ceph: stderr
2024-09-12T01:48:48.934+0000 7fd830200640 1 -- 172.21.15.62:0/2713180591 --> [v2:172.21.15.62:3300/0,v1:172.21.15.62:6789/0] -- mon_command({"prefix": "mgr stat"} v 0) -- 0x7fd8281a12e0 con 0x7fd828109810
2024-09-12T01:48:49.624 INFO:teuthology.orchestra.run.smithi062.stdout:/usr/bin/ceph: stderr
2024-09-12T01:48:48.935+0000 7fd826000640 1 -- 172.21.15.62:0/2713180591 <== mon.0 v2:172.21.15.62:3300/0 7 ==== mon_command_ack([{"prefix": "mgr stat"}]=0 v5) ==== 56+0+88 (secure 0 0 0) 0x7fd81c06b8a0 con 0x7fd828109810
2024-09-12T01:48:49.624 INFO:teuthology.orchestra.run.smithi062.stdout:/usr/bin/ceph: stderr
2024-09-12T01:48:48.937+0000 7fd830200640 1 -- 172.21.15.62:0/2713180591 >> [v2:172.21.15.62:6800/2854042842,v1:172.21.15.62:6801/2854042842] conn(0x7fd810038fc0 msgr2=0x7fd81003b480 unknown :-1 s=STATE_CONNECTING l=1).mark_down
2024-09-12T01:48:49.624 INFO:teuthology.orchestra.run.smithi062.stdout:/usr/bin/ceph: stderr
2024-09-12T01:48:48.937+0000 7fd830200640 1 --2- 172.21.15.62:0/2713180591 >> [v2:172.21.15.62:6800/2854042842,v1:172.21.15.62:6801/2854042842] conn(0x7fd810038fc0 0x7fd81003b480 unknown :-1 s=START_CONNECT pgs=0 cs=0 l=1 rev1=0 crypto rx=0 tx=0 comp rx=0 tx=0).stop
2024-09-12T01:48:49.625 INFO:teuthology.orchestra.run.smithi062.stdout:/usr/bin/ceph: stderr
2024-09-12T01:48:48.937+0000 7fd830200640 1 -- 172.21.15.62:0/2713180591 >> [v2:172.21.15.62:3300/0,v1:172.21.15.62:6789/0] conn(0x7fd828109810 msgr2=0x7fd82819d7d0 secure :-1 s=STATE_CONNECTION_ESTABLISHED l=1).mark_down
2024-09-12T01:48:49.625 INFO:teuthology.orchestra.run.smithi062.stdout:/usr/bin/ceph: stderr
2024-09-12T01:48:48.937+0000 7fd830200640 1 --2- 172.21.15.62:0/2713180591 >> [v2:172.21.15.62:3300/0,v1:172.21.15.62:6789/0] conn(0x7fd828109810 0x7fd82819d7d0 secure :-1 s=READY pgs=27 cs=0 l=1 rev1=1 crypto rx=0x7fd81c009940 tx=0x7fd81c0326e0 comp rx=0 tx=0).stop
2024-09-12T01:48:49.625 INFO:teuthology.orchestra.run.smithi062.stdout:/usr/bin/ceph: stderr
2024-09-12T01:48:48.937+0000 7fd830200640 1 -- 172.21.15.62:0/2713180591 shutdown_connections
2024-09-12T01:48:49.625 INFO:teuthology.orchestra.run.smithi062.stdout:/usr/bin/ceph: stderr
2024-09-12T01:48:48.937+0000 7fd830200640 1 --2- 172.21.15.62:0/2713180591 >> [v2:172.21.15.62:6800/2854042842,v1:172.21.15.62:6801/2854042842] conn(0x7fd810038fc0 0x7fd81003b480 unknown :-1 s=CLOSED pgs=0 cs=0 l=1 rev1=0 crypto rx=0 tx=0 comp rx=0 tx=0).stop
2024-09-12T01:48:49.625 INFO:teuthology.orchestra.run.smithi062.stdout:/usr/bin/ceph: stderr
2024-09-12T01:48:48.937+0000 7fd830200640 1 --2- 172.21.15.62:0/2713180591 >> [v2:172.21.15.62:3300/0,v1:172.21.15.62:6789/0] conn(0x7fd828109810 0x7fd82819d7d0 unknown :-1 s=CLOSED pgs=27 cs=0 l=1 rev1=1 crypto rx=0 tx=0 comp rx=0 tx=0).stop
2024-09-12T01:48:49.625 INFO:teuthology.orchestra.run.smithi062.stdout:/usr/bin/ceph: stderr
2024-09-12T01:48:48.937+0000 7fd830200640 1 -- 172.21.15.62:0/2713180591 >> 172.21.15.62:0/2713180591 conn(0x7fd82807ccf0 msgr2=0x7fd8281074d0 unknown :-1 s=STATE_NONE l=0).mark_down
2024-09-12T01:48:49.625 INFO:teuthology.orchestra.run.smithi062.stdout:/usr/bin/ceph: stderr
2024-09-12T01:48:48.937+0000 7fd830200640 1 -- 172.21.15.62:0/2713180591 shutdown_connections
2024-09-12T01:48:49.625 INFO:teuthology.orchestra.run.smithi062.stdout:/usr/bin/ceph: stderr
2024-09-12T01:48:48.937+0000 7fd830200640 1 -- 172.21.15.62:0/2713180591 wait complete.
2024-09-12T01:48:49.625 INFO:teuthology.orchestra.run.smithi062.stdout:Waiting for the mgr to restart...
2024-09-12T01:48:49.625 INFO:teuthology.orchestra.run.smithi062.stdout:Waiting for mgr epoch 5...
2024-09-12T01:48:49.841 INFO:journalctl@ceph.mon.a.smithi062.stdout:Sep 12 01:48:49 smithi062 ceph-mon[30666]: from='client.? 172.21.15.62:0/2713180591' entity='client.admin' cmd=[{"prefix": "mgr stat"}]: dispatch
2024-09-12T01:48:50.591 INFO:journalctl@ceph.mgr.x.smithi062.stdout:Sep 12 01:48:50 smithi062 ceph-f18ee350-70a8-11ef-bcea-c7b262605968-mgr-x[30889]:
2024-09-12T01:48:50.331+0000 7f1182fd4040 -1 mgr[py] Module telemetry has missing NOTIFY_TYPES member
2024-09-12T01:48:50.592 INFO:journalctl@ceph.mgr.x.smithi062.stdout:Sep 12 01:48:50 smithi062 ceph-f18ee350-70a8-11ef-bcea-c7b262605968-mgr-x[30889]:
2024-09-12T01:48:50.415+0000 7f1182fd4040 -1 mgr[py] Module balancer has missing NOTIFY_TYPES member
2024-09-12T01:48:51.672 INFO:journalctl@ceph.mgr.x.smithi062.stdout:Sep 12 01:48:51 smithi062 ceph-f18ee350-70a8-11ef-bcea-c7b262605968-mgr-x[30889]:
2024-09-12T01:48:51.359+0000 7f1182fd4040 -1 mgr[py] Module rook has missing NOTIFY_TYPES member
2024-09-12T01:48:51.672 INFO:journalctl@ceph.mgr.x.smithi062.stdout:Sep 12 01:48:51 smithi062 ceph-f18ee350-70a8-11ef-bcea-c7b262605968-mgr-x[30889]:
2024-09-12T01:48:51.501+0000 7f1182fd4040 -1 mgr[py] Module iostat has missing NOTIFY_TYPES member
2024-09-12T01:48:51.672 INFO:journalctl@ceph.mgr.x.smithi062.stdout:Sep 12 01:48:51 smithi062 ceph-f18ee350-70a8-11ef-bcea-c7b262605968-mgr-x[30889]:
2024-09-12T01:48:51.671+0000 7f1182fd4040 -1 mgr[py] Module orchestrator has missing NOTIFY_TYPES member
2024-09-12T01:48:51.925 INFO:journalctl@ceph.mgr.x.smithi062.stdout:Sep 12 01:48:51 smithi062 ceph-f18ee350-70a8-11ef-bcea-c7b262605968-mgr-x[30889]:
2024-09-12T01:48:51.746+0000 7f1182fd4040 -1 mgr[py] Module devicehealth has missing NOTIFY_TYPES member
2024-09-12T01:48:51.925 INFO:journalctl@ceph.mgr.x.smithi062.stdout:Sep 12 01:48:51 smithi062 ceph-f18ee350-70a8-11ef-bcea-c7b262605968-mgr-x[30889]:
2024-09-12T01:48:51.924+0000 7f1182fd4040 -1 mgr[py] Module rgw has missing NOTIFY_TYPES member
2024-09-12T01:48:52.272 INFO:journalctl@ceph.mgr.x.smithi062.stdout:Sep 12 01:48:52 smithi062 ceph-f18ee350-70a8-11ef-bcea-c7b262605968-mgr-x[30889]:
2024-09-12T01:48:52.009+0000 7f1182fd4040 -1 mgr[py] Module alerts has missing NOTIFY_TYPES member
2024-09-12T01:48:52.272 INFO:journalctl@ceph.mgr.x.smithi062.stdout:Sep 12 01:48:52 smithi062 ceph-f18ee350-70a8-11ef-bcea-c7b262605968-mgr-x[30889]:
2024-09-12T01:48:52.083+0000 7f1182fd4040 -1 mgr[py] Module progress has missing NOTIFY_TYPES member
2024-09-12T01:48:52.272 INFO:journalctl@ceph.mgr.x.smithi062.stdout:Sep 12 01:48:52 smithi062 ceph-f18ee350-70a8-11ef-bcea-c7b262605968-mgr-x[30889]:
2024-09-12T01:48:52.271+0000 7f1182fd4040 -1 mgr[py] Module nfs has missing NOTIFY_TYPES member
2024-09-12T01:48:52.542 INFO:journalctl@ceph.mgr.x.smithi062.stdout:Sep 12 01:48:52 smithi062 ceph-f18ee350-70a8-11ef-bcea-c7b262605968-mgr-x[30889]:
2024-09-12T01:48:52.354+0000 7f1182fd4040 -1 mgr[py] Module status has missing NOTIFY_TYPES member
2024-09-12T01:48:52.542 INFO:journalctl@ceph.mgr.x.smithi062.stdout:Sep 12 01:48:52 smithi062 ceph-f18ee350-70a8-11ef-bcea-c7b262605968-mgr-x[30889]:
2024-09-12T01:48:52.439+0000 7f1182fd4040 -1 mgr[py] Module pg_autoscaler has missing NOTIFY_TYPES member
2024-09-12T01:48:52.542 INFO:journalctl@ceph.mgr.x.smithi062.stdout:Sep 12 01:48:52 smithi062 ceph-f18ee350-70a8-11ef-bcea-c7b262605968-mgr-x[30889]:
2024-09-12T01:48:52.541+0000 7f1182fd4040 -1 mgr[py] Module rbd_support has missing NOTIFY_TYPES member
2024-09-12T01:48:52.841 INFO:journalctl@ceph.mgr.x.smithi062.stdout:Sep 12 01:48:52 smithi062 ceph-f18ee350-70a8-11ef-bcea-c7b262605968-mgr-x[30889]:
2024-09-12T01:48:52.618+0000 7f1182fd4040 -1 mgr[py] Module influx has missing NOTIFY_TYPES member
2024-09-12T01:48:52.842 INFO:journalctl@ceph.mgr.x.smithi062.stdout:Sep 12 01:48:52 smithi062 ceph-f18ee350-70a8-11ef-bcea-c7b262605968-mgr-x[30889]:
2024-09-12T01:48:52.692+0000 7f1182fd4040 -1 mgr[py] Module zabbix has missing NOTIFY_TYPES member
2024-09-12T01:48:54.092 INFO:journalctl@ceph.mgr.x.smithi062.stdout:Sep 12 01:48:53 smithi062 ceph-f18ee350-70a8-11ef-bcea-c7b262605968-mgr-x[30889]:
2024-09-12T01:48:53.657+0000 7f1182fd4040 -1 mgr[py] Module telegraf has missing NOTIFY_TYPES member
2024-09-12T01:48:54.092 INFO:journalctl@ceph.mon.a.smithi062.stdout:Sep 12 01:48:53 smithi062 ceph-mon[30666]: Active manager daemon x restarted
2024-09-12T01:48:54.092 INFO:journalctl@ceph.mon.a.smithi062.stdout:Sep 12 01:48:53 smithi062 ceph-mon[30666]: Activating manager daemon x
2024-09-12T01:48:54.092 INFO:journalctl@ceph.mon.a.smithi062.stdout:Sep 12 01:48:53 smithi062 ceph-mon[30666]: osdmap e2: 0 total, 0 up, 0 in
2024-09-12T01:48:54.092 INFO:journalctl@ceph.mon.a.smithi062.stdout:Sep 12 01:48:53 smithi062 ceph-mon[30666]: mgrmap e6: x(active, starting, since 0.00392957s)
2024-09-12T01:48:54.092 INFO:journalctl@ceph.mon.a.smithi062.stdout:Sep 12 01:48:53 smithi062 ceph-mon[30666]: from='mgr.14120 172.21.15.62:0/2477054289' entity='mgr.x' cmd=[{"prefix": "mon metadata", "id": "a"}]: dispatch
2024-09-12T01:48:54.092 INFO:journalctl@ceph.mon.a.smithi062.stdout:Sep 12 01:48:53 smithi062 ceph-mon[30666]: from='mgr.14120 172.21.15.62:0/2477054289' entity='mgr.x' cmd=[{"prefix": "mgr metadata", "who": "x", "id": "x"}]: dispatch
2024-09-12T01:48:54.092 INFO:journalctl@ceph.mon.a.smithi062.stdout:Sep 12 01:48:53 smithi062 ceph-mon[30666]: from='mgr.14120 172.21.15.62:0/2477054289' entity='mgr.x' cmd=[{"prefix": "mds metadata"}]: dispatch
2024-09-12T01:48:54.092 INFO:journalctl@ceph.mon.a.smithi062.stdout:Sep 12 01:48:53 smithi062 ceph-mon[30666]: from='mgr.14120 172.21.15.62:0/2477054289' entity='mgr.x' cmd=[{"prefix": "osd metadata"}]: dispatch
2024-09-12T01:48:54.092 INFO:journalctl@ceph.mon.a.smithi062.stdout:Sep 12 01:48:53 smithi062 ceph-mon[30666]: from='mgr.14120 172.21.15.62:0/2477054289' entity='mgr.x' cmd=[{"prefix": "mon metadata"}]: dispatch
2024-09-12T01:48:54.093 INFO:journalctl@ceph.mon.a.smithi062.stdout:Sep 12 01:48:53 smithi062 ceph-mon[30666]: Manager daemon x is now available
2024-09-12T01:48:54.093 INFO:journalctl@ceph.mon.a.smithi062.stdout:Sep 12 01:48:53 smithi062 ceph-mon[30666]: from='mgr.14120 172.21.15.62:0/2477054289' entity='mgr.x'
2024-09-12T01:48:54.093 INFO:journalctl@ceph.mon.a.smithi062.stdout:Sep 12 01:48:53 smithi062 ceph-mon[30666]: from='mgr.14120 172.21.15.62:0/2477054289' entity='mgr.x'
2024-09-12T01:48:54.093 INFO:journalctl@ceph.mon.a.smithi062.stdout:Sep 12 01:48:53 smithi062 ceph-mon[30666]: from='mgr.14120 172.21.15.62:0/2477054289' entity='mgr.x' cmd=[{"prefix": "config dump", "format": "json"}]: dispatch
2024-09-12T01:48:54.093 INFO:journalctl@ceph.mon.a.smithi062.stdout:Sep 12 01:48:53 smithi062 ceph-mon[30666]: from='mgr.14120 172.21.15.62:0/2477054289' entity='mgr.x' cmd=[{"prefix": "config dump", "format": "json"}]: dispatch
2024-09-12T01:48:54.999 INFO:journalctl@ceph.mon.a.smithi062.stdout:Sep 12 01:48:54 smithi062 ceph-mon[30666]: Found migration_current of "None". Setting to last migration.
2024-09-12T01:48:54.999 INFO:journalctl@ceph.mon.a.smithi062.stdout:Sep 12 01:48:54 smithi062 ceph-mon[30666]: from='mgr.14120 172.21.15.62:0/2477054289' entity='mgr.x' cmd=[{"prefix":"config rm","who":"mgr","name":"mgr/rbd_support/x/mirror_snapshot_schedule"}]: dispatch
2024-09-12T01:48:54.999 INFO:journalctl@ceph.mon.a.smithi062.stdout:Sep 12 01:48:54 smithi062 ceph-mon[30666]: from='mgr.14120 172.21.15.62:0/2477054289' entity='mgr.x' cmd=[{"prefix":"config rm","who":"mgr","name":"mgr/rbd_support/x/trash_purge_schedule"}]: dispatch
2024-09-12T01:48:54.999 INFO:journalctl@ceph.mon.a.smithi062.stdout:Sep 12 01:48:54 smithi062 ceph-mon[30666]: mgrmap e7: x(active, since 1.00686s)
2024-09-12T01:48:55.278 INFO:teuthology.orchestra.run.smithi062.stdout:/usr/bin/ceph: stdout {
2024-09-12T01:48:55.289 INFO:teuthology.orchestra.run.smithi062.stdout:/usr/bin/ceph: stdout "mgrmap_epoch": 7,
2024-09-12T01:48:55.289 INFO:teuthology.orchestra.run.smithi062.stdout:/usr/bin/ceph: stdout "initialized": true
2024-09-12T01:48:55.289 INFO:teuthology.orchestra.run.smithi062.stdout:/usr/bin/ceph: stdout }
2024-09-12T01:48:55.289 INFO:teuthology.orchestra.run.smithi062.stdout:/usr/bin/ceph: stderr
2024-09-12T01:48:50.077+0000 7fa169400640 1 Processor -- start
2024-09-12T01:48:55.289 INFO:teuthology.orchestra.run.smithi062.stdout:/usr/bin/ceph: stderr
2024-09-12T01:48:50.078+0000 7fa169400640 1 -- start start
2024-09-12T01:48:55.289 INFO:teuthology.orchestra.run.smithi062.stdout:/usr/bin/ceph: stderr
2024-09-12T01:48:50.078+0000 7fa169400640 1 --2- >> [v2:172.21.15.62:3300/0,v1:172.21.15.62:6789/0] conn(0x7fa164107f10 0x7fa16410a300 unknown :-1 s=NONE pgs=0 cs=0 l=0 rev1=0 crypto rx=0 tx=0 comp rx=0 tx=0).connect
2024-09-12T01:48:55.289 INFO:teuthology.orchestra.run.smithi062.stdout:/usr/bin/ceph: stderr
2024-09-12T01:48:50.078+0000 7fa169400640 1 -- --> [v2:172.21.15.62:3300/0,v1:172.21.15.62:6789/0] -- mon_getmap magic: 0 -- 0x7fa164075730 con 0x7fa164107f10
2024-09-12T01:48:55.290 INFO:teuthology.orchestra.run.smithi062.stdout:/usr/bin/ceph: stderr
2024-09-12T01:48:50.078+0000 7fa163e00640 1 --2- >> [v2:172.21.15.62:3300/0,v1:172.21.15.62:6789/0] conn(0x7fa164107f10 0x7fa16410a300 unknown :-1 s=BANNER_CONNECTING pgs=0 cs=0 l=0 rev1=0 crypto rx=0 tx=0 comp rx=0 tx=0)._handle_peer_banner_payload supported=3 required=0
2024-09-12T01:48:55.290 INFO:teuthology.orchestra.run.smithi062.stdout:/usr/bin/ceph: stderr
2024-09-12T01:48:50.078+0000 7fa163e00640 1 --2- >> [v2:172.21.15.62:3300/0,v1:172.21.15.62:6789/0] conn(0x7fa164107f10 0x7fa16410a300 unknown :-1 s=HELLO_CONNECTING pgs=0 cs=0 l=0 rev1=1 crypto rx=0 tx=0 comp rx=0 tx=0).handle_hello peer v2:172.21.15.62:3300/0 says I am v2:172.21.15.62:46486/0 (socket says 172.21.15.62:46486)
2024-09-12T01:48:55.290 INFO:teuthology.orchestra.run.smithi062.stdout:/usr/bin/ceph: stderr
2024-09-12T01:48:50.079+0000 7fa163e00640 1 -- 172.21.15.62:0/3506394776 learned_addr learned my addr 172.21.15.62:0/3506394776 (peer_addr_for_me v2:172.21.15.62:0/0)
2024-09-12T01:48:55.290 INFO:teuthology.orchestra.run.smithi062.stdout:/usr/bin/ceph: stderr
2024-09-12T01:48:50.079+0000 7fa163e00640 1 -- 172.21.15.62:0/3506394776 --> [v2:172.21.15.62:3300/0,v1:172.21.15.62:6789/0] -- mon_subscribe({config=0+,monmap=0+}) -- 0x7fa16410a840 con 0x7fa164107f10
2024-09-12T01:48:55.290 INFO:teuthology.orchestra.run.smithi062.stdout:/usr/bin/ceph: stderr
2024-09-12T01:48:50.080+0000 7fa163e00640 1 --2- 172.21.15.62:0/3506394776 >> [v2:172.21.15.62:3300/0,v1:172.21.15.62:6789/0] conn(0x7fa164107f10 0x7fa16410a300 secure :-1 s=READY pgs=28 cs=0 l=1 rev1=1 crypto rx=0x7fa154009820 tx=0x7fa15402a270 comp rx=0 tx=0).ready entity=mon.0 client_cookie=1619401dcf1c3afe server_cookie=0 in_seq=0 out_seq=0
2024-09-12T01:48:55.290 INFO:teuthology.orchestra.run.smithi062.stdout:/usr/bin/ceph: stderr
2024-09-12T01:48:50.080+0000 7fa163400640 1 -- 172.21.15.62:0/3506394776 <== mon.0 v2:172.21.15.62:3300/0 1 ==== mon_map magic: 0 ==== 205+0+0 (secure 0 0 0) 0x7fa154037070 con 0x7fa164107f10
2024-09-12T01:48:55.290 INFO:teuthology.orchestra.run.smithi062.stdout:/usr/bin/ceph: stderr
2024-09-12T01:48:50.080+0000 7fa163400640 1 -- 172.21.15.62:0/3506394776 <== mon.0 v2:172.21.15.62:3300/0 2 ==== config(27 keys) ==== 1109+0+0 (secure 0 0 0) 0x7fa154032900 con 0x7fa164107f10
2024-09-12T01:48:55.290 INFO:teuthology.orchestra.run.smithi062.stdout:/usr/bin/ceph: stderr
2024-09-12T01:48:50.080+0000 7fa163400640 1 -- 172.21.15.62:0/3506394776 <== mon.0 v2:172.21.15.62:3300/0 3 ==== mon_map magic: 0 ==== 205+0+0 (secure 0 0 0) 0x7fa154030850 con 0x7fa164107f10
2024-09-12T01:48:55.290 INFO:teuthology.orchestra.run.smithi062.stdout:/usr/bin/ceph: stderr
2024-09-12T01:48:50.081+0000 7fa169400640 1 -- 172.21.15.62:0/3506394776 >> [v2:172.21.15.62:3300/0,v1:172.21.15.62:6789/0] conn(0x7fa164107f10 msgr2=0x7fa16410a300 secure :-1 s=STATE_CONNECTION_ESTABLISHED l=1).mark_down
2024-09-12T01:48:55.290 INFO:teuthology.orchestra.run.smithi062.stdout:/usr/bin/ceph: stderr
2024-09-12T01:48:50.081+0000 7fa169400640 1 --2- 172.21.15.62:0/3506394776 >> [v2:172.21.15.62:3300/0,v1:172.21.15.62:6789/0] conn(0x7fa164107f10 0x7fa16410a300 secure :-1 s=READY pgs=28 cs=0 l=1 rev1=1 crypto rx=0x7fa154009820 tx=0x7fa15402a270 comp rx=0 tx=0).stop
2024-09-12T01:48:55.290 INFO:teuthology.orchestra.run.smithi062.stdout:/usr/bin/ceph: stderr
2024-09-12T01:48:50.081+0000 7fa169400640 1 -- 172.21.15.62:0/3506394776 shutdown_connections
2024-09-12T01:48:55.291 INFO:teuthology.orchestra.run.smithi062.stdout:/usr/bin/ceph: stderr
2024-09-12T01:48:50.081+0000 7fa169400640 1 --2- 172.21.15.62:0/3506394776 >> [v2:172.21.15.62:3300/0,v1:172.21.15.62:6789/0] conn(0x7fa164107f10 0x7fa16410a300 unknown :-1 s=CLOSED pgs=28 cs=0 l=1 rev1=1 crypto rx=0 tx=0 comp rx=0 tx=0).stop
2024-09-12T01:48:55.291 INFO:teuthology.orchestra.run.smithi062.stdout:/usr/bin/ceph: stderr
2024-09-12T01:48:50.081+0000 7fa169400640 1 -- 172.21.15.62:0/3506394776 >> 172.21.15.62:0/3506394776 conn(0x7fa164101ab0 msgr2=0x7fa164103ed0 unknown :-1 s=STATE_NONE l=0).mark_down
2024-09-12T01:48:55.291 INFO:teuthology.orchestra.run.smithi062.stdout:/usr/bin/ceph: stderr
2024-09-12T01:48:50.081+0000 7fa169400640 1 -- 172.21.15.62:0/3506394776 shutdown_connections
2024-09-12T01:48:55.291 INFO:teuthology.orchestra.run.smithi062.stdout:/usr/bin/ceph: stderr
2024-09-12T01:48:50.081+0000 7fa169400640 1 -- 172.21.15.62:0/3506394776 wait complete.
2024-09-12T01:48:55.291 INFO:teuthology.orchestra.run.smithi062.stdout:/usr/bin/ceph: stderr
2024-09-12T01:48:50.082+0000 7fa169400640 1 Processor -- start
2024-09-12T01:48:55.291 INFO:teuthology.orchestra.run.smithi062.stdout:/usr/bin/ceph: stderr
2024-09-12T01:48:50.082+0000 7fa169400640 1 -- start start
2024-09-12T01:48:55.291 INFO:teuthology.orchestra.run.smithi062.stdout:/usr/bin/ceph: stderr
2024-09-12T01:48:50.082+0000 7fa169400640 1 --2- >> [v2:172.21.15.62:3300/0,v1:172.21.15.62:6789/0] conn(0x7fa164107f10 0x7fa164107790 unknown :-1 s=NONE pgs=0 cs=0 l=1 rev1=0 crypto rx=0 tx=0 comp rx=0 tx=0).connect
2024-09-12T01:48:55.291 INFO:teuthology.orchestra.run.smithi062.stdout:/usr/bin/ceph: stderr
2024-09-12T01:48:50.082+0000 7fa169400640 1 -- --> [v2:172.21.15.62:3300/0,v1:172.21.15.62:6789/0] -- mon_getmap magic: 0 -- 0x7fa16410b7c0 con 0x7fa164107f10
2024-09-12T01:48:55.291 INFO:teuthology.orchestra.run.smithi062.stdout:/usr/bin/ceph: stderr
2024-09-12T01:48:50.083+0000 7fa163e00640 1 --2- >> [v2:172.21.15.62:3300/0,v1:172.21.15.62:6789/0] conn(0x7fa164107f10 0x7fa164107790 unknown :-1 s=BANNER_CONNECTING pgs=0 cs=0 l=1 rev1=0 crypto rx=0 tx=0 comp rx=0 tx=0)._handle_peer_banner_payload supported=3 required=0
2024-09-12T01:48:55.291 INFO:teuthology.orchestra.run.smithi062.stdout:/usr/bin/ceph: stderr
2024-09-12T01:48:50.083+0000 7fa163e00640 1 --2- >> [v2:172.21.15.62:3300/0,v1:172.21.15.62:6789/0] conn(0x7fa164107f10 0x7fa164107790 unknown :-1 s=HELLO_CONNECTING pgs=0 cs=0 l=1 rev1=1 crypto rx=0 tx=0 comp rx=0 tx=0).handle_hello peer v2:172.21.15.62:3300/0 says I am v2:172.21.15.62:46492/0 (socket says 172.21.15.62:46492)
2024-09-12T01:48:55.291 INFO:teuthology.orchestra.run.smithi062.stdout:/usr/bin/ceph: stderr
2024-09-12T01:48:50.083+0000 7fa163e00640 1 -- 172.21.15.62:0/420145298 learned_addr learned my addr 172.21.15.62:0/420145298 (peer_addr_for_me v2:172.21.15.62:0/0)
2024-09-12T01:48:55.292 INFO:teuthology.orchestra.run.smithi062.stdout:/usr/bin/ceph: stderr
2024-09-12T01:48:50.083+0000 7fa163e00640 1 -- 172.21.15.62:0/420145298 --> [v2:172.21.15.62:3300/0,v1:172.21.15.62:6789/0] -- mon_subscribe({config=0+,monmap=0+}) -- 0x7fa164107cd0 con 0x7fa164107f10
2024-09-12T01:48:55.292 INFO:teuthology.orchestra.run.smithi062.stdout:/usr/bin/ceph: stderr
2024-09-12T01:48:50.083+0000 7fa163e00640 1 --2- 172.21.15.62:0/420145298 >> [v2:172.21.15.62:3300/0,v1:172.21.15.62:6789/0] conn(0x7fa164107f10 0x7fa164107790 secure :-1 s=READY pgs=29 cs=0 l=1 rev1=1 crypto rx=0x7fa1540097f0 tx=0x7fa154030d80 comp rx=0 tx=0).ready entity=mon.0 client_cookie=0 server_cookie=0 in_seq=0 out_seq=0
2024-09-12T01:48:55.292 INFO:teuthology.orchestra.run.smithi062.stdout:/usr/bin/ceph: stderr
2024-09-12T01:48:50.084+0000 7fa161600640 1 -- 172.21.15.62:0/420145298 <== mon.0 v2:172.21.15.62:3300/0 1 ==== mon_map magic: 0 ==== 205+0+0 (secure 0 0 0) 0x7fa154037040 con 0x7fa164107f10
2024-09-12T01:48:55.292 INFO:teuthology.orchestra.run.smithi062.stdout:/usr/bin/ceph: stderr
2024-09-12T01:48:50.084+0000 7fa161600640 1 -- 172.21.15.62:0/420145298 <== mon.0 v2:172.21.15.62:3300/0 2 ==== config(27 keys) ==== 1109+0+0 (secure 0 0 0) 0x7fa154040070 con 0x7fa164107f10
2024-09-12T01:48:55.292 INFO:teuthology.orchestra.run.smithi062.stdout:/usr/bin/ceph: stderr
2024-09-12T01:48:50.084+0000 7fa169400640 1 -- 172.21.15.62:0/420145298 --> [v2:172.21.15.62:3300/0,v1:172.21.15.62:6789/0] -- mon_subscribe({mgrmap=0+}) -- 0x7fa164105ec0 con 0x7fa164107f10
2024-09-12T01:48:55.292 INFO:teuthology.orchestra.run.smithi062.stdout:/usr/bin/ceph: stderr
2024-09-12T01:48:50.084+0000 7fa161600640 1 -- 172.21.15.62:0/420145298 <== mon.0 v2:172.21.15.62:3300/0 3 ==== mon_map magic: 0 ==== 205+0+0 (secure 0 0 0) 0x7fa15403a390 con 0x7fa164107f10
2024-09-12T01:48:55.292 INFO:teuthology.orchestra.run.smithi062.stdout:/usr/bin/ceph: stderr
2024-09-12T01:48:50.084+0000 7fa169400640 1 -- 172.21.15.62:0/420145298 --> [v2:172.21.15.62:3300/0,v1:172.21.15.62:6789/0] -- mon_subscribe({osdmap=0}) -- 0x7fa1641063a0 con 0x7fa164107f10
2024-09-12T01:48:55.292 INFO:teuthology.orchestra.run.smithi062.stdout:/usr/bin/ceph: stderr
2024-09-12T01:48:50.085+0000 7fa161600640 1 -- 172.21.15.62:0/420145298 <== mon.0 v2:172.21.15.62:3300/0 4 ==== mgrmap(e 5) ==== 46287+0+0 (secure 0 0 0) 0x7fa15403b430 con 0x7fa164107f10
2024-09-12T01:48:55.292 INFO:teuthology.orchestra.run.smithi062.stdout:/usr/bin/ceph: stderr
2024-09-12T01:48:50.086+0000 7fa161600640 1 --2- 172.21.15.62:0/420145298 >> [v2:172.21.15.62:6800/2854042842,v1:172.21.15.62:6801/2854042842] conn(0x7fa148038f70 0x7fa14803b430 unknown :-1 s=NONE pgs=0 cs=0 l=1 rev1=0 crypto rx=0 tx=0 comp rx=0 tx=0).connect
2024-09-12T01:48:55.292 INFO:teuthology.orchestra.run.smithi062.stdout:/usr/bin/ceph: stderr
2024-09-12T01:48:50.086+0000 7fa161600640 1 -- 172.21.15.62:0/420145298 --> [v2:172.21.15.62:6800/2854042842,v1:172.21.15.62:6801/2854042842] -- command(tid 0: {"prefix": "get_command_descriptions"}) -- 0x7fa14803bb40 con 0x7fa148038f70
2024-09-12T01:48:55.292 INFO:teuthology.orchestra.run.smithi062.stdout:/usr/bin/ceph: stderr
2024-09-12T01:48:50.086+0000 7fa161600640 1 -- 172.21.15.62:0/420145298 <== mon.0 v2:172.21.15.62:3300/0 5 ==== osd_map(1..1 src has 1..1) ==== 725+0+0 (secure 0 0 0) 0x7fa15406c140 con 0x7fa164107f10
2024-09-12T01:48:55.292 INFO:teuthology.orchestra.run.smithi062.stdout:/usr/bin/ceph: stderr
2024-09-12T01:48:50.086+0000 7fa15be00640 1 -- 172.21.15.62:0/420145298 >> [v2:172.21.15.62:6800/2854042842,v1:172.21.15.62:6801/2854042842] conn(0x7fa148038f70 msgr2=0x7fa14803b430 unknown :-1 s=STATE_CONNECTING_RE l=1).process reconnect failed to v2:172.21.15.62:6800/2854042842
2024-09-12T01:48:55.293 INFO:teuthology.orchestra.run.smithi062.stdout:/usr/bin/ceph: stderr
2024-09-12T01:48:50.086+0000 7fa15be00640 1 --2- 172.21.15.62:0/420145298 >> [v2:172.21.15.62:6800/2854042842,v1:172.21.15.62:6801/2854042842] conn(0x7fa148038f70 0x7fa14803b430 unknown :-1 s=START_CONNECT pgs=0 cs=0 l=1 rev1=0 crypto rx=0 tx=0 comp rx=0 tx=0)._fault waiting 0.200000
2024-09-12T01:48:55.293 INFO:teuthology.orchestra.run.smithi062.stdout:/usr/bin/ceph: stderr
