2024-09-12T01:49:06.060+0000 7f1b28c00640 1 -- 172.21.15.62:0/3782592149 >> [v2:172.21.15.62:3300/0,v1:172.21.15.62:6789/0] conn(0x7f1b24109810 msgr2=0x7f1b2419d7d0 secure :-1 s=STATE_CONNECTION_ESTABLISHED l=1).mark_down
2024-09-12T01:49:06.769 INFO:teuthology.orchestra.run.smithi062.stdout:/usr/bin/ceph: stderr
2024-09-12T01:49:06.060+0000 7f1b28c00640 1 --2- 172.21.15.62:0/3782592149 >> [v2:172.21.15.62:3300/0,v1:172.21.15.62:6789/0] conn(0x7f1b24109810 0x7f1b2419d7d0 secure :-1 s=READY pgs=46 cs=0 l=1 rev1=1 crypto rx=0x7f1b14030460 tx=0x7f1b14030d80 comp rx=0 tx=0).stop
2024-09-12T01:49:06.770 INFO:teuthology.orchestra.run.smithi062.stdout:/usr/bin/ceph: stderr
2024-09-12T01:49:06.060+0000 7f1b28c00640 1 -- 172.21.15.62:0/3782592149 shutdown_connections
2024-09-12T01:49:06.770 INFO:teuthology.orchestra.run.smithi062.stdout:/usr/bin/ceph: stderr
2024-09-12T01:49:06.060+0000 7f1b28c00640 1 --2- 172.21.15.62:0/3782592149 >> [v2:172.21.15.62:6800/1515578586,v1:172.21.15.62:6801/1515578586] conn(0x7f1b08038fc0 0x7f1b0803b480 unknown :-1 s=CLOSED pgs=11 cs=0 l=1 rev1=1 crypto rx=0 tx=0 comp rx=0 tx=0).stop
2024-09-12T01:49:06.770 INFO:teuthology.orchestra.run.smithi062.stdout:/usr/bin/ceph: stderr
2024-09-12T01:49:06.060+0000 7f1b28c00640 1 --2- 172.21.15.62:0/3782592149 >> [v2:172.21.15.62:3300/0,v1:172.21.15.62:6789/0] conn(0x7f1b24109810 0x7f1b2419d7d0 unknown :-1 s=CLOSED pgs=46 cs=0 l=1 rev1=1 crypto rx=0 tx=0 comp rx=0 tx=0).stop
2024-09-12T01:49:06.770 INFO:teuthology.orchestra.run.smithi062.stdout:/usr/bin/ceph: stderr
2024-09-12T01:49:06.060+0000 7f1b28c00640 1 -- 172.21.15.62:0/3782592149 >> 172.21.15.62:0/3782592149 conn(0x7f1b2407ccf0 msgr2=0x7f1b241074d0 unknown :-1 s=STATE_NONE l=0).mark_down
2024-09-12T01:49:06.770 INFO:teuthology.orchestra.run.smithi062.stdout:/usr/bin/ceph: stderr
2024-09-12T01:49:06.060+0000 7f1b28c00640 1 -- 172.21.15.62:0/3782592149 shutdown_connections
2024-09-12T01:49:06.770 INFO:teuthology.orchestra.run.smithi062.stdout:/usr/bin/ceph: stderr
2024-09-12T01:49:06.060+0000 7f1b28c00640 1 -- 172.21.15.62:0/3782592149 wait complete.
2024-09-12T01:49:06.770 INFO:teuthology.orchestra.run.smithi062.stdout:Deploying unmanaged mon service...
2024-09-12T01:49:07.301 INFO:journalctl@ceph.mon.a.smithi062.stdout:Sep 12 01:49:07 smithi062 ceph-mon[30666]: from='mgr.14120 172.21.15.62:0/2477054289' entity='mgr.x'
2024-09-12T01:49:07.301 INFO:journalctl@ceph.mon.a.smithi062.stdout:Sep 12 01:49:07 smithi062 ceph-mon[30666]: Added host smithi062
2024-09-12T01:49:07.301 INFO:journalctl@ceph.mon.a.smithi062.stdout:Sep 12 01:49:07 smithi062 ceph-mon[30666]: from='mgr.14120 172.21.15.62:0/2477054289' entity='mgr.x' cmd=[{"prefix": "config dump", "format": "json"}]: dispatch
2024-09-12T01:49:08.459 INFO:teuthology.orchestra.run.smithi062.stdout:/usr/bin/ceph: stdout Scheduled mon update...
2024-09-12T01:49:08.459 INFO:teuthology.orchestra.run.smithi062.stdout:/usr/bin/ceph: stderr
2024-09-12T01:49:07.300+0000 7eff9fe00640 1 Processor -- start
2024-09-12T01:49:08.459 INFO:teuthology.orchestra.run.smithi062.stdout:/usr/bin/ceph: stderr
2024-09-12T01:49:07.300+0000 7eff9fe00640 1 -- start start
2024-09-12T01:49:08.459 INFO:teuthology.orchestra.run.smithi062.stdout:/usr/bin/ceph: stderr
2024-09-12T01:49:07.300+0000 7eff9fe00640 1 --2- >> [v2:172.21.15.62:3300/0,v1:172.21.15.62:6789/0] conn(0x7eff98109810 0x7eff98109c10 unknown :-1 s=NONE pgs=0 cs=0 l=0 rev1=0 crypto rx=0 tx=0 comp rx=0 tx=0).connect
2024-09-12T01:49:08.460 INFO:teuthology.orchestra.run.smithi062.stdout:/usr/bin/ceph: stderr
2024-09-12T01:49:07.300+0000 7eff9fe00640 1 -- --> [v2:172.21.15.62:3300/0,v1:172.21.15.62:6789/0] -- mon_getmap magic: 0 -- 0x7eff9810a1e0 con 0x7eff98109810
2024-09-12T01:49:08.460 INFO:teuthology.orchestra.run.smithi062.stdout:/usr/bin/ceph: stderr
2024-09-12T01:49:07.300+0000 7eff9d400640 1 --2- >> [v2:172.21.15.62:3300/0,v1:172.21.15.62:6789/0] conn(0x7eff98109810 0x7eff98109c10 unknown :-1 s=BANNER_CONNECTING pgs=0 cs=0 l=0 rev1=0 crypto rx=0 tx=0 comp rx=0 tx=0)._handle_peer_banner_payload supported=3 required=0
2024-09-12T01:49:08.460 INFO:teuthology.orchestra.run.smithi062.stdout:/usr/bin/ceph: stderr
2024-09-12T01:49:07.301+0000 7eff9d400640 1 --2- >> [v2:172.21.15.62:3300/0,v1:172.21.15.62:6789/0] conn(0x7eff98109810 0x7eff98109c10 unknown :-1 s=HELLO_CONNECTING pgs=0 cs=0 l=0 rev1=1 crypto rx=0 tx=0 comp rx=0 tx=0).handle_hello peer v2:172.21.15.62:3300/0 says I am v2:172.21.15.62:56404/0 (socket says 172.21.15.62:56404)
2024-09-12T01:49:08.460 INFO:teuthology.orchestra.run.smithi062.stdout:/usr/bin/ceph: stderr
2024-09-12T01:49:07.301+0000 7eff9d400640 1 -- 172.21.15.62:0/2884157011 learned_addr learned my addr 172.21.15.62:0/2884157011 (peer_addr_for_me v2:172.21.15.62:0/0)
2024-09-12T01:49:08.460 INFO:teuthology.orchestra.run.smithi062.stdout:/usr/bin/ceph: stderr
2024-09-12T01:49:07.301+0000 7eff9d400640 1 -- 172.21.15.62:0/2884157011 --> [v2:172.21.15.62:3300/0,v1:172.21.15.62:6789/0] -- mon_subscribe({config=0+,monmap=0+}) -- 0x7eff9810a950 con 0x7eff98109810
2024-09-12T01:49:08.460 INFO:teuthology.orchestra.run.smithi062.stdout:/usr/bin/ceph: stderr
2024-09-12T01:49:07.302+0000 7eff9d400640 1 --2- 172.21.15.62:0/2884157011 >> [v2:172.21.15.62:3300/0,v1:172.21.15.62:6789/0] conn(0x7eff98109810 0x7eff98109c10 secure :-1 s=READY pgs=47 cs=0 l=1 rev1=1 crypto rx=0x7eff8c009e80 tx=0x7eff8c02a7a0 comp rx=0 tx=0).ready entity=mon.0 client_cookie=b548c416a362f925 server_cookie=0 in_seq=0 out_seq=0
2024-09-12T01:49:08.460 INFO:teuthology.orchestra.run.smithi062.stdout:/usr/bin/ceph: stderr
2024-09-12T01:49:07.302+0000 7eff97e00640 1 -- 172.21.15.62:0/2884157011 <== mon.0 v2:172.21.15.62:3300/0 1 ==== mon_map magic: 0 ==== 205+0+0 (secure 0 0 0) 0x7eff8c036070 con 0x7eff98109810
2024-09-12T01:49:08.460 INFO:teuthology.orchestra.run.smithi062.stdout:/usr/bin/ceph: stderr
2024-09-12T01:49:07.302+0000 7eff97e00640 1 -- 172.21.15.62:0/2884157011 <== mon.0 v2:172.21.15.62:3300/0 2 ==== config(27 keys) ==== 1109+0+0 (secure 0 0 0) 0x7eff8c0318c0 con 0x7eff98109810
2024-09-12T01:49:08.460 INFO:teuthology.orchestra.run.smithi062.stdout:/usr/bin/ceph: stderr
2024-09-12T01:49:07.302+0000 7eff97e00640 1 -- 172.21.15.62:0/2884157011 <== mon.0 v2:172.21.15.62:3300/0 3 ==== mon_map magic: 0 ==== 205+0+0 (secure 0 0 0) 0x7eff8c007ab0 con 0x7eff98109810
2024-09-12T01:49:08.460 INFO:teuthology.orchestra.run.smithi062.stdout:/usr/bin/ceph: stderr
2024-09-12T01:49:07.303+0000 7eff9fe00640 1 -- 172.21.15.62:0/2884157011 >> [v2:172.21.15.62:3300/0,v1:172.21.15.62:6789/0] conn(0x7eff98109810 msgr2=0x7eff98109c10 secure :-1 s=STATE_CONNECTION_ESTABLISHED l=1).mark_down
2024-09-12T01:49:08.460 INFO:teuthology.orchestra.run.smithi062.stdout:/usr/bin/ceph: stderr
2024-09-12T01:49:07.303+0000 7eff9fe00640 1 --2- 172.21.15.62:0/2884157011 >> [v2:172.21.15.62:3300/0,v1:172.21.15.62:6789/0] conn(0x7eff98109810 0x7eff98109c10 secure :-1 s=READY pgs=47 cs=0 l=1 rev1=1 crypto rx=0x7eff8c009e80 tx=0x7eff8c02a7a0 comp rx=0 tx=0).stop
2024-09-12T01:49:08.460 INFO:teuthology.orchestra.run.smithi062.stdout:/usr/bin/ceph: stderr
2024-09-12T01:49:07.303+0000 7eff9fe00640 1 -- 172.21.15.62:0/2884157011 shutdown_connections
2024-09-12T01:49:08.461 INFO:teuthology.orchestra.run.smithi062.stdout:/usr/bin/ceph: stderr
2024-09-12T01:49:07.303+0000 7eff9fe00640 1 --2- 172.21.15.62:0/2884157011 >> [v2:172.21.15.62:3300/0,v1:172.21.15.62:6789/0] conn(0x7eff98109810 0x7eff98109c10 unknown :-1 s=CLOSED pgs=47 cs=0 l=1 rev1=1 crypto rx=0 tx=0 comp rx=0 tx=0).stop
2024-09-12T01:49:08.461 INFO:teuthology.orchestra.run.smithi062.stdout:/usr/bin/ceph: stderr
2024-09-12T01:49:07.303+0000 7eff9fe00640 1 -- 172.21.15.62:0/2884157011 >> 172.21.15.62:0/2884157011 conn(0x7eff9807ccf0 msgr2=0x7eff9807d120 unknown :-1 s=STATE_NONE l=0).mark_down
2024-09-12T01:49:08.461 INFO:teuthology.orchestra.run.smithi062.stdout:/usr/bin/ceph: stderr
2024-09-12T01:49:07.303+0000 7eff9fe00640 1 -- 172.21.15.62:0/2884157011 shutdown_connections
2024-09-12T01:49:08.461 INFO:teuthology.orchestra.run.smithi062.stdout:/usr/bin/ceph: stderr
2024-09-12T01:49:07.303+0000 7eff9fe00640 1 -- 172.21.15.62:0/2884157011 wait complete.
2024-09-12T01:49:08.461 INFO:teuthology.orchestra.run.smithi062.stdout:/usr/bin/ceph: stderr
2024-09-12T01:49:07.304+0000 7eff9fe00640 1 Processor -- start
2024-09-12T01:49:08.461 INFO:teuthology.orchestra.run.smithi062.stdout:/usr/bin/ceph: stderr
2024-09-12T01:49:07.304+0000 7eff9fe00640 1 -- start start
2024-09-12T01:49:08.461 INFO:teuthology.orchestra.run.smithi062.stdout:/usr/bin/ceph: stderr
2024-09-12T01:49:07.304+0000 7eff9fe00640 1 --2- >> [v2:172.21.15.62:3300/0,v1:172.21.15.62:6789/0] conn(0x7eff98109810 0x7eff9819d7d0 unknown :-1 s=NONE pgs=0 cs=0 l=1 rev1=0 crypto rx=0 tx=0 comp rx=0 tx=0).connect
2024-09-12T01:49:08.461 INFO:teuthology.orchestra.run.smithi062.stdout:/usr/bin/ceph: stderr
2024-09-12T01:49:07.304+0000 7eff9fe00640 1 -- --> [v2:172.21.15.62:3300/0,v1:172.21.15.62:6789/0] -- mon_getmap magic: 0 -- 0x7eff9810dd00 con 0x7eff98109810
2024-09-12T01:49:08.461 INFO:teuthology.orchestra.run.smithi062.stdout:/usr/bin/ceph: stderr
2024-09-12T01:49:07.305+0000 7eff9d400640 1 --2- >> [v2:172.21.15.62:3300/0,v1:172.21.15.62:6789/0] conn(0x7eff98109810 0x7eff9819d7d0 unknown :-1 s=BANNER_CONNECTING pgs=0 cs=0 l=1 rev1=0 crypto rx=0 tx=0 comp rx=0 tx=0)._handle_peer_banner_payload supported=3 required=0
2024-09-12T01:49:08.461 INFO:teuthology.orchestra.run.smithi062.stdout:/usr/bin/ceph: stderr
2024-09-12T01:49:07.305+0000 7eff9d400640 1 --2- >> [v2:172.21.15.62:3300/0,v1:172.21.15.62:6789/0] conn(0x7eff98109810 0x7eff9819d7d0 unknown :-1 s=HELLO_CONNECTING pgs=0 cs=0 l=1 rev1=1 crypto rx=0 tx=0 comp rx=0 tx=0).handle_hello peer v2:172.21.15.62:3300/0 says I am v2:172.21.15.62:56416/0 (socket says 172.21.15.62:56416)
2024-09-12T01:49:08.461 INFO:teuthology.orchestra.run.smithi062.stdout:/usr/bin/ceph: stderr
2024-09-12T01:49:07.305+0000 7eff9d400640 1 -- 172.21.15.62:0/4250395159 learned_addr learned my addr 172.21.15.62:0/4250395159 (peer_addr_for_me v2:172.21.15.62:0/0)
2024-09-12T01:49:08.461 INFO:teuthology.orchestra.run.smithi062.stdout:/usr/bin/ceph: stderr
2024-09-12T01:49:07.305+0000 7eff9d400640 1 -- 172.21.15.62:0/4250395159 --> [v2:172.21.15.62:3300/0,v1:172.21.15.62:6789/0] -- mon_subscribe({config=0+,monmap=0+}) -- 0x7eff9819dd10 con 0x7eff98109810
2024-09-12T01:49:08.461 INFO:teuthology.orchestra.run.smithi062.stdout:/usr/bin/ceph: stderr
2024-09-12T01:49:07.305+0000 7eff9d400640 1 --2- 172.21.15.62:0/4250395159 >> [v2:172.21.15.62:3300/0,v1:172.21.15.62:6789/0] conn(0x7eff98109810 0x7eff9819d7d0 secure :-1 s=READY pgs=48 cs=0 l=1 rev1=1 crypto rx=0x7eff8c009e50 tx=0x7eff8c031ca0 comp rx=0 tx=0).ready entity=mon.0 client_cookie=0 server_cookie=0 in_seq=0 out_seq=0
2024-09-12T01:49:08.462 INFO:teuthology.orchestra.run.smithi062.stdout:/usr/bin/ceph: stderr
2024-09-12T01:49:07.306+0000 7eff96000640 1 -- 172.21.15.62:0/4250395159 <== mon.0 v2:172.21.15.62:3300/0 1 ==== mon_map magic: 0 ==== 205+0+0 (secure 0 0 0) 0x7eff8c036050 con 0x7eff98109810
2024-09-12T01:49:08.462 INFO:teuthology.orchestra.run.smithi062.stdout:/usr/bin/ceph: stderr
2024-09-12T01:49:07.306+0000 7eff96000640 1 -- 172.21.15.62:0/4250395159 <== mon.0 v2:172.21.15.62:3300/0 2 ==== config(27 keys) ==== 1109+0+0 (secure 0 0 0) 0x7eff8c042070 con 0x7eff98109810
2024-09-12T01:49:08.462 INFO:teuthology.orchestra.run.smithi062.stdout:/usr/bin/ceph: stderr
2024-09-12T01:49:07.306+0000 7eff9fe00640 1 -- 172.21.15.62:0/4250395159 --> [v2:172.21.15.62:3300/0,v1:172.21.15.62:6789/0] -- mon_subscribe({mgrmap=0+}) -- 0x7eff9819dfa0 con 0x7eff98109810
2024-09-12T01:49:08.462 INFO:teuthology.orchestra.run.smithi062.stdout:/usr/bin/ceph: stderr
2024-09-12T01:49:07.306+0000 7eff96000640 1 -- 172.21.15.62:0/4250395159 <== mon.0 v2:172.21.15.62:3300/0 3 ==== mon_map magic: 0 ==== 205+0+0 (secure 0 0 0) 0x7eff8c03d8e0 con 0x7eff98109810
2024-09-12T01:49:08.462 INFO:teuthology.orchestra.run.smithi062.stdout:/usr/bin/ceph: stderr
2024-09-12T01:49:07.306+0000 7eff9fe00640 1 -- 172.21.15.62:0/4250395159 --> [v2:172.21.15.62:3300/0,v1:172.21.15.62:6789/0] -- mon_subscribe({osdmap=0}) -- 0x7eff981a0c90 con 0x7eff98109810
2024-09-12T01:49:08.462 INFO:teuthology.orchestra.run.smithi062.stdout:/usr/bin/ceph: stderr
2024-09-12T01:49:07.307+0000 7eff96000640 1 -- 172.21.15.62:0/4250395159 <== mon.0 v2:172.21.15.62:3300/0 4 ==== mgrmap(e 8) ==== 46287+0+0 (secure 0 0 0) 0x7eff8c03dbe0 con 0x7eff98109810
2024-09-12T01:49:08.462 INFO:teuthology.orchestra.run.smithi062.stdout:/usr/bin/ceph: stderr
2024-09-12T01:49:07.307+0000 7eff9fe00640 1 -- 172.21.15.62:0/4250395159 --> [v2:172.21.15.62:3300/0,v1:172.21.15.62:6789/0] -- mon_command({"prefix": "get_command_descriptions"} v 0) -- 0x7eff98109c10 con 0x7eff98109810
2024-09-12T01:49:08.462 INFO:teuthology.orchestra.run.smithi062.stdout:/usr/bin/ceph: stderr
2024-09-12T01:49:07.307+0000 7eff96000640 1 --2- 172.21.15.62:0/4250395159 >> [v2:172.21.15.62:6800/1515578586,v1:172.21.15.62:6801/1515578586] conn(0x7eff80038f70 0x7eff8003b430 unknown :-1 s=NONE pgs=0 cs=0 l=1 rev1=0 crypto rx=0 tx=0 comp rx=0 tx=0).connect
2024-09-12T01:49:08.462 INFO:teuthology.orchestra.run.smithi062.stdout:/usr/bin/ceph: stderr
2024-09-12T01:49:07.307+0000 7eff96000640 1 -- 172.21.15.62:0/4250395159 <== mon.0 v2:172.21.15.62:3300/0 5 ==== osd_map(2..2 src has 1..2) ==== 940+0+0 (secure 0 0 0) 0x7eff8c06d390 con 0x7eff98109810
2024-09-12T01:49:08.462 INFO:teuthology.orchestra.run.smithi062.stdout:/usr/bin/ceph: stderr
2024-09-12T01:49:07.307+0000 7eff9ca00640 1 --2- 172.21.15.62:0/4250395159 >> [v2:172.21.15.62:6800/1515578586,v1:172.21.15.62:6801/1515578586] conn(0x7eff80038f70 0x7eff8003b430 unknown :-1 s=BANNER_CONNECTING pgs=0 cs=0 l=1 rev1=0 crypto rx=0 tx=0 comp rx=0 tx=0)._handle_peer_banner_payload supported=3 required=0
2024-09-12T01:49:08.462 INFO:teuthology.orchestra.run.smithi062.stdout:/usr/bin/ceph: stderr
2024-09-12T01:49:07.308+0000 7eff9ca00640 1 --2- 172.21.15.62:0/4250395159 >> [v2:172.21.15.62:6800/1515578586,v1:172.21.15.62:6801/1515578586] conn(0x7eff80038f70 0x7eff8003b430 secure :-1 s=READY pgs=12 cs=0 l=1 rev1=1 crypto rx=0x7eff840098c0 tx=0x7eff84006db0 comp rx=0 tx=0).ready entity=mgr.14120 client_cookie=0 server_cookie=0 in_seq=0 out_seq=0
2024-09-12T01:49:08.462 INFO:teuthology.orchestra.run.smithi062.stdout:/usr/bin/ceph: stderr
2024-09-12T01:49:07.312+0000 7eff96000640 1 -- 172.21.15.62:0/4250395159 <== mon.0 v2:172.21.15.62:3300/0 6 ==== mon_command_ack([{"prefix": "get_command_descriptions"}]=0 v0) ==== 72+0+188821 (secure 0 0 0) 0x7eff8c06cce0 con 0x7eff98109810
2024-09-12T01:49:08.462 INFO:teuthology.orchestra.run.smithi062.stdout:/usr/bin/ceph: stderr
2024-09-12T01:49:07.575+0000 7eff9fe00640 1 -- 172.21.15.62:0/4250395159 --> [v2:172.21.15.62:6800/1515578586,v1:172.21.15.62:6801/1515578586] -- mgr_command(tid 0: {"prefix": "orch apply", "service_type": "mon", "unmanaged": true, "target": ["mon-mgr", ""]}) -- 0x7eff98107be0 con 0x7eff80038f70
2024-09-12T01:49:08.463 INFO:teuthology.orchestra.run.smithi062.stdout:/usr/bin/ceph: stderr
2024-09-12T01:49:07.580+0000 7eff96000640 1 -- 172.21.15.62:0/4250395159 <== mgr.14120 v2:172.21.15.62:6800/1515578586 1 ==== mgr_command_reply(tid 0: 0 ) ==== 8+0+24 (secure 0 0 0) 0x7eff98107be0 con 0x7eff80038f70
2024-09-12T01:49:08.463 INFO:teuthology.orchestra.run.smithi062.stdout:/usr/bin/ceph: stderr
2024-09-12T01:49:07.582+0000 7eff9fe00640 1 -- 172.21.15.62:0/4250395159 >> [v2:172.21.15.62:6800/1515578586,v1:172.21.15.62:6801/1515578586] conn(0x7eff80038f70 msgr2=0x7eff8003b430 secure :-1 s=STATE_CONNECTION_ESTABLISHED l=1).mark_down
2024-09-12T01:49:08.463 INFO:teuthology.orchestra.run.smithi062.stdout:/usr/bin/ceph: stderr
2024-09-12T01:49:07.582+0000 7eff9fe00640 1 --2- 172.21.15.62:0/4250395159 >> [v2:172.21.15.62:6800/1515578586,v1:172.21.15.62:6801/1515578586] conn(0x7eff80038f70 0x7eff8003b430 secure :-1 s=READY pgs=12 cs=0 l=1 rev1=1 crypto rx=0x7eff840098c0 tx=0x7eff84006db0 comp rx=0 tx=0).stop
2024-09-12T01:49:08.463 INFO:teuthology.orchestra.run.smithi062.stdout:/usr/bin/ceph: stderr
2024-09-12T01:49:07.582+0000 7eff9fe00640 1 -- 172.21.15.62:0/4250395159 >> [v2:172.21.15.62:3300/0,v1:172.21.15.62:6789/0] conn(0x7eff98109810 msgr2=0x7eff9819d7d0 secure :-1 s=STATE_CONNECTION_ESTABLISHED l=1).mark_down
2024-09-12T01:49:08.463 INFO:teuthology.orchestra.run.smithi062.stdout:/usr/bin/ceph: stderr
2024-09-12T01:49:07.582+0000 7eff9fe00640 1 --2- 172.21.15.62:0/4250395159 >> [v2:172.21.15.62:3300/0,v1:172.21.15.62:6789/0] conn(0x7eff98109810 0x7eff9819d7d0 secure :-1 s=READY pgs=48 cs=0 l=1 rev1=1 crypto rx=0x7eff8c009e50 tx=0x7eff8c031ca0 comp rx=0 tx=0).stop
2024-09-12T01:49:08.463 INFO:teuthology.orchestra.run.smithi062.stdout:/usr/bin/ceph: stderr
2024-09-12T01:49:07.582+0000 7eff9fe00640 1 -- 172.21.15.62:0/4250395159 shutdown_connections
2024-09-12T01:49:08.463 INFO:teuthology.orchestra.run.smithi062.stdout:/usr/bin/ceph: stderr
2024-09-12T01:49:07.582+0000 7eff9fe00640 1 --2- 172.21.15.62:0/4250395159 >> [v2:172.21.15.62:6800/1515578586,v1:172.21.15.62:6801/1515578586] conn(0x7eff80038f70 0x7eff8003b430 unknown :-1 s=CLOSED pgs=12 cs=0 l=1 rev1=1 crypto rx=0 tx=0 comp rx=0 tx=0).stop
2024-09-12T01:49:08.463 INFO:teuthology.orchestra.run.smithi062.stdout:/usr/bin/ceph: stderr
2024-09-12T01:49:07.582+0000 7eff9fe00640 1 --2- 172.21.15.62:0/4250395159 >> [v2:172.21.15.62:3300/0,v1:172.21.15.62:6789/0] conn(0x7eff98109810 0x7eff9819d7d0 unknown :-1 s=CLOSED pgs=48 cs=0 l=1 rev1=1 crypto rx=0 tx=0 comp rx=0 tx=0).stop
2024-09-12T01:49:08.463 INFO:teuthology.orchestra.run.smithi062.stdout:/usr/bin/ceph: stderr
2024-09-12T01:49:07.582+0000 7eff9fe00640 1 -- 172.21.15.62:0/4250395159 >> 172.21.15.62:0/4250395159 conn(0x7eff9807ccf0 msgr2=0x7eff981074d0 unknown :-1 s=STATE_NONE l=0).mark_down
2024-09-12T01:49:08.463 INFO:teuthology.orchestra.run.smithi062.stdout:/usr/bin/ceph: stderr
2024-09-12T01:49:07.583+0000 7eff9fe00640 1 -- 172.21.15.62:0/4250395159 shutdown_connections
2024-09-12T01:49:08.463 INFO:teuthology.orchestra.run.smithi062.stdout:/usr/bin/ceph: stderr
2024-09-12T01:49:07.583+0000 7eff9fe00640 1 -- 172.21.15.62:0/4250395159 wait complete.
2024-09-12T01:49:08.463 INFO:teuthology.orchestra.run.smithi062.stdout:Deploying unmanaged mgr service...
2024-09-12T01:49:08.706 INFO:journalctl@ceph.mon.a.smithi062.stdout:Sep 12 01:49:08 smithi062 ceph-mon[30666]: from='client.14142 -' entity='client.admin' cmd=[{"prefix": "orch apply", "service_type": "mon", "unmanaged": true, "target": ["mon-mgr", ""]}]: dispatch
2024-09-12T01:49:08.707 INFO:journalctl@ceph.mon.a.smithi062.stdout:Sep 12 01:49:08 smithi062 ceph-mon[30666]: Saving service mon spec with placement count:5
2024-09-12T01:49:08.707 INFO:journalctl@ceph.mon.a.smithi062.stdout:Sep 12 01:49:08 smithi062 ceph-mon[30666]: from='mgr.14120 172.21.15.62:0/2477054289' entity='mgr.x'
2024-09-12T01:49:10.755 INFO:teuthology.orchestra.run.smithi062.stdout:/usr/bin/ceph: stdout Scheduled mgr update...
2024-09-12T01:49:10.755 INFO:teuthology.orchestra.run.smithi062.stdout:/usr/bin/ceph: stderr
2024-09-12T01:49:09.330+0000 7f6136600640 1 Processor -- start
2024-09-12T01:49:10.755 INFO:teuthology.orchestra.run.smithi062.stdout:/usr/bin/ceph: stderr
2024-09-12T01:49:09.330+0000 7f6136600640 1 -- start start
2024-09-12T01:49:10.755 INFO:teuthology.orchestra.run.smithi062.stdout:/usr/bin/ceph: stderr
2024-09-12T01:49:09.331+0000 7f6136600640 1 --2- >> [v2:172.21.15.62:3300/0,v1:172.21.15.62:6789/0] conn(0x7f6130109810 0x7f6130109c10 unknown :-1 s=NONE pgs=0 cs=0 l=0 rev1=0 crypto rx=0 tx=0 comp rx=0 tx=0).connect
2024-09-12T01:49:10.755 INFO:teuthology.orchestra.run.smithi062.stdout:/usr/bin/ceph: stderr
2024-09-12T01:49:09.331+0000 7f6136600640 1 -- --> [v2:172.21.15.62:3300/0,v1:172.21.15.62:6789/0] -- mon_getmap magic: 0 -- 0x7f613010a1e0 con 0x7f6130109810
2024-09-12T01:49:10.755 INFO:teuthology.orchestra.run.smithi062.stdout:/usr/bin/ceph: stderr
2024-09-12T01:49:09.331+0000 7f612f400640 1 --2- >> [v2:172.21.15.62:3300/0,v1:172.21.15.62:6789/0] conn(0x7f6130109810 0x7f6130109c10 unknown :-1 s=BANNER_CONNECTING pgs=0 cs=0 l=0 rev1=0 crypto rx=0 tx=0 comp rx=0 tx=0)._handle_peer_banner_payload supported=3 required=0
2024-09-12T01:49:10.755 INFO:teuthology.orchestra.run.smithi062.stdout:/usr/bin/ceph: stderr
2024-09-12T01:49:09.331+0000 7f612f400640 1 --2- >> [v2:172.21.15.62:3300/0,v1:172.21.15.62:6789/0] conn(0x7f6130109810 0x7f6130109c10 unknown :-1 s=HELLO_CONNECTING pgs=0 cs=0 l=0 rev1=1 crypto rx=0 tx=0 comp rx=0 tx=0).handle_hello peer v2:172.21.15.62:3300/0 says I am v2:172.21.15.62:56422/0 (socket says 172.21.15.62:56422)
2024-09-12T01:49:10.755 INFO:teuthology.orchestra.run.smithi062.stdout:/usr/bin/ceph: stderr
2024-09-12T01:49:09.331+0000 7f612f400640 1 -- 172.21.15.62:0/3241654883 learned_addr learned my addr 172.21.15.62:0/3241654883 (peer_addr_for_me v2:172.21.15.62:0/0)
2024-09-12T01:49:10.755 INFO:teuthology.orchestra.run.smithi062.stdout:/usr/bin/ceph: stderr
2024-09-12T01:49:09.331+0000 7f612f400640 1 -- 172.21.15.62:0/3241654883 --> [v2:172.21.15.62:3300/0,v1:172.21.15.62:6789/0] -- mon_subscribe({config=0+,monmap=0+}) -- 0x7f613010a950 con 0x7f6130109810
2024-09-12T01:49:10.755 INFO:teuthology.orchestra.run.smithi062.stdout:/usr/bin/ceph: stderr
2024-09-12T01:49:09.332+0000 7f612f400640 1 --2- 172.21.15.62:0/3241654883 >> [v2:172.21.15.62:3300/0,v1:172.21.15.62:6789/0] conn(0x7f6130109810 0x7f6130109c10 secure :-1 s=READY pgs=49 cs=0 l=1 rev1=1 crypto rx=0x7f6120009e80 tx=0x7f612002a7a0 comp rx=0 tx=0).ready entity=mon.0 client_cookie=91ac3f5c40390735 server_cookie=0 in_seq=0 out_seq=0
2024-09-12T01:49:10.756 INFO:teuthology.orchestra.run.smithi062.stdout:/usr/bin/ceph: stderr
2024-09-12T01:49:09.333+0000 7f612ea00640 1 -- 172.21.15.62:0/3241654883 <== mon.0 v2:172.21.15.62:3300/0 1 ==== mon_map magic: 0 ==== 205+0+0 (secure 0 0 0) 0x7f6120036070 con 0x7f6130109810
2024-09-12T01:49:10.756 INFO:teuthology.orchestra.run.smithi062.stdout:/usr/bin/ceph: stderr
2024-09-12T01:49:09.333+0000 7f612ea00640 1 -- 172.21.15.62:0/3241654883 <== mon.0 v2:172.21.15.62:3300/0 2 ==== config(27 keys) ==== 1109+0+0 (secure 0 0 0) 0x7f61200318c0 con 0x7f6130109810
2024-09-12T01:49:10.756 INFO:teuthology.orchestra.run.smithi062.stdout:/usr/bin/ceph: stderr
2024-09-12T01:49:09.333+0000 7f612ea00640 1 -- 172.21.15.62:0/3241654883 <== mon.0 v2:172.21.15.62:3300/0 3 ==== mon_map magic: 0 ==== 205+0+0 (secure 0 0 0) 0x7f6120007ab0 con 0x7f6130109810
2024-09-12T01:49:10.756 INFO:teuthology.orchestra.run.smithi062.stdout:/usr/bin/ceph: stderr
2024-09-12T01:49:09.333+0000 7f6136600640 1 -- 172.21.15.62:0/3241654883 >> [v2:172.21.15.62:3300/0,v1:172.21.15.62:6789/0] conn(0x7f6130109810 msgr2=0x7f6130109c10 secure :-1 s=STATE_CONNECTION_ESTABLISHED l=1).mark_down
2024-09-12T01:49:10.756 INFO:teuthology.orchestra.run.smithi062.stdout:/usr/bin/ceph: stderr
2024-09-12T01:49:09.333+0000 7f6136600640 1 --2- 172.21.15.62:0/3241654883 >> [v2:172.21.15.62:3300/0,v1:172.21.15.62:6789/0] conn(0x7f6130109810 0x7f6130109c10 secure :-1 s=READY pgs=49 cs=0 l=1 rev1=1 crypto rx=0x7f6120009e80 tx=0x7f612002a7a0 comp rx=0 tx=0).stop
2024-09-12T01:49:10.756 INFO:teuthology.orchestra.run.smithi062.stdout:/usr/bin/ceph: stderr
2024-09-12T01:49:09.333+0000 7f6136600640 1 -- 172.21.15.62:0/3241654883 shutdown_connections
2024-09-12T01:49:10.756 INFO:teuthology.orchestra.run.smithi062.stdout:/usr/bin/ceph: stderr
2024-09-12T01:49:09.333+0000 7f6136600640 1 --2- 172.21.15.62:0/3241654883 >> [v2:172.21.15.62:3300/0,v1:172.21.15.62:6789/0] conn(0x7f6130109810 0x7f6130109c10 unknown :-1 s=CLOSED pgs=49 cs=0 l=1 rev1=1 crypto rx=0 tx=0 comp rx=0 tx=0).stop
2024-09-12T01:49:10.756 INFO:teuthology.orchestra.run.smithi062.stdout:/usr/bin/ceph: stderr
2024-09-12T01:49:09.333+0000 7f6136600640 1 -- 172.21.15.62:0/3241654883 >> 172.21.15.62:0/3241654883 conn(0x7f613007ccf0 msgr2=0x7f613007d120 unknown :-1 s=STATE_NONE l=0).mark_down
2024-09-12T01:49:10.756 INFO:teuthology.orchestra.run.smithi062.stdout:/usr/bin/ceph: stderr
2024-09-12T01:49:09.333+0000 7f6136600640 1 -- 172.21.15.62:0/3241654883 shutdown_connections
2024-09-12T01:49:10.756 INFO:teuthology.orchestra.run.smithi062.stdout:/usr/bin/ceph: stderr
2024-09-12T01:49:09.333+0000 7f6136600640 1 -- 172.21.15.62:0/3241654883 wait complete.
2024-09-12T01:49:10.756 INFO:teuthology.orchestra.run.smithi062.stdout:/usr/bin/ceph: stderr
2024-09-12T01:49:09.334+0000 7f6136600640 1 Processor -- start
2024-09-12T01:49:10.756 INFO:teuthology.orchestra.run.smithi062.stdout:/usr/bin/ceph: stderr
2024-09-12T01:49:09.335+0000 7f6136600640 1 -- start start
2024-09-12T01:49:10.757 INFO:teuthology.orchestra.run.smithi062.stdout:/usr/bin/ceph: stderr
2024-09-12T01:49:09.335+0000 7f6136600640 1 --2- >> [v2:172.21.15.62:3300/0,v1:172.21.15.62:6789/0] conn(0x7f6130109810 0x7f613019d7d0 unknown :-1 s=NONE pgs=0 cs=0 l=1 rev1=0 crypto rx=0 tx=0 comp rx=0 tx=0).connect
2024-09-12T01:49:10.757 INFO:teuthology.orchestra.run.smithi062.stdout:/usr/bin/ceph: stderr
2024-09-12T01:49:09.335+0000 7f6136600640 1 -- --> [v2:172.21.15.62:3300/0,v1:172.21.15.62:6789/0] -- mon_getmap magic: 0 -- 0x7f613010dd00 con 0x7f6130109810
2024-09-12T01:49:10.757 INFO:teuthology.orchestra.run.smithi062.stdout:/usr/bin/ceph: stderr
2024-09-12T01:49:09.335+0000 7f612f400640 1 --2- >> [v2:172.21.15.62:3300/0,v1:172.21.15.62:6789/0] conn(0x7f6130109810 0x7f613019d7d0 unknown :-1 s=BANNER_CONNECTING pgs=0 cs=0 l=1 rev1=0 crypto rx=0 tx=0 comp rx=0 tx=0)._handle_peer_banner_payload supported=3 required=0
2024-09-12T01:49:10.757 INFO:teuthology.orchestra.run.smithi062.stdout:/usr/bin/ceph: stderr
2024-09-12T01:49:09.335+0000 7f612f400640 1 --2- >> [v2:172.21.15.62:3300/0,v1:172.21.15.62:6789/0] conn(0x7f6130109810 0x7f613019d7d0 unknown :-1 s=HELLO_CONNECTING pgs=0 cs=0 l=1 rev1=1 crypto rx=0 tx=0 comp rx=0 tx=0).handle_hello peer v2:172.21.15.62:3300/0 says I am v2:172.21.15.62:56432/0 (socket says 172.21.15.62:56432)
2024-09-12T01:49:10.757 INFO:teuthology.orchestra.run.smithi062.stdout:/usr/bin/ceph: stderr
2024-09-12T01:49:09.335+0000 7f612f400640 1 -- 172.21.15.62:0/2105044884 learned_addr learned my addr 172.21.15.62:0/2105044884 (peer_addr_for_me v2:172.21.15.62:0/0)
2024-09-12T01:49:10.757 INFO:teuthology.orchestra.run.smithi062.stdout:/usr/bin/ceph: stderr
2024-09-12T01:49:09.335+0000 7f612f400640 1 -- 172.21.15.62:0/2105044884 --> [v2:172.21.15.62:3300/0,v1:172.21.15.62:6789/0] -- mon_subscribe({config=0+,monmap=0+}) -- 0x7f613019dd10 con 0x7f6130109810
2024-09-12T01:49:10.757 INFO:teuthology.orchestra.run.smithi062.stdout:/usr/bin/ceph: stderr
2024-09-12T01:49:09.336+0000 7f612f400640 1 --2- 172.21.15.62:0/2105044884 >> [v2:172.21.15.62:3300/0,v1:172.21.15.62:6789/0] conn(0x7f6130109810 0x7f613019d7d0 secure :-1 s=READY pgs=50 cs=0 l=1 rev1=1 crypto rx=0x7f6120009e50 tx=0x7f6120031ca0 comp rx=0 tx=0).ready entity=mon.0 client_cookie=0 server_cookie=0 in_seq=0 out_seq=0
2024-09-12T01:49:10.757 INFO:teuthology.orchestra.run.smithi062.stdout:/usr/bin/ceph: stderr
2024-09-12T01:49:09.336+0000 7f612cc00640 1 -- 172.21.15.62:0/2105044884 <== mon.0 v2:172.21.15.62:3300/0 1 ==== mon_map magic: 0 ==== 205+0+0 (secure 0 0 0) 0x7f6120036050 con 0x7f6130109810
2024-09-12T01:49:10.757 INFO:teuthology.orchestra.run.smithi062.stdout:/usr/bin/ceph: stderr
2024-09-12T01:49:09.336+0000 7f612cc00640 1 -- 172.21.15.62:0/2105044884 <== mon.0 v2:172.21.15.62:3300/0 2 ==== config(27 keys) ==== 1109+0+0 (secure 0 0 0) 0x7f6120042070 con 0x7f6130109810
2024-09-12T01:49:10.757 INFO:teuthology.orchestra.run.smithi062.stdout:/usr/bin/ceph: stderr
2024-09-12T01:49:09.336+0000 7f612cc00640 1 -- 172.21.15.62:0/2105044884 <== mon.0 v2:172.21.15.62:3300/0 3 ==== mon_map magic: 0 ==== 205+0+0 (secure 0 0 0) 0x7f612003d8e0 con 0x7f6130109810
2024-09-12T01:49:10.757 INFO:teuthology.orchestra.run.smithi062.stdout:/usr/bin/ceph: stderr
2024-09-12T01:49:09.336+0000 7f6136600640 1 -- 172.21.15.62:0/2105044884 --> [v2:172.21.15.62:3300/0,v1:172.21.15.62:6789/0] -- mon_subscribe({mgrmap=0+}) -- 0x7f613019dfa0 con 0x7f6130109810
2024-09-12T01:49:10.757 INFO:teuthology.orchestra.run.smithi062.stdout:/usr/bin/ceph: stderr
2024-09-12T01:49:09.336+0000 7f6136600640 1 -- 172.21.15.62:0/2105044884 --> [v2:172.21.15.62:3300/0,v1:172.21.15.62:6789/0] -- mon_subscribe({osdmap=0}) -- 0x7f61301a0c90 con 0x7f6130109810
2024-09-12T01:49:10.758 INFO:teuthology.orchestra.run.smithi062.stdout:/usr/bin/ceph: stderr
2024-09-12T01:49:09.337+0000 7f612cc00640 1 -- 172.21.15.62:0/2105044884 <== mon.0 v2:172.21.15.62:3300/0 4 ==== mgrmap(e 8) ==== 46287+0+0 (secure 0 0 0) 0x7f612003b610 con 0x7f6130109810
2024-09-12T01:49:10.758 INFO:teuthology.orchestra.run.smithi062.stdout:/usr/bin/ceph: stderr
2024-09-12T01:49:09.337+0000 7f6136600640 1 -- 172.21.15.62:0/2105044884 --> [v2:172.21.15.62:3300/0,v1:172.21.15.62:6789/0] -- mon_command({"prefix": "get_command_descriptions"} v 0) -- 0x7f6130109c10 con 0x7f6130109810
2024-09-12T01:49:10.758 INFO:teuthology.orchestra.run.smithi062.stdout:/usr/bin/ceph: stderr
2024-09-12T01:49:09.338+0000 7f612cc00640 1 --2- 172.21.15.62:0/2105044884 >> [v2:172.21.15.62:6800/1515578586,v1:172.21.15.62:6801/1515578586] conn(0x7f6114038fc0 0x7f611403b480 unknown :-1 s=NONE pgs=0 cs=0 l=1 rev1=0 crypto rx=0 tx=0 comp rx=0 tx=0).connect
2024-09-12T01:49:10.758 INFO:teuthology.orchestra.run.smithi062.stdout:/usr/bin/ceph: stderr
2024-09-12T01:49:09.338+0000 7f612cc00640 1 -- 172.21.15.62:0/2105044884 <== mon.0 v2:172.21.15.62:3300/0 5 ==== osd_map(2..2 src has 1..2) ==== 940+0+0 (secure 0 0 0) 0x7f612006d330 con 0x7f6130109810
2024-09-12T01:49:10.758 INFO:teuthology.orchestra.run.smithi062.stdout:/usr/bin/ceph: stderr
2024-09-12T01:49:09.338+0000 7f6126a00640 1 --2- 172.21.15.62:0/2105044884 >> [v2:172.21.15.62:6800/1515578586,v1:172.21.15.62:6801/1515578586] conn(0x7f6114038fc0 0x7f611403b480 unknown :-1 s=BANNER_CONNECTING pgs=0 cs=0 l=1 rev1=0 crypto rx=0 tx=0 comp rx=0 tx=0)._handle_peer_banner_payload supported=3 required=0
2024-09-12T01:49:10.758 INFO:teuthology.orchestra.run.smithi062.stdout:/usr/bin/ceph: stderr
2024-09-12T01:49:09.339+0000 7f6126a00640 1 --2- 172.21.15.62:0/2105044884 >> [v2:172.21.15.62:6800/1515578586,v1:172.21.15.62:6801/1515578586] conn(0x7f6114038fc0 0x7f611403b480 secure :-1 s=READY pgs=13 cs=0 l=1 rev1=1 crypto rx=0x7f61180098c0 tx=0x7f6118006db0 comp rx=0 tx=0).ready entity=mgr.14120 client_cookie=0 server_cookie=0 in_seq=0 out_seq=0
2024-09-12T01:49:10.758 INFO:teuthology.orchestra.run.smithi062.stdout:/usr/bin/ceph: stderr
2024-09-12T01:49:09.343+0000 7f612cc00640 1 -- 172.21.15.62:0/2105044884 <== mon.0 v2:172.21.15.62:3300/0 6 ==== mon_command_ack([{"prefix": "get_command_descriptions"}]=0 v0) ==== 72+0+188821 (secure 0 0 0) 0x7f6120042220 con 0x7f6130109810
2024-09-12T01:49:10.758 INFO:teuthology.orchestra.run.smithi062.stdout:/usr/bin/ceph: stderr
2024-09-12T01:49:09.541+0000 7f6136600640 1 -- 172.21.15.62:0/2105044884 --> [v2:172.21.15.62:6800/1515578586,v1:172.21.15.62:6801/1515578586] -- mgr_command(tid 0: {"prefix": "orch apply", "service_type": "mgr", "unmanaged": true, "target": ["mon-mgr", ""]}) -- 0x7f6130107be0 con 0x7f6114038fc0
2024-09-12T01:49:10.758 INFO:teuthology.orchestra.run.smithi062.stdout:/usr/bin/ceph: stderr
2024-09-12T01:49:09.546+0000 7f612cc00640 1 -- 172.21.15.62:0/2105044884 <== mgr.14120 v2:172.21.15.62:6800/1515578586 1 ==== mgr_command_reply(tid 0: 0 ) ==== 8+0+24 (secure 0 0 0) 0x7f6130107be0 con 0x7f6114038fc0
2024-09-12T01:49:10.758 INFO:teuthology.orchestra.run.smithi062.stdout:/usr/bin/ceph: stderr
2024-09-12T01:49:09.549+0000 7f6136600640 1 -- 172.21.15.62:0/2105044884 >> [v2:172.21.15.62:6800/1515578586,v1:172.21.15.62:6801/1515578586] conn(0x7f6114038fc0 msgr2=0x7f611403b480 secure :-1 s=STATE_CONNECTION_ESTABLISHED l=1).mark_down
2024-09-12T01:49:10.758 INFO:teuthology.orchestra.run.smithi062.stdout:/usr/bin/ceph: stderr
2024-09-12T01:49:09.549+0000 7f6136600640 1 --2- 172.21.15.62:0/2105044884 >> [v2:172.21.15.62:6800/1515578586,v1:172.21.15.62:6801/1515578586] conn(0x7f6114038fc0 0x7f611403b480 secure :-1 s=READY pgs=13 cs=0 l=1 rev1=1 crypto rx=0x7f61180098c0 tx=0x7f6118006db0 comp rx=0 tx=0).stop
2024-09-12T01:49:10.758 INFO:teuthology.orchestra.run.smithi062.stdout:/usr/bin/ceph: stderr
2024-09-12T01:49:09.549+0000 7f6136600640 1 -- 172.21.15.62:0/2105044884 >> [v2:172.21.15.62:3300/0,v1:172.21.15.62:6789/0] conn(0x7f6130109810 msgr2=0x7f613019d7d0 secure :-1 s=STATE_CONNECTION_ESTABLISHED l=1).mark_down
2024-09-12T01:49:10.758 INFO:teuthology.orchestra.run.smithi062.stdout:/usr/bin/ceph: stderr
2024-09-12T01:49:09.549+0000 7f6136600640 1 --2- 172.21.15.62:0/2105044884 >> [v2:172.21.15.62:3300/0,v1:172.21.15.62:6789/0] conn(0x7f6130109810 0x7f613019d7d0 secure :-1 s=READY pgs=50 cs=0 l=1 rev1=1 crypto rx=0x7f6120009e50 tx=0x7f6120031ca0 comp rx=0 tx=0).stop
2024-09-12T01:49:10.759 INFO:teuthology.orchestra.run.smithi062.stdout:/usr/bin/ceph: stderr
2024-09-12T01:49:09.549+0000 7f6136600640 1 -- 172.21.15.62:0/2105044884 shutdown_connections
2024-09-12T01:49:10.759 INFO:teuthology.orchestra.run.smithi062.stdout:/usr/bin/ceph: stderr
2024-09-12T01:49:09.549+0000 7f6136600640 1 --2- 172.21.15.62:0/2105044884 >> [v2:172.21.15.62:6800/1515578586,v1:172.21.15.62:6801/1515578586] conn(0x7f6114038fc0 0x7f611403b480 unknown :-1 s=CLOSED pgs=13 cs=0 l=1 rev1=1 crypto rx=0 tx=0 comp rx=0 tx=0).stop
2024-09-12T01:49:10.759 INFO:teuthology.orchestra.run.smithi062.stdout:/usr/bin/ceph: stderr
2024-09-12T01:49:09.549+0000 7f6136600640 1 --2- 172.21.15.62:0/2105044884 >> [v2:172.21.15.62:3300/0,v1:172.21.15.62:6789/0] conn(0x7f6130109810 0x7f613019d7d0 unknown :-1 s=CLOSED pgs=50 cs=0 l=1 rev1=1 crypto rx=0 tx=0 comp rx=0 tx=0).stop
2024-09-12T01:49:10.759 INFO:teuthology.orchestra.run.smithi062.stdout:/usr/bin/ceph: stderr
2024-09-12T01:49:09.549+0000 7f6136600640 1 -- 172.21.15.62:0/2105044884 >> 172.21.15.62:0/2105044884 conn(0x7f613007ccf0 msgr2=0x7f61301074d0 unknown :-1 s=STATE_NONE l=0).mark_down
2024-09-12T01:49:10.759 INFO:teuthology.orchestra.run.smithi062.stdout:/usr/bin/ceph: stderr
2024-09-12T01:49:09.549+0000 7f6136600640 1 -- 172.21.15.62:0/2105044884 shutdown_connections
2024-09-12T01:49:10.759 INFO:teuthology.orchestra.run.smithi062.stdout:/usr/bin/ceph: stderr
2024-09-12T01:49:09.549+0000 7f6136600640 1 -- 172.21.15.62:0/2105044884 wait complete.
2024-09-12T01:49:10.842 INFO:journalctl@ceph.mon.a.smithi062.stdout:Sep 12 01:49:10 smithi062 ceph-mon[30666]: from='client.14144 -' entity='client.admin' cmd=[{"prefix": "orch apply", "service_type": "mgr", "unmanaged": true, "target": ["mon-mgr", ""]}]: dispatch
2024-09-12T01:49:10.842 INFO:journalctl@ceph.mon.a.smithi062.stdout:Sep 12 01:49:10 smithi062 ceph-mon[30666]: Saving service mgr spec with placement count:2
2024-09-12T01:49:10.842 INFO:journalctl@ceph.mon.a.smithi062.stdout:Sep 12 01:49:10 smithi062 ceph-mon[30666]: from='mgr.14120 172.21.15.62:0/2477054289' entity='mgr.x'
2024-09-12T01:49:10.842 INFO:journalctl@ceph.mon.a.smithi062.stdout:Sep 12 01:49:10 smithi062 ceph-mon[30666]: from='mgr.14120 172.21.15.62:0/2477054289' entity='mgr.x'
2024-09-12T01:49:12.091 INFO:journalctl@ceph.mon.a.smithi062.stdout:Sep 12 01:49:11 smithi062 ceph-mon[30666]: from='mgr.14120 172.21.15.62:0/2477054289' entity='mgr.x'
2024-09-12T01:49:12.092 INFO:journalctl@ceph.mon.a.smithi062.stdout:Sep 12 01:49:11 smithi062 ceph-mon[30666]: from='client.? 172.21.15.62:0/1554484222' entity='client.admin'
2024-09-12T01:49:12.126 INFO:teuthology.orchestra.run.smithi062.stdout:/usr/bin/ceph: stderr
2024-09-12T01:49:11.288+0000 7fb3bc000640 1 Processor -- start
2024-09-12T01:49:12.126 INFO:teuthology.orchestra.run.smithi062.stdout:/usr/bin/ceph: stderr
2024-09-12T01:49:11.288+0000 7fb3bc000640 1 -- start start
2024-09-12T01:49:12.126 INFO:teuthology.orchestra.run.smithi062.stdout:/usr/bin/ceph: stderr
2024-09-12T01:49:11.288+0000 7fb3bc000640 1 --2- >> [v2:172.21.15.62:3300/0,v1:172.21.15.62:6789/0] conn(0x7fb3b4109810 0x7fb3b4109c10 unknown :-1 s=NONE pgs=0 cs=0 l=0 rev1=0 crypto rx=0 tx=0 comp rx=0 tx=0).connect
2024-09-12T01:49:12.126 INFO:teuthology.orchestra.run.smithi062.stdout:/usr/bin/ceph: stderr
2024-09-12T01:49:11.288+0000 7fb3bc000640 1 -- --> [v2:172.21.15.62:3300/0,v1:172.21.15.62:6789/0] -- mon_getmap magic: 0 -- 0x7fb3b410a1e0 con 0x7fb3b4109810
2024-09-12T01:49:12.126 INFO:teuthology.orchestra.run.smithi062.stdout:/usr/bin/ceph: stderr
2024-09-12T01:49:11.289+0000 7fb3b9600640 1 --2- >> [v2:172.21.15.62:3300/0,v1:172.21.15.62:6789/0] conn(0x7fb3b4109810 0x7fb3b4109c10 unknown :-1 s=BANNER_CONNECTING pgs=0 cs=0 l=0 rev1=0 crypto rx=0 tx=0 comp rx=0 tx=0)._handle_peer_banner_payload supported=3 required=0
2024-09-12T01:49:12.126 INFO:teuthology.orchestra.run.smithi062.stdout:/usr/bin/ceph: stderr
2024-09-12T01:49:11.289+0000 7fb3b9600640 1 --2- >> [v2:172.21.15.62:3300/0,v1:172.21.15.62:6789/0] conn(0x7fb3b4109810 0x7fb3b4109c10 unknown :-1 s=HELLO_CONNECTING pgs=0 cs=0 l=0 rev1=1 crypto rx=0 tx=0 comp rx=0 tx=0).handle_hello peer v2:172.21.15.62:3300/0 says I am v2:172.21.15.62:56448/0 (socket says 172.21.15.62:56448)
2024-09-12T01:49:12.126 INFO:teuthology.orchestra.run.smithi062.stdout:/usr/bin/ceph: stderr
2024-09-12T01:49:11.289+0000 7fb3b9600640 1 -- 172.21.15.62:0/1559679623 learned_addr learned my addr 172.21.15.62:0/1559679623 (peer_addr_for_me v2:172.21.15.62:0/0)
2024-09-12T01:49:12.126 INFO:teuthology.orchestra.run.smithi062.stdout:/usr/bin/ceph: stderr
2024-09-12T01:49:11.289+0000 7fb3b9600640 1 -- 172.21.15.62:0/1559679623 --> [v2:172.21.15.62:3300/0,v1:172.21.15.62:6789/0] -- mon_subscribe({config=0+,monmap=0+}) -- 0x7fb3b410a950 con 0x7fb3b4109810
2024-09-12T01:49:12.126 INFO:teuthology.orchestra.run.smithi062.stdout:/usr/bin/ceph: stderr
2024-09-12T01:49:11.290+0000 7fb3b9600640 1 --2- 172.21.15.62:0/1559679623 >> [v2:172.21.15.62:3300/0,v1:172.21.15.62:6789/0] conn(0x7fb3b4109810 0x7fb3b4109c10 secure :-1 s=READY pgs=51 cs=0 l=1 rev1=1 crypto rx=0x7fb3a8009820 tx=0x7fb3a802a270 comp rx=0 tx=0).ready entity=mon.0 client_cookie=f125cf868e2399df server_cookie=0 in_seq=0 out_seq=0
2024-09-12T01:49:12.126 INFO:teuthology.orchestra.run.smithi062.stdout:/usr/bin/ceph: stderr
2024-09-12T01:49:11.290+0000 7fb3b3e00640 1 -- 172.21.15.62:0/1559679623 <== mon.0 v2:172.21.15.62:3300/0 1 ==== mon_map magic: 0 ==== 205+0+0 (secure 0 0 0) 0x7fb3a8037070 con 0x7fb3b4109810
2024-09-12T01:49:12.126 INFO:teuthology.orchestra.run.smithi062.stdout:/usr/bin/ceph: stderr
2024-09-12T01:49:11.290+0000 7fb3b3e00640 1 -- 172.21.15.62:0/1559679623 <== mon.0 v2:172.21.15.62:3300/0 2 ==== config(27 keys) ==== 1140+0+0 (secure 0 0 0) 0x7fb3a8032920 con 0x7fb3b4109810
2024-09-12T01:49:12.127 INFO:teuthology.orchestra.run.smithi062.stdout:/usr/bin/ceph: stderr
2024-09-12T01:49:11.290+0000 7fb3b3e00640 1 -- 172.21.15.62:0/1559679623 <== mon.0 v2:172.21.15.62:3300/0 3 ==== mon_map magic: 0 ==== 205+0+0 (secure 0 0 0) 0x7fb3a8030810 con 0x7fb3b4109810
2024-09-12T01:49:12.127 INFO:teuthology.orchestra.run.smithi062.stdout:/usr/bin/ceph: stderr
2024-09-12T01:49:11.291+0000 7fb3bc000640 1 -- 172.21.15.62:0/1559679623 >> [v2:172.21.15.62:3300/0,v1:172.21.15.62:6789/0] conn(0x7fb3b4109810 msgr2=0x7fb3b4109c10 secure :-1 s=STATE_CONNECTION_ESTABLISHED l=1).mark_down
2024-09-12T01:49:12.127 INFO:teuthology.orchestra.run.smithi062.stdout:/usr/bin/ceph: stderr
2024-09-12T01:49:11.291+0000 7fb3bc000640 1 --2- 172.21.15.62:0/1559679623 >> [v2:172.21.15.62:3300/0,v1:172.21.15.62:6789/0] conn(0x7fb3b4109810 0x7fb3b4109c10 secure :-1 s=READY pgs=51 cs=0 l=1 rev1=1 crypto rx=0x7fb3a8009820 tx=0x7fb3a802a270 comp rx=0 tx=0).stop
2024-09-12T01:49:12.127 INFO:teuthology.orchestra.run.smithi062.stdout:/usr/bin/ceph: stderr
2024-09-12T01:49:11.291+0000 7fb3bc000640 1 -- 172.21.15.62:0/1559679623 shutdown_connections
2024-09-12T01:49:12.127 INFO:teuthology.orchestra.run.smithi062.stdout:/usr/bin/ceph: stderr
2024-09-12T01:49:11.291+0000 7fb3bc000640 1 --2- 172.21.15.62:0/1559679623 >> [v2:172.21.15.62:3300/0,v1:172.21.15.62:6789/0] conn(0x7fb3b4109810 0x7fb3b4109c10 unknown :-1 s=CLOSED pgs=51 cs=0 l=1 rev1=1 crypto rx=0 tx=0 comp rx=0 tx=0).stop
2024-09-12T01:49:12.127 INFO:teuthology.orchestra.run.smithi062.stdout:/usr/bin/ceph: stderr
2024-09-12T01:49:11.291+0000 7fb3bc000640 1 -- 172.21.15.62:0/1559679623 >> 172.21.15.62:0/1559679623 conn(0x7fb3b407ccf0 msgr2=0x7fb3b407d120 unknown :-1 s=STATE_NONE l=0).mark_down
2024-09-12T01:49:12.127 INFO:teuthology.orchestra.run.smithi062.stdout:/usr/bin/ceph: stderr
2024-09-12T01:49:11.291+0000 7fb3bc000640 1 -- 172.21.15.62:0/1559679623 shutdown_connections
2024-09-12T01:49:12.127 INFO:teuthology.orchestra.run.smithi062.stdout:/usr/bin/ceph: stderr
2024-09-12T01:49:11.291+0000 7fb3bc000640 1 -- 172.21.15.62:0/1559679623 wait complete.
2024-09-12T01:49:12.127 INFO:teuthology.orchestra.run.smithi062.stdout:/usr/bin/ceph: stderr
2024-09-12T01:49:11.292+0000 7fb3bc000640 1 Processor -- start
2024-09-12T01:49:12.127 INFO:teuthology.orchestra.run.smithi062.stdout:/usr/bin/ceph: stderr
2024-09-12T01:49:11.292+0000 7fb3bc000640 1 -- start start
2024-09-12T01:49:12.127 INFO:teuthology.orchestra.run.smithi062.stdout:/usr/bin/ceph: stderr
2024-09-12T01:49:11.292+0000 7fb3bc000640 1 --2- >> [v2:172.21.15.62:3300/0,v1:172.21.15.62:6789/0] conn(0x7fb3b4109810 0x7fb3b419d7b0 unknown :-1 s=NONE pgs=0 cs=0 l=1 rev1=0 crypto rx=0 tx=0 comp rx=0 tx=0).connect
2024-09-12T01:49:12.127 INFO:teuthology.orchestra.run.smithi062.stdout:/usr/bin/ceph: stderr
2024-09-12T01:49:11.292+0000 7fb3bc000640 1 -- --> [v2:172.21.15.62:3300/0,v1:172.21.15.62:6789/0] -- mon_getmap magic: 0 -- 0x7fb3b410dd00 con 0x7fb3b4109810
2024-09-12T01:49:12.127 INFO:teuthology.orchestra.run.smithi062.stdout:/usr/bin/ceph: stderr
2024-09-12T01:49:11.293+0000 7fb3b9600640 1 --2- >> [v2:172.21.15.62:3300/0,v1:172.21.15.62:6789/0] conn(0x7fb3b4109810 0x7fb3b419d7b0 unknown :-1 s=BANNER_CONNECTING pgs=0 cs=0 l=1 rev1=0 crypto rx=0 tx=0 comp rx=0 tx=0)._handle_peer_banner_payload supported=3 required=0
2024-09-12T01:49:12.128 INFO:teuthology.orchestra.run.smithi062.stdout:/usr/bin/ceph: stderr
2024-09-12T01:49:11.293+0000 7fb3b9600640 1 --2- >> [v2:172.21.15.62:3300/0,v1:172.21.15.62:6789/0] conn(0x7fb3b4109810 0x7fb3b419d7b0 unknown :-1 s=HELLO_CONNECTING pgs=0 cs=0 l=1 rev1=1 crypto rx=0 tx=0 comp rx=0 tx=0).handle_hello peer v2:172.21.15.62:3300/0 says I am v2:172.21.15.62:56458/0 (socket says 172.21.15.62:56458)
2024-09-12T01:49:12.128 INFO:teuthology.orchestra.run.smithi062.stdout:/usr/bin/ceph: stderr
2024-09-12T01:49:11.293+0000 7fb3b9600640 1 -- 172.21.15.62:0/1554484222 learned_addr learned my addr 172.21.15.62:0/1554484222 (peer_addr_for_me v2:172.21.15.62:0/0)
2024-09-12T01:49:12.128 INFO:teuthology.orchestra.run.smithi062.stdout:/usr/bin/ceph: stderr
2024-09-12T01:49:11.293+0000 7fb3b9600640 1 -- 172.21.15.62:0/1554484222 --> [v2:172.21.15.62:3300/0,v1:172.21.15.62:6789/0] -- mon_subscribe({config=0+,monmap=0+}) -- 0x7fb3b419dcf0 con 0x7fb3b4109810
2024-09-12T01:49:12.128 INFO:teuthology.orchestra.run.smithi062.stdout:/usr/bin/ceph: stderr
2024-09-12T01:49:11.293+0000 7fb3b9600640 1 --2- 172.21.15.62:0/1554484222 >> [v2:172.21.15.62:3300/0,v1:172.21.15.62:6789/0] conn(0x7fb3b4109810 0x7fb3b419d7b0 secure :-1 s=READY pgs=52 cs=0 l=1 rev1=1 crypto rx=0x7fb3a80097f0 tx=0x7fb3a80327b0 comp rx=0 tx=0).ready entity=mon.0 client_cookie=0 server_cookie=0 in_seq=0 out_seq=0
2024-09-12T01:49:12.128 INFO:teuthology.orchestra.run.smithi062.stdout:/usr/bin/ceph: stderr
2024-09-12T01:49:11.294+0000 7fb3b2000640 1 -- 172.21.15.62:0/1554484222 <== mon.0 v2:172.21.15.62:3300/0 1 ==== mon_map magic: 0 ==== 205+0+0 (secure 0 0 0) 0x7fb3a8037040 con 0x7fb3b4109810
2024-09-12T01:49:12.128 INFO:teuthology.orchestra.run.smithi062.stdout:/usr/bin/ceph: stderr
2024-09-12T01:49:11.294+0000 7fb3b2000640 1 -- 172.21.15.62:0/1554484222 <== mon.0 v2:172.21.15.62:3300/0 2 ==== config(27 keys) ==== 1140+0+0 (secure 0 0 0) 0x7fb3a8030c40 con 0x7fb3b4109810
2024-09-12T01:49:12.128 INFO:teuthology.orchestra.run.smithi062.stdout:/usr/bin/ceph: stderr
2024-09-12T01:49:11.294+0000 7fb3bc000640 1 -- 172.21.15.62:0/1554484222 --> [v2:172.21.15.62:3300/0,v1:172.21.15.62:6789/0] -- mon_subscribe({mgrmap=0+}) -- 0x7fb3b419df80 con 0x7fb3b4109810
2024-09-12T01:49:12.128 INFO:teuthology.orchestra.run.smithi062.stdout:/usr/bin/ceph: stderr
2024-09-12T01:49:11.294+0000 7fb3b2000640 1 -- 172.21.15.62:0/1554484222 <== mon.0 v2:172.21.15.62:3300/0 3 ==== mon_map magic: 0 ==== 205+0+0 (secure 0 0 0) 0x7fb3a803a5d0 con 0x7fb3b4109810
2024-09-12T01:49:12.128 INFO:teuthology.orchestra.run.smithi062.stdout:/usr/bin/ceph: stderr
2024-09-12T01:49:11.294+0000 7fb3bc000640 1 -- 172.21.15.62:0/1554484222 --> [v2:172.21.15.62:3300/0,v1:172.21.15.62:6789/0] -- mon_subscribe({osdmap=0}) -- 0x7fb3b41a0c70 con 0x7fb3b4109810
2024-09-12T01:49:12.128 INFO:teuthology.orchestra.run.smithi062.stdout:/usr/bin/ceph: stderr
2024-09-12T01:49:11.295+0000 7fb3b2000640 1 -- 172.21.15.62:0/1554484222 <== mon.0 v2:172.21.15.62:3300/0 4 ==== mgrmap(e 8) ==== 46287+0+0 (secure 0 0 0) 0x7fb3a803b3f0 con 0x7fb3b4109810
2024-09-12T01:49:12.128 INFO:teuthology.orchestra.run.smithi062.stdout:/usr/bin/ceph: stderr
2024-09-12T01:49:11.295+0000 7fb3bc000640 1 -- 172.21.15.62:0/1554484222 --> [v2:172.21.15.62:3300/0,v1:172.21.15.62:6789/0] -- mon_command({"prefix": "get_command_descriptions"} v 0) -- 0x7fb3b4109c90 con 0x7fb3b4109810
2024-09-12T01:49:12.128 INFO:teuthology.orchestra.run.smithi062.stdout:/usr/bin/ceph: stderr
2024-09-12T01:49:11.295+0000 7fb3b2000640 1 --2- 172.21.15.62:0/1554484222 >> [v2:172.21.15.62:6800/1515578586,v1:172.21.15.62:6801/1515578586] conn(0x7fb39c038f70 0x7fb39c03b430 unknown :-1 s=NONE pgs=0 cs=0 l=1 rev1=0 crypto rx=0 tx=0 comp rx=0 tx=0).connect
2024-09-12T01:49:12.129 INFO:teuthology.orchestra.run.smithi062.stdout:/usr/bin/ceph: stderr
2024-09-12T01:49:11.295+0000 7fb3b2000640 1 -- 172.21.15.62:0/1554484222 <== mon.0 v2:172.21.15.62:3300/0 5 ==== osd_map(2..2 src has 1..2) ==== 940+0+0 (secure 0 0 0) 0x7fb3a806c530 con 0x7fb3b4109810
2024-09-12T01:49:12.129 INFO:teuthology.orchestra.run.smithi062.stdout:/usr/bin/ceph: stderr
2024-09-12T01:49:11.296+0000 7fb3b8c00640 1 --2- 172.21.15.62:0/1554484222 >> [v2:172.21.15.62:6800/1515578586,v1:172.21.15.62:6801/1515578586] conn(0x7fb39c038f70 0x7fb39c03b430 unknown :-1 s=BANNER_CONNECTING pgs=0 cs=0 l=1 rev1=0 crypto rx=0 tx=0 comp rx=0 tx=0)._handle_peer_banner_payload supported=3 required=0
2024-09-12T01:49:12.129 INFO:teuthology.orchestra.run.smithi062.stdout:/usr/bin/ceph: stderr
2024-09-12T01:49:11.296+0000 7fb3b8c00640 1 --2- 172.21.15.62:0/1554484222 >> [v2:172.21.15.62:6800/1515578586,v1:172.21.15.62:6801/1515578586] conn(0x7fb39c038f70 0x7fb39c03b430 secure :-1 s=READY pgs=14 cs=0 l=1 rev1=1 crypto rx=0x7fb3a00098c0 tx=0x7fb3a0006db0 comp rx=0 tx=0).ready entity=mgr.14120 client_cookie=0 server_cookie=0 in_seq=0 out_seq=0
2024-09-12T01:49:12.129 INFO:teuthology.orchestra.run.smithi062.stdout:/usr/bin/ceph: stderr
2024-09-12T01:49:11.300+0000 7fb3b2000640 1 -- 172.21.15.62:0/1554484222 <== mon.0 v2:172.21.15.62:3300/0 6 ==== mon_command_ack([{"prefix": "get_command_descriptions"}]=0 v0) ==== 72+0+188821 (secure 0 0 0) 0x7fb3a806be80 con 0x7fb3b4109810
2024-09-12T01:49:12.129 INFO:teuthology.orchestra.run.smithi062.stdout:/usr/bin/ceph: stderr
2024-09-12T01:49:11.496+0000 7fb3bc000640 1 -- 172.21.15.62:0/1554484222 --> [v2:172.21.15.62:3300/0,v1:172.21.15.62:6789/0] -- mon_command([{prefix=config set, name=mgr/cephadm/container_init}] v 0) -- 0x7fb3b41a1260 con 0x7fb3b4109810
2024-09-12T01:49:12.129 INFO:teuthology.orchestra.run.smithi062.stdout:/usr/bin/ceph: stderr
2024-09-12T01:49:11.499+0000 7fb3b2000640 1 -- 172.21.15.62:0/1554484222 <== mon.0 v2:172.21.15.62:3300/0 7 ==== mon_command_ack([{prefix=config set, name=mgr/cephadm/container_init}]=0 v7)=0 v7) ==== 142+0+0 (secure 0 0 0) 0x7fb3a803b6e0 con 0x7fb3b4109810
2024-09-12T01:49:12.129 INFO:teuthology.orchestra.run.smithi062.stdout:/usr/bin/ceph: stderr
2024-09-12T01:49:11.502+0000 7fb3bc000640 1 -- 172.21.15.62:0/1554484222 >> [v2:172.21.15.62:6800/1515578586,v1:172.21.15.62:6801/1515578586] conn(0x7fb39c038f70 msgr2=0x7fb39c03b430 secure :-1 s=STATE_CONNECTION_ESTABLISHED l=1).mark_down
2024-09-12T01:49:12.129 INFO:teuthology.orchestra.run.smithi062.stdout:/usr/bin/ceph: stderr
2024-09-12T01:49:11.502+0000 7fb3bc000640 1 --2- 172.21.15.62:0/1554484222 >> [v2:172.21.15.62:6800/1515578586,v1:172.21.15.62:6801/1515578586] conn(0x7fb39c038f70 0x7fb39c03b430 secure :-1 s=READY pgs=14 cs=0 l=1 rev1=1 crypto rx=0x7fb3a00098c0 tx=0x7fb3a0006db0 comp rx=0 tx=0).stop
2024-09-12T01:49:12.129 INFO:teuthology.orchestra.run.smithi062.stdout:/usr/bin/ceph: stderr
2024-09-12T01:49:11.502+0000 7fb3bc000640 1 -- 172.21.15.62:0/1554484222 >> [v2:172.21.15.62:3300/0,v1:172.21.15.62:6789/0] conn(0x7fb3b4109810 msgr2=0x7fb3b419d7b0 secure :-1 s=STATE_CONNECTION_ESTABLISHED l=1).mark_down
2024-09-12T01:49:12.129 INFO:teuthology.orchestra.run.smithi062.stdout:/usr/bin/ceph: stderr
2024-09-12T01:49:11.502+0000 7fb3bc000640 1 --2- 172.21.15.62:0/1554484222 >> [v2:172.21.15.62:3300/0,v1:172.21.15.62:6789/0] conn(0x7fb3b4109810 0x7fb3b419d7b0 secure :-1 s=READY pgs=52 cs=0 l=1 rev1=1 crypto rx=0x7fb3a80097f0 tx=0x7fb3a80327b0 comp rx=0 tx=0).stop
2024-09-12T01:49:12.129 INFO:teuthology.orchestra.run.smithi062.stdout:/usr/bin/ceph: stderr
2024-09-12T01:49:11.502+0000 7fb3bc000640 1 -- 172.21.15.62:0/1554484222 shutdown_connections
2024-09-12T01:49:12.129 INFO:teuthology.orchestra.run.smithi062.stdout:/usr/bin/ceph: stderr
