2024-09-12T01:59:19.523 INFO:teuthology.orchestra.run.smithi027.stdout:/usr/bin/ceph: stderr
2024-09-12T01:59:18.606+0000 7f550f800640 1 -- 172.21.15.27:0/3905107211 shutdown_connections
2024-09-12T01:59:19.524 INFO:teuthology.orchestra.run.smithi027.stdout:/usr/bin/ceph: stderr
2024-09-12T01:59:18.606+0000 7f550f800640 1 --2- 172.21.15.27:0/3905107211 >> [v2:172.21.15.27:3300/0,v1:172.21.15.27:6789/0] conn(0x7f5508109af0 0x7f5508109ef0 unknown :-1 s=CLOSED pgs=24 cs=0 l=1 rev1=1 crypto rx=0 tx=0 comp rx=0 tx=0).stop
2024-09-12T01:59:19.524 INFO:teuthology.orchestra.run.smithi027.stdout:/usr/bin/ceph: stderr
2024-09-12T01:59:18.606+0000 7f550f800640 1 -- 172.21.15.27:0/3905107211 >> 172.21.15.27:0/3905107211 conn(0x7f550807d0d0 msgr2=0x7f550807d4e0 unknown :-1 s=STATE_NONE l=0).mark_down
2024-09-12T01:59:19.524 INFO:teuthology.orchestra.run.smithi027.stdout:/usr/bin/ceph: stderr
2024-09-12T01:59:18.606+0000 7f550f800640 1 -- 172.21.15.27:0/3905107211 shutdown_connections
2024-09-12T01:59:19.524 INFO:teuthology.orchestra.run.smithi027.stdout:/usr/bin/ceph: stderr
2024-09-12T01:59:18.606+0000 7f550f800640 1 -- 172.21.15.27:0/3905107211 wait complete.
2024-09-12T01:59:19.524 INFO:teuthology.orchestra.run.smithi027.stdout:/usr/bin/ceph: stderr
2024-09-12T01:59:18.607+0000 7f550f800640 1 Processor -- start
2024-09-12T01:59:19.525 INFO:teuthology.orchestra.run.smithi027.stdout:/usr/bin/ceph: stderr
2024-09-12T01:59:18.607+0000 7f550f800640 1 -- start start
2024-09-12T01:59:19.525 INFO:teuthology.orchestra.run.smithi027.stdout:/usr/bin/ceph: stderr
2024-09-12T01:59:18.607+0000 7f550f800640 1 --2- >> [v2:172.21.15.27:3300/0,v1:172.21.15.27:6789/0] conn(0x7f5508109af0 0x7f550819dbe0 unknown :-1 s=NONE pgs=0 cs=0 l=1 rev1=0 crypto rx=0 tx=0 comp rx=0 tx=0).connect
2024-09-12T01:59:19.525 INFO:teuthology.orchestra.run.smithi027.stdout:/usr/bin/ceph: stderr
2024-09-12T01:59:18.607+0000 7f550f800640 1 -- --> [v2:172.21.15.27:3300/0,v1:172.21.15.27:6789/0] -- mon_getmap magic: 0 -- 0x7f550810e0a0 con 0x7f5508109af0
2024-09-12T01:59:19.525 INFO:teuthology.orchestra.run.smithi027.stdout:/usr/bin/ceph: stderr
2024-09-12T01:59:18.608+0000 7f550ce00640 1 --2- >> [v2:172.21.15.27:3300/0,v1:172.21.15.27:6789/0] conn(0x7f5508109af0 0x7f550819dbe0 unknown :-1 s=BANNER_CONNECTING pgs=0 cs=0 l=1 rev1=0 crypto rx=0 tx=0 comp rx=0 tx=0)._handle_peer_banner_payload supported=3 required=0
2024-09-12T01:59:19.525 INFO:teuthology.orchestra.run.smithi027.stdout:/usr/bin/ceph: stderr
2024-09-12T01:59:18.608+0000 7f550ce00640 1 --2- >> [v2:172.21.15.27:3300/0,v1:172.21.15.27:6789/0] conn(0x7f5508109af0 0x7f550819dbe0 unknown :-1 s=HELLO_CONNECTING pgs=0 cs=0 l=1 rev1=1 crypto rx=0 tx=0 comp rx=0 tx=0).handle_hello peer v2:172.21.15.27:3300/0 says I am v2:172.21.15.27:40314/0 (socket says 172.21.15.27:40314)
2024-09-12T01:59:19.525 INFO:teuthology.orchestra.run.smithi027.stdout:/usr/bin/ceph: stderr
2024-09-12T01:59:18.608+0000 7f550ce00640 1 -- 172.21.15.27:0/2377235705 learned_addr learned my addr 172.21.15.27:0/2377235705 (peer_addr_for_me v2:172.21.15.27:0/0)
2024-09-12T01:59:19.525 INFO:teuthology.orchestra.run.smithi027.stdout:/usr/bin/ceph: stderr
2024-09-12T01:59:18.608+0000 7f550ce00640 1 -- 172.21.15.27:0/2377235705 --> [v2:172.21.15.27:3300/0,v1:172.21.15.27:6789/0] -- mon_subscribe({config=0+,monmap=0+}) -- 0x7f550819e120 con 0x7f5508109af0
2024-09-12T01:59:19.526 INFO:teuthology.orchestra.run.smithi027.stdout:/usr/bin/ceph: stderr
2024-09-12T01:59:18.609+0000 7f550ce00640 1 --2- 172.21.15.27:0/2377235705 >> [v2:172.21.15.27:3300/0,v1:172.21.15.27:6789/0] conn(0x7f5508109af0 0x7f550819dbe0 secure :-1 s=READY pgs=25 cs=0 l=1 rev1=1 crypto rx=0x7f54fc0097f0 tx=0x7f54fc032e60 comp rx=0 tx=0).ready entity=mon.0 client_cookie=0 server_cookie=0 in_seq=0 out_seq=0
2024-09-12T01:59:19.526 INFO:teuthology.orchestra.run.smithi027.stdout:/usr/bin/ceph: stderr
2024-09-12T01:59:18.609+0000 7f5505600640 1 -- 172.21.15.27:0/2377235705 <== mon.0 v2:172.21.15.27:3300/0 1 ==== mon_map magic: 0 ==== 205+0+0 (secure 0 0 0) 0x7f54fc042070 con 0x7f5508109af0
2024-09-12T01:59:19.526 INFO:teuthology.orchestra.run.smithi027.stdout:/usr/bin/ceph: stderr
2024-09-12T01:59:18.609+0000 7f5505600640 1 -- 172.21.15.27:0/2377235705 <== mon.0 v2:172.21.15.27:3300/0 2 ==== config(29 keys) ==== 1178+0+0 (secure 0 0 0) 0x7f54fc0325f0 con 0x7f5508109af0
2024-09-12T01:59:19.526 INFO:teuthology.orchestra.run.smithi027.stdout:/usr/bin/ceph: stderr
2024-09-12T01:59:18.609+0000 7f5505600640 1 -- 172.21.15.27:0/2377235705 <== mon.0 v2:172.21.15.27:3300/0 3 ==== mon_map magic: 0 ==== 205+0+0 (secure 0 0 0) 0x7f54fc037040 con 0x7f5508109af0
2024-09-12T01:59:19.526 INFO:teuthology.orchestra.run.smithi027.stdout:/usr/bin/ceph: stderr
2024-09-12T01:59:18.609+0000 7f550f800640 1 -- 172.21.15.27:0/2377235705 --> [v2:172.21.15.27:3300/0,v1:172.21.15.27:6789/0] -- mon_subscribe({mgrmap=0+}) -- 0x7f550819e3b0 con 0x7f5508109af0
2024-09-12T01:59:19.527 INFO:teuthology.orchestra.run.smithi027.stdout:/usr/bin/ceph: stderr
2024-09-12T01:59:18.609+0000 7f550f800640 1 -- 172.21.15.27:0/2377235705 --> [v2:172.21.15.27:3300/0,v1:172.21.15.27:6789/0] -- mon_subscribe({osdmap=0}) -- 0x7f55081a10a0 con 0x7f5508109af0
2024-09-12T01:59:19.527 INFO:teuthology.orchestra.run.smithi027.stdout:/usr/bin/ceph: stderr
2024-09-12T01:59:18.610+0000 7f5505600640 1 -- 172.21.15.27:0/2377235705 <== mon.0 v2:172.21.15.27:3300/0 4 ==== mgrmap(e 5) ==== 46287+0+0 (secure 0 0 0) 0x7f54fc045070 con 0x7f5508109af0
2024-09-12T01:59:19.527 INFO:teuthology.orchestra.run.smithi027.stdout:/usr/bin/ceph: stderr
2024-09-12T01:59:18.610+0000 7f550f800640 1 -- 172.21.15.27:0/2377235705 --> [v2:172.21.15.27:3300/0,v1:172.21.15.27:6789/0] -- mon_command({"prefix": "get_command_descriptions"} v 0) -- 0x7f5508109f70 con 0x7f5508109af0
2024-09-12T01:59:19.527 INFO:teuthology.orchestra.run.smithi027.stdout:/usr/bin/ceph: stderr
2024-09-12T01:59:18.611+0000 7f5505600640 1 --2- 172.21.15.27:0/2377235705 >> [v2:172.21.15.27:6800/3383274021,v1:172.21.15.27:6801/3383274021] conn(0x7f54f0038fc0 0x7f54f003b480 unknown :-1 s=NONE pgs=0 cs=0 l=1 rev1=0 crypto rx=0 tx=0 comp rx=0 tx=0).connect
2024-09-12T01:59:19.527 INFO:teuthology.orchestra.run.smithi027.stdout:/usr/bin/ceph: stderr
2024-09-12T01:59:18.611+0000 7f5505600640 1 -- 172.21.15.27:0/2377235705 <== mon.0 v2:172.21.15.27:3300/0 5 ==== osd_map(1..1 src has 1..1) ==== 725+0+0 (secure 0 0 0) 0x7f54fc06bf00 con 0x7f5508109af0
2024-09-12T01:59:19.527 INFO:teuthology.orchestra.run.smithi027.stdout:/usr/bin/ceph: stderr
2024-09-12T01:59:18.611+0000 7f5507e00640 1 -- 172.21.15.27:0/2377235705 >> [v2:172.21.15.27:6800/3383274021,v1:172.21.15.27:6801/3383274021] conn(0x7f54f0038fc0 msgr2=0x7f54f003b480 unknown :-1 s=STATE_CONNECTING_RE l=1).process reconnect failed to v2:172.21.15.27:6800/3383274021
2024-09-12T01:59:19.527 INFO:teuthology.orchestra.run.smithi027.stdout:/usr/bin/ceph: stderr
2024-09-12T01:59:18.611+0000 7f5507e00640 1 --2- 172.21.15.27:0/2377235705 >> [v2:172.21.15.27:6800/3383274021,v1:172.21.15.27:6801/3383274021] conn(0x7f54f0038fc0 0x7f54f003b480 unknown :-1 s=START_CONNECT pgs=0 cs=0 l=1 rev1=0 crypto rx=0 tx=0 comp rx=0 tx=0)._fault waiting 0.200000
2024-09-12T01:59:19.528 INFO:teuthology.orchestra.run.smithi027.stdout:/usr/bin/ceph: stderr
2024-09-12T01:59:18.616+0000 7f5505600640 1 -- 172.21.15.27:0/2377235705 <== mon.0 v2:172.21.15.27:3300/0 6 ==== mon_command_ack([{"prefix": "get_command_descriptions"}]=0 v0) ==== 72+0+188821 (secure 0 0 0) 0x7f54fc04b170 con 0x7f5508109af0
2024-09-12T01:59:19.528 INFO:teuthology.orchestra.run.smithi027.stdout:/usr/bin/ceph: stderr
2024-09-12T01:59:18.812+0000 7f5507e00640 1 -- 172.21.15.27:0/2377235705 >> [v2:172.21.15.27:6800/3383274021,v1:172.21.15.27:6801/3383274021] conn(0x7f54f0038fc0 msgr2=0x7f54f003b480 unknown :-1 s=STATE_CONNECTING_RE l=1).process reconnect failed to v2:172.21.15.27:6800/3383274021
2024-09-12T01:59:19.528 INFO:teuthology.orchestra.run.smithi027.stdout:/usr/bin/ceph: stderr
2024-09-12T01:59:18.812+0000 7f5507e00640 1 --2- 172.21.15.27:0/2377235705 >> [v2:172.21.15.27:6800/3383274021,v1:172.21.15.27:6801/3383274021] conn(0x7f54f0038fc0 0x7f54f003b480 unknown :-1 s=START_CONNECT pgs=0 cs=0 l=1 rev1=0 crypto rx=0 tx=0 comp rx=0 tx=0)._fault waiting 0.400000
2024-09-12T01:59:19.528 INFO:teuthology.orchestra.run.smithi027.stdout:/usr/bin/ceph: stderr
2024-09-12T01:59:18.850+0000 7f550f800640 1 -- 172.21.15.27:0/2377235705 --> [v2:172.21.15.27:3300/0,v1:172.21.15.27:6789/0] -- mon_command({"prefix": "mgr stat"} v 0) -- 0x7f55081a1720 con 0x7f5508109af0
2024-09-12T01:59:19.528 INFO:teuthology.orchestra.run.smithi027.stdout:/usr/bin/ceph: stderr
2024-09-12T01:59:18.850+0000 7f5505600640 1 -- 172.21.15.27:0/2377235705 <== mon.0 v2:172.21.15.27:3300/0 7 ==== mon_command_ack([{"prefix": "mgr stat"}]=0 v5) ==== 56+0+88 (secure 0 0 0) 0x7f54fc06b920 con 0x7f5508109af0
2024-09-12T01:59:19.528 INFO:teuthology.orchestra.run.smithi027.stdout:/usr/bin/ceph: stderr
2024-09-12T01:59:18.852+0000 7f550f800640 1 -- 172.21.15.27:0/2377235705 >> [v2:172.21.15.27:6800/3383274021,v1:172.21.15.27:6801/3383274021] conn(0x7f54f0038fc0 msgr2=0x7f54f003b480 unknown :-1 s=STATE_CONNECTING l=1).mark_down
2024-09-12T01:59:19.528 INFO:teuthology.orchestra.run.smithi027.stdout:/usr/bin/ceph: stderr
2024-09-12T01:59:18.852+0000 7f550f800640 1 --2- 172.21.15.27:0/2377235705 >> [v2:172.21.15.27:6800/3383274021,v1:172.21.15.27:6801/3383274021] conn(0x7f54f0038fc0 0x7f54f003b480 unknown :-1 s=START_CONNECT pgs=0 cs=0 l=1 rev1=0 crypto rx=0 tx=0 comp rx=0 tx=0).stop
2024-09-12T01:59:19.529 INFO:teuthology.orchestra.run.smithi027.stdout:/usr/bin/ceph: stderr
2024-09-12T01:59:18.852+0000 7f550f800640 1 -- 172.21.15.27:0/2377235705 >> [v2:172.21.15.27:3300/0,v1:172.21.15.27:6789/0] conn(0x7f5508109af0 msgr2=0x7f550819dbe0 secure :-1 s=STATE_CONNECTION_ESTABLISHED l=1).mark_down
2024-09-12T01:59:19.529 INFO:teuthology.orchestra.run.smithi027.stdout:/usr/bin/ceph: stderr
2024-09-12T01:59:18.852+0000 7f550f800640 1 --2- 172.21.15.27:0/2377235705 >> [v2:172.21.15.27:3300/0,v1:172.21.15.27:6789/0] conn(0x7f5508109af0 0x7f550819dbe0 secure :-1 s=READY pgs=25 cs=0 l=1 rev1=1 crypto rx=0x7f54fc0097f0 tx=0x7f54fc032e60 comp rx=0 tx=0).stop
2024-09-12T01:59:19.529 INFO:teuthology.orchestra.run.smithi027.stdout:/usr/bin/ceph: stderr
2024-09-12T01:59:18.852+0000 7f550f800640 1 -- 172.21.15.27:0/2377235705 shutdown_connections
2024-09-12T01:59:19.529 INFO:teuthology.orchestra.run.smithi027.stdout:/usr/bin/ceph: stderr
2024-09-12T01:59:18.852+0000 7f550f800640 1 --2- 172.21.15.27:0/2377235705 >> [v2:172.21.15.27:6800/3383274021,v1:172.21.15.27:6801/3383274021] conn(0x7f54f0038fc0 0x7f54f003b480 unknown :-1 s=CLOSED pgs=0 cs=0 l=1 rev1=0 crypto rx=0 tx=0 comp rx=0 tx=0).stop
2024-09-12T01:59:19.529 INFO:teuthology.orchestra.run.smithi027.stdout:/usr/bin/ceph: stderr
2024-09-12T01:59:18.852+0000 7f550f800640 1 --2- 172.21.15.27:0/2377235705 >> [v2:172.21.15.27:3300/0,v1:172.21.15.27:6789/0] conn(0x7f5508109af0 0x7f550819dbe0 unknown :-1 s=CLOSED pgs=25 cs=0 l=1 rev1=1 crypto rx=0 tx=0 comp rx=0 tx=0).stop
2024-09-12T01:59:19.529 INFO:teuthology.orchestra.run.smithi027.stdout:/usr/bin/ceph: stderr
2024-09-12T01:59:18.852+0000 7f550f800640 1 -- 172.21.15.27:0/2377235705 >> 172.21.15.27:0/2377235705 conn(0x7f550807d0d0 msgr2=0x7f55081075f0 unknown :-1 s=STATE_NONE l=0).mark_down
2024-09-12T01:59:19.529 INFO:teuthology.orchestra.run.smithi027.stdout:/usr/bin/ceph: stderr
2024-09-12T01:59:18.853+0000 7f550f800640 1 -- 172.21.15.27:0/2377235705 shutdown_connections
2024-09-12T01:59:19.530 INFO:teuthology.orchestra.run.smithi027.stdout:/usr/bin/ceph: stderr
2024-09-12T01:59:18.853+0000 7f550f800640 1 -- 172.21.15.27:0/2377235705 wait complete.
2024-09-12T01:59:19.530 INFO:teuthology.orchestra.run.smithi027.stdout:Waiting for the mgr to restart...
2024-09-12T01:59:19.530 INFO:teuthology.orchestra.run.smithi027.stdout:Waiting for mgr epoch 5...
2024-09-12T01:59:19.654 INFO:journalctl@ceph.mon.a.smithi027.stdout:Sep 12 01:59:19 smithi027 ceph-mon[30598]: from='client.? 172.21.15.27:0/2377235705' entity='client.admin' cmd=[{"prefix": "mgr stat"}]: dispatch
2024-09-12T01:59:20.703 INFO:journalctl@ceph.mgr.x.smithi027.stdout:Sep 12 01:59:20 smithi027 ceph-6c2476ba-70aa-11ef-bcea-c7b262605968-mgr-x[30826]:
2024-09-12T01:59:20.260+0000 7feb42923040 -1 mgr[py] Module telemetry has missing NOTIFY_TYPES member
2024-09-12T01:59:20.703 INFO:journalctl@ceph.mgr.x.smithi027.stdout:Sep 12 01:59:20 smithi027 ceph-6c2476ba-70aa-11ef-bcea-c7b262605968-mgr-x[30826]:
2024-09-12T01:59:20.344+0000 7feb42923040 -1 mgr[py] Module balancer has missing NOTIFY_TYPES member
2024-09-12T01:59:21.611 INFO:journalctl@ceph.mgr.x.smithi027.stdout:Sep 12 01:59:21 smithi027 ceph-6c2476ba-70aa-11ef-bcea-c7b262605968-mgr-x[30826]:
2024-09-12T01:59:21.298+0000 7feb42923040 -1 mgr[py] Module rook has missing NOTIFY_TYPES member
2024-09-12T01:59:21.611 INFO:journalctl@ceph.mgr.x.smithi027.stdout:Sep 12 01:59:21 smithi027 ceph-6c2476ba-70aa-11ef-bcea-c7b262605968-mgr-x[30826]:
2024-09-12T01:59:21.440+0000 7feb42923040 -1 mgr[py] Module iostat has missing NOTIFY_TYPES member
2024-09-12T01:59:21.611 INFO:journalctl@ceph.mgr.x.smithi027.stdout:Sep 12 01:59:21 smithi027 ceph-6c2476ba-70aa-11ef-bcea-c7b262605968-mgr-x[30826]:
2024-09-12T01:59:21.611+0000 7feb42923040 -1 mgr[py] Module orchestrator has missing NOTIFY_TYPES member
2024-09-12T01:59:21.865 INFO:journalctl@ceph.mgr.x.smithi027.stdout:Sep 12 01:59:21 smithi027 ceph-6c2476ba-70aa-11ef-bcea-c7b262605968-mgr-x[30826]:
2024-09-12T01:59:21.686+0000 7feb42923040 -1 mgr[py] Module devicehealth has missing NOTIFY_TYPES member
2024-09-12T01:59:21.865 INFO:journalctl@ceph.mgr.x.smithi027.stdout:Sep 12 01:59:21 smithi027 ceph-6c2476ba-70aa-11ef-bcea-c7b262605968-mgr-x[30826]:
2024-09-12T01:59:21.865+0000 7feb42923040 -1 mgr[py] Module rgw has missing NOTIFY_TYPES member
2024-09-12T01:59:22.202 INFO:journalctl@ceph.mgr.x.smithi027.stdout:Sep 12 01:59:21 smithi027 ceph-6c2476ba-70aa-11ef-bcea-c7b262605968-mgr-x[30826]:
2024-09-12T01:59:21.949+0000 7feb42923040 -1 mgr[py] Module alerts has missing NOTIFY_TYPES member
2024-09-12T01:59:22.203 INFO:journalctl@ceph.mgr.x.smithi027.stdout:Sep 12 01:59:22 smithi027 ceph-6c2476ba-70aa-11ef-bcea-c7b262605968-mgr-x[30826]:
2024-09-12T01:59:22.024+0000 7feb42923040 -1 mgr[py] Module progress has missing NOTIFY_TYPES member
2024-09-12T01:59:22.476 INFO:journalctl@ceph.mgr.x.smithi027.stdout:Sep 12 01:59:22 smithi027 ceph-6c2476ba-70aa-11ef-bcea-c7b262605968-mgr-x[30826]:
2024-09-12T01:59:22.212+0000 7feb42923040 -1 mgr[py] Module nfs has missing NOTIFY_TYPES member
2024-09-12T01:59:22.476 INFO:journalctl@ceph.mgr.x.smithi027.stdout:Sep 12 01:59:22 smithi027 ceph-6c2476ba-70aa-11ef-bcea-c7b262605968-mgr-x[30826]:
2024-09-12T01:59:22.293+0000 7feb42923040 -1 mgr[py] Module status has missing NOTIFY_TYPES member
2024-09-12T01:59:22.477 INFO:journalctl@ceph.mgr.x.smithi027.stdout:Sep 12 01:59:22 smithi027 ceph-6c2476ba-70aa-11ef-bcea-c7b262605968-mgr-x[30826]:
2024-09-12T01:59:22.375+0000 7feb42923040 -1 mgr[py] Module pg_autoscaler has missing NOTIFY_TYPES member
2024-09-12T01:59:22.477 INFO:journalctl@ceph.mgr.x.smithi027.stdout:Sep 12 01:59:22 smithi027 ceph-6c2476ba-70aa-11ef-bcea-c7b262605968-mgr-x[30826]:
2024-09-12T01:59:22.476+0000 7feb42923040 -1 mgr[py] Module rbd_support has missing NOTIFY_TYPES member
2024-09-12T01:59:22.953 INFO:journalctl@ceph.mgr.x.smithi027.stdout:Sep 12 01:59:22 smithi027 ceph-6c2476ba-70aa-11ef-bcea-c7b262605968-mgr-x[30826]:
2024-09-12T01:59:22.550+0000 7feb42923040 -1 mgr[py] Module influx has missing NOTIFY_TYPES member
2024-09-12T01:59:22.953 INFO:journalctl@ceph.mgr.x.smithi027.stdout:Sep 12 01:59:22 smithi027 ceph-6c2476ba-70aa-11ef-bcea-c7b262605968-mgr-x[30826]:
2024-09-12T01:59:22.623+0000 7feb42923040 -1 mgr[py] Module zabbix has missing NOTIFY_TYPES member
2024-09-12T01:59:23.953 INFO:journalctl@ceph.mgr.x.smithi027.stdout:Sep 12 01:59:23 smithi027 ceph-6c2476ba-70aa-11ef-bcea-c7b262605968-mgr-x[30826]:
2024-09-12T01:59:23.577+0000 7feb42923040 -1 mgr[py] Module telegraf has missing NOTIFY_TYPES member
2024-09-12T01:59:23.953 INFO:journalctl@ceph.mon.a.smithi027.stdout:Sep 12 01:59:23 smithi027 ceph-mon[30598]: Active manager daemon x restarted
2024-09-12T01:59:23.953 INFO:journalctl@ceph.mon.a.smithi027.stdout:Sep 12 01:59:23 smithi027 ceph-mon[30598]: Activating manager daemon x
2024-09-12T01:59:23.953 INFO:journalctl@ceph.mon.a.smithi027.stdout:Sep 12 01:59:23 smithi027 ceph-mon[30598]: osdmap e2: 0 total, 0 up, 0 in
2024-09-12T01:59:23.953 INFO:journalctl@ceph.mon.a.smithi027.stdout:Sep 12 01:59:23 smithi027 ceph-mon[30598]: mgrmap e6: x(active, starting, since 0.00386634s)
2024-09-12T01:59:23.953 INFO:journalctl@ceph.mon.a.smithi027.stdout:Sep 12 01:59:23 smithi027 ceph-mon[30598]: from='mgr.14118 172.21.15.27:0/187252916' entity='mgr.x' cmd=[{"prefix": "mon metadata", "id": "a"}]: dispatch
2024-09-12T01:59:23.953 INFO:journalctl@ceph.mon.a.smithi027.stdout:Sep 12 01:59:23 smithi027 ceph-mon[30598]: from='mgr.14118 172.21.15.27:0/187252916' entity='mgr.x' cmd=[{"prefix": "mgr metadata", "who": "x", "id": "x"}]: dispatch
2024-09-12T01:59:23.953 INFO:journalctl@ceph.mon.a.smithi027.stdout:Sep 12 01:59:23 smithi027 ceph-mon[30598]: from='mgr.14118 172.21.15.27:0/187252916' entity='mgr.x' cmd=[{"prefix": "mds metadata"}]: dispatch
2024-09-12T01:59:23.954 INFO:journalctl@ceph.mon.a.smithi027.stdout:Sep 12 01:59:23 smithi027 ceph-mon[30598]: from='mgr.14118 172.21.15.27:0/187252916' entity='mgr.x' cmd=[{"prefix": "osd metadata"}]: dispatch
2024-09-12T01:59:23.954 INFO:journalctl@ceph.mon.a.smithi027.stdout:Sep 12 01:59:23 smithi027 ceph-mon[30598]: from='mgr.14118 172.21.15.27:0/187252916' entity='mgr.x' cmd=[{"prefix": "mon metadata"}]: dispatch
2024-09-12T01:59:23.954 INFO:journalctl@ceph.mon.a.smithi027.stdout:Sep 12 01:59:23 smithi027 ceph-mon[30598]: Manager daemon x is now available
2024-09-12T01:59:23.954 INFO:journalctl@ceph.mon.a.smithi027.stdout:Sep 12 01:59:23 smithi027 ceph-mon[30598]: from='mgr.14118 172.21.15.27:0/187252916' entity='mgr.x'
2024-09-12T01:59:23.954 INFO:journalctl@ceph.mon.a.smithi027.stdout:Sep 12 01:59:23 smithi027 ceph-mon[30598]: from='mgr.14118 172.21.15.27:0/187252916' entity='mgr.x'
2024-09-12T01:59:23.954 INFO:journalctl@ceph.mon.a.smithi027.stdout:Sep 12 01:59:23 smithi027 ceph-mon[30598]: from='mgr.14118 172.21.15.27:0/187252916' entity='mgr.x' cmd=[{"prefix": "config dump", "format": "json"}]: dispatch
2024-09-12T01:59:23.954 INFO:journalctl@ceph.mon.a.smithi027.stdout:Sep 12 01:59:23 smithi027 ceph-mon[30598]: from='mgr.14118 172.21.15.27:0/187252916' entity='mgr.x' cmd=[{"prefix": "config dump", "format": "json"}]: dispatch
2024-09-12T01:59:24.953 INFO:journalctl@ceph.mon.a.smithi027.stdout:Sep 12 01:59:24 smithi027 ceph-mon[30598]: Found migration_current of "None". Setting to last migration.
2024-09-12T01:59:24.953 INFO:journalctl@ceph.mon.a.smithi027.stdout:Sep 12 01:59:24 smithi027 ceph-mon[30598]: from='mgr.14118 172.21.15.27:0/187252916' entity='mgr.x' cmd=[{"prefix":"config rm","who":"mgr","name":"mgr/rbd_support/x/mirror_snapshot_schedule"}]: dispatch
2024-09-12T01:59:24.953 INFO:journalctl@ceph.mon.a.smithi027.stdout:Sep 12 01:59:24 smithi027 ceph-mon[30598]: from='mgr.14118 172.21.15.27:0/187252916' entity='mgr.x' cmd=[{"prefix":"config rm","who":"mgr","name":"mgr/rbd_support/x/trash_purge_schedule"}]: dispatch
2024-09-12T01:59:24.953 INFO:journalctl@ceph.mon.a.smithi027.stdout:Sep 12 01:59:24 smithi027 ceph-mon[30598]: mgrmap e7: x(active, since 1.00722s)
2024-09-12T01:59:25.333 INFO:teuthology.orchestra.run.smithi027.stdout:/usr/bin/ceph: stdout {
2024-09-12T01:59:25.333 INFO:teuthology.orchestra.run.smithi027.stdout:/usr/bin/ceph: stdout "mgrmap_epoch": 7,
2024-09-12T01:59:25.333 INFO:teuthology.orchestra.run.smithi027.stdout:/usr/bin/ceph: stdout "initialized": true
2024-09-12T01:59:25.333 INFO:teuthology.orchestra.run.smithi027.stdout:/usr/bin/ceph: stdout }
2024-09-12T01:59:25.334 INFO:teuthology.orchestra.run.smithi027.stdout:/usr/bin/ceph: stderr
2024-09-12T01:59:20.101+0000 7fed40600640 1 Processor -- start
2024-09-12T01:59:25.334 INFO:teuthology.orchestra.run.smithi027.stdout:/usr/bin/ceph: stderr
2024-09-12T01:59:20.101+0000 7fed40600640 1 -- start start
2024-09-12T01:59:25.334 INFO:teuthology.orchestra.run.smithi027.stdout:/usr/bin/ceph: stderr
2024-09-12T01:59:20.101+0000 7fed40600640 1 --2- >> [v2:172.21.15.27:3300/0,v1:172.21.15.27:6789/0] conn(0x7fed38109af0 0x7fed38109ef0 unknown :-1 s=NONE pgs=0 cs=0 l=0 rev1=0 crypto rx=0 tx=0 comp rx=0 tx=0).connect
2024-09-12T01:59:25.334 INFO:teuthology.orchestra.run.smithi027.stdout:/usr/bin/ceph: stderr
2024-09-12T01:59:20.101+0000 7fed40600640 1 -- --> [v2:172.21.15.27:3300/0,v1:172.21.15.27:6789/0] -- mon_getmap magic: 0 -- 0x7fed3810a4c0 con 0x7fed38109af0
2024-09-12T01:59:25.334 INFO:teuthology.orchestra.run.smithi027.stdout:/usr/bin/ceph: stderr
2024-09-12T01:59:20.102+0000 7fed3dc00640 1 --2- >> [v2:172.21.15.27:3300/0,v1:172.21.15.27:6789/0] conn(0x7fed38109af0 0x7fed38109ef0 unknown :-1 s=BANNER_CONNECTING pgs=0 cs=0 l=0 rev1=0 crypto rx=0 tx=0 comp rx=0 tx=0)._handle_peer_banner_payload supported=3 required=0
2024-09-12T01:59:25.334 INFO:teuthology.orchestra.run.smithi027.stdout:/usr/bin/ceph: stderr
2024-09-12T01:59:20.102+0000 7fed3dc00640 1 --2- >> [v2:172.21.15.27:3300/0,v1:172.21.15.27:6789/0] conn(0x7fed38109af0 0x7fed38109ef0 unknown :-1 s=HELLO_CONNECTING pgs=0 cs=0 l=0 rev1=1 crypto rx=0 tx=0 comp rx=0 tx=0).handle_hello peer v2:172.21.15.27:3300/0 says I am v2:172.21.15.27:40326/0 (socket says 172.21.15.27:40326)
2024-09-12T01:59:25.334 INFO:teuthology.orchestra.run.smithi027.stdout:/usr/bin/ceph: stderr
2024-09-12T01:59:20.102+0000 7fed3dc00640 1 -- 172.21.15.27:0/2908339770 learned_addr learned my addr 172.21.15.27:0/2908339770 (peer_addr_for_me v2:172.21.15.27:0/0)
2024-09-12T01:59:25.334 INFO:teuthology.orchestra.run.smithi027.stdout:/usr/bin/ceph: stderr
2024-09-12T01:59:20.102+0000 7fed3dc00640 1 -- 172.21.15.27:0/2908339770 --> [v2:172.21.15.27:3300/0,v1:172.21.15.27:6789/0] -- mon_subscribe({config=0+,monmap=0+}) -- 0x7fed3810acf0 con 0x7fed38109af0
2024-09-12T01:59:25.334 INFO:teuthology.orchestra.run.smithi027.stdout:/usr/bin/ceph: stderr
2024-09-12T01:59:20.103+0000 7fed3dc00640 1 --2- 172.21.15.27:0/2908339770 >> [v2:172.21.15.27:3300/0,v1:172.21.15.27:6789/0] conn(0x7fed38109af0 0x7fed38109ef0 secure :-1 s=READY pgs=26 cs=0 l=1 rev1=1 crypto rx=0x7fed2c009820 tx=0x7fed2c02a270 comp rx=0 tx=0).ready entity=mon.0 client_cookie=bad97fed4f585001 server_cookie=0 in_seq=0 out_seq=0
2024-09-12T01:59:25.334 INFO:teuthology.orchestra.run.smithi027.stdout:/usr/bin/ceph: stderr
2024-09-12T01:59:20.104+0000 7fed37e00640 1 -- 172.21.15.27:0/2908339770 <== mon.0 v2:172.21.15.27:3300/0 1 ==== mon_map magic: 0 ==== 205+0+0 (secure 0 0 0) 0x7fed2c037070 con 0x7fed38109af0
2024-09-12T01:59:25.334 INFO:teuthology.orchestra.run.smithi027.stdout:/usr/bin/ceph: stderr
2024-09-12T01:59:20.104+0000 7fed37e00640 1 -- 172.21.15.27:0/2908339770 <== mon.0 v2:172.21.15.27:3300/0 2 ==== config(29 keys) ==== 1178+0+0 (secure 0 0 0) 0x7fed2c032940 con 0x7fed38109af0
2024-09-12T01:59:25.334 INFO:teuthology.orchestra.run.smithi027.stdout:/usr/bin/ceph: stderr
2024-09-12T01:59:20.104+0000 7fed37e00640 1 -- 172.21.15.27:0/2908339770 <== mon.0 v2:172.21.15.27:3300/0 3 ==== mon_map magic: 0 ==== 205+0+0 (secure 0 0 0) 0x7fed2c0309c0 con 0x7fed38109af0
2024-09-12T01:59:25.335 INFO:teuthology.orchestra.run.smithi027.stdout:/usr/bin/ceph: stderr
2024-09-12T01:59:20.104+0000 7fed40600640 1 -- 172.21.15.27:0/2908339770 >> [v2:172.21.15.27:3300/0,v1:172.21.15.27:6789/0] conn(0x7fed38109af0 msgr2=0x7fed38109ef0 secure :-1 s=STATE_CONNECTION_ESTABLISHED l=1).mark_down
2024-09-12T01:59:25.335 INFO:teuthology.orchestra.run.smithi027.stdout:/usr/bin/ceph: stderr
2024-09-12T01:59:20.104+0000 7fed40600640 1 --2- 172.21.15.27:0/2908339770 >> [v2:172.21.15.27:3300/0,v1:172.21.15.27:6789/0] conn(0x7fed38109af0 0x7fed38109ef0 secure :-1 s=READY pgs=26 cs=0 l=1 rev1=1 crypto rx=0x7fed2c009820 tx=0x7fed2c02a270 comp rx=0 tx=0).stop
2024-09-12T01:59:25.335 INFO:teuthology.orchestra.run.smithi027.stdout:/usr/bin/ceph: stderr
2024-09-12T01:59:20.105+0000 7fed40600640 1 -- 172.21.15.27:0/2908339770 shutdown_connections
2024-09-12T01:59:25.335 INFO:teuthology.orchestra.run.smithi027.stdout:/usr/bin/ceph: stderr
2024-09-12T01:59:20.105+0000 7fed40600640 1 --2- 172.21.15.27:0/2908339770 >> [v2:172.21.15.27:3300/0,v1:172.21.15.27:6789/0] conn(0x7fed38109af0 0x7fed38109ef0 unknown :-1 s=CLOSED pgs=26 cs=0 l=1 rev1=1 crypto rx=0 tx=0 comp rx=0 tx=0).stop
2024-09-12T01:59:25.335 INFO:teuthology.orchestra.run.smithi027.stdout:/usr/bin/ceph: stderr
2024-09-12T01:59:20.105+0000 7fed40600640 1 -- 172.21.15.27:0/2908339770 >> 172.21.15.27:0/2908339770 conn(0x7fed3807d0d0 msgr2=0x7fed3807d4e0 unknown :-1 s=STATE_NONE l=0).mark_down
2024-09-12T01:59:25.335 INFO:teuthology.orchestra.run.smithi027.stdout:/usr/bin/ceph: stderr
2024-09-12T01:59:20.105+0000 7fed40600640 1 -- 172.21.15.27:0/2908339770 shutdown_connections
2024-09-12T01:59:25.335 INFO:teuthology.orchestra.run.smithi027.stdout:/usr/bin/ceph: stderr
2024-09-12T01:59:20.105+0000 7fed40600640 1 -- 172.21.15.27:0/2908339770 wait complete.
2024-09-12T01:59:25.335 INFO:teuthology.orchestra.run.smithi027.stdout:/usr/bin/ceph: stderr
2024-09-12T01:59:20.106+0000 7fed40600640 1 Processor -- start
2024-09-12T01:59:25.335 INFO:teuthology.orchestra.run.smithi027.stdout:/usr/bin/ceph: stderr
2024-09-12T01:59:20.106+0000 7fed40600640 1 -- start start
2024-09-12T01:59:25.335 INFO:teuthology.orchestra.run.smithi027.stdout:/usr/bin/ceph: stderr
2024-09-12T01:59:20.106+0000 7fed40600640 1 --2- >> [v2:172.21.15.27:3300/0,v1:172.21.15.27:6789/0] conn(0x7fed38109af0 0x7fed3819dbe0 unknown :-1 s=NONE pgs=0 cs=0 l=1 rev1=0 crypto rx=0 tx=0 comp rx=0 tx=0).connect
2024-09-12T01:59:25.335 INFO:teuthology.orchestra.run.smithi027.stdout:/usr/bin/ceph: stderr
2024-09-12T01:59:20.106+0000 7fed40600640 1 -- --> [v2:172.21.15.27:3300/0,v1:172.21.15.27:6789/0] -- mon_getmap magic: 0 -- 0x7fed3810e0a0 con 0x7fed38109af0
2024-09-12T01:59:25.335 INFO:teuthology.orchestra.run.smithi027.stdout:/usr/bin/ceph: stderr
2024-09-12T01:59:20.106+0000 7fed3dc00640 1 --2- >> [v2:172.21.15.27:3300/0,v1:172.21.15.27:6789/0] conn(0x7fed38109af0 0x7fed3819dbe0 unknown :-1 s=BANNER_CONNECTING pgs=0 cs=0 l=1 rev1=0 crypto rx=0 tx=0 comp rx=0 tx=0)._handle_peer_banner_payload supported=3 required=0
2024-09-12T01:59:25.336 INFO:teuthology.orchestra.run.smithi027.stdout:/usr/bin/ceph: stderr
2024-09-12T01:59:20.106+0000 7fed3dc00640 1 --2- >> [v2:172.21.15.27:3300/0,v1:172.21.15.27:6789/0] conn(0x7fed38109af0 0x7fed3819dbe0 unknown :-1 s=HELLO_CONNECTING pgs=0 cs=0 l=1 rev1=1 crypto rx=0 tx=0 comp rx=0 tx=0).handle_hello peer v2:172.21.15.27:3300/0 says I am v2:172.21.15.27:40342/0 (socket says 172.21.15.27:40342)
2024-09-12T01:59:25.336 INFO:teuthology.orchestra.run.smithi027.stdout:/usr/bin/ceph: stderr
2024-09-12T01:59:20.106+0000 7fed3dc00640 1 -- 172.21.15.27:0/971238537 learned_addr learned my addr 172.21.15.27:0/971238537 (peer_addr_for_me v2:172.21.15.27:0/0)
2024-09-12T01:59:25.336 INFO:teuthology.orchestra.run.smithi027.stdout:/usr/bin/ceph: stderr
2024-09-12T01:59:20.107+0000 7fed3dc00640 1 -- 172.21.15.27:0/971238537 --> [v2:172.21.15.27:3300/0,v1:172.21.15.27:6789/0] -- mon_subscribe({config=0+,monmap=0+}) -- 0x7fed3819e120 con 0x7fed38109af0
2024-09-12T01:59:25.336 INFO:teuthology.orchestra.run.smithi027.stdout:/usr/bin/ceph: stderr
2024-09-12T01:59:20.107+0000 7fed3dc00640 1 --2- 172.21.15.27:0/971238537 >> [v2:172.21.15.27:3300/0,v1:172.21.15.27:6789/0] conn(0x7fed38109af0 0x7fed3819dbe0 secure :-1 s=READY pgs=27 cs=0 l=1 rev1=1 crypto rx=0x7fed2c0097f0 tx=0x7fed2c032e60 comp rx=0 tx=0).ready entity=mon.0 client_cookie=0 server_cookie=0 in_seq=0 out_seq=0
2024-09-12T01:59:25.336 INFO:teuthology.orchestra.run.smithi027.stdout:/usr/bin/ceph: stderr
2024-09-12T01:59:20.107+0000 7fed36000640 1 -- 172.21.15.27:0/971238537 <== mon.0 v2:172.21.15.27:3300/0 1 ==== mon_map magic: 0 ==== 205+0+0 (secure 0 0 0) 0x7fed2c042070 con 0x7fed38109af0
2024-09-12T01:59:25.336 INFO:teuthology.orchestra.run.smithi027.stdout:/usr/bin/ceph: stderr
2024-09-12T01:59:20.107+0000 7fed36000640 1 -- 172.21.15.27:0/971238537 <== mon.0 v2:172.21.15.27:3300/0 2 ==== config(29 keys) ==== 1178+0+0 (secure 0 0 0) 0x7fed2c0325f0 con 0x7fed38109af0
2024-09-12T01:59:25.336 INFO:teuthology.orchestra.run.smithi027.stdout:/usr/bin/ceph: stderr
2024-09-12T01:59:20.107+0000 7fed40600640 1 -- 172.21.15.27:0/971238537 --> [v2:172.21.15.27:3300/0,v1:172.21.15.27:6789/0] -- mon_subscribe({mgrmap=0+}) -- 0x7fed3819e3b0 con 0x7fed38109af0
2024-09-12T01:59:25.336 INFO:teuthology.orchestra.run.smithi027.stdout:/usr/bin/ceph: stderr
2024-09-12T01:59:20.107+0000 7fed36000640 1 -- 172.21.15.27:0/971238537 <== mon.0 v2:172.21.15.27:3300/0 3 ==== mon_map magic: 0 ==== 205+0+0 (secure 0 0 0) 0x7fed2c037040 con 0x7fed38109af0
2024-09-12T01:59:25.336 INFO:teuthology.orchestra.run.smithi027.stdout:/usr/bin/ceph: stderr
2024-09-12T01:59:20.108+0000 7fed40600640 1 -- 172.21.15.27:0/971238537 --> [v2:172.21.15.27:3300/0,v1:172.21.15.27:6789/0] -- mon_subscribe({osdmap=0}) -- 0x7fed381a10a0 con 0x7fed38109af0
2024-09-12T01:59:25.336 INFO:teuthology.orchestra.run.smithi027.stdout:/usr/bin/ceph: stderr
2024-09-12T01:59:20.109+0000 7fed36000640 1 -- 172.21.15.27:0/971238537 <== mon.0 v2:172.21.15.27:3300/0 4 ==== mgrmap(e 5) ==== 46287+0+0 (secure 0 0 0) 0x7fed2c045070 con 0x7fed38109af0
2024-09-12T01:59:25.336 INFO:teuthology.orchestra.run.smithi027.stdout:/usr/bin/ceph: stderr
2024-09-12T01:59:20.109+0000 7fed36000640 1 --2- 172.21.15.27:0/971238537 >> [v2:172.21.15.27:6800/3383274021,v1:172.21.15.27:6801/3383274021] conn(0x7fed20038f70 0x7fed2003b430 unknown :-1 s=NONE pgs=0 cs=0 l=1 rev1=0 crypto rx=0 tx=0 comp rx=0 tx=0).connect
2024-09-12T01:59:25.336 INFO:teuthology.orchestra.run.smithi027.stdout:/usr/bin/ceph: stderr
2024-09-12T01:59:20.109+0000 7fed36000640 1 -- 172.21.15.27:0/971238537 --> [v2:172.21.15.27:6800/3383274021,v1:172.21.15.27:6801/3383274021] -- command(tid 0: {"prefix": "get_command_descriptions"}) -- 0x7fed2003bb40 con 0x7fed20038f70
2024-09-12T01:59:25.336 INFO:teuthology.orchestra.run.smithi027.stdout:/usr/bin/ceph: stderr
2024-09-12T01:59:20.109+0000 7fed36000640 1 -- 172.21.15.27:0/971238537 <== mon.0 v2:172.21.15.27:3300/0 5 ==== osd_map(1..1 src has 1..1) ==== 725+0+0 (secure 0 0 0) 0x7fed2c06c0d0 con 0x7fed38109af0
2024-09-12T01:59:25.337 INFO:teuthology.orchestra.run.smithi027.stdout:/usr/bin/ceph: stderr
2024-09-12T01:59:20.109+0000 7fed3d200640 1 -- 172.21.15.27:0/971238537 >> [v2:172.21.15.27:6800/3383274021,v1:172.21.15.27:6801/3383274021] conn(0x7fed20038f70 msgr2=0x7fed2003b430 unknown :-1 s=STATE_CONNECTING_RE l=1).process reconnect failed to v2:172.21.15.27:6800/3383274021
2024-09-12T01:59:25.337 INFO:teuthology.orchestra.run.smithi027.stdout:/usr/bin/ceph: stderr
2024-09-12T01:59:20.109+0000 7fed3d200640 1 --2- 172.21.15.27:0/971238537 >> [v2:172.21.15.27:6800/3383274021,v1:172.21.15.27:6801/3383274021] conn(0x7fed20038f70 0x7fed2003b430 unknown :-1 s=START_CONNECT pgs=0 cs=0 l=1 rev1=0 crypto rx=0 tx=0 comp rx=0 tx=0)._fault waiting 0.200000
2024-09-12T01:59:25.337 INFO:teuthology.orchestra.run.smithi027.stdout:/usr/bin/ceph: stderr
2024-09-12T01:59:20.310+0000 7fed3d200640 1 -- 172.21.15.27:0/971238537 >> [v2:172.21.15.27:6800/3383274021,v1:172.21.15.27:6801/3383274021] conn(0x7fed20038f70 msgr2=0x7fed2003b430 unknown :-1 s=STATE_CONNECTING_RE l=1).process reconnect failed to v2:172.21.15.27:6800/3383274021
2024-09-12T01:59:25.337 INFO:teuthology.orchestra.run.smithi027.stdout:/usr/bin/ceph: stderr
2024-09-12T01:59:20.310+0000 7fed3d200640 1 --2- 172.21.15.27:0/971238537 >> [v2:172.21.15.27:6800/3383274021,v1:172.21.15.27:6801/3383274021] conn(0x7fed20038f70 0x7fed2003b430 unknown :-1 s=START_CONNECT pgs=0 cs=0 l=1 rev1=0 crypto rx=0 tx=0 comp rx=0 tx=0)._fault waiting 0.400000
2024-09-12T01:59:25.337 INFO:teuthology.orchestra.run.smithi027.stdout:/usr/bin/ceph: stderr
2024-09-12T01:59:20.711+0000 7fed3d200640 1 -- 172.21.15.27:0/971238537 >> [v2:172.21.15.27:6800/3383274021,v1:172.21.15.27:6801/3383274021] conn(0x7fed20038f70 msgr2=0x7fed2003b430 unknown :-1 s=STATE_CONNECTING_RE l=1).process reconnect failed to v2:172.21.15.27:6800/3383274021
2024-09-12T01:59:25.337 INFO:teuthology.orchestra.run.smithi027.stdout:/usr/bin/ceph: stderr
2024-09-12T01:59:20.711+0000 7fed3d200640 1 --2- 172.21.15.27:0/971238537 >> [v2:172.21.15.27:6800/3383274021,v1:172.21.15.27:6801/3383274021] conn(0x7fed20038f70 0x7fed2003b430 unknown :-1 s=START_CONNECT pgs=0 cs=0 l=1 rev1=0 crypto rx=0 tx=0 comp rx=0 tx=0)._fault waiting 0.800000
2024-09-12T01:59:25.337 INFO:teuthology.orchestra.run.smithi027.stdout:/usr/bin/ceph: stderr
2024-09-12T01:59:21.512+0000 7fed3d200640 1 -- 172.21.15.27:0/971238537 >> [v2:172.21.15.27:6800/3383274021,v1:172.21.15.27:6801/3383274021] conn(0x7fed20038f70 msgr2=0x7fed2003b430 unknown :-1 s=STATE_CONNECTING_RE l=1).process reconnect failed to v2:172.21.15.27:6800/3383274021
2024-09-12T01:59:25.337 INFO:teuthology.orchestra.run.smithi027.stdout:/usr/bin/ceph: stderr
2024-09-12T01:59:21.512+0000 7fed3d200640 1 --2- 172.21.15.27:0/971238537 >> [v2:172.21.15.27:6800/3383274021,v1:172.21.15.27:6801/3383274021] conn(0x7fed20038f70 0x7fed2003b430 unknown :-1 s=START_CONNECT pgs=0 cs=0 l=1 rev1=0 crypto rx=0 tx=0 comp rx=0 tx=0)._fault waiting 1.600000
2024-09-12T01:59:25.337 INFO:teuthology.orchestra.run.smithi027.stdout:/usr/bin/ceph: stderr
2024-09-12T01:59:23.113+0000 7fed3d200640 1 -- 172.21.15.27:0/971238537 >> [v2:172.21.15.27:6800/3383274021,v1:172.21.15.27:6801/3383274021] conn(0x7fed20038f70 msgr2=0x7fed2003b430 unknown :-1 s=STATE_CONNECTING_RE l=1).process reconnect failed to v2:172.21.15.27:6800/3383274021
2024-09-12T01:59:25.337 INFO:teuthology.orchestra.run.smithi027.stdout:/usr/bin/ceph: stderr
2024-09-12T01:59:23.113+0000 7fed3d200640 1 --2- 172.21.15.27:0/971238537 >> [v2:172.21.15.27:6800/3383274021,v1:172.21.15.27:6801/3383274021] conn(0x7fed20038f70 0x7fed2003b430 unknown :-1 s=START_CONNECT pgs=0 cs=0 l=1 rev1=0 crypto rx=0 tx=0 comp rx=0 tx=0)._fault waiting 3.200000
2024-09-12T01:59:25.337 INFO:teuthology.orchestra.run.smithi027.stdout:/usr/bin/ceph: stderr
2024-09-12T01:59:23.582+0000 7fed36000640 1 -- 172.21.15.27:0/971238537 <== mon.0 v2:172.21.15.27:3300/0 6 ==== mgrmap(e 6) ==== 46054+0+0 (secure 0 0 0) 0x7fed2c03c8f0 con 0x7fed38109af0
2024-09-12T01:59:25.337 INFO:teuthology.orchestra.run.smithi027.stdout:/usr/bin/ceph: stderr
2024-09-12T01:59:23.582+0000 7fed36000640 1 -- 172.21.15.27:0/971238537 >> [v2:172.21.15.27:6800/3383274021,v1:172.21.15.27:6801/3383274021] conn(0x7fed20038f70 msgr2=0x7fed2003b430 unknown :-1 s=STATE_CONNECTING l=1).mark_down
2024-09-12T01:59:25.337 INFO:teuthology.orchestra.run.smithi027.stdout:/usr/bin/ceph: stderr
2024-09-12T01:59:23.582+0000 7fed36000640 1 --2- 172.21.15.27:0/971238537 >> [v2:172.21.15.27:6800/3383274021,v1:172.21.15.27:6801/3383274021] conn(0x7fed20038f70 0x7fed2003b430 unknown :-1 s=START_CONNECT pgs=0 cs=0 l=1 rev1=0 crypto rx=0 tx=0 comp rx=0 tx=0).stop
2024-09-12T01:59:25.338 INFO:teuthology.orchestra.run.smithi027.stdout:/usr/bin/ceph: stderr
2024-09-12T01:59:24.584+0000 7fed36000640 1 -- 172.21.15.27:0/971238537 <== mon.0 v2:172.21.15.27:3300/0 7 ==== mgrmap(e 7) ==== 46181+0+0 (secure 0 0 0) 0x7fed2c06ddf0 con 0x7fed38109af0
2024-09-12T01:59:25.338 INFO:teuthology.orchestra.run.smithi027.stdout:/usr/bin/ceph: stderr
2024-09-12T01:59:24.584+0000 7fed36000640 1 --2- 172.21.15.27:0/971238537 >> [v2:172.21.15.27:6800/4196556378,v1:172.21.15.27:6801/4196556378] conn(0x7fed2003c8a0 0x7fed2003ec90 unknown :-1 s=NONE pgs=0 cs=0 l=1 rev1=0 crypto rx=0 tx=0 comp rx=0 tx=0).connect
2024-09-12T01:59:25.338 INFO:teuthology.orchestra.run.smithi027.stdout:/usr/bin/ceph: stderr
2024-09-12T01:59:24.584+0000 7fed36000640 1 -- 172.21.15.27:0/971238537 --> [v2:172.21.15.27:6800/4196556378,v1:172.21.15.27:6801/4196556378] -- command(tid 0: {"prefix": "get_command_descriptions"}) -- 0x7fed2c035e50 con 0x7fed2003c8a0
2024-09-12T01:59:25.338 INFO:teuthology.orchestra.run.smithi027.stdout:/usr/bin/ceph: stderr
2024-09-12T01:59:24.585+0000 7fed3d200640 1 --2- 172.21.15.27:0/971238537 >> [v2:172.21.15.27:6800/4196556378,v1:172.21.15.27:6801/4196556378] conn(0x7fed2003c8a0 0x7fed2003ec90 unknown :-1 s=BANNER_CONNECTING pgs=0 cs=0 l=1 rev1=0 crypto rx=0 tx=0 comp rx=0 tx=0)._handle_peer_banner_payload supported=3 required=0
2024-09-12T01:59:25.338 INFO:teuthology.orchestra.run.smithi027.stdout:/usr/bin/ceph: stderr
2024-09-12T01:59:24.586+0000 7fed3d200640 1 --2- 172.21.15.27:0/971238537 >> [v2:172.21.15.27:6800/4196556378,v1:172.21.15.27:6801/4196556378] conn(0x7fed2003c8a0 0x7fed2003ec90 secure :-1 s=READY pgs=1 cs=0 l=1 rev1=1 crypto rx=0x7fed24003980 tx=0x7fed24009290 comp rx=0 tx=0).ready entity=mgr.14118 client_cookie=0 server_cookie=0 in_seq=0 out_seq=0
2024-09-12T01:59:25.338 INFO:teuthology.orchestra.run.smithi027.stdout:/usr/bin/ceph: stderr
2024-09-12T01:59:24.587+0000 7fed36000640 1 -- 172.21.15.27:0/971238537 <== mgr.14118 v2:172.21.15.27:6800/4196556378 1 ==== command_reply(tid 0: 0 ) ==== 8+0+9564 (secure 0 0 0) 0x7fed2c035e50 con 0x7fed2003c8a0
2024-09-12T01:59:25.338 INFO:teuthology.orchestra.run.smithi027.stdout:/usr/bin/ceph: stderr
2024-09-12T01:59:24.600+0000 7fed40600640 1 -- 172.21.15.27:0/971238537 --> [v2:172.21.15.27:6800/4196556378,v1:172.21.15.27:6801/4196556378] -- command(tid 1: {"prefix": "mgr_status"}) -- 0x7fed38109f70 con 0x7fed2003c8a0
2024-09-12T01:59:25.338 INFO:teuthology.orchestra.run.smithi027.stdout:/usr/bin/ceph: stderr
2024-09-12T01:59:24.601+0000 7fed36000640 1 -- 172.21.15.27:0/971238537 <== mgr.14118 v2:172.21.15.27:6800/4196556378 2 ==== command_reply(tid 1: 0 ) ==== 8+0+51 (secure 0 0 0) 0x7fed38109f70 con 0x7fed2003c8a0
2024-09-12T01:59:25.338 INFO:teuthology.orchestra.run.smithi027.stdout:/usr/bin/ceph: stderr
2024-09-12T01:59:24.601+0000 7fed40600640 1 -- 172.21.15.27:0/971238537 >> [v2:172.21.15.27:6800/4196556378,v1:172.21.15.27:6801/4196556378] conn(0x7fed2003c8a0 msgr2=0x7fed2003ec90 secure :-1 s=STATE_CONNECTION_ESTABLISHED l=1).mark_down
2024-09-12T01:59:25.338 INFO:teuthology.orchestra.run.smithi027.stdout:/usr/bin/ceph: stderr
2024-09-12T01:59:24.601+0000 7fed40600640 1 --2- 172.21.15.27:0/971238537 >> [v2:172.21.15.27:6800/4196556378,v1:172.21.15.27:6801/4196556378] conn(0x7fed2003c8a0 0x7fed2003ec90 secure :-1 s=READY pgs=1 cs=0 l=1 rev1=1 crypto rx=0x7fed24003980 tx=0x7fed24009290 comp rx=0 tx=0).stop
2024-09-12T01:59:25.338 INFO:teuthology.orchestra.run.smithi027.stdout:/usr/bin/ceph: stderr
2024-09-12T01:59:24.601+0000 7fed40600640 1 -- 172.21.15.27:0/971238537 >> [v2:172.21.15.27:3300/0,v1:172.21.15.27:6789/0] conn(0x7fed38109af0 msgr2=0x7fed3819dbe0 secure :-1 s=STATE_CONNECTION_ESTABLISHED l=1).mark_down
2024-09-12T01:59:25.338 INFO:teuthology.orchestra.run.smithi027.stdout:/usr/bin/ceph: stderr
2024-09-12T01:59:24.601+0000 7fed40600640 1 --2- 172.21.15.27:0/971238537 >> [v2:172.21.15.27:3300/0,v1:172.21.15.27:6789/0] conn(0x7fed38109af0 0x7fed3819dbe0 secure :-1 s=READY pgs=27 cs=0 l=1 rev1=1 crypto rx=0x7fed2c0097f0 tx=0x7fed2c032e60 comp rx=0 tx=0).stop
2024-09-12T01:59:25.338 INFO:teuthology.orchestra.run.smithi027.stdout:/usr/bin/ceph: stderr
2024-09-12T01:59:24.601+0000 7fed40600640 1 -- 172.21.15.27:0/971238537 shutdown_connections
2024-09-12T01:59:25.339 INFO:teuthology.orchestra.run.smithi027.stdout:/usr/bin/ceph: stderr
2024-09-12T01:59:24.601+0000 7fed40600640 1 --2- 172.21.15.27:0/971238537 >> [v2:172.21.15.27:6800/4196556378,v1:172.21.15.27:6801/4196556378] conn(0x7fed2003c8a0 0x7fed2003ec90 unknown :-1 s=CLOSED pgs=1 cs=0 l=1 rev1=1 crypto rx=0 tx=0 comp rx=0 tx=0).stop
2024-09-12T01:59:25.339 INFO:teuthology.orchestra.run.smithi027.stdout:/usr/bin/ceph: stderr
2024-09-12T01:59:24.601+0000 7fed40600640 1 --2- 172.21.15.27:0/971238537 >> [v2:172.21.15.27:6800/3383274021,v1:172.21.15.27:6801/3383274021] conn(0x7fed20038f70 0x7fed2003b430 unknown :-1 s=CLOSED pgs=0 cs=0 l=1 rev1=0 crypto rx=0 tx=0 comp rx=0 tx=0).stop
2024-09-12T01:59:25.339 INFO:teuthology.orchestra.run.smithi027.stdout:/usr/bin/ceph: stderr
2024-09-12T01:59:24.601+0000 7fed40600640 1 --2- 172.21.15.27:0/971238537 >> [v2:172.21.15.27:3300/0,v1:172.21.15.27:6789/0] conn(0x7fed38109af0 0x7fed3819dbe0 unknown :-1 s=CLOSED pgs=27 cs=0 l=1 rev1=1 crypto rx=0 tx=0 comp rx=0 tx=0).stop
2024-09-12T01:59:25.339 INFO:teuthology.orchestra.run.smithi027.stdout:/usr/bin/ceph: stderr
2024-09-12T01:59:24.601+0000 7fed40600640 1 -- 172.21.15.27:0/971238537 >> 172.21.15.27:0/971238537 conn(0x7fed3807d0d0 msgr2=0x7fed381075f0 unknown :-1 s=STATE_NONE l=0).mark_down
2024-09-12T01:59:25.339 INFO:teuthology.orchestra.run.smithi027.stdout:/usr/bin/ceph: stderr
2024-09-12T01:59:24.601+0000 7fed40600640 1 -- 172.21.15.27:0/971238537 shutdown_connections
2024-09-12T01:59:25.339 INFO:teuthology.orchestra.run.smithi027.stdout:/usr/bin/ceph: stderr
2024-09-12T01:59:24.602+0000 7fed40600640 1 -- 172.21.15.27:0/971238537 wait complete.
2024-09-12T01:59:25.339 INFO:teuthology.orchestra.run.smithi027.stdout:mgr epoch 5 is available
2024-09-12T01:59:25.339 INFO:teuthology.orchestra.run.smithi027.stdout:Setting orchestrator backend to cephadm...
2024-09-12T01:59:26.703 INFO:journalctl@ceph.mon.a.smithi027.stdout:Sep 12 01:59:26 smithi027 ceph-mon[30598]: from='client.14122 -' entity='client.admin' cmd=[{"prefix": "get_command_descriptions"}]: dispatch
2024-09-12T01:59:26.703 INFO:journalctl@ceph.mon.a.smithi027.stdout:Sep 12 01:59:26 smithi027 ceph-mon[30598]: from='client.14122 -' entity='client.admin' cmd=[{"prefix": "mgr_status"}]: dispatch
2024-09-12T01:59:26.703 INFO:journalctl@ceph.mon.a.smithi027.stdout:Sep 12 01:59:26 smithi027 ceph-mon[30598]: from='mgr.14118 172.21.15.27:0/187252916' entity='mgr.x'
2024-09-12T01:59:26.703 INFO:journalctl@ceph.mon.a.smithi027.stdout:Sep 12 01:59:26 smithi027 ceph-mon[30598]: from='mgr.14118 172.21.15.27:0/187252916' entity='mgr.x'
2024-09-12T01:59:26.704 INFO:journalctl@ceph.mon.a.smithi027.stdout:Sep 12 01:59:26 smithi027 ceph-mon[30598]: from='mgr.14118 172.21.15.27:0/187252916' entity='mgr.x'
2024-09-12T01:59:26.704 INFO:journalctl@ceph.mon.a.smithi027.stdout:Sep 12 01:59:26 smithi027 ceph-mon[30598]: from='mgr.14118 172.21.15.27:0/187252916' entity='mgr.x' cmd=[{"prefix": "config dump", "format": "json"}]: dispatch
2024-09-12T01:59:26.827 INFO:teuthology.orchestra.run.smithi027.stdout:/usr/bin/ceph: stderr
2024-09-12T01:59:25.907+0000 7ff0a8e00640 1 Processor -- start
2024-09-12T01:59:26.827 INFO:teuthology.orchestra.run.smithi027.stdout:/usr/bin/ceph: stderr
2024-09-12T01:59:25.908+0000 7ff0a8e00640 1 -- start start
2024-09-12T01:59:26.828 INFO:teuthology.orchestra.run.smithi027.stdout:/usr/bin/ceph: stderr
2024-09-12T01:59:25.908+0000 7ff0a8e00640 1 --2- >> [v2:172.21.15.27:3300/0,v1:172.21.15.27:6789/0] conn(0x7ff0a4109b70 0x7ff0a4109f70 unknown :-1 s=NONE pgs=0 cs=0 l=0 rev1=0 crypto rx=0 tx=0 comp rx=0 tx=0).connect
2024-09-12T01:59:26.828 INFO:teuthology.orchestra.run.smithi027.stdout:/usr/bin/ceph: stderr
2024-09-12T01:59:25.908+0000 7ff0a8e00640 1 -- --> [v2:172.21.15.27:3300/0,v1:172.21.15.27:6789/0] -- mon_getmap magic: 0 -- 0x7ff0a410a540 con 0x7ff0a4109b70
2024-09-12T01:59:26.828 INFO:teuthology.orchestra.run.smithi027.stdout:/usr/bin/ceph: stderr
2024-09-12T01:59:25.908+0000 7ff0a1e00640 1 --2- >> [v2:172.21.15.27:3300/0,v1:172.21.15.27:6789/0] conn(0x7ff0a4109b70 0x7ff0a4109f70 unknown :-1 s=BANNER_CONNECTING pgs=0 cs=0 l=0 rev1=0 crypto rx=0 tx=0 comp rx=0 tx=0)._handle_peer_banner_payload supported=3 required=0
2024-09-12T01:59:26.828 INFO:teuthology.orchestra.run.smithi027.stdout:/usr/bin/ceph: stderr
2024-09-12T01:59:25.908+0000 7ff0a1e00640 1 --2- >> [v2:172.21.15.27:3300/0,v1:172.21.15.27:6789/0] conn(0x7ff0a4109b70 0x7ff0a4109f70 unknown :-1 s=HELLO_CONNECTING pgs=0 cs=0 l=0 rev1=1 crypto rx=0 tx=0 comp rx=0 tx=0).handle_hello peer v2:172.21.15.27:3300/0 says I am v2:172.21.15.27:38664/0 (socket says 172.21.15.27:38664)
2024-09-12T01:59:26.828 INFO:teuthology.orchestra.run.smithi027.stdout:/usr/bin/ceph: stderr
2024-09-12T01:59:25.908+0000 7ff0a1e00640 1 -- 172.21.15.27:0/1979400008 learned_addr learned my addr 172.21.15.27:0/1979400008 (peer_addr_for_me v2:172.21.15.27:0/0)
2024-09-12T01:59:26.828 INFO:teuthology.orchestra.run.smithi027.stdout:/usr/bin/ceph: stderr
2024-09-12T01:59:25.909+0000 7ff0a1e00640 1 -- 172.21.15.27:0/1979400008 --> [v2:172.21.15.27:3300/0,v1:172.21.15.27:6789/0] -- mon_subscribe({config=0+,monmap=0+}) -- 0x7ff0a410ad70 con 0x7ff0a4109b70
2024-09-12T01:59:26.828 INFO:teuthology.orchestra.run.smithi027.stdout:/usr/bin/ceph: stderr
2024-09-12T01:59:25.910+0000 7ff0a1e00640 1 --2- 172.21.15.27:0/1979400008 >> [v2:172.21.15.27:3300/0,v1:172.21.15.27:6789/0] conn(0x7ff0a4109b70 0x7ff0a4109f70 secure :-1 s=READY pgs=35 cs=0 l=1 rev1=1 crypto rx=0x7ff094009820 tx=0x7ff09402a270 comp rx=0 tx=0).ready entity=mon.0 client_cookie=d0a22bb34b40e2e2 server_cookie=0 in_seq=0 out_seq=0
2024-09-12T01:59:26.828 INFO:teuthology.orchestra.run.smithi027.stdout:/usr/bin/ceph: stderr
2024-09-12T01:59:25.910+0000 7ff0a0a00640 1 -- 172.21.15.27:0/1979400008 <== mon.0 v2:172.21.15.27:3300/0 1 ==== mon_map magic: 0 ==== 205+0+0 (secure 0 0 0) 0x7ff094037070 con 0x7ff0a4109b70
2024-09-12T01:59:26.828 INFO:teuthology.orchestra.run.smithi027.stdout:/usr/bin/ceph: stderr
2024-09-12T01:59:25.910+0000 7ff0a0a00640 1 -- 172.21.15.27:0/1979400008 <== mon.0 v2:172.21.15.27:3300/0 2 ==== config(29 keys) ==== 1178+0+0 (secure 0 0 0) 0x7ff094032940 con 0x7ff0a4109b70
2024-09-12T01:59:26.829 INFO:teuthology.orchestra.run.smithi027.stdout:/usr/bin/ceph: stderr
2024-09-12T01:59:25.910+0000 7ff0a0a00640 1 -- 172.21.15.27:0/1979400008 <== mon.0 v2:172.21.15.27:3300/0 3 ==== mon_map magic: 0 ==== 205+0+0 (secure 0 0 0) 0x7ff0940309c0 con 0x7ff0a4109b70
2024-09-12T01:59:26.829 INFO:teuthology.orchestra.run.smithi027.stdout:/usr/bin/ceph: stderr
2024-09-12T01:59:25.911+0000 7ff0a8e00640 1 -- 172.21.15.27:0/1979400008 >> [v2:172.21.15.27:3300/0,v1:172.21.15.27:6789/0] conn(0x7ff0a4109b70 msgr2=0x7ff0a4109f70 secure :-1 s=STATE_CONNECTION_ESTABLISHED l=1).mark_down
2024-09-12T01:59:26.829 INFO:teuthology.orchestra.run.smithi027.stdout:/usr/bin/ceph: stderr
2024-09-12T01:59:25.911+0000 7ff0a8e00640 1 --2- 172.21.15.27:0/1979400008 >> [v2:172.21.15.27:3300/0,v1:172.21.15.27:6789/0] conn(0x7ff0a4109b70 0x7ff0a4109f70 secure :-1 s=READY pgs=35 cs=0 l=1 rev1=1 crypto rx=0x7ff094009820 tx=0x7ff09402a270 comp rx=0 tx=0).stop
2024-09-12T01:59:26.829 INFO:teuthology.orchestra.run.smithi027.stdout:/usr/bin/ceph: stderr
2024-09-12T01:59:25.911+0000 7ff0a8e00640 1 -- 172.21.15.27:0/1979400008 shutdown_connections
2024-09-12T01:59:26.829 INFO:teuthology.orchestra.run.smithi027.stdout:/usr/bin/ceph: stderr
2024-09-12T01:59:25.911+0000 7ff0a8e00640 1 --2- 172.21.15.27:0/1979400008 >> [v2:172.21.15.27:3300/0,v1:172.21.15.27:6789/0] conn(0x7ff0a4109b70 0x7ff0a4109f70 unknown :-1 s=CLOSED pgs=35 cs=0 l=1 rev1=1 crypto rx=0 tx=0 comp rx=0 tx=0).stop
2024-09-12T01:59:26.829 INFO:teuthology.orchestra.run.smithi027.stdout:/usr/bin/ceph: stderr
2024-09-12T01:59:25.911+0000 7ff0a8e00640 1 -- 172.21.15.27:0/1979400008 >> 172.21.15.27:0/1979400008 conn(0x7ff0a407d170 msgr2=0x7ff0a407d580 unknown :-1 s=STATE_NONE l=0).mark_down
2024-09-12T01:59:26.829 INFO:teuthology.orchestra.run.smithi027.stdout:/usr/bin/ceph: stderr
2024-09-12T01:59:25.911+0000 7ff0a8e00640 1 -- 172.21.15.27:0/1979400008 shutdown_connections
2024-09-12T01:59:26.829 INFO:teuthology.orchestra.run.smithi027.stdout:/usr/bin/ceph: stderr
2024-09-12T01:59:25.911+0000 7ff0a8e00640 1 -- 172.21.15.27:0/1979400008 wait complete.
2024-09-12T01:59:26.829 INFO:teuthology.orchestra.run.smithi027.stdout:/usr/bin/ceph: stderr
2024-09-12T01:59:25.912+0000 7ff0a8e00640 1 Processor -- start
2024-09-12T01:59:26.829 INFO:teuthology.orchestra.run.smithi027.stdout:/usr/bin/ceph: stderr
2024-09-12T01:59:25.912+0000 7ff0a8e00640 1 -- start start
2024-09-12T01:59:26.829 INFO:teuthology.orchestra.run.smithi027.stdout:/usr/bin/ceph: stderr
2024-09-12T01:59:25.912+0000 7ff0a8e00640 1 --2- >> [v2:172.21.15.27:3300/0,v1:172.21.15.27:6789/0] conn(0x7ff0a4109b70 0x7ff0a419dbc0 unknown :-1 s=NONE pgs=0 cs=0 l=1 rev1=0 crypto rx=0 tx=0 comp rx=0 tx=0).connect
2024-09-12T01:59:26.830 INFO:teuthology.orchestra.run.smithi027.stdout:/usr/bin/ceph: stderr
2024-09-12T01:59:25.912+0000 7ff0a8e00640 1 -- --> [v2:172.21.15.27:3300/0,v1:172.21.15.27:6789/0] -- mon_getmap magic: 0 -- 0x7ff0a410e120 con 0x7ff0a4109b70
2024-09-12T01:59:26.830 INFO:teuthology.orchestra.run.smithi027.stdout:/usr/bin/ceph: stderr
2024-09-12T01:59:25.913+0000 7ff0a1e00640 1 --2- >> [v2:172.21.15.27:3300/0,v1:172.21.15.27:6789/0] conn(0x7ff0a4109b70 0x7ff0a419dbc0 unknown :-1 s=BANNER_CONNECTING pgs=0 cs=0 l=1 rev1=0 crypto rx=0 tx=0 comp rx=0 tx=0)._handle_peer_banner_payload supported=3 required=0
2024-09-12T01:59:26.830 INFO:teuthology.orchestra.run.smithi027.stdout:/usr/bin/ceph: stderr
2024-09-12T01:59:25.913+0000 7ff0a1e00640 1 --2- >> [v2:172.21.15.27:3300/0,v1:172.21.15.27:6789/0] conn(0x7ff0a4109b70 0x7ff0a419dbc0 unknown :-1 s=HELLO_CONNECTING pgs=0 cs=0 l=1 rev1=1 crypto rx=0 tx=0 comp rx=0 tx=0).handle_hello peer v2:172.21.15.27:3300/0 says I am v2:172.21.15.27:38666/0 (socket says 172.21.15.27:38666)
2024-09-12T01:59:26.830 INFO:teuthology.orchestra.run.smithi027.stdout:/usr/bin/ceph: stderr
