2024-09-12T01:58:13.338+0000 7f7381374640 1 --2- 172.21.15.100:0/153641265 >> [v2:172.21.15.100:3300/0,v1:172.21.15.100:6789/0] conn(0x7f737c107800 0x7f737c19b890 secure :-1 s=READY pgs=50 cs=0 l=1 rev1=1 crypto rx=0x7f736c007ce0 tx=0x7f736c031ca0 comp rx=0 tx=0).stop
2024-09-12T01:58:13.929 INFO:teuthology.orchestra.run.smithi100.stdout:/usr/bin/ceph: stderr
2024-09-12T01:58:13.338+0000 7f7381374640 1 -- 172.21.15.100:0/153641265 shutdown_connections
2024-09-12T01:58:13.929 INFO:teuthology.orchestra.run.smithi100.stdout:/usr/bin/ceph: stderr
2024-09-12T01:58:13.338+0000 7f7381374640 1 --2- 172.21.15.100:0/153641265 >> [v2:172.21.15.100:6800/824408405,v1:172.21.15.100:6801/824408405] conn(0x7f7364038f70 0x7f736403b430 unknown :-1 s=CLOSED pgs=14 cs=0 l=1 rev1=1 crypto rx=0 tx=0 comp rx=0 tx=0).stop
2024-09-12T01:58:13.929 INFO:teuthology.orchestra.run.smithi100.stdout:/usr/bin/ceph: stderr
2024-09-12T01:58:13.338+0000 7f7381374640 1 --2- 172.21.15.100:0/153641265 >> [v2:172.21.15.100:3300/0,v1:172.21.15.100:6789/0] conn(0x7f737c107800 0x7f737c19b890 unknown :-1 s=CLOSED pgs=50 cs=0 l=1 rev1=1 crypto rx=0 tx=0 comp rx=0 tx=0).stop
2024-09-12T01:58:13.929 INFO:teuthology.orchestra.run.smithi100.stdout:/usr/bin/ceph: stderr
2024-09-12T01:58:13.338+0000 7f7381374640 1 -- 172.21.15.100:0/153641265 >> 172.21.15.100:0/153641265 conn(0x7f737c102ff0 msgr2=0x7f737c103c30 unknown :-1 s=STATE_NONE l=0).mark_down
2024-09-12T01:58:13.929 INFO:teuthology.orchestra.run.smithi100.stdout:/usr/bin/ceph: stderr
2024-09-12T01:58:13.338+0000 7f7381374640 1 -- 172.21.15.100:0/153641265 shutdown_connections
2024-09-12T01:58:13.930 INFO:teuthology.orchestra.run.smithi100.stdout:/usr/bin/ceph: stderr
2024-09-12T01:58:13.338+0000 7f7381374640 1 -- 172.21.15.100:0/153641265 wait complete.
2024-09-12T01:58:14.513 INFO:journalctl@ceph.mon.a.smithi100.stdout:Sep 12 01:58:14 smithi100 ceph-mon[31179]: from='mgr.14118 172.21.15.100:0/2543306263' entity='mgr.x'
2024-09-12T01:58:14.513 INFO:journalctl@ceph.mon.a.smithi100.stdout:Sep 12 01:58:14 smithi100 ceph-mon[31179]: from='client.? 172.21.15.100:0/153641265' entity='client.admin'
2024-09-12T01:58:14.513 INFO:journalctl@ceph.mon.a.smithi100.stdout:Sep 12 01:58:14 smithi100 ceph-mon[31179]: from='mgr.14118 172.21.15.100:0/2543306263' entity='mgr.x'
2024-09-12T01:58:15.653 INFO:journalctl@ceph.mon.a.smithi100.stdout:Sep 12 01:58:15 smithi100 ceph-mon[31179]: from='client.? 172.21.15.100:0/3132347454' entity='client.admin'
2024-09-12T01:58:15.653 INFO:journalctl@ceph.mon.a.smithi100.stdout:Sep 12 01:58:15 smithi100 ceph-mon[31179]: from='mgr.14118 172.21.15.100:0/2543306263' entity='mgr.x'
2024-09-12T01:58:15.660 INFO:teuthology.orchestra.run.smithi100.stdout:/usr/bin/ceph: stderr
2024-09-12T01:58:14.327+0000 7f54c51fb640 1 Processor -- start
2024-09-12T01:58:15.660 INFO:teuthology.orchestra.run.smithi100.stdout:/usr/bin/ceph: stderr
2024-09-12T01:58:14.327+0000 7f54c51fb640 1 -- start start
2024-09-12T01:58:15.660 INFO:teuthology.orchestra.run.smithi100.stdout:/usr/bin/ceph: stderr
2024-09-12T01:58:14.327+0000 7f54c51fb640 1 --2- >> [v2:172.21.15.100:3300/0,v1:172.21.15.100:6789/0] conn(0x7f54c007de20 0x7f54c007c2d0 unknown :-1 s=NONE pgs=0 cs=0 l=0 rev1=0 crypto rx=0 tx=0 comp rx=0 tx=0).connect
2024-09-12T01:58:15.661 INFO:teuthology.orchestra.run.smithi100.stdout:/usr/bin/ceph: stderr
2024-09-12T01:58:14.327+0000 7f54c51fb640 1 -- --> [v2:172.21.15.100:3300/0,v1:172.21.15.100:6789/0] -- mon_getmap magic: 0 -- 0x7f54c007c8a0 con 0x7f54c007de20
2024-09-12T01:58:15.661 INFO:teuthology.orchestra.run.smithi100.stdout:/usr/bin/ceph: stderr
2024-09-12T01:58:14.327+0000 7f54bed9d640 1 --2- >> [v2:172.21.15.100:3300/0,v1:172.21.15.100:6789/0] conn(0x7f54c007de20 0x7f54c007c2d0 unknown :-1 s=BANNER_CONNECTING pgs=0 cs=0 l=0 rev1=0 crypto rx=0 tx=0 comp rx=0 tx=0)._handle_peer_banner_payload supported=3 required=0
2024-09-12T01:58:15.661 INFO:teuthology.orchestra.run.smithi100.stdout:/usr/bin/ceph: stderr
2024-09-12T01:58:14.327+0000 7f54bed9d640 1 --2- >> [v2:172.21.15.100:3300/0,v1:172.21.15.100:6789/0] conn(0x7f54c007de20 0x7f54c007c2d0 unknown :-1 s=HELLO_CONNECTING pgs=0 cs=0 l=0 rev1=1 crypto rx=0 tx=0 comp rx=0 tx=0).handle_hello peer v2:172.21.15.100:3300/0 says I am v2:172.21.15.100:43478/0 (socket says 172.21.15.100:43478)
2024-09-12T01:58:15.661 INFO:teuthology.orchestra.run.smithi100.stdout:/usr/bin/ceph: stderr
2024-09-12T01:58:14.327+0000 7f54bed9d640 1 -- 172.21.15.100:0/1218829721 learned_addr learned my addr 172.21.15.100:0/1218829721 (peer_addr_for_me v2:172.21.15.100:0/0)
2024-09-12T01:58:15.661 INFO:teuthology.orchestra.run.smithi100.stdout:/usr/bin/ceph: stderr
2024-09-12T01:58:14.327+0000 7f54bed9d640 1 -- 172.21.15.100:0/1218829721 --> [v2:172.21.15.100:3300/0,v1:172.21.15.100:6789/0] -- mon_subscribe({config=0+,monmap=0+}) -- 0x7f54c007ca20 con 0x7f54c007de20
2024-09-12T01:58:15.661 INFO:teuthology.orchestra.run.smithi100.stdout:/usr/bin/ceph: stderr
2024-09-12T01:58:14.328+0000 7f54bed9d640 1 --2- 172.21.15.100:0/1218829721 >> [v2:172.21.15.100:3300/0,v1:172.21.15.100:6789/0] conn(0x7f54c007de20 0x7f54c007c2d0 secure :-1 s=READY pgs=51 cs=0 l=1 rev1=1 crypto rx=0x7f54b0009820 tx=0x7f54b002a270 comp rx=0 tx=0).ready entity=mon.0 client_cookie=87692c46f61177f7 server_cookie=0 in_seq=0 out_seq=0
2024-09-12T01:58:15.661 INFO:teuthology.orchestra.run.smithi100.stdout:/usr/bin/ceph: stderr
2024-09-12T01:58:14.328+0000 7f54bdd9b640 1 -- 172.21.15.100:0/1218829721 <== mon.0 v2:172.21.15.100:3300/0 1 ==== mon_map magic: 0 ==== 205+0+0 (secure 0 0 0) 0x7f54b0037070 con 0x7f54c007de20
2024-09-12T01:58:15.661 INFO:teuthology.orchestra.run.smithi100.stdout:/usr/bin/ceph: stderr
2024-09-12T01:58:14.328+0000 7f54bdd9b640 1 -- 172.21.15.100:0/1218829721 <== mon.0 v2:172.21.15.100:3300/0 2 ==== config(27 keys) ==== 1140+0+0 (secure 0 0 0) 0x7f54b0032920 con 0x7f54c007de20
2024-09-12T01:58:15.661 INFO:teuthology.orchestra.run.smithi100.stdout:/usr/bin/ceph: stderr
2024-09-12T01:58:14.328+0000 7f54bdd9b640 1 -- 172.21.15.100:0/1218829721 <== mon.0 v2:172.21.15.100:3300/0 3 ==== mon_map magic: 0 ==== 205+0+0 (secure 0 0 0) 0x7f54b0030810 con 0x7f54c007de20
2024-09-12T01:58:15.661 INFO:teuthology.orchestra.run.smithi100.stdout:/usr/bin/ceph: stderr
2024-09-12T01:58:14.329+0000 7f54c51fb640 1 -- 172.21.15.100:0/1218829721 >> [v2:172.21.15.100:3300/0,v1:172.21.15.100:6789/0] conn(0x7f54c007de20 msgr2=0x7f54c007c2d0 secure :-1 s=STATE_CONNECTION_ESTABLISHED l=1).mark_down
2024-09-12T01:58:15.661 INFO:teuthology.orchestra.run.smithi100.stdout:/usr/bin/ceph: stderr
2024-09-12T01:58:14.329+0000 7f54c51fb640 1 --2- 172.21.15.100:0/1218829721 >> [v2:172.21.15.100:3300/0,v1:172.21.15.100:6789/0] conn(0x7f54c007de20 0x7f54c007c2d0 secure :-1 s=READY pgs=51 cs=0 l=1 rev1=1 crypto rx=0x7f54b0009820 tx=0x7f54b002a270 comp rx=0 tx=0).stop
2024-09-12T01:58:15.661 INFO:teuthology.orchestra.run.smithi100.stdout:/usr/bin/ceph: stderr
2024-09-12T01:58:14.329+0000 7f54c51fb640 1 -- 172.21.15.100:0/1218829721 shutdown_connections
2024-09-12T01:58:15.662 INFO:teuthology.orchestra.run.smithi100.stdout:/usr/bin/ceph: stderr
2024-09-12T01:58:14.329+0000 7f54c51fb640 1 --2- 172.21.15.100:0/1218829721 >> [v2:172.21.15.100:3300/0,v1:172.21.15.100:6789/0] conn(0x7f54c007de20 0x7f54c007c2d0 unknown :-1 s=CLOSED pgs=51 cs=0 l=1 rev1=1 crypto rx=0 tx=0 comp rx=0 tx=0).stop
2024-09-12T01:58:15.662 INFO:teuthology.orchestra.run.smithi100.stdout:/usr/bin/ceph: stderr
2024-09-12T01:58:14.329+0000 7f54c51fb640 1 -- 172.21.15.100:0/1218829721 >> 172.21.15.100:0/1218829721 conn(0x7f54c0103040 msgr2=0x7f54c0105460 unknown :-1 s=STATE_NONE l=0).mark_down
2024-09-12T01:58:15.662 INFO:teuthology.orchestra.run.smithi100.stdout:/usr/bin/ceph: stderr
2024-09-12T01:58:14.329+0000 7f54c51fb640 1 -- 172.21.15.100:0/1218829721 shutdown_connections
2024-09-12T01:58:15.662 INFO:teuthology.orchestra.run.smithi100.stdout:/usr/bin/ceph: stderr
2024-09-12T01:58:14.329+0000 7f54c51fb640 1 -- 172.21.15.100:0/1218829721 wait complete.
2024-09-12T01:58:15.662 INFO:teuthology.orchestra.run.smithi100.stdout:/usr/bin/ceph: stderr
2024-09-12T01:58:14.330+0000 7f54c51fb640 1 Processor -- start
2024-09-12T01:58:15.662 INFO:teuthology.orchestra.run.smithi100.stdout:/usr/bin/ceph: stderr
2024-09-12T01:58:14.330+0000 7f54c51fb640 1 -- start start
2024-09-12T01:58:15.662 INFO:teuthology.orchestra.run.smithi100.stdout:/usr/bin/ceph: stderr
2024-09-12T01:58:14.330+0000 7f54c51fb640 1 --2- >> [v2:172.21.15.100:3300/0,v1:172.21.15.100:6789/0] conn(0x7f54c007de20 0x7f54c019d9f0 unknown :-1 s=NONE pgs=0 cs=0 l=1 rev1=0 crypto rx=0 tx=0 comp rx=0 tx=0).connect
2024-09-12T01:58:15.662 INFO:teuthology.orchestra.run.smithi100.stdout:/usr/bin/ceph: stderr
2024-09-12T01:58:14.330+0000 7f54c51fb640 1 -- --> [v2:172.21.15.100:3300/0,v1:172.21.15.100:6789/0] -- mon_getmap magic: 0 -- 0x7f54c010de80 con 0x7f54c007de20
2024-09-12T01:58:15.662 INFO:teuthology.orchestra.run.smithi100.stdout:/usr/bin/ceph: stderr
2024-09-12T01:58:14.330+0000 7f54bed9d640 1 --2- >> [v2:172.21.15.100:3300/0,v1:172.21.15.100:6789/0] conn(0x7f54c007de20 0x7f54c019d9f0 unknown :-1 s=BANNER_CONNECTING pgs=0 cs=0 l=1 rev1=0 crypto rx=0 tx=0 comp rx=0 tx=0)._handle_peer_banner_payload supported=3 required=0
2024-09-12T01:58:15.662 INFO:teuthology.orchestra.run.smithi100.stdout:/usr/bin/ceph: stderr
2024-09-12T01:58:14.330+0000 7f54bed9d640 1 --2- >> [v2:172.21.15.100:3300/0,v1:172.21.15.100:6789/0] conn(0x7f54c007de20 0x7f54c019d9f0 unknown :-1 s=HELLO_CONNECTING pgs=0 cs=0 l=1 rev1=1 crypto rx=0 tx=0 comp rx=0 tx=0).handle_hello peer v2:172.21.15.100:3300/0 says I am v2:172.21.15.100:43490/0 (socket says 172.21.15.100:43490)
2024-09-12T01:58:15.662 INFO:teuthology.orchestra.run.smithi100.stdout:/usr/bin/ceph: stderr
2024-09-12T01:58:14.330+0000 7f54bed9d640 1 -- 172.21.15.100:0/3132347454 learned_addr learned my addr 172.21.15.100:0/3132347454 (peer_addr_for_me v2:172.21.15.100:0/0)
2024-09-12T01:58:15.662 INFO:teuthology.orchestra.run.smithi100.stdout:/usr/bin/ceph: stderr
2024-09-12T01:58:14.330+0000 7f54bed9d640 1 -- 172.21.15.100:0/3132347454 --> [v2:172.21.15.100:3300/0,v1:172.21.15.100:6789/0] -- mon_subscribe({config=0+,monmap=0+}) -- 0x7f54c019df30 con 0x7f54c007de20
2024-09-12T01:58:15.662 INFO:teuthology.orchestra.run.smithi100.stdout:/usr/bin/ceph: stderr
2024-09-12T01:58:14.331+0000 7f54bed9d640 1 --2- 172.21.15.100:0/3132347454 >> [v2:172.21.15.100:3300/0,v1:172.21.15.100:6789/0] conn(0x7f54c007de20 0x7f54c019d9f0 secure :-1 s=READY pgs=52 cs=0 l=1 rev1=1 crypto rx=0x7f54b0030380 tx=0x7f54b0032670 comp rx=0 tx=0).ready entity=mon.0 client_cookie=0 server_cookie=0 in_seq=0 out_seq=0
2024-09-12T01:58:15.662 INFO:teuthology.orchestra.run.smithi100.stdout:/usr/bin/ceph: stderr
2024-09-12T01:58:14.331+0000 7f54a7fff640 1 -- 172.21.15.100:0/3132347454 <== mon.0 v2:172.21.15.100:3300/0 1 ==== mon_map magic: 0 ==== 205+0+0 (secure 0 0 0) 0x7f54b0037040 con 0x7f54c007de20
2024-09-12T01:58:15.663 INFO:teuthology.orchestra.run.smithi100.stdout:/usr/bin/ceph: stderr
2024-09-12T01:58:14.331+0000 7f54c51fb640 1 -- 172.21.15.100:0/3132347454 --> [v2:172.21.15.100:3300/0,v1:172.21.15.100:6789/0] -- mon_subscribe({mgrmap=0+}) -- 0x7f54c019e1c0 con 0x7f54c007de20
2024-09-12T01:58:15.663 INFO:teuthology.orchestra.run.smithi100.stdout:/usr/bin/ceph: stderr
2024-09-12T01:58:14.331+0000 7f54a7fff640 1 -- 172.21.15.100:0/3132347454 <== mon.0 v2:172.21.15.100:3300/0 2 ==== config(27 keys) ==== 1140+0+0 (secure 0 0 0) 0x7f54b0040070 con 0x7f54c007de20
2024-09-12T01:58:15.663 INFO:teuthology.orchestra.run.smithi100.stdout:/usr/bin/ceph: stderr
2024-09-12T01:58:14.331+0000 7f54a7fff640 1 -- 172.21.15.100:0/3132347454 <== mon.0 v2:172.21.15.100:3300/0 3 ==== mon_map magic: 0 ==== 205+0+0 (secure 0 0 0) 0x7f54b003a7b0 con 0x7f54c007de20
2024-09-12T01:58:15.663 INFO:teuthology.orchestra.run.smithi100.stdout:/usr/bin/ceph: stderr
2024-09-12T01:58:14.331+0000 7f54c51fb640 1 -- 172.21.15.100:0/3132347454 --> [v2:172.21.15.100:3300/0,v1:172.21.15.100:6789/0] -- mon_subscribe({osdmap=0}) -- 0x7f54c01a0eb0 con 0x7f54c007de20
2024-09-12T01:58:15.663 INFO:teuthology.orchestra.run.smithi100.stdout:/usr/bin/ceph: stderr
2024-09-12T01:58:14.332+0000 7f54a7fff640 1 -- 172.21.15.100:0/3132347454 <== mon.0 v2:172.21.15.100:3300/0 4 ==== mgrmap(e 8) ==== 46287+0+0 (secure 0 0 0) 0x7f54b003aa30 con 0x7f54c007de20
2024-09-12T01:58:15.663 INFO:teuthology.orchestra.run.smithi100.stdout:/usr/bin/ceph: stderr
2024-09-12T01:58:14.332+0000 7f54c51fb640 1 -- 172.21.15.100:0/3132347454 --> [v2:172.21.15.100:3300/0,v1:172.21.15.100:6789/0] -- mon_command({"prefix": "get_command_descriptions"} v 0) -- 0x7f54c007c350 con 0x7f54c007de20
2024-09-12T01:58:15.663 INFO:teuthology.orchestra.run.smithi100.stdout:/usr/bin/ceph: stderr
2024-09-12T01:58:14.332+0000 7f54a7fff640 1 --2- 172.21.15.100:0/3132347454 >> [v2:172.21.15.100:6800/824408405,v1:172.21.15.100:6801/824408405] conn(0x7f54a8038f70 0x7f54a803b430 unknown :-1 s=NONE pgs=0 cs=0 l=1 rev1=0 crypto rx=0 tx=0 comp rx=0 tx=0).connect
2024-09-12T01:58:15.663 INFO:teuthology.orchestra.run.smithi100.stdout:/usr/bin/ceph: stderr
2024-09-12T01:58:14.332+0000 7f54a7fff640 1 -- 172.21.15.100:0/3132347454 <== mon.0 v2:172.21.15.100:3300/0 5 ==== osd_map(2..2 src has 1..2) ==== 940+0+0 (secure 0 0 0) 0x7f54b006c680 con 0x7f54c007de20
2024-09-12T01:58:15.663 INFO:teuthology.orchestra.run.smithi100.stdout:/usr/bin/ceph: stderr
2024-09-12T01:58:14.332+0000 7f54be59c640 1 --2- 172.21.15.100:0/3132347454 >> [v2:172.21.15.100:6800/824408405,v1:172.21.15.100:6801/824408405] conn(0x7f54a8038f70 0x7f54a803b430 unknown :-1 s=BANNER_CONNECTING pgs=0 cs=0 l=1 rev1=0 crypto rx=0 tx=0 comp rx=0 tx=0)._handle_peer_banner_payload supported=3 required=0
2024-09-12T01:58:15.663 INFO:teuthology.orchestra.run.smithi100.stdout:/usr/bin/ceph: stderr
2024-09-12T01:58:14.332+0000 7f54be59c640 1 --2- 172.21.15.100:0/3132347454 >> [v2:172.21.15.100:6800/824408405,v1:172.21.15.100:6801/824408405] conn(0x7f54a8038f70 0x7f54a803b430 secure :-1 s=READY pgs=15 cs=0 l=1 rev1=1 crypto rx=0x7f54b40098c0 tx=0x7f54b4006db0 comp rx=0 tx=0).ready entity=mgr.14118 client_cookie=0 server_cookie=0 in_seq=0 out_seq=0
2024-09-12T01:58:15.663 INFO:teuthology.orchestra.run.smithi100.stdout:/usr/bin/ceph: stderr
2024-09-12T01:58:14.337+0000 7f54a7fff640 1 -- 172.21.15.100:0/3132347454 <== mon.0 v2:172.21.15.100:3300/0 6 ==== mon_command_ack([{"prefix": "get_command_descriptions"}]=0 v0) ==== 72+0+188821 (secure 0 0 0) 0x7f54b0044c70 con 0x7f54c007de20
2024-09-12T01:58:15.663 INFO:teuthology.orchestra.run.smithi100.stdout:/usr/bin/ceph: stderr
2024-09-12T01:58:14.513+0000 7f54c51fb640 1 -- 172.21.15.100:0/3132347454 --> [v2:172.21.15.100:3300/0,v1:172.21.15.100:6789/0] -- mon_command([{prefix=config set, name=mgr/dashboard/ssl_server_port}] v 0) -- 0x7f54c01a1080 con 0x7f54c007de20
2024-09-12T01:58:15.663 INFO:teuthology.orchestra.run.smithi100.stdout:/usr/bin/ceph: stderr
2024-09-12T01:58:14.517+0000 7f54a7fff640 1 -- 172.21.15.100:0/3132347454 <== mon.0 v2:172.21.15.100:3300/0 7 ==== mon_command_ack([{prefix=config set, name=mgr/dashboard/ssl_server_port}]=0 v8)=0 v8) ==== 130+0+0 (secure 0 0 0) 0x7f54b0041270 con 0x7f54c007de20
2024-09-12T01:58:15.664 INFO:teuthology.orchestra.run.smithi100.stdout:/usr/bin/ceph: stderr
2024-09-12T01:58:14.519+0000 7f54c51fb640 1 -- 172.21.15.100:0/3132347454 >> [v2:172.21.15.100:6800/824408405,v1:172.21.15.100:6801/824408405] conn(0x7f54a8038f70 msgr2=0x7f54a803b430 secure :-1 s=STATE_CONNECTION_ESTABLISHED l=1).mark_down
2024-09-12T01:58:15.664 INFO:teuthology.orchestra.run.smithi100.stdout:/usr/bin/ceph: stderr
2024-09-12T01:58:14.519+0000 7f54c51fb640 1 --2- 172.21.15.100:0/3132347454 >> [v2:172.21.15.100:6800/824408405,v1:172.21.15.100:6801/824408405] conn(0x7f54a8038f70 0x7f54a803b430 secure :-1 s=READY pgs=15 cs=0 l=1 rev1=1 crypto rx=0x7f54b40098c0 tx=0x7f54b4006db0 comp rx=0 tx=0).stop
2024-09-12T01:58:15.664 INFO:teuthology.orchestra.run.smithi100.stdout:/usr/bin/ceph: stderr
2024-09-12T01:58:14.519+0000 7f54c51fb640 1 -- 172.21.15.100:0/3132347454 >> [v2:172.21.15.100:3300/0,v1:172.21.15.100:6789/0] conn(0x7f54c007de20 msgr2=0x7f54c019d9f0 secure :-1 s=STATE_CONNECTION_ESTABLISHED l=1).mark_down
2024-09-12T01:58:15.664 INFO:teuthology.orchestra.run.smithi100.stdout:/usr/bin/ceph: stderr
2024-09-12T01:58:14.519+0000 7f54c51fb640 1 --2- 172.21.15.100:0/3132347454 >> [v2:172.21.15.100:3300/0,v1:172.21.15.100:6789/0] conn(0x7f54c007de20 0x7f54c019d9f0 secure :-1 s=READY pgs=52 cs=0 l=1 rev1=1 crypto rx=0x7f54b0030380 tx=0x7f54b0032670 comp rx=0 tx=0).stop
2024-09-12T01:58:15.664 INFO:teuthology.orchestra.run.smithi100.stdout:/usr/bin/ceph: stderr
2024-09-12T01:58:14.519+0000 7f54c51fb640 1 -- 172.21.15.100:0/3132347454 shutdown_connections
2024-09-12T01:58:15.664 INFO:teuthology.orchestra.run.smithi100.stdout:/usr/bin/ceph: stderr
2024-09-12T01:58:14.519+0000 7f54c51fb640 1 --2- 172.21.15.100:0/3132347454 >> [v2:172.21.15.100:6800/824408405,v1:172.21.15.100:6801/824408405] conn(0x7f54a8038f70 0x7f54a803b430 unknown :-1 s=CLOSED pgs=15 cs=0 l=1 rev1=1 crypto rx=0 tx=0 comp rx=0 tx=0).stop
2024-09-12T01:58:15.664 INFO:teuthology.orchestra.run.smithi100.stdout:/usr/bin/ceph: stderr
2024-09-12T01:58:14.519+0000 7f54c51fb640 1 --2- 172.21.15.100:0/3132347454 >> [v2:172.21.15.100:3300/0,v1:172.21.15.100:6789/0] conn(0x7f54c007de20 0x7f54c019d9f0 unknown :-1 s=CLOSED pgs=52 cs=0 l=1 rev1=1 crypto rx=0 tx=0 comp rx=0 tx=0).stop
2024-09-12T01:58:15.664 INFO:teuthology.orchestra.run.smithi100.stdout:/usr/bin/ceph: stderr
2024-09-12T01:58:14.519+0000 7f54c51fb640 1 -- 172.21.15.100:0/3132347454 >> 172.21.15.100:0/3132347454 conn(0x7f54c0103040 msgr2=0x7f54c0103bb0 unknown :-1 s=STATE_NONE l=0).mark_down
2024-09-12T01:58:15.664 INFO:teuthology.orchestra.run.smithi100.stdout:/usr/bin/ceph: stderr
2024-09-12T01:58:14.519+0000 7f54c51fb640 1 -- 172.21.15.100:0/3132347454 shutdown_connections
2024-09-12T01:58:15.664 INFO:teuthology.orchestra.run.smithi100.stdout:/usr/bin/ceph: stderr
2024-09-12T01:58:14.519+0000 7f54c51fb640 1 -- 172.21.15.100:0/3132347454 wait complete.
2024-09-12T01:58:15.664 INFO:teuthology.orchestra.run.smithi100.stdout:Enabling the dashboard module...
2024-09-12T01:58:17.447 INFO:journalctl@ceph.mon.a.smithi100.stdout:Sep 12 01:58:17 smithi100 ceph-mon[31179]: from='mgr.14118 172.21.15.100:0/2543306263' entity='mgr.x'
2024-09-12T01:58:17.447 INFO:journalctl@ceph.mon.a.smithi100.stdout:Sep 12 01:58:17 smithi100 ceph-mon[31179]: from='client.? 172.21.15.100:0/1034218383' entity='client.admin' cmd=[{"prefix": "mgr module enable", "module": "dashboard"}]: dispatch
2024-09-12T01:58:17.447 INFO:journalctl@ceph.mgr.x.smithi100.stdout:Sep 12 01:58:17 smithi100 ceph-3a2902f2-70aa-11ef-bcea-c7b262605968-mgr-x[31409]: ignoring --setuser ceph since I am not root
2024-09-12T01:58:17.447 INFO:journalctl@ceph.mgr.x.smithi100.stdout:Sep 12 01:58:17 smithi100 ceph-3a2902f2-70aa-11ef-bcea-c7b262605968-mgr-x[31409]: ignoring --setgroup ceph since I am not root
2024-09-12T01:58:17.447 INFO:journalctl@ceph.mgr.x.smithi100.stdout:Sep 12 01:58:17 smithi100 ceph-3a2902f2-70aa-11ef-bcea-c7b262605968-mgr-x[31409]:
2024-09-12T01:58:17.245+0000 7f9155aa5040 -1 mgr[py] Module osd_perf_query has missing NOTIFY_TYPES member
2024-09-12T01:58:17.447 INFO:journalctl@ceph.mgr.x.smithi100.stdout:Sep 12 01:58:17 smithi100 ceph-3a2902f2-70aa-11ef-bcea-c7b262605968-mgr-x[31409]:
2024-09-12T01:58:17.301+0000 7f9155aa5040 -1 mgr[py] Module osd_support has missing NOTIFY_TYPES member
2024-09-12T01:58:17.447 INFO:journalctl@ceph.mgr.x.smithi100.stdout:Sep 12 01:58:17 smithi100 ceph-3a2902f2-70aa-11ef-bcea-c7b262605968-mgr-x[31409]:
2024-09-12T01:58:17.447+0000 7f9155aa5040 -1 mgr[py] Module diskprediction_local has missing NOTIFY_TYPES member
2024-09-12T01:58:17.758 INFO:journalctl@ceph.mgr.x.smithi100.stdout:Sep 12 01:58:17 smithi100 ceph-3a2902f2-70aa-11ef-bcea-c7b262605968-mgr-x[31409]:
2024-09-12T01:58:17.513+0000 7f9155aa5040 -1 mgr[py] Module crash has missing NOTIFY_TYPES member
2024-09-12T01:58:17.758 INFO:journalctl@ceph.mgr.x.smithi100.stdout:Sep 12 01:58:17 smithi100 ceph-3a2902f2-70aa-11ef-bcea-c7b262605968-mgr-x[31409]:
2024-09-12T01:58:17.662+0000 7f9155aa5040 -1 mgr[py] Module test_orchestrator has missing NOTIFY_TYPES member
2024-09-12T01:58:18.059 INFO:journalctl@ceph.mgr.x.smithi100.stdout:Sep 12 01:58:17 smithi100 ceph-3a2902f2-70aa-11ef-bcea-c7b262605968-mgr-x[31409]:
2024-09-12T01:58:17.804+0000 7f9155aa5040 -1 mgr[py] Module snap_schedule has missing NOTIFY_TYPES member
2024-09-12T01:58:18.066 INFO:teuthology.orchestra.run.smithi100.stdout:/usr/bin/ceph: stderr
2024-09-12T01:58:16.037+0000 7fab04e1c640 1 Processor -- start
2024-09-12T01:58:18.066 INFO:teuthology.orchestra.run.smithi100.stdout:/usr/bin/ceph: stderr
2024-09-12T01:58:16.037+0000 7fab04e1c640 1 -- start start
2024-09-12T01:58:18.066 INFO:teuthology.orchestra.run.smithi100.stdout:/usr/bin/ceph: stderr
2024-09-12T01:58:16.037+0000 7fab04e1c640 1 --2- >> [v2:172.21.15.100:3300/0,v1:172.21.15.100:6789/0] conn(0x7fab00106750 0x7fab00106b50 unknown :-1 s=NONE pgs=0 cs=0 l=0 rev1=0 crypto rx=0 tx=0 comp rx=0 tx=0).connect
2024-09-12T01:58:18.066 INFO:teuthology.orchestra.run.smithi100.stdout:/usr/bin/ceph: stderr
2024-09-12T01:58:16.037+0000 7fab04e1c640 1 -- --> [v2:172.21.15.100:3300/0,v1:172.21.15.100:6789/0] -- mon_getmap magic: 0 -- 0x7fab00107120 con 0x7fab00106750
2024-09-12T01:58:18.066 INFO:teuthology.orchestra.run.smithi100.stdout:/usr/bin/ceph: stderr
2024-09-12T01:58:16.038+0000 7faafe59c640 1 --2- >> [v2:172.21.15.100:3300/0,v1:172.21.15.100:6789/0] conn(0x7fab00106750 0x7fab00106b50 unknown :-1 s=BANNER_CONNECTING pgs=0 cs=0 l=0 rev1=0 crypto rx=0 tx=0 comp rx=0 tx=0)._handle_peer_banner_payload supported=3 required=0
2024-09-12T01:58:18.066 INFO:teuthology.orchestra.run.smithi100.stdout:/usr/bin/ceph: stderr
2024-09-12T01:58:16.038+0000 7faafe59c640 1 --2- >> [v2:172.21.15.100:3300/0,v1:172.21.15.100:6789/0] conn(0x7fab00106750 0x7fab00106b50 unknown :-1 s=HELLO_CONNECTING pgs=0 cs=0 l=0 rev1=1 crypto rx=0 tx=0 comp rx=0 tx=0).handle_hello peer v2:172.21.15.100:3300/0 says I am v2:172.21.15.100:43496/0 (socket says 172.21.15.100:43496)
2024-09-12T01:58:18.067 INFO:teuthology.orchestra.run.smithi100.stdout:/usr/bin/ceph: stderr
2024-09-12T01:58:16.038+0000 7faafe59c640 1 -- 172.21.15.100:0/1355392876 learned_addr learned my addr 172.21.15.100:0/1355392876 (peer_addr_for_me v2:172.21.15.100:0/0)
2024-09-12T01:58:18.067 INFO:teuthology.orchestra.run.smithi100.stdout:/usr/bin/ceph: stderr
2024-09-12T01:58:16.038+0000 7faafe59c640 1 -- 172.21.15.100:0/1355392876 --> [v2:172.21.15.100:3300/0,v1:172.21.15.100:6789/0] -- mon_subscribe({config=0+,monmap=0+}) -- 0x7fab00107950 con 0x7fab00106750
2024-09-12T01:58:18.067 INFO:teuthology.orchestra.run.smithi100.stdout:/usr/bin/ceph: stderr
2024-09-12T01:58:16.039+0000 7faafe59c640 1 --2- 172.21.15.100:0/1355392876 >> [v2:172.21.15.100:3300/0,v1:172.21.15.100:6789/0] conn(0x7fab00106750 0x7fab00106b50 secure :-1 s=READY pgs=53 cs=0 l=1 rev1=1 crypto rx=0x7faae8009820 tx=0x7faae802a270 comp rx=0 tx=0).ready entity=mon.0 client_cookie=378214da1c465140 server_cookie=0 in_seq=0 out_seq=0
2024-09-12T01:58:18.067 INFO:teuthology.orchestra.run.smithi100.stdout:/usr/bin/ceph: stderr
2024-09-12T01:58:16.039+0000 7faafd59a640 1 -- 172.21.15.100:0/1355392876 <== mon.0 v2:172.21.15.100:3300/0 1 ==== mon_map magic: 0 ==== 205+0+0 (secure 0 0 0) 0x7faae8037070 con 0x7fab00106750
2024-09-12T01:58:18.067 INFO:teuthology.orchestra.run.smithi100.stdout:/usr/bin/ceph: stderr
2024-09-12T01:58:16.039+0000 7faafd59a640 1 -- 172.21.15.100:0/1355392876 <== mon.0 v2:172.21.15.100:3300/0 2 ==== config(27 keys) ==== 1140+0+0 (secure 0 0 0) 0x7faae8032920 con 0x7fab00106750
2024-09-12T01:58:18.067 INFO:teuthology.orchestra.run.smithi100.stdout:/usr/bin/ceph: stderr
2024-09-12T01:58:16.039+0000 7faafd59a640 1 -- 172.21.15.100:0/1355392876 <== mon.0 v2:172.21.15.100:3300/0 3 ==== mon_map magic: 0 ==== 205+0+0 (secure 0 0 0) 0x7faae8030810 con 0x7fab00106750
2024-09-12T01:58:18.067 INFO:teuthology.orchestra.run.smithi100.stdout:/usr/bin/ceph: stderr
2024-09-12T01:58:16.040+0000 7fab04e1c640 1 -- 172.21.15.100:0/1355392876 >> [v2:172.21.15.100:3300/0,v1:172.21.15.100:6789/0] conn(0x7fab00106750 msgr2=0x7fab00106b50 secure :-1 s=STATE_CONNECTION_ESTABLISHED l=1).mark_down
2024-09-12T01:58:18.067 INFO:teuthology.orchestra.run.smithi100.stdout:/usr/bin/ceph: stderr
2024-09-12T01:58:16.040+0000 7fab04e1c640 1 --2- 172.21.15.100:0/1355392876 >> [v2:172.21.15.100:3300/0,v1:172.21.15.100:6789/0] conn(0x7fab00106750 0x7fab00106b50 secure :-1 s=READY pgs=53 cs=0 l=1 rev1=1 crypto rx=0x7faae8009820 tx=0x7faae802a270 comp rx=0 tx=0).stop
2024-09-12T01:58:18.067 INFO:teuthology.orchestra.run.smithi100.stdout:/usr/bin/ceph: stderr
2024-09-12T01:58:16.040+0000 7fab04e1c640 1 -- 172.21.15.100:0/1355392876 shutdown_connections
2024-09-12T01:58:18.067 INFO:teuthology.orchestra.run.smithi100.stdout:/usr/bin/ceph: stderr
2024-09-12T01:58:16.040+0000 7fab04e1c640 1 --2- 172.21.15.100:0/1355392876 >> [v2:172.21.15.100:3300/0,v1:172.21.15.100:6789/0] conn(0x7fab00106750 0x7fab00106b50 unknown :-1 s=CLOSED pgs=53 cs=0 l=1 rev1=1 crypto rx=0 tx=0 comp rx=0 tx=0).stop
2024-09-12T01:58:18.067 INFO:teuthology.orchestra.run.smithi100.stdout:/usr/bin/ceph: stderr
2024-09-12T01:58:16.040+0000 7fab04e1c640 1 -- 172.21.15.100:0/1355392876 >> 172.21.15.100:0/1355392876 conn(0x7fab00101f20 msgr2=0x7fab00104340 unknown :-1 s=STATE_NONE l=0).mark_down
2024-09-12T01:58:18.067 INFO:teuthology.orchestra.run.smithi100.stdout:/usr/bin/ceph: stderr
2024-09-12T01:58:16.040+0000 7fab04e1c640 1 -- 172.21.15.100:0/1355392876 shutdown_connections
2024-09-12T01:58:18.067 INFO:teuthology.orchestra.run.smithi100.stdout:/usr/bin/ceph: stderr
2024-09-12T01:58:16.040+0000 7fab04e1c640 1 -- 172.21.15.100:0/1355392876 wait complete.
2024-09-12T01:58:18.068 INFO:teuthology.orchestra.run.smithi100.stdout:/usr/bin/ceph: stderr
2024-09-12T01:58:16.041+0000 7fab04e1c640 1 Processor -- start
2024-09-12T01:58:18.068 INFO:teuthology.orchestra.run.smithi100.stdout:/usr/bin/ceph: stderr
2024-09-12T01:58:16.041+0000 7fab04e1c640 1 -- start start
2024-09-12T01:58:18.068 INFO:teuthology.orchestra.run.smithi100.stdout:/usr/bin/ceph: stderr
2024-09-12T01:58:16.041+0000 7fab04e1c640 1 --2- >> [v2:172.21.15.100:3300/0,v1:172.21.15.100:6789/0] conn(0x7fab00106750 0x7fab00191910 unknown :-1 s=NONE pgs=0 cs=0 l=1 rev1=0 crypto rx=0 tx=0 comp rx=0 tx=0).connect
2024-09-12T01:58:18.068 INFO:teuthology.orchestra.run.smithi100.stdout:/usr/bin/ceph: stderr
2024-09-12T01:58:16.041+0000 7fab04e1c640 1 -- --> [v2:172.21.15.100:3300/0,v1:172.21.15.100:6789/0] -- mon_getmap magic: 0 -- 0x7fab0010ad00 con 0x7fab00106750
2024-09-12T01:58:18.068 INFO:teuthology.orchestra.run.smithi100.stdout:/usr/bin/ceph: stderr
2024-09-12T01:58:16.041+0000 7faafe59c640 1 --2- >> [v2:172.21.15.100:3300/0,v1:172.21.15.100:6789/0] conn(0x7fab00106750 0x7fab00191910 unknown :-1 s=BANNER_CONNECTING pgs=0 cs=0 l=1 rev1=0 crypto rx=0 tx=0 comp rx=0 tx=0)._handle_peer_banner_payload supported=3 required=0
2024-09-12T01:58:18.068 INFO:teuthology.orchestra.run.smithi100.stdout:/usr/bin/ceph: stderr
2024-09-12T01:58:16.041+0000 7faafe59c640 1 --2- >> [v2:172.21.15.100:3300/0,v1:172.21.15.100:6789/0] conn(0x7fab00106750 0x7fab00191910 unknown :-1 s=HELLO_CONNECTING pgs=0 cs=0 l=1 rev1=1 crypto rx=0 tx=0 comp rx=0 tx=0).handle_hello peer v2:172.21.15.100:3300/0 says I am v2:172.21.15.100:43506/0 (socket says 172.21.15.100:43506)
2024-09-12T01:58:18.068 INFO:teuthology.orchestra.run.smithi100.stdout:/usr/bin/ceph: stderr
2024-09-12T01:58:16.041+0000 7faafe59c640 1 -- 172.21.15.100:0/1034218383 learned_addr learned my addr 172.21.15.100:0/1034218383 (peer_addr_for_me v2:172.21.15.100:0/0)
2024-09-12T01:58:18.068 INFO:teuthology.orchestra.run.smithi100.stdout:/usr/bin/ceph: stderr
2024-09-12T01:58:16.041+0000 7faafe59c640 1 -- 172.21.15.100:0/1034218383 --> [v2:172.21.15.100:3300/0,v1:172.21.15.100:6789/0] -- mon_subscribe({config=0+,monmap=0+}) -- 0x7fab00191e50 con 0x7fab00106750
2024-09-12T01:58:18.068 INFO:teuthology.orchestra.run.smithi100.stdout:/usr/bin/ceph: stderr
2024-09-12T01:58:16.042+0000 7faafe59c640 1 --2- 172.21.15.100:0/1034218383 >> [v2:172.21.15.100:3300/0,v1:172.21.15.100:6789/0] conn(0x7fab00106750 0x7fab00191910 secure :-1 s=READY pgs=54 cs=0 l=1 rev1=1 crypto rx=0x7faae80097f0 tx=0x7faae80327b0 comp rx=0 tx=0).ready entity=mon.0 client_cookie=0 server_cookie=0 in_seq=0 out_seq=0
2024-09-12T01:58:18.068 INFO:teuthology.orchestra.run.smithi100.stdout:/usr/bin/ceph: stderr
2024-09-12T01:58:16.042+0000 7faaf77fe640 1 -- 172.21.15.100:0/1034218383 <== mon.0 v2:172.21.15.100:3300/0 1 ==== mon_map magic: 0 ==== 205+0+0 (secure 0 0 0) 0x7faae8037040 con 0x7fab00106750
2024-09-12T01:58:18.068 INFO:teuthology.orchestra.run.smithi100.stdout:/usr/bin/ceph: stderr
2024-09-12T01:58:16.042+0000 7fab04e1c640 1 -- 172.21.15.100:0/1034218383 --> [v2:172.21.15.100:3300/0,v1:172.21.15.100:6789/0] -- mon_subscribe({mgrmap=0+}) -- 0x7fab00190040 con 0x7fab00106750
2024-09-12T01:58:18.068 INFO:teuthology.orchestra.run.smithi100.stdout:/usr/bin/ceph: stderr
2024-09-12T01:58:16.042+0000 7faaf77fe640 1 -- 172.21.15.100:0/1034218383 <== mon.0 v2:172.21.15.100:3300/0 2 ==== config(27 keys) ==== 1140+0+0 (secure 0 0 0) 0x7faae8030c40 con 0x7fab00106750
2024-09-12T01:58:18.069 INFO:teuthology.orchestra.run.smithi100.stdout:/usr/bin/ceph: stderr
2024-09-12T01:58:16.042+0000 7faaf77fe640 1 -- 172.21.15.100:0/1034218383 <== mon.0 v2:172.21.15.100:3300/0 3 ==== mon_map magic: 0 ==== 205+0+0 (secure 0 0 0) 0x7faae803a5b0 con 0x7fab00106750
2024-09-12T01:58:18.069 INFO:teuthology.orchestra.run.smithi100.stdout:/usr/bin/ceph: stderr
2024-09-12T01:58:16.042+0000 7fab04e1c640 1 -- 172.21.15.100:0/1034218383 --> [v2:172.21.15.100:3300/0,v1:172.21.15.100:6789/0] -- mon_subscribe({osdmap=0}) -- 0x7fab00190580 con 0x7fab00106750
2024-09-12T01:58:18.069 INFO:teuthology.orchestra.run.smithi100.stdout:/usr/bin/ceph: stderr
2024-09-12T01:58:16.043+0000 7faaf77fe640 1 -- 172.21.15.100:0/1034218383 <== mon.0 v2:172.21.15.100:3300/0 4 ==== mgrmap(e 8) ==== 46287+0+0 (secure 0 0 0) 0x7faae803a7c0 con 0x7fab00106750
2024-09-12T01:58:18.069 INFO:teuthology.orchestra.run.smithi100.stdout:/usr/bin/ceph: stderr
2024-09-12T01:58:16.043+0000 7fab04e1c640 1 -- 172.21.15.100:0/1034218383 --> [v2:172.21.15.100:3300/0,v1:172.21.15.100:6789/0] -- mon_command({"prefix": "get_command_descriptions"} v 0) -- 0x7fab00106bd0 con 0x7fab00106750
2024-09-12T01:58:18.069 INFO:teuthology.orchestra.run.smithi100.stdout:/usr/bin/ceph: stderr
2024-09-12T01:58:16.043+0000 7faaf77fe640 1 --2- 172.21.15.100:0/1034218383 >> [v2:172.21.15.100:6800/824408405,v1:172.21.15.100:6801/824408405] conn(0x7faaec039020 0x7faaec03b4e0 unknown :-1 s=NONE pgs=0 cs=0 l=1 rev1=0 crypto rx=0 tx=0 comp rx=0 tx=0).connect
2024-09-12T01:58:18.069 INFO:teuthology.orchestra.run.smithi100.stdout:/usr/bin/ceph: stderr
2024-09-12T01:58:16.043+0000 7faaf77fe640 1 -- 172.21.15.100:0/1034218383 <== mon.0 v2:172.21.15.100:3300/0 5 ==== osd_map(2..2 src has 1..2) ==== 940+0+0 (secure 0 0 0) 0x7faae8030df0 con 0x7fab00106750
2024-09-12T01:58:18.069 INFO:teuthology.orchestra.run.smithi100.stdout:/usr/bin/ceph: stderr
2024-09-12T01:58:16.044+0000 7faafdd9b640 1 --2- 172.21.15.100:0/1034218383 >> [v2:172.21.15.100:6800/824408405,v1:172.21.15.100:6801/824408405] conn(0x7faaec039020 0x7faaec03b4e0 unknown :-1 s=BANNER_CONNECTING pgs=0 cs=0 l=1 rev1=0 crypto rx=0 tx=0 comp rx=0 tx=0)._handle_peer_banner_payload supported=3 required=0
2024-09-12T01:58:18.069 INFO:teuthology.orchestra.run.smithi100.stdout:/usr/bin/ceph: stderr
2024-09-12T01:58:16.044+0000 7faafdd9b640 1 --2- 172.21.15.100:0/1034218383 >> [v2:172.21.15.100:6800/824408405,v1:172.21.15.100:6801/824408405] conn(0x7faaec039020 0x7faaec03b4e0 secure :-1 s=READY pgs=16 cs=0 l=1 rev1=1 crypto rx=0x7faaf0009910 tx=0x7faaf0006db0 comp rx=0 tx=0).ready entity=mgr.14118 client_cookie=0 server_cookie=0 in_seq=0 out_seq=0
2024-09-12T01:58:18.069 INFO:teuthology.orchestra.run.smithi100.stdout:/usr/bin/ceph: stderr
2024-09-12T01:58:16.048+0000 7faaf77fe640 1 -- 172.21.15.100:0/1034218383 <== mon.0 v2:172.21.15.100:3300/0 6 ==== mon_command_ack([{"prefix": "get_command_descriptions"}]=0 v0) ==== 72+0+188821 (secure 0 0 0) 0x7faae802fd60 con 0x7fab00106750
2024-09-12T01:58:18.069 INFO:teuthology.orchestra.run.smithi100.stdout:/usr/bin/ceph: stderr
2024-09-12T01:58:16.266+0000 7fab04e1c640 1 -- 172.21.15.100:0/1034218383 --> [v2:172.21.15.100:3300/0,v1:172.21.15.100:6789/0] -- mon_command({"prefix": "mgr module enable", "module": "dashboard"} v 0) -- 0x7fab00195660 con 0x7fab00106750
2024-09-12T01:58:18.070 INFO:teuthology.orchestra.run.smithi100.stdout:/usr/bin/ceph: stderr
2024-09-12T01:58:17.092+0000 7faaf77fe640 1 -- 172.21.15.100:0/1034218383 <== mon.0 v2:172.21.15.100:3300/0 7 ==== mon_command_ack([{"prefix": "mgr module enable", "module": "dashboard"}]=0 v9) ==== 88+0+0 (secure 0 0 0) 0x7faae8044920 con 0x7fab00106750
2024-09-12T01:58:18.070 INFO:teuthology.orchestra.run.smithi100.stdout:/usr/bin/ceph: stderr
2024-09-12T01:58:17.094+0000 7faaf77fe640 1 -- 172.21.15.100:0/1034218383 <== mon.0 v2:172.21.15.100:3300/0 8 ==== mgrmap(e 9) ==== 46300+0+0 (secure 0 0 0) 0x7faae8044400 con 0x7fab00106750
2024-09-12T01:58:18.070 INFO:teuthology.orchestra.run.smithi100.stdout:/usr/bin/ceph: stderr
2024-09-12T01:58:17.096+0000 7fab04e1c640 1 -- 172.21.15.100:0/1034218383 >> [v2:172.21.15.100:6800/824408405,v1:172.21.15.100:6801/824408405] conn(0x7faaec039020 msgr2=0x7faaec03b4e0 secure :-1 s=STATE_CONNECTION_ESTABLISHED l=1).mark_down
2024-09-12T01:58:18.070 INFO:teuthology.orchestra.run.smithi100.stdout:/usr/bin/ceph: stderr
2024-09-12T01:58:17.096+0000 7fab04e1c640 1 --2- 172.21.15.100:0/1034218383 >> [v2:172.21.15.100:6800/824408405,v1:172.21.15.100:6801/824408405] conn(0x7faaec039020 0x7faaec03b4e0 secure :-1 s=READY pgs=16 cs=0 l=1 rev1=1 crypto rx=0x7faaf0009910 tx=0x7faaf0006db0 comp rx=0 tx=0).stop
2024-09-12T01:58:18.070 INFO:teuthology.orchestra.run.smithi100.stdout:/usr/bin/ceph: stderr
2024-09-12T01:58:17.096+0000 7fab04e1c640 1 -- 172.21.15.100:0/1034218383 >> [v2:172.21.15.100:3300/0,v1:172.21.15.100:6789/0] conn(0x7fab00106750 msgr2=0x7fab00191910 secure :-1 s=STATE_CONNECTION_ESTABLISHED l=1).mark_down
2024-09-12T01:58:18.070 INFO:teuthology.orchestra.run.smithi100.stdout:/usr/bin/ceph: stderr
2024-09-12T01:58:17.096+0000 7fab04e1c640 1 --2- 172.21.15.100:0/1034218383 >> [v2:172.21.15.100:3300/0,v1:172.21.15.100:6789/0] conn(0x7fab00106750 0x7fab00191910 secure :-1 s=READY pgs=54 cs=0 l=1 rev1=1 crypto rx=0x7faae80097f0 tx=0x7faae80327b0 comp rx=0 tx=0).stop
2024-09-12T01:58:18.070 INFO:teuthology.orchestra.run.smithi100.stdout:/usr/bin/ceph: stderr
2024-09-12T01:58:17.096+0000 7fab04e1c640 1 -- 172.21.15.100:0/1034218383 shutdown_connections
2024-09-12T01:58:18.070 INFO:teuthology.orchestra.run.smithi100.stdout:/usr/bin/ceph: stderr
2024-09-12T01:58:17.096+0000 7fab04e1c640 1 --2- 172.21.15.100:0/1034218383 >> [v2:172.21.15.100:6800/824408405,v1:172.21.15.100:6801/824408405] conn(0x7faaec039020 0x7faaec03b4e0 unknown :-1 s=CLOSED pgs=16 cs=0 l=1 rev1=1 crypto rx=0 tx=0 comp rx=0 tx=0).stop
2024-09-12T01:58:18.070 INFO:teuthology.orchestra.run.smithi100.stdout:/usr/bin/ceph: stderr
2024-09-12T01:58:17.096+0000 7fab04e1c640 1 --2- 172.21.15.100:0/1034218383 >> [v2:172.21.15.100:3300/0,v1:172.21.15.100:6789/0] conn(0x7fab00106750 0x7fab00191910 unknown :-1 s=CLOSED pgs=54 cs=0 l=1 rev1=1 crypto rx=0 tx=0 comp rx=0 tx=0).stop
2024-09-12T01:58:18.070 INFO:teuthology.orchestra.run.smithi100.stdout:/usr/bin/ceph: stderr
2024-09-12T01:58:17.096+0000 7fab04e1c640 1 -- 172.21.15.100:0/1034218383 >> 172.21.15.100:0/1034218383 conn(0x7fab00101f20 msgr2=0x7fab00102e90 unknown :-1 s=STATE_NONE l=0).mark_down
2024-09-12T01:58:18.070 INFO:teuthology.orchestra.run.smithi100.stdout:/usr/bin/ceph: stderr
2024-09-12T01:58:17.096+0000 7fab04e1c640 1 -- 172.21.15.100:0/1034218383 shutdown_connections
2024-09-12T01:58:18.070 INFO:teuthology.orchestra.run.smithi100.stdout:/usr/bin/ceph: stderr
2024-09-12T01:58:17.096+0000 7fab04e1c640 1 -- 172.21.15.100:0/1034218383 wait complete.
2024-09-12T01:58:18.317 INFO:journalctl@ceph.mon.a.smithi100.stdout:Sep 12 01:58:18 smithi100 ceph-mon[31179]: from='client.? 172.21.15.100:0/1034218383' entity='client.admin' cmd='[{"prefix": "mgr module enable", "module": "dashboard"}]': finished
2024-09-12T01:58:18.317 INFO:journalctl@ceph.mon.a.smithi100.stdout:Sep 12 01:58:18 smithi100 ceph-mon[31179]: mgrmap e9: x(active, since 18s)
2024-09-12T01:58:18.317 INFO:journalctl@ceph.mgr.x.smithi100.stdout:Sep 12 01:58:18 smithi100 ceph-3a2902f2-70aa-11ef-bcea-c7b262605968-mgr-x[31409]:
2024-09-12T01:58:18.121+0000 7f9155aa5040 -1 mgr[py] Module prometheus has missing NOTIFY_TYPES member
2024-09-12T01:58:18.318 INFO:journalctl@ceph.mgr.x.smithi100.stdout:Sep 12 01:58:18 smithi100 ceph-3a2902f2-70aa-11ef-bcea-c7b262605968-mgr-x[31409]:
2024-09-12T01:58:18.181+0000 7f9155aa5040 -1 mgr[py] Module selftest has missing NOTIFY_TYPES member
2024-09-12T01:58:18.568 INFO:journalctl@ceph.mgr.x.smithi100.stdout:Sep 12 01:58:18 smithi100 ceph-3a2902f2-70aa-11ef-bcea-c7b262605968-mgr-x[31409]:
2024-09-12T01:58:18.370+0000 7f9155aa5040 -1 mgr[py] Module volumes has missing NOTIFY_TYPES member
2024-09-12T01:58:19.332 INFO:teuthology.orchestra.run.smithi100.stdout:/usr/bin/ceph: stdout {
2024-09-12T01:58:19.332 INFO:teuthology.orchestra.run.smithi100.stdout:/usr/bin/ceph: stdout "epoch": 9,
2024-09-12T01:58:19.332 INFO:teuthology.orchestra.run.smithi100.stdout:/usr/bin/ceph: stdout "available": true,
2024-09-12T01:58:19.332 INFO:teuthology.orchestra.run.smithi100.stdout:/usr/bin/ceph: stdout "active_name": "x",
2024-09-12T01:58:19.332 INFO:teuthology.orchestra.run.smithi100.stdout:/usr/bin/ceph: stdout "num_standby": 0
2024-09-12T01:58:19.332 INFO:teuthology.orchestra.run.smithi100.stdout:/usr/bin/ceph: stdout }
2024-09-12T01:58:19.332 INFO:teuthology.orchestra.run.smithi100.stdout:/usr/bin/ceph: stderr
2024-09-12T01:58:18.508+0000 7fbc428c9640 1 Processor -- start
2024-09-12T01:58:19.332 INFO:teuthology.orchestra.run.smithi100.stdout:/usr/bin/ceph: stderr
2024-09-12T01:58:18.508+0000 7fbc428c9640 1 -- start start
2024-09-12T01:58:19.332 INFO:teuthology.orchestra.run.smithi100.stdout:/usr/bin/ceph: stderr
2024-09-12T01:58:18.508+0000 7fbc428c9640 1 --2- >> [v2:172.21.15.100:3300/0,v1:172.21.15.100:6789/0] conn(0x7fbc3c106010 0x7fbc3c108420 unknown :-1 s=NONE pgs=0 cs=0 l=0 rev1=0 crypto rx=0 tx=0 comp rx=0 tx=0).connect
2024-09-12T01:58:19.333 INFO:teuthology.orchestra.run.smithi100.stdout:/usr/bin/ceph: stderr
2024-09-12T01:58:18.508+0000 7fbc428c9640 1 -- --> [v2:172.21.15.100:3300/0,v1:172.21.15.100:6789/0] -- mon_getmap magic: 0 -- 0x7fbc3c07be60 con 0x7fbc3c106010
2024-09-12T01:58:19.333 INFO:teuthology.orchestra.run.smithi100.stdout:/usr/bin/ceph: stderr
2024-09-12T01:58:18.508+0000 7fbc3bfff640 1 --2- >> [v2:172.21.15.100:3300/0,v1:172.21.15.100:6789/0] conn(0x7fbc3c106010 0x7fbc3c108420 unknown :-1 s=BANNER_CONNECTING pgs=0 cs=0 l=0 rev1=0 crypto rx=0 tx=0 comp rx=0 tx=0)._handle_peer_banner_payload supported=3 required=0
2024-09-12T01:58:19.333 INFO:teuthology.orchestra.run.smithi100.stdout:/usr/bin/ceph: stderr
2024-09-12T01:58:18.508+0000 7fbc3bfff640 1 --2- >> [v2:172.21.15.100:3300/0,v1:172.21.15.100:6789/0] conn(0x7fbc3c106010 0x7fbc3c108420 unknown :-1 s=HELLO_CONNECTING pgs=0 cs=0 l=0 rev1=1 crypto rx=0 tx=0 comp rx=0 tx=0).handle_hello peer v2:172.21.15.100:3300/0 says I am v2:172.21.15.100:43544/0 (socket says 172.21.15.100:43544)
2024-09-12T01:58:19.333 INFO:teuthology.orchestra.run.smithi100.stdout:/usr/bin/ceph: stderr
2024-09-12T01:58:18.508+0000 7fbc3bfff640 1 -- 172.21.15.100:0/758800691 learned_addr learned my addr 172.21.15.100:0/758800691 (peer_addr_for_me v2:172.21.15.100:0/0)
2024-09-12T01:58:19.333 INFO:teuthology.orchestra.run.smithi100.stdout:/usr/bin/ceph: stderr
2024-09-12T01:58:18.508+0000 7fbc3bfff640 1 -- 172.21.15.100:0/758800691 --> [v2:172.21.15.100:3300/0,v1:172.21.15.100:6789/0] -- mon_subscribe({config=0+,monmap=0+}) -- 0x7fbc3c108960 con 0x7fbc3c106010
2024-09-12T01:58:19.333 INFO:teuthology.orchestra.run.smithi100.stdout:/usr/bin/ceph: stderr
2024-09-12T01:58:18.509+0000 7fbc3bfff640 1 --2- 172.21.15.100:0/758800691 >> [v2:172.21.15.100:3300/0,v1:172.21.15.100:6789/0] conn(0x7fbc3c106010 0x7fbc3c108420 secure :-1 s=READY pgs=57 cs=0 l=1 rev1=1 crypto rx=0x7fbc2c009820 tx=0x7fbc2c02a270 comp rx=0 tx=0).ready entity=mon.0 client_cookie=2b7b6f3d3b9b0e88 server_cookie=0 in_seq=0 out_seq=0
2024-09-12T01:58:19.333 INFO:teuthology.orchestra.run.smithi100.stdout:/usr/bin/ceph: stderr
2024-09-12T01:58:18.509+0000 7fbc3b7fe640 1 -- 172.21.15.100:0/758800691 <== mon.0 v2:172.21.15.100:3300/0 1 ==== mon_map magic: 0 ==== 205+0+0 (secure 0 0 0) 0x7fbc2c037070 con 0x7fbc3c106010
2024-09-12T01:58:19.333 INFO:teuthology.orchestra.run.smithi100.stdout:/usr/bin/ceph: stderr
2024-09-12T01:58:18.509+0000 7fbc3b7fe640 1 -- 172.21.15.100:0/758800691 <== mon.0 v2:172.21.15.100:3300/0 2 ==== config(27 keys) ==== 1140+0+0 (secure 0 0 0) 0x7fbc2c032920 con 0x7fbc3c106010
2024-09-12T01:58:19.333 INFO:teuthology.orchestra.run.smithi100.stdout:/usr/bin/ceph: stderr
2024-09-12T01:58:18.509+0000 7fbc3b7fe640 1 -- 172.21.15.100:0/758800691 <== mon.0 v2:172.21.15.100:3300/0 3 ==== mon_map magic: 0 ==== 205+0+0 (secure 0 0 0) 0x7fbc2c030810 con 0x7fbc3c106010
2024-09-12T01:58:19.333 INFO:teuthology.orchestra.run.smithi100.stdout:/usr/bin/ceph: stderr
2024-09-12T01:58:18.510+0000 7fbc428c9640 1 -- 172.21.15.100:0/758800691 >> [v2:172.21.15.100:3300/0,v1:172.21.15.100:6789/0] conn(0x7fbc3c106010 msgr2=0x7fbc3c108420 secure :-1 s=STATE_CONNECTION_ESTABLISHED l=1).mark_down
2024-09-12T01:58:19.333 INFO:teuthology.orchestra.run.smithi100.stdout:/usr/bin/ceph: stderr
2024-09-12T01:58:18.510+0000 7fbc428c9640 1 --2- 172.21.15.100:0/758800691 >> [v2:172.21.15.100:3300/0,v1:172.21.15.100:6789/0] conn(0x7fbc3c106010 0x7fbc3c108420 secure :-1 s=READY pgs=57 cs=0 l=1 rev1=1 crypto rx=0x7fbc2c009820 tx=0x7fbc2c02a270 comp rx=0 tx=0).stop
2024-09-12T01:58:19.334 INFO:teuthology.orchestra.run.smithi100.stdout:/usr/bin/ceph: stderr
2024-09-12T01:58:18.510+0000 7fbc428c9640 1 -- 172.21.15.100:0/758800691 shutdown_connections
2024-09-12T01:58:19.334 INFO:teuthology.orchestra.run.smithi100.stdout:/usr/bin/ceph: stderr
2024-09-12T01:58:18.510+0000 7fbc428c9640 1 --2- 172.21.15.100:0/758800691 >> [v2:172.21.15.100:3300/0,v1:172.21.15.100:6789/0] conn(0x7fbc3c106010 0x7fbc3c108420 unknown :-1 s=CLOSED pgs=57 cs=0 l=1 rev1=1 crypto rx=0 tx=0 comp rx=0 tx=0).stop
2024-09-12T01:58:19.334 INFO:teuthology.orchestra.run.smithi100.stdout:/usr/bin/ceph: stderr
2024-09-12T01:58:18.510+0000 7fbc428c9640 1 -- 172.21.15.100:0/758800691 >> 172.21.15.100:0/758800691 conn(0x7fbc3c101e60 msgr2=0x7fbc3c104280 unknown :-1 s=STATE_NONE l=0).mark_down
2024-09-12T01:58:19.334 INFO:teuthology.orchestra.run.smithi100.stdout:/usr/bin/ceph: stderr
2024-09-12T01:58:18.510+0000 7fbc428c9640 1 -- 172.21.15.100:0/758800691 shutdown_connections
2024-09-12T01:58:19.334 INFO:teuthology.orchestra.run.smithi100.stdout:/usr/bin/ceph: stderr
2024-09-12T01:58:18.510+0000 7fbc428c9640 1 -- 172.21.15.100:0/758800691 wait complete.
2024-09-12T01:58:19.334 INFO:teuthology.orchestra.run.smithi100.stdout:/usr/bin/ceph: stderr
2024-09-12T01:58:18.511+0000 7fbc428c9640 1 Processor -- start
2024-09-12T01:58:19.334 INFO:teuthology.orchestra.run.smithi100.stdout:/usr/bin/ceph: stderr
2024-09-12T01:58:18.511+0000 7fbc428c9640 1 -- start start
2024-09-12T01:58:19.334 INFO:teuthology.orchestra.run.smithi100.stdout:/usr/bin/ceph: stderr
2024-09-12T01:58:18.511+0000 7fbc428c9640 1 --2- >> [v2:172.21.15.100:3300/0,v1:172.21.15.100:6789/0] conn(0x7fbc3c106010 0x7fbc3c1a1dd0 unknown :-1 s=NONE pgs=0 cs=0 l=1 rev1=0 crypto rx=0 tx=0 comp rx=0 tx=0).connect
2024-09-12T01:58:19.334 INFO:teuthology.orchestra.run.smithi100.stdout:/usr/bin/ceph: stderr
2024-09-12T01:58:18.511+0000 7fbc428c9640 1 -- --> [v2:172.21.15.100:3300/0,v1:172.21.15.100:6789/0] -- mon_getmap magic: 0 -- 0x7fbc3c109aa0 con 0x7fbc3c106010
2024-09-12T01:58:19.334 INFO:teuthology.orchestra.run.smithi100.stdout:/usr/bin/ceph: stderr
2024-09-12T01:58:18.512+0000 7fbc3bfff640 1 --2- >> [v2:172.21.15.100:3300/0,v1:172.21.15.100:6789/0] conn(0x7fbc3c106010 0x7fbc3c1a1dd0 unknown :-1 s=BANNER_CONNECTING pgs=0 cs=0 l=1 rev1=0 crypto rx=0 tx=0 comp rx=0 tx=0)._handle_peer_banner_payload supported=3 required=0
2024-09-12T01:58:19.334 INFO:teuthology.orchestra.run.smithi100.stdout:/usr/bin/ceph: stderr
2024-09-12T01:58:18.512+0000 7fbc3bfff640 1 --2- >> [v2:172.21.15.100:3300/0,v1:172.21.15.100:6789/0] conn(0x7fbc3c106010 0x7fbc3c1a1dd0 unknown :-1 s=HELLO_CONNECTING pgs=0 cs=0 l=1 rev1=1 crypto rx=0 tx=0 comp rx=0 tx=0).handle_hello peer v2:172.21.15.100:3300/0 says I am v2:172.21.15.100:43558/0 (socket says 172.21.15.100:43558)
2024-09-12T01:58:19.334 INFO:teuthology.orchestra.run.smithi100.stdout:/usr/bin/ceph: stderr
2024-09-12T01:58:18.512+0000 7fbc3bfff640 1 -- 172.21.15.100:0/2825297340 learned_addr learned my addr 172.21.15.100:0/2825297340 (peer_addr_for_me v2:172.21.15.100:0/0)
2024-09-12T01:58:19.334 INFO:teuthology.orchestra.run.smithi100.stdout:/usr/bin/ceph: stderr
2024-09-12T01:58:18.512+0000 7fbc3bfff640 1 -- 172.21.15.100:0/2825297340 --> [v2:172.21.15.100:3300/0,v1:172.21.15.100:6789/0] -- mon_subscribe({config=0+,monmap=0+}) -- 0x7fbc3c1a2310 con 0x7fbc3c106010
2024-09-12T01:58:19.335 INFO:teuthology.orchestra.run.smithi100.stdout:/usr/bin/ceph: stderr
2024-09-12T01:58:18.512+0000 7fbc3bfff640 1 --2- 172.21.15.100:0/2825297340 >> [v2:172.21.15.100:3300/0,v1:172.21.15.100:6789/0] conn(0x7fbc3c106010 0x7fbc3c1a1dd0 secure :-1 s=READY pgs=58 cs=0 l=1 rev1=1 crypto rx=0x7fbc2c030380 tx=0x7fbc2c032670 comp rx=0 tx=0).ready entity=mon.0 client_cookie=0 server_cookie=0 in_seq=0 out_seq=0
2024-09-12T01:58:19.335 INFO:teuthology.orchestra.run.smithi100.stdout:/usr/bin/ceph: stderr
2024-09-12T01:58:18.512+0000 7fbc39ffb640 1 -- 172.21.15.100:0/2825297340 <== mon.0 v2:172.21.15.100:3300/0 1 ==== mon_map magic: 0 ==== 205+0+0 (secure 0 0 0) 0x7fbc2c037040 con 0x7fbc3c106010
2024-09-12T01:58:19.335 INFO:teuthology.orchestra.run.smithi100.stdout:/usr/bin/ceph: stderr
2024-09-12T01:58:18.512+0000 7fbc39ffb640 1 -- 172.21.15.100:0/2825297340 <== mon.0 v2:172.21.15.100:3300/0 2 ==== config(27 keys) ==== 1140+0+0 (secure 0 0 0) 0x7fbc2c040070 con 0x7fbc3c106010
2024-09-12T01:58:19.335 INFO:teuthology.orchestra.run.smithi100.stdout:/usr/bin/ceph: stderr
2024-09-12T01:58:18.512+0000 7fbc428c9640 1 -- 172.21.15.100:0/2825297340 --> [v2:172.21.15.100:3300/0,v1:172.21.15.100:6789/0] -- mon_subscribe({mgrmap=0+}) -- 0x7fbc3c1a25a0 con 0x7fbc3c106010
2024-09-12T01:58:19.335 INFO:teuthology.orchestra.run.smithi100.stdout:/usr/bin/ceph: stderr
2024-09-12T01:58:18.512+0000 7fbc39ffb640 1 -- 172.21.15.100:0/2825297340 <== mon.0 v2:172.21.15.100:3300/0 3 ==== mon_map magic: 0 ==== 205+0+0 (secure 0 0 0) 0x7fbc2c03a7b0 con 0x7fbc3c106010
2024-09-12T01:58:19.335 INFO:teuthology.orchestra.run.smithi100.stdout:/usr/bin/ceph: stderr
2024-09-12T01:58:18.512+0000 7fbc428c9640 1 -- 172.21.15.100:0/2825297340 --> [v2:172.21.15.100:3300/0,v1:172.21.15.100:6789/0] -- mon_subscribe({osdmap=0}) -- 0x7fbc3c1a5290 con 0x7fbc3c106010
2024-09-12T01:58:19.335 INFO:teuthology.orchestra.run.smithi100.stdout:/usr/bin/ceph: stderr
2024-09-12T01:58:18.513+0000 7fbc39ffb640 1 -- 172.21.15.100:0/2825297340 <== mon.0 v2:172.21.15.100:3300/0 4 ==== mgrmap(e 9) ==== 46300+0+0 (secure 0 0 0) 0x7fbc2c03a9e0 con 0x7fbc3c106010
2024-09-12T01:58:19.335 INFO:teuthology.orchestra.run.smithi100.stdout:/usr/bin/ceph: stderr
2024-09-12T01:58:18.513+0000 7fbc39ffb640 1 --2- 172.21.15.100:0/2825297340 >> [v2:172.21.15.100:6800/824408405,v1:172.21.15.100:6801/824408405] conn(0x7fbc28039020 0x7fbc2803b4e0 unknown :-1 s=NONE pgs=0 cs=0 l=1 rev1=0 crypto rx=0 tx=0 comp rx=0 tx=0).connect
2024-09-12T01:58:19.335 INFO:teuthology.orchestra.run.smithi100.stdout:/usr/bin/ceph: stderr
2024-09-12T01:58:18.514+0000 7fbc39ffb640 1 -- 172.21.15.100:0/2825297340 <== mon.0 v2:172.21.15.100:3300/0 5 ==== osd_map(2..2 src has 1..2) ==== 940+0+0 (secure 0 0 0) 0x7fbc2c06c630 con 0x7fbc3c106010
2024-09-12T01:58:19.335 INFO:teuthology.orchestra.run.smithi100.stdout:/usr/bin/ceph: stderr
2024-09-12T01:58:18.514+0000 7fbc33fff640 1 -- 172.21.15.100:0/2825297340 >> [v2:172.21.15.100:6800/824408405,v1:172.21.15.100:6801/824408405] conn(0x7fbc28039020 msgr2=0x7fbc2803b4e0 unknown :-1 s=STATE_CONNECTING_RE l=1).process reconnect failed to v2:172.21.15.100:6800/824408405
2024-09-12T01:58:19.335 INFO:teuthology.orchestra.run.smithi100.stdout:/usr/bin/ceph: stderr
2024-09-12T01:58:18.514+0000 7fbc33fff640 1 --2- 172.21.15.100:0/2825297340 >> [v2:172.21.15.100:6800/824408405,v1:172.21.15.100:6801/824408405] conn(0x7fbc28039020 0x7fbc2803b4e0 unknown :-1 s=START_CONNECT pgs=0 cs=0 l=1 rev1=0 crypto rx=0 tx=0 comp rx=0 tx=0)._fault waiting 0.200000
2024-09-12T01:58:19.335 INFO:teuthology.orchestra.run.smithi100.stdout:/usr/bin/ceph: stderr
2024-09-12T01:58:18.514+0000 7fbc428c9640 1 -- 172.21.15.100:0/2825297340 --> [v2:172.21.15.100:3300/0,v1:172.21.15.100:6789/0] -- mon_command({"prefix": "get_command_descriptions"} v 0) -- 0x7fbc3c106410 con 0x7fbc3c106010
2024-09-12T01:58:19.335 INFO:teuthology.orchestra.run.smithi100.stdout:/usr/bin/ceph: stderr
