2024-09-12T01:58:24.196+0000 7f2fda7f8640 1 -- 172.21.15.100:0/23308138 --> [v2:172.21.15.100:6800/3532459665,v1:172.21.15.100:6801/3532459665] -- mgr_command(tid 0: {"prefix": "dashboard create-self-signed-cert", "target": ["mon-mgr", ""]}) -- 0x7f2fd41043a0 con 0x7f2fbc038fc0
2024-09-12T01:58:24.871 INFO:teuthology.orchestra.run.smithi100.stdout:/usr/bin/ceph: stderr
2024-09-12T01:58:24.303+0000 7f2fd17fa640 1 -- 172.21.15.100:0/23308138 <== mgr.14150 v2:172.21.15.100:6800/3532459665 1 ==== mgr_command_reply(tid 0: 0 ) ==== 8+0+32 (secure 0 0 0) 0x7f2fd41043a0 con 0x7f2fbc038fc0
2024-09-12T01:58:24.871 INFO:teuthology.orchestra.run.smithi100.stdout:/usr/bin/ceph: stderr
2024-09-12T01:58:24.305+0000 7f2fda7f8640 1 -- 172.21.15.100:0/23308138 >> [v2:172.21.15.100:6800/3532459665,v1:172.21.15.100:6801/3532459665] conn(0x7f2fbc038fc0 msgr2=0x7f2fbc03b480 secure :-1 s=STATE_CONNECTION_ESTABLISHED l=1).mark_down
2024-09-12T01:58:24.872 INFO:teuthology.orchestra.run.smithi100.stdout:/usr/bin/ceph: stderr
2024-09-12T01:58:24.305+0000 7f2fda7f8640 1 --2- 172.21.15.100:0/23308138 >> [v2:172.21.15.100:6800/3532459665,v1:172.21.15.100:6801/3532459665] conn(0x7f2fbc038fc0 0x7f2fbc03b480 secure :-1 s=READY pgs=7 cs=0 l=1 rev1=1 crypto rx=0x7f2fc80098c0 tx=0x7f2fc8006db0 comp rx=0 tx=0).stop
2024-09-12T01:58:24.872 INFO:teuthology.orchestra.run.smithi100.stdout:/usr/bin/ceph: stderr
2024-09-12T01:58:24.305+0000 7f2fda7f8640 1 -- 172.21.15.100:0/23308138 >> [v2:172.21.15.100:3300/0,v1:172.21.15.100:6789/0] conn(0x7f2fd4107800 msgr2=0x7f2fd419b890 secure :-1 s=STATE_CONNECTION_ESTABLISHED l=1).mark_down
2024-09-12T01:58:24.872 INFO:teuthology.orchestra.run.smithi100.stdout:/usr/bin/ceph: stderr
2024-09-12T01:58:24.305+0000 7f2fda7f8640 1 --2- 172.21.15.100:0/23308138 >> [v2:172.21.15.100:3300/0,v1:172.21.15.100:6789/0] conn(0x7f2fd4107800 0x7f2fd419b890 secure :-1 s=READY pgs=69 cs=0 l=1 rev1=1 crypto rx=0x7f2fc4030560 tx=0x7f2fc4032670 comp rx=0 tx=0).stop
2024-09-12T01:58:24.872 INFO:teuthology.orchestra.run.smithi100.stdout:/usr/bin/ceph: stderr
2024-09-12T01:58:24.305+0000 7f2fda7f8640 1 -- 172.21.15.100:0/23308138 shutdown_connections
2024-09-12T01:58:24.872 INFO:teuthology.orchestra.run.smithi100.stdout:/usr/bin/ceph: stderr
2024-09-12T01:58:24.305+0000 7f2fda7f8640 1 --2- 172.21.15.100:0/23308138 >> [v2:172.21.15.100:6800/3532459665,v1:172.21.15.100:6801/3532459665] conn(0x7f2fbc038fc0 0x7f2fbc03b480 unknown :-1 s=CLOSED pgs=7 cs=0 l=1 rev1=1 crypto rx=0 tx=0 comp rx=0 tx=0).stop
2024-09-12T01:58:24.872 INFO:teuthology.orchestra.run.smithi100.stdout:/usr/bin/ceph: stderr
2024-09-12T01:58:24.305+0000 7f2fda7f8640 1 --2- 172.21.15.100:0/23308138 >> [v2:172.21.15.100:3300/0,v1:172.21.15.100:6789/0] conn(0x7f2fd4107800 0x7f2fd419b890 unknown :-1 s=CLOSED pgs=69 cs=0 l=1 rev1=1 crypto rx=0 tx=0 comp rx=0 tx=0).stop
2024-09-12T01:58:24.872 INFO:teuthology.orchestra.run.smithi100.stdout:/usr/bin/ceph: stderr
2024-09-12T01:58:24.305+0000 7f2fda7f8640 1 -- 172.21.15.100:0/23308138 >> 172.21.15.100:0/23308138 conn(0x7f2fd4102ff0 msgr2=0x7f2fd4103c90 unknown :-1 s=STATE_NONE l=0).mark_down
2024-09-12T01:58:24.872 INFO:teuthology.orchestra.run.smithi100.stdout:/usr/bin/ceph: stderr
2024-09-12T01:58:24.305+0000 7f2fda7f8640 1 -- 172.21.15.100:0/23308138 shutdown_connections
2024-09-12T01:58:24.872 INFO:teuthology.orchestra.run.smithi100.stdout:/usr/bin/ceph: stderr
2024-09-12T01:58:24.305+0000 7f2fda7f8640 1 -- 172.21.15.100:0/23308138 wait complete.
2024-09-12T01:58:24.873 INFO:teuthology.orchestra.run.smithi100.stdout:Creating initial admin user...
2024-09-12T01:58:24.975 INFO:journalctl@ceph.mon.a.smithi100.stdout:Sep 12 01:58:24 smithi100 ceph-mon[31179]: [12/Sep/2024:01:58:23] ENGINE Bus STARTING
2024-09-12T01:58:24.975 INFO:journalctl@ceph.mon.a.smithi100.stdout:Sep 12 01:58:24 smithi100 ceph-mon[31179]: [12/Sep/2024:01:58:23] ENGINE Serving on http://172.21.15.100:8765
2024-09-12T01:58:24.975 INFO:journalctl@ceph.mon.a.smithi100.stdout:Sep 12 01:58:24 smithi100 ceph-mon[31179]: [12/Sep/2024:01:58:23] ENGINE Serving on https://172.21.15.100:7150
2024-09-12T01:58:24.975 INFO:journalctl@ceph.mon.a.smithi100.stdout:Sep 12 01:58:24 smithi100 ceph-mon[31179]: [12/Sep/2024:01:58:23] ENGINE Bus STARTED
2024-09-12T01:58:24.976 INFO:journalctl@ceph.mon.a.smithi100.stdout:Sep 12 01:58:24 smithi100 ceph-mon[31179]: [12/Sep/2024:01:58:23] ENGINE Error in HTTPServer.serve
2024-09-12T01:58:24.976 INFO:journalctl@ceph.mon.a.smithi100.stdout: Traceback (most recent call last):
2024-09-12T01:58:24.976 INFO:journalctl@ceph.mon.a.smithi100.stdout: File "/lib/python3.9/site-packages/cheroot/server.py", line 1823, in serve
2024-09-12T01:58:24.976 INFO:journalctl@ceph.mon.a.smithi100.stdout: self._connections.run(self.expiration_interval)
2024-09-12T01:58:24.976 INFO:journalctl@ceph.mon.a.smithi100.stdout: File "/lib/python3.9/site-packages/cheroot/connections.py", line 203, in run
2024-09-12T01:58:24.976 INFO:journalctl@ceph.mon.a.smithi100.stdout: self._run(expiration_interval)
2024-09-12T01:58:24.976 INFO:journalctl@ceph.mon.a.smithi100.stdout: File "/lib/python3.9/site-packages/cheroot/connections.py", line 246, in _run
2024-09-12T01:58:24.976 INFO:journalctl@ceph.mon.a.smithi100.stdout: new_conn = self._from_server_socket(self.server.socket)
2024-09-12T01:58:24.976 INFO:journalctl@ceph.mon.a.smithi100.stdout: File "/lib/python3.9/site-packages/cheroot/connections.py", line 300, in _from_server_socket
2024-09-12T01:58:24.976 INFO:journalctl@ceph.mon.a.smithi100.stdout: s, ssl_env = self.server.ssl_adapter.wrap(s)
2024-09-12T01:58:24.976 INFO:journalctl@ceph.mon.a.smithi100.stdout: File "/lib/python3.9/site-packages/cheroot/ssl/builtin.py", line 277, in wrap
2024-09-12T01:58:24.976 INFO:journalctl@ceph.mon.a.smithi100.stdout: s = self.context.wrap_socket(
2024-09-12T01:58:24.976 INFO:journalctl@ceph.mon.a.smithi100.stdout: File "/lib64/python3.9/ssl.py", line 501, in wrap_socket
2024-09-12T01:58:24.977 INFO:journalctl@ceph.mon.a.smithi100.stdout: return self.sslsocket_class._create(
2024-09-12T01:58:24.977 INFO:journalctl@ceph.mon.a.smithi100.stdout: File "/lib64/python3.9/ssl.py", line 1074, in _create
2024-09-12T01:58:24.977 INFO:journalctl@ceph.mon.a.smithi100.stdout: self.do_handshake()
2024-09-12T01:58:24.977 INFO:journalctl@ceph.mon.a.smithi100.stdout: File "/lib64/python3.9/ssl.py", line 1343, in do_handshake
2024-09-12T01:58:24.977 INFO:journalctl@ceph.mon.a.smithi100.stdout: self._sslobj.do_handshake()
2024-09-12T01:58:24.977 INFO:journalctl@ceph.mon.a.smithi100.stdout: ssl.SSLZeroReturnError: TLS/SSL connection has been closed (EOF) (_ssl.c:1133)
2024-09-12T01:58:24.977 INFO:journalctl@ceph.mon.a.smithi100.stdout:Sep 12 01:58:24 smithi100 ceph-mon[31179]: mgrmap e12: x(active, since 2s)
2024-09-12T01:58:24.977 INFO:journalctl@ceph.mon.a.smithi100.stdout:Sep 12 01:58:24 smithi100 ceph-mon[31179]: from='mgr.14150 172.21.15.100:0/77124682' entity='mgr.x'
2024-09-12T01:58:24.977 INFO:journalctl@ceph.mon.a.smithi100.stdout:Sep 12 01:58:24 smithi100 ceph-mon[31179]: from='mgr.14150 172.21.15.100:0/77124682' entity='mgr.x'
2024-09-12T01:58:24.977 INFO:journalctl@ceph.mon.a.smithi100.stdout:Sep 12 01:58:24 smithi100 ceph-mon[31179]: from='mgr.14150 172.21.15.100:0/77124682' entity='mgr.x'
2024-09-12T01:58:26.233 INFO:journalctl@ceph.mon.a.smithi100.stdout:Sep 12 01:58:25 smithi100 ceph-mon[31179]: from='client.14162 -' entity='client.admin' cmd=[{"prefix": "dashboard create-self-signed-cert", "target": ["mon-mgr", ""]}]: dispatch
2024-09-12T01:58:26.233 INFO:journalctl@ceph.mon.a.smithi100.stdout:Sep 12 01:58:25 smithi100 ceph-mon[31179]: from='mgr.14150 172.21.15.100:0/77124682' entity='mgr.x'
2024-09-12T01:58:26.233 INFO:journalctl@ceph.mon.a.smithi100.stdout:Sep 12 01:58:25 smithi100 ceph-mon[31179]: from='mgr.14150 172.21.15.100:0/77124682' entity='mgr.x'
2024-09-12T01:58:26.499 INFO:teuthology.orchestra.run.smithi100.stdout:/usr/bin/ceph: stdout {"username": "admin", "password": "$2b$12$KnCl0n/uPQAULl54PR.t9uX6hMhketvFKeASEq3/3ZbL361zKu6EG", "roles": ["administrator"], "name": null, "email": null, "lastUpdate": 1726106305, "enabled": true, "pwdExpirationDate": null, "pwdUpdateRequired": true}
2024-09-12T01:58:26.499 INFO:teuthology.orchestra.run.smithi100.stdout:/usr/bin/ceph: stderr
2024-09-12T01:58:25.334+0000 7f02f50b6640 1 Processor -- start
2024-09-12T01:58:26.499 INFO:teuthology.orchestra.run.smithi100.stdout:/usr/bin/ceph: stderr
2024-09-12T01:58:25.334+0000 7f02f50b6640 1 -- start start
2024-09-12T01:58:26.500 INFO:teuthology.orchestra.run.smithi100.stdout:/usr/bin/ceph: stderr
2024-09-12T01:58:25.334+0000 7f02f50b6640 1 --2- >> [v2:172.21.15.100:3300/0,v1:172.21.15.100:6789/0] conn(0x7f02f0107800 0x7f02f0107c00 unknown :-1 s=NONE pgs=0 cs=0 l=0 rev1=0 crypto rx=0 tx=0 comp rx=0 tx=0).connect
2024-09-12T01:58:26.500 INFO:teuthology.orchestra.run.smithi100.stdout:/usr/bin/ceph: stderr
2024-09-12T01:58:25.334+0000 7f02f50b6640 1 -- --> [v2:172.21.15.100:3300/0,v1:172.21.15.100:6789/0] -- mon_getmap magic: 0 -- 0x7f02f01081d0 con 0x7f02f0107800
2024-09-12T01:58:26.500 INFO:teuthology.orchestra.run.smithi100.stdout:/usr/bin/ceph: stderr
2024-09-12T01:58:25.335+0000 7f02eed9d640 1 --2- >> [v2:172.21.15.100:3300/0,v1:172.21.15.100:6789/0] conn(0x7f02f0107800 0x7f02f0107c00 unknown :-1 s=BANNER_CONNECTING pgs=0 cs=0 l=0 rev1=0 crypto rx=0 tx=0 comp rx=0 tx=0)._handle_peer_banner_payload supported=3 required=0
2024-09-12T01:58:26.500 INFO:teuthology.orchestra.run.smithi100.stdout:/usr/bin/ceph: stderr
2024-09-12T01:58:25.335+0000 7f02eed9d640 1 --2- >> [v2:172.21.15.100:3300/0,v1:172.21.15.100:6789/0] conn(0x7f02f0107800 0x7f02f0107c00 unknown :-1 s=HELLO_CONNECTING pgs=0 cs=0 l=0 rev1=1 crypto rx=0 tx=0 comp rx=0 tx=0).handle_hello peer v2:172.21.15.100:3300/0 says I am v2:172.21.15.100:44838/0 (socket says 172.21.15.100:44838)
2024-09-12T01:58:26.500 INFO:teuthology.orchestra.run.smithi100.stdout:/usr/bin/ceph: stderr
2024-09-12T01:58:25.335+0000 7f02eed9d640 1 -- 172.21.15.100:0/2105081546 learned_addr learned my addr 172.21.15.100:0/2105081546 (peer_addr_for_me v2:172.21.15.100:0/0)
2024-09-12T01:58:26.500 INFO:teuthology.orchestra.run.smithi100.stdout:/usr/bin/ceph: stderr
2024-09-12T01:58:25.335+0000 7f02eed9d640 1 -- 172.21.15.100:0/2105081546 --> [v2:172.21.15.100:3300/0,v1:172.21.15.100:6789/0] -- mon_subscribe({config=0+,monmap=0+}) -- 0x7f02f0108a00 con 0x7f02f0107800
2024-09-12T01:58:26.500 INFO:teuthology.orchestra.run.smithi100.stdout:/usr/bin/ceph: stderr
2024-09-12T01:58:25.335+0000 7f02eed9d640 1 --2- 172.21.15.100:0/2105081546 >> [v2:172.21.15.100:3300/0,v1:172.21.15.100:6789/0] conn(0x7f02f0107800 0x7f02f0107c00 secure :-1 s=READY pgs=70 cs=0 l=1 rev1=1 crypto rx=0x7f02e0009820 tx=0x7f02e002a270 comp rx=0 tx=0).ready entity=mon.0 client_cookie=f416f83dcfaf486f server_cookie=0 in_seq=0 out_seq=0
2024-09-12T01:58:26.500 INFO:teuthology.orchestra.run.smithi100.stdout:/usr/bin/ceph: stderr
2024-09-12T01:58:25.336+0000 7f02ee59c640 1 -- 172.21.15.100:0/2105081546 <== mon.0 v2:172.21.15.100:3300/0 1 ==== mon_map magic: 0 ==== 205+0+0 (secure 0 0 0) 0x7f02e0037070 con 0x7f02f0107800
2024-09-12T01:58:26.500 INFO:teuthology.orchestra.run.smithi100.stdout:/usr/bin/ceph: stderr
2024-09-12T01:58:25.336+0000 7f02ee59c640 1 -- 172.21.15.100:0/2105081546 <== mon.0 v2:172.21.15.100:3300/0 2 ==== config(27 keys) ==== 1140+0+0 (secure 0 0 0) 0x7f02e0032920 con 0x7f02f0107800
2024-09-12T01:58:26.500 INFO:teuthology.orchestra.run.smithi100.stdout:/usr/bin/ceph: stderr
2024-09-12T01:58:25.336+0000 7f02ee59c640 1 -- 172.21.15.100:0/2105081546 <== mon.0 v2:172.21.15.100:3300/0 3 ==== mon_map magic: 0 ==== 205+0+0 (secure 0 0 0) 0x7f02e0030810 con 0x7f02f0107800
2024-09-12T01:58:26.500 INFO:teuthology.orchestra.run.smithi100.stdout:/usr/bin/ceph: stderr
2024-09-12T01:58:25.336+0000 7f02f50b6640 1 -- 172.21.15.100:0/2105081546 >> [v2:172.21.15.100:3300/0,v1:172.21.15.100:6789/0] conn(0x7f02f0107800 msgr2=0x7f02f0107c00 secure :-1 s=STATE_CONNECTION_ESTABLISHED l=1).mark_down
2024-09-12T01:58:26.501 INFO:teuthology.orchestra.run.smithi100.stdout:/usr/bin/ceph: stderr
2024-09-12T01:58:25.336+0000 7f02f50b6640 1 --2- 172.21.15.100:0/2105081546 >> [v2:172.21.15.100:3300/0,v1:172.21.15.100:6789/0] conn(0x7f02f0107800 0x7f02f0107c00 secure :-1 s=READY pgs=70 cs=0 l=1 rev1=1 crypto rx=0x7f02e0009820 tx=0x7f02e002a270 comp rx=0 tx=0).stop
2024-09-12T01:58:26.505 INFO:teuthology.orchestra.run.smithi100.stdout:/usr/bin/ceph: stderr
2024-09-12T01:58:25.336+0000 7f02f50b6640 1 -- 172.21.15.100:0/2105081546 shutdown_connections
2024-09-12T01:58:26.505 INFO:teuthology.orchestra.run.smithi100.stdout:/usr/bin/ceph: stderr
2024-09-12T01:58:25.336+0000 7f02f50b6640 1 --2- 172.21.15.100:0/2105081546 >> [v2:172.21.15.100:3300/0,v1:172.21.15.100:6789/0] conn(0x7f02f0107800 0x7f02f0107c00 unknown :-1 s=CLOSED pgs=70 cs=0 l=1 rev1=1 crypto rx=0 tx=0 comp rx=0 tx=0).stop
2024-09-12T01:58:26.505 INFO:teuthology.orchestra.run.smithi100.stdout:/usr/bin/ceph: stderr
2024-09-12T01:58:25.336+0000 7f02f50b6640 1 -- 172.21.15.100:0/2105081546 >> 172.21.15.100:0/2105081546 conn(0x7f02f0102ff0 msgr2=0x7f02f0105410 unknown :-1 s=STATE_NONE l=0).mark_down
2024-09-12T01:58:26.505 INFO:teuthology.orchestra.run.smithi100.stdout:/usr/bin/ceph: stderr
2024-09-12T01:58:25.336+0000 7f02f50b6640 1 -- 172.21.15.100:0/2105081546 shutdown_connections
2024-09-12T01:58:26.505 INFO:teuthology.orchestra.run.smithi100.stdout:/usr/bin/ceph: stderr
2024-09-12T01:58:25.336+0000 7f02f50b6640 1 -- 172.21.15.100:0/2105081546 wait complete.
2024-09-12T01:58:26.506 INFO:teuthology.orchestra.run.smithi100.stdout:/usr/bin/ceph: stderr
2024-09-12T01:58:25.337+0000 7f02f50b6640 1 Processor -- start
2024-09-12T01:58:26.506 INFO:teuthology.orchestra.run.smithi100.stdout:/usr/bin/ceph: stderr
2024-09-12T01:58:25.337+0000 7f02f50b6640 1 -- start start
2024-09-12T01:58:26.506 INFO:teuthology.orchestra.run.smithi100.stdout:/usr/bin/ceph: stderr
2024-09-12T01:58:25.337+0000 7f02f50b6640 1 --2- >> [v2:172.21.15.100:3300/0,v1:172.21.15.100:6789/0] conn(0x7f02f0107800 0x7f02f007db20 unknown :-1 s=NONE pgs=0 cs=0 l=1 rev1=0 crypto rx=0 tx=0 comp rx=0 tx=0).connect
2024-09-12T01:58:26.506 INFO:teuthology.orchestra.run.smithi100.stdout:/usr/bin/ceph: stderr
2024-09-12T01:58:25.337+0000 7f02f50b6640 1 -- --> [v2:172.21.15.100:3300/0,v1:172.21.15.100:6789/0] -- mon_getmap magic: 0 -- 0x7f02f010bdb0 con 0x7f02f0107800
2024-09-12T01:58:26.506 INFO:teuthology.orchestra.run.smithi100.stdout:/usr/bin/ceph: stderr
2024-09-12T01:58:25.337+0000 7f02eed9d640 1 --2- >> [v2:172.21.15.100:3300/0,v1:172.21.15.100:6789/0] conn(0x7f02f0107800 0x7f02f007db20 unknown :-1 s=BANNER_CONNECTING pgs=0 cs=0 l=1 rev1=0 crypto rx=0 tx=0 comp rx=0 tx=0)._handle_peer_banner_payload supported=3 required=0
2024-09-12T01:58:26.506 INFO:teuthology.orchestra.run.smithi100.stdout:/usr/bin/ceph: stderr
2024-09-12T01:58:25.338+0000 7f02eed9d640 1 --2- >> [v2:172.21.15.100:3300/0,v1:172.21.15.100:6789/0] conn(0x7f02f0107800 0x7f02f007db20 unknown :-1 s=HELLO_CONNECTING pgs=0 cs=0 l=1 rev1=1 crypto rx=0 tx=0 comp rx=0 tx=0).handle_hello peer v2:172.21.15.100:3300/0 says I am v2:172.21.15.100:44844/0 (socket says 172.21.15.100:44844)
2024-09-12T01:58:26.506 INFO:teuthology.orchestra.run.smithi100.stdout:/usr/bin/ceph: stderr
2024-09-12T01:58:25.338+0000 7f02eed9d640 1 -- 172.21.15.100:0/220020026 learned_addr learned my addr 172.21.15.100:0/220020026 (peer_addr_for_me v2:172.21.15.100:0/0)
2024-09-12T01:58:26.506 INFO:teuthology.orchestra.run.smithi100.stdout:/usr/bin/ceph: stderr
2024-09-12T01:58:25.338+0000 7f02eed9d640 1 -- 172.21.15.100:0/220020026 --> [v2:172.21.15.100:3300/0,v1:172.21.15.100:6789/0] -- mon_subscribe({config=0+,monmap=0+}) -- 0x7f02f007e060 con 0x7f02f0107800
2024-09-12T01:58:26.506 INFO:teuthology.orchestra.run.smithi100.stdout:/usr/bin/ceph: stderr
2024-09-12T01:58:25.338+0000 7f02eed9d640 1 --2- 172.21.15.100:0/220020026 >> [v2:172.21.15.100:3300/0,v1:172.21.15.100:6789/0] conn(0x7f02f0107800 0x7f02f007db20 secure :-1 s=READY pgs=71 cs=0 l=1 rev1=1 crypto rx=0x7f02e00097f0 tx=0x7f02e00327b0 comp rx=0 tx=0).ready entity=mon.0 client_cookie=0 server_cookie=0 in_seq=0 out_seq=0
2024-09-12T01:58:26.506 INFO:teuthology.orchestra.run.smithi100.stdout:/usr/bin/ceph: stderr
2024-09-12T01:58:25.338+0000 7f02ecd99640 1 -- 172.21.15.100:0/220020026 <== mon.0 v2:172.21.15.100:3300/0 1 ==== mon_map magic: 0 ==== 205+0+0 (secure 0 0 0) 0x7f02e0037040 con 0x7f02f0107800
2024-09-12T01:58:26.507 INFO:teuthology.orchestra.run.smithi100.stdout:/usr/bin/ceph: stderr
2024-09-12T01:58:25.338+0000 7f02ecd99640 1 -- 172.21.15.100:0/220020026 <== mon.0 v2:172.21.15.100:3300/0 2 ==== config(27 keys) ==== 1140+0+0 (secure 0 0 0) 0x7f02e0030c40 con 0x7f02f0107800
2024-09-12T01:58:26.507 INFO:teuthology.orchestra.run.smithi100.stdout:/usr/bin/ceph: stderr
2024-09-12T01:58:25.338+0000 7f02f50b6640 1 -- 172.21.15.100:0/220020026 --> [v2:172.21.15.100:3300/0,v1:172.21.15.100:6789/0] -- mon_subscribe({mgrmap=0+}) -- 0x7f02f007c250 con 0x7f02f0107800
2024-09-12T01:58:26.507 INFO:teuthology.orchestra.run.smithi100.stdout:/usr/bin/ceph: stderr
2024-09-12T01:58:25.338+0000 7f02ecd99640 1 -- 172.21.15.100:0/220020026 <== mon.0 v2:172.21.15.100:3300/0 3 ==== mon_map magic: 0 ==== 205+0+0 (secure 0 0 0) 0x7f02e003a5b0 con 0x7f02f0107800
2024-09-12T01:58:26.507 INFO:teuthology.orchestra.run.smithi100.stdout:/usr/bin/ceph: stderr
2024-09-12T01:58:25.338+0000 7f02f50b6640 1 -- 172.21.15.100:0/220020026 --> [v2:172.21.15.100:3300/0,v1:172.21.15.100:6789/0] -- mon_subscribe({osdmap=0}) -- 0x7f02f007c790 con 0x7f02f0107800
2024-09-12T01:58:26.507 INFO:teuthology.orchestra.run.smithi100.stdout:/usr/bin/ceph: stderr
2024-09-12T01:58:25.339+0000 7f02ecd99640 1 -- 172.21.15.100:0/220020026 <== mon.0 v2:172.21.15.100:3300/0 4 ==== mgrmap(e 12) ==== 46300+0+0 (secure 0 0 0) 0x7f02e003a7a0 con 0x7f02f0107800
2024-09-12T01:58:26.507 INFO:teuthology.orchestra.run.smithi100.stdout:/usr/bin/ceph: stderr
2024-09-12T01:58:25.339+0000 7f02f50b6640 1 -- 172.21.15.100:0/220020026 --> [v2:172.21.15.100:3300/0,v1:172.21.15.100:6789/0] -- mon_command({"prefix": "get_command_descriptions"} v 0) -- 0x7f02f010bf30 con 0x7f02f0107800
2024-09-12T01:58:26.507 INFO:teuthology.orchestra.run.smithi100.stdout:/usr/bin/ceph: stderr
2024-09-12T01:58:25.339+0000 7f02ecd99640 1 --2- 172.21.15.100:0/220020026 >> [v2:172.21.15.100:6800/3532459665,v1:172.21.15.100:6801/3532459665] conn(0x7f02dc039020 0x7f02dc03b4e0 unknown :-1 s=NONE pgs=0 cs=0 l=1 rev1=0 crypto rx=0 tx=0 comp rx=0 tx=0).connect
2024-09-12T01:58:26.507 INFO:teuthology.orchestra.run.smithi100.stdout:/usr/bin/ceph: stderr
2024-09-12T01:58:25.339+0000 7f02ecd99640 1 -- 172.21.15.100:0/220020026 <== mon.0 v2:172.21.15.100:3300/0 5 ==== osd_map(3..3 src has 1..3) ==== 1155+0+0 (secure 0 0 0) 0x7f02e006c610 con 0x7f02f0107800
2024-09-12T01:58:26.507 INFO:teuthology.orchestra.run.smithi100.stdout:/usr/bin/ceph: stderr
2024-09-12T01:58:25.339+0000 7f02e7fff640 1 --2- 172.21.15.100:0/220020026 >> [v2:172.21.15.100:6800/3532459665,v1:172.21.15.100:6801/3532459665] conn(0x7f02dc039020 0x7f02dc03b4e0 unknown :-1 s=BANNER_CONNECTING pgs=0 cs=0 l=1 rev1=0 crypto rx=0 tx=0 comp rx=0 tx=0)._handle_peer_banner_payload supported=3 required=0
2024-09-12T01:58:26.507 INFO:teuthology.orchestra.run.smithi100.stdout:/usr/bin/ceph: stderr
2024-09-12T01:58:25.340+0000 7f02e7fff640 1 --2- 172.21.15.100:0/220020026 >> [v2:172.21.15.100:6800/3532459665,v1:172.21.15.100:6801/3532459665] conn(0x7f02dc039020 0x7f02dc03b4e0 secure :-1 s=READY pgs=8 cs=0 l=1 rev1=1 crypto rx=0x7f02d80098c0 tx=0x7f02d8006db0 comp rx=0 tx=0).ready entity=mgr.14150 client_cookie=0 server_cookie=0 in_seq=0 out_seq=0
2024-09-12T01:58:26.507 INFO:teuthology.orchestra.run.smithi100.stdout:/usr/bin/ceph: stderr
2024-09-12T01:58:25.344+0000 7f02ecd99640 1 -- 172.21.15.100:0/220020026 <== mon.0 v2:172.21.15.100:3300/0 6 ==== mon_command_ack([{"prefix": "get_command_descriptions"}]=0 v0) ==== 72+0+188821 (secure 0 0 0) 0x7f02e0031c00 con 0x7f02f0107800
2024-09-12T01:58:26.508 INFO:teuthology.orchestra.run.smithi100.stdout:/usr/bin/ceph: stderr
2024-09-12T01:58:25.532+0000 7f02f50b6640 1 -- 172.21.15.100:0/220020026 --> [v2:172.21.15.100:6800/3532459665,v1:172.21.15.100:6801/3532459665] -- mgr_command(tid 0: {"prefix": "dashboard ac-user-create", "username": "admin", "rolename": "administrator", "force_password": true, "pwd_update_required": true, "target": ["mon-mgr", ""]}) -- 0x7f02f0107c80 con 0x7f02dc039020
2024-09-12T01:58:26.508 INFO:teuthology.orchestra.run.smithi100.stdout:/usr/bin/ceph: stderr
2024-09-12T01:58:25.762+0000 7f02ecd99640 1 -- 172.21.15.100:0/220020026 <== mgr.14150 v2:172.21.15.100:6800/3532459665 1 ==== mgr_command_reply(tid 0: 0 ) ==== 8+0+252 (secure 0 0 0) 0x7f02f0107c80 con 0x7f02dc039020
2024-09-12T01:58:26.508 INFO:teuthology.orchestra.run.smithi100.stdout:/usr/bin/ceph: stderr
2024-09-12T01:58:25.764+0000 7f02f50b6640 1 -- 172.21.15.100:0/220020026 >> [v2:172.21.15.100:6800/3532459665,v1:172.21.15.100:6801/3532459665] conn(0x7f02dc039020 msgr2=0x7f02dc03b4e0 secure :-1 s=STATE_CONNECTION_ESTABLISHED l=1).mark_down
2024-09-12T01:58:26.508 INFO:teuthology.orchestra.run.smithi100.stdout:/usr/bin/ceph: stderr
2024-09-12T01:58:25.764+0000 7f02f50b6640 1 --2- 172.21.15.100:0/220020026 >> [v2:172.21.15.100:6800/3532459665,v1:172.21.15.100:6801/3532459665] conn(0x7f02dc039020 0x7f02dc03b4e0 secure :-1 s=READY pgs=8 cs=0 l=1 rev1=1 crypto rx=0x7f02d80098c0 tx=0x7f02d8006db0 comp rx=0 tx=0).stop
2024-09-12T01:58:26.508 INFO:teuthology.orchestra.run.smithi100.stdout:/usr/bin/ceph: stderr
2024-09-12T01:58:25.764+0000 7f02f50b6640 1 -- 172.21.15.100:0/220020026 >> [v2:172.21.15.100:3300/0,v1:172.21.15.100:6789/0] conn(0x7f02f0107800 msgr2=0x7f02f007db20 secure :-1 s=STATE_CONNECTION_ESTABLISHED l=1).mark_down
2024-09-12T01:58:26.508 INFO:teuthology.orchestra.run.smithi100.stdout:/usr/bin/ceph: stderr
2024-09-12T01:58:25.764+0000 7f02f50b6640 1 --2- 172.21.15.100:0/220020026 >> [v2:172.21.15.100:3300/0,v1:172.21.15.100:6789/0] conn(0x7f02f0107800 0x7f02f007db20 secure :-1 s=READY pgs=71 cs=0 l=1 rev1=1 crypto rx=0x7f02e00097f0 tx=0x7f02e00327b0 comp rx=0 tx=0).stop
2024-09-12T01:58:26.508 INFO:teuthology.orchestra.run.smithi100.stdout:/usr/bin/ceph: stderr
2024-09-12T01:58:25.764+0000 7f02f50b6640 1 -- 172.21.15.100:0/220020026 shutdown_connections
2024-09-12T01:58:26.508 INFO:teuthology.orchestra.run.smithi100.stdout:/usr/bin/ceph: stderr
2024-09-12T01:58:25.764+0000 7f02f50b6640 1 --2- 172.21.15.100:0/220020026 >> [v2:172.21.15.100:6800/3532459665,v1:172.21.15.100:6801/3532459665] conn(0x7f02dc039020 0x7f02dc03b4e0 unknown :-1 s=CLOSED pgs=8 cs=0 l=1 rev1=1 crypto rx=0 tx=0 comp rx=0 tx=0).stop
2024-09-12T01:58:26.508 INFO:teuthology.orchestra.run.smithi100.stdout:/usr/bin/ceph: stderr
2024-09-12T01:58:25.764+0000 7f02f50b6640 1 --2- 172.21.15.100:0/220020026 >> [v2:172.21.15.100:3300/0,v1:172.21.15.100:6789/0] conn(0x7f02f0107800 0x7f02f007db20 unknown :-1 s=CLOSED pgs=71 cs=0 l=1 rev1=1 crypto rx=0 tx=0 comp rx=0 tx=0).stop
2024-09-12T01:58:26.508 INFO:teuthology.orchestra.run.smithi100.stdout:/usr/bin/ceph: stderr
2024-09-12T01:58:25.764+0000 7f02f50b6640 1 -- 172.21.15.100:0/220020026 >> 172.21.15.100:0/220020026 conn(0x7f02f0102ff0 msgr2=0x7f02f0103c50 unknown :-1 s=STATE_NONE l=0).mark_down
2024-09-12T01:58:26.508 INFO:teuthology.orchestra.run.smithi100.stdout:/usr/bin/ceph: stderr
2024-09-12T01:58:25.764+0000 7f02f50b6640 1 -- 172.21.15.100:0/220020026 shutdown_connections
2024-09-12T01:58:26.509 INFO:teuthology.orchestra.run.smithi100.stdout:/usr/bin/ceph: stderr
2024-09-12T01:58:25.764+0000 7f02f50b6640 1 -- 172.21.15.100:0/220020026 wait complete.
2024-09-12T01:58:26.509 INFO:teuthology.orchestra.run.smithi100.stdout:Fetching dashboard port number...
2024-09-12T01:58:27.068 INFO:journalctl@ceph.mon.a.smithi100.stdout:Sep 12 01:58:26 smithi100 ceph-mon[31179]: from='client.14164 -' entity='client.admin' cmd=[{"prefix": "dashboard ac-user-create", "username": "admin", "rolename": "administrator", "force_password": true, "pwd_update_required": true, "target": ["mon-mgr", ""]}]: dispatch
2024-09-12T01:58:28.068 INFO:journalctl@ceph.mon.a.smithi100.stdout:Sep 12 01:58:27 smithi100 ceph-mon[31179]: from='client.? 172.21.15.100:0/1269434098' entity='client.admin' cmd=[{"prefix": "config get", "who": "mgr", "key": "mgr/dashboard/ssl_server_port"}]: dispatch
2024-09-12T01:58:28.395 INFO:teuthology.orchestra.run.smithi100.stdout:/usr/bin/ceph: stdout 8443
2024-09-12T01:58:28.395 INFO:teuthology.orchestra.run.smithi100.stdout:/usr/bin/ceph: stderr
2024-09-12T01:58:27.318+0000 7fbbb530a640 1 Processor -- start
2024-09-12T01:58:28.395 INFO:teuthology.orchestra.run.smithi100.stdout:/usr/bin/ceph: stderr
2024-09-12T01:58:27.318+0000 7fbbb530a640 1 -- start start
2024-09-12T01:58:28.395 INFO:teuthology.orchestra.run.smithi100.stdout:/usr/bin/ceph: stderr
2024-09-12T01:58:27.318+0000 7fbbb530a640 1 --2- >> [v2:172.21.15.100:3300/0,v1:172.21.15.100:6789/0] conn(0x7fbbb01066b0 0x7fbbb0106ab0 unknown :-1 s=NONE pgs=0 cs=0 l=0 rev1=0 crypto rx=0 tx=0 comp rx=0 tx=0).connect
2024-09-12T01:58:28.395 INFO:teuthology.orchestra.run.smithi100.stdout:/usr/bin/ceph: stderr
2024-09-12T01:58:27.318+0000 7fbbb530a640 1 -- --> [v2:172.21.15.100:3300/0,v1:172.21.15.100:6789/0] -- mon_getmap magic: 0 -- 0x7fbbb0107080 con 0x7fbbb01066b0
2024-09-12T01:58:28.395 INFO:teuthology.orchestra.run.smithi100.stdout:/usr/bin/ceph: stderr
2024-09-12T01:58:27.318+0000 7fbbaeffd640 1 --2- >> [v2:172.21.15.100:3300/0,v1:172.21.15.100:6789/0] conn(0x7fbbb01066b0 0x7fbbb0106ab0 unknown :-1 s=BANNER_CONNECTING pgs=0 cs=0 l=0 rev1=0 crypto rx=0 tx=0 comp rx=0 tx=0)._handle_peer_banner_payload supported=3 required=0
2024-09-12T01:58:28.396 INFO:teuthology.orchestra.run.smithi100.stdout:/usr/bin/ceph: stderr
2024-09-12T01:58:27.318+0000 7fbbaeffd640 1 --2- >> [v2:172.21.15.100:3300/0,v1:172.21.15.100:6789/0] conn(0x7fbbb01066b0 0x7fbbb0106ab0 unknown :-1 s=HELLO_CONNECTING pgs=0 cs=0 l=0 rev1=1 crypto rx=0 tx=0 comp rx=0 tx=0).handle_hello peer v2:172.21.15.100:3300/0 says I am v2:172.21.15.100:44858/0 (socket says 172.21.15.100:44858)
2024-09-12T01:58:28.396 INFO:teuthology.orchestra.run.smithi100.stdout:/usr/bin/ceph: stderr
2024-09-12T01:58:27.318+0000 7fbbaeffd640 1 -- 172.21.15.100:0/2997122256 learned_addr learned my addr 172.21.15.100:0/2997122256 (peer_addr_for_me v2:172.21.15.100:0/0)
2024-09-12T01:58:28.396 INFO:teuthology.orchestra.run.smithi100.stdout:/usr/bin/ceph: stderr
2024-09-12T01:58:27.319+0000 7fbbaeffd640 1 -- 172.21.15.100:0/2997122256 --> [v2:172.21.15.100:3300/0,v1:172.21.15.100:6789/0] -- mon_subscribe({config=0+,monmap=0+}) -- 0x7fbbb01078b0 con 0x7fbbb01066b0
2024-09-12T01:58:28.396 INFO:teuthology.orchestra.run.smithi100.stdout:/usr/bin/ceph: stderr
2024-09-12T01:58:27.319+0000 7fbbaeffd640 1 --2- 172.21.15.100:0/2997122256 >> [v2:172.21.15.100:3300/0,v1:172.21.15.100:6789/0] conn(0x7fbbb01066b0 0x7fbbb0106ab0 secure :-1 s=READY pgs=72 cs=0 l=1 rev1=1 crypto rx=0x7fbba0009820 tx=0x7fbba002a270 comp rx=0 tx=0).ready entity=mon.0 client_cookie=d6b11fc23277226f server_cookie=0 in_seq=0 out_seq=0
2024-09-12T01:58:28.396 INFO:teuthology.orchestra.run.smithi100.stdout:/usr/bin/ceph: stderr
2024-09-12T01:58:27.320+0000 7fbbadffb640 1 -- 172.21.15.100:0/2997122256 <== mon.0 v2:172.21.15.100:3300/0 1 ==== mon_map magic: 0 ==== 205+0+0 (secure 0 0 0) 0x7fbba0037070 con 0x7fbbb01066b0
2024-09-12T01:58:28.396 INFO:teuthology.orchestra.run.smithi100.stdout:/usr/bin/ceph: stderr
2024-09-12T01:58:27.320+0000 7fbbadffb640 1 -- 172.21.15.100:0/2997122256 <== mon.0 v2:172.21.15.100:3300/0 2 ==== config(27 keys) ==== 1140+0+0 (secure 0 0 0) 0x7fbba0032920 con 0x7fbbb01066b0
2024-09-12T01:58:28.396 INFO:teuthology.orchestra.run.smithi100.stdout:/usr/bin/ceph: stderr
2024-09-12T01:58:27.320+0000 7fbbadffb640 1 -- 172.21.15.100:0/2997122256 <== mon.0 v2:172.21.15.100:3300/0 3 ==== mon_map magic: 0 ==== 205+0+0 (secure 0 0 0) 0x7fbba0030810 con 0x7fbbb01066b0
2024-09-12T01:58:28.396 INFO:teuthology.orchestra.run.smithi100.stdout:/usr/bin/ceph: stderr
2024-09-12T01:58:27.320+0000 7fbbb530a640 1 -- 172.21.15.100:0/2997122256 >> [v2:172.21.15.100:3300/0,v1:172.21.15.100:6789/0] conn(0x7fbbb01066b0 msgr2=0x7fbbb0106ab0 secure :-1 s=STATE_CONNECTION_ESTABLISHED l=1).mark_down
2024-09-12T01:58:28.396 INFO:teuthology.orchestra.run.smithi100.stdout:/usr/bin/ceph: stderr
2024-09-12T01:58:27.320+0000 7fbbb530a640 1 --2- 172.21.15.100:0/2997122256 >> [v2:172.21.15.100:3300/0,v1:172.21.15.100:6789/0] conn(0x7fbbb01066b0 0x7fbbb0106ab0 secure :-1 s=READY pgs=72 cs=0 l=1 rev1=1 crypto rx=0x7fbba0009820 tx=0x7fbba002a270 comp rx=0 tx=0).stop
2024-09-12T01:58:28.396 INFO:teuthology.orchestra.run.smithi100.stdout:/usr/bin/ceph: stderr
2024-09-12T01:58:27.320+0000 7fbbb530a640 1 -- 172.21.15.100:0/2997122256 shutdown_connections
2024-09-12T01:58:28.396 INFO:teuthology.orchestra.run.smithi100.stdout:/usr/bin/ceph: stderr
2024-09-12T01:58:27.320+0000 7fbbb530a640 1 --2- 172.21.15.100:0/2997122256 >> [v2:172.21.15.100:3300/0,v1:172.21.15.100:6789/0] conn(0x7fbbb01066b0 0x7fbbb0106ab0 unknown :-1 s=CLOSED pgs=72 cs=0 l=1 rev1=1 crypto rx=0 tx=0 comp rx=0 tx=0).stop
2024-09-12T01:58:28.396 INFO:teuthology.orchestra.run.smithi100.stdout:/usr/bin/ceph: stderr
2024-09-12T01:58:27.320+0000 7fbbb530a640 1 -- 172.21.15.100:0/2997122256 >> 172.21.15.100:0/2997122256 conn(0x7fbbb0101e60 msgr2=0x7fbbb0104280 unknown :-1 s=STATE_NONE l=0).mark_down
2024-09-12T01:58:28.396 INFO:teuthology.orchestra.run.smithi100.stdout:/usr/bin/ceph: stderr
2024-09-12T01:58:27.320+0000 7fbbb530a640 1 -- 172.21.15.100:0/2997122256 shutdown_connections
2024-09-12T01:58:28.397 INFO:teuthology.orchestra.run.smithi100.stdout:/usr/bin/ceph: stderr
2024-09-12T01:58:27.320+0000 7fbbb530a640 1 -- 172.21.15.100:0/2997122256 wait complete.
2024-09-12T01:58:28.397 INFO:teuthology.orchestra.run.smithi100.stdout:/usr/bin/ceph: stderr
2024-09-12T01:58:27.321+0000 7fbbb530a640 1 Processor -- start
2024-09-12T01:58:28.397 INFO:teuthology.orchestra.run.smithi100.stdout:/usr/bin/ceph: stderr
2024-09-12T01:58:27.321+0000 7fbbb530a640 1 -- start start
2024-09-12T01:58:28.397 INFO:teuthology.orchestra.run.smithi100.stdout:/usr/bin/ceph: stderr
2024-09-12T01:58:27.321+0000 7fbbb530a640 1 --2- >> [v2:172.21.15.100:3300/0,v1:172.21.15.100:6789/0] conn(0x7fbbb01066b0 0x7fbbb007ba00 unknown :-1 s=NONE pgs=0 cs=0 l=1 rev1=0 crypto rx=0 tx=0 comp rx=0 tx=0).connect
2024-09-12T01:58:28.397 INFO:teuthology.orchestra.run.smithi100.stdout:/usr/bin/ceph: stderr
2024-09-12T01:58:27.321+0000 7fbbb530a640 1 -- --> [v2:172.21.15.100:3300/0,v1:172.21.15.100:6789/0] -- mon_getmap magic: 0 -- 0x7fbbb010ac60 con 0x7fbbb01066b0
2024-09-12T01:58:28.397 INFO:teuthology.orchestra.run.smithi100.stdout:/usr/bin/ceph: stderr
2024-09-12T01:58:27.321+0000 7fbbaeffd640 1 --2- >> [v2:172.21.15.100:3300/0,v1:172.21.15.100:6789/0] conn(0x7fbbb01066b0 0x7fbbb007ba00 unknown :-1 s=BANNER_CONNECTING pgs=0 cs=0 l=1 rev1=0 crypto rx=0 tx=0 comp rx=0 tx=0)._handle_peer_banner_payload supported=3 required=0
2024-09-12T01:58:28.397 INFO:teuthology.orchestra.run.smithi100.stdout:/usr/bin/ceph: stderr
2024-09-12T01:58:27.321+0000 7fbbaeffd640 1 --2- >> [v2:172.21.15.100:3300/0,v1:172.21.15.100:6789/0] conn(0x7fbbb01066b0 0x7fbbb007ba00 unknown :-1 s=HELLO_CONNECTING pgs=0 cs=0 l=1 rev1=1 crypto rx=0 tx=0 comp rx=0 tx=0).handle_hello peer v2:172.21.15.100:3300/0 says I am v2:172.21.15.100:44864/0 (socket says 172.21.15.100:44864)
2024-09-12T01:58:28.397 INFO:teuthology.orchestra.run.smithi100.stdout:/usr/bin/ceph: stderr
2024-09-12T01:58:27.321+0000 7fbbaeffd640 1 -- 172.21.15.100:0/1269434098 learned_addr learned my addr 172.21.15.100:0/1269434098 (peer_addr_for_me v2:172.21.15.100:0/0)
2024-09-12T01:58:28.397 INFO:teuthology.orchestra.run.smithi100.stdout:/usr/bin/ceph: stderr
2024-09-12T01:58:27.322+0000 7fbbaeffd640 1 -- 172.21.15.100:0/1269434098 --> [v2:172.21.15.100:3300/0,v1:172.21.15.100:6789/0] -- mon_subscribe({config=0+,monmap=0+}) -- 0x7fbbb019e590 con 0x7fbbb01066b0
2024-09-12T01:58:28.397 INFO:teuthology.orchestra.run.smithi100.stdout:/usr/bin/ceph: stderr
2024-09-12T01:58:27.322+0000 7fbbaeffd640 1 --2- 172.21.15.100:0/1269434098 >> [v2:172.21.15.100:3300/0,v1:172.21.15.100:6789/0] conn(0x7fbbb01066b0 0x7fbbb007ba00 secure :-1 s=READY pgs=73 cs=0 l=1 rev1=1 crypto rx=0x7fbba00097f0 tx=0x7fbba00327b0 comp rx=0 tx=0).ready entity=mon.0 client_cookie=0 server_cookie=0 in_seq=0 out_seq=0
2024-09-12T01:58:28.397 INFO:teuthology.orchestra.run.smithi100.stdout:/usr/bin/ceph: stderr
2024-09-12T01:58:27.322+0000 7fbb97fff640 1 -- 172.21.15.100:0/1269434098 <== mon.0 v2:172.21.15.100:3300/0 1 ==== mon_map magic: 0 ==== 205+0+0 (secure 0 0 0) 0x7fbba0037040 con 0x7fbbb01066b0
2024-09-12T01:58:28.397 INFO:teuthology.orchestra.run.smithi100.stdout:/usr/bin/ceph: stderr
2024-09-12T01:58:27.322+0000 7fbb97fff640 1 -- 172.21.15.100:0/1269434098 <== mon.0 v2:172.21.15.100:3300/0 2 ==== config(27 keys) ==== 1140+0+0 (secure 0 0 0) 0x7fbba0030cc0 con 0x7fbbb01066b0
2024-09-12T01:58:28.397 INFO:teuthology.orchestra.run.smithi100.stdout:/usr/bin/ceph: stderr
2024-09-12T01:58:27.322+0000 7fbb97fff640 1 -- 172.21.15.100:0/1269434098 <== mon.0 v2:172.21.15.100:3300/0 3 ==== mon_map magic: 0 ==== 205+0+0 (secure 0 0 0) 0x7fbba003a640 con 0x7fbbb01066b0
2024-09-12T01:58:28.398 INFO:teuthology.orchestra.run.smithi100.stdout:/usr/bin/ceph: stderr
2024-09-12T01:58:27.322+0000 7fbbb530a640 1 -- 172.21.15.100:0/1269434098 --> [v2:172.21.15.100:3300/0,v1:172.21.15.100:6789/0] -- mon_subscribe({mgrmap=0+}) -- 0x7fbbb019e760 con 0x7fbbb01066b0
2024-09-12T01:58:28.398 INFO:teuthology.orchestra.run.smithi100.stdout:/usr/bin/ceph: stderr
2024-09-12T01:58:27.322+0000 7fbbb530a640 1 -- 172.21.15.100:0/1269434098 --> [v2:172.21.15.100:3300/0,v1:172.21.15.100:6789/0] -- mon_subscribe({osdmap=0}) -- 0x7fbbb019eb00 con 0x7fbbb01066b0
2024-09-12T01:58:28.398 INFO:teuthology.orchestra.run.smithi100.stdout:/usr/bin/ceph: stderr
2024-09-12T01:58:27.323+0000 7fbb97fff640 1 -- 172.21.15.100:0/1269434098 <== mon.0 v2:172.21.15.100:3300/0 4 ==== mgrmap(e 12) ==== 46300+0+0 (secure 0 0 0) 0x7fbba003a940 con 0x7fbbb01066b0
2024-09-12T01:58:28.398 INFO:teuthology.orchestra.run.smithi100.stdout:/usr/bin/ceph: stderr
2024-09-12T01:58:27.323+0000 7fbbb530a640 1 -- 172.21.15.100:0/1269434098 --> [v2:172.21.15.100:3300/0,v1:172.21.15.100:6789/0] -- mon_command({"prefix": "get_command_descriptions"} v 0) -- 0x7fbbb0106b30 con 0x7fbbb01066b0
2024-09-12T01:58:28.398 INFO:teuthology.orchestra.run.smithi100.stdout:/usr/bin/ceph: stderr
2024-09-12T01:58:27.323+0000 7fbb97fff640 1 --2- 172.21.15.100:0/1269434098 >> [v2:172.21.15.100:6800/3532459665,v1:172.21.15.100:6801/3532459665] conn(0x7fbb98038fc0 0x7fbb9803b480 unknown :-1 s=NONE pgs=0 cs=0 l=1 rev1=0 crypto rx=0 tx=0 comp rx=0 tx=0).connect
2024-09-12T01:58:28.398 INFO:teuthology.orchestra.run.smithi100.stdout:/usr/bin/ceph: stderr
2024-09-12T01:58:27.323+0000 7fbb97fff640 1 -- 172.21.15.100:0/1269434098 <== mon.0 v2:172.21.15.100:3300/0 5 ==== osd_map(3..3 src has 1..3) ==== 1155+0+0 (secure 0 0 0) 0x7fbba006c650 con 0x7fbbb01066b0
2024-09-12T01:58:28.398 INFO:teuthology.orchestra.run.smithi100.stdout:/usr/bin/ceph: stderr
2024-09-12T01:58:27.323+0000 7fbbae7fc640 1 --2- 172.21.15.100:0/1269434098 >> [v2:172.21.15.100:6800/3532459665,v1:172.21.15.100:6801/3532459665] conn(0x7fbb98038fc0 0x7fbb9803b480 unknown :-1 s=BANNER_CONNECTING pgs=0 cs=0 l=1 rev1=0 crypto rx=0 tx=0 comp rx=0 tx=0)._handle_peer_banner_payload supported=3 required=0
2024-09-12T01:58:28.398 INFO:teuthology.orchestra.run.smithi100.stdout:/usr/bin/ceph: stderr
2024-09-12T01:58:27.324+0000 7fbbae7fc640 1 --2- 172.21.15.100:0/1269434098 >> [v2:172.21.15.100:6800/3532459665,v1:172.21.15.100:6801/3532459665] conn(0x7fbb98038fc0 0x7fbb9803b480 secure :-1 s=READY pgs=9 cs=0 l=1 rev1=1 crypto rx=0x7fbba40098c0 tx=0x7fbba4006db0 comp rx=0 tx=0).ready entity=mgr.14150 client_cookie=0 server_cookie=0 in_seq=0 out_seq=0
2024-09-12T01:58:28.398 INFO:teuthology.orchestra.run.smithi100.stdout:/usr/bin/ceph: stderr
2024-09-12T01:58:27.328+0000 7fbb97fff640 1 -- 172.21.15.100:0/1269434098 <== mon.0 v2:172.21.15.100:3300/0 6 ==== mon_command_ack([{"prefix": "get_command_descriptions"}]=0 v0) ==== 72+0+188821 (secure 0 0 0) 0x7fbba003ba40 con 0x7fbbb01066b0
2024-09-12T01:58:28.398 INFO:teuthology.orchestra.run.smithi100.stdout:/usr/bin/ceph: stderr
2024-09-12T01:58:27.498+0000 7fbbb530a640 1 -- 172.21.15.100:0/1269434098 --> [v2:172.21.15.100:3300/0,v1:172.21.15.100:6789/0] -- mon_command({"prefix": "config get", "who": "mgr", "key": "mgr/dashboard/ssl_server_port"} v 0) -- 0x7fbbb019ed80 con 0x7fbbb01066b0
2024-09-12T01:58:28.398 INFO:teuthology.orchestra.run.smithi100.stdout:/usr/bin/ceph: stderr
2024-09-12T01:58:27.499+0000 7fbb97fff640 1 -- 172.21.15.100:0/1269434098 <== mon.0 v2:172.21.15.100:3300/0 7 ==== mon_command_ack([{"prefix": "config get", "who": "mgr", "key": "mgr/dashboard/ssl_server_port"}]=0 v8) ==== 112+0+5 (secure 0 0 0) 0x7fbba003ad80 con 0x7fbbb01066b0
2024-09-12T01:58:28.398 INFO:teuthology.orchestra.run.smithi100.stdout:/usr/bin/ceph: stderr
2024-09-12T01:58:27.501+0000 7fbbb530a640 1 -- 172.21.15.100:0/1269434098 >> [v2:172.21.15.100:6800/3532459665,v1:172.21.15.100:6801/3532459665] conn(0x7fbb98038fc0 msgr2=0x7fbb9803b480 secure :-1 s=STATE_CONNECTION_ESTABLISHED l=1).mark_down
2024-09-12T01:58:28.399 INFO:teuthology.orchestra.run.smithi100.stdout:/usr/bin/ceph: stderr
2024-09-12T01:58:27.501+0000 7fbbb530a640 1 --2- 172.21.15.100:0/1269434098 >> [v2:172.21.15.100:6800/3532459665,v1:172.21.15.100:6801/3532459665] conn(0x7fbb98038fc0 0x7fbb9803b480 secure :-1 s=READY pgs=9 cs=0 l=1 rev1=1 crypto rx=0x7fbba40098c0 tx=0x7fbba4006db0 comp rx=0 tx=0).stop
2024-09-12T01:58:28.399 INFO:teuthology.orchestra.run.smithi100.stdout:/usr/bin/ceph: stderr
2024-09-12T01:58:27.501+0000 7fbbb530a640 1 -- 172.21.15.100:0/1269434098 >> [v2:172.21.15.100:3300/0,v1:172.21.15.100:6789/0] conn(0x7fbbb01066b0 msgr2=0x7fbbb007ba00 secure :-1 s=STATE_CONNECTION_ESTABLISHED l=1).mark_down
2024-09-12T01:58:28.399 INFO:teuthology.orchestra.run.smithi100.stdout:/usr/bin/ceph: stderr
2024-09-12T01:58:27.501+0000 7fbbb530a640 1 --2- 172.21.15.100:0/1269434098 >> [v2:172.21.15.100:3300/0,v1:172.21.15.100:6789/0] conn(0x7fbbb01066b0 0x7fbbb007ba00 secure :-1 s=READY pgs=73 cs=0 l=1 rev1=1 crypto rx=0x7fbba00097f0 tx=0x7fbba00327b0 comp rx=0 tx=0).stop
2024-09-12T01:58:28.399 INFO:teuthology.orchestra.run.smithi100.stdout:/usr/bin/ceph: stderr
2024-09-12T01:58:27.501+0000 7fbbb530a640 1 -- 172.21.15.100:0/1269434098 shutdown_connections
2024-09-12T01:58:28.399 INFO:teuthology.orchestra.run.smithi100.stdout:/usr/bin/ceph: stderr
2024-09-12T01:58:27.501+0000 7fbbb530a640 1 --2- 172.21.15.100:0/1269434098 >> [v2:172.21.15.100:6800/3532459665,v1:172.21.15.100:6801/3532459665] conn(0x7fbb98038fc0 0x7fbb9803b480 unknown :-1 s=CLOSED pgs=9 cs=0 l=1 rev1=1 crypto rx=0 tx=0 comp rx=0 tx=0).stop
2024-09-12T01:58:28.399 INFO:teuthology.orchestra.run.smithi100.stdout:/usr/bin/ceph: stderr
2024-09-12T01:58:27.501+0000 7fbbb530a640 1 --2- 172.21.15.100:0/1269434098 >> [v2:172.21.15.100:3300/0,v1:172.21.15.100:6789/0] conn(0x7fbbb01066b0 0x7fbbb007ba00 unknown :-1 s=CLOSED pgs=73 cs=0 l=1 rev1=1 crypto rx=0 tx=0 comp rx=0 tx=0).stop
2024-09-12T01:58:28.399 INFO:teuthology.orchestra.run.smithi100.stdout:/usr/bin/ceph: stderr
2024-09-12T01:58:27.501+0000 7fbbb530a640 1 -- 172.21.15.100:0/1269434098 >> 172.21.15.100:0/1269434098 conn(0x7fbbb0101e60 msgr2=0x7fbbb0102a00 unknown :-1 s=STATE_NONE l=0).mark_down
2024-09-12T01:58:28.399 INFO:teuthology.orchestra.run.smithi100.stdout:/usr/bin/ceph: stderr
2024-09-12T01:58:27.501+0000 7fbbb530a640 1 -- 172.21.15.100:0/1269434098 shutdown_connections
2024-09-12T01:58:28.399 INFO:teuthology.orchestra.run.smithi100.stdout:/usr/bin/ceph: stderr
2024-09-12T01:58:27.501+0000 7fbbb530a640 1 -- 172.21.15.100:0/1269434098 wait complete.
2024-09-12T01:58:28.401 INFO:teuthology.orchestra.run.smithi100.stdout:Non-zero exit code 1 from systemctl is-enabled firewalld.service
2024-09-12T01:58:28.401 INFO:teuthology.orchestra.run.smithi100.stdout:systemctl: stdout disabled
2024-09-12T01:58:28.408 INFO:teuthology.orchestra.run.smithi100.stdout:Non-zero exit code 3 from systemctl is-active firewalld.service
2024-09-12T01:58:28.408 INFO:teuthology.orchestra.run.smithi100.stdout:systemctl: stdout inactive
2024-09-12T01:58:28.408 INFO:teuthology.orchestra.run.smithi100.stdout:firewalld.service is not enabled
2024-09-12T01:58:28.408 INFO:teuthology.orchestra.run.smithi100.stdout:Not possible to open ports <[8443]>. firewalld.service is not available
2024-09-12T01:58:28.410 INFO:teuthology.orchestra.run.smithi100.stdout:Ceph Dashboard is now available at:
2024-09-12T01:58:28.410 INFO:teuthology.orchestra.run.smithi100.stdout:
2024-09-12T01:58:28.410 INFO:teuthology.orchestra.run.smithi100.stdout: URL: https://smithi100.front.sepia.ceph.com:8443/
2024-09-12T01:58:28.410 INFO:teuthology.orchestra.run.smithi100.stdout: User: admin
2024-09-12T01:58:28.410 INFO:teuthology.orchestra.run.smithi100.stdout: Password: odbyargsrt
2024-09-12T01:58:28.410 INFO:teuthology.orchestra.run.smithi100.stdout:
2024-09-12T01:58:28.411 INFO:teuthology.orchestra.run.smithi100.stdout:Saving cluster configuration to /var/lib/ceph/3a2902f2-70aa-11ef-bcea-c7b262605968/config directory
2024-09-12T01:58:29.315 INFO:journalctl@ceph.mon.a.smithi100.stdout:Sep 12 01:58:28 smithi100 ceph-mon[31179]: mgrmap e13: x(active, since 6s)
2024-09-12T01:58:29.621 INFO:teuthology.orchestra.run.smithi100.stdout:/usr/bin/ceph: stderr
2024-09-12T01:58:28.769+0000 7f9fd98f1640 1 Processor -- start
2024-09-12T01:58:29.628 INFO:teuthology.orchestra.run.smithi100.stdout:/usr/bin/ceph: stderr
2024-09-12T01:58:28.769+0000 7f9fd98f1640 1 -- start start
2024-09-12T01:58:29.628 INFO:teuthology.orchestra.run.smithi100.stdout:/usr/bin/ceph: stderr
2024-09-12T01:58:28.769+0000 7f9fd98f1640 1 --2- >> [v2:172.21.15.100:3300/0,v1:172.21.15.100:6789/0] conn(0x7f9fd4108280 0x7f9fd410a670 unknown :-1 s=NONE pgs=0 cs=0 l=0 rev1=0 crypto rx=0 tx=0 comp rx=0 tx=0).connect
2024-09-12T01:58:29.628 INFO:teuthology.orchestra.run.smithi100.stdout:/usr/bin/ceph: stderr
2024-09-12T01:58:28.769+0000 7f9fd98f1640 1 -- --> [v2:172.21.15.100:3300/0,v1:172.21.15.100:6789/0] -- mon_getmap magic: 0 -- 0x7f9fd407be00 con 0x7f9fd4108280
2024-09-12T01:58:29.628 INFO:teuthology.orchestra.run.smithi100.stdout:/usr/bin/ceph: stderr
2024-09-12T01:58:28.769+0000 7f9fd2ffd640 1 --2- >> [v2:172.21.15.100:3300/0,v1:172.21.15.100:6789/0] conn(0x7f9fd4108280 0x7f9fd410a670 unknown :-1 s=BANNER_CONNECTING pgs=0 cs=0 l=0 rev1=0 crypto rx=0 tx=0 comp rx=0 tx=0)._handle_peer_banner_payload supported=3 required=0
2024-09-12T01:58:29.628 INFO:teuthology.orchestra.run.smithi100.stdout:/usr/bin/ceph: stderr
2024-09-12T01:58:28.769+0000 7f9fd2ffd640 1 --2- >> [v2:172.21.15.100:3300/0,v1:172.21.15.100:6789/0] conn(0x7f9fd4108280 0x7f9fd410a670 unknown :-1 s=HELLO_CONNECTING pgs=0 cs=0 l=0 rev1=1 crypto rx=0 tx=0 comp rx=0 tx=0).handle_hello peer v2:172.21.15.100:3300/0 says I am v2:172.21.15.100:44874/0 (socket says 172.21.15.100:44874)
2024-09-12T01:58:29.628 INFO:teuthology.orchestra.run.smithi100.stdout:/usr/bin/ceph: stderr
2024-09-12T01:58:28.769+0000 7f9fd2ffd640 1 -- 172.21.15.100:0/1593242510 learned_addr learned my addr 172.21.15.100:0/1593242510 (peer_addr_for_me v2:172.21.15.100:0/0)
2024-09-12T01:58:29.628 INFO:teuthology.orchestra.run.smithi100.stdout:/usr/bin/ceph: stderr
2024-09-12T01:58:28.769+0000 7f9fd2ffd640 1 -- 172.21.15.100:0/1593242510 --> [v2:172.21.15.100:3300/0,v1:172.21.15.100:6789/0] -- mon_subscribe({config=0+,monmap=0+}) -- 0x7f9fd410abb0 con 0x7f9fd4108280
2024-09-12T01:58:29.628 INFO:teuthology.orchestra.run.smithi100.stdout:/usr/bin/ceph: stderr
2024-09-12T01:58:28.770+0000 7f9fd2ffd640 1 --2- 172.21.15.100:0/1593242510 >> [v2:172.21.15.100:3300/0,v1:172.21.15.100:6789/0] conn(0x7f9fd4108280 0x7f9fd410a670 secure :-1 s=READY pgs=74 cs=0 l=1 rev1=1 crypto rx=0x7f9fc4009820 tx=0x7f9fc402a270 comp rx=0 tx=0).ready entity=mon.0 client_cookie=2e02e160c62d8f6 server_cookie=0 in_seq=0 out_seq=0
2024-09-12T01:58:29.629 INFO:teuthology.orchestra.run.smithi100.stdout:/usr/bin/ceph: stderr
2024-09-12T01:58:28.770+0000 7f9fd27fc640 1 -- 172.21.15.100:0/1593242510 <== mon.0 v2:172.21.15.100:3300/0 1 ==== mon_map magic: 0 ==== 205+0+0 (secure 0 0 0) 0x7f9fc4037070 con 0x7f9fd4108280
2024-09-12T01:58:29.629 INFO:teuthology.orchestra.run.smithi100.stdout:/usr/bin/ceph: stderr
2024-09-12T01:58:28.770+0000 7f9fd27fc640 1 -- 172.21.15.100:0/1593242510 <== mon.0 v2:172.21.15.100:3300/0 2 ==== config(27 keys) ==== 1140+0+0 (secure 0 0 0) 0x7f9fc4032920 con 0x7f9fd4108280
2024-09-12T01:58:29.629 INFO:teuthology.orchestra.run.smithi100.stdout:/usr/bin/ceph: stderr
2024-09-12T01:58:28.770+0000 7f9fd27fc640 1 -- 172.21.15.100:0/1593242510 <== mon.0 v2:172.21.15.100:3300/0 3 ==== mon_map magic: 0 ==== 205+0+0 (secure 0 0 0) 0x7f9fc4030810 con 0x7f9fd4108280
2024-09-12T01:58:29.629 INFO:teuthology.orchestra.run.smithi100.stdout:/usr/bin/ceph: stderr
2024-09-12T01:58:28.771+0000 7f9fd98f1640 1 -- 172.21.15.100:0/1593242510 >> [v2:172.21.15.100:3300/0,v1:172.21.15.100:6789/0] conn(0x7f9fd4108280 msgr2=0x7f9fd410a670 secure :-1 s=STATE_CONNECTION_ESTABLISHED l=1).mark_down
2024-09-12T01:58:29.629 INFO:teuthology.orchestra.run.smithi100.stdout:/usr/bin/ceph: stderr
2024-09-12T01:58:28.771+0000 7f9fd98f1640 1 --2- 172.21.15.100:0/1593242510 >> [v2:172.21.15.100:3300/0,v1:172.21.15.100:6789/0] conn(0x7f9fd4108280 0x7f9fd410a670 secure :-1 s=READY pgs=74 cs=0 l=1 rev1=1 crypto rx=0x7f9fc4009820 tx=0x7f9fc402a270 comp rx=0 tx=0).stop
2024-09-12T01:58:29.629 INFO:teuthology.orchestra.run.smithi100.stdout:/usr/bin/ceph: stderr
2024-09-12T01:58:28.771+0000 7f9fd98f1640 1 -- 172.21.15.100:0/1593242510 shutdown_connections
2024-09-12T01:58:29.629 INFO:teuthology.orchestra.run.smithi100.stdout:/usr/bin/ceph: stderr
2024-09-12T01:58:28.771+0000 7f9fd98f1640 1 --2- 172.21.15.100:0/1593242510 >> [v2:172.21.15.100:3300/0,v1:172.21.15.100:6789/0] conn(0x7f9fd4108280 0x7f9fd410a670 unknown :-1 s=CLOSED pgs=74 cs=0 l=1 rev1=1 crypto rx=0 tx=0 comp rx=0 tx=0).stop
2024-09-12T01:58:29.629 INFO:teuthology.orchestra.run.smithi100.stdout:/usr/bin/ceph: stderr
2024-09-12T01:58:28.771+0000 7f9fd98f1640 1 -- 172.21.15.100:0/1593242510 >> 172.21.15.100:0/1593242510 conn(0x7f9fd4101e60 msgr2=0x7f9fd4104280 unknown :-1 s=STATE_NONE l=0).mark_down
2024-09-12T01:58:29.629 INFO:teuthology.orchestra.run.smithi100.stdout:/usr/bin/ceph: stderr
2024-09-12T01:58:28.771+0000 7f9fd98f1640 1 -- 172.21.15.100:0/1593242510 shutdown_connections
2024-09-12T01:58:29.629 INFO:teuthology.orchestra.run.smithi100.stdout:/usr/bin/ceph: stderr
2024-09-12T01:58:28.771+0000 7f9fd98f1640 1 -- 172.21.15.100:0/1593242510 wait complete.
2024-09-12T01:58:29.629 INFO:teuthology.orchestra.run.smithi100.stdout:/usr/bin/ceph: stderr
2024-09-12T01:58:28.771+0000 7f9fd98f1640 1 Processor -- start
2024-09-12T01:58:29.629 INFO:teuthology.orchestra.run.smithi100.stdout:/usr/bin/ceph: stderr
2024-09-12T01:58:28.771+0000 7f9fd98f1640 1 -- start start
2024-09-12T01:58:29.629 INFO:teuthology.orchestra.run.smithi100.stdout:/usr/bin/ceph: stderr
2024-09-12T01:58:28.772+0000 7f9fd98f1640 1 --2- >> [v2:172.21.15.100:3300/0,v1:172.21.15.100:6789/0] conn(0x7f9fd4108280 0x7f9fd419b7a0 unknown :-1 s=NONE pgs=0 cs=0 l=1 rev1=0 crypto rx=0 tx=0 comp rx=0 tx=0).connect
2024-09-12T01:58:29.630 INFO:teuthology.orchestra.run.smithi100.stdout:/usr/bin/ceph: stderr
2024-09-12T01:58:28.772+0000 7f9fd98f1640 1 -- --> [v2:172.21.15.100:3300/0,v1:172.21.15.100:6789/0] -- mon_getmap magic: 0 -- 0x7f9fd410bc30 con 0x7f9fd4108280
2024-09-12T01:58:29.630 INFO:teuthology.orchestra.run.smithi100.stdout:/usr/bin/ceph: stderr
2024-09-12T01:58:28.772+0000 7f9fd2ffd640 1 --2- >> [v2:172.21.15.100:3300/0,v1:172.21.15.100:6789/0] conn(0x7f9fd4108280 0x7f9fd419b7a0 unknown :-1 s=BANNER_CONNECTING pgs=0 cs=0 l=1 rev1=0 crypto rx=0 tx=0 comp rx=0 tx=0)._handle_peer_banner_payload supported=3 required=0
2024-09-12T01:58:29.630 INFO:teuthology.orchestra.run.smithi100.stdout:/usr/bin/ceph: stderr
2024-09-12T01:58:28.772+0000 7f9fd2ffd640 1 --2- >> [v2:172.21.15.100:3300/0,v1:172.21.15.100:6789/0] conn(0x7f9fd4108280 0x7f9fd419b7a0 unknown :-1 s=HELLO_CONNECTING pgs=0 cs=0 l=1 rev1=1 crypto rx=0 tx=0 comp rx=0 tx=0).handle_hello peer v2:172.21.15.100:3300/0 says I am v2:172.21.15.100:44884/0 (socket says 172.21.15.100:44884)
2024-09-12T01:58:29.630 INFO:teuthology.orchestra.run.smithi100.stdout:/usr/bin/ceph: stderr
2024-09-12T01:58:28.772+0000 7f9fd2ffd640 1 -- 172.21.15.100:0/1271659945 learned_addr learned my addr 172.21.15.100:0/1271659945 (peer_addr_for_me v2:172.21.15.100:0/0)
2024-09-12T01:58:29.630 INFO:teuthology.orchestra.run.smithi100.stdout:/usr/bin/ceph: stderr
2024-09-12T01:58:28.772+0000 7f9fd2ffd640 1 -- 172.21.15.100:0/1271659945 --> [v2:172.21.15.100:3300/0,v1:172.21.15.100:6789/0] -- mon_subscribe({config=0+,monmap=0+}) -- 0x7f9fd419bce0 con 0x7f9fd4108280
2024-09-12T01:58:29.630 INFO:teuthology.orchestra.run.smithi100.stdout:/usr/bin/ceph: stderr
2024-09-12T01:58:28.772+0000 7f9fd2ffd640 1 --2- 172.21.15.100:0/1271659945 >> [v2:172.21.15.100:3300/0,v1:172.21.15.100:6789/0] conn(0x7f9fd4108280 0x7f9fd419b7a0 secure :-1 s=READY pgs=75 cs=0 l=1 rev1=1 crypto rx=0x7f9fc4030380 tx=0x7f9fc4032670 comp rx=0 tx=0).ready entity=mon.0 client_cookie=0 server_cookie=0 in_seq=0 out_seq=0
2024-09-12T01:58:29.630 INFO:teuthology.orchestra.run.smithi100.stdout:/usr/bin/ceph: stderr
