2024-09-12T02:04:37.474+0000 7f2597200640 1 -- 172.21.15.110:0/2042712956 shutdown_connections
2024-09-12T02:04:38.184 INFO:teuthology.orchestra.run.smithi110.stdout:/usr/bin/ceph: stderr
2024-09-12T02:04:37.474+0000 7f2597200640 1 -- 172.21.15.110:0/2042712956 wait complete.
2024-09-12T02:04:38.184 INFO:teuthology.orchestra.run.smithi110.stdout:Enabling the dashboard module...
2024-09-12T02:04:38.932 INFO:journalctl@ceph.mon.a.smithi110.stdout:Sep 12 02:04:38 smithi110 ceph-mon[30548]: from='client.? 172.21.15.110:0/2042712956' entity='client.admin'
2024-09-12T02:04:38.932 INFO:journalctl@ceph.mon.a.smithi110.stdout:Sep 12 02:04:38 smithi110 ceph-mon[30548]: pgmap v3: 0 pgs: ; 0 B data, 0 B used, 0 B / 0 B avail
2024-09-12T02:04:38.932 INFO:journalctl@ceph.mon.a.smithi110.stdout:Sep 12 02:04:38 smithi110 ceph-mon[30548]: from='mgr.14118 172.21.15.110:0/4282228454' entity='mgr.x'
2024-09-12T02:04:39.784 INFO:journalctl@ceph.mon.a.smithi110.stdout:Sep 12 02:04:39 smithi110 ceph-mon[30548]: from='client.? 172.21.15.110:0/1350267650' entity='client.admin' cmd=[{"prefix": "mgr module enable", "module": "dashboard"}]: dispatch
2024-09-12T02:04:39.785 INFO:journalctl@ceph.mgr.x.smithi110.stdout:Sep 12 02:04:39 smithi110 ceph-10ead734-70ab-11ef-bcea-c7b262605968-mgr-x[30771]: ignoring --setuser ceph since I am not root
2024-09-12T02:04:39.785 INFO:journalctl@ceph.mgr.x.smithi110.stdout:Sep 12 02:04:39 smithi110 ceph-10ead734-70ab-11ef-bcea-c7b262605968-mgr-x[30771]: ignoring --setgroup ceph since I am not root
2024-09-12T02:04:39.785 INFO:journalctl@ceph.mgr.x.smithi110.stdout:Sep 12 02:04:39 smithi110 ceph-10ead734-70ab-11ef-bcea-c7b262605968-mgr-x[30771]:
2024-09-12T02:04:39.714+0000 7fc6d9634040 -1 mgr[py] Module osd_perf_query has missing NOTIFY_TYPES member
2024-09-12T02:04:39.785 INFO:journalctl@ceph.mgr.x.smithi110.stdout:Sep 12 02:04:39 smithi110 ceph-10ead734-70ab-11ef-bcea-c7b262605968-mgr-x[30771]:
2024-09-12T02:04:39.784+0000 7fc6d9634040 -1 mgr[py] Module osd_support has missing NOTIFY_TYPES member
2024-09-12T02:04:40.048 INFO:journalctl@ceph.mgr.x.smithi110.stdout:Sep 12 02:04:39 smithi110 ceph-10ead734-70ab-11ef-bcea-c7b262605968-mgr-x[30771]:
2024-09-12T02:04:39.969+0000 7fc6d9634040 -1 mgr[py] Module diskprediction_local has missing NOTIFY_TYPES member
2024-09-12T02:04:40.049 INFO:journalctl@ceph.mgr.x.smithi110.stdout:Sep 12 02:04:40 smithi110 ceph-10ead734-70ab-11ef-bcea-c7b262605968-mgr-x[30771]:
2024-09-12T02:04:40.048+0000 7fc6d9634040 -1 mgr[py] Module crash has missing NOTIFY_TYPES member
2024-09-12T02:04:40.302 INFO:journalctl@ceph.mgr.x.smithi110.stdout:Sep 12 02:04:40 smithi110 ceph-10ead734-70ab-11ef-bcea-c7b262605968-mgr-x[30771]:
2024-09-12T02:04:40.220+0000 7fc6d9634040 -1 mgr[py] Module test_orchestrator has missing NOTIFY_TYPES member
2024-09-12T02:04:40.307 INFO:teuthology.orchestra.run.smithi110.stdout:/usr/bin/ceph: stderr
2024-09-12T02:04:38.683+0000 7fd210200640 1 Processor -- start
2024-09-12T02:04:40.307 INFO:teuthology.orchestra.run.smithi110.stdout:/usr/bin/ceph: stderr
2024-09-12T02:04:38.683+0000 7fd210200640 1 -- start start
2024-09-12T02:04:40.307 INFO:teuthology.orchestra.run.smithi110.stdout:/usr/bin/ceph: stderr
2024-09-12T02:04:38.683+0000 7fd210200640 1 --2- >> [v2:172.21.15.110:3300/0,v1:172.21.15.110:6789/0] conn(0x7fd208109810 0x7fd208109c10 unknown :-1 s=NONE pgs=0 cs=0 l=0 rev1=0 crypto rx=0 tx=0 comp rx=0 tx=0).connect
2024-09-12T02:04:40.307 INFO:teuthology.orchestra.run.smithi110.stdout:/usr/bin/ceph: stderr
2024-09-12T02:04:38.683+0000 7fd210200640 1 -- --> [v2:172.21.15.110:3300/0,v1:172.21.15.110:6789/0] -- mon_getmap magic: 0 -- 0x7fd20810a1e0 con 0x7fd208109810
2024-09-12T02:04:40.307 INFO:teuthology.orchestra.run.smithi110.stdout:/usr/bin/ceph: stderr
2024-09-12T02:04:38.684+0000 7fd20d800640 1 --2- >> [v2:172.21.15.110:3300/0,v1:172.21.15.110:6789/0] conn(0x7fd208109810 0x7fd208109c10 unknown :-1 s=BANNER_CONNECTING pgs=0 cs=0 l=0 rev1=0 crypto rx=0 tx=0 comp rx=0 tx=0)._handle_peer_banner_payload supported=3 required=0
2024-09-12T02:04:40.307 INFO:teuthology.orchestra.run.smithi110.stdout:/usr/bin/ceph: stderr
2024-09-12T02:04:38.684+0000 7fd20d800640 1 --2- >> [v2:172.21.15.110:3300/0,v1:172.21.15.110:6789/0] conn(0x7fd208109810 0x7fd208109c10 unknown :-1 s=HELLO_CONNECTING pgs=0 cs=0 l=0 rev1=1 crypto rx=0 tx=0 comp rx=0 tx=0).handle_hello peer v2:172.21.15.110:3300/0 says I am v2:172.21.15.110:55154/0 (socket says 172.21.15.110:55154)
2024-09-12T02:04:40.307 INFO:teuthology.orchestra.run.smithi110.stdout:/usr/bin/ceph: stderr
2024-09-12T02:04:38.684+0000 7fd20d800640 1 -- 172.21.15.110:0/3697103305 learned_addr learned my addr 172.21.15.110:0/3697103305 (peer_addr_for_me v2:172.21.15.110:0/0)
2024-09-12T02:04:40.307 INFO:teuthology.orchestra.run.smithi110.stdout:/usr/bin/ceph: stderr
2024-09-12T02:04:38.684+0000 7fd20d800640 1 -- 172.21.15.110:0/3697103305 --> [v2:172.21.15.110:3300/0,v1:172.21.15.110:6789/0] -- mon_subscribe({config=0+,monmap=0+}) -- 0x7fd20810a950 con 0x7fd208109810
2024-09-12T02:04:40.308 INFO:teuthology.orchestra.run.smithi110.stdout:/usr/bin/ceph: stderr
2024-09-12T02:04:38.685+0000 7fd20d800640 1 --2- 172.21.15.110:0/3697103305 >> [v2:172.21.15.110:3300/0,v1:172.21.15.110:6789/0] conn(0x7fd208109810 0x7fd208109c10 secure :-1 s=READY pgs=53 cs=0 l=1 rev1=1 crypto rx=0x7fd1fc009820 tx=0x7fd1fc02a270 comp rx=0 tx=0).ready entity=mon.0 client_cookie=59716ca1e561af2c server_cookie=0 in_seq=0 out_seq=0
2024-09-12T02:04:40.308 INFO:teuthology.orchestra.run.smithi110.stdout:/usr/bin/ceph: stderr
2024-09-12T02:04:38.685+0000 7fd207e00640 1 -- 172.21.15.110:0/3697103305 <== mon.0 v2:172.21.15.110:3300/0 1 ==== mon_map magic: 0 ==== 205+0+0 (secure 0 0 0) 0x7fd1fc037070 con 0x7fd208109810
2024-09-12T02:04:40.308 INFO:teuthology.orchestra.run.smithi110.stdout:/usr/bin/ceph: stderr
2024-09-12T02:04:38.685+0000 7fd207e00640 1 -- 172.21.15.110:0/3697103305 <== mon.0 v2:172.21.15.110:3300/0 2 ==== config(27 keys) ==== 1140+0+0 (secure 0 0 0) 0x7fd1fc032920 con 0x7fd208109810
2024-09-12T02:04:40.308 INFO:teuthology.orchestra.run.smithi110.stdout:/usr/bin/ceph: stderr
2024-09-12T02:04:38.685+0000 7fd207e00640 1 -- 172.21.15.110:0/3697103305 <== mon.0 v2:172.21.15.110:3300/0 3 ==== mon_map magic: 0 ==== 205+0+0 (secure 0 0 0) 0x7fd1fc030810 con 0x7fd208109810
2024-09-12T02:04:40.308 INFO:teuthology.orchestra.run.smithi110.stdout:/usr/bin/ceph: stderr
2024-09-12T02:04:38.686+0000 7fd210200640 1 -- 172.21.15.110:0/3697103305 >> [v2:172.21.15.110:3300/0,v1:172.21.15.110:6789/0] conn(0x7fd208109810 msgr2=0x7fd208109c10 secure :-1 s=STATE_CONNECTION_ESTABLISHED l=1).mark_down
2024-09-12T02:04:40.308 INFO:teuthology.orchestra.run.smithi110.stdout:/usr/bin/ceph: stderr
2024-09-12T02:04:38.686+0000 7fd210200640 1 --2- 172.21.15.110:0/3697103305 >> [v2:172.21.15.110:3300/0,v1:172.21.15.110:6789/0] conn(0x7fd208109810 0x7fd208109c10 secure :-1 s=READY pgs=53 cs=0 l=1 rev1=1 crypto rx=0x7fd1fc009820 tx=0x7fd1fc02a270 comp rx=0 tx=0).stop
2024-09-12T02:04:40.308 INFO:teuthology.orchestra.run.smithi110.stdout:/usr/bin/ceph: stderr
2024-09-12T02:04:38.686+0000 7fd210200640 1 -- 172.21.15.110:0/3697103305 shutdown_connections
2024-09-12T02:04:40.308 INFO:teuthology.orchestra.run.smithi110.stdout:/usr/bin/ceph: stderr
2024-09-12T02:04:38.686+0000 7fd210200640 1 --2- 172.21.15.110:0/3697103305 >> [v2:172.21.15.110:3300/0,v1:172.21.15.110:6789/0] conn(0x7fd208109810 0x7fd208109c10 unknown :-1 s=CLOSED pgs=53 cs=0 l=1 rev1=1 crypto rx=0 tx=0 comp rx=0 tx=0).stop
2024-09-12T02:04:40.308 INFO:teuthology.orchestra.run.smithi110.stdout:/usr/bin/ceph: stderr
2024-09-12T02:04:38.686+0000 7fd210200640 1 -- 172.21.15.110:0/3697103305 >> 172.21.15.110:0/3697103305 conn(0x7fd20807ccf0 msgr2=0x7fd20807d120 unknown :-1 s=STATE_NONE l=0).mark_down
2024-09-12T02:04:40.308 INFO:teuthology.orchestra.run.smithi110.stdout:/usr/bin/ceph: stderr
2024-09-12T02:04:38.686+0000 7fd210200640 1 -- 172.21.15.110:0/3697103305 shutdown_connections
2024-09-12T02:04:40.308 INFO:teuthology.orchestra.run.smithi110.stdout:/usr/bin/ceph: stderr
2024-09-12T02:04:38.686+0000 7fd210200640 1 -- 172.21.15.110:0/3697103305 wait complete.
2024-09-12T02:04:40.308 INFO:teuthology.orchestra.run.smithi110.stdout:/usr/bin/ceph: stderr
2024-09-12T02:04:38.687+0000 7fd210200640 1 Processor -- start
2024-09-12T02:04:40.309 INFO:teuthology.orchestra.run.smithi110.stdout:/usr/bin/ceph: stderr
2024-09-12T02:04:38.687+0000 7fd210200640 1 -- start start
2024-09-12T02:04:40.309 INFO:teuthology.orchestra.run.smithi110.stdout:/usr/bin/ceph: stderr
2024-09-12T02:04:38.687+0000 7fd210200640 1 --2- >> [v2:172.21.15.110:3300/0,v1:172.21.15.110:6789/0] conn(0x7fd208109810 0x7fd20819d7b0 unknown :-1 s=NONE pgs=0 cs=0 l=1 rev1=0 crypto rx=0 tx=0 comp rx=0 tx=0).connect
2024-09-12T02:04:40.309 INFO:teuthology.orchestra.run.smithi110.stdout:/usr/bin/ceph: stderr
2024-09-12T02:04:38.687+0000 7fd210200640 1 -- --> [v2:172.21.15.110:3300/0,v1:172.21.15.110:6789/0] -- mon_getmap magic: 0 -- 0x7fd20810dd00 con 0x7fd208109810
2024-09-12T02:04:40.309 INFO:teuthology.orchestra.run.smithi110.stdout:/usr/bin/ceph: stderr
2024-09-12T02:04:38.688+0000 7fd20d800640 1 --2- >> [v2:172.21.15.110:3300/0,v1:172.21.15.110:6789/0] conn(0x7fd208109810 0x7fd20819d7b0 unknown :-1 s=BANNER_CONNECTING pgs=0 cs=0 l=1 rev1=0 crypto rx=0 tx=0 comp rx=0 tx=0)._handle_peer_banner_payload supported=3 required=0
2024-09-12T02:04:40.309 INFO:teuthology.orchestra.run.smithi110.stdout:/usr/bin/ceph: stderr
2024-09-12T02:04:38.688+0000 7fd20d800640 1 --2- >> [v2:172.21.15.110:3300/0,v1:172.21.15.110:6789/0] conn(0x7fd208109810 0x7fd20819d7b0 unknown :-1 s=HELLO_CONNECTING pgs=0 cs=0 l=1 rev1=1 crypto rx=0 tx=0 comp rx=0 tx=0).handle_hello peer v2:172.21.15.110:3300/0 says I am v2:172.21.15.110:55170/0 (socket says 172.21.15.110:55170)
2024-09-12T02:04:40.309 INFO:teuthology.orchestra.run.smithi110.stdout:/usr/bin/ceph: stderr
2024-09-12T02:04:38.688+0000 7fd20d800640 1 -- 172.21.15.110:0/1350267650 learned_addr learned my addr 172.21.15.110:0/1350267650 (peer_addr_for_me v2:172.21.15.110:0/0)
2024-09-12T02:04:40.309 INFO:teuthology.orchestra.run.smithi110.stdout:/usr/bin/ceph: stderr
2024-09-12T02:04:38.688+0000 7fd20d800640 1 -- 172.21.15.110:0/1350267650 --> [v2:172.21.15.110:3300/0,v1:172.21.15.110:6789/0] -- mon_subscribe({config=0+,monmap=0+}) -- 0x7fd20819dcf0 con 0x7fd208109810
2024-09-12T02:04:40.309 INFO:teuthology.orchestra.run.smithi110.stdout:/usr/bin/ceph: stderr
2024-09-12T02:04:38.688+0000 7fd20d800640 1 --2- 172.21.15.110:0/1350267650 >> [v2:172.21.15.110:3300/0,v1:172.21.15.110:6789/0] conn(0x7fd208109810 0x7fd20819d7b0 secure :-1 s=READY pgs=54 cs=0 l=1 rev1=1 crypto rx=0x7fd1fc0097f0 tx=0x7fd1fc0327b0 comp rx=0 tx=0).ready entity=mon.0 client_cookie=0 server_cookie=0 in_seq=0 out_seq=0
2024-09-12T02:04:40.309 INFO:teuthology.orchestra.run.smithi110.stdout:/usr/bin/ceph: stderr
2024-09-12T02:04:38.688+0000 7fd206000640 1 -- 172.21.15.110:0/1350267650 <== mon.0 v2:172.21.15.110:3300/0 1 ==== mon_map magic: 0 ==== 205+0+0 (secure 0 0 0) 0x7fd1fc037040 con 0x7fd208109810
2024-09-12T02:04:40.309 INFO:teuthology.orchestra.run.smithi110.stdout:/usr/bin/ceph: stderr
2024-09-12T02:04:38.689+0000 7fd206000640 1 -- 172.21.15.110:0/1350267650 <== mon.0 v2:172.21.15.110:3300/0 2 ==== config(27 keys) ==== 1140+0+0 (secure 0 0 0) 0x7fd1fc030c40 con 0x7fd208109810
2024-09-12T02:04:40.309 INFO:teuthology.orchestra.run.smithi110.stdout:/usr/bin/ceph: stderr
2024-09-12T02:04:38.689+0000 7fd210200640 1 -- 172.21.15.110:0/1350267650 --> [v2:172.21.15.110:3300/0,v1:172.21.15.110:6789/0] -- mon_subscribe({mgrmap=0+}) -- 0x7fd20819df80 con 0x7fd208109810
2024-09-12T02:04:40.309 INFO:teuthology.orchestra.run.smithi110.stdout:/usr/bin/ceph: stderr
2024-09-12T02:04:38.689+0000 7fd206000640 1 -- 172.21.15.110:0/1350267650 <== mon.0 v2:172.21.15.110:3300/0 3 ==== mon_map magic: 0 ==== 205+0+0 (secure 0 0 0) 0x7fd1fc03a5d0 con 0x7fd208109810
2024-09-12T02:04:40.310 INFO:teuthology.orchestra.run.smithi110.stdout:/usr/bin/ceph: stderr
2024-09-12T02:04:38.689+0000 7fd210200640 1 -- 172.21.15.110:0/1350267650 --> [v2:172.21.15.110:3300/0,v1:172.21.15.110:6789/0] -- mon_subscribe({osdmap=0}) -- 0x7fd2081a0c70 con 0x7fd208109810
2024-09-12T02:04:40.310 INFO:teuthology.orchestra.run.smithi110.stdout:/usr/bin/ceph: stderr
2024-09-12T02:04:38.690+0000 7fd206000640 1 -- 172.21.15.110:0/1350267650 <== mon.0 v2:172.21.15.110:3300/0 4 ==== mgrmap(e 8) ==== 46287+0+0 (secure 0 0 0) 0x7fd1fc03b3f0 con 0x7fd208109810
2024-09-12T02:04:40.310 INFO:teuthology.orchestra.run.smithi110.stdout:/usr/bin/ceph: stderr
2024-09-12T02:04:38.690+0000 7fd210200640 1 -- 172.21.15.110:0/1350267650 --> [v2:172.21.15.110:3300/0,v1:172.21.15.110:6789/0] -- mon_command({"prefix": "get_command_descriptions"} v 0) -- 0x7fd208109c90 con 0x7fd208109810
2024-09-12T02:04:40.310 INFO:teuthology.orchestra.run.smithi110.stdout:/usr/bin/ceph: stderr
2024-09-12T02:04:38.690+0000 7fd206000640 1 --2- 172.21.15.110:0/1350267650 >> [v2:172.21.15.110:6800/3137576010,v1:172.21.15.110:6801/3137576010] conn(0x7fd1f0038fc0 0x7fd1f003b480 unknown :-1 s=NONE pgs=0 cs=0 l=1 rev1=0 crypto rx=0 tx=0 comp rx=0 tx=0).connect
2024-09-12T02:04:40.310 INFO:teuthology.orchestra.run.smithi110.stdout:/usr/bin/ceph: stderr
2024-09-12T02:04:38.690+0000 7fd206000640 1 -- 172.21.15.110:0/1350267650 <== mon.0 v2:172.21.15.110:3300/0 5 ==== osd_map(2..2 src has 1..2) ==== 940+0+0 (secure 0 0 0) 0x7fd1fc06c4f0 con 0x7fd208109810
2024-09-12T02:04:40.310 INFO:teuthology.orchestra.run.smithi110.stdout:/usr/bin/ceph: stderr
2024-09-12T02:04:38.691+0000 7fd20ce00640 1 --2- 172.21.15.110:0/1350267650 >> [v2:172.21.15.110:6800/3137576010,v1:172.21.15.110:6801/3137576010] conn(0x7fd1f0038fc0 0x7fd1f003b480 unknown :-1 s=BANNER_CONNECTING pgs=0 cs=0 l=1 rev1=0 crypto rx=0 tx=0 comp rx=0 tx=0)._handle_peer_banner_payload supported=3 required=0
2024-09-12T02:04:40.310 INFO:teuthology.orchestra.run.smithi110.stdout:/usr/bin/ceph: stderr
2024-09-12T02:04:38.691+0000 7fd20ce00640 1 --2- 172.21.15.110:0/1350267650 >> [v2:172.21.15.110:6800/3137576010,v1:172.21.15.110:6801/3137576010] conn(0x7fd1f0038fc0 0x7fd1f003b480 secure :-1 s=READY pgs=16 cs=0 l=1 rev1=1 crypto rx=0x7fd1f40098c0 tx=0x7fd1f4006db0 comp rx=0 tx=0).ready entity=mgr.14118 client_cookie=0 server_cookie=0 in_seq=0 out_seq=0
2024-09-12T02:04:40.310 INFO:teuthology.orchestra.run.smithi110.stdout:/usr/bin/ceph: stderr
2024-09-12T02:04:38.695+0000 7fd206000640 1 -- 172.21.15.110:0/1350267650 <== mon.0 v2:172.21.15.110:3300/0 6 ==== mon_command_ack([{"prefix": "get_command_descriptions"}]=0 v0) ==== 72+0+188821 (secure 0 0 0) 0x7fd1fc06be40 con 0x7fd208109810
2024-09-12T02:04:40.310 INFO:teuthology.orchestra.run.smithi110.stdout:/usr/bin/ceph: stderr
2024-09-12T02:04:38.931+0000 7fd210200640 1 -- 172.21.15.110:0/1350267650 --> [v2:172.21.15.110:3300/0,v1:172.21.15.110:6789/0] -- mon_command({"prefix": "mgr module enable", "module": "dashboard"} v 0) -- 0x7fd2081a0e40 con 0x7fd208109810
2024-09-12T02:04:40.310 INFO:teuthology.orchestra.run.smithi110.stdout:/usr/bin/ceph: stderr
2024-09-12T02:04:39.474+0000 7fd206000640 1 -- 172.21.15.110:0/1350267650 <== mon.0 v2:172.21.15.110:3300/0 7 ==== mon_command_ack([{"prefix": "mgr module enable", "module": "dashboard"}]=0 v9) ==== 88+0+0 (secure 0 0 0) 0x7fd1fc03b6e0 con 0x7fd208109810
2024-09-12T02:04:40.310 INFO:teuthology.orchestra.run.smithi110.stdout:/usr/bin/ceph: stderr
2024-09-12T02:04:39.476+0000 7fd206000640 1 -- 172.21.15.110:0/1350267650 <== mon.0 v2:172.21.15.110:3300/0 8 ==== mgrmap(e 9) ==== 46300+0+0 (secure 0 0 0) 0x7fd1fc03a7c0 con 0x7fd208109810
2024-09-12T02:04:40.310 INFO:teuthology.orchestra.run.smithi110.stdout:/usr/bin/ceph: stderr
2024-09-12T02:04:39.478+0000 7fd210200640 1 -- 172.21.15.110:0/1350267650 >> [v2:172.21.15.110:6800/3137576010,v1:172.21.15.110:6801/3137576010] conn(0x7fd1f0038fc0 msgr2=0x7fd1f003b480 secure :-1 s=STATE_CONNECTION_ESTABLISHED l=1).mark_down
2024-09-12T02:04:40.311 INFO:teuthology.orchestra.run.smithi110.stdout:/usr/bin/ceph: stderr
2024-09-12T02:04:39.478+0000 7fd210200640 1 --2- 172.21.15.110:0/1350267650 >> [v2:172.21.15.110:6800/3137576010,v1:172.21.15.110:6801/3137576010] conn(0x7fd1f0038fc0 0x7fd1f003b480 secure :-1 s=READY pgs=16 cs=0 l=1 rev1=1 crypto rx=0x7fd1f40098c0 tx=0x7fd1f4006db0 comp rx=0 tx=0).stop
2024-09-12T02:04:40.311 INFO:teuthology.orchestra.run.smithi110.stdout:/usr/bin/ceph: stderr
2024-09-12T02:04:39.478+0000 7fd210200640 1 -- 172.21.15.110:0/1350267650 >> [v2:172.21.15.110:3300/0,v1:172.21.15.110:6789/0] conn(0x7fd208109810 msgr2=0x7fd20819d7b0 secure :-1 s=STATE_CONNECTION_ESTABLISHED l=1).mark_down
2024-09-12T02:04:40.311 INFO:teuthology.orchestra.run.smithi110.stdout:/usr/bin/ceph: stderr
2024-09-12T02:04:39.478+0000 7fd210200640 1 --2- 172.21.15.110:0/1350267650 >> [v2:172.21.15.110:3300/0,v1:172.21.15.110:6789/0] conn(0x7fd208109810 0x7fd20819d7b0 secure :-1 s=READY pgs=54 cs=0 l=1 rev1=1 crypto rx=0x7fd1fc0097f0 tx=0x7fd1fc0327b0 comp rx=0 tx=0).stop
2024-09-12T02:04:40.311 INFO:teuthology.orchestra.run.smithi110.stdout:/usr/bin/ceph: stderr
2024-09-12T02:04:39.478+0000 7fd210200640 1 -- 172.21.15.110:0/1350267650 shutdown_connections
2024-09-12T02:04:40.311 INFO:teuthology.orchestra.run.smithi110.stdout:/usr/bin/ceph: stderr
2024-09-12T02:04:39.478+0000 7fd210200640 1 --2- 172.21.15.110:0/1350267650 >> [v2:172.21.15.110:6800/3137576010,v1:172.21.15.110:6801/3137576010] conn(0x7fd1f0038fc0 0x7fd1f003b480 unknown :-1 s=CLOSED pgs=16 cs=0 l=1 rev1=1 crypto rx=0 tx=0 comp rx=0 tx=0).stop
2024-09-12T02:04:40.311 INFO:teuthology.orchestra.run.smithi110.stdout:/usr/bin/ceph: stderr
2024-09-12T02:04:39.478+0000 7fd210200640 1 --2- 172.21.15.110:0/1350267650 >> [v2:172.21.15.110:3300/0,v1:172.21.15.110:6789/0] conn(0x7fd208109810 0x7fd20819d7b0 unknown :-1 s=CLOSED pgs=54 cs=0 l=1 rev1=1 crypto rx=0 tx=0 comp rx=0 tx=0).stop
2024-09-12T02:04:40.311 INFO:teuthology.orchestra.run.smithi110.stdout:/usr/bin/ceph: stderr
2024-09-12T02:04:39.478+0000 7fd210200640 1 -- 172.21.15.110:0/1350267650 >> 172.21.15.110:0/1350267650 conn(0x7fd20807ccf0 msgr2=0x7fd208107560 unknown :-1 s=STATE_NONE l=0).mark_down
2024-09-12T02:04:40.311 INFO:teuthology.orchestra.run.smithi110.stdout:/usr/bin/ceph: stderr
2024-09-12T02:04:39.478+0000 7fd210200640 1 -- 172.21.15.110:0/1350267650 shutdown_connections
2024-09-12T02:04:40.311 INFO:teuthology.orchestra.run.smithi110.stdout:/usr/bin/ceph: stderr
2024-09-12T02:04:39.478+0000 7fd210200640 1 -- 172.21.15.110:0/1350267650 wait complete.
2024-09-12T02:04:40.559 INFO:journalctl@ceph.mon.a.smithi110.stdout:Sep 12 02:04:40 smithi110 ceph-mon[30548]: from='client.? 172.21.15.110:0/1350267650' entity='client.admin' cmd='[{"prefix": "mgr module enable", "module": "dashboard"}]': finished
2024-09-12T02:04:40.559 INFO:journalctl@ceph.mon.a.smithi110.stdout:Sep 12 02:04:40 smithi110 ceph-mon[30548]: mgrmap e9: x(active, since 21s)
2024-09-12T02:04:40.559 INFO:journalctl@ceph.mgr.x.smithi110.stdout:Sep 12 02:04:40 smithi110 ceph-10ead734-70ab-11ef-bcea-c7b262605968-mgr-x[30771]:
2024-09-12T02:04:40.390+0000 7fc6d9634040 -1 mgr[py] Module snap_schedule has missing NOTIFY_TYPES member
2024-09-12T02:04:40.851 INFO:journalctl@ceph.mgr.x.smithi110.stdout:Sep 12 02:04:40 smithi110 ceph-10ead734-70ab-11ef-bcea-c7b262605968-mgr-x[30771]:
2024-09-12T02:04:40.773+0000 7fc6d9634040 -1 mgr[py] Module prometheus has missing NOTIFY_TYPES member
2024-09-12T02:04:40.851 INFO:journalctl@ceph.mgr.x.smithi110.stdout:Sep 12 02:04:40 smithi110 ceph-10ead734-70ab-11ef-bcea-c7b262605968-mgr-x[30771]:
2024-09-12T02:04:40.851+0000 7fc6d9634040 -1 mgr[py] Module selftest has missing NOTIFY_TYPES member
2024-09-12T02:04:41.186 INFO:journalctl@ceph.mgr.x.smithi110.stdout:Sep 12 02:04:41 smithi110 ceph-10ead734-70ab-11ef-bcea-c7b262605968-mgr-x[30771]:
2024-09-12T02:04:41.077+0000 7fc6d9634040 -1 mgr[py] Module volumes has missing NOTIFY_TYPES member
2024-09-12T02:04:41.550 INFO:journalctl@ceph.mon.a.smithi110.stdout:Sep 12 02:04:41 smithi110 ceph-mon[30548]: from='client.? 172.21.15.110:0/1510725825' entity='client.admin' cmd=[{"prefix": "mgr stat"}]: dispatch
2024-09-12T02:04:41.947 INFO:teuthology.orchestra.run.smithi110.stdout:/usr/bin/ceph: stdout {
2024-09-12T02:04:41.947 INFO:teuthology.orchestra.run.smithi110.stdout:/usr/bin/ceph: stdout "epoch": 9,
2024-09-12T02:04:41.947 INFO:teuthology.orchestra.run.smithi110.stdout:/usr/bin/ceph: stdout "available": true,
2024-09-12T02:04:41.947 INFO:teuthology.orchestra.run.smithi110.stdout:/usr/bin/ceph: stdout "active_name": "x",
2024-09-12T02:04:41.947 INFO:teuthology.orchestra.run.smithi110.stdout:/usr/bin/ceph: stdout "num_standby": 0
2024-09-12T02:04:41.947 INFO:teuthology.orchestra.run.smithi110.stdout:/usr/bin/ceph: stdout }
2024-09-12T02:04:41.947 INFO:teuthology.orchestra.run.smithi110.stdout:/usr/bin/ceph: stderr
2024-09-12T02:04:40.792+0000 7f131fe00640 1 Processor -- start
2024-09-12T02:04:41.947 INFO:teuthology.orchestra.run.smithi110.stdout:/usr/bin/ceph: stderr
2024-09-12T02:04:40.792+0000 7f131fe00640 1 -- start start
2024-09-12T02:04:41.947 INFO:teuthology.orchestra.run.smithi110.stdout:/usr/bin/ceph: stderr
2024-09-12T02:04:40.792+0000 7f131fe00640 1 --2- >> [v2:172.21.15.110:3300/0,v1:172.21.15.110:6789/0] conn(0x7f132007ccf0 0x7f132007b150 unknown :-1 s=NONE pgs=0 cs=0 l=0 rev1=0 crypto rx=0 tx=0 comp rx=0 tx=0).connect
2024-09-12T02:04:41.947 INFO:teuthology.orchestra.run.smithi110.stdout:/usr/bin/ceph: stderr
2024-09-12T02:04:40.792+0000 7f131fe00640 1 -- --> [v2:172.21.15.110:3300/0,v1:172.21.15.110:6789/0] -- mon_getmap magic: 0 -- 0x7f132007b690 con 0x7f132007ccf0
2024-09-12T02:04:41.947 INFO:teuthology.orchestra.run.smithi110.stdout:/usr/bin/ceph: stderr
2024-09-12T02:04:40.793+0000 7f131ea00640 1 --2- >> [v2:172.21.15.110:3300/0,v1:172.21.15.110:6789/0] conn(0x7f132007ccf0 0x7f132007b150 unknown :-1 s=BANNER_CONNECTING pgs=0 cs=0 l=0 rev1=0 crypto rx=0 tx=0 comp rx=0 tx=0)._handle_peer_banner_payload supported=3 required=0
2024-09-12T02:04:41.948 INFO:teuthology.orchestra.run.smithi110.stdout:/usr/bin/ceph: stderr
2024-09-12T02:04:40.793+0000 7f131ea00640 1 --2- >> [v2:172.21.15.110:3300/0,v1:172.21.15.110:6789/0] conn(0x7f132007ccf0 0x7f132007b150 unknown :-1 s=HELLO_CONNECTING pgs=0 cs=0 l=0 rev1=1 crypto rx=0 tx=0 comp rx=0 tx=0).handle_hello peer v2:172.21.15.110:3300/0 says I am v2:172.21.15.110:59024/0 (socket says 172.21.15.110:59024)
2024-09-12T02:04:41.948 INFO:teuthology.orchestra.run.smithi110.stdout:/usr/bin/ceph: stderr
2024-09-12T02:04:40.793+0000 7f131ea00640 1 -- 172.21.15.110:0/2931341044 learned_addr learned my addr 172.21.15.110:0/2931341044 (peer_addr_for_me v2:172.21.15.110:0/0)
2024-09-12T02:04:41.948 INFO:teuthology.orchestra.run.smithi110.stdout:/usr/bin/ceph: stderr
2024-09-12T02:04:40.793+0000 7f131ea00640 1 -- 172.21.15.110:0/2931341044 --> [v2:172.21.15.110:3300/0,v1:172.21.15.110:6789/0] -- mon_subscribe({config=0+,monmap=0+}) -- 0x7f132007b810 con 0x7f132007ccf0
2024-09-12T02:04:41.948 INFO:teuthology.orchestra.run.smithi110.stdout:/usr/bin/ceph: stderr
2024-09-12T02:04:40.794+0000 7f131ea00640 1 --2- 172.21.15.110:0/2931341044 >> [v2:172.21.15.110:3300/0,v1:172.21.15.110:6789/0] conn(0x7f132007ccf0 0x7f132007b150 secure :-1 s=READY pgs=57 cs=0 l=1 rev1=1 crypto rx=0x7f1310009820 tx=0x7f131002a270 comp rx=0 tx=0).ready entity=mon.0 client_cookie=9a0a39aac27995fb server_cookie=0 in_seq=0 out_seq=0
2024-09-12T02:04:41.948 INFO:teuthology.orchestra.run.smithi110.stdout:/usr/bin/ceph: stderr
2024-09-12T02:04:40.795+0000 7f131d600640 1 -- 172.21.15.110:0/2931341044 <== mon.0 v2:172.21.15.110:3300/0 1 ==== mon_map magic: 0 ==== 205+0+0 (secure 0 0 0) 0x7f1310037070 con 0x7f132007ccf0
2024-09-12T02:04:41.948 INFO:teuthology.orchestra.run.smithi110.stdout:/usr/bin/ceph: stderr
2024-09-12T02:04:40.795+0000 7f131d600640 1 -- 172.21.15.110:0/2931341044 <== mon.0 v2:172.21.15.110:3300/0 2 ==== config(27 keys) ==== 1140+0+0 (secure 0 0 0) 0x7f1310032920 con 0x7f132007ccf0
2024-09-12T02:04:41.948 INFO:teuthology.orchestra.run.smithi110.stdout:/usr/bin/ceph: stderr
2024-09-12T02:04:40.795+0000 7f131d600640 1 -- 172.21.15.110:0/2931341044 <== mon.0 v2:172.21.15.110:3300/0 3 ==== mon_map magic: 0 ==== 205+0+0 (secure 0 0 0) 0x7f1310030810 con 0x7f132007ccf0
2024-09-12T02:04:41.948 INFO:teuthology.orchestra.run.smithi110.stdout:/usr/bin/ceph: stderr
2024-09-12T02:04:40.795+0000 7f131fe00640 1 -- 172.21.15.110:0/2931341044 >> [v2:172.21.15.110:3300/0,v1:172.21.15.110:6789/0] conn(0x7f132007ccf0 msgr2=0x7f132007b150 secure :-1 s=STATE_CONNECTION_ESTABLISHED l=1).mark_down
2024-09-12T02:04:41.948 INFO:teuthology.orchestra.run.smithi110.stdout:/usr/bin/ceph: stderr
2024-09-12T02:04:40.795+0000 7f131fe00640 1 --2- 172.21.15.110:0/2931341044 >> [v2:172.21.15.110:3300/0,v1:172.21.15.110:6789/0] conn(0x7f132007ccf0 0x7f132007b150 secure :-1 s=READY pgs=57 cs=0 l=1 rev1=1 crypto rx=0x7f1310009820 tx=0x7f131002a270 comp rx=0 tx=0).stop
2024-09-12T02:04:41.948 INFO:teuthology.orchestra.run.smithi110.stdout:/usr/bin/ceph: stderr
2024-09-12T02:04:40.795+0000 7f131fe00640 1 -- 172.21.15.110:0/2931341044 shutdown_connections
2024-09-12T02:04:41.948 INFO:teuthology.orchestra.run.smithi110.stdout:/usr/bin/ceph: stderr
2024-09-12T02:04:40.795+0000 7f131fe00640 1 --2- 172.21.15.110:0/2931341044 >> [v2:172.21.15.110:3300/0,v1:172.21.15.110:6789/0] conn(0x7f132007ccf0 0x7f132007b150 unknown :-1 s=CLOSED pgs=57 cs=0 l=1 rev1=1 crypto rx=0 tx=0 comp rx=0 tx=0).stop
2024-09-12T02:04:41.949 INFO:teuthology.orchestra.run.smithi110.stdout:/usr/bin/ceph: stderr
2024-09-12T02:04:40.795+0000 7f131fe00640 1 -- 172.21.15.110:0/2931341044 >> 172.21.15.110:0/2931341044 conn(0x7f1320102b90 msgr2=0x7f1320104fb0 unknown :-1 s=STATE_NONE l=0).mark_down
2024-09-12T02:04:41.949 INFO:teuthology.orchestra.run.smithi110.stdout:/usr/bin/ceph: stderr
2024-09-12T02:04:40.795+0000 7f131fe00640 1 -- 172.21.15.110:0/2931341044 shutdown_connections
2024-09-12T02:04:41.949 INFO:teuthology.orchestra.run.smithi110.stdout:/usr/bin/ceph: stderr
2024-09-12T02:04:40.795+0000 7f131fe00640 1 -- 172.21.15.110:0/2931341044 wait complete.
2024-09-12T02:04:41.949 INFO:teuthology.orchestra.run.smithi110.stdout:/usr/bin/ceph: stderr
2024-09-12T02:04:40.796+0000 7f131fe00640 1 Processor -- start
2024-09-12T02:04:41.949 INFO:teuthology.orchestra.run.smithi110.stdout:/usr/bin/ceph: stderr
2024-09-12T02:04:40.797+0000 7f131fe00640 1 -- start start
2024-09-12T02:04:41.949 INFO:teuthology.orchestra.run.smithi110.stdout:/usr/bin/ceph: stderr
2024-09-12T02:04:40.797+0000 7f131fe00640 1 --2- >> [v2:172.21.15.110:3300/0,v1:172.21.15.110:6789/0] conn(0x7f132007ccf0 0x7f132019d5b0 unknown :-1 s=NONE pgs=0 cs=0 l=1 rev1=0 crypto rx=0 tx=0 comp rx=0 tx=0).connect
2024-09-12T02:04:41.949 INFO:teuthology.orchestra.run.smithi110.stdout:/usr/bin/ceph: stderr
2024-09-12T02:04:40.797+0000 7f131fe00640 1 -- --> [v2:172.21.15.110:3300/0,v1:172.21.15.110:6789/0] -- mon_getmap magic: 0 -- 0x7f132010d9f0 con 0x7f132007ccf0
2024-09-12T02:04:41.949 INFO:teuthology.orchestra.run.smithi110.stdout:/usr/bin/ceph: stderr
2024-09-12T02:04:40.797+0000 7f131ea00640 1 --2- >> [v2:172.21.15.110:3300/0,v1:172.21.15.110:6789/0] conn(0x7f132007ccf0 0x7f132019d5b0 unknown :-1 s=BANNER_CONNECTING pgs=0 cs=0 l=1 rev1=0 crypto rx=0 tx=0 comp rx=0 tx=0)._handle_peer_banner_payload supported=3 required=0
2024-09-12T02:04:41.949 INFO:teuthology.orchestra.run.smithi110.stdout:/usr/bin/ceph: stderr
2024-09-12T02:04:40.797+0000 7f131ea00640 1 --2- >> [v2:172.21.15.110:3300/0,v1:172.21.15.110:6789/0] conn(0x7f132007ccf0 0x7f132019d5b0 unknown :-1 s=HELLO_CONNECTING pgs=0 cs=0 l=1 rev1=1 crypto rx=0 tx=0 comp rx=0 tx=0).handle_hello peer v2:172.21.15.110:3300/0 says I am v2:172.21.15.110:59040/0 (socket says 172.21.15.110:59040)
2024-09-12T02:04:41.949 INFO:teuthology.orchestra.run.smithi110.stdout:/usr/bin/ceph: stderr
2024-09-12T02:04:40.797+0000 7f131ea00640 1 -- 172.21.15.110:0/1510725825 learned_addr learned my addr 172.21.15.110:0/1510725825 (peer_addr_for_me v2:172.21.15.110:0/0)
2024-09-12T02:04:41.949 INFO:teuthology.orchestra.run.smithi110.stdout:/usr/bin/ceph: stderr
2024-09-12T02:04:40.798+0000 7f131ea00640 1 -- 172.21.15.110:0/1510725825 --> [v2:172.21.15.110:3300/0,v1:172.21.15.110:6789/0] -- mon_subscribe({config=0+,monmap=0+}) -- 0x7f132019daf0 con 0x7f132007ccf0
2024-09-12T02:04:41.949 INFO:teuthology.orchestra.run.smithi110.stdout:/usr/bin/ceph: stderr
2024-09-12T02:04:40.798+0000 7f131ea00640 1 --2- 172.21.15.110:0/1510725825 >> [v2:172.21.15.110:3300/0,v1:172.21.15.110:6789/0] conn(0x7f132007ccf0 0x7f132019d5b0 secure :-1 s=READY pgs=58 cs=0 l=1 rev1=1 crypto rx=0x7f1310030380 tx=0x7f1310032670 comp rx=0 tx=0).ready entity=mon.0 client_cookie=0 server_cookie=0 in_seq=0 out_seq=0
2024-09-12T02:04:41.950 INFO:teuthology.orchestra.run.smithi110.stdout:/usr/bin/ceph: stderr
2024-09-12T02:04:40.798+0000 7f1317400640 1 -- 172.21.15.110:0/1510725825 <== mon.0 v2:172.21.15.110:3300/0 1 ==== mon_map magic: 0 ==== 205+0+0 (secure 0 0 0) 0x7f1310037040 con 0x7f132007ccf0
2024-09-12T02:04:41.950 INFO:teuthology.orchestra.run.smithi110.stdout:/usr/bin/ceph: stderr
2024-09-12T02:04:40.798+0000 7f1317400640 1 -- 172.21.15.110:0/1510725825 <== mon.0 v2:172.21.15.110:3300/0 2 ==== config(27 keys) ==== 1140+0+0 (secure 0 0 0) 0x7f1310040070 con 0x7f132007ccf0
2024-09-12T02:04:41.950 INFO:teuthology.orchestra.run.smithi110.stdout:/usr/bin/ceph: stderr
2024-09-12T02:04:40.798+0000 7f1317400640 1 -- 172.21.15.110:0/1510725825 <== mon.0 v2:172.21.15.110:3300/0 3 ==== mon_map magic: 0 ==== 205+0+0 (secure 0 0 0) 0x7f131003a7b0 con 0x7f132007ccf0
2024-09-12T02:04:41.950 INFO:teuthology.orchestra.run.smithi110.stdout:/usr/bin/ceph: stderr
2024-09-12T02:04:40.798+0000 7f131fe00640 1 -- 172.21.15.110:0/1510725825 --> [v2:172.21.15.110:3300/0,v1:172.21.15.110:6789/0] -- mon_subscribe({mgrmap=0+}) -- 0x7f132019dd80 con 0x7f132007ccf0
2024-09-12T02:04:41.950 INFO:teuthology.orchestra.run.smithi110.stdout:/usr/bin/ceph: stderr
2024-09-12T02:04:40.798+0000 7f131fe00640 1 -- 172.21.15.110:0/1510725825 --> [v2:172.21.15.110:3300/0,v1:172.21.15.110:6789/0] -- mon_subscribe({osdmap=0}) -- 0x7f13201a0a70 con 0x7f132007ccf0
2024-09-12T02:04:41.950 INFO:teuthology.orchestra.run.smithi110.stdout:/usr/bin/ceph: stderr
2024-09-12T02:04:40.799+0000 7f1317400640 1 -- 172.21.15.110:0/1510725825 <== mon.0 v2:172.21.15.110:3300/0 4 ==== mgrmap(e 9) ==== 46300+0+0 (secure 0 0 0) 0x7f131003bc00 con 0x7f132007ccf0
2024-09-12T02:04:41.950 INFO:teuthology.orchestra.run.smithi110.stdout:/usr/bin/ceph: stderr
2024-09-12T02:04:40.799+0000 7f131fe00640 1 -- 172.21.15.110:0/1510725825 --> [v2:172.21.15.110:3300/0,v1:172.21.15.110:6789/0] -- mon_command({"prefix": "get_command_descriptions"} v 0) -- 0x7f132007b1d0 con 0x7f132007ccf0
2024-09-12T02:04:41.950 INFO:teuthology.orchestra.run.smithi110.stdout:/usr/bin/ceph: stderr
2024-09-12T02:04:40.800+0000 7f1317400640 1 --2- 172.21.15.110:0/1510725825 >> [v2:172.21.15.110:6800/3137576010,v1:172.21.15.110:6801/3137576010] conn(0x7f1304039020 0x7f130403b4e0 unknown :-1 s=NONE pgs=0 cs=0 l=1 rev1=0 crypto rx=0 tx=0 comp rx=0 tx=0).connect
2024-09-12T02:04:41.950 INFO:teuthology.orchestra.run.smithi110.stdout:/usr/bin/ceph: stderr
2024-09-12T02:04:40.800+0000 7f1317400640 1 -- 172.21.15.110:0/1510725825 <== mon.0 v2:172.21.15.110:3300/0 5 ==== osd_map(2..2 src has 1..2) ==== 940+0+0 (secure 0 0 0) 0x7f131006c620 con 0x7f132007ccf0
2024-09-12T02:04:41.950 INFO:teuthology.orchestra.run.smithi110.stdout:/usr/bin/ceph: stderr
2024-09-12T02:04:40.800+0000 7f131e000640 1 -- 172.21.15.110:0/1510725825 >> [v2:172.21.15.110:6800/3137576010,v1:172.21.15.110:6801/3137576010] conn(0x7f1304039020 msgr2=0x7f130403b4e0 unknown :-1 s=STATE_CONNECTING_RE l=1).process reconnect failed to v2:172.21.15.110:6800/3137576010
2024-09-12T02:04:41.951 INFO:teuthology.orchestra.run.smithi110.stdout:/usr/bin/ceph: stderr
2024-09-12T02:04:40.800+0000 7f131e000640 1 --2- 172.21.15.110:0/1510725825 >> [v2:172.21.15.110:6800/3137576010,v1:172.21.15.110:6801/3137576010] conn(0x7f1304039020 0x7f130403b4e0 unknown :-1 s=START_CONNECT pgs=0 cs=0 l=1 rev1=0 crypto rx=0 tx=0 comp rx=0 tx=0)._fault waiting 0.200000
2024-09-12T02:04:41.951 INFO:teuthology.orchestra.run.smithi110.stdout:/usr/bin/ceph: stderr
2024-09-12T02:04:40.805+0000 7f1317400640 1 -- 172.21.15.110:0/1510725825 <== mon.0 v2:172.21.15.110:3300/0 6 ==== mon_command_ack([{"prefix": "get_command_descriptions"}]=0 v0) ==== 72+0+188821 (secure 0 0 0) 0x7f1310040220 con 0x7f132007ccf0
2024-09-12T02:04:41.951 INFO:teuthology.orchestra.run.smithi110.stdout:/usr/bin/ceph: stderr
2024-09-12T02:04:41.001+0000 7f131e000640 1 -- 172.21.15.110:0/1510725825 >> [v2:172.21.15.110:6800/3137576010,v1:172.21.15.110:6801/3137576010] conn(0x7f1304039020 msgr2=0x7f130403b4e0 unknown :-1 s=STATE_CONNECTING_RE l=1).process reconnect failed to v2:172.21.15.110:6800/3137576010
2024-09-12T02:04:41.951 INFO:teuthology.orchestra.run.smithi110.stdout:/usr/bin/ceph: stderr
2024-09-12T02:04:41.001+0000 7f131e000640 1 --2- 172.21.15.110:0/1510725825 >> [v2:172.21.15.110:6800/3137576010,v1:172.21.15.110:6801/3137576010] conn(0x7f1304039020 0x7f130403b4e0 unknown :-1 s=START_CONNECT pgs=0 cs=0 l=1 rev1=0 crypto rx=0 tx=0 comp rx=0 tx=0)._fault waiting 0.400000
2024-09-12T02:04:41.951 INFO:teuthology.orchestra.run.smithi110.stdout:/usr/bin/ceph: stderr
2024-09-12T02:04:41.039+0000 7f131fe00640 1 -- 172.21.15.110:0/1510725825 --> [v2:172.21.15.110:3300/0,v1:172.21.15.110:6789/0] -- mon_command({"prefix": "mgr stat"} v 0) -- 0x7f13201a0c40 con 0x7f132007ccf0
2024-09-12T02:04:41.951 INFO:teuthology.orchestra.run.smithi110.stdout:/usr/bin/ceph: stderr
2024-09-12T02:04:41.040+0000 7f1317400640 1 -- 172.21.15.110:0/1510725825 <== mon.0 v2:172.21.15.110:3300/0 7 ==== mon_command_ack([{"prefix": "mgr stat"}]=0 v9) ==== 56+0+88 (secure 0 0 0) 0x7f13201a0c40 con 0x7f132007ccf0
2024-09-12T02:04:41.951 INFO:teuthology.orchestra.run.smithi110.stdout:/usr/bin/ceph: stderr
2024-09-12T02:04:41.044+0000 7f131fe00640 1 -- 172.21.15.110:0/1510725825 >> [v2:172.21.15.110:6800/3137576010,v1:172.21.15.110:6801/3137576010] conn(0x7f1304039020 msgr2=0x7f130403b4e0 unknown :-1 s=STATE_CONNECTING l=1).mark_down
2024-09-12T02:04:41.951 INFO:teuthology.orchestra.run.smithi110.stdout:/usr/bin/ceph: stderr
2024-09-12T02:04:41.044+0000 7f131fe00640 1 --2- 172.21.15.110:0/1510725825 >> [v2:172.21.15.110:6800/3137576010,v1:172.21.15.110:6801/3137576010] conn(0x7f1304039020 0x7f130403b4e0 unknown :-1 s=START_CONNECT pgs=0 cs=0 l=1 rev1=0 crypto rx=0 tx=0 comp rx=0 tx=0).stop
2024-09-12T02:04:41.951 INFO:teuthology.orchestra.run.smithi110.stdout:/usr/bin/ceph: stderr
2024-09-12T02:04:41.044+0000 7f131fe00640 1 -- 172.21.15.110:0/1510725825 >> [v2:172.21.15.110:3300/0,v1:172.21.15.110:6789/0] conn(0x7f132007ccf0 msgr2=0x7f132019d5b0 secure :-1 s=STATE_CONNECTION_ESTABLISHED l=1).mark_down
2024-09-12T02:04:41.951 INFO:teuthology.orchestra.run.smithi110.stdout:/usr/bin/ceph: stderr
2024-09-12T02:04:41.044+0000 7f131fe00640 1 --2- 172.21.15.110:0/1510725825 >> [v2:172.21.15.110:3300/0,v1:172.21.15.110:6789/0] conn(0x7f132007ccf0 0x7f132019d5b0 secure :-1 s=READY pgs=58 cs=0 l=1 rev1=1 crypto rx=0x7f1310030380 tx=0x7f1310032670 comp rx=0 tx=0).stop
2024-09-12T02:04:41.952 INFO:teuthology.orchestra.run.smithi110.stdout:/usr/bin/ceph: stderr
2024-09-12T02:04:41.044+0000 7f131fe00640 1 -- 172.21.15.110:0/1510725825 shutdown_connections
2024-09-12T02:04:41.952 INFO:teuthology.orchestra.run.smithi110.stdout:/usr/bin/ceph: stderr
2024-09-12T02:04:41.044+0000 7f131fe00640 1 --2- 172.21.15.110:0/1510725825 >> [v2:172.21.15.110:6800/3137576010,v1:172.21.15.110:6801/3137576010] conn(0x7f1304039020 0x7f130403b4e0 unknown :-1 s=CLOSED pgs=0 cs=0 l=1 rev1=0 crypto rx=0 tx=0 comp rx=0 tx=0).stop
2024-09-12T02:04:41.952 INFO:teuthology.orchestra.run.smithi110.stdout:/usr/bin/ceph: stderr
2024-09-12T02:04:41.044+0000 7f131fe00640 1 --2- 172.21.15.110:0/1510725825 >> [v2:172.21.15.110:3300/0,v1:172.21.15.110:6789/0] conn(0x7f132007ccf0 0x7f132019d5b0 unknown :-1 s=CLOSED pgs=58 cs=0 l=1 rev1=1 crypto rx=0 tx=0 comp rx=0 tx=0).stop
2024-09-12T02:04:41.952 INFO:teuthology.orchestra.run.smithi110.stdout:/usr/bin/ceph: stderr
2024-09-12T02:04:41.044+0000 7f131fe00640 1 -- 172.21.15.110:0/1510725825 >> 172.21.15.110:0/1510725825 conn(0x7f1320102b90 msgr2=0x7f1320103730 unknown :-1 s=STATE_NONE l=0).mark_down
2024-09-12T02:04:41.952 INFO:teuthology.orchestra.run.smithi110.stdout:/usr/bin/ceph: stderr
2024-09-12T02:04:41.044+0000 7f131fe00640 1 -- 172.21.15.110:0/1510725825 shutdown_connections
2024-09-12T02:04:41.952 INFO:teuthology.orchestra.run.smithi110.stdout:/usr/bin/ceph: stderr
2024-09-12T02:04:41.044+0000 7f131fe00640 1 -- 172.21.15.110:0/1510725825 wait complete.
2024-09-12T02:04:41.952 INFO:teuthology.orchestra.run.smithi110.stdout:Waiting for the mgr to restart...
2024-09-12T02:04:41.952 INFO:teuthology.orchestra.run.smithi110.stdout:Waiting for mgr epoch 9...
2024-09-12T02:04:42.527 INFO:journalctl@ceph.mgr.x.smithi110.stdout:Sep 12 02:04:42 smithi110 ceph-10ead734-70ab-11ef-bcea-c7b262605968-mgr-x[30771]:
2024-09-12T02:04:42.201+0000 7fc6d9634040 -1 mgr[py] Module telemetry has missing NOTIFY_TYPES member
2024-09-12T02:04:42.527 INFO:journalctl@ceph.mgr.x.smithi110.stdout:Sep 12 02:04:42 smithi110 ceph-10ead734-70ab-11ef-bcea-c7b262605968-mgr-x[30771]:
2024-09-12T02:04:42.287+0000 7fc6d9634040 -1 mgr[py] Module balancer has missing NOTIFY_TYPES member
2024-09-12T02:04:43.436 INFO:journalctl@ceph.mgr.x.smithi110.stdout:Sep 12 02:04:43 smithi110 ceph-10ead734-70ab-11ef-bcea-c7b262605968-mgr-x[30771]:
2024-09-12T02:04:43.208+0000 7fc6d9634040 -1 mgr[py] Module rook has missing NOTIFY_TYPES member
2024-09-12T02:04:43.436 INFO:journalctl@ceph.mgr.x.smithi110.stdout:Sep 12 02:04:43 smithi110 ceph-10ead734-70ab-11ef-bcea-c7b262605968-mgr-x[30771]:
2024-09-12T02:04:43.341+0000 7fc6d9634040 -1 mgr[py] Module iostat has missing NOTIFY_TYPES member
2024-09-12T02:04:43.821 INFO:journalctl@ceph.mgr.x.smithi110.stdout:Sep 12 02:04:43 smithi110 ceph-10ead734-70ab-11ef-bcea-c7b262605968-mgr-x[30771]:
2024-09-12T02:04:43.501+0000 7fc6d9634040 -1 mgr[py] Module orchestrator has missing NOTIFY_TYPES member
2024-09-12T02:04:43.821 INFO:journalctl@ceph.mgr.x.smithi110.stdout:Sep 12 02:04:43 smithi110 ceph-10ead734-70ab-11ef-bcea-c7b262605968-mgr-x[30771]:
2024-09-12T02:04:43.574+0000 7fc6d9634040 -1 mgr[py] Module devicehealth has missing NOTIFY_TYPES member
2024-09-12T02:04:43.821 INFO:journalctl@ceph.mgr.x.smithi110.stdout:Sep 12 02:04:43 smithi110 ceph-10ead734-70ab-11ef-bcea-c7b262605968-mgr-x[30771]:
2024-09-12T02:04:43.741+0000 7fc6d9634040 -1 mgr[py] Module rgw has missing NOTIFY_TYPES member
2024-09-12T02:04:43.821 INFO:journalctl@ceph.mgr.x.smithi110.stdout:Sep 12 02:04:43 smithi110 ceph-10ead734-70ab-11ef-bcea-c7b262605968-mgr-x[30771]:
2024-09-12T02:04:43.821+0000 7fc6d9634040 -1 mgr[py] Module alerts has missing NOTIFY_TYPES member
2024-09-12T02:04:44.146 INFO:journalctl@ceph.mgr.x.smithi110.stdout:Sep 12 02:04:43 smithi110 ceph-10ead734-70ab-11ef-bcea-c7b262605968-mgr-x[30771]:
2024-09-12T02:04:43.892+0000 7fc6d9634040 -1 mgr[py] Module progress has missing NOTIFY_TYPES member
2024-09-12T02:04:44.146 INFO:journalctl@ceph.mgr.x.smithi110.stdout:Sep 12 02:04:44 smithi110 ceph-10ead734-70ab-11ef-bcea-c7b262605968-mgr-x[30771]:
2024-09-12T02:04:44.069+0000 7fc6d9634040 -1 mgr[py] Module nfs has missing NOTIFY_TYPES member
2024-09-12T02:04:44.146 INFO:journalctl@ceph.mgr.x.smithi110.stdout:Sep 12 02:04:44 smithi110 ceph-10ead734-70ab-11ef-bcea-c7b262605968-mgr-x[30771]:
2024-09-12T02:04:44.146+0000 7fc6d9634040 -1 mgr[py] Module status has missing NOTIFY_TYPES member
2024-09-12T02:04:44.436 INFO:journalctl@ceph.mgr.x.smithi110.stdout:Sep 12 02:04:44 smithi110 ceph-10ead734-70ab-11ef-bcea-c7b262605968-mgr-x[30771]:
2024-09-12T02:04:44.225+0000 7fc6d9634040 -1 mgr[py] Module pg_autoscaler has missing NOTIFY_TYPES member
2024-09-12T02:04:44.436 INFO:journalctl@ceph.mgr.x.smithi110.stdout:Sep 12 02:04:44 smithi110 ceph-10ead734-70ab-11ef-bcea-c7b262605968-mgr-x[30771]:
2024-09-12T02:04:44.320+0000 7fc6d9634040 -1 mgr[py] Module rbd_support has missing NOTIFY_TYPES member
2024-09-12T02:04:44.436 INFO:journalctl@ceph.mgr.x.smithi110.stdout:Sep 12 02:04:44 smithi110 ceph-10ead734-70ab-11ef-bcea-c7b262605968-mgr-x[30771]:
2024-09-12T02:04:44.389+0000 7fc6d9634040 -1 mgr[py] Module influx has missing NOTIFY_TYPES member
2024-09-12T02:04:44.936 INFO:journalctl@ceph.mgr.x.smithi110.stdout:Sep 12 02:04:44 smithi110 ceph-10ead734-70ab-11ef-bcea-c7b262605968-mgr-x[30771]:
2024-09-12T02:04:44.458+0000 7fc6d9634040 -1 mgr[py] Module zabbix has missing NOTIFY_TYPES member
2024-09-12T02:04:45.686 INFO:journalctl@ceph.mgr.x.smithi110.stdout:Sep 12 02:04:45 smithi110 ceph-10ead734-70ab-11ef-bcea-c7b262605968-mgr-x[30771]:
2024-09-12T02:04:45.355+0000 7fc6d9634040 -1 mgr[py] Module telegraf has missing NOTIFY_TYPES member
2024-09-12T02:04:45.686 INFO:journalctl@ceph.mon.a.smithi110.stdout:Sep 12 02:04:45 smithi110 ceph-mon[30548]: Active manager daemon x restarted
2024-09-12T02:04:45.686 INFO:journalctl@ceph.mon.a.smithi110.stdout:Sep 12 02:04:45 smithi110 ceph-mon[30548]: Activating manager daemon x
2024-09-12T02:04:45.687 INFO:journalctl@ceph.mon.a.smithi110.stdout:Sep 12 02:04:45 smithi110 ceph-mon[30548]: osdmap e3: 0 total, 0 up, 0 in
2024-09-12T02:04:45.687 INFO:journalctl@ceph.mon.a.smithi110.stdout:Sep 12 02:04:45 smithi110 ceph-mon[30548]: mgrmap e10: x(active, starting, since 0.00430008s)
2024-09-12T02:04:45.687 INFO:journalctl@ceph.mon.a.smithi110.stdout:Sep 12 02:04:45 smithi110 ceph-mon[30548]: from='mgr.14150 172.21.15.110:0/1802522177' entity='mgr.x' cmd=[{"prefix": "mon metadata", "id": "a"}]: dispatch
2024-09-12T02:04:45.687 INFO:journalctl@ceph.mon.a.smithi110.stdout:Sep 12 02:04:45 smithi110 ceph-mon[30548]: from='mgr.14150 172.21.15.110:0/1802522177' entity='mgr.x' cmd=[{"prefix": "mgr metadata", "who": "x", "id": "x"}]: dispatch
2024-09-12T02:04:45.687 INFO:journalctl@ceph.mon.a.smithi110.stdout:Sep 12 02:04:45 smithi110 ceph-mon[30548]: from='mgr.14150 172.21.15.110:0/1802522177' entity='mgr.x' cmd=[{"prefix": "mds metadata"}]: dispatch
2024-09-12T02:04:45.687 INFO:journalctl@ceph.mon.a.smithi110.stdout:Sep 12 02:04:45 smithi110 ceph-mon[30548]: from='mgr.14150 172.21.15.110:0/1802522177' entity='mgr.x' cmd=[{"prefix": "osd metadata"}]: dispatch
2024-09-12T02:04:45.687 INFO:journalctl@ceph.mon.a.smithi110.stdout:Sep 12 02:04:45 smithi110 ceph-mon[30548]: from='mgr.14150 172.21.15.110:0/1802522177' entity='mgr.x' cmd=[{"prefix": "mon metadata"}]: dispatch
2024-09-12T02:04:45.687 INFO:journalctl@ceph.mon.a.smithi110.stdout:Sep 12 02:04:45 smithi110 ceph-mon[30548]: Manager daemon x is now available
2024-09-12T02:04:45.687 INFO:journalctl@ceph.mon.a.smithi110.stdout:Sep 12 02:04:45 smithi110 ceph-mon[30548]: from='mgr.14150 172.21.15.110:0/1802522177' entity='mgr.x' cmd=[{"prefix": "config dump", "format": "json"}]: dispatch
2024-09-12T02:04:46.686 INFO:journalctl@ceph.mon.a.smithi110.stdout:Sep 12 02:04:46 smithi110 ceph-mon[30548]: from='mgr.14150 172.21.15.110:0/1802522177' entity='mgr.x' cmd=[{"prefix":"config rm","who":"mgr","name":"mgr/rbd_support/x/mirror_snapshot_schedule"}]: dispatch
2024-09-12T02:04:46.686 INFO:journalctl@ceph.mon.a.smithi110.stdout:Sep 12 02:04:46 smithi110 ceph-mon[30548]: from='mgr.14150 172.21.15.110:0/1802522177' entity='mgr.x' cmd=[{"prefix":"config rm","who":"mgr","name":"mgr/rbd_support/x/trash_purge_schedule"}]: dispatch
2024-09-12T02:04:46.687 INFO:journalctl@ceph.mon.a.smithi110.stdout:Sep 12 02:04:46 smithi110 ceph-mon[30548]: mgrmap e11: x(active, since 1.00781s)
2024-09-12T02:04:46.687 INFO:journalctl@ceph.mgr.x.smithi110.stdout:Sep 12 02:04:46 smithi110 ceph-10ead734-70ab-11ef-bcea-c7b262605968-mgr-x[30771]:
2024-09-12T02:04:46.554+0000 7fc636a00640 -1 log_channel(cephadm) log [ERR] : [12/Sep/2024:02:04:46] ENGINE Error in HTTPServer.serve
2024-09-12T02:04:46.687 INFO:journalctl@ceph.mgr.x.smithi110.stdout:Sep 12 02:04:46 smithi110 ceph-10ead734-70ab-11ef-bcea-c7b262605968-mgr-x[30771]: Traceback (most recent call last):
2024-09-12T02:04:46.687 INFO:journalctl@ceph.mgr.x.smithi110.stdout:Sep 12 02:04:46 smithi110 ceph-10ead734-70ab-11ef-bcea-c7b262605968-mgr-x[30771]: File "/lib/python3.9/site-packages/cheroot/server.py", line 1823, in serve
2024-09-12T02:04:46.687 INFO:journalctl@ceph.mgr.x.smithi110.stdout:Sep 12 02:04:46 smithi110 ceph-10ead734-70ab-11ef-bcea-c7b262605968-mgr-x[30771]: self._connections.run(self.expiration_interval)
2024-09-12T02:04:46.687 INFO:journalctl@ceph.mgr.x.smithi110.stdout:Sep 12 02:04:46 smithi110 ceph-10ead734-70ab-11ef-bcea-c7b262605968-mgr-x[30771]: File "/lib/python3.9/site-packages/cheroot/connections.py", line 203, in run
2024-09-12T02:04:46.687 INFO:journalctl@ceph.mgr.x.smithi110.stdout:Sep 12 02:04:46 smithi110 ceph-10ead734-70ab-11ef-bcea-c7b262605968-mgr-x[30771]: self._run(expiration_interval)
2024-09-12T02:04:46.687 INFO:journalctl@ceph.mgr.x.smithi110.stdout:Sep 12 02:04:46 smithi110 ceph-10ead734-70ab-11ef-bcea-c7b262605968-mgr-x[30771]: File "/lib/python3.9/site-packages/cheroot/connections.py", line 246, in _run
2024-09-12T02:04:46.687 INFO:journalctl@ceph.mgr.x.smithi110.stdout:Sep 12 02:04:46 smithi110 ceph-10ead734-70ab-11ef-bcea-c7b262605968-mgr-x[30771]: new_conn = self._from_server_socket(self.server.socket)
2024-09-12T02:04:46.688 INFO:journalctl@ceph.mgr.x.smithi110.stdout:Sep 12 02:04:46 smithi110 ceph-10ead734-70ab-11ef-bcea-c7b262605968-mgr-x[30771]: File "/lib/python3.9/site-packages/cheroot/connections.py", line 300, in _from_server_socket
2024-09-12T02:04:46.688 INFO:journalctl@ceph.mgr.x.smithi110.stdout:Sep 12 02:04:46 smithi110 ceph-10ead734-70ab-11ef-bcea-c7b262605968-mgr-x[30771]: s, ssl_env = self.server.ssl_adapter.wrap(s)
2024-09-12T02:04:46.688 INFO:journalctl@ceph.mgr.x.smithi110.stdout:Sep 12 02:04:46 smithi110 ceph-10ead734-70ab-11ef-bcea-c7b262605968-mgr-x[30771]: File "/lib/python3.9/site-packages/cheroot/ssl/builtin.py", line 277, in wrap
2024-09-12T02:04:46.688 INFO:journalctl@ceph.mgr.x.smithi110.stdout:Sep 12 02:04:46 smithi110 ceph-10ead734-70ab-11ef-bcea-c7b262605968-mgr-x[30771]: s = self.context.wrap_socket(
2024-09-12T02:04:46.688 INFO:journalctl@ceph.mgr.x.smithi110.stdout:Sep 12 02:04:46 smithi110 ceph-10ead734-70ab-11ef-bcea-c7b262605968-mgr-x[30771]: File "/lib64/python3.9/ssl.py", line 501, in wrap_socket
2024-09-12T02:04:46.688 INFO:journalctl@ceph.mgr.x.smithi110.stdout:Sep 12 02:04:46 smithi110 ceph-10ead734-70ab-11ef-bcea-c7b262605968-mgr-x[30771]: return self.sslsocket_class._create(
2024-09-12T02:04:46.688 INFO:journalctl@ceph.mgr.x.smithi110.stdout:Sep 12 02:04:46 smithi110 ceph-10ead734-70ab-11ef-bcea-c7b262605968-mgr-x[30771]: File "/lib64/python3.9/ssl.py", line 1074, in _create
2024-09-12T02:04:46.688 INFO:journalctl@ceph.mgr.x.smithi110.stdout:Sep 12 02:04:46 smithi110 ceph-10ead734-70ab-11ef-bcea-c7b262605968-mgr-x[30771]: self.do_handshake()
2024-09-12T02:04:46.688 INFO:journalctl@ceph.mgr.x.smithi110.stdout:Sep 12 02:04:46 smithi110 ceph-10ead734-70ab-11ef-bcea-c7b262605968-mgr-x[30771]: File "/lib64/python3.9/ssl.py", line 1343, in do_handshake
2024-09-12T02:04:46.688 INFO:journalctl@ceph.mgr.x.smithi110.stdout:Sep 12 02:04:46 smithi110 ceph-10ead734-70ab-11ef-bcea-c7b262605968-mgr-x[30771]: self._sslobj.do_handshake()
2024-09-12T02:04:46.688 INFO:journalctl@ceph.mgr.x.smithi110.stdout:Sep 12 02:04:46 smithi110 ceph-10ead734-70ab-11ef-bcea-c7b262605968-mgr-x[30771]: ssl.SSLZeroReturnError: TLS/SSL connection has been closed (EOF) (_ssl.c:1133)
2024-09-12T02:04:46.688 INFO:journalctl@ceph.mgr.x.smithi110.stdout:Sep 12 02:04:46 smithi110 ceph-10ead734-70ab-11ef-bcea-c7b262605968-mgr-x[30771]:
2024-09-12T02:04:47.026 INFO:teuthology.orchestra.run.smithi110.stdout:/usr/bin/ceph: stdout {
2024-09-12T02:04:47.026 INFO:teuthology.orchestra.run.smithi110.stdout:/usr/bin/ceph: stdout "mgrmap_epoch": 11,
2024-09-12T02:04:47.026 INFO:teuthology.orchestra.run.smithi110.stdout:/usr/bin/ceph: stdout "initialized": true
2024-09-12T02:04:47.026 INFO:teuthology.orchestra.run.smithi110.stdout:/usr/bin/ceph: stdout }
2024-09-12T02:04:47.026 INFO:teuthology.orchestra.run.smithi110.stdout:/usr/bin/ceph: stderr
2024-09-12T02:04:42.542+0000 7f1c6ac00640 1 Processor -- start
2024-09-12T02:04:47.026 INFO:teuthology.orchestra.run.smithi110.stdout:/usr/bin/ceph: stderr
2024-09-12T02:04:42.542+0000 7f1c6ac00640 1 -- start start
2024-09-12T02:04:47.026 INFO:teuthology.orchestra.run.smithi110.stdout:/usr/bin/ceph: stderr
2024-09-12T02:04:42.543+0000 7f1c6ac00640 1 --2- >> [v2:172.21.15.110:3300/0,v1:172.21.15.110:6789/0] conn(0x7f1c641097d0 0x7f1c64109bd0 unknown :-1 s=NONE pgs=0 cs=0 l=0 rev1=0 crypto rx=0 tx=0 comp rx=0 tx=0).connect
2024-09-12T02:04:47.026 INFO:teuthology.orchestra.run.smithi110.stdout:/usr/bin/ceph: stderr
2024-09-12T02:04:42.543+0000 7f1c6ac00640 1 -- --> [v2:172.21.15.110:3300/0,v1:172.21.15.110:6789/0] -- mon_getmap magic: 0 -- 0x7f1c6410a1a0 con 0x7f1c641097d0
2024-09-12T02:04:47.026 INFO:teuthology.orchestra.run.smithi110.stdout:/usr/bin/ceph: stderr
2024-09-12T02:04:42.543+0000 7f1c63e00640 1 --2- >> [v2:172.21.15.110:3300/0,v1:172.21.15.110:6789/0] conn(0x7f1c641097d0 0x7f1c64109bd0 unknown :-1 s=BANNER_CONNECTING pgs=0 cs=0 l=0 rev1=0 crypto rx=0 tx=0 comp rx=0 tx=0)._handle_peer_banner_payload supported=3 required=0
2024-09-12T02:04:47.026 INFO:teuthology.orchestra.run.smithi110.stdout:/usr/bin/ceph: stderr
